66.249.79.237 - - [14/Jul/2025:01:26:18 +0000] "GET /?s=24467143031490&mod=2be96323&uri=pin.php%3Fid%3D816638-438%26name%3Dsneakers+jongens+sale HTTP/1.1" 200 18796 "-" "Mozilla/5.0 (compatible; Googlebot/2.1; +http://www.google.com/bot.html)"
66.249.79.237 - - [14/Jul/2025:01:26:21 +0000] "GET /?s=35566084061490&mod=6dae90f1&uri=article.php%3Fid%3D1187059-806%26name%3Dgamma+lt+arcteryx+pants HTTP/1.1" 200 18806 "-" "Mozilla/5.0 (compatible; Googlebot/2.1; +http://www.google.com/bot.html)"
66.249.79.236 - - [14/Jul/2025:01:26:21 +0000] "GET /?s=115863956031490&mod=0baf163c&uri=search.php%3Fid%3D3866797-66%26name%3Dvapormax+tnt HTTP/1.1" 200 18781 "-" "Mozilla/5.0 (Linux; Android 6.0.1; Nexus 5X Build/MMB29P) AppleWebKit/537.36 (KHTML, like Gecko) Chrome/137.0.7151.103 Mobile Safari/537.36 (compatible; GoogleOther)"
66.249.79.237 - - [14/Jul/2025:01:26:22 +0000] "GET /?s=78274475041490&mod=29e2f026&uri=info.php%3Fid%3D2612107-716%26name%3Dpantaloni+zuava+montagna HTTP/1.1" 200 18803 "-" "Mozilla/5.0 (compatible; Googlebot/2.1; +http://www.google.com/bot.html)"
66.249.79.237 - - [14/Jul/2025:01:26:22 +0000] "GET /?s=30644364051490&mod=fdf645ae&uri=article.php%3Fid%3D1022806-324%26name%3Dbrussel+sprouts+squash+bacon HTTP/1.1" 200 18814 "-" "Mozilla/5.0 (compatible; Googlebot/2.1; +http://www.google.com/bot.html)"
66.249.79.236 - - [14/Jul/2025:01:26:22 +0000] "GET /?s=24468403031490&mod=2be96323&uri=blog.php%3Fid%3D816680-438%26name%3Dhockeyschoenen+buiten HTTP/1.1" 200 18795 "-" "Mozilla/5.0 (compatible; Googlebot/2.1; +http://www.google.com/bot.html)"
209.74.77.214 - - [14/Jul/2025:01:26:24 +0000] "POST /wp-cron.php?doing_wp_cron=1752456384.1072819232940673828125 HTTP/1.1" 200 - "-" "WordPress/6.8.1; https://gardenify.com.au"
66.249.79.236 - - [14/Jul/2025:01:26:23 +0000] "POST /get-message-notify HTTP/1.1" 404 6250 "https://gardenify.com.au/?s=24468763031490&mod=2be96323&uri=shared.php%3Fid%3D816692-438%26name%3Dkorte+laarsjes+zonder+hak" "Mozilla/5.0 AppleWebKit/537.36 (KHTML, like Gecko; compatible; Googlebot/2.1; +http://www.google.com/bot.html) Chrome/137.0.7151.119 Safari/537.36"
209.74.77.214 - - [14/Jul/2025:01:26:24 +0000] "POST /wp-admin/admin-ajax.php?action=async_litespeed&nonce=kkjsb4VZvbjO85ErEL0uPdwd619BWH9c&litespeed_type=imgoptm HTTP/1.1" 200 21 "-" "WordPress/6.8.1; https://gardenify.com.au"
66.249.79.237 - - [14/Jul/2025:01:26:24 +0000] "GET /?s=30650571021490&mod=1ebdf1f3&uri=article.php%3Fid%3D1023013-886%26name%3Dlego+duplo+amazon+treno HTTP/1.1" 200 18807 "-" "Mozilla/5.0 (compatible; Googlebot/2.1; +http://www.google.com/bot.html)"
66.249.79.236 - - [14/Jul/2025:01:26:24 +0000] "GET /?s=24466783071490&mod=2be96323&uri=dp.php%3Fid%3D816626-438%26name%3Dhockeyschoenen+zwart HTTP/1.1" 200 18790 "-" "Mozilla/5.0 (compatible; Googlebot/2.1; +http://www.google.com/bot.html)"
66.249.79.237 - - [14/Jul/2025:01:26:25 +0000] "GET /?s=24467233021490&mod=2be96323&uri=search.php%3Fid%3D816641-438%26name%3Dnew+balance+1080+heren HTTP/1.1" 200 18796 "-" "Mozilla/5.0 (compatible; Googlebot/2.1; +http://www.google.com/bot.html)"
66.249.79.236 - - [14/Jul/2025:01:26:27 +0000] "POST /get-message-notify HTTP/1.1" 404 6250 "https://gardenify.com.au/?s=35566084061490&mod=6dae90f1&uri=article.php%3Fid%3D1187059-806%26name%3Dgamma+lt+arcteryx+pants" "Mozilla/5.0 AppleWebKit/537.36 (KHTML, like Gecko; compatible; Googlebot/2.1; +http://www.google.com/bot.html) Chrome/137.0.7151.119 Safari/537.36"
66.249.79.236 - - [14/Jul/2025:01:26:30 +0000] "POST /get-message-notify HTTP/1.1" 404 6250 "https://gardenify.com.au/?s=24467773001490&mod=2be96323&uri=us.php%3Fid%3D816659-438%26name%3Dpertini+instappers" "Mozilla/5.0 AppleWebKit/537.36 (KHTML, like Gecko; compatible; Googlebot/2.1; +http://www.google.com/bot.html) Chrome/137.0.7151.119 Safari/537.36"
66.249.79.236 - - [14/Jul/2025:01:26:30 +0000] "POST /get-message-notify HTTP/1.1" 404 6250 "https://gardenify.com.au/?s=30650571021490&mod=1ebdf1f3&uri=article.php%3Fid%3D1023013-886%26name%3Dlego+duplo+amazon+treno" "Mozilla/5.0 AppleWebKit/537.36 (KHTML, like Gecko; compatible; Googlebot/2.1; +http://www.google.com/bot.html) Chrome/137.0.7151.119 Safari/537.36"
66.249.79.236 - - [14/Jul/2025:01:26:32 +0000] "POST /get-message-notify HTTP/1.1" 404 6250 "https://gardenify.com.au/?s=95713458021490&mod=5499df60&uri=form.php%3Fid%3D3194181-463%26name%3Dwhat+should+you+look+for+in+a+motherboard" "Mozilla/5.0 AppleWebKit/537.36 (KHTML, like Gecko; compatible; Googlebot/2.1; +http://www.google.com/bot.html) Chrome/137.0.7151.119 Safari/537.36"
66.249.79.236 - - [14/Jul/2025:01:26:35 +0000] "POST /get-message-notify HTTP/1.1" 404 6250 "https://gardenify.com.au/?s=30642744011490&mod=fdf645ae&uri=news.php%3Fid%3D1022752-324%26name%3Dbaked+whole+flathead+in+foil" "Mozilla/5.0 AppleWebKit/537.36 (KHTML, like Gecko; compatible; Googlebot/2.1; +http://www.google.com/bot.html) Chrome/137.0.7151.119 Safari/537.36"
66.249.79.236 - - [14/Jul/2025:01:26:55 +0000] "GET /?s=26709325021490&mod=2457249c&uri=itm.php%3Fid%3D891432-902%26name%3Den+crocs HTTP/1.1" 200 18776 "-" "Mozilla/5.0 (Linux; Android 6.0.1; Nexus 5X Build/MMB29P) AppleWebKit/537.36 (KHTML, like Gecko) Chrome/137.0.7151.103 Mobile Safari/537.36 (compatible; GoogleOther)"
209.74.77.214 - - [14/Jul/2025:01:26:55 +0000] "POST /wp-cron.php?doing_wp_cron=1752456415.8453919887542724609375 HTTP/1.1" 200 - "-" "WordPress/6.8.1; https://gardenify.com.au"
66.249.79.237 - - [14/Jul/2025:01:26:55 +0000] "POST /get-message-notify HTTP/1.1" 404 6250 "https://gardenify.com.au/?s=24464083071490&mod=2be96323&uri=news.php%3Fid%3D816536-438%26name%3Dvrouwen+schoenen+maat+43" "Mozilla/5.0 AppleWebKit/537.36 (KHTML, like Gecko; compatible; Googlebot/2.1; +http://www.google.com/bot.html) Chrome/137.0.7151.119 Safari/537.36"
209.74.77.214 - - [14/Jul/2025:01:26:55 +0000] "POST /wp-admin/admin-ajax.php?action=async_litespeed&nonce=9R6QuVRZkeml72bASbIIwveNLo6JmzHC&litespeed_type=imgoptm HTTP/1.1" 200 21 "-" "WordPress/6.8.1; https://gardenify.com.au"
66.249.79.237 - - [14/Jul/2025:01:27:15 +0000] "GET /?s=72819439031490&mod=9cecbb6f&uri=category-info.php%3Fid%3D2430062-344%26name%3Dpatent+leather+doc+martins HTTP/1.1" 200 18837 "-" "Mozilla/5.0 (Linux; Android 6.0.1; Nexus 5X Build/MMB29P) AppleWebKit/537.36 (KHTML, like Gecko) Chrome/137.0.7151.103 Mobile Safari/537.36 (compatible; GoogleOther)"
66.249.79.236 - - [14/Jul/2025:01:27:18 +0000] "GET /?s=24075884041490&mod=e646e2fe&uri=form.php%3Fid%3D803588-653%26name%3Dbotas+popa+sara+carbonero HTTP/1.1" 200 18797 "-" "Mozilla/5.0 (Linux; Android 6.0.1; Nexus 5X Build/MMB29P) AppleWebKit/537.36 (KHTML, like Gecko) Chrome/137.0.7151.103 Mobile Safari/537.36 (compatible; Googlebot/2.1; +http://www.google.com/bot.html)"
66.249.79.238 - - [14/Jul/2025:01:27:18 +0000] "GET /?s=35565304021490&mod=6dae90f1&uri=info.php%3Fid%3D1187033-806%26name%3Dhelly+hansen+sailing+vest HTTP/1.1" 200 18806 "-" "Mozilla/5.0 (compatible; Googlebot/2.1; +http://www.google.com/bot.html)"
66.249.79.237 - - [14/Jul/2025:01:27:19 +0000] "GET /?s=22568744061490&mod=72b365f2&uri=search.php%3Fid%3D753312-822%26name%3D2012+nike+hyperdunks+for+sale HTTP/1.1" 200 18804 "-" "Mozilla/5.0 (Linux; Android 6.0.1; Nexus 5X Build/MMB29P) AppleWebKit/537.36 (KHTML, like Gecko) Chrome/137.0.7151.103 Mobile Safari/537.36 (compatible; Googlebot/2.1; +http://www.google.com/bot.html)"
66.249.79.238 - - [14/Jul/2025:01:27:19 +0000] "GET /?s=19487990031490&mod=e44d1141&uri=dp.php%3Fid%3D650540-743%26name%3Djual+skechers+go+run HTTP/1.1" 200 18795 "-" "Mozilla/5.0 (Linux; Android 6.0.1; Nexus 5X Build/MMB29P) AppleWebKit/537.36 (KHTML, like Gecko) Chrome/137.0.7151.103 Mobile Safari/537.36 (compatible; Googlebot/2.1; +http://www.google.com/bot.html)"
66.249.79.236 - - [14/Jul/2025:01:27:19 +0000] "GET /?s=35531556001490&mod=206d6cf9&uri=itm.php%3Fid%3D1185908-1088%26name%3Dasos+maternity+occasion HTTP/1.1" 200 18798 "-" "Mozilla/5.0 (compatible; Googlebot/2.1; +http://www.google.com/bot.html)"
66.249.79.237 - - [14/Jul/2025:01:27:19 +0000] "GET /?s=24415963111490&mod=032ca2b6&uri=pin.php%3Fid%3D814930-848%26name%3Dbuscemi+sneakers+for+men HTTP/1.1" 200 18804 "-" "Mozilla/5.0 (compatible; Googlebot/2.1; +http://www.google.com/bot.html)"
66.249.79.236 - - [14/Jul/2025:01:27:19 +0000] "GET /?s=65981396051490&mod=72a95533&uri=article.php%3Fid%3D2201858-773%26name%3Dplan+white+shirts HTTP/1.1" 200 18794 "-" "Mozilla/5.0 (Linux; Android 6.0.1; Nexus 5X Build/MMB29P) AppleWebKit/537.36 (KHTML, like Gecko) Chrome/137.0.7151.103 Mobile Safari/537.36 (compatible; Googlebot/2.1; +http://www.google.com/bot.html)"
66.249.79.237 - - [14/Jul/2025:01:27:19 +0000] "GET /?s=24464353011490&mod=2be96323&uri=form.php%3Fid%3D816545-438%26name%3Drieker+sandalen+mannen HTTP/1.1" 200 18797 "-" "Mozilla/5.0 (compatible; Googlebot/2.1; +http://www.google.com/bot.html)"
66.249.79.236 - - [14/Jul/2025:01:27:20 +0000] "GET /?s=1868344001490&mod=77bea4fd&uri=article.php%3Fid%3D62362-115%26name%3Dair+jordan+plusieurs+couleurs HTTP/1.1" 200 18809 "-" "Mozilla/5.0 (Linux; Android 6.0.1; Nexus 5X Build/MMB29P) AppleWebKit/537.36 (KHTML, like Gecko) Chrome/137.0.7151.103 Mobile Safari/537.36 (compatible; Googlebot/2.1; +http://www.google.com/bot.html)"
66.249.79.236 - - [14/Jul/2025:01:27:20 +0000] "GET /?s=23685860131490&mod=37f88fa5&uri=blog.php%3Fid%3D790575-840%26name%3Dlarge+moonstone+pendant HTTP/1.1" 200 18795 "-" "Mozilla/5.0 (Linux; Android 6.0.1; Nexus 5X Build/MMB29P) AppleWebKit/537.36 (KHTML, like Gecko) Chrome/137.0.7151.103 Mobile Safari/537.36 (compatible; Googlebot/2.1; +http://www.google.com/bot.html)"
66.249.79.237 - - [14/Jul/2025:01:27:20 +0000] "GET /?s=30640584091490&mod=fdf645ae&uri=blog.php%3Fid%3D1022680-324%26name%3Droasted+brussel+sprouts+using+frozen HTTP/1.1" 200 18822 "-" "Mozilla/5.0 (compatible; Googlebot/2.1; +http://www.google.com/bot.html)"
66.249.79.236 - - [14/Jul/2025:01:27:20 +0000] "GET /?s=14238233021490&mod=06524331&uri=news.php%3Fid%3D475351-334%26name%3Dsky+sports HTTP/1.1" 200 18776 "-" "Mozilla/5.0 (Linux; Android 6.0.1; Nexus 5X Build/MMB29P) AppleWebKit/537.36 (KHTML, like Gecko) Chrome/137.0.7151.103 Mobile Safari/537.36 (compatible; Googlebot/2.1; +http://www.google.com/bot.html)"
66.249.79.237 - - [14/Jul/2025:01:27:21 +0000] "POST /get-message-notify HTTP/1.1" 404 6256 "https://gardenify.com.au/?s=72819439031490&mod=9cecbb6f&uri=category-info.php%3Fid%3D2430062-344%26name%3Dpatent+leather+doc+martins" "Mozilla/5.0 (Linux; Android 6.0.1; Nexus 5X Build/MMB29P) AppleWebKit/537.36 (KHTML, like Gecko) Chrome/137.0.7151.119 Mobile Safari/537.36 (compatible; Googlebot/2.1; +http://www.google.com/bot.html)"
66.249.79.237 - - [14/Jul/2025:01:27:21 +0000] "GET /?s=36580070031490&mod=25792a06&uri=news.php%3Fid%3D1220902-1107%26name%3Dsac+voyage+newfeel HTTP/1.1" 200 18795 "-" "Mozilla/5.0 (Linux; Android 6.0.1; Nexus 5X Build/MMB29P) AppleWebKit/537.36 (KHTML, like Gecko) Chrome/137.0.7151.103 Mobile Safari/537.36 (compatible; Googlebot/2.1; +http://www.google.com/bot.html)"
66.249.79.237 - - [14/Jul/2025:01:27:21 +0000] "GET /?s=17785592121490&mod=8f561e4c&uri=goods.php%3Fid%3D593722-335%26name%3Dezywash+companion HTTP/1.1" 200 18790 "-" "Mozilla/5.0 (compatible; Googlebot/2.1; +http://www.google.com/bot.html)"
66.249.79.236 - - [14/Jul/2025:01:27:22 +0000] "GET /?s=28560423071490&mod=1f42e914&uri=brands.php%3Fid%3D953218-341%26name%3Dextractor+de+jugo+de+naranja+electrico HTTP/1.1" 200 18817 "-" "Mozilla/5.0 (Linux; Android 6.0.1; Nexus 5X Build/MMB29P) AppleWebKit/537.36 (KHTML, like Gecko) Chrome/137.0.7151.103 Mobile Safari/537.36 (compatible; Googlebot/2.1; +http://www.google.com/bot.html)"
66.249.79.236 - - [14/Jul/2025:01:27:22 +0000] "GET /?s=33886060091490&mod=7083ad6b&uri=news.php%3Fid%3D1130983-1046%26name%3Dbridemaid+dresses+near+me HTTP/1.1" 200 18805 "-" "Mozilla/5.0 (Linux; Android 6.0.1; Nexus 5X Build/MMB29P) AppleWebKit/537.36 (KHTML, like Gecko) Chrome/137.0.7151.103 Mobile Safari/537.36 (compatible; Googlebot/2.1; +http://www.google.com/bot.html)"
66.249.79.236 - - [14/Jul/2025:01:27:22 +0000] "GET /?s=17677997071490&mod=8a9c3b2c&uri=brands.php%3Fid%3D590132-695%26name%3Dmi+band+nike+run+club HTTP/1.1" 200 18801 "-" "Mozilla/5.0 (compatible; Googlebot/2.1; +http://www.google.com/bot.html)"
66.249.79.237 - - [14/Jul/2025:01:27:23 +0000] "GET /?s=24465163031490&mod=2be96323&uri=search.php%3Fid%3D816572-438%26name%3Dkinder+sneakers+maat+25 HTTP/1.1" 200 18798 "-" "Mozilla/5.0 (compatible; Googlebot/2.1; +http://www.google.com/bot.html)"
66.249.79.236 - - [14/Jul/2025:01:27:23 +0000] "GET /?s=83782720031490&mod=6dd1edf3&uri=shop.php%3Fid%3D2795981-531%26name%3Dcamiseta+icon+negra HTTP/1.1" 200 18793 "-" "Mozilla/5.0 (Linux; Android 6.0.1; Nexus 5X Build/MMB29P) AppleWebKit/537.36 (KHTML, like Gecko) Chrome/137.0.7151.103 Mobile Safari/537.36 (compatible; Googlebot/2.1; +http://www.google.com/bot.html)"
66.249.79.237 - - [14/Jul/2025:01:27:23 +0000] "GET /?s=78277775041490&mod=e7696fba&uri=brands.php%3Fid%3D2612217-715%26name%3Dvenator+class+republic HTTP/1.1" 200 18799 "-" "Mozilla/5.0 (compatible; Googlebot/2.1; +http://www.google.com/bot.html)"
66.249.79.236 - - [14/Jul/2025:01:27:24 +0000] "GET /?s=24405192041490&mod=a6c374f8&uri=form.php%3Fid%3D814570-455%26name%3Dfemale+black+tie+suit HTTP/1.1" 200 18797 "-" "Mozilla/5.0 (Linux; Android 6.0.1; Nexus 5X Build/MMB29P) AppleWebKit/537.36 (KHTML, like Gecko) Chrome/137.0.7151.103 Mobile Safari/537.36 (compatible; Googlebot/2.1; +http://www.google.com/bot.html)"
66.249.79.236 - - [14/Jul/2025:01:27:24 +0000] "GET /?s=78279875041490&mod=e7696fba&uri=blog.php%3Fid%3D2612287-715%26name%3Dthe+havoc+marauder+lego HTTP/1.1" 200 18803 "-" "Mozilla/5.0 (compatible; Googlebot/2.1; +http://www.google.com/bot.html)"
66.249.79.237 - - [14/Jul/2025:01:27:24 +0000] "GET /?s=17776232031490&mod=8f561e4c&uri=shop.php%3Fid%3D593410-335%26name%3Dla+mulana+hidden+treasures+edition HTTP/1.1" 200 18806 "-" "Mozilla/5.0 (compatible; Googlebot/2.1; +http://www.google.com/bot.html)"
66.249.79.237 - - [14/Jul/2025:01:27:25 +0000] "GET /?s=30548737121490&mod=0672911f&uri=dp.php%3Fid%3D1019618-688%26name%3Djordan+blue+chill+herren HTTP/1.1" 200 18798 "-" "Mozilla/5.0 (compatible; Googlebot/2.1; +http://www.google.com/bot.html)"
66.249.79.237 - - [14/Jul/2025:01:27:25 +0000] "GET /?s=4710739011490&mod=58be01aa&uri=info.php%3Fid%3D157225-290%26name%3Dtravis+scott+where+to+buy HTTP/1.1" 200 18804 "-" "Mozilla/5.0 (Linux; Android 6.0.1; Nexus 5X Build/MMB29P) AppleWebKit/537.36 (KHTML, like Gecko) Chrome/137.0.7151.103 Mobile Safari/537.36 (compatible; Googlebot/2.1; +http://www.google.com/bot.html)"
66.249.79.237 - - [14/Jul/2025:01:27:25 +0000] "GET /?s=24467053061490&mod=2be96323&uri=pin.php%3Fid%3D816635-438%26name%3Drode+sleehak HTTP/1.1" 200 18784 "-" "Mozilla/5.0 (compatible; Googlebot/2.1; +http://www.google.com/bot.html)"
66.249.79.236 - - [14/Jul/2025:01:27:26 +0000] "POST /get-message-notify HTTP/1.1" 404 6256 "https://gardenify.com.au/?s=23685860131490&mod=37f88fa5&uri=blog.php%3Fid%3D790575-840%26name%3Dlarge+moonstone+pendant" "Mozilla/5.0 (Linux; Android 6.0.1; Nexus 5X Build/MMB29P) AppleWebKit/537.36 (KHTML, like Gecko) Chrome/137.0.7151.119 Mobile Safari/537.36 (compatible; Googlebot/2.1; +http://www.google.com/bot.html)"
66.249.79.237 - - [14/Jul/2025:01:27:26 +0000] "GET /?s=17780192031490&mod=8f561e4c&uri=product.php%3Fid%3D593542-335%26name%3Ddying+light+for+switch HTTP/1.1" 200 18798 "-" "Mozilla/5.0 (compatible; Googlebot/2.1; +http://www.google.com/bot.html)"
66.249.79.237 - - [14/Jul/2025:01:27:27 +0000] "GET /?s=30647874021490&mod=fdf645ae&uri=brands.php%3Fid%3D1022923-324%26name%3Droast+carrot+and+beetroot+salad HTTP/1.1" 200 18814 "-" "Mozilla/5.0 (compatible; Googlebot/2.1; +http://www.google.com/bot.html)"
66.249.79.236 - - [14/Jul/2025:01:27:27 +0000] "GET /?s=24465073001490&mod=2be96323&uri=products.php%3Fid%3D816569-438%26name%3Dschoen+wit+hema HTTP/1.1" 200 18791 "-" "Mozilla/5.0 (compatible; Googlebot/2.1; +http://www.google.com/bot.html)"
66.249.79.237 - - [14/Jul/2025:01:27:27 +0000] "GET /?s=30635454021490&mod=fdf645ae&uri=pin.php%3Fid%3D1022509-324%26name%3Dfrittata+glass+baking+dish HTTP/1.1" 200 18806 "-" "Mozilla/5.0 (compatible; Googlebot/2.1; +http://www.google.com/bot.html)"
66.249.79.237 - - [14/Jul/2025:01:27:28 +0000] "GET /?s=24509803061490&mod=c04819b0&uri=goods.php%3Fid%3D818060-171%26name%3Dbest+mens+short+sleeve+button+up HTTP/1.1" 200 18813 "-" "Mozilla/5.0 (compatible; Googlebot/2.1; +http://www.google.com/bot.html)"
66.249.79.236 - - [14/Jul/2025:01:27:28 +0000] "GET /?s=17784872031490&mod=556a47d6&uri=info.php%3Fid%3D593698-699%26name%3Dbass+pro+shop+black+friday+sale HTTP/1.1" 200 18811 "-" "Mozilla/5.0 (compatible; Googlebot/2.1; +http://www.google.com/bot.html)"
66.249.79.236 - - [14/Jul/2025:01:27:28 +0000] "GET /?s=17778392011490&mod=8f561e4c&uri=us.php%3Fid%3D593482-335%26name%3Dyoshi%27s+crafted+world+metacritic HTTP/1.1" 200 18811 "-" "Mozilla/5.0 (compatible; Googlebot/2.1; +http://www.google.com/bot.html)"
66.249.79.236 - - [14/Jul/2025:01:27:28 +0000] "GET /?s=30641934021490&mod=fdf645ae&uri=product.php%3Fid%3D1022725-324%26name%3Dcabbage+potatoes+and+carrots+in+oven HTTP/1.1" 200 18823 "-" "Mozilla/5.0 (compatible; Googlebot/2.1; +http://www.google.com/bot.html)"
66.249.79.236 - - [14/Jul/2025:01:27:29 +0000] "GET /?s=17784332001490&mod=8f561e4c&uri=article.php%3Fid%3D593680-335%26name%3Dafl+evolution+switch HTTP/1.1" 200 18799 "-" "Mozilla/5.0 (compatible; Googlebot/2.1; +http://www.google.com/bot.html)"
66.249.79.236 - - [14/Jul/2025:01:27:29 +0000] "GET /?s=30651890011490&mod=9008bcab&uri=news.php%3Fid%3D1023058-394%26name%3Dsoju+restaurant+near+me HTTP/1.1" 200 18802 "-" "Mozilla/5.0 (compatible; Googlebot/2.1; +http://www.google.com/bot.html)"
66.249.79.236 - - [14/Jul/2025:01:27:29 +0000] "POST /get-message-notify HTTP/1.1" 404 6250 "https://gardenify.com.au/?s=78293675041490&mod=e7696fba&uri=dp.php%3Fid%3D2612747-715%26name%3Dlego+base+plates+toys+r+us" "Mozilla/5.0 AppleWebKit/537.36 (KHTML, like Gecko; compatible; Googlebot/2.1; +http://www.google.com/bot.html) Chrome/137.0.7151.119 Safari/537.36"
66.249.79.237 - - [14/Jul/2025:01:27:30 +0000] "GET /?s=35567284041490&mod=6dae90f1&uri=info.php%3Fid%3D1187099-806%26name%3Dcanada+goose+store+mall+of+america HTTP/1.1" 200 18817 "-" "Mozilla/5.0 (compatible; Googlebot/2.1; +http://www.google.com/bot.html)"
66.249.79.237 - - [14/Jul/2025:01:27:31 +0000] "GET /?s=17782892121490&mod=556a47d6&uri=dp.php%3Fid%3D593632-699%26name%3Dstores+like+bass+pro HTTP/1.1" 200 18790 "-" "Mozilla/5.0 (compatible; Googlebot/2.1; +http://www.google.com/bot.html)"
66.249.79.236 - - [14/Jul/2025:01:27:31 +0000] "POST /get-message-notify HTTP/1.1" 404 6256 "https://gardenify.com.au/?s=33886060091490&mod=7083ad6b&uri=news.php%3Fid%3D1130983-1046%26name%3Dbridemaid+dresses+near+me" "Mozilla/5.0 (Linux; Android 6.0.1; Nexus 5X Build/MMB29P) AppleWebKit/537.36 (KHTML, like Gecko) Chrome/137.0.7151.119 Mobile Safari/537.36 (compatible; Googlebot/2.1; +http://www.google.com/bot.html)"
66.249.79.237 - - [14/Jul/2025:01:27:31 +0000] "GET /?s=78275075001490&mod=e7696fba&uri=goods.php%3Fid%3D2612127-715%26name%3Dvenator+attack+cruiser+lego HTTP/1.1" 200 18809 "-" "Mozilla/5.0 (compatible; Googlebot/2.1; +http://www.google.com/bot.html)"
66.249.79.237 - - [14/Jul/2025:01:27:32 +0000] "POST /get-message-notify HTTP/1.1" 404 6250 "https://gardenify.com.au/?s=17785592121490&mod=8f561e4c&uri=goods.php%3Fid%3D593722-335%26name%3Dezywash+companion" "Mozilla/5.0 AppleWebKit/537.36 (KHTML, like Gecko; compatible; Googlebot/2.1; +http://www.google.com/bot.html) Chrome/137.0.7151.119 Safari/537.36"
66.249.79.237 - - [14/Jul/2025:01:27:32 +0000] "GET /?s=24470383031490&mod=2be96323&uri=brands.php%3Fid%3D816746-438%26name%3Dhakken+maat+47 HTTP/1.1" 200 18791 "-" "Mozilla/5.0 (compatible; Googlebot/2.1; +http://www.google.com/bot.html)"
66.249.79.236 - - [14/Jul/2025:01:27:32 +0000] "POST /get-message-notify HTTP/1.1" 404 6256 "https://gardenify.com.au/?s=36580070031490&mod=25792a06&uri=news.php%3Fid%3D1220902-1107%26name%3Dsac+voyage+newfeel" "Mozilla/5.0 (Linux; Android 6.0.1; Nexus 5X Build/MMB29P) AppleWebKit/537.36 (KHTML, like Gecko) Chrome/137.0.7151.119 Mobile Safari/537.36 (compatible; Googlebot/2.1; +http://www.google.com/bot.html)"
66.249.79.238 - - [14/Jul/2025:01:27:33 +0000] "GET /?s=24465613031490&mod=b862a443&uri=pin.php%3Fid%3D816587-854%26name%3Del+corte+ingles+juguetes+bebe+meses HTTP/1.1" 200 18822 "-" "Mozilla/5.0 (compatible; Googlebot/2.1; +http://www.google.com/bot.html)"
66.249.79.236 - - [14/Jul/2025:01:27:33 +0000] "GET /?s=30652970031490&mod=9008bcab&uri=blog.php%3Fid%3D1023094-394%26name%3Dblackstone+regulator+hose HTTP/1.1" 200 18807 "-" "Mozilla/5.0 (compatible; Googlebot/2.1; +http://www.google.com/bot.html)"
66.249.79.236 - - [14/Jul/2025:01:27:34 +0000] "GET /?s=85567372081490&mod=8a9c3b2c&uri=product.php%3Fid%3D2855523-695%26name%3Dtenis+air+max+react+270 HTTP/1.1" 200 18805 "-" "Mozilla/5.0 (compatible; Googlebot/2.1; +http://www.google.com/bot.html)"
66.249.79.236 - - [14/Jul/2025:01:27:34 +0000] "GET /?s=24463723071490&mod=2be96323&uri=dp.php%3Fid%3D816524-438%26name%3Dvagabond+instappers HTTP/1.1" 200 18786 "-" "Mozilla/5.0 (compatible; Googlebot/2.1; +http://www.google.com/bot.html)"
66.249.79.238 - - [14/Jul/2025:01:27:34 +0000] "GET /?s=78289175061490&mod=e7696fba&uri=goods.php%3Fid%3D2612597-715%26name%3Dlego+plate+16x8 HTTP/1.1" 200 18790 "-" "Mozilla/5.0 (compatible; Googlebot/2.1; +http://www.google.com/bot.html)"
66.249.79.238 - - [14/Jul/2025:01:27:35 +0000] "GET /?s=78276575041490&mod=29e2f026&uri=pin.php%3Fid%3D2612177-716%26name%3Dleggins+da+ciclista HTTP/1.1" 200 18794 "-" "Mozilla/5.0 (compatible; Googlebot/2.1; +http://www.google.com/bot.html)"
66.249.79.238 - - [14/Jul/2025:01:27:35 +0000] "GET /?s=24463903031490&mod=2be96323&uri=article.php%3Fid%3D816530-438%26name%3Dwaterschoenen+kind+decathlon HTTP/1.1" 200 18813 "-" "Mozilla/5.0 (compatible; Googlebot/2.1; +http://www.google.com/bot.html)"
66.249.79.237 - - [14/Jul/2025:01:27:35 +0000] "GET /?s=78275975141490&mod=e7696fba&uri=form.php%3Fid%3D2612157-715%26name%3Dorso+peluche+gigante+ikea HTTP/1.1" 200 18805 "-" "Mozilla/5.0 (compatible; Googlebot/2.1; +http://www.google.com/bot.html)"
66.249.79.237 - - [14/Jul/2025:01:27:36 +0000] "GET /?s=17773352091490&mod=8f561e4c&uri=article.php%3Fid%3D593314-335%26name%3Dunravel+switch+review HTTP/1.1" 200 18798 "-" "Mozilla/5.0 (compatible; Googlebot/2.1; +http://www.google.com/bot.html)"
66.249.79.237 - - [14/Jul/2025:01:27:36 +0000] "GET /?s=35566324041490&mod=6dae90f1&uri=pin.php%3Fid%3D1187067-806%26name%3Dfunskool+guess+who HTTP/1.1" 200 18794 "-" "Mozilla/5.0 (compatible; Googlebot/2.1; +http://www.google.com/bot.html)"
66.249.79.237 - - [14/Jul/2025:01:27:36 +0000] "GET /?s=24416413041490&mod=032ca2b6&uri=blog.php%3Fid%3D814945-848%26name%3Dlogo+adidas+png+azul HTTP/1.1" 200 18795 "-" "Mozilla/5.0 (compatible; Googlebot/2.1; +http://www.google.com/bot.html)"
66.249.79.224 - - [14/Jul/2025:01:27:37 +0000] "GET /?s=35522256101490&mod=206d6cf9&uri=shop.php%3Fid%3D1185598-1088%26name%3Dpencil+dress+macys HTTP/1.1" 200 18795 "-" "Mozilla/5.0 (compatible; Googlebot/2.1; +http://www.google.com/bot.html)"
66.249.79.237 - - [14/Jul/2025:01:27:37 +0000] "GET /?s=17781272031490&mod=556a47d6&uri=goods.php%3Fid%3D593578-699%26name%3Dbass+pro+yeti+cups HTTP/1.1" 200 18795 "-" "Mozilla/5.0 (compatible; Googlebot/2.1; +http://www.google.com/bot.html)"
66.249.79.224 - - [14/Jul/2025:01:27:37 +0000] "GET /?s=30655937021490&mod=9008bcab&uri=news.php%3Fid%3D1023193-394%26name%3Dhow+long+to+air+fry+chicken+kabobs HTTP/1.1" 200 18826 "-" "Mozilla/5.0 (compatible; Googlebot/2.1; +http://www.google.com/bot.html)"
66.249.79.224 - - [14/Jul/2025:01:27:38 +0000] "GET /?s=24536491011490&mod=c761f2cb&uri=info.php%3Fid%3D818950-856%26name%3Dcasco+ls2+valiant+precio HTTP/1.1" 200 18803 "-" "Mozilla/5.0 (compatible; Googlebot/2.1; +http://www.google.com/bot.html)"
66.249.79.238 - - [14/Jul/2025:01:27:38 +0000] "GET /?s=24467323071490&mod=2be96323&uri=itm.php%3Fid%3D816644-438%26name%3Dzwarte+sleehak+sandalen HTTP/1.1" 200 18799 "-" "Mozilla/5.0 (compatible; Googlebot/2.1; +http://www.google.com/bot.html)"
66.249.79.236 - - [14/Jul/2025:01:27:41 +0000] "POST /get-message-notify HTTP/1.1" 404 6256 "https://gardenify.com.au/?s=24075884041490&mod=e646e2fe&uri=form.php%3Fid%3D803588-653%26name%3Dbotas+popa+sara+carbonero" "Mozilla/5.0 (Linux; Android 6.0.1; Nexus 5X Build/MMB29P) AppleWebKit/537.36 (KHTML, like Gecko) Chrome/137.0.7151.119 Mobile Safari/537.36 (compatible; Googlebot/2.1; +http://www.google.com/bot.html)"
66.249.79.237 - - [14/Jul/2025:01:27:45 +0000] "GET /?s=86170012021490&mod=e6d32d8f&uri=products.php%3Fid%3D2875624-1202%26name%3Dshein+tulle+dress HTTP/1.1" 200 18794 "-" "Mozilla/5.0 (Linux; Android 6.0.1; Nexus 5X Build/MMB29P) AppleWebKit/537.36 (KHTML, like Gecko) Chrome/137.0.7151.103 Mobile Safari/537.36 (compatible; GoogleOther)"
209.74.77.214 - - [14/Jul/2025:01:27:57 +0000] "POST /wp-cron.php?doing_wp_cron=1752456477.3358960151672363281250 HTTP/1.1" 200 - "-" "WordPress/6.8.1; https://gardenify.com.au"
66.249.79.238 - - [14/Jul/2025:01:27:57 +0000] "POST /get-message-notify HTTP/1.1" 404 6250 "https://gardenify.com.au/?s=78276575041490&mod=29e2f026&uri=pin.php%3Fid%3D2612177-716%26name%3Dleggins+da+ciclista" "Mozilla/5.0 AppleWebKit/537.36 (KHTML, like Gecko; compatible; Googlebot/2.1; +http://www.google.com/bot.html) Chrome/137.0.7151.119 Safari/537.36"
209.74.77.214 - - [14/Jul/2025:01:27:57 +0000] "POST /wp-admin/admin-ajax.php?action=async_litespeed&nonce=3FbeINIKSs3flwRmWSUSmblADSeSExtg&litespeed_type=imgoptm HTTP/1.1" 200 21 "-" "WordPress/6.8.1; https://gardenify.com.au"
66.249.79.224 - - [14/Jul/2025:01:28:02 +0000] "POST /get-message-notify HTTP/1.1" 404 6250 "https://gardenify.com.au/?s=24465073001490&mod=2be96323&uri=products.php%3Fid%3D816569-438%26name%3Dschoen+wit+hema" "Mozilla/5.0 AppleWebKit/537.36 (KHTML, like Gecko; compatible; Googlebot/2.1; +http://www.google.com/bot.html) Chrome/137.0.7151.119 Safari/537.36"
66.249.79.236 - - [14/Jul/2025:01:28:13 +0000] "GET /pcmypage HTTP/1.1" 404 11747 "-" "Mozilla/5.0 (Linux; Android 6.0.1; Nexus 5X Build/MMB29P) AppleWebKit/537.36 (KHTML, like Gecko) Chrome/137.0.7151.103 Mobile Safari/537.36 (compatible; GoogleOther)"
66.249.79.237 - - [14/Jul/2025:01:28:14 +0000] "POST /get-message-notify HTTP/1.1" 404 6256 "https://gardenify.com.au/?s=63928326051490&mod=2946f326&uri=dp.php%3Fid%3D2133346-1387%26name%3Ddoc+marteen" "Mozilla/5.0 (Linux; Android 6.0.1; Nexus 5X Build/MMB29P) AppleWebKit/537.36 (KHTML, like Gecko) Chrome/137.0.7151.119 Mobile Safari/537.36 (compatible; Googlebot/2.1; +http://www.google.com/bot.html)"
66.249.79.236 - - [14/Jul/2025:01:28:33 +0000] "GET /?s=30707821011490&mod=c19b86bb&uri=shop.php%3Fid%3D1024923-991%26name%3Dclear+heels+size+10 HTTP/1.1" 200 18796 "-" "Mozilla/5.0 (Linux; Android 6.0.1; Nexus 5X Build/MMB29P) AppleWebKit/537.36 (KHTML, like Gecko) Chrome/137.0.7151.103 Mobile Safari/537.36 (compatible; Googlebot/2.1; +http://www.google.com/bot.html)"
66.249.79.237 - - [14/Jul/2025:01:28:36 +0000] "POST /get-message-notify HTTP/1.1" 404 6256 "https://gardenify.com.au/?s=30707821011490&mod=c19b86bb&uri=shop.php%3Fid%3D1024923-991%26name%3Dclear+heels+size+10" "Mozilla/5.0 (Linux; Android 6.0.1; Nexus 5X Build/MMB29P) AppleWebKit/537.36 (KHTML, like Gecko) Chrome/137.0.7151.119 Mobile Safari/537.36 (compatible; Googlebot/2.1; +http://www.google.com/bot.html)"
66.249.79.236 - - [14/Jul/2025:01:28:42 +0000] "GET /?s=109049717051490&mod=f36c9507&uri=us.php%3Fid%3D3639334-314%26name%3Dmotorradjacke+denim HTTP/1.1" 200 18795 "-" "Mozilla/5.0 (Linux; Android 6.0.1; Nexus 5X Build/MMB29P) AppleWebKit/537.36 (KHTML, like Gecko) Chrome/137.0.7151.103 Mobile Safari/537.36 (compatible; GoogleOther)"
66.249.79.236 - - [14/Jul/2025:01:28:46 +0000] "POST /get-message-notify HTTP/1.1" 404 6256 "https://gardenify.com.au/?s=4592089061490&mod=8d5ef74b&uri=blog.php%3Fid%3D153269-275%26name%3Dmid+chuck+taylors" "Mozilla/5.0 (Linux; Android 6.0.1; Nexus 5X Build/MMB29P) AppleWebKit/537.36 (KHTML, like Gecko) Chrome/137.0.7151.119 Mobile Safari/537.36 (compatible; Googlebot/2.1; +http://www.google.com/bot.html)"
66.249.79.236 - - [14/Jul/2025:01:28:51 +0000] "GET /?s=38971816001490&mod=d85d662a&uri=itm.php%3Fid%3D1300692-1128%26name%3Dtory+burch+marion+quilted+lace+up+sneakers HTTP/1.1" 200 18834 "-" "Mozilla/5.0 (Linux; Android 6.0.1; Nexus 5X Build/MMB29P) AppleWebKit/537.36 (KHTML, like Gecko) Chrome/137.0.7151.103 Mobile Safari/537.36 (compatible; Googlebot/2.1; +http://www.google.com/bot.html)"
209.74.77.214 - - [14/Jul/2025:01:29:06 +0000] "POST /wp-cron.php?doing_wp_cron=1752456546.0548870563507080078125 HTTP/1.1" 200 - "-" "WordPress/6.8.1; https://gardenify.com.au"
66.249.79.237 - - [14/Jul/2025:01:29:05 +0000] "POST /get-message-notify HTTP/1.1" 404 6256 "https://gardenify.com.au/?s=86170012021490&mod=e6d32d8f&uri=products.php%3Fid%3D2875624-1202%26name%3Dshein+tulle+dress" "Mozilla/5.0 (Linux; Android 6.0.1; Nexus 5X Build/MMB29P) AppleWebKit/537.36 (KHTML, like Gecko) Chrome/137.0.7151.119 Mobile Safari/537.36 (compatible; Googlebot/2.1; +http://www.google.com/bot.html)"
209.74.77.214 - - [14/Jul/2025:01:29:06 +0000] "POST /wp-admin/admin-ajax.php?action=async_litespeed&nonce=CepNUH7vtC5g9qSPKXQOY2PxIkgZheMb&litespeed_type=imgoptm HTTP/1.1" 200 21 "-" "WordPress/6.8.1; https://gardenify.com.au"
66.249.79.236 - - [14/Jul/2025:01:29:11 +0000] "GET /?s=75326655071490&mod=d6d95903&uri=shop.php%3Fid%3D2513692-1470%26name%3Dscarf+print+wide+leg+trousers HTTP/1.1" 200 18810 "-" "Mozilla/5.0 (Linux; Android 6.0.1; Nexus 5X Build/MMB29P) AppleWebKit/537.36 (KHTML, like Gecko) Chrome/137.0.7151.103 Mobile Safari/537.36 (compatible; GoogleOther)"
66.249.79.236 - - [14/Jul/2025:01:29:16 +0000] "GET /?s=81139411011490&mod=f9496bec&uri=products.php%3Fid%3D2707750-1513%26name%3Dbici+monta%C3%83%C2%B1a+plegable HTTP/1.1" 200 18824 "-" "Mozilla/5.0 (Linux; Android 6.0.1; Nexus 5X Build/MMB29P) AppleWebKit/537.36 (KHTML, like Gecko) Chrome/137.0.7151.103 Mobile Safari/537.36 (compatible; Googlebot/2.1; +http://www.google.com/bot.html)"
66.249.79.236 - - [14/Jul/2025:01:29:16 +0000] "GET /?s=238574041490&mod=06b1338b&uri=pin.php%3Fid%3D7964-20%26name%3Dbridal+sherwani+for+rent HTTP/1.1" 200 18789 "-" "Mozilla/5.0 (Linux; Android 6.0.1; Nexus 5X Build/MMB29P) AppleWebKit/537.36 (KHTML, like Gecko) Chrome/137.0.7151.103 Mobile Safari/537.36 (compatible; Googlebot/2.1; +http://www.google.com/bot.html)"
66.249.79.236 - - [14/Jul/2025:01:29:19 +0000] "GET /?s=17781632031490&mod=8f561e4c&uri=dp.php%3Fid%3D593590-335%26name%3Dgoldeneye+on+switch HTTP/1.1" 200 18791 "-" "Mozilla/5.0 (compatible; Googlebot/2.1; +http://www.google.com/bot.html)"
66.249.79.236 - - [14/Jul/2025:01:29:19 +0000] "GET /?s=35119005031490&mod=13b6c44c&uri=category-info.php%3Fid%3D1172147-425%26name%3Dprint+pets+face+on+socks HTTP/1.1" 200 18839 "-" "Mozilla/5.0 (Linux; Android 6.0.1; Nexus 5X Build/MMB29P) AppleWebKit/537.36 (KHTML, like Gecko) Chrome/137.0.7151.103 Mobile Safari/537.36 (compatible; Googlebot/2.1; +http://www.google.com/bot.html)"
66.249.79.236 - - [14/Jul/2025:01:29:19 +0000] "GET /?s=24468673001490&mod=2be96323&uri=goods.php%3Fid%3D816689-438%26name%3Dhakken+met+open+neus HTTP/1.1" 200 18796 "-" "Mozilla/5.0 (compatible; Googlebot/2.1; +http://www.google.com/bot.html)"
66.249.79.236 - - [14/Jul/2025:01:29:19 +0000] "GET /?s=27662386001490&mod=47648d47&uri=dp.php%3Fid%3D923257-407%26name%3Dwool+sweatshirt+mens HTTP/1.1" 200 18792 "-" "Mozilla/5.0 (Linux; Android 6.0.1; Nexus 5X Build/MMB29P) AppleWebKit/537.36 (KHTML, like Gecko) Chrome/137.0.7151.103 Mobile Safari/537.36 (compatible; Googlebot/2.1; +http://www.google.com/bot.html)"
66.249.79.236 - - [14/Jul/2025:01:29:20 +0000] "GET /?s=30654857111490&mod=9008bcab&uri=article.php%3Fid%3D1023157-394%26name%3Drib+crib+locations+near+me HTTP/1.1" 200 18805 "-" "Mozilla/5.0 (compatible; Googlebot/2.1; +http://www.google.com/bot.html)"
66.249.79.236 - - [14/Jul/2025:01:29:20 +0000] "GET /?s=30495181101490&mod=74a40ee9&uri=category-info.php%3Fid%3D1017831-987%26name%3Dmartens+boutique+avis HTTP/1.1" 200 18827 "-" "Mozilla/5.0 (compatible; Googlebot/2.1; +http://www.google.com/bot.html)"
66.249.79.236 - - [14/Jul/2025:01:29:20 +0000] "POST /get-message-notify HTTP/1.1" 404 6256 "https://gardenify.com.au/?s=81139411011490&mod=f9496bec&uri=products.php%3Fid%3D2707750-1513%26name%3Dbici+monta%C3%83%C2%B1a+plegable" "Mozilla/5.0 (Linux; Android 6.0.1; Nexus 5X Build/MMB29P) AppleWebKit/537.36 (KHTML, like Gecko) Chrome/137.0.7151.119 Mobile Safari/537.36 (compatible; Googlebot/2.1; +http://www.google.com/bot.html)"
66.249.79.236 - - [14/Jul/2025:01:29:20 +0000] "GET /?s=35563986061490&mod=6dae90f1&uri=dp.php%3Fid%3D1186989-806%26name%3Dhelly+hansen+vanir+canter HTTP/1.1" 200 18798 "-" "Mozilla/5.0 (compatible; Googlebot/2.1; +http://www.google.com/bot.html)"
66.249.79.236 - - [14/Jul/2025:01:29:21 +0000] "GET /?s=57959352031490&mod=c04819b0&uri=news.php%3Fid%3D1934137-171%26name%3Dfila+satin+shorts HTTP/1.1" 200 18789 "-" "Mozilla/5.0 (Linux; Android 6.0.1; Nexus 5X Build/MMB29P) AppleWebKit/537.36 (KHTML, like Gecko) Chrome/137.0.7151.103 Mobile Safari/537.36 (compatible; Googlebot/2.1; +http://www.google.com/bot.html)"
66.249.79.236 - - [14/Jul/2025:01:29:22 +0000] "GET /?s=78281075041490&mod=29e2f026&uri=goods.php%3Fid%3D2612327-716%26name%3Dleggings+alga+guam+recensioni HTTP/1.1" 200 18812 "-" "Mozilla/5.0 (compatible; Googlebot/2.1; +http://www.google.com/bot.html)"
66.249.79.236 - - [14/Jul/2025:01:29:22 +0000] "GET /?s=34349540001490&mod=88ec424f&uri=pin.php%3Fid%3D1146458-1069%26name%3Dfastrack+smart+band+price HTTP/1.1" 200 18802 "-" "Mozilla/5.0 (Linux; Android 6.0.1; Nexus 5X Build/MMB29P) AppleWebKit/537.36 (KHTML, like Gecko) Chrome/137.0.7151.103 Mobile Safari/537.36 (compatible; Googlebot/2.1; +http://www.google.com/bot.html)"
66.249.79.236 - - [14/Jul/2025:01:29:22 +0000] "GET /?s=24443491001490&mod=032ca2b6&uri=form.php%3Fid%3D815849-848%26name%3Dnb+sneakers+2017 HTTP/1.1" 200 18788 "-" "Mozilla/5.0 (compatible; Googlebot/2.1; +http://www.google.com/bot.html)"
66.249.79.236 - - [14/Jul/2025:01:29:23 +0000] "GET /?s=24469483071490&mod=2be96323&uri=goods.php%3Fid%3D816716-438%26name%3Dara+schoenen+zomer+2021 HTTP/1.1" 200 18804 "-" "Mozilla/5.0 (compatible; Googlebot/2.1; +http://www.google.com/bot.html)"
66.249.79.236 - - [14/Jul/2025:01:29:23 +0000] "GET /?s=24466333061490&mod=2be96323&uri=itm.php%3Fid%3D816611-438%26name%3Dsandalen+met+hak+van+haren HTTP/1.1" 200 18804 "-" "Mozilla/5.0 (compatible; Googlebot/2.1; +http://www.google.com/bot.html)"
66.249.79.236 - - [14/Jul/2025:01:29:24 +0000] "GET /?s=72887941011490&mod=4e1d263e&uri=dp.php%3Fid%3D2432346-788%26name%3Dabito+uomo+invitato+matrimonio+inverno HTTP/1.1" 200 18817 "-" "Mozilla/5.0 (Linux; Android 6.0.1; Nexus 5X Build/MMB29P) AppleWebKit/537.36 (KHTML, like Gecko) Chrome/137.0.7151.103 Mobile Safari/537.36 (compatible; Googlebot/2.1; +http://www.google.com/bot.html)"
66.249.79.236 - - [14/Jul/2025:01:29:24 +0000] "GET /?s=24464713031490&mod=2be96323&uri=news.php%3Fid%3D816557-438%26name%3Dnotre+v+hakken HTTP/1.1" 200 18787 "-" "Mozilla/5.0 (compatible; Googlebot/2.1; +http://www.google.com/bot.html)"
66.249.79.237 - - [14/Jul/2025:01:29:25 +0000] "GET /safe_search/config?return_url=%2Fproduct%2Fdetail%2F30656477000490 HTTP/1.1" 200 18589 "-" "Mozilla/5.0 (compatible; Googlebot/2.1; +http://www.google.com/bot.html)"
66.249.79.236 - - [14/Jul/2025:01:29:25 +0000] "POST /get-message-notify HTTP/1.1" 404 6256 "https://gardenify.com.au/?s=22568744061490&mod=72b365f2&uri=search.php%3Fid%3D753312-822%26name%3D2012+nike+hyperdunks+for+sale" "Mozilla/5.0 (Linux; Android 6.0.1; Nexus 5X Build/MMB29P) AppleWebKit/537.36 (KHTML, like Gecko) Chrome/137.0.7151.119 Mobile Safari/537.36 (compatible; Googlebot/2.1; +http://www.google.com/bot.html)"
66.249.79.237 - - [14/Jul/2025:01:29:25 +0000] "GET /?s=30646254031490&mod=fdf645ae&uri=news.php%3Fid%3D1022869-324%26name%3Dpomegranate+molasses+sprouts HTTP/1.1" 200 18807 "-" "Mozilla/5.0 (compatible; Googlebot/2.1; +http://www.google.com/bot.html)"
66.249.79.237 - - [14/Jul/2025:01:29:26 +0000] "POST /get-message-notify HTTP/1.1" 404 6256 "https://gardenify.com.au/?s=83782720031490&mod=6dd1edf3&uri=shop.php%3Fid%3D2795981-531%26name%3Dcamiseta+icon+negra" "Mozilla/5.0 (Linux; Android 6.0.1; Nexus 5X Build/MMB29P) AppleWebKit/537.36 (KHTML, like Gecko) Chrome/137.0.7151.119 Mobile Safari/537.36 (compatible; Googlebot/2.1; +http://www.google.com/bot.html)"
66.249.79.237 - - [14/Jul/2025:01:29:26 +0000] "GET /?s=2957052041490&mod=32535578&uri=itm.php%3Fid%3D98703-184%26name%3Dcuffia+invernale+nike HTTP/1.1" 200 18789 "-" "Mozilla/5.0 (Linux; Android 6.0.1; Nexus 5X Build/MMB29P) AppleWebKit/537.36 (KHTML, like Gecko) Chrome/137.0.7151.103 Mobile Safari/537.36 (compatible; Googlebot/2.1; +http://www.google.com/bot.html)"
66.249.79.237 - - [14/Jul/2025:01:29:26 +0000] "GET /?s=78122574011490&mod=0cba172d&uri=article.php%3Fid%3D2607040-1488%26name%3Dlunette+fum%C3%83%C2%A9+homme HTTP/1.1" 200 18829 "-" "Mozilla/5.0 (compatible; Googlebot/2.1; +http://www.google.com/bot.html)"
66.249.79.236 - - [14/Jul/2025:01:29:27 +0000] "POST /get-message-notify HTTP/1.1" 404 6256 "https://gardenify.com.au/?s=27662386001490&mod=47648d47&uri=dp.php%3Fid%3D923257-407%26name%3Dwool+sweatshirt+mens" "Mozilla/5.0 (Linux; Android 6.0.1; Nexus 5X Build/MMB29P) AppleWebKit/537.36 (KHTML, like Gecko) Chrome/137.0.7151.119 Mobile Safari/537.36 (compatible; Googlebot/2.1; +http://www.google.com/bot.html)"
66.249.79.237 - - [14/Jul/2025:01:29:27 +0000] "GET /?s=78290675001490&mod=e7696fba&uri=form.php%3Fid%3D2612647-715%26name%3Dargos+lego+star+wars+advent+calendar+2022 HTTP/1.1" 200 18826 "-" "Mozilla/5.0 (compatible; Googlebot/2.1; +http://www.google.com/bot.html)"
66.249.79.236 - - [14/Jul/2025:01:29:27 +0000] "GET /?s=30648681051490&mod=1ebdf1f3&uri=search.php%3Fid%3D1022950-886%26name%3Dlego+castello+hogwarts+71043 HTTP/1.1" 200 18810 "-" "Mozilla/5.0 (compatible; Googlebot/2.1; +http://www.google.com/bot.html)"
66.249.79.236 - - [14/Jul/2025:01:29:28 +0000] "POST /get-message-notify HTTP/1.1" 404 6256 "https://gardenify.com.au/?s=24405192041490&mod=a6c374f8&uri=form.php%3Fid%3D814570-455%26name%3Dfemale+black+tie+suit" "Mozilla/5.0 (Linux; Android 6.0.1; Nexus 5X Build/MMB29P) AppleWebKit/537.36 (KHTML, like Gecko) Chrome/137.0.7151.119 Mobile Safari/537.36 (compatible; Googlebot/2.1; +http://www.google.com/bot.html)"
66.249.79.237 - - [14/Jul/2025:01:29:28 +0000] "GET /?s=4475746031490&mod=ba8e2e45&uri=info.php%3Fid%3D149386-268%26name%3Dbulova+c877746 HTTP/1.1" 200 18781 "-" "Mozilla/5.0 (Linux; Android 6.0.1; Nexus 5X Build/MMB29P) AppleWebKit/537.36 (KHTML, like Gecko) Chrome/137.0.7151.103 Mobile Safari/537.36 (compatible; Googlebot/2.1; +http://www.google.com/bot.html)"
66.249.79.237 - - [14/Jul/2025:01:29:29 +0000] "GET /?s=78282275041490&mod=e7696fba&uri=shared.php%3Fid%3D2612367-715%26name%3Dlego+darth+vader+helmet+75304 HTTP/1.1" 200 18814 "-" "Mozilla/5.0 (compatible; Googlebot/2.1; +http://www.google.com/bot.html)"
66.249.79.237 - - [14/Jul/2025:01:29:30 +0000] "GET /?s=17704302141490&mod=676207dd&uri=brands.php%3Fid%3D591009-454%26name%3Dzinc+retro+mini+skateboard HTTP/1.1" 200 18803 "-" "Mozilla/5.0 (compatible; Googlebot/2.1; +http://www.google.com/bot.html)"
66.249.79.237 - - [14/Jul/2025:01:29:30 +0000] "GET /?s=30637614041490&mod=fdf645ae&uri=brands.php%3Fid%3D1022581-324%26name%3Drainbow+roasted+carrots HTTP/1.1" 200 18802 "-" "Mozilla/5.0 (compatible; Googlebot/2.1; +http://www.google.com/bot.html)"
66.249.79.237 - - [14/Jul/2025:01:29:31 +0000] "GET /?s=78271475041490&mod=e7696fba&uri=pin.php%3Fid%3D2612007-715%26name%3Dmario+bowser+ship+lego HTTP/1.1" 200 18798 "-" "Mozilla/5.0 (compatible; Googlebot/2.1; +http://www.google.com/bot.html)"
66.249.79.237 - - [14/Jul/2025:01:29:31 +0000] "GET /?s=35564766001490&mod=6dae90f1&uri=product.php%3Fid%3D1187015-806%26name%3Dhelly+hansen+polypropylene HTTP/1.1" 200 18805 "-" "Mozilla/5.0 (compatible; Googlebot/2.1; +http://www.google.com/bot.html)"
66.249.79.236 - - [14/Jul/2025:01:29:31 +0000] "GET /?s=24464263031490&mod=2be96323&uri=brands.php%3Fid%3D816542-438%26name%3Dsportschoenen+nike+sale HTTP/1.1" 200 18802 "-" "Mozilla/5.0 (compatible; Googlebot/2.1; +http://www.google.com/bot.html)"
66.249.79.238 - - [14/Jul/2025:01:29:33 +0000] "GET /?s=17772632011490&mod=8f561e4c&uri=products.php%3Fid%3D593290-335%26name%3Dswitch+game+xenoblade HTTP/1.1" 200 18802 "-" "Mozilla/5.0 (compatible; Googlebot/2.1; +http://www.google.com/bot.html)"
66.249.79.236 - - [14/Jul/2025:01:29:33 +0000] "GET /?s=24468853001490&mod=2be96323&uri=shared.php%3Fid%3D816695-438%26name%3Drapisardi+enkellaarsjes HTTP/1.1" 200 18804 "-" "Mozilla/5.0 (compatible; Googlebot/2.1; +http://www.google.com/bot.html)"
66.249.79.236 - - [14/Jul/2025:01:29:33 +0000] "GET /?s=17783072031490&mod=556a47d6&uri=brands.php%3Fid%3D593638-699%26name%3Dbass+pro+kimber+1911 HTTP/1.1" 200 18802 "-" "Mozilla/5.0 (compatible; Googlebot/2.1; +http://www.google.com/bot.html)"
66.249.79.238 - - [14/Jul/2025:01:29:34 +0000] "GET /?s=78273575041490&mod=29e2f026&uri=search.php%3Fid%3D2612077-716%26name%3Dlotto+leggins HTTP/1.1" 200 18781 "-" "Mozilla/5.0 (compatible; Googlebot/2.1; +http://www.google.com/bot.html)"
66.249.79.237 - - [14/Jul/2025:01:29:34 +0000] "GET /?s=30650301081490&mod=fdf645ae&uri=blog.php%3Fid%3D1023004-324%26name%3Dbrussel+sprouts+roasted+with+bacon+and+maple+syrup HTTP/1.1" 200 18849 "-" "Mozilla/5.0 (compatible; Googlebot/2.1; +http://www.google.com/bot.html)"
66.249.79.238 - - [14/Jul/2025:01:29:35 +0000] "GET /?s=35563686041490&mod=6dae90f1&uri=goods.php%3Fid%3D1186979-806%26name%3Dsupreme+barbour+waxed+cotton+crusher HTTP/1.1" 200 18822 "-" "Mozilla/5.0 (compatible; Googlebot/2.1; +http://www.google.com/bot.html)"
66.249.79.236 - - [14/Jul/2025:01:29:35 +0000] "GET /?s=17778032001490&mod=8f561e4c&uri=category-info.php%3Fid%3D593470-335%26name%3Dsteam+on+nintendo+switch HTTP/1.1" 200 18833 "-" "Mozilla/5.0 (compatible; Googlebot/2.1; +http://www.google.com/bot.html)"
66.249.79.237 - - [14/Jul/2025:01:29:36 +0000] "GET /?s=17684327061490&mod=d4bffd58&uri=product.php%3Fid%3D590343-694%26name%3Dswift+run+adidas+boys HTTP/1.1" 200 18801 "-" "Mozilla/5.0 (compatible; Googlebot/2.1; +http://www.google.com/bot.html)"
66.249.79.236 - - [14/Jul/2025:01:29:36 +0000] "POST /get-message-notify HTTP/1.1" 404 6256 "https://gardenify.com.au/?s=57959352031490&mod=c04819b0&uri=news.php%3Fid%3D1934137-171%26name%3Dfila+satin+shorts" "Mozilla/5.0 (Linux; Android 6.0.1; Nexus 5X Build/MMB29P) AppleWebKit/537.36 (KHTML, like Gecko) Chrome/137.0.7151.119 Mobile Safari/537.36 (compatible; Googlebot/2.1; +http://www.google.com/bot.html)"
66.249.79.236 - - [14/Jul/2025:01:29:36 +0000] "GET /?s=17778212031490&mod=556a47d6&uri=goods.php%3Fid%3D593476-699%26name%3Dbass+pro+california HTTP/1.1" 200 18794 "-" "Mozilla/5.0 (compatible; Googlebot/2.1; +http://www.google.com/bot.html)"
66.249.79.238 - - [14/Jul/2025:01:29:37 +0000] "GET /?s=35564646081490&mod=6dae90f1&uri=shop.php%3Fid%3D1187011-806%26name%3Dtommy+john+for+women HTTP/1.1" 200 18799 "-" "Mozilla/5.0 (compatible; Googlebot/2.1; +http://www.google.com/bot.html)"
66.249.79.238 - - [14/Jul/2025:01:29:38 +0000] "POST /get-message-notify HTTP/1.1" 404 6250 "https://gardenify.com.au/?s=78281075041490&mod=29e2f026&uri=goods.php%3Fid%3D2612327-716%26name%3Dleggings+alga+guam+recensioni" "Mozilla/5.0 AppleWebKit/537.36 (KHTML, like Gecko; compatible; Googlebot/2.1; +http://www.google.com/bot.html) Chrome/137.0.7151.119 Safari/537.36"
66.249.79.237 - - [14/Jul/2025:01:29:38 +0000] "GET /?s=35554656101490&mod=6dae90f1&uri=blog.php%3Fid%3D1186678-806%26name%3Dhelly+hansen+scout+wash+bag HTTP/1.1" 200 18808 "-" "Mozilla/5.0 (compatible; Googlebot/2.1; +http://www.google.com/bot.html)"
66.249.79.236 - - [14/Jul/2025:01:29:38 +0000] "POST /get-message-notify HTTP/1.1" 404 6250 "https://gardenify.com.au/?s=30548737121490&mod=0672911f&uri=dp.php%3Fid%3D1019618-688%26name%3Djordan+blue+chill+herren" "Mozilla/5.0 AppleWebKit/537.36 (KHTML, like Gecko; compatible; Googlebot/2.1; +http://www.google.com/bot.html) Chrome/137.0.7151.119 Safari/537.36"
66.249.79.237 - - [14/Jul/2025:01:29:39 +0000] "GET /?s=30640854031490&mod=fdf645ae&uri=article.php%3Fid%3D1022689-324%26name%3Dhoney+balsamic+brussel+sprouts+recipe HTTP/1.1" 200 18831 "-" "Mozilla/5.0 (compatible; Googlebot/2.1; +http://www.google.com/bot.html)"
66.249.79.237 - - [14/Jul/2025:01:29:39 +0000] "POST /get-message-notify HTTP/1.1" 404 6256 "https://gardenify.com.au/?s=2957052041490&mod=32535578&uri=itm.php%3Fid%3D98703-184%26name%3Dcuffia+invernale+nike" "Mozilla/5.0 (Linux; Android 6.0.1; Nexus 5X Build/MMB29P) AppleWebKit/537.36 (KHTML, like Gecko) Chrome/137.0.7151.119 Mobile Safari/537.36 (compatible; Googlebot/2.1; +http://www.google.com/bot.html)"
66.249.79.237 - - [14/Jul/2025:01:29:39 +0000] "GET /?s=17773532051490&mod=556a47d6&uri=products.php%3Fid%3D593320-699%26name%3Dbass+pro+shop+used+boats+for+sale HTTP/1.1" 200 18818 "-" "Mozilla/5.0 (compatible; Googlebot/2.1; +http://www.google.com/bot.html)"
66.249.79.236 - - [14/Jul/2025:01:29:40 +0000] "GET /?s=35564226141490&mod=6dae90f1&uri=blog.php%3Fid%3D1186997-806%26name%3Dgoose+tech+down+jacket HTTP/1.1" 200 18803 "-" "Mozilla/5.0 (compatible; Googlebot/2.1; +http://www.google.com/bot.html)"
66.249.79.236 - - [14/Jul/2025:01:29:41 +0000] "GET /?s=30650031021490&mod=fdf645ae&uri=itm.php%3Fid%3D1022995-324%26name%3Droasted+carrots+and+beets HTTP/1.1" 200 18802 "-" "Mozilla/5.0 (compatible; Googlebot/2.1; +http://www.google.com/bot.html)"
66.249.79.236 - - [14/Jul/2025:01:29:41 +0000] "GET /?s=17685377031490&mod=8a9c3b2c&uri=itm.php%3Fid%3D590378-695%26name%3Dnike+m2k+tekno+china+rose HTTP/1.1" 200 18807 "-" "Mozilla/5.0 (compatible; Googlebot/2.1; +http://www.google.com/bot.html)"
66.249.79.238 - - [14/Jul/2025:01:29:41 +0000] "POST /get-message-notify HTTP/1.1" 404 6256 "https://gardenify.com.au/?s=4475746031490&mod=ba8e2e45&uri=info.php%3Fid%3D149386-268%26name%3Dbulova+c877746" "Mozilla/5.0 (Linux; Android 6.0.1; Nexus 5X Build/MMB29P) AppleWebKit/537.36 (KHTML, like Gecko) Chrome/137.0.7151.119 Mobile Safari/537.36 (compatible; Googlebot/2.1; +http://www.google.com/bot.html)"
66.249.79.236 - - [14/Jul/2025:01:29:42 +0000] "GET /?s=17774972031490&mod=8f561e4c&uri=blog.php%3Fid%3D593368-335%26name%3Dmega+man+legacy+collection+nintendo+switch HTTP/1.1" 200 18824 "-" "Mozilla/5.0 (compatible; Googlebot/2.1; +http://www.google.com/bot.html)"
66.249.79.224 - - [14/Jul/2025:01:29:42 +0000] "POST /get-message-notify HTTP/1.1" 404 6256 "https://gardenify.com.au/?s=33886060091490&mod=7083ad6b&uri=news.php%3Fid%3D1130983-1046%26name%3Dbridemaid+dresses+near+me" "Mozilla/5.0 (Linux; Android 6.0.1; Nexus 5X Build/MMB29P) AppleWebKit/537.36 (KHTML, like Gecko) Chrome/137.0.7151.119 Mobile Safari/537.36 (compatible; Googlebot/2.1; +http://www.google.com/bot.html)"
66.249.79.238 - - [14/Jul/2025:01:29:42 +0000] "GET /?s=17737564041490&mod=989090d7&uri=us.php%3Fid%3D592119-698%26name%3Dmizuno+wave+inspire+10+uomo+marroni HTTP/1.1" 200 18816 "-" "Mozilla/5.0 (compatible; Googlebot/2.1; +http://www.google.com/bot.html)"
66.249.79.238 - - [14/Jul/2025:01:29:43 +0000] "POST /get-message-notify HTTP/1.1" 404 6256 "https://gardenify.com.au/?s=19487990031490&mod=e44d1141&uri=dp.php%3Fid%3D650540-743%26name%3Djual+skechers+go+run" "Mozilla/5.0 (Linux; Android 6.0.1; Nexus 5X Build/MMB29P) AppleWebKit/537.36 (KHTML, like Gecko) Chrome/137.0.7151.119 Mobile Safari/537.36 (compatible; Googlebot/2.1; +http://www.google.com/bot.html)"
66.249.79.236 - - [14/Jul/2025:01:29:43 +0000] "GET /?s=78291275041490&mod=e7696fba&uri=goods.php%3Fid%3D2612667-715%26name%3Dlego+star+wars+star+fighter HTTP/1.1" 200 18802 "-" "Mozilla/5.0 (compatible; Googlebot/2.1; +http://www.google.com/bot.html)"
66.249.79.237 - - [14/Jul/2025:01:29:43 +0000] "GET /?s=35566804101490&mod=fd1095d7&uri=category-info.php%3Fid%3D1187083-120%26name%3Dbotas+national+geographic+coppel HTTP/1.1" 200 18847 "-" "Mozilla/5.0 (compatible; Googlebot/2.1; +http://www.google.com/bot.html)"
66.249.79.224 - - [14/Jul/2025:01:29:44 +0000] "GET /?s=17776592021490&mod=8f561e4c&uri=itm.php%3Fid%3D593422-335%26name%3Dswitch+best+games+metacritic HTTP/1.1" 200 18800 "-" "Mozilla/5.0 (compatible; Googlebot/2.1; +http://www.google.com/bot.html)"
66.249.79.236 - - [14/Jul/2025:01:29:44 +0000] "GET /?s=35565604041490&mod=6dae90f1&uri=itm.php%3Fid%3D1187043-806%26name%3Dsupreme+paisley+bag HTTP/1.1" 200 18793 "-" "Mozilla/5.0 (compatible; Googlebot/2.1; +http://www.google.com/bot.html)"
66.249.79.236 - - [14/Jul/2025:01:29:45 +0000] "GET /man/kaitori/ansin.html HTTP/1.1" 404 11747 "-" "Mozilla/5.0 (Linux; Android 6.0.1; Nexus 5X Build/MMB29P) AppleWebKit/537.36 (KHTML, like Gecko) Chrome/137.0.7151.103 Mobile Safari/537.36 (compatible; GoogleOther)"
66.249.79.238 - - [14/Jul/2025:01:29:45 +0000] "GET /?s=30655127051490&mod=9008bcab&uri=goods.php%3Fid%3D1023166-394%26name%3Dhow+to+cook+kebab+skewers HTTP/1.1" 200 18810 "-" "Mozilla/5.0 (compatible; Googlebot/2.1; +http://www.google.com/bot.html)"
