66.249.79.236 - - [14/Jul/2025:01:39:26 +0000] "GET /?s=34272375091490&mod=a56fd138&uri=shared.php%3Fid%3D1143885-112%26name%3Dri%C3%83%C2%B1onera+para+bebes HTTP/1.1" 200 18819 "-" "Mozilla/5.0 (Linux; Android 6.0.1; Nexus 5X Build/MMB29P) AppleWebKit/537.36 (KHTML, like Gecko) Chrome/137.0.7151.103 Mobile Safari/537.36 (compatible; Googlebot/2.1; +http://www.google.com/bot.html)"
66.249.79.236 - - [14/Jul/2025:01:39:26 +0000] "GET /?s=30645714051490&mod=fdf645ae&uri=category-info.php%3Fid%3D1022851-324%26name%3Dcrispy+roasted+fingerling+potatoes+cook%27s+country HTTP/1.1" 200 18876 "-" "Mozilla/5.0 (compatible; Googlebot/2.1; +http://www.google.com/bot.html)"
66.249.79.236 - - [14/Jul/2025:01:39:27 +0000] "GET /?s=24470023001490&mod=2be96323&uri=blog.php%3Fid%3D816734-438%26name%3Dmaruti+instappers HTTP/1.1" 200 18787 "-" "Mozilla/5.0 (compatible; Googlebot/2.1; +http://www.google.com/bot.html)"
66.249.79.236 - - [14/Jul/2025:01:39:27 +0000] "GET /safe_search/config?return_url=%2Fproduct%2Fdetail%2F17785412030490 HTTP/1.1" 200 18588 "-" "Mozilla/5.0 (compatible; Googlebot/2.1; +http://www.google.com/bot.html)"
66.249.79.236 - - [14/Jul/2025:01:39:28 +0000] "GET /?s=78286175001490&mod=e7696fba&uri=itm.php%3Fid%3D2612497-715%26name%3Dlevi%27s+x+lego+bag HTTP/1.1" 200 18798 "-" "Mozilla/5.0 (compatible; Googlebot/2.1; +http://www.google.com/bot.html)"
66.249.79.236 - - [14/Jul/2025:01:39:28 +0000] "GET /?s=35567044041490&mod=6dae90f1&uri=form.php%3Fid%3D1187091-806%26name%3Dhelly+hansen+icu+hoodie HTTP/1.1" 200 18803 "-" "Mozilla/5.0 (compatible; Googlebot/2.1; +http://www.google.com/bot.html)"
66.249.79.236 - - [14/Jul/2025:01:39:29 +0000] "GET /?s=5034107031490&mod=58589b2f&uri=category-info.php%3Fid%3D168059-306%26name%3Dcome+sono+le+scarpe+skechers HTTP/1.1" 200 18833 "-" "Mozilla/5.0 (Linux; Android 6.0.1; Nexus 5X Build/MMB29P) AppleWebKit/537.36 (KHTML, like Gecko) Chrome/137.0.7151.103 Mobile Safari/537.36 (compatible; Googlebot/2.1; +http://www.google.com/bot.html)"
66.249.79.237 - - [14/Jul/2025:01:39:30 +0000] "GET /?s=8924593011490&mod=24cc88c5&uri=article.php%3Fid%3D297998-457%26name%3Dallen+iverson+2001+finals+shoes HTTP/1.1" 200 18822 "-" "Mozilla/5.0 (Linux; Android 6.0.1; Nexus 5X Build/MMB29P) AppleWebKit/537.36 (KHTML, like Gecko) Chrome/137.0.7151.103 Mobile Safari/537.36 (compatible; Googlebot/2.1; +http://www.google.com/bot.html)"
66.249.79.237 - - [14/Jul/2025:01:39:30 +0000] "GET /?s=1827102041490&mod=8d12cf40&uri=pin.php%3Fid%3D60987-110%26name%3Dt+shirt+levis+style HTTP/1.1" 200 18785 "-" "Mozilla/5.0 (Linux; Android 6.0.1; Nexus 5X Build/MMB29P) AppleWebKit/537.36 (KHTML, like Gecko) Chrome/137.0.7151.103 Mobile Safari/537.36 (compatible; Googlebot/2.1; +http://www.google.com/bot.html)"
66.249.79.237 - - [14/Jul/2025:01:39:31 +0000] "GET /?s=43572205051490&mod=2396e9e4&uri=news.php%3Fid%3D1454157-664%26name%3Dspy+frames+glasses HTTP/1.1" 200 18791 "-" "Mozilla/5.0 (Linux; Android 6.0.1; Nexus 5X Build/MMB29P) AppleWebKit/537.36 (KHTML, like Gecko) Chrome/137.0.7151.103 Mobile Safari/537.36 (compatible; Googlebot/2.1; +http://www.google.com/bot.html)"
66.249.79.237 - - [14/Jul/2025:01:39:31 +0000] "GET /?s=24483103011490&mod=7c2c48a3&uri=shared.php%3Fid%3D817170-96%26name%3Dwatch+latest+indian+web+series+online+free HTTP/1.1" 200 18830 "-" "Mozilla/5.0 (compatible; Googlebot/2.1; +http://www.google.com/bot.html)"
66.249.79.237 - - [14/Jul/2025:01:39:31 +0000] "POST /get-message-notify HTTP/1.1" 404 6256 "https://gardenify.com.au/?s=83530225021490&mod=a41747a9&uri=us.php%3Fid%3D2787552-934%26name%3Dsoulier+nike+bleu" "Mozilla/5.0 (Linux; Android 6.0.1; Nexus 5X Build/MMB29P) AppleWebKit/537.36 (KHTML, like Gecko) Chrome/137.0.7151.119 Mobile Safari/537.36 (compatible; Googlebot/2.1; +http://www.google.com/bot.html)"
66.249.79.237 - - [14/Jul/2025:01:39:32 +0000] "GET /?s=88287516031490&mod=cb1ff3a9&uri=shared.php%3Fid%3D2946299-636%26name%3Dzalando+jeans+uomo HTTP/1.1" 200 18794 "-" "Mozilla/5.0 (Linux; Android 6.0.1; Nexus 5X Build/MMB29P) AppleWebKit/537.36 (KHTML, like Gecko) Chrome/137.0.7151.103 Mobile Safari/537.36 (compatible; Googlebot/2.1; +http://www.google.com/bot.html)"
66.249.79.237 - - [14/Jul/2025:01:39:32 +0000] "POST /get-message-notify HTTP/1.1" 404 6256 "https://gardenify.com.au/?s=42134890041490&mod=1f5be27d&uri=category-info.php%3Fid%3D1406219-1175%26name%3Dkyrie+low+moon" "Mozilla/5.0 (Linux; Android 6.0.1; Nexus 5X Build/MMB29P) AppleWebKit/537.36 (KHTML, like Gecko) Chrome/137.0.7151.119 Mobile Safari/537.36 (compatible; Googlebot/2.1; +http://www.google.com/bot.html)"
66.249.79.236 - - [14/Jul/2025:01:39:32 +0000] "GET /?s=21160385001490&mod=7c2c48a3&uri=category-info.php%3Fid%3D706333-96%26name%3Ddaniel+wellington+nhs+discount HTTP/1.1" 200 18840 "-" "Mozilla/5.0 (Linux; Android 6.0.1; Nexus 5X Build/MMB29P) AppleWebKit/537.36 (KHTML, like Gecko) Chrome/137.0.7151.103 Mobile Safari/537.36 (compatible; Googlebot/2.1; +http://www.google.com/bot.html)"
66.249.79.236 - - [14/Jul/2025:01:39:33 +0000] "GET /?s=17724269021490&mod=e96822f7&uri=goods.php%3Fid%3D591675-234%26name%3Dmotorrad+lederjacke+cafe+racer+damen HTTP/1.1" 200 18822 "-" "Mozilla/5.0 (compatible; Googlebot/2.1; +http://www.google.com/bot.html)"
66.249.79.236 - - [14/Jul/2025:01:39:33 +0000] "GET /?s=24463633121490&mod=2be96323&uri=article.php%3Fid%3D816521-438%26name%3Dxsensible+stretchwalker+2019 HTTP/1.1" 200 18816 "-" "Mozilla/5.0 (compatible; Googlebot/2.1; +http://www.google.com/bot.html)"
66.249.79.236 - - [14/Jul/2025:01:39:33 +0000] "POST /get-message-notify HTTP/1.1" 404 6250 "https://gardenify.com.au/?s=24469843091490&mod=2be96323&uri=article.php%3Fid%3D816728-438%26name%3Dvingino+fenna+sneakers" "Mozilla/5.0 AppleWebKit/537.36 (KHTML, like Gecko; compatible; Googlebot/2.1; +http://www.google.com/bot.html) Chrome/137.0.7151.119 Safari/537.36"
66.249.79.236 - - [14/Jul/2025:01:39:33 +0000] "GET /?s=30651111001490&mod=9008bcab&uri=itm.php%3Fid%3D1023031-394%26name%3Dcake+decorating+nozzles+near+me HTTP/1.1" 200 18814 "-" "Mozilla/5.0 (compatible; Googlebot/2.1; +http://www.google.com/bot.html)"
66.249.79.237 - - [14/Jul/2025:01:39:34 +0000] "GET /?s=30644094061490&mod=fdf645ae&uri=shared.php%3Fid%3D1022797-324%26name%3Deureka+burger+brussel+sprouts+recipe HTTP/1.1" 200 18822 "-" "Mozilla/5.0 (compatible; Googlebot/2.1; +http://www.google.com/bot.html)"
66.249.79.238 - - [14/Jul/2025:01:39:34 +0000] "POST /get-message-notify HTTP/1.1" 404 6250 "https://gardenify.com.au/?s=17777852031490&mod=8f561e4c&uri=search.php%3Fid%3D593464-335%26name%3Dnintendo+switch+on+flipkart" "Mozilla/5.0 AppleWebKit/537.36 (KHTML, like Gecko; compatible; Googlebot/2.1; +http://www.google.com/bot.html) Chrome/137.0.7151.119 Safari/537.36"
66.249.79.237 - - [14/Jul/2025:01:39:34 +0000] "GET /?s=24469393091490&mod=2be96323&uri=products.php%3Fid%3D816713-438%26name%3Dhoge+sneakers+vrouwen HTTP/1.1" 200 18800 "-" "Mozilla/5.0 (compatible; Googlebot/2.1; +http://www.google.com/bot.html)"
66.249.79.236 - - [14/Jul/2025:01:39:35 +0000] "GET /pcmypage?callback=/product%2Fdetail%2F24470203012490 HTTP/1.1" 200 18573 "-" "Mozilla/5.0 (compatible; Googlebot/2.1; +http://www.google.com/bot.html)"
66.249.79.236 - - [14/Jul/2025:01:39:35 +0000] "POST /get-message-notify HTTP/1.1" 404 6256 "https://gardenify.com.au/?s=34272375091490&mod=a56fd138&uri=shared.php%3Fid%3D1143885-112%26name%3Dri%C3%83%C2%B1onera+para+bebes" "Mozilla/5.0 (Linux; Android 6.0.1; Nexus 5X Build/MMB29P) AppleWebKit/537.36 (KHTML, like Gecko) Chrome/137.0.7151.119 Mobile Safari/537.36 (compatible; Googlebot/2.1; +http://www.google.com/bot.html)"
66.249.79.237 - - [14/Jul/2025:01:39:35 +0000] "GET /?s=78277175041490&mod=e7696fba&uri=shared.php%3Fid%3D2612197-715%26name%3Dlego+friends+central+perk HTTP/1.1" 200 18807 "-" "Mozilla/5.0 (compatible; Googlebot/2.1; +http://www.google.com/bot.html)"
66.249.79.236 - - [14/Jul/2025:01:39:35 +0000] "POST /get-message-notify HTTP/1.1" 404 6256 "https://gardenify.com.au/?s=34272375091490&mod=a56fd138&uri=shared.php%3Fid%3D1143885-112%26name%3Dri%C3%83%C2%B1onera+para+bebes" "Mozilla/5.0 (Linux; Android 6.0.1; Nexus 5X Build/MMB29P) AppleWebKit/537.36 (KHTML, like Gecko) Chrome/137.0.7151.119 Mobile Safari/537.36 (compatible; Googlebot/2.1; +http://www.google.com/bot.html)"
66.249.79.237 - - [14/Jul/2025:01:39:36 +0000] "GET /?s=17784152091490&mod=8f561e4c&uri=goods.php%3Fid%3D593674-335%26name%3Dty+the+tasmanian+tiger+remastered+switch HTTP/1.1" 200 18830 "-" "Mozilla/5.0 (compatible; Googlebot/2.1; +http://www.google.com/bot.html)"
66.249.79.236 - - [14/Jul/2025:01:39:36 +0000] "GET /?s=24468583071490&mod=2be96323&uri=us.php%3Fid%3D816686-438%26name%3Dleuke+witte+gympen HTTP/1.1" 200 18781 "-" "Mozilla/5.0 (compatible; Googlebot/2.1; +http://www.google.com/bot.html)"
66.249.79.237 - - [14/Jul/2025:01:39:37 +0000] "GET /?s=78279575041490&mod=29e2f026&uri=info.php%3Fid%3D2612277-716%26name%3Dleggins+stelle HTTP/1.1" 200 18787 "-" "Mozilla/5.0 (compatible; Googlebot/2.1; +http://www.google.com/bot.html)"
66.249.79.238 - - [14/Jul/2025:01:39:37 +0000] "POST /get-message-notify HTTP/1.1" 404 6250 "https://gardenify.com.au/?s=30645714051490&mod=fdf645ae&uri=category-info.php%3Fid%3D1022851-324%26name%3Dcrispy+roasted+fingerling+potatoes+cook%27s+country" "Mozilla/5.0 AppleWebKit/537.36 (KHTML, like Gecko; compatible; Googlebot/2.1; +http://www.google.com/bot.html) Chrome/137.0.7151.119 Safari/537.36"
66.249.79.238 - - [14/Jul/2025:01:39:37 +0000] "GET /?s=78117126051490&mod=d57b13de&uri=shared.php%3Fid%3D2606858-930%26name%3Dpediconfort+hallux+valgus HTTP/1.1" 200 18804 "-" "Mozilla/5.0 (compatible; Googlebot/2.1; +http://www.google.com/bot.html)"
66.249.79.236 - - [14/Jul/2025:01:39:37 +0000] "GET /?s=17781992021490&mod=8f561e4c&uri=shared.php%3Fid%3D593602-335%26name%3Dcan+the+switch+lite+be+docked HTTP/1.1" 200 18810 "-" "Mozilla/5.0 (compatible; Googlebot/2.1; +http://www.google.com/bot.html)"
66.249.79.237 - - [14/Jul/2025:01:39:38 +0000] "GET /?s=17776052031490&mod=8f561e4c&uri=itm.php%3Fid%3D593404-335%26name%3Dmario+kart+special+switch HTTP/1.1" 200 18801 "-" "Mozilla/5.0 (compatible; Googlebot/2.1; +http://www.google.com/bot.html)"
66.249.79.237 - - [14/Jul/2025:01:39:38 +0000] "GET /?s=24469663031490&mod=2be96323&uri=shop.php%3Fid%3D816722-438%26name%3Dsandalen+birkenstock+kind HTTP/1.1" 200 18807 "-" "Mozilla/5.0 (compatible; Googlebot/2.1; +http://www.google.com/bot.html)"
66.249.79.236 - - [14/Jul/2025:01:39:38 +0000] "POST /get-message-notify HTTP/1.1" 404 6256 "https://gardenify.com.au/?s=88287516031490&mod=cb1ff3a9&uri=shared.php%3Fid%3D2946299-636%26name%3Dzalando+jeans+uomo" "Mozilla/5.0 (Linux; Android 6.0.1; Nexus 5X Build/MMB29P) AppleWebKit/537.36 (KHTML, like Gecko) Chrome/137.0.7151.119 Mobile Safari/537.36 (compatible; Googlebot/2.1; +http://www.google.com/bot.html)"
66.249.79.236 - - [14/Jul/2025:01:39:38 +0000] "GET /?s=35563206041490&mod=6dae90f1&uri=info.php%3Fid%3D1186963-806%26name%3Darcteryx+hiking+shorts HTTP/1.1" 200 18802 "-" "Mozilla/5.0 (compatible; Googlebot/2.1; +http://www.google.com/bot.html)"
66.249.79.238 - - [14/Jul/2025:01:39:39 +0000] "GET /?s=30637884051490&mod=fdf645ae&uri=shop.php%3Fid%3D1022590-324%26name%3Ddisposable+cake+mould HTTP/1.1" 200 18794 "-" "Mozilla/5.0 (compatible; Googlebot/2.1; +http://www.google.com/bot.html)"
66.249.79.237 - - [14/Jul/2025:01:39:39 +0000] "GET /?s=63858904001490&mod=0ce34d37&uri=goods.php%3Fid%3D2131027-1380%26name%3Dnissan+frontier+tent+camper HTTP/1.1" 200 18806 "-" "Mozilla/5.0 (Linux; Android 6.0.1; Nexus 5X Build/MMB29P) AppleWebKit/537.36 (KHTML, like Gecko) Chrome/137.0.7151.103 Mobile Safari/537.36 (compatible; Googlebot/2.1; +http://www.google.com/bot.html)"
66.249.79.238 - - [14/Jul/2025:01:39:39 +0000] "GET /?s=35565064021490&mod=6dae90f1&uri=form.php%3Fid%3D1187025-806%26name%3Ddoes+comme+des+garcons+converse+run+small HTTP/1.1" 200 18820 "-" "Mozilla/5.0 (compatible; Googlebot/2.1; +http://www.google.com/bot.html)"
66.249.79.236 - - [14/Jul/2025:01:39:39 +0000] "POST /get-message-notify HTTP/1.1" 404 6256 "https://gardenify.com.au/?s=21160385001490&mod=7c2c48a3&uri=category-info.php%3Fid%3D706333-96%26name%3Ddaniel+wellington+nhs+discount" "Mozilla/5.0 (Linux; Android 6.0.1; Nexus 5X Build/MMB29P) AppleWebKit/537.36 (KHTML, like Gecko) Chrome/137.0.7151.119 Mobile Safari/537.36 (compatible; Googlebot/2.1; +http://www.google.com/bot.html)"
66.249.79.237 - - [14/Jul/2025:01:39:40 +0000] "GET /?s=35565244001490&mod=6dae90f1&uri=article.php%3Fid%3D1187031-806%26name%3Dmenson+pant+corduroy HTTP/1.1" 200 18804 "-" "Mozilla/5.0 (compatible; Googlebot/2.1; +http://www.google.com/bot.html)"
66.249.79.238 - - [14/Jul/2025:01:39:40 +0000] "GET /?s=30637074021490&mod=fdf645ae&uri=shared.php%3Fid%3D1022563-324%26name%3Dbreakfast+casserole+canned+biscuits HTTP/1.1" 200 18817 "-" "Mozilla/5.0 (compatible; Googlebot/2.1; +http://www.google.com/bot.html)"
66.249.79.236 - - [14/Jul/2025:01:39:41 +0000] "POST /get-message-notify HTTP/1.1" 404 6250 "https://gardenify.com.au/?s=24463633121490&mod=2be96323&uri=article.php%3Fid%3D816521-438%26name%3Dxsensible+stretchwalker+2019" "Mozilla/5.0 AppleWebKit/537.36 (KHTML, like Gecko; compatible; Googlebot/2.1; +http://www.google.com/bot.html) Chrome/137.0.7151.119 Safari/537.36"
66.249.79.224 - - [14/Jul/2025:01:39:45 +0000] "POST /get-message-notify HTTP/1.1" 404 6256 "https://gardenify.com.au/?s=92049267071490&mod=13da07d8&uri=shared.php%3Fid%3D3071857-1410%26name%3Dsaucony+clarion+mujer" "Mozilla/5.0 (Linux; Android 6.0.1; Nexus 5X Build/MMB29P) AppleWebKit/537.36 (KHTML, like Gecko) Chrome/137.0.7151.119 Mobile Safari/537.36 (compatible; Googlebot/2.1; +http://www.google.com/bot.html)"
66.249.79.237 - - [14/Jul/2025:01:39:46 +0000] "GET /feature/index.html HTTP/1.1" 404 11747 "-" "Mozilla/5.0 (Linux; Android 6.0.1; Nexus 5X Build/MMB29P) AppleWebKit/537.36 (KHTML, like Gecko) Chrome/137.0.7151.103 Mobile Safari/537.36 (compatible; GoogleOther)"
66.249.79.236 - - [14/Jul/2025:01:39:48 +0000] "POST /get-message-notify HTTP/1.1" 404 6250 "https://gardenify.com.au/?s=35567044041490&mod=6dae90f1&uri=form.php%3Fid%3D1187091-806%26name%3Dhelly+hansen+icu+hoodie" "Mozilla/5.0 AppleWebKit/537.36 (KHTML, like Gecko; compatible; Googlebot/2.1; +http://www.google.com/bot.html) Chrome/137.0.7151.119 Safari/537.36"
66.249.79.237 - - [14/Jul/2025:01:40:15 +0000] "GET /?s=84060901041490&mod=9cecbb6f&uri=products.php%3Fid%3D2805259-344%26name%3Dsugarpine+air+mesh HTTP/1.1" 200 18791 "-" "Mozilla/5.0 (Linux; Android 6.0.1; Nexus 5X Build/MMB29P) AppleWebKit/537.36 (KHTML, like Gecko) Chrome/137.0.7151.103 Mobile Safari/537.36 (compatible; GoogleOther)"
66.249.79.237 - - [14/Jul/2025:01:40:44 +0000] "GET /?s=85755281021490&mod=d14fb78b&uri=shared.php%3Fid%3D2861793-1036%26name%3Dtsa+lock+luggage+set HTTP/1.1" 200 18801 "-" "Mozilla/5.0 (Linux; Android 6.0.1; Nexus 5X Build/MMB29P) AppleWebKit/537.36 (KHTML, like Gecko) Chrome/137.0.7151.103 Mobile Safari/537.36 (compatible; GoogleOther)"
66.249.79.236 - - [14/Jul/2025:01:40:48 +0000] "GET /?s=116845893011490&mod=f8a4c789&uri=product.php%3Fid%3D3899551-103%26name%3Dwhere+to+sell+my+gold+jewelry+near+me HTTP/1.1" 200 18832 "-" "Mozilla/5.0 (Linux; Android 6.0.1; Nexus 5X Build/MMB29P) AppleWebKit/537.36 (KHTML, like Gecko) Chrome/137.0.7151.103 Mobile Safari/537.36 (compatible; Googlebot/2.1; +http://www.google.com/bot.html)"
209.74.77.214 - - [14/Jul/2025:01:40:51 +0000] "POST /wp-cron.php?doing_wp_cron=1752457251.1134660243988037109375 HTTP/1.1" 200 - "-" "WordPress/6.8.1; https://gardenify.com.au"
66.249.79.236 - - [14/Jul/2025:01:40:50 +0000] "POST /get-message-notify HTTP/1.1" 404 6256 "https://gardenify.com.au/?s=84060901041490&mod=9cecbb6f&uri=products.php%3Fid%3D2805259-344%26name%3Dsugarpine+air+mesh" "Mozilla/5.0 (Linux; Android 6.0.1; Nexus 5X Build/MMB29P) AppleWebKit/537.36 (KHTML, like Gecko) Chrome/137.0.7151.119 Mobile Safari/537.36 (compatible; Googlebot/2.1; +http://www.google.com/bot.html)"
209.74.77.214 - - [14/Jul/2025:01:40:51 +0000] "POST /wp-admin/admin-ajax.php?action=async_litespeed&nonce=SydaJdciG6ahsS5yKxLHrX0BTPEbqkt2&litespeed_type=imgoptm HTTP/1.1" 200 21 "-" "WordPress/6.8.1; https://gardenify.com.au"
209.74.77.214 - - [14/Jul/2025:01:41:01 +0000] "POST /wp-cron.php?doing_wp_cron=1752457261.9371519088745117187500 HTTP/1.1" 200 - "-" "WordPress/6.8.1; https://gardenify.com.au"
66.249.79.236 - - [14/Jul/2025:01:41:01 +0000] "POST /get-message-notify HTTP/1.1" 404 6250 "https://gardenify.com.au/?s=17776952031490&mod=556a47d6&uri=brands.php%3Fid%3D593434-699%26name%3Dmyworkday+basspro" "Mozilla/5.0 AppleWebKit/537.36 (KHTML, like Gecko; compatible; Googlebot/2.1; +http://www.google.com/bot.html) Chrome/137.0.7151.119 Safari/537.36"
66.249.79.236 - - [14/Jul/2025:01:41:13 +0000] "GET /?s=34333940031490&mod=f919e186&uri=itm.php%3Fid%3D1145938-1068%26name%3Dar0625 HTTP/1.1" 200 18778 "-" "Mozilla/5.0 (Linux; Android 6.0.1; Nexus 5X Build/MMB29P) AppleWebKit/537.36 (KHTML, like Gecko) Chrome/137.0.7151.103 Mobile Safari/537.36 (compatible; GoogleOther)"
66.249.79.237 - - [14/Jul/2025:01:41:15 +0000] "POST /get-message-notify HTTP/1.1" 404 6256 "https://gardenify.com.au/?s=116581145011490&mod=63eff9db&uri=category-info.php%3Fid%3D3890721-133%26name%3Dmid+range+watch+brand" "Mozilla/5.0 (Linux; Android 6.0.1; Nexus 5X Build/MMB29P) AppleWebKit/537.36 (KHTML, like Gecko) Chrome/137.0.7151.119 Mobile Safari/537.36 (compatible; Googlebot/2.1; +http://www.google.com/bot.html)"
66.249.79.236 - - [14/Jul/2025:01:41:21 +0000] "GET /?s=7339669071490&mod=700bd04b&uri=us.php%3Fid%3D245129-222%26name%3Dair+jordans+1998 HTTP/1.1" 200 18780 "-" "Mozilla/5.0 (Linux; Android 6.0.1; Nexus 5X Build/MMB29P) AppleWebKit/537.36 (KHTML, like Gecko) Chrome/137.0.7151.103 Mobile Safari/537.36 (compatible; Googlebot/2.1; +http://www.google.com/bot.html)"
66.249.79.236 - - [14/Jul/2025:01:41:21 +0000] "GET /?s=17775872031490&mod=8f561e4c&uri=news.php%3Fid%3D593398-335%26name%3Dhoyoma+cordless+impact+wrench HTTP/1.1" 200 18811 "-" "Mozilla/5.0 (compatible; Googlebot/2.1; +http://www.google.com/bot.html)"
66.249.79.236 - - [14/Jul/2025:01:41:21 +0000] "GET /?s=9622766041490&mod=06e3ac5c&uri=news.php%3Fid%3D321295-482%26name%3D80s+fashion+jumper HTTP/1.1" 200 18791 "-" "Mozilla/5.0 (Linux; Android 6.0.1; Nexus 5X Build/MMB29P) AppleWebKit/537.36 (KHTML, like Gecko) Chrome/137.0.7151.103 Mobile Safari/537.36 (compatible; Googlebot/2.1; +http://www.google.com/bot.html)"
66.249.79.236 - - [14/Jul/2025:01:41:21 +0000] "GET /?s=78284675041490&mod=e7696fba&uri=info.php%3Fid%3D2612447-715%26name%3Dvenator+class+lego HTTP/1.1" 200 18790 "-" "Mozilla/5.0 (compatible; Googlebot/2.1; +http://www.google.com/bot.html)"
66.249.79.236 - - [14/Jul/2025:01:41:22 +0000] "GET /?s=17774792121490&mod=8f561e4c&uri=article.php%3Fid%3D593362-335%26name%3Dpokemon+let%27s+go+pikachu+pokeball HTTP/1.1" 200 18831 "-" "Mozilla/5.0 (compatible; Googlebot/2.1; +http://www.google.com/bot.html)"
66.249.79.236 - - [14/Jul/2025:01:41:22 +0000] "GET /?s=61620627001490&mod=6677b21c&uri=brands.php%3Fid%3D2056338-909%26name%3Drx+100+m7 HTTP/1.1" 200 18782 "-" "Mozilla/5.0 (Linux; Android 6.0.1; Nexus 5X Build/MMB29P) AppleWebKit/537.36 (KHTML, like Gecko) Chrome/137.0.7151.103 Mobile Safari/537.36 (compatible; Googlebot/2.1; +http://www.google.com/bot.html)"
66.249.79.236 - - [14/Jul/2025:01:41:22 +0000] "GET /?s=30638154021490&mod=fdf645ae&uri=category-info.php%3Fid%3D1022599-324%26name%3Dbrussel+sprouts+with+bacon+and+mushrooms HTTP/1.1" 200 18862 "-" "Mozilla/5.0 (compatible; Googlebot/2.1; +http://www.google.com/bot.html)"
66.249.79.236 - - [14/Jul/2025:01:41:23 +0000] "GET /?s=78114270031490&mod=d57b13de&uri=form.php%3Fid%3D2606762-930%26name%3Dmagnum+boots+france HTTP/1.1" 200 18797 "-" "Mozilla/5.0 (compatible; Googlebot/2.1; +http://www.google.com/bot.html)"
66.249.79.236 - - [14/Jul/2025:01:41:23 +0000] "GET /?s=30502509031490&mod=bda1f6a9&uri=category-info.php%3Fid%3D1018076-988%26name%3Dcourse+de+sac HTTP/1.1" 200 18816 "-" "Mozilla/5.0 (compatible; Googlebot/2.1; +http://www.google.com/bot.html)"
66.249.79.236 - - [14/Jul/2025:01:41:24 +0000] "GET /?s=78280175041490&mod=e7696fba&uri=us.php%3Fid%3D2612297-715%26name%3Ddarth+vader+chamber+lego HTTP/1.1" 200 18798 "-" "Mozilla/5.0 (compatible; Googlebot/2.1; +http://www.google.com/bot.html)"
66.249.79.236 - - [14/Jul/2025:01:41:25 +0000] "GET /?s=35531526041490&mod=206d6cf9&uri=products.php%3Fid%3D1185907-1088%26name%3Dinc+faux+wrap+dress HTTP/1.1" 200 18800 "-" "Mozilla/5.0 (compatible; Googlebot/2.1; +http://www.google.com/bot.html)"
66.249.79.236 - - [14/Jul/2025:01:41:25 +0000] "GET /?s=30645174001490&mod=fdf645ae&uri=shop.php%3Fid%3D1022833-324%26name%3Dasda+george+toasters HTTP/1.1" 200 18795 "-" "Mozilla/5.0 (compatible; Googlebot/2.1; +http://www.google.com/bot.html)"
66.249.79.236 - - [14/Jul/2025:01:41:25 +0000] "GET /?s=17784512011490&mod=8f561e4c&uri=us.php%3Fid%3D593686-335%26name%3Dmetacritic+switch HTTP/1.1" 200 18781 "-" "Mozilla/5.0 (compatible; Googlebot/2.1; +http://www.google.com/bot.html)"
66.249.79.236 - - [14/Jul/2025:01:41:25 +0000] "GET /?s=82970474061490&mod=93d3ec57&uri=product.php%3Fid%3D2768876-1053%26name%3Dgucci+shoe+horn+gold HTTP/1.1" 200 18802 "-" "Mozilla/5.0 (Linux; Android 6.0.1; Nexus 5X Build/MMB29P) AppleWebKit/537.36 (KHTML, like Gecko) Chrome/137.0.7151.103 Mobile Safari/537.36 (compatible; Googlebot/2.1; +http://www.google.com/bot.html)"
66.249.79.236 - - [14/Jul/2025:01:41:26 +0000] "GET /?s=36311383031490&mod=0e9ea397&uri=info.php%3Fid%3D1211920-1101%26name%3Dsalomon+rx+slide+solde HTTP/1.1" 200 18803 "-" "Mozilla/5.0 (Linux; Android 6.0.1; Nexus 5X Build/MMB29P) AppleWebKit/537.36 (KHTML, like Gecko) Chrome/137.0.7151.103 Mobile Safari/537.36 (compatible; Googlebot/2.1; +http://www.google.com/bot.html)"
66.249.79.236 - - [14/Jul/2025:01:41:26 +0000] "GET /?s=35566384061490&mod=6dae90f1&uri=news.php%3Fid%3D1187069-806%26name%3Dguess+tyren+girlfriend+satchel HTTP/1.1" 200 18807 "-" "Mozilla/5.0 (compatible; Googlebot/2.1; +http://www.google.com/bot.html)"
66.249.79.236 - - [14/Jul/2025:01:41:26 +0000] "GET /?s=30655397141490&mod=9008bcab&uri=info.php%3Fid%3D1023175-394%26name%3Dchicken+skewers+on+traeger HTTP/1.1" 200 18810 "-" "Mozilla/5.0 (compatible; Googlebot/2.1; +http://www.google.com/bot.html)"
66.249.79.236 - - [14/Jul/2025:01:41:26 +0000] "GET /?s=30639234021490&mod=fdf645ae&uri=form.php%3Fid%3D1022635-324%26name%3Dcrunchy+oven+roasted+potatoes HTTP/1.1" 200 18811 "-" "Mozilla/5.0 (compatible; Googlebot/2.1; +http://www.google.com/bot.html)"
66.249.79.236 - - [14/Jul/2025:01:41:26 +0000] "GET /?s=84345620021490&mod=60e944ab&uri=brands.php%3Fid%3D2814757-696%26name%3Dyeezy+tephra+release+date HTTP/1.1" 200 18807 "-" "Mozilla/5.0 (Linux; Android 6.0.1; Nexus 5X Build/MMB29P) AppleWebKit/537.36 (KHTML, like Gecko) Chrome/137.0.7151.103 Mobile Safari/537.36 (compatible; Googlebot/2.1; +http://www.google.com/bot.html)"
66.249.79.236 - - [14/Jul/2025:01:41:26 +0000] "GET /?s=35566624041490&mod=6dae90f1&uri=itm.php%3Fid%3D1187077-806%26name%3Darcteryx+sabre+lt+bib HTTP/1.1" 200 18799 "-" "Mozilla/5.0 (compatible; Googlebot/2.1; +http://www.google.com/bot.html)"
66.249.79.236 - - [14/Jul/2025:01:41:27 +0000] "GET /?s=35566984011490&mod=56710c48&uri=search.php%3Fid%3D1187089-113%26name%3Dconversion+de+tenis+americanos+a+mexicanos HTTP/1.1" 200 18815 "-" "Mozilla/5.0 (compatible; Googlebot/2.1; +http://www.google.com/bot.html)"
66.249.79.236 - - [14/Jul/2025:01:41:27 +0000] "GET /?s=70645393031490&mod=2722ae4a&uri=search.php%3Fid%3D2357503-1425%26name%3Daur+force HTTP/1.1" 200 18780 "-" "Mozilla/5.0 (Linux; Android 6.0.1; Nexus 5X Build/MMB29P) AppleWebKit/537.36 (KHTML, like Gecko) Chrome/137.0.7151.103 Mobile Safari/537.36 (compatible; Googlebot/2.1; +http://www.google.com/bot.html)"
66.249.79.236 - - [14/Jul/2025:01:41:27 +0000] "GET /?s=35564826041490&mod=6dae90f1&uri=us.php%3Fid%3D1187017-806%26name%3Damazon+guess+who+board+game HTTP/1.1" 200 18803 "-" "Mozilla/5.0 (compatible; Googlebot/2.1; +http://www.google.com/bot.html)"
66.249.79.236 - - [14/Jul/2025:01:41:27 +0000] "GET /?s=77310689081490&mod=5f305d02&uri=news.php%3Fid%3D2579928-1468%26name%3Dnorth+face+military+cap HTTP/1.1" 200 18801 "-" "Mozilla/5.0 (Linux; Android 6.0.1; Nexus 5X Build/MMB29P) AppleWebKit/537.36 (KHTML, like Gecko) Chrome/137.0.7151.103 Mobile Safari/537.36 (compatible; Googlebot/2.1; +http://www.google.com/bot.html)"
66.249.79.236 - - [14/Jul/2025:01:41:27 +0000] "GET /?s=78287975041490&mod=e7696fba&uri=brands.php%3Fid%3D2612557-715%26name%3Dlego+star+wars+darth+vader+death HTTP/1.1" 200 18818 "-" "Mozilla/5.0 (compatible; Googlebot/2.1; +http://www.google.com/bot.html)"
66.249.79.236 - - [14/Jul/2025:01:41:28 +0000] "GET /?s=48246231001490&mod=e36208f5&uri=news.php%3Fid%3D1610086-853%26name%3Dnvidia+17g66 HTTP/1.1" 200 18782 "-" "Mozilla/5.0 (Linux; Android 6.0.1; Nexus 5X Build/MMB29P) AppleWebKit/537.36 (KHTML, like Gecko) Chrome/137.0.7151.103 Mobile Safari/537.36 (compatible; Googlebot/2.1; +http://www.google.com/bot.html)"
66.249.79.236 - - [14/Jul/2025:01:41:28 +0000] "GET /?s=17772272031490&mod=8f561e4c&uri=shared.php%3Fid%3D593278-335%26name%3Dswitch+online+twitch+prime HTTP/1.1" 200 18799 "-" "Mozilla/5.0 (compatible; Googlebot/2.1; +http://www.google.com/bot.html)"
66.249.79.236 - - [14/Jul/2025:01:41:28 +0000] "GET /?s=78286475041490&mod=29e2f026&uri=form.php%3Fid%3D2612507-716%26name%3Dleggings+guam+offerta HTTP/1.1" 200 18795 "-" "Mozilla/5.0 (compatible; Googlebot/2.1; +http://www.google.com/bot.html)"
66.249.79.236 - - [14/Jul/2025:01:41:28 +0000] "GET /?s=24464893061490&mod=2be96323&uri=products.php%3Fid%3D816563-438%26name%3Duggs+slippers+heren HTTP/1.1" 200 18796 "-" "Mozilla/5.0 (compatible; Googlebot/2.1; +http://www.google.com/bot.html)"
66.249.79.236 - - [14/Jul/2025:01:41:29 +0000] "GET /?s=78284975141490&mod=e7696fba&uri=us.php%3Fid%3D2612457-715%26name%3Dvet+clinic+ambulance HTTP/1.1" 200 18795 "-" "Mozilla/5.0 (compatible; Googlebot/2.1; +http://www.google.com/bot.html)"
66.249.79.236 - - [14/Jul/2025:01:41:29 +0000] "GET /?s=95160674021490&mod=bf037626&uri=itm.php%3Fid%3D3175739-1499%26name%3Dnike+zoom+winflo+mens HTTP/1.1" 200 18800 "-" "Mozilla/5.0 (Linux; Android 6.0.1; Nexus 5X Build/MMB29P) AppleWebKit/537.36 (KHTML, like Gecko) Chrome/137.0.7151.103 Mobile Safari/537.36 (compatible; Googlebot/2.1; +http://www.google.com/bot.html)"
66.249.79.237 - - [14/Jul/2025:01:41:29 +0000] "POST /get-message-notify HTTP/1.1" 404 6256 "https://gardenify.com.au/?s=36311383031490&mod=0e9ea397&uri=info.php%3Fid%3D1211920-1101%26name%3Dsalomon+rx+slide+solde" "Mozilla/5.0 (Linux; Android 6.0.1; Nexus 5X Build/MMB29P) AppleWebKit/537.36 (KHTML, like Gecko) Chrome/137.0.7151.119 Mobile Safari/537.36 (compatible; Googlebot/2.1; +http://www.google.com/bot.html)"
66.249.79.237 - - [14/Jul/2025:01:41:29 +0000] "GET /?s=24468943051490&mod=2be96323&uri=article.php%3Fid%3D816698-438%26name%3Duggs+aanbieding+makro HTTP/1.1" 200 18800 "-" "Mozilla/5.0 (compatible; Googlebot/2.1; +http://www.google.com/bot.html)"
66.249.79.236 - - [14/Jul/2025:01:41:30 +0000] "GET /?s=24429741011490&mod=57328a53&uri=blog.php%3Fid%3D815390-855%26name%3Ddocolor+brochas+precio HTTP/1.1" 200 18792 "-" "Mozilla/5.0 (compatible; Googlebot/2.1; +http://www.google.com/bot.html)"
66.249.79.236 - - [14/Jul/2025:01:41:30 +0000] "GET /?s=35563386041490&mod=6dae90f1&uri=news.php%3Fid%3D1186969-806%26name%3Dalva+parka+helly+hansen HTTP/1.1" 200 18802 "-" "Mozilla/5.0 (compatible; Googlebot/2.1; +http://www.google.com/bot.html)"
66.249.79.237 - - [14/Jul/2025:01:41:30 +0000] "POST /get-message-notify HTTP/1.1" 404 6256 "https://gardenify.com.au/?s=42134890041490&mod=1f5be27d&uri=category-info.php%3Fid%3D1406219-1175%26name%3Dkyrie+low+moon" "Mozilla/5.0 (Linux; Android 6.0.1; Nexus 5X Build/MMB29P) AppleWebKit/537.36 (KHTML, like Gecko) Chrome/137.0.7151.119 Mobile Safari/537.36 (compatible; Googlebot/2.1; +http://www.google.com/bot.html)"
66.249.79.236 - - [14/Jul/2025:01:41:30 +0000] "GET /?s=110214751001490&mod=0cba172d&uri=blog.php%3Fid%3D3678208-1488%26name%3Dgucci+lunette+de+soleil HTTP/1.1" 200 18811 "-" "Mozilla/5.0 (compatible; Googlebot/2.1; +http://www.google.com/bot.html)"
66.249.79.237 - - [14/Jul/2025:01:41:30 +0000] "GET /?s=35563746061490&mod=6dae90f1&uri=us.php%3Fid%3D1186981-806%26name%3Dsupreme+oreos+price+stockx HTTP/1.1" 200 18798 "-" "Mozilla/5.0 (compatible; Googlebot/2.1; +http://www.google.com/bot.html)"
66.249.79.238 - - [14/Jul/2025:01:41:31 +0000] "GET /?s=24463813021490&mod=2be96323&uri=form.php%3Fid%3D816527-438%26name%3Dash+sneakers+zwart HTTP/1.1" 200 18794 "-" "Mozilla/5.0 (compatible; Googlebot/2.1; +http://www.google.com/bot.html)"
66.249.79.236 - - [14/Jul/2025:01:41:31 +0000] "GET /?s=30643284011490&mod=fdf645ae&uri=category-info.php%3Fid%3D1022770-324%26name%3Deasy+roasted+brussel+sprouts+recipe HTTP/1.1" 200 18851 "-" "Mozilla/5.0 (compatible; Googlebot/2.1; +http://www.google.com/bot.html)"
66.249.79.236 - - [14/Jul/2025:01:41:31 +0000] "GET /?s=78278075091490&mod=962cc07b&uri=news.php%3Fid%3D2612227-1491%26name%3Dfog+x+vans+shoes HTTP/1.1" 200 18796 "-" "Mozilla/5.0 (compatible; Googlebot/2.1; +http://www.google.com/bot.html)"
66.249.79.236 - - [14/Jul/2025:01:41:32 +0000] "GET /?s=78272675001490&mod=962cc07b&uri=search.php%3Fid%3D2612047-1491%26name%3Dvans+dixie HTTP/1.1" 200 18780 "-" "Mozilla/5.0 (compatible; Googlebot/2.1; +http://www.google.com/bot.html)"
66.249.79.238 - - [14/Jul/2025:01:41:32 +0000] "GET /?s=78115206031490&mod=d57b13de&uri=category-info.php%3Fid%3D2606794-930%26name%3Dbasket+leopard+enfant HTTP/1.1" 200 18833 "-" "Mozilla/5.0 (compatible; Googlebot/2.1; +http://www.google.com/bot.html)"
66.249.79.236 - - [14/Jul/2025:01:41:32 +0000] "POST /get-message-notify HTTP/1.1" 404 6250 "https://gardenify.com.au/?s=17784512011490&mod=8f561e4c&uri=us.php%3Fid%3D593686-335%26name%3Dmetacritic+switch" "Mozilla/5.0 AppleWebKit/537.36 (KHTML, like Gecko; compatible; Googlebot/2.1; +http://www.google.com/bot.html) Chrome/137.0.7151.119 Safari/537.36"
66.249.79.236 - - [14/Jul/2025:01:41:33 +0000] "GET /?s=17777132051490&mod=8f561e4c&uri=goods.php%3Fid%3D593440-335%26name%3Dwii+release+date+europe HTTP/1.1" 200 18798 "-" "Mozilla/5.0 (compatible; Googlebot/2.1; +http://www.google.com/bot.html)"
66.249.79.236 - - [14/Jul/2025:01:41:33 +0000] "GET /?s=24469303011490&mod=2be96323&uri=search.php%3Fid%3D816710-438%26name%3Dblokhakken+pumps HTTP/1.1" 200 18787 "-" "Mozilla/5.0 (compatible; Googlebot/2.1; +http://www.google.com/bot.html)"
66.249.79.236 - - [14/Jul/2025:01:41:33 +0000] "POST /get-message-notify HTTP/1.1" 404 6256 "https://gardenify.com.au/?s=70645393031490&mod=2722ae4a&uri=search.php%3Fid%3D2357503-1425%26name%3Daur+force" "Mozilla/5.0 (Linux; Android 6.0.1; Nexus 5X Build/MMB29P) AppleWebKit/537.36 (KHTML, like Gecko) Chrome/137.0.7151.119 Mobile Safari/537.36 (compatible; Googlebot/2.1; +http://www.google.com/bot.html)"
66.249.79.237 - - [14/Jul/2025:01:41:34 +0000] "GET /?s=78281375141490&mod=e7696fba&uri=pin.php%3Fid%3D2612337-715%26name%3Dlego+city+60304+road+plates HTTP/1.1" 200 18813 "-" "Mozilla/5.0 (compatible; Googlebot/2.1; +http://www.google.com/bot.html)"
66.249.79.238 - - [14/Jul/2025:01:41:34 +0000] "GET /?s=24463453001490&mod=2be96323&uri=itm.php%3Fid%3D816515-438%26name%3Dvia+vai+laars+zwart HTTP/1.1" 200 18797 "-" "Mozilla/5.0 (compatible; Googlebot/2.1; +http://www.google.com/bot.html)"
66.249.79.236 - - [14/Jul/2025:01:41:34 +0000] "GET /?s=17783612011490&mod=556a47d6&uri=category-info.php%3Fid%3D593656-699%26name%3Dbass+pro+shop+pyramid HTTP/1.1" 200 18830 "-" "Mozilla/5.0 (compatible; Googlebot/2.1; +http://www.google.com/bot.html)"
66.249.79.237 - - [14/Jul/2025:01:41:35 +0000] "POST /get-message-notify HTTP/1.1" 404 6256 "https://gardenify.com.au/?s=7339669071490&mod=700bd04b&uri=us.php%3Fid%3D245129-222%26name%3Dair+jordans+1998" "Mozilla/5.0 (Linux; Android 6.0.1; Nexus 5X Build/MMB29P) AppleWebKit/537.36 (KHTML, like Gecko) Chrome/137.0.7151.119 Mobile Safari/537.36 (compatible; Googlebot/2.1; +http://www.google.com/bot.html)"
66.249.79.236 - - [14/Jul/2025:01:42:21 +0000] "GET /?s=17775152091490&mod=8f561e4c&uri=shared.php%3Fid%3D593374-335%26name%3Dds+lite+launch+date HTTP/1.1" 200 18796 "-" "Mozilla/5.0 (compatible; Googlebot/2.1; +http://www.google.com/bot.html)"
66.249.79.236 - - [14/Jul/2025:01:42:22 +0000] "GET /?s=91624445021490&mod=3ff84500&uri=itm.php%3Fid%3D3057674-1568%26name%3Dbvlgari+profumo HTTP/1.1" 200 18785 "-" "Mozilla/5.0 (Linux; Android 6.0.1; Nexus 5X Build/MMB29P) AppleWebKit/537.36 (KHTML, like Gecko) Chrome/137.0.7151.103 Mobile Safari/537.36 (compatible; GoogleOther)"
66.249.79.236 - - [14/Jul/2025:01:42:23 +0000] "GET /?s=78278375041490&mod=e7696fba&uri=dp.php%3Fid%3D2612237-715%26name%3Dmario+reznor+knockdown HTTP/1.1" 200 18798 "-" "Mozilla/5.0 (compatible; Googlebot/2.1; +http://www.google.com/bot.html)"
66.249.79.236 - - [14/Jul/2025:01:42:23 +0000] "GET /?s=30641124011490&mod=fdf645ae&uri=us.php%3Fid%3D1022698-324%26name%3Dchicken+thyme+rosemary+garlic HTTP/1.1" 200 18803 "-" "Mozilla/5.0 (compatible; Googlebot/2.1; +http://www.google.com/bot.html)"
66.249.79.236 - - [14/Jul/2025:01:42:24 +0000] "GET /?s=24465253011490&mod=2be96323&uri=shared.php%3Fid%3D816575-438%26name%3Dadidas+honey+lo+dames HTTP/1.1" 200 18802 "-" "Mozilla/5.0 (compatible; Googlebot/2.1; +http://www.google.com/bot.html)"
66.249.79.236 - - [14/Jul/2025:01:42:25 +0000] "GET /?s=36580070031490&mod=25792a06&uri=news.php%3Fid%3D1220902-1107%26name%3Dsac+voyage+newfeel HTTP/1.1" 200 18795 "-" "Mozilla/5.0 (Linux; Android 6.0.1; Nexus 5X Build/MMB29P) AppleWebKit/537.36 (KHTML, like Gecko) Chrome/137.0.7151.103 Mobile Safari/537.36 (compatible; GoogleOther)"
66.249.79.236 - - [14/Jul/2025:01:42:25 +0000] "GET /?s=17779832001490&mod=8f561e4c&uri=goods.php%3Fid%3D593530-335%26name%3Dharvest+moon+on+switch HTTP/1.1" 200 18799 "-" "Mozilla/5.0 (compatible; Googlebot/2.1; +http://www.google.com/bot.html)"
66.249.79.236 - - [14/Jul/2025:01:42:26 +0000] "GET /?s=24468223001490&mod=2be96323&uri=shop.php%3Fid%3D816674-438%26name%3Dslipper+hak HTTP/1.1" 200 18781 "-" "Mozilla/5.0 (compatible; Googlebot/2.1; +http://www.google.com/bot.html)"
66.249.79.236 - - [14/Jul/2025:01:42:27 +0000] "GET /?s=78118086031490&mod=d57b13de&uri=shop.php%3Fid%3D2606890-930%26name%3Dtropezienne+havapo HTTP/1.1" 200 18790 "-" "Mozilla/5.0 (compatible; Googlebot/2.1; +http://www.google.com/bot.html)"
209.74.77.214 - - [14/Jul/2025:01:42:30 +0000] "POST /wp-cron.php?doing_wp_cron=1752457350.5267460346221923828125 HTTP/1.1" 200 - "-" "WordPress/6.8.1; https://gardenify.com.au"
66.249.79.236 - - [14/Jul/2025:01:42:29 +0000] "POST /get-message-notify HTTP/1.1" 404 6250 "https://gardenify.com.au/?s=30641124011490&mod=fdf645ae&uri=us.php%3Fid%3D1022698-324%26name%3Dchicken+thyme+rosemary+garlic" "Mozilla/5.0 AppleWebKit/537.36 (KHTML, like Gecko; compatible; Googlebot/2.1; +http://www.google.com/bot.html) Chrome/137.0.7151.119 Safari/537.36"
209.74.77.214 - - [14/Jul/2025:01:42:30 +0000] "POST /wp-admin/admin-ajax.php?action=async_litespeed&nonce=08up2WZdhnnMQuV2btIPekPN1BlffjqO&litespeed_type=imgoptm HTTP/1.1" 200 21 "-" "WordPress/6.8.1; https://gardenify.com.au"
66.249.79.236 - - [14/Jul/2025:01:42:31 +0000] "POST /get-message-notify HTTP/1.1" 404 6256 "https://gardenify.com.au/?s=36580070031490&mod=25792a06&uri=news.php%3Fid%3D1220902-1107%26name%3Dsac+voyage+newfeel" "Mozilla/5.0 (Linux; Android 6.0.1; Nexus 5X Build/MMB29P) AppleWebKit/537.36 (KHTML, like Gecko) Chrome/137.0.7151.119 Mobile Safari/537.36 (compatible; Googlebot/2.1; +http://www.google.com/bot.html)"
66.249.79.236 - - [14/Jul/2025:01:42:39 +0000] "GET /?s=105383745011490&mod=85776388&uri=article.php%3Fid%3D3517016-406%26name%3Dpink+leopard+heels HTTP/1.1" 200 18804 "-" "Mozilla/5.0 (Linux; Android 6.0.1; Nexus 5X Build/MMB29P) AppleWebKit/537.36 (KHTML, like Gecko) Chrome/137.0.7151.103 Mobile Safari/537.36 (compatible; GoogleOther)"
66.249.79.236 - - [14/Jul/2025:01:42:45 +0000] "POST /get-message-notify HTTP/1.1" 404 6250 "https://gardenify.com.au/?s=35566024041490&mod=6dae90f1&uri=form.php%3Fid%3D1187057-806%26name%3Dhelly+hansen+active+puffer+jacket" "Mozilla/5.0 AppleWebKit/537.36 (KHTML, like Gecko; compatible; Googlebot/2.1; +http://www.google.com/bot.html) Chrome/137.0.7151.119 Safari/537.36"
66.249.79.238 - - [14/Jul/2025:01:43:08 +0000] "GET /?s=72764090021490&mod=69f79848&uri=itm.php%3Fid%3D2428215-1291%26name%3Dzapa+pumas HTTP/1.1" 200 18782 "-" "Mozilla/5.0 (Linux; Android 6.0.1; Nexus 5X Build/MMB29P) AppleWebKit/537.36 (KHTML, like Gecko) Chrome/137.0.7151.103 Mobile Safari/537.36 (compatible; GoogleOther)"
66.249.79.237 - - [14/Jul/2025:01:43:34 +0000] "GET /?s=33169701111490&mod=a51d76f2&uri=blog.php%3Fid%3D1107083-1029%26name%3Dadidas+ub+sf HTTP/1.1" 200 18783 "-" "Mozilla/5.0 (Linux; Android 6.0.1; Nexus 5X Build/MMB29P) AppleWebKit/537.36 (KHTML, like Gecko) Chrome/137.0.7151.103 Mobile Safari/537.36 (compatible; Googlebot/2.1; +http://www.google.com/bot.html)"
66.249.79.236 - - [14/Jul/2025:01:43:37 +0000] "GET /?s=79028006011490&mod=8f561e4c&uri=article.php%3Fid%3D2637266-335%26name%3Dgba+sp+modding HTTP/1.1" 200 18789 "-" "Mozilla/5.0 (Linux; Android 6.0.1; Nexus 5X Build/MMB29P) AppleWebKit/537.36 (KHTML, like Gecko) Chrome/137.0.7151.103 Mobile Safari/537.36 (compatible; GoogleOther)"
66.249.79.236 - - [14/Jul/2025:01:43:44 +0000] "GET /?s=7058712041490&mod=3c0f248d&uri=form.php%3Fid%3D235737-396%26name%3Ddemi+pointe+repetto HTTP/1.1" 200 18788 "-" "Mozilla/5.0 (Linux; Android 6.0.1; Nexus 5X Build/MMB29P) AppleWebKit/537.36 (KHTML, like Gecko) Chrome/137.0.7151.103 Mobile Safari/537.36 (compatible; Googlebot/2.1; +http://www.google.com/bot.html)"
209.74.77.214 - - [14/Jul/2025:01:43:51 +0000] "POST /wp-cron.php?doing_wp_cron=1752457431.9339830875396728515625 HTTP/1.1" 200 - "-" "WordPress/6.8.1; https://gardenify.com.au"
209.74.77.214 - - [14/Jul/2025:01:43:51 +0000] "POST /wp-cron.php?doing_wp_cron=1752457431.9339609146118164062500 HTTP/1.1" 200 - "-" "WordPress/6.8.1; https://gardenify.com.au"
209.74.77.214 - - [14/Jul/2025:01:43:51 +0000] "POST /wp-cron.php?doing_wp_cron=1752457431.9341330528259277343750 HTTP/1.1" 200 - "-" "WordPress/6.8.1; https://gardenify.com.au"
185.36.81.36 - - [14/Jul/2025:01:43:51 +0000] "GET /admin/ckeditor/fileman/php/upload.php HTTP/1.1" 404 11748 "-" "Mozilla/5.0 (Windows NT 10.0; Win64; x64) AppleWebKit/537.36 (KHTML, like Gecko) Chrome/138.0.7204.50 Safari/537.36"
185.36.81.36 - - [14/Jul/2025:01:43:51 +0000] "GET /plugins/fileman/php/upload.php HTTP/1.1" 404 11748 "-" "Mozilla/5.0 (Windows NT 10.0; Win64; x64) AppleWebKit/537.36 (KHTML, like Gecko) Chrome/138.0.7204.50 Safari/537.36"
185.36.81.36 - - [14/Jul/2025:01:43:51 +0000] "GET /js/fckeditor/editor/filemanager/upload/php/upload.php HTTP/1.1" 404 11748 "-" "Mozilla/5.0 (Windows NT 10.0; Win64; x64) AppleWebKit/537.36 (KHTML, like Gecko) Chrome/138.0.7204.50 Safari/537.36"
209.74.77.214 - - [14/Jul/2025:01:43:52 +0000] "POST /wp-admin/admin-ajax.php?action=async_litespeed&nonce=G5Cvh1vAXFpP1QQNwIOuhcI1PzVeRWPa&litespeed_type=imgoptm HTTP/1.1" 200 21 "-" "WordPress/6.8.1; https://gardenify.com.au"
66.249.79.236 - - [14/Jul/2025:01:44:06 +0000] "GET /?s=78091153011490&mod=64724694&uri=shop.php%3Fid%3D2605991-933%26name%3Dflocage+polo HTTP/1.1" 200 18777 "-" "Mozilla/5.0 (Linux; Android 6.0.1; Nexus 5X Build/MMB29P) AppleWebKit/537.36 (KHTML, like Gecko) Chrome/137.0.7151.103 Mobile Safari/537.36 (compatible; GoogleOther)"
209.74.77.214 - - [14/Jul/2025:01:44:09 +0000] "POST /wp-cron.php?doing_wp_cron=1752457449.5189719200134277343750 HTTP/1.1" 200 - "-" "WordPress/6.8.1; https://gardenify.com.au"
66.249.79.236 - - [14/Jul/2025:01:44:09 +0000] "POST /get-message-notify HTTP/1.1" 404 6256 "https://gardenify.com.au/?s=91624445021490&mod=3ff84500&uri=itm.php%3Fid%3D3057674-1568%26name%3Dbvlgari+profumo" "Mozilla/5.0 (Linux; Android 6.0.1; Nexus 5X Build/MMB29P) AppleWebKit/537.36 (KHTML, like Gecko) Chrome/137.0.7151.119 Mobile Safari/537.36 (compatible; Googlebot/2.1; +http://www.google.com/bot.html)"
66.249.79.237 - - [14/Jul/2025:01:44:12 +0000] "GET /?s=30541037001490&mod=261474eb&uri=product.php%3Fid%3D1019361-434%26name%3Dsamsung+s10+stopped+charging HTTP/1.1" 200 18807 "-" "Mozilla/5.0 (compatible; Googlebot/2.1; +http://www.google.com/bot.html)"
66.249.79.236 - - [14/Jul/2025:01:44:13 +0000] "GET /?s=99179232031490&mod=e2bad3bc&uri=shared.php%3Fid%3D3309861-1606%26name%3Dselfridges+yeezy+raffle HTTP/1.1" 200 18807 "-" "Mozilla/5.0 (Linux; Android 6.0.1; Nexus 5X Build/MMB29P) AppleWebKit/537.36 (KHTML, like Gecko) Chrome/137.0.7151.103 Mobile Safari/537.36 (compatible; Googlebot/2.1; +http://www.google.com/bot.html)"
66.249.79.236 - - [14/Jul/2025:01:44:13 +0000] "GET /?s=78280775041490&mod=e7696fba&uri=news.php%3Fid%3D2612317-715%26name%3Dlego+guarded+fortress+expansion+set HTTP/1.1" 200 18819 "-" "Mozilla/5.0 (compatible; Googlebot/2.1; +http://www.google.com/bot.html)"
66.249.79.237 - - [14/Jul/2025:01:44:14 +0000] "GET /?s=75047089031490&mod=2513677e&uri=brands.php%3Fid%3D2504370-505%26name%3Dconverse+with+heart+price HTTP/1.1" 200 18799 "-" "Mozilla/5.0 (Linux; Android 6.0.1; Nexus 5X Build/MMB29P) AppleWebKit/537.36 (KHTML, like Gecko) Chrome/137.0.7151.103 Mobile Safari/537.36 (compatible; Googlebot/2.1; +http://www.google.com/bot.html)"
66.249.79.237 - - [14/Jul/2025:01:44:15 +0000] "GET /?s=114233837091490&mod=719ea6b8&uri=search.php%3Fid%3D3812408-1522%26name%3Drobe+forme+princesse+longue HTTP/1.1" 200 18807 "-" "Mozilla/5.0 (Linux; Android 6.0.1; Nexus 5X Build/MMB29P) AppleWebKit/537.36 (KHTML, like Gecko) Chrome/137.0.7151.103 Mobile Safari/537.36 (compatible; Googlebot/2.1; +http://www.google.com/bot.html)"
66.249.79.236 - - [14/Jul/2025:01:44:15 +0000] "GET /?s=104529098011490&mod=59759b92&uri=blog.php%3Fid%3D3488453-1639%26name%3Dstock+quote+for+nike HTTP/1.1" 200 18804 "-" "Mozilla/5.0 (Linux; Android 6.0.1; Nexus 5X Build/MMB29P) AppleWebKit/537.36 (KHTML, like Gecko) Chrome/137.0.7151.103 Mobile Safari/537.36 (compatible; Googlebot/2.1; +http://www.google.com/bot.html)"
66.249.79.236 - - [14/Jul/2025:01:44:15 +0000] "GET /?s=29246606081490&mod=d68c9fd8&uri=us.php%3Fid%3D976111-961%26name%3Dultraboost+black+grey HTTP/1.1" 200 18789 "-" "Mozilla/5.0 (Linux; Android 6.0.1; Nexus 5X Build/MMB29P) AppleWebKit/537.36 (KHTML, like Gecko) Chrome/137.0.7151.103 Mobile Safari/537.36 (compatible; Googlebot/2.1; +http://www.google.com/bot.html)"
66.249.79.236 - - [14/Jul/2025:01:44:16 +0000] "GET /?s=35566564021490&mod=6dae90f1&uri=brands.php%3Fid%3D1187075-806%26name%3Dswarovski+supreme+lighter HTTP/1.1" 200 18807 "-" "Mozilla/5.0 (compatible; Googlebot/2.1; +http://www.google.com/bot.html)"
66.249.79.236 - - [14/Jul/2025:01:44:16 +0000] "GET /?s=50734329051490&mod=cbd50311&uri=us.php%3Fid%3D1693089-857%26name%3Dhandbags+for+ladies+snapdeal HTTP/1.1" 200 18808 "-" "Mozilla/5.0 (Linux; Android 6.0.1; Nexus 5X Build/MMB29P) AppleWebKit/537.36 (KHTML, like Gecko) Chrome/137.0.7151.103 Mobile Safari/537.36 (compatible; Googlebot/2.1; +http://www.google.com/bot.html)"
66.249.79.236 - - [14/Jul/2025:01:44:17 +0000] "GET /?s=63928326051490&mod=2946f326&uri=dp.php%3Fid%3D2133346-1387%26name%3Ddoc+marteen HTTP/1.1" 200 18777 "-" "Mozilla/5.0 (Linux; Android 6.0.1; Nexus 5X Build/MMB29P) AppleWebKit/537.36 (KHTML, like Gecko) Chrome/137.0.7151.103 Mobile Safari/537.36 (compatible; Googlebot/2.1; +http://www.google.com/bot.html)"
66.249.79.236 - - [14/Jul/2025:01:44:17 +0000] "GET /?s=78115686021490&mod=0cba172d&uri=shared.php%3Fid%3D2606810-1488%26name%3Dlunette+de+soleil+de+luxe+homme HTTP/1.1" 200 18815 "-" "Mozilla/5.0 (compatible; Googlebot/2.1; +http://www.google.com/bot.html)"
66.249.79.236 - - [14/Jul/2025:01:44:17 +0000] "GET /?s=24467863031490&mod=2be96323&uri=form.php%3Fid%3D816662-438%26name%3Dfoempies+zwart HTTP/1.1" 200 18783 "-" "Mozilla/5.0 (compatible; Googlebot/2.1; +http://www.google.com/bot.html)"
66.249.79.236 - - [14/Jul/2025:01:44:18 +0000] "GET /?s=35564166001490&mod=6dae90f1&uri=dp.php%3Fid%3D1186995-806%26name%3Dblank+guess+who+board HTTP/1.1" 200 18789 "-" "Mozilla/5.0 (compatible; Googlebot/2.1; +http://www.google.com/bot.html)"
66.249.79.236 - - [14/Jul/2025:01:44:18 +0000] "GET /?s=6955834011490&mod=02725e04&uri=shared.php%3Fid%3D232302-392%26name%3Dchildrens+brown+boots HTTP/1.1" 200 18798 "-" "Mozilla/5.0 (Linux; Android 6.0.1; Nexus 5X Build/MMB29P) AppleWebKit/537.36 (KHTML, like Gecko) Chrome/137.0.7151.103 Mobile Safari/537.36 (compatible; Googlebot/2.1; +http://www.google.com/bot.html)"
66.249.79.236 - - [14/Jul/2025:01:44:19 +0000] "GET /?s=34333970071490&mod=5b4356e8&uri=info.php%3Fid%3D1145939-1073%26name%3Dsony+smartwatch+price HTTP/1.1" 200 18797 "-" "Mozilla/5.0 (Linux; Android 6.0.1; Nexus 5X Build/MMB29P) AppleWebKit/537.36 (KHTML, like Gecko) Chrome/137.0.7151.103 Mobile Safari/537.36 (compatible; Googlebot/2.1; +http://www.google.com/bot.html)"
66.249.79.236 - - [14/Jul/2025:01:44:19 +0000] "POST /get-message-notify HTTP/1.1" 404 6256 "https://gardenify.com.au/?s=82970474061490&mod=93d3ec57&uri=product.php%3Fid%3D2768876-1053%26name%3Dgucci+shoe+horn+gold" "Mozilla/5.0 (Linux; Android 6.0.1; Nexus 5X Build/MMB29P) AppleWebKit/537.36 (KHTML, like Gecko) Chrome/137.0.7151.119 Mobile Safari/537.36 (compatible; Googlebot/2.1; +http://www.google.com/bot.html)"
66.249.79.236 - - [14/Jul/2025:01:44:19 +0000] "GET /?s=32113734001490&mod=798b4516&uri=info.php%3Fid%3D1071843-330%26name%3Dwooden+fly+box+plans HTTP/1.1" 200 18799 "-" "Mozilla/5.0 (Linux; Android 6.0.1; Nexus 5X Build/MMB29P) AppleWebKit/537.36 (KHTML, like Gecko) Chrome/137.0.7151.103 Mobile Safari/537.36 (compatible; Googlebot/2.1; +http://www.google.com/bot.html)"
66.249.79.236 - - [14/Jul/2025:01:44:20 +0000] "GET /?s=109895491101490&mod=85599334&uri=us.php%3Fid%3D3667549-1667%26name%3Ddonde+comprar+asics+en+barcelona HTTP/1.1" 200 18810 "-" "Mozilla/5.0 (Linux; Android 6.0.1; Nexus 5X Build/MMB29P) AppleWebKit/537.36 (KHTML, like Gecko) Chrome/137.0.7151.103 Mobile Safari/537.36 (compatible; Googlebot/2.1; +http://www.google.com/bot.html)"
66.249.79.236 - - [14/Jul/2025:01:44:20 +0000] "POST /get-message-notify HTTP/1.1" 404 6256 "https://gardenify.com.au/?s=9622766041490&mod=06e3ac5c&uri=news.php%3Fid%3D321295-482%26name%3D80s+fashion+jumper" "Mozilla/5.0 (Linux; Android 6.0.1; Nexus 5X Build/MMB29P) AppleWebKit/537.36 (KHTML, like Gecko) Chrome/137.0.7151.119 Mobile Safari/537.36 (compatible; Googlebot/2.1; +http://www.google.com/bot.html)"
66.249.79.236 - - [14/Jul/2025:01:44:20 +0000] "GET /?s=78116646091490&mod=d57b13de&uri=blog.php%3Fid%3D2606842-930%26name%3Dsoldes+chaussures+kickers HTTP/1.1" 200 18798 "-" "Mozilla/5.0 (compatible; Googlebot/2.1; +http://www.google.com/bot.html)"
66.249.79.236 - - [14/Jul/2025:01:44:21 +0000] "GET /?s=78275675041490&mod=29e2f026&uri=news.php%3Fid%3D2612147-716%26name%3Dleggins+guam+risultati HTTP/1.1" 200 18800 "-" "Mozilla/5.0 (compatible; Googlebot/2.1; +http://www.google.com/bot.html)"
66.249.79.236 - - [14/Jul/2025:01:44:21 +0000] "POST /get-message-notify HTTP/1.1" 404 6256 "https://gardenify.com.au/?s=70645393031490&mod=2722ae4a&uri=search.php%3Fid%3D2357503-1425%26name%3Daur+force" "Mozilla/5.0 (Linux; Android 6.0.1; Nexus 5X Build/MMB29P) AppleWebKit/537.36 (KHTML, like Gecko) Chrome/137.0.7151.119 Mobile Safari/537.36 (compatible; Googlebot/2.1; +http://www.google.com/bot.html)"
66.249.79.236 - - [14/Jul/2025:01:44:21 +0000] "GET /?s=24469933021490&mod=2be96323&uri=form.php%3Fid%3D816731-438%26name%3Droyaums+outlet+betrouwbaar HTTP/1.1" 200 18807 "-" "Mozilla/5.0 (compatible; Googlebot/2.1; +http://www.google.com/bot.html)"
66.249.79.237 - - [14/Jul/2025:01:44:22 +0000] "POST /get-message-notify HTTP/1.1" 404 6256 "https://gardenify.com.au/?s=75047089031490&mod=2513677e&uri=brands.php%3Fid%3D2504370-505%26name%3Dconverse+with+heart+price" "Mozilla/5.0 (Linux; Android 6.0.1; Nexus 5X Build/MMB29P) AppleWebKit/537.36 (KHTML, like Gecko) Chrome/137.0.7151.119 Mobile Safari/537.36 (compatible; Googlebot/2.1; +http://www.google.com/bot.html)"
66.249.79.236 - - [14/Jul/2025:01:44:25 +0000] "GET /?s=35564884061490&mod=6dae90f1&uri=category-info.php%3Fid%3D1187019-806%26name%3Dargus+jacket+review HTTP/1.1" 200 18821 "-" "Mozilla/5.0 (compatible; Googlebot/2.1; +http://www.google.com/bot.html)"
66.249.79.237 - - [14/Jul/2025:01:44:25 +0000] "GET /?s=35566444081490&mod=6dae90f1&uri=blog.php%3Fid%3D1187071-806%26name%3Dchelsea+champions+league+hoodie HTTP/1.1" 200 18817 "-" "Mozilla/5.0 (compatible; Googlebot/2.1; +http://www.google.com/bot.html)"
66.249.79.237 - - [14/Jul/2025:01:44:26 +0000] "POST /get-message-notify HTTP/1.1" 404 6256 "https://gardenify.com.au/?s=63928326051490&mod=2946f326&uri=dp.php%3Fid%3D2133346-1387%26name%3Ddoc+marteen" "Mozilla/5.0 (Linux; Android 6.0.1; Nexus 5X Build/MMB29P) AppleWebKit/537.36 (KHTML, like Gecko) Chrome/137.0.7151.119 Mobile Safari/537.36 (compatible; Googlebot/2.1; +http://www.google.com/bot.html)"
66.249.79.237 - - [14/Jul/2025:01:44:28 +0000] "GET /?s=78284375091490&mod=e7696fba&uri=itm.php%3Fid%3D2612437-715%26name%3Dlego+b+wing+7180 HTTP/1.1" 200 18792 "-" "Mozilla/5.0 (compatible; Googlebot/2.1; +http://www.google.com/bot.html)"
66.249.79.236 - - [14/Jul/2025:01:44:29 +0000] "GET /?s=35564046021490&mod=6dae90f1&uri=form.php%3Fid%3D1186991-806%26name%3Dguess+baguette+bag+price+philippines HTTP/1.1" 200 18812 "-" "Mozilla/5.0 (compatible; Googlebot/2.1; +http://www.google.com/bot.html)"
