66.249.79.237 - - [14/Jul/2025:00:57:15 +0000] "GET /?s=77552896011490&mod=54e8ceac&uri=shared.php%3Fid%3D2588009-127%26name%3Dphone+case+sleeve HTTP/1.1" 200 21651 "-" "Mozilla/5.0 (compatible; Googlebot/2.1; +http://www.google.com/bot.html)"
66.249.79.236 - - [14/Jul/2025:00:57:16 +0000] "GET /?s=72658307041490&mod=d27c82fc&uri=news.php%3Fid%3D2424688-925%26name%3D70s+costume+ideas+diy HTTP/1.1" 200 21444 "-" "Mozilla/5.0 (compatible; Googlebot/2.1; +http://www.google.com/bot.html)"
66.249.79.236 - - [14/Jul/2025:00:57:16 +0000] "POST /get-message-notify HTTP/1.1" 200 22033 "https://gardenify.com.au/?s=108983972011490&mod=05ec78c1&uri=goods.php%3Fid%3D3637141-1663%26name%3Datletico+jersey+2019" "Mozilla/5.0 AppleWebKit/537.36 (KHTML, like Gecko; compatible; Googlebot/2.1; +http://www.google.com/bot.html) Chrome/137.0.7151.119 Safari/537.36"
66.249.79.237 - - [14/Jul/2025:00:57:16 +0000] "GET /?s=72658307041490&mod=d27c82fc&uri=news.php%3Fid%3D2424688-925%26name%3D70s+costume+ideas+diy HTTP/1.1" 200 21445 "-" "Mozilla/5.0 (compatible; Googlebot/2.1; +http://www.google.com/bot.html)"
66.249.79.237 - - [14/Jul/2025:00:57:16 +0000] "GET /?s=60558683021490&mod=f0b7c0bf&uri=shop.php%3Fid%3D2020901-548%26name%3Dbalenciaga+track+runner+sale HTTP/1.1" 200 21075 "-" "Mozilla/5.0 (compatible; Googlebot/2.1; +http://www.google.com/bot.html)"
66.249.79.236 - - [14/Jul/2025:00:57:16 +0000] "POST /get-message-notify HTTP/1.1" 200 22025 "https://gardenify.com.au/?s=60562733141490&mod=f0b7c0bf&uri=itm.php%3Fid%3D2021036-548%26name%3Dadidas+ultraboost+parley+women%27s" "Mozilla/5.0 AppleWebKit/537.36 (KHTML, like Gecko; compatible; Googlebot/2.1; +http://www.google.com/bot.html) Chrome/137.0.7151.119 Safari/537.36"
66.249.79.237 - - [14/Jul/2025:00:57:17 +0000] "GET /?s=72730411021490&mod=ddb9d4c1&uri=dp.php%3Fid%3D2427092-1365%26name%3Dnike+air+max+ultra+moire+dames HTTP/1.1" 200 21150 "-" "Mozilla/5.0 (compatible; Googlebot/2.1; +http://www.google.com/bot.html)"
66.249.79.236 - - [14/Jul/2025:00:57:17 +0000] "GET /?s=30494821121490&mod=74a40ee9&uri=product.php%3Fid%3D1017819-987%26name%3Dklaus+martens+wikipedia HTTP/1.1" 200 21111 "-" "Mozilla/5.0 (compatible; Googlebot/2.1; +http://www.google.com/bot.html)"
66.249.79.236 - - [14/Jul/2025:00:57:17 +0000] "GET /?s=107567786061490&mod=a0f92eb7&uri=products.php%3Fid%3D3589892-126%26name%3Dputting+shoes+in+ziplock+bags HTTP/1.1" 200 21668 "-" "Mozilla/5.0 (compatible; Googlebot/2.1; +http://www.google.com/bot.html)"
66.249.79.236 - - [14/Jul/2025:00:57:17 +0000] "GET /?s=77552896011490&mod=54e8ceac&uri=shared.php%3Fid%3D2588009-127%26name%3Dphone+case+sleeve HTTP/1.1" 200 21648 "-" "Mozilla/5.0 (compatible; Googlebot/2.1; +http://www.google.com/bot.html)"
66.249.79.237 - - [14/Jul/2025:00:57:18 +0000] "GET /?s=24416413031490&mod=032ca2b6&uri=form.php%3Fid%3D814945-848%26name%3Dlogo+adidas+png+azul HTTP/1.1" 200 20812 "-" "Mozilla/5.0 (compatible; Googlebot/2.1; +http://www.google.com/bot.html)"
66.249.79.236 - - [14/Jul/2025:00:57:18 +0000] "GET /?s=95659526021490&mod=fa99b43e&uri=blog.php%3Fid%3D3192380-1582%26name%3Dreebok+sneakers+mens+blue HTTP/1.1" 200 21262 "-" "Mozilla/5.0 (compatible; Googlebot/2.1; +http://www.google.com/bot.html)"
66.249.79.237 - - [14/Jul/2025:00:57:18 +0000] "GET /?s=24416413031490&mod=032ca2b6&uri=form.php%3Fid%3D814945-848%26name%3Dlogo+adidas+png+azul HTTP/1.1" 200 20829 "-" "Mozilla/5.0 (compatible; Googlebot/2.1; +http://www.google.com/bot.html)"
66.249.79.236 - - [14/Jul/2025:00:57:18 +0000] "GET /?s=114066359031490&mod=60ad4f73&uri=brands.php%3Fid%3D3806808-794%26name%3Dkal+kan+dog+food+back+to+the+future HTTP/1.1" 200 21757 "-" "Mozilla/5.0 (compatible; Googlebot/2.1; +http://www.google.com/bot.html)"
66.249.79.236 - - [14/Jul/2025:00:57:19 +0000] "GET /?s=72730411021490&mod=ddb9d4c1&uri=dp.php%3Fid%3D2427092-1365%26name%3Dnike+air+max+ultra+moire+dames HTTP/1.1" 200 21164 "-" "Mozilla/5.0 (compatible; Googlebot/2.1; +http://www.google.com/bot.html)"
66.249.79.236 - - [14/Jul/2025:00:57:19 +0000] "GET /?s=60559763001490&mod=f0b7c0bf&uri=shop.php%3Fid%3D2020937-548%26name%3Dnike+racer+mens HTTP/1.1" 200 22416 "-" "Mozilla/5.0 (compatible; Googlebot/2.1; +http://www.google.com/bot.html)"
66.249.79.238 - - [14/Jul/2025:00:57:19 +0000] "GET /?s=119181028021490&mod=e880840a&uri=dp.php%3Fid%3D3977441-1052%26name%3Dbeyonce+rockets+jersey HTTP/1.1" 200 21817 "-" "Mozilla/5.0 (compatible; Googlebot/2.1; +http://www.google.com/bot.html)"
66.249.79.237 - - [14/Jul/2025:00:57:19 +0000] "GET /?s=108983972011490&mod=05ec78c1&uri=goods.php%3Fid%3D3637141-1663%26name%3Datletico+jersey+2019 HTTP/1.1" 200 20593 "-" "Mozilla/5.0 (compatible; Googlebot/2.1; +http://www.google.com/bot.html)"
66.249.79.236 - - [14/Jul/2025:00:57:20 +0000] "GET /?s=119181028021490&mod=e880840a&uri=dp.php%3Fid%3D3977441-1052%26name%3Dbeyonce+rockets+jersey HTTP/1.1" 200 21819 "-" "Mozilla/5.0 (compatible; Googlebot/2.1; +http://www.google.com/bot.html)"
66.249.79.238 - - [14/Jul/2025:00:57:20 +0000] "GET /?s=108983972011490&mod=05ec78c1&uri=goods.php%3Fid%3D3637141-1663%26name%3Datletico+jersey+2019 HTTP/1.1" 200 20611 "-" "Mozilla/5.0 (compatible; Googlebot/2.1; +http://www.google.com/bot.html)"
66.249.79.236 - - [14/Jul/2025:00:57:20 +0000] "POST /get-message-notify HTTP/1.1" 200 22040 "https://gardenify.com.au/?s=77552896011490&mod=54e8ceac&uri=shared.php%3Fid%3D2588009-127%26name%3Dphone+case+sleeve" "Mozilla/5.0 AppleWebKit/537.36 (KHTML, like Gecko; compatible; Googlebot/2.1; +http://www.google.com/bot.html) Chrome/137.0.7151.119 Safari/537.36"
66.249.79.237 - - [14/Jul/2025:00:57:20 +0000] "GET /?s=35531556071490&mod=206d6cf9&uri=pin.php%3Fid%3D1185908-1088%26name%3Dasos+maternity+occasion HTTP/1.1" 200 20832 "-" "Mozilla/5.0 (compatible; Googlebot/2.1; +http://www.google.com/bot.html)"
66.249.79.236 - - [14/Jul/2025:00:57:21 +0000] "GET /?s=60562913051490&mod=f0b7c0bf&uri=form.php%3Fid%3D2021042-548%26name%3Demmi+steve+madden HTTP/1.1" 200 21143 "-" "Mozilla/5.0 (compatible; Googlebot/2.1; +http://www.google.com/bot.html)"
66.249.79.236 - - [14/Jul/2025:00:57:21 +0000] "POST /get-message-notify HTTP/1.1" 200 22043 "https://gardenify.com.au/?s=60520019011490&mod=fc9b003b&uri=us.php%3Fid%3D2019612-17%26name%3Dmark+berg+fishing+shop" "Mozilla/5.0 AppleWebKit/537.36 (KHTML, like Gecko; compatible; Googlebot/2.1; +http://www.google.com/bot.html) Chrome/137.0.7151.119 Safari/537.36"
66.249.79.236 - - [14/Jul/2025:00:57:21 +0000] "GET /?s=80918139041490&mod=e11ee596&uri=search.php%3Fid%3D2700358-478%26name%3Dpulsar+125+disc+split+seat HTTP/1.1" 200 21921 "-" "Mozilla/5.0 (compatible; Googlebot/2.1; +http://www.google.com/bot.html)"
66.249.79.238 - - [14/Jul/2025:00:57:21 +0000] "POST /get-message-notify HTTP/1.1" 200 22036 "https://gardenify.com.au/?s=86170012011490&mod=e6d32d8f&uri=product.php%3Fid%3D2875624-1202%26name%3Dshein+tulle+dress" "Mozilla/5.0 AppleWebKit/537.36 (KHTML, like Gecko; compatible; Googlebot/2.1; +http://www.google.com/bot.html) Chrome/137.0.7151.119 Safari/537.36"
66.249.79.236 - - [14/Jul/2025:00:57:21 +0000] "GET /?s=80918139041490&mod=e11ee596&uri=search.php%3Fid%3D2700358-478%26name%3Dpulsar+125+disc+split+seat HTTP/1.1" 200 21910 "-" "Mozilla/5.0 (compatible; Googlebot/2.1; +http://www.google.com/bot.html)"
66.249.79.237 - - [14/Jul/2025:00:57:22 +0000] "GET /?s=14498338081490&mod=70d824bf&uri=category-info.php%3Fid%3D484050-616%26name%3Dmacy%27s+puffer+vest HTTP/1.1" 200 20491 "-" "Mozilla/5.0 (compatible; Googlebot/2.1; +http://www.google.com/bot.html)"
66.249.79.237 - - [14/Jul/2025:00:57:22 +0000] "POST /get-message-notify HTTP/1.1" 200 22035 "https://gardenify.com.au/?s=24416413031490&mod=032ca2b6&uri=form.php%3Fid%3D814945-848%26name%3Dlogo+adidas+png+azul" "Mozilla/5.0 AppleWebKit/537.36 (KHTML, like Gecko; compatible; Googlebot/2.1; +http://www.google.com/bot.html) Chrome/137.0.7151.119 Safari/537.36"
66.249.79.224 - - [14/Jul/2025:00:57:22 +0000] "GET /?s=60512969051490&mod=fc9b003b&uri=blog.php%3Fid%3D2019377-17%26name%3Dmetro+room+heater+price HTTP/1.1" 200 22057 "-" "Mozilla/5.0 (compatible; Googlebot/2.1; +http://www.google.com/bot.html)"
66.249.79.237 - - [14/Jul/2025:00:57:23 +0000] "POST /get-message-notify HTTP/1.1" 200 22039 "https://gardenify.com.au/?s=60559943061490&mod=f0b7c0bf&uri=article.php%3Fid%3D2020943-548%26name%3Dj+slides+nyc" "Mozilla/5.0 AppleWebKit/537.36 (KHTML, like Gecko; compatible; Googlebot/2.1; +http://www.google.com/bot.html) Chrome/137.0.7151.119 Safari/537.36"
66.249.79.225 - - [14/Jul/2025:00:57:23 +0000] "GET /?s=11025594021490&mod=372fd987&uri=category-info.php%3Fid%3D368133-535%26name%3Dstorio+baby HTTP/1.1" 200 21194 "-" "Mozilla/5.0 (compatible; Googlebot/2.1; +http://www.google.com/bot.html)"
66.249.79.225 - - [14/Jul/2025:00:57:23 +0000] "POST /get-message-notify HTTP/1.1" 200 22034 "https://gardenify.com.au/?s=114066359031490&mod=60ad4f73&uri=brands.php%3Fid%3D3806808-794%26name%3Dkal+kan+dog+food+back+to+the+future" "Mozilla/5.0 AppleWebKit/537.36 (KHTML, like Gecko; compatible; Googlebot/2.1; +http://www.google.com/bot.html) Chrome/137.0.7151.119 Safari/537.36"
66.249.79.238 - - [14/Jul/2025:00:57:23 +0000] "GET /?s=60511679031490&mod=372fd987&uri=goods.php%3Fid%3D2019334-535%26name%3Dpeluche+licorne+pas+cher HTTP/1.1" 200 21038 "-" "Mozilla/5.0 (compatible; Googlebot/2.1; +http://www.google.com/bot.html)"
66.249.79.224 - - [14/Jul/2025:00:57:23 +0000] "GET /?s=59906672121490&mod=372fd987&uri=pin.php%3Fid%3D1999149-535%26name%3Dvoiture+vintage+miniature HTTP/1.1" 200 20655 "-" "Mozilla/5.0 (compatible; Googlebot/2.1; +http://www.google.com/bot.html)"
66.249.79.224 - - [14/Jul/2025:00:57:24 +0000] "POST /get-message-notify HTTP/1.1" 200 22044 "https://gardenify.com.au/?s=108983972011490&mod=05ec78c1&uri=goods.php%3Fid%3D3637141-1663%26name%3Datletico+jersey+2019" "Mozilla/5.0 AppleWebKit/537.36 (KHTML, like Gecko; compatible; Googlebot/2.1; +http://www.google.com/bot.html) Chrome/137.0.7151.119 Safari/537.36"
66.249.79.237 - - [14/Jul/2025:00:57:24 +0000] "GET /?s=60559583141490&mod=f0b7c0bf&uri=form.php%3Fid%3D2020931-548%26name%3Dreebok+club+white HTTP/1.1" 200 20830 "-" "Mozilla/5.0 (compatible; Googlebot/2.1; +http://www.google.com/bot.html)"
66.249.79.237 - - [14/Jul/2025:00:57:24 +0000] "GET /?s=60510156061490&mod=372fd987&uri=pin.php%3Fid%3D2019283-535%26name%3Dplaymobil+5568+prix HTTP/1.1" 200 21760 "-" "Mozilla/5.0 (compatible; Googlebot/2.1; +http://www.google.com/bot.html)"
66.249.79.238 - - [14/Jul/2025:00:57:24 +0000] "POST /get-message-notify HTTP/1.1" 200 22034 "https://gardenify.com.au/?s=119181028021490&mod=e880840a&uri=dp.php%3Fid%3D3977441-1052%26name%3Dbeyonce+rockets+jersey" "Mozilla/5.0 AppleWebKit/537.36 (KHTML, like Gecko; compatible; Googlebot/2.1; +http://www.google.com/bot.html) Chrome/137.0.7151.119 Safari/537.36"
66.249.79.224 - - [14/Jul/2025:00:57:24 +0000] "GET /?s=60560663021490&mod=cd4ec96a&uri=goods.php%3Fid%3D2020967-863%26name%3Dscarponcini+in+cuoio HTTP/1.1" 200 21378 "-" "Mozilla/5.0 (compatible; Googlebot/2.1; +http://www.google.com/bot.html)"
66.249.79.237 - - [14/Jul/2025:00:57:25 +0000] "GET /?s=60561563051490&mod=f0b7c0bf&uri=products.php%3Fid%3D2020997-548%26name%3Dadidas+ultra+boost+finish+line HTTP/1.1" 200 21801 "-" "Mozilla/5.0 (compatible; Googlebot/2.1; +http://www.google.com/bot.html)"
66.249.79.225 - - [14/Jul/2025:00:57:25 +0000] "POST /get-message-notify HTTP/1.1" 200 22024 "https://gardenify.com.au/?s=62414299011490&mod=b4f9264d&uri=news.php%3Fid%3D2082838-892%26name%3Dever+us+carat+ring" "Mozilla/5.0 AppleWebKit/537.36 (KHTML, like Gecko; compatible; Googlebot/2.1; +http://www.google.com/bot.html) Chrome/137.0.7151.119 Safari/537.36"
66.249.79.238 - - [14/Jul/2025:00:57:25 +0000] "GET /?s=60558503081490&mod=f0b7c0bf&uri=shop.php%3Fid%3D2020895-548%26name%3Dbrooks+adrenaline+gts+18+womens+sale HTTP/1.1" 200 21549 "-" "Mozilla/5.0 (compatible; Googlebot/2.1; +http://www.google.com/bot.html)"
66.249.79.224 - - [14/Jul/2025:00:57:25 +0000] "GET /?s=11031986011490&mod=372fd987&uri=info.php%3Fid%3D368348-535%26name%3Dtour+eiffel+lego HTTP/1.1" 200 22048 "-" "Mozilla/5.0 (compatible; Googlebot/2.1; +http://www.google.com/bot.html)"
66.249.79.237 - - [14/Jul/2025:00:57:25 +0000] "POST /get-message-notify HTTP/1.1" 200 22036 "https://gardenify.com.au/?s=60563813051490&mod=f0b7c0bf&uri=shared.php%3Fid%3D2021072-548%26name%3Dbuy+nike+air+zoom+structure+21" "Mozilla/5.0 AppleWebKit/537.36 (KHTML, like Gecko; compatible; Googlebot/2.1; +http://www.google.com/bot.html) Chrome/137.0.7151.119 Safari/537.36"
66.249.79.238 - - [14/Jul/2025:00:57:26 +0000] "GET /?s=60563633051490&mod=f0b7c0bf&uri=goods.php%3Fid%3D2021066-548%26name%3Dnike+training+tr8+women%27s HTTP/1.1" 200 22154 "-" "Mozilla/5.0 (compatible; Googlebot/2.1; +http://www.google.com/bot.html)"
66.249.79.238 - - [14/Jul/2025:00:57:26 +0000] "GET /?s=60557603031490&mod=f0b7c0bf&uri=info.php%3Fid%3D2020865-548%26name%3Dblack+ferrari+puma+shoes HTTP/1.1" 200 22480 "-" "Mozilla/5.0 (compatible; Googlebot/2.1; +http://www.google.com/bot.html)"
66.249.79.236 - - [14/Jul/2025:00:57:26 +0000] "GET /?s=60558413011490&mod=f0b7c0bf&uri=brands.php%3Fid%3D2020892-548%26name%3Dadidas+ultra+boost+st+2018 HTTP/1.1" 200 21685 "-" "Mozilla/5.0 (compatible; Googlebot/2.1; +http://www.google.com/bot.html)"
66.249.79.237 - - [14/Jul/2025:00:57:26 +0000] "GET /?s=60510156011490&mod=372fd987&uri=product.php%3Fid%3D2019283-535%26name%3Dplaymobil+5568+prix HTTP/1.1" 200 22084 "-" "Mozilla/5.0 (compatible; Googlebot/2.1; +http://www.google.com/bot.html)"
66.249.79.237 - - [14/Jul/2025:00:57:26 +0000] "GET /?s=60558953031490&mod=f0b7c0bf&uri=dp.php%3Fid%3D2020910-548%26name%3Dfancy+shoes+for+baby+boy HTTP/1.1" 200 21645 "-" "Mozilla/5.0 (compatible; Googlebot/2.1; +http://www.google.com/bot.html)"
66.249.79.224 - - [14/Jul/2025:00:57:27 +0000] "GET /?s=60562643021490&mod=f0b7c0bf&uri=product.php%3Fid%3D2021033-548%26name%3Dpuma+shoes+black+and+blue HTTP/1.1" 200 21512 "-" "Mozilla/5.0 (compatible; Googlebot/2.1; +http://www.google.com/bot.html)"
66.249.79.237 - - [14/Jul/2025:00:57:27 +0000] "GET /?s=60522839011490&mod=fc9b003b&uri=itm.php%3Fid%3D2019706-17%26name%3Dpiscifun+bag HTTP/1.1" 200 22545 "-" "Mozilla/5.0 (compatible; Googlebot/2.1; +http://www.google.com/bot.html)"
66.249.79.226 - - [14/Jul/2025:00:57:27 +0000] "GET /?s=60562283141490&mod=cd4ec96a&uri=product.php%3Fid%3D2021021-863%26name%3Dsteve+madden+sandali+carrson HTTP/1.1" 200 20323 "-" "Mozilla/5.0 (compatible; Googlebot/2.1; +http://www.google.com/bot.html)"
66.249.79.237 - - [14/Jul/2025:00:57:27 +0000] "GET /?s=60557693011490&mod=11c40a77&uri=shop.php%3Fid%3D2020868-1363%26name%3Dtommy+bahama+antigua+half+zip+sweatshirt HTTP/1.1" 200 20758 "-" "Mozilla/5.0 (compatible; Googlebot/2.1; +http://www.google.com/bot.html)"
66.249.79.226 - - [14/Jul/2025:00:57:28 +0000] "GET /?s=60559223021490&mod=f0b7c0bf&uri=pin.php%3Fid%3D2020919-548%26name%3Dwomen%27s+running+sneakers+sale HTTP/1.1" 200 21195 "-" "Mozilla/5.0 (compatible; Googlebot/2.1; +http://www.google.com/bot.html)"
66.249.79.236 - - [14/Jul/2025:00:57:28 +0000] "GET /?s=60560753081490&mod=f0b7c0bf&uri=brands.php%3Fid%3D2020970-548%26name%3Dultra+boost+champs HTTP/1.1" 200 20841 "-" "Mozilla/5.0 (compatible; Googlebot/2.1; +http://www.google.com/bot.html)"
66.249.79.224 - - [14/Jul/2025:00:57:28 +0000] "POST /get-message-notify HTTP/1.1" 200 22014 "https://gardenify.com.au/?s=72730411021490&mod=ddb9d4c1&uri=dp.php%3Fid%3D2427092-1365%26name%3Dnike+air+max+ultra+moire+dames" "Mozilla/5.0 AppleWebKit/537.36 (KHTML, like Gecko; compatible; Googlebot/2.1; +http://www.google.com/bot.html) Chrome/137.0.7151.119 Safari/537.36"
66.249.79.224 - - [14/Jul/2025:00:57:28 +0000] "GET /?s=11027062041490&mod=372fd987&uri=brands.php%3Fid%3D368183-535%26name%3Dvoiture+radiocommand%C3%83%C2%A9e+coccinelle HTTP/1.1" 200 20717 "-" "Mozilla/5.0 (compatible; Googlebot/2.1; +http://www.google.com/bot.html)"
66.249.79.224 - - [14/Jul/2025:00:57:29 +0000] "GET /?s=60515789001490&mod=fc9b003b&uri=product.php%3Fid%3D2019471-17%26name%3Dhouse+heater HTTP/1.1" 200 21979 "-" "Mozilla/5.0 (compatible; Googlebot/2.1; +http://www.google.com/bot.html)"
66.249.79.224 - - [14/Jul/2025:00:57:29 +0000] "GET /?s=60511559071490&mod=fc9b003b&uri=goods.php%3Fid%3D2019330-17%26name%3Dsafy+gas+heater HTTP/1.1" 200 21357 "-" "Mozilla/5.0 (compatible; Googlebot/2.1; +http://www.google.com/bot.html)"
66.249.79.238 - - [14/Jul/2025:00:57:29 +0000] "GET /?s=60562463021490&mod=f0b7c0bf&uri=brands.php%3Fid%3D2021027-548%26name%3Ddillards+steve+madden+sneakers HTTP/1.1" 200 21768 "-" "Mozilla/5.0 (compatible; Googlebot/2.1; +http://www.google.com/bot.html)"
66.249.79.237 - - [14/Jul/2025:00:57:29 +0000] "GET /?s=60557063051490&mod=cd4ec96a&uri=shop.php%3Fid%3D2020847-863%26name%3Dscarponi+da+neve+north+face HTTP/1.1" 200 21127 "-" "Mozilla/5.0 (compatible; Googlebot/2.1; +http://www.google.com/bot.html)"
66.249.79.224 - - [14/Jul/2025:00:57:30 +0000] "GET /?s=60560843111490&mod=f0b7c0bf&uri=product.php%3Fid%3D2020973-548%26name%3Dsteve+madden+fay+sneakers HTTP/1.1" 200 20544 "-" "Mozilla/5.0 (compatible; Googlebot/2.1; +http://www.google.com/bot.html)"
66.249.79.238 - - [14/Jul/2025:00:57:30 +0000] "GET /?s=60558143021490&mod=11c40a77&uri=info.php%3Fid%3D2020883-1363%26name%3Dunder+armour+hoodie+without+sleeves HTTP/1.1" 200 22326 "-" "Mozilla/5.0 (compatible; Googlebot/2.1; +http://www.google.com/bot.html)"
66.249.79.224 - - [14/Jul/2025:00:57:30 +0000] "GET /?s=60560573071490&mod=f0b7c0bf&uri=shop.php%3Fid%3D2020964-548%26name%3Drunning+shoes+saga HTTP/1.1" 200 20866 "-" "Mozilla/5.0 (compatible; Googlebot/2.1; +http://www.google.com/bot.html)"
66.249.79.226 - - [14/Jul/2025:00:57:30 +0000] "GET /?s=60561293111490&mod=f0b7c0bf&uri=itm.php%3Fid%3D2020988-548%26name%3Dtaos+shoes+clearance HTTP/1.1" 200 21194 "-" "Mozilla/5.0 (compatible; Googlebot/2.1; +http://www.google.com/bot.html)"
66.249.79.237 - - [14/Jul/2025:00:57:30 +0000] "GET /?s=60557333091490&mod=f0b7c0bf&uri=product.php%3Fid%3D2020856-548%26name%3Dadidas+ultra+boost+clima+parley HTTP/1.1" 200 21747 "-" "Mozilla/5.0 (compatible; Googlebot/2.1; +http://www.google.com/bot.html)"
66.249.79.225 - - [14/Jul/2025:00:57:31 +0000] "GET /?s=60559403081490&mod=f0b7c0bf&uri=product.php%3Fid%3D2020925-548%26name%3Dultra+boost+st+w HTTP/1.1" 200 21428 "-" "Mozilla/5.0 (compatible; Googlebot/2.1; +http://www.google.com/bot.html)"
66.249.79.237 - - [14/Jul/2025:00:57:31 +0000] "GET /?s=60561473071490&mod=cd4ec96a&uri=product.php%3Fid%3D2020994-863%26name%3Dgalosce+scarpe HTTP/1.1" 200 20351 "-" "Mozilla/5.0 (compatible; Googlebot/2.1; +http://www.google.com/bot.html)"
66.249.79.236 - - [14/Jul/2025:00:57:31 +0000] "GET /?s=60560213051490&mod=f0b7c0bf&uri=search.php%3Fid%3D2020952-548%26name%3Dzoom+assersion+price HTTP/1.1" 200 20696 "-" "Mozilla/5.0 (compatible; Googlebot/2.1; +http://www.google.com/bot.html)"
66.249.79.237 - - [14/Jul/2025:00:57:31 +0000] "GET /?s=60562103081490&mod=f0b7c0bf&uri=pin.php%3Fid%3D2021015-548%26name%3Dskechers+go+walk+waterproof HTTP/1.1" 200 21305 "-" "Mozilla/5.0 (compatible; Googlebot/2.1; +http://www.google.com/bot.html)"
66.249.79.225 - - [14/Jul/2025:00:57:31 +0000] "GET /?s=60559853051490&mod=f0b7c0bf&uri=form.php%3Fid%3D2020940-548%26name%3Dnewton+motion+iii HTTP/1.1" 200 21380 "-" "Mozilla/5.0 (compatible; Googlebot/2.1; +http://www.google.com/bot.html)"
66.249.79.237 - - [14/Jul/2025:00:57:32 +0000] "GET /?s=60560123021490&mod=f0b7c0bf&uri=products.php%3Fid%3D2020949-548%26name%3Dbalenciaga+speed+trainer+legit HTTP/1.1" 200 21966 "-" "Mozilla/5.0 (compatible; Googlebot/2.1; +http://www.google.com/bot.html)"
66.249.79.224 - - [14/Jul/2025:00:57:32 +0000] "GET /?s=60557963021490&mod=f0b7c0bf&uri=dp.php%3Fid%3D2020877-548%26name%3Dskechers+women%27s+ultra+flex+statements HTTP/1.1" 200 21760 "-" "Mozilla/5.0 (compatible; Googlebot/2.1; +http://www.google.com/bot.html)"
66.249.79.238 - - [14/Jul/2025:00:57:32 +0000] "GET /?s=11030066011490&mod=372fd987&uri=search.php%3Fid%3D368284-535%26name%3Dtoupie+beyblade+birds HTTP/1.1" 200 21519 "-" "Mozilla/5.0 (compatible; Googlebot/2.1; +http://www.google.com/bot.html)"
66.249.79.236 - - [14/Jul/2025:00:57:32 +0000] "GET /?s=60514379071490&mod=fc9b003b&uri=brands.php%3Fid%3D2019424-17%26name%3Dlasko+t38400+electric+oscillating+hybrid+tower+fan HTTP/1.1" 200 21694 "-" "Mozilla/5.0 (compatible; Googlebot/2.1; +http://www.google.com/bot.html)"
66.249.79.226 - - [14/Jul/2025:00:57:32 +0000] "GET /?s=108983972011490&mod=05ec78c1&uri=goods.php%3Fid%3D3637141-1663%26name%3Datletico+jersey+2019 HTTP/1.1" 200 20599 "-" "Mozilla/5.0 (compatible; Googlebot/2.1; +http://www.google.com/bot.html)"
66.249.79.227 - - [14/Jul/2025:00:57:33 +0000] "GET /?s=89030293041490&mod=5478c9cd&uri=us.php%3Fid%3D2971082-219%26name%3Dmrcool+zone HTTP/1.1" 200 21863 "-" "Mozilla/5.0 (compatible; Googlebot/2.1; +http://www.google.com/bot.html)"
66.249.79.238 - - [14/Jul/2025:00:57:33 +0000] "POST /get-message-notify HTTP/1.1" 200 22038 "https://gardenify.com.au/?s=11027062041490&mod=372fd987&uri=brands.php%3Fid%3D368183-535%26name%3Dvoiture+radiocommand%C3%83%C2%A9e+coccinelle" "Mozilla/5.0 AppleWebKit/537.36 (KHTML, like Gecko; compatible; Googlebot/2.1; +http://www.google.com/bot.html) Chrome/137.0.7151.119 Safari/537.36"
66.249.79.226 - - [14/Jul/2025:00:57:33 +0000] "GET /?s=91465303051490&mod=cfc4c5a7&uri=dp.php%3Fid%3D3052366-1020%26name%3Dnike+air+max+huarache+kad%C3%84%C2%B1n HTTP/1.1" 200 20698 "-" "Mozilla/5.0 (compatible; Googlebot/2.1; +http://www.google.com/bot.html)"
66.249.79.238 - - [14/Jul/2025:00:57:34 +0000] "GET /?s=19243357031490&mod=c27b5ed7&uri=blog.php%3Fid%3D642379-734%26name%3Dkith+moncler+asics+for+sale HTTP/1.1" 200 20603 "-" "Mozilla/5.0 (compatible; Googlebot/2.1; +http://www.google.com/bot.html)"
66.249.79.225 - - [14/Jul/2025:00:57:34 +0000] "GET /?s=72658307041490&mod=d27c82fc&uri=news.php%3Fid%3D2424688-925%26name%3D70s+costume+ideas+diy HTTP/1.1" 200 21454 "-" "Mozilla/5.0 (compatible; Googlebot/2.1; +http://www.google.com/bot.html)"
66.249.79.226 - - [14/Jul/2025:00:57:34 +0000] "POST /get-message-notify HTTP/1.1" 200 22041 "https://gardenify.com.au/?s=60562643021490&mod=f0b7c0bf&uri=product.php%3Fid%3D2021033-548%26name%3Dpuma+shoes+black+and+blue" "Mozilla/5.0 AppleWebKit/537.36 (KHTML, like Gecko; compatible; Googlebot/2.1; +http://www.google.com/bot.html) Chrome/137.0.7151.119 Safari/537.36"
66.249.79.237 - - [14/Jul/2025:00:57:34 +0000] "GET /?s=60558233041490&mod=f0b7c0bf&uri=shared.php%3Fid%3D2020886-548%26name%3Dtop+crossfit+shoes+mens HTTP/1.1" 200 22337 "-" "Mozilla/5.0 (compatible; Googlebot/2.1; +http://www.google.com/bot.html)"
66.249.79.224 - - [14/Jul/2025:00:57:34 +0000] "GET /?s=78113790041490&mod=0cba172d&uri=dp.php%3Fid%3D2606746-1488%26name%3Dquechua+lunette HTTP/1.1" 200 21821 "-" "Mozilla/5.0 (compatible; Googlebot/2.1; +http://www.google.com/bot.html)"
66.249.79.225 - - [14/Jul/2025:00:57:35 +0000] "GET /?s=30494821121490&mod=74a40ee9&uri=product.php%3Fid%3D1017819-987%26name%3Dklaus+martens+wikipedia HTTP/1.1" 200 21107 "-" "Mozilla/5.0 (compatible; Googlebot/2.1; +http://www.google.com/bot.html)"
66.249.79.225 - - [14/Jul/2025:00:57:35 +0000] "GET /?s=17677667071490&mod=8a9c3b2c&uri=product.php%3Fid%3D590121-695%26name%3Dnike+m2k+tekno+volt HTTP/1.1" 200 20658 "-" "Mozilla/5.0 (compatible; Googlebot/2.1; +http://www.google.com/bot.html)"
66.249.79.236 - - [14/Jul/2025:00:57:35 +0000] "GET /?s=79566020041490&mod=d1f60334&uri=pin.php%3Fid%3D2655221-449%26name%3Dreplacement+motor+for+reclining+chair HTTP/1.1" 200 22011 "-" "Mozilla/5.0 (compatible; Googlebot/2.1; +http://www.google.com/bot.html)"
66.249.79.229 - - [14/Jul/2025:00:57:36 +0000] "GET /?s=114066359031490&mod=60ad4f73&uri=brands.php%3Fid%3D3806808-794%26name%3Dkal+kan+dog+food+back+to+the+future HTTP/1.1" 200 21743 "-" "Mozilla/5.0 (compatible; Googlebot/2.1; +http://www.google.com/bot.html)"
66.249.79.238 - - [14/Jul/2025:00:57:36 +0000] "GET /?s=72730411021490&mod=ddb9d4c1&uri=dp.php%3Fid%3D2427092-1365%26name%3Dnike+air+max+ultra+moire+dames HTTP/1.1" 200 21159 "-" "Mozilla/5.0 (compatible; Googlebot/2.1; +http://www.google.com/bot.html)"
66.249.79.226 - - [14/Jul/2025:00:57:36 +0000] "GET /?s=35531556071490&mod=206d6cf9&uri=pin.php%3Fid%3D1185908-1088%26name%3Dasos+maternity+occasion HTTP/1.1" 200 20825 "-" "Mozilla/5.0 (compatible; Googlebot/2.1; +http://www.google.com/bot.html)"
66.249.79.224 - - [14/Jul/2025:00:57:36 +0000] "GET /?s=95659526021490&mod=fa99b43e&uri=blog.php%3Fid%3D3192380-1582%26name%3Dreebok+sneakers+mens+blue HTTP/1.1" 200 21267 "-" "Mozilla/5.0 (compatible; Googlebot/2.1; +http://www.google.com/bot.html)"
66.249.79.237 - - [14/Jul/2025:00:57:36 +0000] "GET /?s=77552896011490&mod=54e8ceac&uri=shared.php%3Fid%3D2588009-127%26name%3Dphone+case+sleeve HTTP/1.1" 200 21643 "-" "Mozilla/5.0 (compatible; Googlebot/2.1; +http://www.google.com/bot.html)"
66.249.79.227 - - [14/Jul/2025:00:57:36 +0000] "GET /?s=24416413031490&mod=032ca2b6&uri=form.php%3Fid%3D814945-848%26name%3Dlogo+adidas+png+azul HTTP/1.1" 200 20817 "-" "Mozilla/5.0 (compatible; Googlebot/2.1; +http://www.google.com/bot.html)"
66.249.79.225 - - [14/Jul/2025:00:57:36 +0000] "GET /?s=11047858031490&mod=372fd987&uri=shared.php%3Fid%3D368878-535%26name%3Dvoiture+radiocommand%C3%83%C2%A9e+ans HTTP/1.1" 200 21221 "-" "Mozilla/5.0 (compatible; Googlebot/2.1; +http://www.google.com/bot.html)"
66.249.79.226 - - [14/Jul/2025:00:57:37 +0000] "GET /?s=86170012011490&mod=e6d32d8f&uri=product.php%3Fid%3D2875624-1202%26name%3Dshein+tulle+dress HTTP/1.1" 200 21509 "-" "Mozilla/5.0 (compatible; Googlebot/2.1; +http://www.google.com/bot.html)"
66.249.79.238 - - [14/Jul/2025:00:57:37 +0000] "GET /?s=62414299011490&mod=b4f9264d&uri=news.php%3Fid%3D2082838-892%26name%3Dever+us+carat+ring HTTP/1.1" 200 21253 "-" "Mozilla/5.0 (compatible; Googlebot/2.1; +http://www.google.com/bot.html)"
66.249.79.238 - - [14/Jul/2025:00:57:37 +0000] "GET /?s=119181028021490&mod=e880840a&uri=dp.php%3Fid%3D3977441-1052%26name%3Dbeyonce+rockets+jersey HTTP/1.1" 200 21825 "-" "Mozilla/5.0 (compatible; Googlebot/2.1; +http://www.google.com/bot.html)"
66.249.79.225 - - [14/Jul/2025:00:57:37 +0000] "GET /?s=20491358021490&mod=ab9a1c10&uri=products.php%3Fid%3D684018-611%26name%3Dpink+brand+suitcase HTTP/1.1" 200 22043 "-" "Mozilla/5.0 (compatible; Googlebot/2.1; +http://www.google.com/bot.html)"
66.249.79.228 - - [14/Jul/2025:00:57:37 +0000] "GET /?s=107567786061490&mod=a0f92eb7&uri=products.php%3Fid%3D3589892-126%26name%3Dputting+shoes+in+ziplock+bags HTTP/1.1" 200 21653 "-" "Mozilla/5.0 (compatible; Googlebot/2.1; +http://www.google.com/bot.html)"
66.249.79.226 - - [14/Jul/2025:00:57:37 +0000] "GET /?s=60558053051490&mod=11c40a77&uri=info.php%3Fid%3D2020880-1363%26name%3Dblack+under+armour+hoodie+with+red+logo HTTP/1.1" 200 21549 "-" "Mozilla/5.0 (compatible; Googlebot/2.1; +http://www.google.com/bot.html)"
66.249.79.228 - - [14/Jul/2025:00:57:37 +0000] "POST /get-message-notify HTTP/1.1" 200 22036 "https://gardenify.com.au/?s=91465303051490&mod=cfc4c5a7&uri=dp.php%3Fid%3D3052366-1020%26name%3Dnike+air+max+huarache+kad%C3%84%C2%B1n" "Mozilla/5.0 AppleWebKit/537.36 (KHTML, like Gecko; compatible; Googlebot/2.1; +http://www.google.com/bot.html) Chrome/137.0.7151.119 Safari/537.36"
66.249.79.237 - - [14/Jul/2025:00:57:37 +0000] "GET /?s=60521429021490&mod=fc9b003b&uri=info.php%3Fid%3D2019659-17%26name%3Dlead+sinkers HTTP/1.1" 200 22079 "-" "Mozilla/5.0 (compatible; Googlebot/2.1; +http://www.google.com/bot.html)"
66.249.79.227 - - [14/Jul/2025:00:57:38 +0000] "GET /safe_search/config?return_url=%2Fproduct%2Fdetail%2F60564083140490 HTTP/1.1" 200 21054 "-" "Mozilla/5.0 (compatible; Googlebot/2.1; +http://www.google.com/bot.html)"
66.249.79.237 - - [14/Jul/2025:00:57:38 +0000] "GET /?s=60518609081490&mod=fc9b003b&uri=product.php%3Fid%3D2019565-17%26name%3Dtrout+fly+reels HTTP/1.1" 200 21685 "-" "Mozilla/5.0 (compatible; Googlebot/2.1; +http://www.google.com/bot.html)"
66.249.79.226 - - [14/Jul/2025:00:57:38 +0000] "POST /get-message-notify HTTP/1.1" 200 22036 "https://gardenify.com.au/?s=19243357031490&mod=c27b5ed7&uri=blog.php%3Fid%3D642379-734%26name%3Dkith+moncler+asics+for+sale" "Mozilla/5.0 AppleWebKit/537.36 (KHTML, like Gecko; compatible; Googlebot/2.1; +http://www.google.com/bot.html) Chrome/137.0.7151.119 Safari/537.36"
66.249.79.225 - - [14/Jul/2025:00:57:38 +0000] "GET /?s=60563273071490&mod=f0b7c0bf&uri=news.php%3Fid%3D2021054-548%26name%3Dadidas+ultra+boost+core+black+carbon+ash+silver HTTP/1.1" 200 21780 "-" "Mozilla/5.0 (compatible; Googlebot/2.1; +http://www.google.com/bot.html)"
66.249.79.226 - - [14/Jul/2025:00:57:38 +0000] "GET /pcmypage?callback=/product%2Fdetail%2F60563993112490 HTTP/1.1" 200 22500 "-" "Mozilla/5.0 (compatible; Googlebot/2.1; +http://www.google.com/bot.html)"
66.249.79.237 - - [14/Jul/2025:00:57:38 +0000] "GET /?s=60563903001490&mod=f0b7c0bf&uri=us.php%3Fid%3D2021075-548%26name%3Dsteve+madden+sneakers+beige HTTP/1.1" 200 22314 "-" "Mozilla/5.0 (compatible; Googlebot/2.1; +http://www.google.com/bot.html)"
66.249.79.226 - - [14/Jul/2025:00:57:39 +0000] "POST /get-message-notify HTTP/1.1" 200 22048 "https://gardenify.com.au/?s=79566020041490&mod=d1f60334&uri=pin.php%3Fid%3D2655221-449%26name%3Dreplacement+motor+for+reclining+chair" "Mozilla/5.0 AppleWebKit/537.36 (KHTML, like Gecko; compatible; Googlebot/2.1; +http://www.google.com/bot.html) Chrome/137.0.7151.119 Safari/537.36"
66.249.79.238 - - [14/Jul/2025:00:57:39 +0000] "GET /?s=60561023021490&mod=f0b7c0bf&uri=dp.php%3Fid%3D2020979-548%26name%3Dwrangle+steve+madden HTTP/1.1" 200 21341 "-" "Mozilla/5.0 (compatible; Googlebot/2.1; +http://www.google.com/bot.html)"
66.249.79.226 - - [14/Jul/2025:00:57:39 +0000] "GET /?s=60561113051490&mod=cd4ec96a&uri=info.php%3Fid%3D2020982-863%26name%3Dscarpe+per+damigelle HTTP/1.1" 200 20750 "-" "Mozilla/5.0 (compatible; Googlebot/2.1; +http://www.google.com/bot.html)"
66.249.79.225 - - [14/Jul/2025:00:57:39 +0000] "GET /?s=60561203081490&mod=f0b7c0bf&uri=news.php%3Fid%3D2020985-548%26name%3Dvapormax+henry+chadwicks+red HTTP/1.1" 200 20936 "-" "Mozilla/5.0 (compatible; Googlebot/2.1; +http://www.google.com/bot.html)"
66.249.79.230 - - [14/Jul/2025:00:57:39 +0000] "GET /?s=59909707091490&mod=372fd987&uri=goods.php%3Fid%3D1999251-535%26name%3Djeux+toy+story HTTP/1.1" 200 21644 "-" "Mozilla/5.0 (compatible; Googlebot/2.1; +http://www.google.com/bot.html)"
66.249.79.238 - - [14/Jul/2025:00:57:39 +0000] "POST /get-message-notify HTTP/1.1" 200 22040 "https://gardenify.com.au/?s=60558143021490&mod=11c40a77&uri=info.php%3Fid%3D2020883-1363%26name%3Dunder+armour+hoodie+without+sleeves" "Mozilla/5.0 AppleWebKit/537.36 (KHTML, like Gecko; compatible; Googlebot/2.1; +http://www.google.com/bot.html) Chrome/137.0.7151.119 Safari/537.36"
66.249.79.238 - - [14/Jul/2025:00:57:40 +0000] "GET /?s=60561383141490&mod=f0b7c0bf&uri=shop.php%3Fid%3D2020991-548%26name%3Dsteve+madden+antics+rose+gold+shoes HTTP/1.1" 200 21140 "-" "Mozilla/5.0 (compatible; Googlebot/2.1; +http://www.google.com/bot.html)"
66.249.79.237 - - [14/Jul/2025:00:57:40 +0000] "GET /?s=60562823021490&mod=f0b7c0bf&uri=us.php%3Fid%3D2021039-548%26name%3Dnewton+elite+running+shoes HTTP/1.1" 200 21455 "-" "Mozilla/5.0 (compatible; Googlebot/2.1; +http://www.google.com/bot.html)"
66.249.79.228 - - [14/Jul/2025:00:57:40 +0000] "GET /?s=60558773021490&mod=f0b7c0bf&uri=search.php%3Fid%3D2020904-548%26name%3Droshe+run+price HTTP/1.1" 200 21422 "-" "Mozilla/5.0 (compatible; Googlebot/2.1; +http://www.google.com/bot.html)"
66.249.79.237 - - [14/Jul/2025:00:57:40 +0000] "GET /?s=119699593031490&mod=babd046c&uri=shared.php%3Fid%3D3994740-484%26name%3Dcow+print+high+waisted+bathing+suit HTTP/1.1" 200 20741 "-" "Mozilla/5.0 (compatible; Googlebot/2.1; +http://www.google.com/bot.html)"
66.249.79.227 - - [14/Jul/2025:00:57:40 +0000] "GET /?s=60563543011490&mod=cd4ec96a&uri=form.php%3Fid%3D2021063-863%26name%3Dcopriscarpe+invernali+bici+da+corsa HTTP/1.1" 200 21096 "-" "Mozilla/5.0 (compatible; Googlebot/2.1; +http://www.google.com/bot.html)"
66.249.79.227 - - [14/Jul/2025:00:57:40 +0000] "POST /get-message-notify HTTP/1.1" 200 22036 "https://gardenify.com.au/?s=86170012011490&mod=e6d32d8f&uri=product.php%3Fid%3D2875624-1202%26name%3Dshein+tulle+dress" "Mozilla/5.0 AppleWebKit/537.36 (KHTML, like Gecko; compatible; Googlebot/2.1; +http://www.google.com/bot.html) Chrome/137.0.7151.119 Safari/537.36"
66.249.79.228 - - [14/Jul/2025:00:57:41 +0000] "GET /?s=11028553041490&mod=372fd987&uri=category-info.php%3Fid%3D368233-535%26name%3Dvoiture+t%C3%83%C2%A9l%C3%83%C2%A9command%C3%83%C2%A9e+volkswagen HTTP/1.1" 200 21278 "-" "Mozilla/5.0 (compatible; Googlebot/2.1; +http://www.google.com/bot.html)"
66.249.79.236 - - [14/Jul/2025:00:57:41 +0000] "GET /?s=60561653051490&mod=f0b7c0bf&uri=shop.php%3Fid%3D2021000-548%26name%3Dskechers+waterproof+walking+shoes HTTP/1.1" 200 21898 "-" "Mozilla/5.0 (compatible; Googlebot/2.1; +http://www.google.com/bot.html)"
66.249.79.230 - - [14/Jul/2025:00:57:41 +0000] "GET /?s=60560033051490&mod=f0b7c0bf&uri=products.php%3Fid%3D2020946-548%26name%3Dskechers+waterproof+boots+ladies HTTP/1.1" 200 21618 "-" "Mozilla/5.0 (compatible; Googlebot/2.1; +http://www.google.com/bot.html)"
66.249.79.226 - - [14/Jul/2025:00:57:41 +0000] "POST /get-message-notify HTTP/1.1" 200 22043 "https://gardenify.com.au/?s=19243357031490&mod=c27b5ed7&uri=blog.php%3Fid%3D642379-734%26name%3Dkith+moncler+asics+for+sale" "Mozilla/5.0 AppleWebKit/537.36 (KHTML, like Gecko; compatible; Googlebot/2.1; +http://www.google.com/bot.html) Chrome/137.0.7151.119 Safari/537.36"
66.249.79.227 - - [14/Jul/2025:00:57:41 +0000] "GET /?s=59908207041490&mod=372fd987&uri=itm.php%3Fid%3D1999201-535%26name%3Dvoiture+pour+circuit+hot+wheels HTTP/1.1" 200 20561 "-" "Mozilla/5.0 (compatible; Googlebot/2.1; +http://www.google.com/bot.html)"
66.249.79.228 - - [14/Jul/2025:00:57:41 +0000] "GET /?s=60557153081490&mod=f0b7c0bf&uri=category-info.php%3Fid%3D2020850-548%26name%3Dbalenciaga+shoes+speedrunners HTTP/1.1" 200 21599 "-" "Mozilla/5.0 (compatible; Googlebot/2.1; +http://www.google.com/bot.html)"
66.249.79.228 - - [14/Jul/2025:00:57:42 +0000] "GET /?s=60557873051490&mod=cd4ec96a&uri=dp.php%3Fid%3D2020874-863%26name%3Dscarpette+da+bagno HTTP/1.1" 200 21212 "-" "Mozilla/5.0 (compatible; Googlebot/2.1; +http://www.google.com/bot.html)"
66.249.79.226 - - [14/Jul/2025:00:57:42 +0000] "POST /get-message-notify HTTP/1.1" 200 22038 "https://gardenify.com.au/?s=79566020041490&mod=d1f60334&uri=pin.php%3Fid%3D2655221-449%26name%3Dreplacement+motor+for+reclining+chair" "Mozilla/5.0 AppleWebKit/537.36 (KHTML, like Gecko; compatible; Googlebot/2.1; +http://www.google.com/bot.html) Chrome/137.0.7151.119 Safari/537.36"
66.249.79.238 - - [14/Jul/2025:00:57:42 +0000] "GET /?s=60558323021490&mod=f0b7c0bf&uri=news.php%3Fid%3D2020889-548%26name%3Dbelle+steve+madden HTTP/1.1" 200 20992 "-" "Mozilla/5.0 (compatible; Googlebot/2.1; +http://www.google.com/bot.html)"
66.249.79.238 - - [14/Jul/2025:00:57:42 +0000] "GET /?s=60561833051490&mod=f0b7c0bf&uri=category-info.php%3Fid%3D2021006-548%26name%3Dadidas+questar+ride+db1346 HTTP/1.1" 200 20989 "-" "Mozilla/5.0 (compatible; Googlebot/2.1; +http://www.google.com/bot.html)"
66.249.79.230 - - [14/Jul/2025:00:57:42 +0000] "GET /?s=59904522001490&mod=372fd987&uri=us.php%3Fid%3D1999077-535%26name%3Dty+licorne HTTP/1.1" 200 21125 "-" "Mozilla/5.0 (compatible; Googlebot/2.1; +http://www.google.com/bot.html)"
66.249.79.228 - - [14/Jul/2025:00:57:43 +0000] "POST /get-message-notify HTTP/1.1" 200 22038 "https://gardenify.com.au/?s=60518609081490&mod=fc9b003b&uri=product.php%3Fid%3D2019565-17%26name%3Dtrout+fly+reels" "Mozilla/5.0 AppleWebKit/537.36 (KHTML, like Gecko; compatible; Googlebot/2.1; +http://www.google.com/bot.html) Chrome/137.0.7151.119 Safari/537.36"
66.249.79.225 - - [14/Jul/2025:00:57:43 +0000] "GET /?s=60559313051490&mod=f0b7c0bf&uri=brands.php%3Fid%3D2020922-548%26name%3Dsteve+madden+hanny+sneaker HTTP/1.1" 200 21504 "-" "Mozilla/5.0 (compatible; Googlebot/2.1; +http://www.google.com/bot.html)"
66.249.79.228 - - [14/Jul/2025:00:57:43 +0000] "GET /?s=60559133041490&mod=cd4ec96a&uri=shop.php%3Fid%3D2020916-863%26name%3Ddoposci+decathlon+uomo HTTP/1.1" 200 21101 "-" "Mozilla/5.0 (compatible; Googlebot/2.1; +http://www.google.com/bot.html)"
66.249.79.225 - - [14/Jul/2025:00:57:43 +0000] "GET /?s=60558593111490&mod=f0b7c0bf&uri=category-info.php%3Fid%3D2020898-548%26name%3Dnike+training+free+fit+womens HTTP/1.1" 200 21136 "-" "Mozilla/5.0 (compatible; Googlebot/2.1; +http://www.google.com/bot.html)"
66.249.79.231 - - [14/Jul/2025:00:57:43 +0000] "GET /?s=60562553081490&mod=cd4ec96a&uri=info.php%3Fid%3D2021030-863%26name%3Dscarponi+trekking+pianta+larga HTTP/1.1" 200 20488 "-" "Mozilla/5.0 (compatible; Googlebot/2.1; +http://www.google.com/bot.html)"
66.249.79.237 - - [14/Jul/2025:00:57:43 +0000] "GET /?s=60563723021490&mod=f0b7c0bf&uri=goods.php%3Fid%3D2021069-548%26name%3Dnew+look+sale+shoes+size HTTP/1.1" 200 22330 "-" "Mozilla/5.0 (compatible; Googlebot/2.1; +http://www.google.com/bot.html)"
66.249.79.226 - - [14/Jul/2025:00:57:44 +0000] "GET /?s=60559043021490&mod=f0b7c0bf&uri=article.php%3Fid%3D2020913-548%26name%3Dgood+shoes+to+hike+in HTTP/1.1" 200 21150 "-" "Mozilla/5.0 (compatible; Googlebot/2.1; +http://www.google.com/bot.html)"
66.249.79.228 - - [14/Jul/2025:00:57:44 +0000] "POST /get-message-notify HTTP/1.1" 200 22045 "https://gardenify.com.au/?s=60561383141490&mod=f0b7c0bf&uri=shop.php%3Fid%3D2020991-548%26name%3Dsteve+madden+antics+rose+gold+shoes" "Mozilla/5.0 AppleWebKit/537.36 (KHTML, like Gecko; compatible; Googlebot/2.1; +http://www.google.com/bot.html) Chrome/137.0.7151.119 Safari/537.36"
66.249.79.231 - - [14/Jul/2025:00:57:44 +0000] "GET /?s=60508236001490&mod=372fd987&uri=info.php%3Fid%3D2019219-535%26name%3Ddoudou+licorne+pas+cher HTTP/1.1" 200 21356 "-" "Mozilla/5.0 (compatible; Googlebot/2.1; +http://www.google.com/bot.html)"
66.249.79.226 - - [14/Jul/2025:00:57:44 +0000] "GET /?s=60517199051490&mod=fc9b003b&uri=products.php%3Fid%3D2019518-17%26name%3Doil+filled+radiator+large+room HTTP/1.1" 200 22136 "-" "Mozilla/5.0 (compatible; Googlebot/2.1; +http://www.google.com/bot.html)"
66.249.79.230 - - [14/Jul/2025:00:57:44 +0000] "GET /?s=60560933141490&mod=cd4ec96a&uri=us.php%3Fid%3D2020976-863%26name%3Dscarpe+da+sposa+menbur HTTP/1.1" 200 20834 "-" "Mozilla/5.0 (compatible; Googlebot/2.1; +http://www.google.com/bot.html)"
66.249.79.230 - - [14/Jul/2025:00:57:45 +0000] "POST /get-message-notify HTTP/1.1" 200 22039 "https://gardenify.com.au/?s=86170012011490&mod=e6d32d8f&uri=product.php%3Fid%3D2875624-1202%26name%3Dshein+tulle+dress" "Mozilla/5.0 AppleWebKit/537.36 (KHTML, like Gecko; compatible; Googlebot/2.1; +http://www.google.com/bot.html) Chrome/137.0.7151.119 Safari/537.36"
66.249.79.237 - - [14/Jul/2025:00:57:45 +0000] "GET /?s=60557783041490&mod=f0b7c0bf&uri=category-info.php%3Fid%3D2020871-548%26name%3Dsummer+shoe+clearance HTTP/1.1" 200 21419 "-" "Mozilla/5.0 (compatible; Googlebot/2.1; +http://www.google.com/bot.html)"
66.249.79.224 - - [14/Jul/2025:00:57:45 +0000] "GET /?s=60563453011490&mod=f0b7c0bf&uri=news.php%3Fid%3D2021060-548%26name%3Dnike+vapormax+string HTTP/1.1" 200 21659 "-" "Mozilla/5.0 (compatible; Googlebot/2.1; +http://www.google.com/bot.html)"
66.249.79.236 - - [14/Jul/2025:00:57:45 +0000] "GET /?s=60563093011490&mod=f0b7c0bf&uri=dp.php%3Fid%3D2021048-548%26name%3Dwomens+ultraboost+19 HTTP/1.1" 200 21405 "-" "Mozilla/5.0 (compatible; Googlebot/2.1; +http://www.google.com/bot.html)"
66.249.79.238 - - [14/Jul/2025:00:57:45 +0000] "POST /get-message-notify HTTP/1.1" 200 22030 "https://gardenify.com.au/?s=60560033051490&mod=f0b7c0bf&uri=products.php%3Fid%3D2020946-548%26name%3Dskechers+waterproof+boots+ladies" "Mozilla/5.0 AppleWebKit/537.36 (KHTML, like Gecko; compatible; Googlebot/2.1; +http://www.google.com/bot.html) Chrome/137.0.7151.119 Safari/537.36"
66.249.79.225 - - [14/Jul/2025:00:57:45 +0000] "POST /get-message-notify HTTP/1.1" 200 22037 "https://gardenify.com.au/?s=60561653051490&mod=f0b7c0bf&uri=shop.php%3Fid%3D2021000-548%26name%3Dskechers+waterproof+walking+shoes" "Mozilla/5.0 AppleWebKit/537.36 (KHTML, like Gecko; compatible; Googlebot/2.1; +http://www.google.com/bot.html) Chrome/137.0.7151.119 Safari/537.36"
66.249.79.233 - - [14/Jul/2025:00:57:48 +0000] "POST /get-message-notify HTTP/1.1" 200 22031 "https://gardenify.com.au/?s=60559313051490&mod=f0b7c0bf&uri=brands.php%3Fid%3D2020922-548%26name%3Dsteve+madden+hanny+sneaker" "Mozilla/5.0 AppleWebKit/537.36 (KHTML, like Gecko; compatible; Googlebot/2.1; +http://www.google.com/bot.html) Chrome/137.0.7151.119 Safari/537.36"
66.249.79.230 - - [14/Jul/2025:00:57:49 +0000] "POST /get-message-notify HTTP/1.1" 200 22039 "https://gardenify.com.au/?s=60562553081490&mod=cd4ec96a&uri=info.php%3Fid%3D2021030-863%26name%3Dscarponi+trekking+pianta+larga" "Mozilla/5.0 AppleWebKit/537.36 (KHTML, like Gecko; compatible; Googlebot/2.1; +http://www.google.com/bot.html) Chrome/137.0.7151.119 Safari/537.36"
66.249.79.225 - - [14/Jul/2025:00:57:49 +0000] "POST /get-message-notify HTTP/1.1" 200 22038 "https://gardenify.com.au/?s=60560933141490&mod=cd4ec96a&uri=us.php%3Fid%3D2020976-863%26name%3Dscarpe+da+sposa+menbur" "Mozilla/5.0 AppleWebKit/537.36 (KHTML, like Gecko; compatible; Googlebot/2.1; +http://www.google.com/bot.html) Chrome/137.0.7151.119 Safari/537.36"
66.249.79.225 - - [14/Jul/2025:00:57:49 +0000] "POST /get-message-notify HTTP/1.1" 200 22029 "https://gardenify.com.au/?s=60517199051490&mod=fc9b003b&uri=products.php%3Fid%3D2019518-17%26name%3Doil+filled+radiator+large+room" "Mozilla/5.0 AppleWebKit/537.36 (KHTML, like Gecko; compatible; Googlebot/2.1; +http://www.google.com/bot.html) Chrome/137.0.7151.119 Safari/537.36"
66.249.79.228 - - [14/Jul/2025:00:57:49 +0000] "POST /get-message-notify HTTP/1.1" 200 22041 "https://gardenify.com.au/?s=60558593111490&mod=f0b7c0bf&uri=category-info.php%3Fid%3D2020898-548%26name%3Dnike+training+free+fit+womens" "Mozilla/5.0 AppleWebKit/537.36 (KHTML, like Gecko; compatible; Googlebot/2.1; +http://www.google.com/bot.html) Chrome/137.0.7151.119 Safari/537.36"
66.249.79.227 - - [14/Jul/2025:00:57:49 +0000] "POST /get-message-notify HTTP/1.1" 200 22036 "https://gardenify.com.au/?s=60563723021490&mod=f0b7c0bf&uri=goods.php%3Fid%3D2021069-548%26name%3Dnew+look+sale+shoes+size" "Mozilla/5.0 AppleWebKit/537.36 (KHTML, like Gecko; compatible; Googlebot/2.1; +http://www.google.com/bot.html) Chrome/137.0.7151.119 Safari/537.36"
66.249.79.233 - - [14/Jul/2025:00:57:50 +0000] "POST /get-message-notify HTTP/1.1" 200 22027 "https://gardenify.com.au/?s=89030293041490&mod=5478c9cd&uri=us.php%3Fid%3D2971082-219%26name%3Dmrcool+zone" "Mozilla/5.0 AppleWebKit/537.36 (KHTML, like Gecko; compatible; Googlebot/2.1; +http://www.google.com/bot.html) Chrome/137.0.7151.119 Safari/537.36"
66.249.79.226 - - [14/Jul/2025:00:57:55 +0000] "GET /?s=35531556071490&mod=206d6cf9&uri=pin.php%3Fid%3D1185908-1088%26name%3Dasos+maternity+occasion HTTP/1.1" 200 20814 "-" "Mozilla/5.0 (compatible; Googlebot/2.1; +http://www.google.com/bot.html)"
66.249.79.228 - - [14/Jul/2025:00:57:55 +0000] "GET /?s=108983972011490&mod=05ec78c1&uri=goods.php%3Fid%3D3637141-1663%26name%3Datletico+jersey+2019 HTTP/1.1" 200 20591 "-" "Mozilla/5.0 (compatible; Googlebot/2.1; +http://www.google.com/bot.html)"
66.249.79.232 - - [14/Jul/2025:00:57:55 +0000] "GET /?s=20491358021490&mod=ab9a1c10&uri=products.php%3Fid%3D684018-611%26name%3Dpink+brand+suitcase HTTP/1.1" 200 22050 "-" "Mozilla/5.0 (compatible; Googlebot/2.1; +http://www.google.com/bot.html)"
66.249.79.238 - - [14/Jul/2025:00:57:56 +0000] "POST /get-message-notify HTTP/1.1" 200 22039 "https://gardenify.com.au/?s=77552896011490&mod=54e8ceac&uri=shared.php%3Fid%3D2588009-127%26name%3Dphone+case+sleeve" "Mozilla/5.0 AppleWebKit/537.36 (KHTML, like Gecko; compatible; Googlebot/2.1; +http://www.google.com/bot.html) Chrome/137.0.7151.119 Safari/537.36"
66.249.79.228 - - [14/Jul/2025:00:57:56 +0000] "GET /?s=72730411021490&mod=ddb9d4c1&uri=dp.php%3Fid%3D2427092-1365%26name%3Dnike+air+max+ultra+moire+dames HTTP/1.1" 200 21153 "-" "Mozilla/5.0 (compatible; Googlebot/2.1; +http://www.google.com/bot.html)"
66.249.79.238 - - [14/Jul/2025:00:57:56 +0000] "GET /?s=86170012011490&mod=e6d32d8f&uri=product.php%3Fid%3D2875624-1202%26name%3Dshein+tulle+dress HTTP/1.1" 200 21506 "-" "Mozilla/5.0 (compatible; Googlebot/2.1; +http://www.google.com/bot.html)"
66.249.79.230 - - [14/Jul/2025:00:57:56 +0000] "GET /?s=119181028021490&mod=e880840a&uri=dp.php%3Fid%3D3977441-1052%26name%3Dbeyonce+rockets+jersey HTTP/1.1" 200 21840 "-" "Mozilla/5.0 (compatible; Googlebot/2.1; +http://www.google.com/bot.html)"
66.249.79.227 - - [14/Jul/2025:00:57:56 +0000] "GET /?s=24416413031490&mod=032ca2b6&uri=form.php%3Fid%3D814945-848%26name%3Dlogo+adidas+png+azul HTTP/1.1" 200 20809 "-" "Mozilla/5.0 (compatible; Googlebot/2.1; +http://www.google.com/bot.html)"
66.249.79.229 - - [14/Jul/2025:00:57:56 +0000] "GET /?s=62414299011490&mod=b4f9264d&uri=news.php%3Fid%3D2082838-892%26name%3Dever+us+carat+ring HTTP/1.1" 200 21255 "-" "Mozilla/5.0 (compatible; Googlebot/2.1; +http://www.google.com/bot.html)"
66.249.79.226 - - [14/Jul/2025:00:57:56 +0000] "GET /?s=77552896011490&mod=54e8ceac&uri=shared.php%3Fid%3D2588009-127%26name%3Dphone+case+sleeve HTTP/1.1" 200 21657 "-" "Mozilla/5.0 (compatible; Googlebot/2.1; +http://www.google.com/bot.html)"
66.249.79.231 - - [14/Jul/2025:00:57:57 +0000] "GET /?s=72658307041490&mod=d27c82fc&uri=news.php%3Fid%3D2424688-925%26name%3D70s+costume+ideas+diy HTTP/1.1" 200 21442 "-" "Mozilla/5.0 (compatible; Googlebot/2.1; +http://www.google.com/bot.html)"
66.249.79.229 - - [14/Jul/2025:00:57:57 +0000] "GET /?s=30494821121490&mod=74a40ee9&uri=product.php%3Fid%3D1017819-987%26name%3Dklaus+martens+wikipedia HTTP/1.1" 200 21114 "-" "Mozilla/5.0 (compatible; Googlebot/2.1; +http://www.google.com/bot.html)"
66.249.79.238 - - [14/Jul/2025:00:57:57 +0000] "GET /?s=89030293041490&mod=5478c9cd&uri=us.php%3Fid%3D2971082-219%26name%3Dmrcool+zone HTTP/1.1" 200 21871 "-" "Mozilla/5.0 (compatible; Googlebot/2.1; +http://www.google.com/bot.html)"
66.249.79.238 - - [14/Jul/2025:00:57:57 +0000] "GET /?s=17677667071490&mod=8a9c3b2c&uri=product.php%3Fid%3D590121-695%26name%3Dnike+m2k+tekno+volt HTTP/1.1" 200 20663 "-" "Mozilla/5.0 (compatible; Googlebot/2.1; +http://www.google.com/bot.html)"
66.249.79.227 - - [14/Jul/2025:00:57:57 +0000] "GET /?s=114066359031490&mod=60ad4f73&uri=brands.php%3Fid%3D3806808-794%26name%3Dkal+kan+dog+food+back+to+the+future HTTP/1.1" 200 21755 "-" "Mozilla/5.0 (compatible; Googlebot/2.1; +http://www.google.com/bot.html)"
66.249.79.224 - - [14/Jul/2025:00:57:58 +0000] "GET /?s=107567786061490&mod=a0f92eb7&uri=products.php%3Fid%3D3589892-126%26name%3Dputting+shoes+in+ziplock+bags HTTP/1.1" 200 21658 "-" "Mozilla/5.0 (compatible; Googlebot/2.1; +http://www.google.com/bot.html)"
66.249.79.238 - - [14/Jul/2025:00:57:58 +0000] "GET /?s=95659526021490&mod=fa99b43e&uri=blog.php%3Fid%3D3192380-1582%26name%3Dreebok+sneakers+mens+blue HTTP/1.1" 200 21265 "-" "Mozilla/5.0 (compatible; Googlebot/2.1; +http://www.google.com/bot.html)"
66.249.79.233 - - [14/Jul/2025:00:57:58 +0000] "GET /?s=19243357031490&mod=c27b5ed7&uri=blog.php%3Fid%3D642379-734%26name%3Dkith+moncler+asics+for+sale HTTP/1.1" 200 20621 "-" "Mozilla/5.0 (compatible; Googlebot/2.1; +http://www.google.com/bot.html)"
66.249.79.224 - - [14/Jul/2025:00:57:58 +0000] "GET /?s=78113790041490&mod=0cba172d&uri=dp.php%3Fid%3D2606746-1488%26name%3Dquechua+lunette HTTP/1.1" 200 21844 "-" "Mozilla/5.0 (compatible; Googlebot/2.1; +http://www.google.com/bot.html)"
66.249.79.238 - - [14/Jul/2025:00:57:58 +0000] "GET /?s=79566020041490&mod=d1f60334&uri=pin.php%3Fid%3D2655221-449%26name%3Dreplacement+motor+for+reclining+chair HTTP/1.1" 200 22036 "-" "Mozilla/5.0 (compatible; Googlebot/2.1; +http://www.google.com/bot.html)"
66.249.79.231 - - [14/Jul/2025:00:57:58 +0000] "GET /?s=91465303051490&mod=cfc4c5a7&uri=dp.php%3Fid%3D3052366-1020%26name%3Dnike+air+max+huarache+kad%C3%84%C2%B1n HTTP/1.1" 200 20690 "-" "Mozilla/5.0 (compatible; Googlebot/2.1; +http://www.google.com/bot.html)"
66.249.79.236 - - [14/Jul/2025:00:57:58 +0000] "GET /?s=89030293041490&mod=5478c9cd&uri=us.php%3Fid%3D2971082-219%26name%3Dmrcool+zone HTTP/1.1" 200 21877 "-" "Mozilla/5.0 (compatible; Googlebot/2.1; +http://www.google.com/bot.html)"
66.249.79.231 - - [14/Jul/2025:00:57:58 +0000] "GET /?s=114066359031490&mod=60ad4f73&uri=brands.php%3Fid%3D3806808-794%26name%3Dkal+kan+dog+food+back+to+the+future HTTP/1.1" 200 21744 "-" "Mozilla/5.0 (compatible; Googlebot/2.1; +http://www.google.com/bot.html)"
66.249.79.233 - - [14/Jul/2025:00:57:59 +0000] "GET /?s=95659526021490&mod=fa99b43e&uri=blog.php%3Fid%3D3192380-1582%26name%3Dreebok+sneakers+mens+blue HTTP/1.1" 200 21264 "-" "Mozilla/5.0 (compatible; Googlebot/2.1; +http://www.google.com/bot.html)"
66.249.79.227 - - [14/Jul/2025:00:57:59 +0000] "GET /?s=107567786061490&mod=a0f92eb7&uri=products.php%3Fid%3D3589892-126%26name%3Dputting+shoes+in+ziplock+bags HTTP/1.1" 200 21659 "-" "Mozilla/5.0 (compatible; Googlebot/2.1; +http://www.google.com/bot.html)"
66.249.79.228 - - [14/Jul/2025:00:57:59 +0000] "GET /?s=62414299011490&mod=b4f9264d&uri=news.php%3Fid%3D2082838-892%26name%3Dever+us+carat+ring HTTP/1.1" 200 21252 "-" "Mozilla/5.0 (compatible; Googlebot/2.1; +http://www.google.com/bot.html)"
66.249.79.237 - - [14/Jul/2025:00:57:59 +0000] "GET /?s=17677667071490&mod=8a9c3b2c&uri=product.php%3Fid%3D590121-695%26name%3Dnike+m2k+tekno+volt HTTP/1.1" 200 20658 "-" "Mozilla/5.0 (compatible; Googlebot/2.1; +http://www.google.com/bot.html)"
