66.249.79.237 - - [14/Jul/2025:01:17:24 +0000] "GET /?s=95707788001490&mod=5499df60&uri=shared.php%3Fid%3D3193992-463%26name%3Dgigabyte+b450+ds3h+overclock HTTP/1.1" 200 22200 "-" "Mozilla/5.0 (compatible; Googlebot/2.1; +http://www.google.com/bot.html)"
66.249.79.237 - - [14/Jul/2025:01:17:24 +0000] "GET /?s=72810270031490&mod=f36c9507&uri=category-info.php%3Fid%3D2429756-314%26name%3Djacke+tom+tailor HTTP/1.1" 200 22063 "-" "Mozilla/5.0 (compatible; Googlebot/2.1; +http://www.google.com/bot.html)"
66.249.79.237 - - [14/Jul/2025:01:17:25 +0000] "GET /feature/yokohama_maruicity/index.html HTTP/1.1" 200 21613 "-" "Mozilla/5.0 (compatible; Googlebot/2.1; +http://www.google.com/bot.html)"
66.249.79.236 - - [14/Jul/2025:01:17:25 +0000] "GET /?s=47569480021490&mod=3202ef70&uri=us.php%3Fid%3D1587505-1247%26name%3Dchicos+denim+jeggings HTTP/1.1" 200 21095 "-" "Mozilla/5.0 (Linux; Android 6.0.1; Nexus 5X Build/MMB29P) AppleWebKit/537.36 (KHTML, like Gecko) Chrome/137.0.7151.103 Mobile Safari/537.36 (compatible; Googlebot/2.1; +http://www.google.com/bot.html)"
66.249.79.237 - - [14/Jul/2025:01:17:25 +0000] "GET /?s=95712828031490&mod=5499df60&uri=news.php%3Fid%3D3194160-463%26name%3Dz270+mobo HTTP/1.1" 200 21605 "-" "Mozilla/5.0 (compatible; Googlebot/2.1; +http://www.google.com/bot.html)"
66.249.79.237 - - [14/Jul/2025:01:17:26 +0000] "GET /?s=72805950031490&mod=e996baa3&uri=goods.php%3Fid%3D2429612-312%26name%3Dprecio+tenis+keds HTTP/1.1" 200 21042 "-" "Mozilla/5.0 (compatible; Googlebot/2.1; +http://www.google.com/bot.html)"
66.249.79.236 - - [14/Jul/2025:01:17:26 +0000] "GET /?s=107618172001490&mod=751d5152&uri=category-info.php%3Fid%3D3591573-109%26name%3Dyeezy+quantum+vs+barium HTTP/1.1" 200 22252 "-" "Mozilla/5.0 (compatible; Googlebot/2.1; +http://www.google.com/bot.html)"
66.249.79.237 - - [14/Jul/2025:01:17:26 +0000] "GET /?s=52948910011490&mod=dd7f4b79&uri=product.php%3Fid%3D1766952-1303%26name%3Dvans+x+marvel+toddler+authentic HTTP/1.1" 200 21002 "-" "Mozilla/5.0 (Linux; Android 6.0.1; Nexus 5X Build/MMB29P) AppleWebKit/537.36 (KHTML, like Gecko) Chrome/137.0.7151.103 Mobile Safari/537.36 (compatible; Googlebot/2.1; +http://www.google.com/bot.html)"
66.249.79.237 - - [14/Jul/2025:01:17:27 +0000] "GET /feature/osu_main/index.html HTTP/1.1" 200 21883 "-" "Mozilla/5.0 (compatible; Googlebot/2.1; +http://www.google.com/bot.html)"
66.249.79.236 - - [14/Jul/2025:01:17:27 +0000] "GET /?s=42357376061490&mod=0fa31f40&uri=goods.php%3Fid%3D1413638-1184%26name%3Ddr+martens+sinclair HTTP/1.1" 200 20582 "-" "Mozilla/5.0 (Linux; Android 6.0.1; Nexus 5X Build/MMB29P) AppleWebKit/537.36 (KHTML, like Gecko) Chrome/137.0.7151.103 Mobile Safari/537.36 (compatible; Googlebot/2.1; +http://www.google.com/bot.html)"
66.249.79.237 - - [14/Jul/2025:01:17:27 +0000] "GET /?s=55358207001490&mod=030ac9d3&uri=article.php%3Fid%3D1847345-365%26name%3Dnew+balance+880+men+paris HTTP/1.1" 200 21870 "-" "Mozilla/5.0 (Linux; Android 6.0.1; Nexus 5X Build/MMB29P) AppleWebKit/537.36 (KHTML, like Gecko) Chrome/137.0.7151.103 Mobile Safari/537.36 (compatible; Googlebot/2.1; +http://www.google.com/bot.html)"
66.249.79.236 - - [14/Jul/2025:01:17:28 +0000] "GET /?s=59491796011490&mod=efc56a40&uri=category-info.php%3Fid%3D1985276-1358%26name%3Dpuma+men%27s+snow+boots HTTP/1.1" 200 22609 "-" "Mozilla/5.0 (Linux; Android 6.0.1; Nexus 5X Build/MMB29P) AppleWebKit/537.36 (KHTML, like Gecko) Chrome/137.0.7151.103 Mobile Safari/537.36 (compatible; Googlebot/2.1; +http://www.google.com/bot.html)"
66.249.79.236 - - [14/Jul/2025:01:17:28 +0000] "GET /?s=107618532001490&mod=751d5152&uri=pin.php%3Fid%3D3591585-109%26name%3Dwhich+is+cheaper+adidas+or+nike HTTP/1.1" 200 22124 "-" "Mozilla/5.0 (compatible; Googlebot/2.1; +http://www.google.com/bot.html)"
66.249.79.237 - - [14/Jul/2025:01:17:28 +0000] "GET /?s=107615399051490&mod=b93f5529&uri=search.php%3Fid%3D3591480-106%26name%3Dla+polo+sneaker HTTP/1.1" 200 21973 "-" "Mozilla/5.0 (compatible; Googlebot/2.1; +http://www.google.com/bot.html)"
66.249.79.236 - - [14/Jul/2025:01:17:29 +0000] "POST /get-message-notify HTTP/1.1" 200 22038 "https://gardenify.com.au/?s=110113269011490&mod=9d6345fd&uri=news.php%3Fid%3D3674820-1668%26name%3Dmsi+z270+gaming+pro" "Mozilla/5.0 (Linux; Android 6.0.1; Nexus 5X Build/MMB29P) AppleWebKit/537.36 (KHTML, like Gecko) Chrome/137.0.7151.119 Mobile Safari/537.36 (compatible; Googlebot/2.1; +http://www.google.com/bot.html)"
66.249.79.237 - - [14/Jul/2025:01:17:29 +0000] "GET /feature/sale2411-5/index.html HTTP/1.1" 200 22267 "-" "Mozilla/5.0 (compatible; Googlebot/2.1; +http://www.google.com/bot.html)"
66.249.79.237 - - [14/Jul/2025:01:17:30 +0000] "GET /?s=96251425021490&mod=fa99b43e&uri=info.php%3Fid%3D3212124-1582%26name%3Dfootball+boots+online+australia HTTP/1.1" 200 21932 "-" "Mozilla/5.0 (compatible; Googlebot/2.1; +http://www.google.com/bot.html)"
66.249.79.237 - - [14/Jul/2025:01:17:30 +0000] "GET /?s=95708418011490&mod=5499df60&uri=blog.php%3Fid%3D3194013-463%26name%3Dasus+zenfone+max+motherboard HTTP/1.1" 200 22094 "-" "Mozilla/5.0 (compatible; Googlebot/2.1; +http://www.google.com/bot.html)"
66.249.79.238 - - [14/Jul/2025:01:17:31 +0000] "GET /?s=107621029091490&mod=69bfa2aa&uri=blog.php%3Fid%3D3591669-107%26name%3Dpumas+for+sale+near+me HTTP/1.1" 200 21848 "-" "Mozilla/5.0 (compatible; Googlebot/2.1; +http://www.google.com/bot.html)"
66.249.79.237 - - [14/Jul/2025:01:17:31 +0000] "GET /pcmypage HTTP/1.1" 200 21261 "-" "Mozilla/5.0 (compatible; Googlebot/2.1; +http://www.google.com/bot.html)"
66.249.79.236 - - [14/Jul/2025:01:17:31 +0000] "GET /?s=72808920121490&mod=f36c9507&uri=shared.php%3Fid%3D2429711-314%26name%3Dhelstons+racer+lederjacke HTTP/1.1" 200 22123 "-" "Mozilla/5.0 (compatible; Googlebot/2.1; +http://www.google.com/bot.html)"
66.249.79.236 - - [14/Jul/2025:01:17:32 +0000] "GET /pcmypage?callback=/product%2Fdetail%2F72819709022490 HTTP/1.1" 200 22052 "-" "Mozilla/5.0 (compatible; Googlebot/2.1; +http://www.google.com/bot.html)"
66.249.79.237 - - [14/Jul/2025:01:17:32 +0000] "GET /?s=95711298021490&mod=5499df60&uri=shared.php%3Fid%3D3194109-463%26name%3Dwhat+is+the+best+chipset+for+gaming HTTP/1.1" 200 21525 "-" "Mozilla/5.0 (compatible; Googlebot/2.1; +http://www.google.com/bot.html)"
66.249.79.236 - - [14/Jul/2025:01:17:32 +0000] "GET /feature/akihabara_main/index.html HTTP/1.1" 200 21486 "-" "Mozilla/5.0 (compatible; Googlebot/2.1; +http://www.google.com/bot.html)"
66.249.79.237 - - [14/Jul/2025:01:17:32 +0000] "GET /?s=72810540061490&mod=1fd25420&uri=pin.php%3Fid%3D2429765-738%26name%3Ddoudoune+ski+moncler HTTP/1.1" 200 21332 "-" "Mozilla/5.0 (compatible; Googlebot/2.1; +http://www.google.com/bot.html)"
66.249.79.237 - - [14/Jul/2025:01:17:33 +0000] "GET /?s=95710578061490&mod=5499df60&uri=pin.php%3Fid%3D3194085-463%26name%3Dhow+to+see+which+motherboard+i+have HTTP/1.1" 200 21948 "-" "Mozilla/5.0 (compatible; Googlebot/2.1; +http://www.google.com/bot.html)"
66.249.79.238 - - [14/Jul/2025:01:17:33 +0000] "GET /?s=107617992021490&mod=69bfa2aa&uri=us.php%3Fid%3D3591567-107%26name%3Deuro+size+to+us HTTP/1.1" 200 22543 "-" "Mozilla/5.0 (compatible; Googlebot/2.1; +http://www.google.com/bot.html)"
66.249.79.238 - - [14/Jul/2025:01:17:33 +0000] "GET /?s=72805410001490&mod=f36c9507&uri=itm.php%3Fid%3D2429594-314%26name%3Dfeuerwehrmann+sam+stoff+baumwolle HTTP/1.1" 200 21742 "-" "Mozilla/5.0 (compatible; Googlebot/2.1; +http://www.google.com/bot.html)"
66.249.79.236 - - [14/Jul/2025:01:17:34 +0000] "GET /?s=72809730091490&mod=f36c9507&uri=itm.php%3Fid%3D2429738-314%26name%3Dhugo+boss+lederjacke+orange HTTP/1.1" 200 22119 "-" "Mozilla/5.0 (compatible; Googlebot/2.1; +http://www.google.com/bot.html)"
66.249.79.224 - - [14/Jul/2025:01:17:34 +0000] "GET /feature/honten/index.html HTTP/1.1" 200 22607 "-" "Mozilla/5.0 (compatible; Googlebot/2.1; +http://www.google.com/bot.html)"
66.249.79.237 - - [14/Jul/2025:01:17:35 +0000] "GET /?s=107618712001490&mod=3c2e55b3&uri=brands.php%3Fid%3D3591591-108%26name%3Dladies+karrimor+walking+shoes HTTP/1.1" 200 22048 "-" "Mozilla/5.0 (compatible; Googlebot/2.1; +http://www.google.com/bot.html)"
66.249.79.237 - - [14/Jul/2025:01:17:35 +0000] "POST /get-message-notify HTTP/1.1" 200 22034 "https://gardenify.com.au/?s=59491796011490&mod=efc56a40&uri=category-info.php%3Fid%3D1985276-1358%26name%3Dpuma+men%27s+snow+boots" "Mozilla/5.0 (Linux; Android 6.0.1; Nexus 5X Build/MMB29P) AppleWebKit/537.36 (KHTML, like Gecko) Chrome/137.0.7151.119 Mobile Safari/537.36 (compatible; Googlebot/2.1; +http://www.google.com/bot.html)"
66.249.79.238 - - [14/Jul/2025:01:17:35 +0000] "GET /?s=107621294031490&mod=b93f5529&uri=article.php%3Fid%3D3591678-106%26name%3Dflipkart+per+juta HTTP/1.1" 200 22298 "-" "Mozilla/5.0 (compatible; Googlebot/2.1; +http://www.google.com/bot.html)"
66.249.79.224 - - [14/Jul/2025:01:17:41 +0000] "POST /get-message-notify HTTP/1.1" 200 22051 "https://gardenify.com.au/?s=72675042021490&mod=39f55b52&uri=shop.php%3Fid%3D2425246-1373%26name%3Daf1+low+volt" "Mozilla/5.0 AppleWebKit/537.36 (KHTML, like Gecko; compatible; Googlebot/2.1; +http://www.google.com/bot.html) Chrome/137.0.7151.119 Safari/537.36"
66.249.79.224 - - [14/Jul/2025:01:17:42 +0000] "POST /get-message-notify HTTP/1.1" 200 22044 "https://gardenify.com.au/?s=24881460131490&mod=cfc9acc5&uri=news.php%3Fid%3D830453-515%26name%3Dzapatillas+trekking+ripley" "Mozilla/5.0 (Linux; Android 6.0.1; Nexus 5X Build/MMB29P) AppleWebKit/537.36 (KHTML, like Gecko) Chrome/137.0.7151.119 Mobile Safari/537.36 (compatible; Googlebot/2.1; +http://www.google.com/bot.html)"
66.249.79.238 - - [14/Jul/2025:01:17:43 +0000] "POST /get-message-notify HTTP/1.1" 200 22034 "https://gardenify.com.au/?s=95697232031490&mod=daccd877&uri=article.php%3Fid%3D3193640-233%26name%3Dalquiler+y+venta+de+vestidos" "Mozilla/5.0 AppleWebKit/537.36 (KHTML, like Gecko; compatible; Googlebot/2.1; +http://www.google.com/bot.html) Chrome/137.0.7151.119 Safari/537.36"
66.249.79.236 - - [14/Jul/2025:01:17:44 +0000] "POST /get-message-notify HTTP/1.1" 200 22047 "https://gardenify.com.au/?s=24881460131490&mod=cfc9acc5&uri=news.php%3Fid%3D830453-515%26name%3Dzapatillas+trekking+ripley" "Mozilla/5.0 (Linux; Android 6.0.1; Nexus 5X Build/MMB29P) AppleWebKit/537.36 (KHTML, like Gecko) Chrome/137.0.7151.119 Mobile Safari/537.36 (compatible; Googlebot/2.1; +http://www.google.com/bot.html)"
66.249.79.224 - - [14/Jul/2025:01:17:51 +0000] "POST /get-message-notify HTTP/1.1" 200 22035 "https://gardenify.com.au/feature/osu_main/index.html" "Mozilla/5.0 AppleWebKit/537.36 (KHTML, like Gecko; compatible; Googlebot/2.1; +http://www.google.com/bot.html) Chrome/137.0.7151.119 Safari/537.36"
66.249.79.224 - - [14/Jul/2025:01:17:51 +0000] "POST /get-message-notify HTTP/1.1" 200 22035 "https://gardenify.com.au/?s=4127735021490&mod=2ff9dc13&uri=article.php%3Fid%3D137772-249%26name%3Dnike+thea+billig" "Mozilla/5.0 (Linux; Android 6.0.1; Nexus 5X Build/MMB29P) AppleWebKit/537.36 (KHTML, like Gecko) Chrome/137.0.7151.119 Mobile Safari/537.36 (compatible; Googlebot/2.1; +http://www.google.com/bot.html)"
209.74.77.214 - - [14/Jul/2025:01:18:22 +0000] "POST /wp-cron.php?doing_wp_cron=1752455902.4168350696563720703125 HTTP/1.1" 200 - "-" "WordPress/6.8.1; https://gardenify.com.au"
66.249.79.224 - - [14/Jul/2025:01:18:21 +0000] "GET /?s=1174461071490&mod=df7e148c&uri=news.php%3Fid%3D39211-76%26name%3Dmasaje+para+contractura+isquiotibial HTTP/1.1" 200 11789 "-" "Mozilla/5.0 (Linux; Android 6.0.1; Nexus 5X Build/MMB29P) AppleWebKit/537.36 (KHTML, like Gecko) Chrome/137.0.7151.103 Mobile Safari/537.36 (compatible; GoogleOther)"
209.74.77.214 - - [14/Jul/2025:01:18:22 +0000] "POST /wp-admin/admin-ajax.php?action=async_litespeed&nonce=YCb490ewoSTwBvd74MKpJUkz7cID5r45&litespeed_type=imgoptm HTTP/1.1" 200 21 "-" "WordPress/6.8.1; https://gardenify.com.au"
66.249.79.237 - - [14/Jul/2025:01:18:24 +0000] "GET /wp-content/themes/Divi/includes/builder/feature/dynamic-assets/assets/js/jquery.fitvids.js?ver=4.27.4 HTTP/1.1" 200 1341 "https://gardenify.com.au/?s=1174461071490&mod=df7e148c&uri=news.php%3Fid%3D39211-76%26name%3Dmasaje+para+contractura+isquiotibial" "Mozilla/5.0 (Linux; Android 6.0.1; Nexus 5X Build/MMB29P) AppleWebKit/537.36 (KHTML, like Gecko) Chrome/137.0.7151.119 Mobile Safari/537.36 (compatible; Googlebot/2.1; +http://www.google.com/bot.html)"
66.249.79.238 - - [14/Jul/2025:01:18:25 +0000] "GET /wp-content/et-cache/search/et-divi-dynamic.css?ver=1752192000 HTTP/1.1" 200 10427 "https://gardenify.com.au/?s=1174461071490&mod=df7e148c&uri=news.php%3Fid%3D39211-76%26name%3Dmasaje+para+contractura+isquiotibial" "Mozilla/5.0 (Linux; Android 6.0.1; Nexus 5X Build/MMB29P) AppleWebKit/537.36 (KHTML, like Gecko) Chrome/137.0.7151.119 Mobile Safari/537.36 (compatible; Googlebot/2.1; +http://www.google.com/bot.html)"
66.249.79.237 - - [14/Jul/2025:01:18:26 +0000] "GET /wp-content/et-cache/global/et-divi-customizer-global.min.css?ver=1745564093 HTTP/1.1" 200 388 "https://gardenify.com.au/?s=1174461071490&mod=df7e148c&uri=news.php%3Fid%3D39211-76%26name%3Dmasaje+para+contractura+isquiotibial" "Mozilla/5.0 (Linux; Android 6.0.1; Nexus 5X Build/MMB29P) AppleWebKit/537.36 (KHTML, like Gecko) Chrome/137.0.7151.119 Mobile Safari/537.36 (compatible; Googlebot/2.1; +http://www.google.com/bot.html)"
66.249.79.236 - - [14/Jul/2025:01:18:35 +0000] "GET /?s=45824979041490&mod=49afa3a1&uri=brands.php%3Fid%3D1529317-89%26name%3Dwaisted+waist+trainer HTTP/1.1" 200 11792 "-" "Mozilla/5.0 (Linux; Android 6.0.1; Nexus 5X Build/MMB29P) AppleWebKit/537.36 (KHTML, like Gecko) Chrome/137.0.7151.103 Mobile Safari/537.36 (compatible; GoogleOther)"
66.249.79.236 - - [14/Jul/2025:01:19:30 +0000] "GET /?s=72672257041490&mod=f148268a&uri=itm.php%3Fid%3D2425153-633%26name%3Dlow+sage+air+force+ones HTTP/1.1" 200 22312 "-" "Mozilla/5.0 (compatible; Googlebot/2.1; +http://www.google.com/bot.html)"
66.249.79.236 - - [14/Jul/2025:01:19:31 +0000] "POST /get-message-notify HTTP/1.1" 200 22031 "https://gardenify.com.au/?s=47569480021490&mod=3202ef70&uri=us.php%3Fid%3D1587505-1247%26name%3Dchicos+denim+jeggings" "Mozilla/5.0 (Linux; Android 6.0.1; Nexus 5X Build/MMB29P) AppleWebKit/537.36 (KHTML, like Gecko) Chrome/137.0.7151.119 Mobile Safari/537.36 (compatible; Googlebot/2.1; +http://www.google.com/bot.html)"
66.249.79.236 - - [14/Jul/2025:01:19:31 +0000] "POST /get-message-notify HTTP/1.1" 200 22039 "https://gardenify.com.au/?s=110113269011490&mod=9d6345fd&uri=news.php%3Fid%3D3674820-1668%26name%3Dmsi+z270+gaming+pro" "Mozilla/5.0 (Linux; Android 6.0.1; Nexus 5X Build/MMB29P) AppleWebKit/537.36 (KHTML, like Gecko) Chrome/137.0.7151.119 Mobile Safari/537.36 (compatible; Googlebot/2.1; +http://www.google.com/bot.html)"
66.249.79.236 - - [14/Jul/2025:01:19:32 +0000] "GET /?s=13045977031490&mod=796e0c16&uri=shared.php%3Fid%3D435586-587%26name%3Dbotas+de+futbol+adidas+blancas+y+doradas HTTP/1.1" 200 21552 "-" "Mozilla/5.0 (Linux; Android 6.0.1; Nexus 5X Build/MMB29P) AppleWebKit/537.36 (KHTML, like Gecko) Chrome/137.0.7151.103 Mobile Safari/537.36 (compatible; Googlebot/2.1; +http://www.google.com/bot.html)"
66.249.79.236 - - [14/Jul/2025:01:19:32 +0000] "POST /get-message-notify HTTP/1.1" 200 22051 "https://gardenify.com.au/?s=106756343041490&mod=586968c6&uri=product.php%3Fid%3D3562812-1129%26name%3Dnike+reposto+men%27s+white" "Mozilla/5.0 (Linux; Android 6.0.1; Nexus 5X Build/MMB29P) AppleWebKit/537.36 (KHTML, like Gecko) Chrome/137.0.7151.119 Mobile Safari/537.36 (compatible; Googlebot/2.1; +http://www.google.com/bot.html)"
209.74.77.214 - - [14/Jul/2025:01:19:32 +0000] "POST /wp-cron.php?doing_wp_cron=1752455972.8396348953247070312500 HTTP/1.1" 200 - "-" "WordPress/6.8.1; https://gardenify.com.au"
66.249.79.236 - - [14/Jul/2025:01:19:32 +0000] "GET /?s=79566020041490&mod=d1f60334&uri=pin.php%3Fid%3D2655221-449%26name%3Dreplacement+motor+for+reclining+chair HTTP/1.1" 200 11791 "-" "Mozilla/5.0 (Linux; Android 6.0.1; Nexus 5X Build/MMB29P) AppleWebKit/537.36 (KHTML, like Gecko) Chrome/137.0.7151.103 Mobile Safari/537.36 (compatible; GoogleOther)"
209.74.77.214 - - [14/Jul/2025:01:19:32 +0000] "POST /wp-admin/admin-ajax.php?action=async_litespeed&nonce=VOBbbgHuIurenvuqF0Ubgnra11IOZ0o4&litespeed_type=imgoptm HTTP/1.1" 200 21 "-" "WordPress/6.8.1; https://gardenify.com.au"
66.249.79.236 - - [14/Jul/2025:01:19:32 +0000] "GET /?s=95659676001490&mod=fa99b43e&uri=article.php%3Fid%3D3192385-1582%26name%3Dreebok+club+c+85+mens+red HTTP/1.1" 200 21173 "-" "Mozilla/5.0 (compatible; Googlebot/2.1; +http://www.google.com/bot.html)"
66.249.79.236 - - [14/Jul/2025:01:19:33 +0000] "GET /?s=9877164081490&mod=34390147&uri=product.php%3Fid%3D329816-419%26name%3Dpantalon+pana+mujer+corte+ingles HTTP/1.1" 200 21478 "-" "Mozilla/5.0 (Linux; Android 6.0.1; Nexus 5X Build/MMB29P) AppleWebKit/537.36 (KHTML, like Gecko) Chrome/137.0.7151.103 Mobile Safari/537.36 (compatible; Googlebot/2.1; +http://www.google.com/bot.html)"
66.249.79.236 - - [14/Jul/2025:01:19:33 +0000] "GET /?s=38077035001490&mod=b00533a2&uri=dp.php%3Fid%3D1270839-1122%26name%3D3rensho+allez HTTP/1.1" 200 21788 "-" "Mozilla/5.0 (Linux; Android 6.0.1; Nexus 5X Build/MMB29P) AppleWebKit/537.36 (KHTML, like Gecko) Chrome/137.0.7151.103 Mobile Safari/537.36 (compatible; Googlebot/2.1; +http://www.google.com/bot.html)"
66.249.79.236 - - [14/Jul/2025:01:19:33 +0000] "POST /get-message-notify HTTP/1.1" 200 22048 "https://gardenify.com.au/?s=52948910011490&mod=dd7f4b79&uri=product.php%3Fid%3D1766952-1303%26name%3Dvans+x+marvel+toddler+authentic" "Mozilla/5.0 (Linux; Android 6.0.1; Nexus 5X Build/MMB29P) AppleWebKit/537.36 (KHTML, like Gecko) Chrome/137.0.7151.119 Mobile Safari/537.36 (compatible; Googlebot/2.1; +http://www.google.com/bot.html)"
66.249.79.236 - - [14/Jul/2025:01:19:34 +0000] "GET /?s=8776377051490&mod=1094c88c&uri=shared.php%3Fid%3D293056-451%26name%3Djacket+with+blue+jeans HTTP/1.1" 200 21027 "-" "Mozilla/5.0 (Linux; Android 6.0.1; Nexus 5X Build/MMB29P) AppleWebKit/537.36 (KHTML, like Gecko) Chrome/137.0.7151.103 Mobile Safari/537.36 (compatible; Googlebot/2.1; +http://www.google.com/bot.html)"
66.249.79.236 - - [14/Jul/2025:01:19:35 +0000] "GET /safe_search/config?return_url=%2Fproduct%2Fdetail%2F95713368010490 HTTP/1.1" 200 22134 "-" "Mozilla/5.0 (compatible; Googlebot/2.1; +http://www.google.com/bot.html)"
66.249.79.236 - - [14/Jul/2025:01:19:36 +0000] "GET /?s=4590919061490&mod=ddf20ca9&uri=shared.php%3Fid%3D153230-280%26name%3Dskyrim+sweatshirt HTTP/1.1" 200 20955 "-" "Mozilla/5.0 (Linux; Android 6.0.1; Nexus 5X Build/MMB29P) AppleWebKit/537.36 (KHTML, like Gecko) Chrome/137.0.7151.103 Mobile Safari/537.36 (compatible; Googlebot/2.1; +http://www.google.com/bot.html)"
66.249.79.236 - - [14/Jul/2025:01:19:36 +0000] "GET /?s=4584349031490&mod=1c1c4d29&uri=search.php%3Fid%3D153011-278%26name%3Dnorthside+toddler+boots HTTP/1.1" 200 20565 "-" "Mozilla/5.0 (Linux; Android 6.0.1; Nexus 5X Build/MMB29P) AppleWebKit/537.36 (KHTML, like Gecko) Chrome/137.0.7151.103 Mobile Safari/537.36 (compatible; Googlebot/2.1; +http://www.google.com/bot.html)"
66.249.79.236 - - [14/Jul/2025:01:19:37 +0000] "GET /?s=22488292021490&mod=503866b3&uri=pin.php%3Fid%3D750628-816%26name%3Dgraduation+jordans+2018 HTTP/1.1" 200 20905 "-" "Mozilla/5.0 (Linux; Android 6.0.1; Nexus 5X Build/MMB29P) AppleWebKit/537.36 (KHTML, like Gecko) Chrome/137.0.7151.103 Mobile Safari/537.36 (compatible; Googlebot/2.1; +http://www.google.com/bot.html)"
66.249.79.236 - - [14/Jul/2025:01:19:37 +0000] "GET /product_archives HTTP/1.1" 200 22141 "-" "Mozilla/5.0 (compatible; Googlebot/2.1; +http://www.google.com/bot.html)"
66.249.79.236 - - [14/Jul/2025:01:19:38 +0000] "GET /corporate HTTP/1.1" 404 11747 "-" "Mozilla/5.0 (Linux; Android 6.0.1; Nexus 5X Build/MMB29P) AppleWebKit/537.36 (KHTML, like Gecko) Chrome/137.0.7151.103 Mobile Safari/537.36 (compatible; GoogleOther)"
66.249.79.236 - - [14/Jul/2025:01:19:38 +0000] "GET /?s=73843784011490&mod=410d072d&uri=pin.php%3Fid%3D2464229-1418%26name%3Dnew+balance+996+enfant+2018 HTTP/1.1" 200 20201 "-" "Mozilla/5.0 (Linux; Android 6.0.1; Nexus 5X Build/MMB29P) AppleWebKit/537.36 (KHTML, like Gecko) Chrome/137.0.7151.103 Mobile Safari/537.36 (compatible; Googlebot/2.1; +http://www.google.com/bot.html)"
66.249.79.236 - - [14/Jul/2025:01:19:39 +0000] "GET /?s=95708508091490&mod=5499df60&uri=search.php%3Fid%3D3194016-463%26name%3Dasus+prime+q370m HTTP/1.1" 200 21390 "-" "Mozilla/5.0 (compatible; Googlebot/2.1; +http://www.google.com/bot.html)"
66.249.79.236 - - [14/Jul/2025:01:19:44 +0000] "POST /get-message-notify HTTP/1.1" 200 22044 "https://gardenify.com.au/?s=4590919061490&mod=ddf20ca9&uri=shared.php%3Fid%3D153230-280%26name%3Dskyrim+sweatshirt" "Mozilla/5.0 (Linux; Android 6.0.1; Nexus 5X Build/MMB29P) AppleWebKit/537.36 (KHTML, like Gecko) Chrome/137.0.7151.119 Mobile Safari/537.36 (compatible; Googlebot/2.1; +http://www.google.com/bot.html)"
66.249.79.236 - - [14/Jul/2025:01:19:39 +0000] "GET /?s=53643486001490&mod=918d58be&uri=dp.php%3Fid%3D1790121-172%26name%3Djordan+air+joggers HTTP/1.1" 200 21841 "-" "Mozilla/5.0 (Linux; Android 6.0.1; Nexus 5X Build/MMB29P) AppleWebKit/537.36 (KHTML, like Gecko) Chrome/137.0.7151.103 Mobile Safari/537.36 (compatible; Googlebot/2.1; +http://www.google.com/bot.html)"
66.249.79.237 - - [14/Jul/2025:01:19:49 +0000] "POST /get-message-notify HTTP/1.1" 200 22044 "https://gardenify.com.au/?s=22488292021490&mod=503866b3&uri=pin.php%3Fid%3D750628-816%26name%3Dgraduation+jordans+2018" "Mozilla/5.0 (Linux; Android 6.0.1; Nexus 5X Build/MMB29P) AppleWebKit/537.36 (KHTML, like Gecko) Chrome/137.0.7151.119 Mobile Safari/537.36 (compatible; Googlebot/2.1; +http://www.google.com/bot.html)"
66.249.79.237 - - [14/Jul/2025:01:19:44 +0000] "GET /?s=107617812041490&mod=3c2e55b3&uri=goods.php%3Fid%3D3591561-108%26name%3Dgoogle+serp+scraper HTTP/1.1" 200 22476 "-" "Mozilla/5.0 (compatible; Googlebot/2.1; +http://www.google.com/bot.html)"
66.249.79.237 - - [14/Jul/2025:01:19:50 +0000] "POST /get-message-notify HTTP/1.1" 200 22036 "https://gardenify.com.au/?s=4584349031490&mod=1c1c4d29&uri=search.php%3Fid%3D153011-278%26name%3Dnorthside+toddler+boots" "Mozilla/5.0 (Linux; Android 6.0.1; Nexus 5X Build/MMB29P) AppleWebKit/537.36 (KHTML, like Gecko) Chrome/137.0.7151.119 Mobile Safari/537.36 (compatible; Googlebot/2.1; +http://www.google.com/bot.html)"
66.249.79.236 - - [14/Jul/2025:01:19:50 +0000] "POST /get-message-notify HTTP/1.1" 200 22048 "https://gardenify.com.au/?s=8776377051490&mod=1094c88c&uri=shared.php%3Fid%3D293056-451%26name%3Djacket+with+blue+jeans" "Mozilla/5.0 (Linux; Android 6.0.1; Nexus 5X Build/MMB29P) AppleWebKit/537.36 (KHTML, like Gecko) Chrome/137.0.7151.119 Mobile Safari/537.36 (compatible; Googlebot/2.1; +http://www.google.com/bot.html)"
66.249.79.236 - - [14/Jul/2025:01:19:55 +0000] "GET /?s=72801090051490&mod=f36c9507&uri=form.php%3Fid%3D2429450-314%26name%3Dbaumwollstoff+mit+lochmuster HTTP/1.1" 200 22337 "-" "Mozilla/5.0 (compatible; Googlebot/2.1; +http://www.google.com/bot.html)"
66.249.79.236 - - [14/Jul/2025:01:19:55 +0000] "GET /?s=64558630011490&mod=a0f92eb7&uri=pin.php%3Fid%3D2154370-126%26name%3Dcbs91 HTTP/1.1" 200 22524 "-" "Mozilla/5.0 (compatible; Googlebot/2.1; +http://www.google.com/bot.html)"
66.249.79.237 - - [14/Jul/2025:01:19:56 +0000] "GET /?s=29946575111490&mod=21403c8d&uri=shop.php%3Fid%3D999532-971%26name%3Dwomens+asics+ortholite+shoes HTTP/1.1" 200 20577 "-" "Mozilla/5.0 (Linux; Android 6.0.1; Nexus 5X Build/MMB29P) AppleWebKit/537.36 (KHTML, like Gecko) Chrome/137.0.7151.103 Mobile Safari/537.36 (compatible; Googlebot/2.1; +http://www.google.com/bot.html)"
66.249.79.237 - - [14/Jul/2025:01:19:56 +0000] "GET /?s=107619432001490&mod=b93f5529&uri=products.php%3Fid%3D3591615-106%26name%3Ddunk+low+release HTTP/1.1" 200 22586 "-" "Mozilla/5.0 (compatible; Googlebot/2.1; +http://www.google.com/bot.html)"
66.249.79.236 - - [14/Jul/2025:01:19:57 +0000] "GET /?s=63846609061490&mod=bfc2a86b&uri=us.php%3Fid%3D2130617-1385%26name%3Dhomme+puma+vetement HTTP/1.1" 200 21077 "-" "Mozilla/5.0 (Linux; Android 6.0.1; Nexus 5X Build/MMB29P) AppleWebKit/537.36 (KHTML, like Gecko) Chrome/137.0.7151.103 Mobile Safari/537.36 (compatible; Googlebot/2.1; +http://www.google.com/bot.html)"
66.249.79.237 - - [14/Jul/2025:01:19:57 +0000] "GET /?s=72818629061490&mod=f36c9507&uri=info.php%3Fid%3D2430035-314%26name%3Djanie+and+jack+return+policy HTTP/1.1" 200 21884 "-" "Mozilla/5.0 (compatible; Googlebot/2.1; +http://www.google.com/bot.html)"
66.249.79.236 - - [14/Jul/2025:01:19:58 +0000] "GET /?s=95706798021490&mod=5499df60&uri=brands.php%3Fid%3D3193959-463%26name%3Dcom+motherboard HTTP/1.1" 200 21674 "-" "Mozilla/5.0 (compatible; Googlebot/2.1; +http://www.google.com/bot.html)"
66.249.79.236 - - [14/Jul/2025:01:19:58 +0000] "GET /?s=107619252041490&mod=3c2e55b3&uri=article.php%3Fid%3D3591609-108%26name%3Dserp+search+engine HTTP/1.1" 200 22594 "-" "Mozilla/5.0 (compatible; Googlebot/2.1; +http://www.google.com/bot.html)"
66.249.79.238 - - [14/Jul/2025:01:19:59 +0000] "GET /?s=107614949041490&mod=751d5152&uri=shared.php%3Fid%3D3591465-109%26name%3Dub+19+vs+20 HTTP/1.1" 200 22234 "-" "Mozilla/5.0 (compatible; Googlebot/2.1; +http://www.google.com/bot.html)"
66.249.79.237 - - [14/Jul/2025:01:19:59 +0000] "GET /wp-content/et-cache/global/et-divi-customizer-global.min.css?ver=1745564093 HTTP/1.1" 200 388 "https://gardenify.com.au/?s=45824979041490&mod=49afa3a1&uri=brands.php%3Fid%3D1529317-89%26name%3Dwaisted+waist+trainer" "Mozilla/5.0 (Linux; Android 6.0.1; Nexus 5X Build/MMB29P) AppleWebKit/537.36 (KHTML, like Gecko) Chrome/137.0.7151.119 Mobile Safari/537.36 (compatible; Googlebot/2.1; +http://www.google.com/bot.html)"
66.249.79.236 - - [14/Jul/2025:01:20:01 +0000] "GET /wp-content/themes/Divi/includes/builder/feature/dynamic-assets/assets/js/jquery.fitvids.js?ver=4.27.4 HTTP/1.1" 200 1341 "https://gardenify.com.au/?s=45824979041490&mod=49afa3a1&uri=brands.php%3Fid%3D1529317-89%26name%3Dwaisted+waist+trainer" "Mozilla/5.0 (Linux; Android 6.0.1; Nexus 5X Build/MMB29P) AppleWebKit/537.36 (KHTML, like Gecko) Chrome/137.0.7151.119 Mobile Safari/537.36 (compatible; Googlebot/2.1; +http://www.google.com/bot.html)"
66.249.79.237 - - [14/Jul/2025:01:20:01 +0000] "GET /?s=95708328031490&mod=5499df60&uri=form.php%3Fid%3D3194010-463%26name%3Dasus+gen+motherboard HTTP/1.1" 200 22072 "-" "Mozilla/5.0 (compatible; Googlebot/2.1; +http://www.google.com/bot.html)"
66.249.79.236 - - [14/Jul/2025:01:20:01 +0000] "GET /?s=95711118061490&mod=5499df60&uri=us.php%3Fid%3D3194103-463%26name%3Dgigabyte+a320m+vs+asus+a320m HTTP/1.1" 200 22327 "-" "Mozilla/5.0 (compatible; Googlebot/2.1; +http://www.google.com/bot.html)"
66.249.79.238 - - [14/Jul/2025:01:20:01 +0000] "GET /wp-content/et-cache/search/et-divi-dynamic.css?ver=1752192000 HTTP/1.1" 200 10427 "https://gardenify.com.au/?s=45824979041490&mod=49afa3a1&uri=brands.php%3Fid%3D1529317-89%26name%3Dwaisted+waist+trainer" "Mozilla/5.0 (Linux; Android 6.0.1; Nexus 5X Build/MMB29P) AppleWebKit/537.36 (KHTML, like Gecko) Chrome/137.0.7151.119 Mobile Safari/537.36 (compatible; Googlebot/2.1; +http://www.google.com/bot.html)"
66.249.79.236 - - [14/Jul/2025:01:20:02 +0000] "POST /get-message-notify HTTP/1.1" 200 22037 "https://gardenify.com.au/?s=63846609061490&mod=bfc2a86b&uri=us.php%3Fid%3D2130617-1385%26name%3Dhomme+puma+vetement" "Mozilla/5.0 (Linux; Android 6.0.1; Nexus 5X Build/MMB29P) AppleWebKit/537.36 (KHTML, like Gecko) Chrome/137.0.7151.119 Mobile Safari/537.36 (compatible; Googlebot/2.1; +http://www.google.com/bot.html)"
66.249.79.238 - - [14/Jul/2025:01:20:02 +0000] "GET /?s=72677832061490&mod=39f55b52&uri=article.php%3Fid%3D2425339-1373%26name%3Dmca+blue+off+white HTTP/1.1" 200 22452 "-" "Mozilla/5.0 (compatible; Googlebot/2.1; +http://www.google.com/bot.html)"
209.74.77.214 - - [14/Jul/2025:01:20:03 +0000] "POST /wp-cron.php?doing_wp_cron=1752456003.3026330471038818359375 HTTP/1.1" 200 - "-" "WordPress/6.8.1; https://gardenify.com.au"
66.249.79.236 - - [14/Jul/2025:01:20:03 +0000] "GET /?s=70445428011490&mod=4e701bcd&uri=products.php%3Fid%3D2350835-532%26name%3Ddiferencia+entre+anillo+de+compromiso+y+de+promesa HTTP/1.1" 200 11791 "-" "Mozilla/5.0 (Linux; Android 6.0.1; Nexus 5X Build/MMB29P) AppleWebKit/537.36 (KHTML, like Gecko) Chrome/137.0.7151.103 Mobile Safari/537.36 (compatible; GoogleOther)"
209.74.77.214 - - [14/Jul/2025:01:20:03 +0000] "POST /wp-admin/admin-ajax.php?action=async_litespeed&nonce=ynCMr4o1JvCHyEsQpiwOUOG3Kszo1qpf&litespeed_type=imgoptm HTTP/1.1" 200 21 "-" "WordPress/6.8.1; https://gardenify.com.au"
66.249.79.237 - - [14/Jul/2025:01:20:03 +0000] "POST /get-message-notify HTTP/1.1" 200 22036 "https://gardenify.com.au/?s=63846609061490&mod=bfc2a86b&uri=us.php%3Fid%3D2130617-1385%26name%3Dhomme+puma+vetement" "Mozilla/5.0 (Linux; Android 6.0.1; Nexus 5X Build/MMB29P) AppleWebKit/537.36 (KHTML, like Gecko) Chrome/137.0.7151.119 Mobile Safari/537.36 (compatible; Googlebot/2.1; +http://www.google.com/bot.html)"
66.249.79.237 - - [14/Jul/2025:01:20:03 +0000] "GET /?s=95710668011490&mod=5499df60&uri=info.php%3Fid%3D3194088-463%26name%3Dmpg+570 HTTP/1.1" 200 21682 "-" "Mozilla/5.0 (compatible; Googlebot/2.1; +http://www.google.com/bot.html)"
66.249.79.236 - - [14/Jul/2025:01:20:04 +0000] "GET /?s=72804600031490&mod=f36c9507&uri=shared.php%3Fid%3D2429567-314%26name%3Dpullover+mit+pailletten+zara HTTP/1.1" 200 21791 "-" "Mozilla/5.0 (compatible; Googlebot/2.1; +http://www.google.com/bot.html)"
66.249.79.237 - - [14/Jul/2025:01:20:04 +0000] "GET /feature/shoplist-friendly/index.html HTTP/1.1" 200 21964 "-" "Mozilla/5.0 (compatible; Googlebot/2.1; +http://www.google.com/bot.html)"
66.249.79.236 - - [14/Jul/2025:01:20:05 +0000] "GET /?s=95709678081490&mod=f36c9507&uri=brands.php%3Fid%3D3194055-314%26name%3Dvw+golf+jacke HTTP/1.1" 200 21309 "-" "Mozilla/5.0 (compatible; Googlebot/2.1; +http://www.google.com/bot.html)"
66.249.79.237 - - [14/Jul/2025:01:20:05 +0000] "GET /?s=107616928061490&mod=b93f5529&uri=shared.php%3Fid%3D3591531-106%26name%3Ddark+mocha+jordan+release HTTP/1.1" 200 22398 "-" "Mozilla/5.0 (compatible; Googlebot/2.1; +http://www.google.com/bot.html)"
66.249.79.236 - - [14/Jul/2025:01:20:06 +0000] "GET /?s=72818089001490&mod=2f9cd3c0&uri=blog.php%3Fid%3D2430017-811%26name%3Dog+hyper+blue HTTP/1.1" 200 22155 "-" "Mozilla/5.0 (compatible; Googlebot/2.1; +http://www.google.com/bot.html)"
66.249.79.236 - - [14/Jul/2025:01:20:06 +0000] "GET /kaden.html HTTP/1.1" 200 21778 "-" "Mozilla/5.0 (compatible; Googlebot/2.1; +http://www.google.com/bot.html)"
66.249.79.237 - - [14/Jul/2025:01:20:07 +0000] "GET /?s=72800010011490&mod=f36c9507&uri=us.php%3Fid%3D2429414-314%26name%3Dhilfiger+trenchcoat+blau HTTP/1.1" 200 22530 "-" "Mozilla/5.0 (compatible; Googlebot/2.1; +http://www.google.com/bot.html)"
66.249.79.237 - - [14/Jul/2025:01:20:07 +0000] "GET /?s=95706438021490&mod=5499df60&uri=article.php%3Fid%3D3193947-463%26name%3Dbest+socket+a+motherboard HTTP/1.1" 200 22043 "-" "Mozilla/5.0 (compatible; Googlebot/2.1; +http://www.google.com/bot.html)"
66.249.79.236 - - [14/Jul/2025:01:20:08 +0000] "GET /?s=107618802091490&mod=b93f5529&uri=us.php%3Fid%3D3591594-106%26name%3Dtucci+polo+mens+shoes HTTP/1.1" 200 21423 "-" "Mozilla/5.0 (compatible; Googlebot/2.1; +http://www.google.com/bot.html)"
66.249.79.237 - - [14/Jul/2025:01:20:08 +0000] "GET /?s=95713458021490&mod=5499df60&uri=form.php%3Fid%3D3194181-463%26name%3Dwhat+should+you+look+for+in+a+motherboard HTTP/1.1" 200 22105 "-" "Mozilla/5.0 (compatible; Googlebot/2.1; +http://www.google.com/bot.html)"
66.249.79.237 - - [14/Jul/2025:01:20:20 +0000] "GET /?s=72809460001490&mod=f36c9507&uri=dp.php%3Fid%3D2429729-314%26name%3Dgolf+gti+pullover HTTP/1.1" 200 22195 "-" "Mozilla/5.0 (compatible; Googlebot/2.1; +http://www.google.com/bot.html)"
66.249.79.237 - - [14/Jul/2025:01:20:20 +0000] "GET /?s=95712738001490&mod=5499df60&uri=info.php%3Fid%3D3194157-463%26name%3Dgigabyte+x99+sli HTTP/1.1" 200 21771 "-" "Mozilla/5.0 (compatible; Googlebot/2.1; +http://www.google.com/bot.html)"
66.249.79.237 - - [14/Jul/2025:01:20:21 +0000] "GET /?s=95680503081490&mod=f36c9507&uri=pin.php%3Fid%3D3193080-314%26name%3Dsenfgelbe+strickjacke+lang HTTP/1.1" 200 21903 "-" "Mozilla/5.0 (compatible; Googlebot/2.1; +http://www.google.com/bot.html)"
66.249.79.237 - - [14/Jul/2025:01:20:21 +0000] "GET /?s=72817009001490&mod=ee3b82c0&uri=brands.php%3Fid%3D2429981-466%26name%3Dmoto+boots+with+dresses HTTP/1.1" 200 22060 "-" "Mozilla/5.0 (compatible; Googlebot/2.1; +http://www.google.com/bot.html)"
66.249.79.236 - - [14/Jul/2025:01:20:21 +0000] "GET /?s=107619859001490&mod=69bfa2aa&uri=article.php%3Fid%3D3591630-107%26name%3Dsmart+mens+black+shoes HTTP/1.1" 200 22709 "-" "Mozilla/5.0 (compatible; Googlebot/2.1; +http://www.google.com/bot.html)"
66.249.79.236 - - [14/Jul/2025:01:20:22 +0000] "GET /?s=72808650031490&mod=f36c9507&uri=search.php%3Fid%3D2429702-314%26name%3Dcognacfarbene+lederjacken HTTP/1.1" 200 22293 "-" "Mozilla/5.0 (compatible; Googlebot/2.1; +http://www.google.com/bot.html)"
66.249.79.237 - - [14/Jul/2025:01:20:22 +0000] "GET /?s=64559230031490&mod=a0f92eb7&uri=category-info.php%3Fid%3D2154390-126%26name%3Dtitleist+players+carbon+stand+bag+2021 HTTP/1.1" 200 21924 "-" "Mozilla/5.0 (compatible; Googlebot/2.1; +http://www.google.com/bot.html)"
66.249.79.236 - - [14/Jul/2025:01:20:23 +0000] "GET /?s=107620489001490&mod=b93f5529&uri=info.php%3Fid%3D3591651-106%26name%3Dbeauty+naturelle+fashion+sneaker HTTP/1.1" 200 22894 "-" "Mozilla/5.0 (compatible; Googlebot/2.1; +http://www.google.com/bot.html)"
66.249.79.236 - - [14/Jul/2025:01:20:23 +0000] "GET /?s=64556410031490&mod=a0f92eb7&uri=products.php%3Fid%3D2154296-126%26name%3Dtaylormade+2021+stand+golf+stand+bag HTTP/1.1" 200 22360 "-" "Mozilla/5.0 (compatible; Googlebot/2.1; +http://www.google.com/bot.html)"
66.249.79.236 - - [14/Jul/2025:01:20:23 +0000] "GET /?s=72815659031490&mod=9cecbb6f&uri=info.php%3Fid%3D2429936-344%26name%3Dwho+carries+doc+martens HTTP/1.1" 200 21704 "-" "Mozilla/5.0 (compatible; Googlebot/2.1; +http://www.google.com/bot.html)"
66.249.79.237 - - [14/Jul/2025:01:20:25 +0000] "GET /?s=72669467011490&mod=598c5515&uri=shop.php%3Fid%3D2425060-928%26name%3Dnike+swoosh+colour+block HTTP/1.1" 200 21273 "-" "Mozilla/5.0 (compatible; Googlebot/2.1; +http://www.google.com/bot.html)"
66.249.79.236 - - [14/Jul/2025:01:20:25 +0000] "GET /?s=107570186071490&mod=a0f92eb7&uri=dp.php%3Fid%3D3589972-126%26name%3Dbuy+it+for+life+backpack HTTP/1.1" 200 22022 "-" "Mozilla/5.0 (compatible; Googlebot/2.1; +http://www.google.com/bot.html)"
66.249.79.236 - - [14/Jul/2025:01:20:26 +0000] "GET /?s=107620669021490&mod=69bfa2aa&uri=brands.php%3Fid%3D3591657-107%26name%3Dpuma+x+first+mile+lqdcell+method+xtreme HTTP/1.1" 200 22510 "-" "Mozilla/5.0 (compatible; Googlebot/2.1; +http://www.google.com/bot.html)"
66.249.79.236 - - [14/Jul/2025:01:20:27 +0000] "GET /?s=72798930091490&mod=69f79848&uri=form.php%3Fid%3D2429378-1291%26name%3Dmoda+playera+2019+mujer HTTP/1.1" 200 21936 "-" "Mozilla/5.0 (compatible; Googlebot/2.1; +http://www.google.com/bot.html)"
66.249.79.237 - - [14/Jul/2025:01:20:28 +0000] "GET /?s=107620039011490&mod=b93f5529&uri=us.php%3Fid%3D3591636-106%26name%3Dwomen%27s+sneakers+2021+trends HTTP/1.1" 200 22141 "-" "Mozilla/5.0 (compatible; Googlebot/2.1; +http://www.google.com/bot.html)"
66.249.79.236 - - [14/Jul/2025:01:20:28 +0000] "GET /?s=95706348011490&mod=5499df60&uri=form.php%3Fid%3D3193944-463%26name%3Dmobo+for+intel HTTP/1.1" 200 21780 "-" "Mozilla/5.0 (compatible; Googlebot/2.1; +http://www.google.com/bot.html)"
66.249.79.236 - - [14/Jul/2025:01:20:29 +0000] "GET /?s=24465523051490&mod=2be96323&uri=shop.php%3Fid%3D816584-438%26name%3Dtamaris+rode+sneakers HTTP/1.1" 200 21870 "-" "Mozilla/5.0 (compatible; Googlebot/2.1; +http://www.google.com/bot.html)"
66.249.79.237 - - [14/Jul/2025:01:20:29 +0000] "GET /?s=78274775061490&mod=e7696fba&uri=itm.php%3Fid%3D2612117-715%26name%3D4188189+lego HTTP/1.1" 200 22016 "-" "Mozilla/5.0 (compatible; Googlebot/2.1; +http://www.google.com/bot.html)"
66.249.79.237 - - [14/Jul/2025:01:20:30 +0000] "GET /?s=78289475001490&mod=e7696fba&uri=us.php%3Fid%3D2612607-715%26name%3Dlego+landspeeder+75173 HTTP/1.1" 200 21830 "-" "Mozilla/5.0 (compatible; Googlebot/2.1; +http://www.google.com/bot.html)"
66.249.79.237 - - [14/Jul/2025:01:20:31 +0000] "POST /get-message-notify HTTP/1.1" 200 22040 "https://gardenify.com.au/?s=95680503081490&mod=f36c9507&uri=pin.php%3Fid%3D3193080-314%26name%3Dsenfgelbe+strickjacke+lang" "Mozilla/5.0 AppleWebKit/537.36 (KHTML, like Gecko; compatible; Googlebot/2.1; +http://www.google.com/bot.html) Chrome/137.0.7151.119 Safari/537.36"
66.249.79.236 - - [14/Jul/2025:01:20:31 +0000] "GET /?s=105634158031490&mod=9a5859b8&uri=shop.php%3Fid%3D3525366-138%26name%3Dkeen+men%27s+targhee+iii+mid+waterproof+reviews HTTP/1.1" 200 11793 "-" "Mozilla/5.0 (Linux; Android 6.0.1; Nexus 5X Build/MMB29P) AppleWebKit/537.36 (KHTML, like Gecko) Chrome/137.0.7151.103 Mobile Safari/537.36 (compatible; GoogleOther)"
66.249.79.236 - - [14/Jul/2025:01:20:54 +0000] "POST /get-message-notify HTTP/1.1" 200 22040 "https://gardenify.com.au/?s=95707518011490&mod=5499df60&uri=product.php%3Fid%3D3193983-463%26name%3Dx79+overclock" "Mozilla/5.0 AppleWebKit/537.36 (KHTML, like Gecko; compatible; Googlebot/2.1; +http://www.google.com/bot.html) Chrome/137.0.7151.119 Safari/537.36"
209.74.77.214 - - [14/Jul/2025:01:21:34 +0000] "POST /wp-cron.php?doing_wp_cron=1752456094.7310218811035156250000 HTTP/1.1" 200 - "-" "WordPress/6.8.1; https://gardenify.com.au"
66.249.79.237 - - [14/Jul/2025:01:21:31 +0000] "GET /?s=109190715021490&mod=b21f9f98&uri=article.php%3Fid%3D3644039-25%26name%3Dmicrosoft+xbox+wireless+adapter+for+windows+10 HTTP/1.1" 200 11793 "-" "Mozilla/5.0 (Linux; Android 6.0.1; Nexus 5X Build/MMB29P) AppleWebKit/537.36 (KHTML, like Gecko) Chrome/137.0.7151.103 Mobile Safari/537.36 (compatible; GoogleOther)"
209.74.77.214 - - [14/Jul/2025:01:21:34 +0000] "POST /wp-admin/admin-ajax.php?action=async_litespeed&nonce=45zTDD1EZjeSGb9D0WvxO2QVZULQG4zI&litespeed_type=imgoptm HTTP/1.1" 200 21 "-" "WordPress/6.8.1; https://gardenify.com.au"
66.249.79.236 - - [14/Jul/2025:01:21:34 +0000] "POST /get-message-notify HTTP/1.1" 200 22041 "https://gardenify.com.au/?s=8776377051490&mod=1094c88c&uri=shared.php%3Fid%3D293056-451%26name%3Djacket+with+blue+jeans" "Mozilla/5.0 (Linux; Android 6.0.1; Nexus 5X Build/MMB29P) AppleWebKit/537.36 (KHTML, like Gecko) Chrome/137.0.7151.119 Mobile Safari/537.36 (compatible; Googlebot/2.1; +http://www.google.com/bot.html)"
66.249.79.237 - - [14/Jul/2025:01:21:30 +0000] "GET /?s=17775692071490&mod=8f561e4c&uri=search.php%3Fid%3D593392-335%26name%3Dattack+on+titan+final+battle+switch HTTP/1.1" 200 21602 "-" "Mozilla/5.0 (compatible; Googlebot/2.1; +http://www.google.com/bot.html)"
66.249.79.236 - - [14/Jul/2025:01:21:36 +0000] "GET /?s=27362521071490&mod=4b56c785&uri=article.php%3Fid%3D913222-919%26name%3Dversace+offerte HTTP/1.1" 200 20551 "-" "Mozilla/5.0 (Linux; Android 6.0.1; Nexus 5X Build/MMB29P) AppleWebKit/537.36 (KHTML, like Gecko) Chrome/137.0.7151.103 Mobile Safari/537.36 (compatible; Googlebot/2.1; +http://www.google.com/bot.html)"
66.249.79.236 - - [14/Jul/2025:01:21:41 +0000] "POST /get-message-notify HTTP/1.1" 200 22031 "https://gardenify.com.au/?s=4590919061490&mod=ddf20ca9&uri=shared.php%3Fid%3D153230-280%26name%3Dskyrim+sweatshirt" "Mozilla/5.0 (Linux; Android 6.0.1; Nexus 5X Build/MMB29P) AppleWebKit/537.36 (KHTML, like Gecko) Chrome/137.0.7151.119 Mobile Safari/537.36 (compatible; Googlebot/2.1; +http://www.google.com/bot.html)"
66.249.79.236 - - [14/Jul/2025:01:21:41 +0000] "POST /get-message-notify HTTP/1.1" 200 22043 "https://gardenify.com.au/?s=38077035001490&mod=b00533a2&uri=dp.php%3Fid%3D1270839-1122%26name%3D3rensho+allez" "Mozilla/5.0 (Linux; Android 6.0.1; Nexus 5X Build/MMB29P) AppleWebKit/537.36 (KHTML, like Gecko) Chrome/137.0.7151.119 Mobile Safari/537.36 (compatible; Googlebot/2.1; +http://www.google.com/bot.html)"
66.249.79.236 - - [14/Jul/2025:01:21:42 +0000] "POST /get-message-notify HTTP/1.1" 200 22037 "https://gardenify.com.au/?s=63846609061490&mod=bfc2a86b&uri=us.php%3Fid%3D2130617-1385%26name%3Dhomme+puma+vetement" "Mozilla/5.0 (Linux; Android 6.0.1; Nexus 5X Build/MMB29P) AppleWebKit/537.36 (KHTML, like Gecko) Chrome/137.0.7151.119 Mobile Safari/537.36 (compatible; Googlebot/2.1; +http://www.google.com/bot.html)"
66.249.79.236 - - [14/Jul/2025:01:21:44 +0000] "GET /?s=112136595021490&mod=a6835971&uri=news.php%3Fid%3D3742394-450%26name%3Dbar+stool+sets+of HTTP/1.1" 200 11793 "-" "Mozilla/5.0 (Linux; Android 6.0.1; Nexus 5X Build/MMB29P) AppleWebKit/537.36 (KHTML, like Gecko) Chrome/137.0.7151.103 Mobile Safari/537.36 (compatible; GoogleOther)"
66.249.79.236 - - [14/Jul/2025:01:21:44 +0000] "GET /?s=24464983031490&mod=2be96323&uri=products.php%3Fid%3D816566-438%26name%3Dsemler+schoenen+2021 HTTP/1.1" 200 22106 "-" "Mozilla/5.0 (compatible; Googlebot/2.1; +http://www.google.com/bot.html)"
66.249.79.236 - - [14/Jul/2025:01:21:46 +0000] "GET /?s=1123747021490&mod=0a2298a7&uri=brands.php%3Fid%3D37518-74%26name%3Dasics+gel+kayano+20+violet HTTP/1.1" 200 21200 "-" "Mozilla/5.0 (Linux; Android 6.0.1; Nexus 5X Build/MMB29P) AppleWebKit/537.36 (KHTML, like Gecko) Chrome/137.0.7151.103 Mobile Safari/537.36 (compatible; Googlebot/2.1; +http://www.google.com/bot.html)"
66.249.79.236 - - [14/Jul/2025:01:21:45 +0000] "GET /?s=72340460091490&mod=2ed74060&uri=products.php%3Fid%3D2414084-1444%26name%3Dmerrell+ladies+shoes HTTP/1.1" 200 20540 "-" "Mozilla/5.0 (Linux; Android 6.0.1; Nexus 5X Build/MMB29P) AppleWebKit/537.36 (KHTML, like Gecko) Chrome/137.0.7151.103 Mobile Safari/537.36 (compatible; Googlebot/2.1; +http://www.google.com/bot.html)"
66.249.79.236 - - [14/Jul/2025:01:21:47 +0000] "GET /?s=40834266001490&mod=42b1ca0e&uri=form.php%3Fid%3D1362824-570%26name%3Devachill+ev500 HTTP/1.1" 200 21027 "-" "Mozilla/5.0 (Linux; Android 6.0.1; Nexus 5X Build/MMB29P) AppleWebKit/537.36 (KHTML, like Gecko) Chrome/137.0.7151.103 Mobile Safari/537.36 (compatible; Googlebot/2.1; +http://www.google.com/bot.html)"
209.74.77.214 - - [14/Jul/2025:01:22:05 +0000] "POST /wp-cron.php?doing_wp_cron=1752456125.8279991149902343750000 HTTP/1.1" 200 - "-" "WordPress/6.8.1; https://gardenify.com.au"
66.249.79.236 - - [14/Jul/2025:01:22:05 +0000] "GET /pcmypage?callback=/product%2Fdetail%2F109065615042490 HTTP/1.1" 404 11747 "-" "Mozilla/5.0 (Linux; Android 6.0.1; Nexus 5X Build/MMB29P) AppleWebKit/537.36 (KHTML, like Gecko) Chrome/137.0.7151.103 Mobile Safari/537.36 (compatible; GoogleOther)"
209.74.77.214 - - [14/Jul/2025:01:22:05 +0000] "POST /wp-admin/admin-ajax.php?action=async_litespeed&nonce=jhoLPw5mZ55fdOlm0jAQ4UkNUrcWDnDq&litespeed_type=imgoptm HTTP/1.1" 200 21 "-" "WordPress/6.8.1; https://gardenify.com.au"
66.249.79.236 - - [14/Jul/2025:01:22:05 +0000] "POST /get-message-notify HTTP/1.1" 200 22045 "https://gardenify.com.au/?s=27362521071490&mod=4b56c785&uri=article.php%3Fid%3D913222-919%26name%3Dversace+offerte" "Mozilla/5.0 (Linux; Android 6.0.1; Nexus 5X Build/MMB29P) AppleWebKit/537.36 (KHTML, like Gecko) Chrome/137.0.7151.119 Mobile Safari/537.36 (compatible; Googlebot/2.1; +http://www.google.com/bot.html)"
66.249.79.236 - - [14/Jul/2025:01:22:10 +0000] "POST /get-message-notify HTTP/1.1" 200 22027 "https://gardenify.com.au/?s=72340460091490&mod=2ed74060&uri=products.php%3Fid%3D2414084-1444%26name%3Dmerrell+ladies+shoes" "Mozilla/5.0 (Linux; Android 6.0.1; Nexus 5X Build/MMB29P) AppleWebKit/537.36 (KHTML, like Gecko) Chrome/137.0.7151.119 Mobile Safari/537.36 (compatible; Googlebot/2.1; +http://www.google.com/bot.html)"
66.249.79.236 - - [14/Jul/2025:01:22:13 +0000] "POST /get-message-notify HTTP/1.1" 200 22038 "https://gardenify.com.au/?s=1123747021490&mod=0a2298a7&uri=brands.php%3Fid%3D37518-74%26name%3Dasics+gel+kayano+20+violet" "Mozilla/5.0 (Linux; Android 6.0.1; Nexus 5X Build/MMB29P) AppleWebKit/537.36 (KHTML, like Gecko) Chrome/137.0.7151.119 Mobile Safari/537.36 (compatible; Googlebot/2.1; +http://www.google.com/bot.html)"
66.249.79.236 - - [14/Jul/2025:01:22:21 +0000] "GET /?s=30510219021490&mod=bda1f6a9&uri=brands.php%3Fid%3D1018333-988%26name%3Dles+sacs+de+plage HTTP/1.1" 200 20972 "-" "Mozilla/5.0 (compatible; Googlebot/2.1; +http://www.google.com/bot.html)"
66.249.79.236 - - [14/Jul/2025:01:22:22 +0000] "GET /?s=115974120071490&mod=1ebdf1f3&uri=itm.php%3Fid%3D3870473-886%26name%3Dgiocattoli+antichi HTTP/1.1" 200 21687 "-" "Mozilla/5.0 (Linux; Android 6.0.1; Nexus 5X Build/MMB29P) AppleWebKit/537.36 (KHTML, like Gecko) Chrome/137.0.7151.103 Mobile Safari/537.36 (compatible; Googlebot/2.1; +http://www.google.com/bot.html)"
66.249.79.236 - - [14/Jul/2025:01:22:22 +0000] "GET /?s=78113820041490&mod=0cba172d&uri=itm.php%3Fid%3D2606747-1488%26name%3Dlunette+de+soleil+homme+persol HTTP/1.1" 200 21577 "-" "Mozilla/5.0 (compatible; Googlebot/2.1; +http://www.google.com/bot.html)"
66.249.79.236 - - [14/Jul/2025:01:22:23 +0000] "GET /?s=53662026011490&mod=f9c8cde9&uri=shop.php%3Fid%3D1790739-170%26name%3Dolive+green+pants+with+pink+shirt HTTP/1.1" 200 21355 "-" "Mozilla/5.0 (Linux; Android 6.0.1; Nexus 5X Build/MMB29P) AppleWebKit/537.36 (KHTML, like Gecko) Chrome/137.0.7151.103 Mobile Safari/537.36 (compatible; Googlebot/2.1; +http://www.google.com/bot.html)"
66.249.79.236 - - [14/Jul/2025:01:22:23 +0000] "GET /?s=17776772031490&mod=8f561e4c&uri=pin.php%3Fid%3D593428-335%26name%3Dgames+like+unravel+switch HTTP/1.1" 200 21650 "-" "Mozilla/5.0 (compatible; Googlebot/2.1; +http://www.google.com/bot.html)"
66.249.79.236 - - [14/Jul/2025:01:22:24 +0000] "GET /?s=54849085001490&mod=6e41007f&uri=dp.php%3Fid%3D1830360-1311%26name%3Dnueva+camiseta+adidas+de+boca+2020 HTTP/1.1" 200 21382 "-" "Mozilla/5.0 (Linux; Android 6.0.1; Nexus 5X Build/MMB29P) AppleWebKit/537.36 (KHTML, like Gecko) Chrome/137.0.7151.103 Mobile Safari/537.36 (compatible; Googlebot/2.1; +http://www.google.com/bot.html)"
66.249.79.236 - - [14/Jul/2025:01:22:24 +0000] "GET /?s=24467413081490&mod=2be96323&uri=goods.php%3Fid%3D816647-438%26name%3Dsleehak+instappers HTTP/1.1" 200 22381 "-" "Mozilla/5.0 (compatible; Googlebot/2.1; +http://www.google.com/bot.html)"
66.249.79.236 - - [14/Jul/2025:01:22:25 +0000] "GET /?s=35623831001490&mod=a56fd138&uri=products.php%3Fid%3D1188988-112%26name%3Dcarteras+ch+mujer HTTP/1.1" 200 21822 "-" "Mozilla/5.0 (compatible; Googlebot/2.1; +http://www.google.com/bot.html)"
66.249.79.237 - - [14/Jul/2025:01:22:25 +0000] "GET /?s=24463993001490&mod=2be96323&uri=article.php%3Fid%3D816533-438%26name%3Delastische+veters+kind+wit HTTP/1.1" 200 22161 "-" "Mozilla/5.0 (compatible; Googlebot/2.1; +http://www.google.com/bot.html)"
66.249.79.236 - - [14/Jul/2025:01:22:26 +0000] "GET /?s=30653510071490&mod=9008bcab&uri=products.php%3Fid%3D1023112-394%26name%3Dpower+xl+self+cleaning+juicer+target HTTP/1.1" 200 21763 "-" "Mozilla/5.0 (compatible; Googlebot/2.1; +http://www.google.com/bot.html)"
66.249.79.236 - - [14/Jul/2025:01:22:26 +0000] "GET /?s=24466153011490&mod=2be96323&uri=shop.php%3Fid%3D816605-438%26name%3Dontwerper+van+schoenen+met+rode+zolen HTTP/1.1" 200 22625 "-" "Mozilla/5.0 (compatible; Googlebot/2.1; +http://www.google.com/bot.html)"
66.249.79.236 - - [14/Jul/2025:01:22:27 +0000] "GET /?s=78271775001490&mod=e7696fba&uri=brands.php%3Fid%3D2612017-715%26name%3Dtrial+truck+lego HTTP/1.1" 200 22146 "-" "Mozilla/5.0 (compatible; Googlebot/2.1; +http://www.google.com/bot.html)"
66.249.79.237 - - [14/Jul/2025:01:22:28 +0000] "GET /?s=53643486001490&mod=918d58be&uri=dp.php%3Fid%3D1790121-172%26name%3Djordan+air+joggers HTTP/1.1" 200 11792 "-" "Mozilla/5.0 (Linux; Android 6.0.1; Nexus 5X Build/MMB29P) AppleWebKit/537.36 (KHTML, like Gecko) Chrome/137.0.7151.103 Mobile Safari/537.36 (compatible; GoogleOther)"
66.249.79.236 - - [14/Jul/2025:01:22:28 +0000] "POST /get-message-notify HTTP/1.1" 200 22052 "https://gardenify.com.au/?s=115974120071490&mod=1ebdf1f3&uri=itm.php%3Fid%3D3870473-886%26name%3Dgiocattoli+antichi" "Mozilla/5.0 (Linux; Android 6.0.1; Nexus 5X Build/MMB29P) AppleWebKit/537.36 (KHTML, like Gecko) Chrome/137.0.7151.119 Mobile Safari/537.36 (compatible; Googlebot/2.1; +http://www.google.com/bot.html)"
66.249.79.237 - - [14/Jul/2025:01:22:29 +0000] "GET /?s=61016104061490&mod=6e65e501&uri=products.php%3Fid%3D2036160-465%26name%3Dstan+smith+black+carbon HTTP/1.1" 200 21632 "-" "Mozilla/5.0 (Linux; Android 6.0.1; Nexus 5X Build/MMB29P) AppleWebKit/537.36 (KHTML, like Gecko) Chrome/137.0.7151.103 Mobile Safari/537.36 (compatible; Googlebot/2.1; +http://www.google.com/bot.html)"
66.249.79.237 - - [14/Jul/2025:01:22:30 +0000] "GET /?s=35565184061490&mod=6dae90f1&uri=info.php%3Fid%3D1187029-806%26name%3Dtommy+hilfiger+women%27s+size+guide HTTP/1.1" 200 20952 "-" "Mozilla/5.0 (compatible; Googlebot/2.1; +http://www.google.com/bot.html)"
66.249.79.236 - - [14/Jul/2025:01:22:31 +0000] "POST /get-message-notify HTTP/1.1" 200 22038 "https://gardenify.com.au/?s=53662026011490&mod=f9c8cde9&uri=shop.php%3Fid%3D1790739-170%26name%3Dolive+green+pants+with+pink+shirt" "Mozilla/5.0 (Linux; Android 6.0.1; Nexus 5X Build/MMB29P) AppleWebKit/537.36 (KHTML, like Gecko) Chrome/137.0.7151.119 Mobile Safari/537.36 (compatible; Googlebot/2.1; +http://www.google.com/bot.html)"
66.249.79.236 - - [14/Jul/2025:01:22:31 +0000] "GET /?s=78283775021490&mod=29e2f026&uri=pin.php%3Fid%3D2612417-716%26name%3Dcrivit+leggins HTTP/1.1" 200 20792 "-" "Mozilla/5.0 (compatible; Googlebot/2.1; +http://www.google.com/bot.html)"
66.249.79.236 - - [14/Jul/2025:01:22:29 +0000] "GET /?s=35564406041490&mod=6dae90f1&uri=news.php%3Fid%3D1187003-806%26name%3Darcteryx+pants+ca+34438 HTTP/1.1" 200 21131 "-" "Mozilla/5.0 (compatible; Googlebot/2.1; +http://www.google.com/bot.html)"
