66.249.79.238 - - [14/Jul/2025:02:02:26 +0000] "GET /?s=84063601041490&mod=9cecbb6f&uri=us.php%3Fid%3D2805349-344%26name%3Dmagellan+mud+boots HTTP/1.1" 200 18786 "-" "Mozilla/5.0 (compatible; Googlebot/2.1; +http://www.google.com/bot.html)"
66.249.79.238 - - [14/Jul/2025:02:02:26 +0000] "GET /?s=89096443011490&mod=2e0a7919&uri=itm.php%3Fid%3D2973287-143%26name%3Dhaving+heel+pain HTTP/1.1" 200 18788 "-" "Mozilla/5.0 (compatible; Googlebot/2.1; +http://www.google.com/bot.html)"
66.249.79.236 - - [14/Jul/2025:02:02:26 +0000] "GET /?s=84062251041490&mod=9cecbb6f&uri=form.php%3Fid%3D2805304-344%26name%3Dhoka+bondi+near+me HTTP/1.1" 200 18792 "-" "Mozilla/5.0 (compatible; Googlebot/2.1; +http://www.google.com/bot.html)"
66.249.79.224 - - [14/Jul/2025:02:02:27 +0000] "GET /?s=114101885041490&mod=e11ee596&uri=product.php%3Fid%3D3808003-478%26name%3D1987+honda+four+wheeler HTTP/1.1" 200 18812 "-" "Mozilla/5.0 (compatible; Googlebot/2.1; +http://www.google.com/bot.html)"
66.249.79.238 - - [14/Jul/2025:02:02:27 +0000] "GET /?s=80968926041490&mod=178b79d3&uri=product.php%3Fid%3D2702051-759%26name%3Dk3+baljurk HTTP/1.1" 200 18785 "-" "Mozilla/5.0 (compatible; Googlebot/2.1; +http://www.google.com/bot.html)"
66.249.79.237 - - [14/Jul/2025:02:02:27 +0000] "GET /?s=80931456001490&mod=e11ee596&uri=pin.php%3Fid%3D2700802-478%26name%3Droyal+enfield+showroom+dhulagarh HTTP/1.1" 200 18815 "-" "Mozilla/5.0 (compatible; Googlebot/2.1; +http://www.google.com/bot.html)"
66.249.79.224 - - [14/Jul/2025:02:02:27 +0000] "GET /?s=83981609001490&mod=934703eb&uri=pin.php%3Fid%3D2802615-697%26name%3Dbotas+tipo+ugg+primark HTTP/1.1" 200 18798 "-" "Mozilla/5.0 (compatible; Googlebot/2.1; +http://www.google.com/bot.html)"
66.249.79.237 - - [14/Jul/2025:02:02:28 +0000] "GET /?s=80967396031490&mod=178b79d3&uri=article.php%3Fid%3D2702000-759%26name%3Dkleding+inspiratie+dames+2021 HTTP/1.1" 200 18818 "-" "Mozilla/5.0 (compatible; Googlebot/2.1; +http://www.google.com/bot.html)"
66.249.79.236 - - [14/Jul/2025:02:02:28 +0000] "GET /?s=84070201021490&mod=9cecbb6f&uri=info.php%3Fid%3D2805569-344%26name%3Droxy+bayshore+natural HTTP/1.1" 200 18800 "-" "Mozilla/5.0 (compatible; Googlebot/2.1; +http://www.google.com/bot.html)"
66.249.79.236 - - [14/Jul/2025:02:02:29 +0000] "GET /?s=84067951141490&mod=9cecbb6f&uri=shared.php%3Fid%3D2805494-344%26name%3Dcamel+walking+boots HTTP/1.1" 200 18797 "-" "Mozilla/5.0 (compatible; Googlebot/2.1; +http://www.google.com/bot.html)"
66.249.79.224 - - [14/Jul/2025:02:02:29 +0000] "GET /?s=80968836011490&mod=178b79d3&uri=brands.php%3Fid%3D2702048-759%26name%3Devolution+motorpak HTTP/1.1" 200 18794 "-" "Mozilla/5.0 (compatible; Googlebot/2.1; +http://www.google.com/bot.html)"
66.249.79.236 - - [14/Jul/2025:02:02:29 +0000] "GET /?s=84060751141490&mod=9cecbb6f&uri=us.php%3Fid%3D2805254-344%26name%3Dnew+balance+x+mustard HTTP/1.1" 200 18793 "-" "Mozilla/5.0 (compatible; Googlebot/2.1; +http://www.google.com/bot.html)"
66.249.79.237 - - [14/Jul/2025:02:02:32 +0000] "GET /?s=80971356001490&mod=178b79d3&uri=news.php%3Fid%3D2702132-759%26name%3Dkledingstijl+vrouwen HTTP/1.1" 200 18795 "-" "Mozilla/5.0 (compatible; Googlebot/2.1; +http://www.google.com/bot.html)"
66.249.79.224 - - [14/Jul/2025:02:02:32 +0000] "POST /get-message-notify HTTP/1.1" 200 18123 "https://gardenify.com.au/?s=84063601041490&mod=9cecbb6f&uri=us.php%3Fid%3D2805349-344%26name%3Dmagellan+mud+boots" "Mozilla/5.0 AppleWebKit/537.36 (KHTML, like Gecko; compatible; Googlebot/2.1; +http://www.google.com/bot.html) Chrome/137.0.7151.119 Safari/537.36"
66.249.79.237 - - [14/Jul/2025:02:02:32 +0000] "GET /?s=80958096031490&mod=178b79d3&uri=form.php%3Fid%3D2701690-759%26name%3Dcorrigerende+badkleding HTTP/1.1" 200 18794 "-" "Mozilla/5.0 (compatible; Googlebot/2.1; +http://www.google.com/bot.html)"
66.249.79.224 - - [14/Jul/2025:02:02:33 +0000] "GET /?s=84063151051490&mod=9cecbb6f&uri=news.php%3Fid%3D2805334-344%26name%3Dlow+rise+ugg+boots HTTP/1.1" 200 18793 "-" "Mozilla/5.0 (compatible; Googlebot/2.1; +http://www.google.com/bot.html)"
66.249.79.237 - - [14/Jul/2025:02:02:33 +0000] "POST /get-message-notify HTTP/1.1" 200 18123 "https://gardenify.com.au/?s=89098723061490&mod=2e0a7919&uri=brands.php%3Fid%3D2973363-143%26name%3Dcracking+your+big+toe" "Mozilla/5.0 AppleWebKit/537.36 (KHTML, like Gecko; compatible; Googlebot/2.1; +http://www.google.com/bot.html) Chrome/137.0.7151.119 Safari/537.36"
66.249.79.224 - - [14/Jul/2025:02:02:33 +0000] "GET /?s=80968566001490&mod=178b79d3&uri=products.php%3Fid%3D2702039-759%26name%3Dbroek+z8 HTTP/1.1" 200 18781 "-" "Mozilla/5.0 (compatible; Googlebot/2.1; +http://www.google.com/bot.html)"
66.249.79.224 - - [14/Jul/2025:02:02:33 +0000] "POST /get-message-notify HTTP/1.1" 200 18123 "https://gardenify.com.au/?s=80968926041490&mod=178b79d3&uri=product.php%3Fid%3D2702051-759%26name%3Dk3+baljurk" "Mozilla/5.0 AppleWebKit/537.36 (KHTML, like Gecko; compatible; Googlebot/2.1; +http://www.google.com/bot.html) Chrome/137.0.7151.119 Safari/537.36"
66.249.79.236 - - [14/Jul/2025:02:02:33 +0000] "GET /?s=80970636031490&mod=0a6b8177&uri=pin.php%3Fid%3D2702108-173%26name%3Dpresents+for+little+girl+age HTTP/1.1" 200 18808 "-" "Mozilla/5.0 (compatible; Googlebot/2.1; +http://www.google.com/bot.html)"
66.249.79.236 - - [14/Jul/2025:02:03:08 +0000] "POST /get-message-notify HTTP/1.1" 200 18123 "https://gardenify.com.au/?s=91624445021490&mod=3ff84500&uri=itm.php%3Fid%3D3057674-1568%26name%3Dbvlgari+profumo" "Mozilla/5.0 (Linux; Android 6.0.1; Nexus 5X Build/MMB29P) AppleWebKit/537.36 (KHTML, like Gecko) Chrome/137.0.7151.119 Mobile Safari/537.36 (compatible; Googlebot/2.1; +http://www.google.com/bot.html)"
66.249.79.237 - - [14/Jul/2025:02:03:30 +0000] "POST /get-message-notify HTTP/1.1" 200 18123 "https://gardenify.com.au/?s=107937893021490&mod=e55f3eb6&uri=pin.php%3Fid%3D3602242-1659%26name%3Dbirki%27s+waterproof+sandals" "Mozilla/5.0 (Linux; Android 6.0.1; Nexus 5X Build/MMB29P) AppleWebKit/537.36 (KHTML, like Gecko) Chrome/137.0.7151.119 Mobile Safari/537.36 (compatible; Googlebot/2.1; +http://www.google.com/bot.html)"
66.249.79.236 - - [14/Jul/2025:02:03:55 +0000] "GET /?s=89533887051490&mod=975e1866&uri=brands.php%3Fid%3D2987882-588%26name%3Dzapatillas+nike+mujer+negras+2018 HTTP/1.1" 200 18821 "-" "Mozilla/5.0 (Linux; Android 6.0.1; Nexus 5X Build/MMB29P) AppleWebKit/537.36 (KHTML, like Gecko) Chrome/137.0.7151.103 Mobile Safari/537.36 (compatible; Googlebot/2.1; +http://www.google.com/bot.html)"
66.249.79.237 - - [14/Jul/2025:02:04:03 +0000] "GET /?s=28508622021490&mod=19be44d5&uri=form.php%3Fid%3D951490-942%26name%3Drolex+h%C3%83%C2%A4ndler+werden HTTP/1.1" 200 18814 "-" "Mozilla/5.0 (Linux; Android 6.0.1; Nexus 5X Build/MMB29P) AppleWebKit/537.36 (KHTML, like Gecko) Chrome/137.0.7151.103 Mobile Safari/537.36 (compatible; Googlebot/2.1; +http://www.google.com/bot.html)"
66.249.79.237 - - [14/Jul/2025:02:04:03 +0000] "GET /?s=84059701041490&mod=d5abe35b&uri=form.php%3Fid%3D2805219-1240%26name%3Dnike+air+heights+white+women%27s HTTP/1.1" 200 18815 "-" "Mozilla/5.0 (compatible; Googlebot/2.1; +http://www.google.com/bot.html)"
66.249.79.238 - - [14/Jul/2025:02:04:04 +0000] "GET /?s=80967756031490&mod=178b79d3&uri=brands.php%3Fid%3D2702012-759%26name%3Dvan+uffelen+truien+dames HTTP/1.1" 200 18805 "-" "Mozilla/5.0 (compatible; Googlebot/2.1; +http://www.google.com/bot.html)"
66.249.79.237 - - [14/Jul/2025:02:04:04 +0000] "GET /?s=110380624021490&mod=3dd55cb2&uri=category-info.php%3Fid%3D3683745-1666%26name%3Dblazer+corto+mujer HTTP/1.1" 200 18832 "-" "Mozilla/5.0 (Linux; Android 6.0.1; Nexus 5X Build/MMB29P) AppleWebKit/537.36 (KHTML, like Gecko) Chrome/137.0.7151.103 Mobile Safari/537.36 (compatible; Googlebot/2.1; +http://www.google.com/bot.html)"
66.249.79.237 - - [14/Jul/2025:02:04:04 +0000] "GET /?s=84060901041490&mod=9cecbb6f&uri=products.php%3Fid%3D2805259-344%26name%3Dsugarpine+air+mesh HTTP/1.1" 200 18791 "-" "Mozilla/5.0 (compatible; Googlebot/2.1; +http://www.google.com/bot.html)"
66.249.79.237 - - [14/Jul/2025:02:04:04 +0000] "GET /?s=84066001001490&mod=9cecbb6f&uri=dp.php%3Fid%3D2805429-344%26name%3Dmudder+boots+for+sale HTTP/1.1" 200 18793 "-" "Mozilla/5.0 (compatible; Googlebot/2.1; +http://www.google.com/bot.html)"
66.249.79.238 - - [14/Jul/2025:02:04:04 +0000] "GET /?s=84065401041490&mod=9cecbb6f&uri=itm.php%3Fid%3D2805409-344%26name%3Dfolding+pumps HTTP/1.1" 200 18781 "-" "Mozilla/5.0 (compatible; Googlebot/2.1; +http://www.google.com/bot.html)"
66.249.79.236 - - [14/Jul/2025:02:04:05 +0000] "GET /?s=80966676091490&mod=178b79d3&uri=itm.php%3Fid%3D2701976-759%26name%3Dbadkleding+grote+maten HTTP/1.1" 200 18792 "-" "Mozilla/5.0 (compatible; Googlebot/2.1; +http://www.google.com/bot.html)"
66.249.79.238 - - [14/Jul/2025:02:04:05 +0000] "GET /?s=80970006001490&mod=178b79d3&uri=itm.php%3Fid%3D2702087-759%26name%3Dtouzani+kleding+kind+sale HTTP/1.1" 200 18804 "-" "Mozilla/5.0 (compatible; Googlebot/2.1; +http://www.google.com/bot.html)"
66.249.79.237 - - [14/Jul/2025:02:04:05 +0000] "GET /?s=80971086011490&mod=0a6b8177&uri=products.php%3Fid%3D2702123-173%26name%3Dtumble+down+counting+pegs HTTP/1.1" 200 18807 "-" "Mozilla/5.0 (compatible; Googlebot/2.1; +http://www.google.com/bot.html)"
66.249.79.236 - - [14/Jul/2025:02:04:06 +0000] "GET /?s=84062551051490&mod=9cecbb6f&uri=us.php%3Fid%3D2805314-344%26name%3Drocket+dog+godel+pu+ladies+shoes HTTP/1.1" 200 18813 "-" "Mozilla/5.0 (compatible; Googlebot/2.1; +http://www.google.com/bot.html)"
66.249.79.236 - - [14/Jul/2025:02:04:06 +0000] "GET /?s=80968476051490&mod=178b79d3&uri=info.php%3Fid%3D2702036-759%26name%3Dmountainbike+beschermende+kleding HTTP/1.1" 200 18808 "-" "Mozilla/5.0 (compatible; Googlebot/2.1; +http://www.google.com/bot.html)"
66.249.79.237 - - [14/Jul/2025:02:04:07 +0000] "GET /safe_search/config?return_url=%2Fproduct%2Fdetail%2F84070951040490 HTTP/1.1" 200 18590 "-" "Mozilla/5.0 (compatible; Googlebot/2.1; +http://www.google.com/bot.html)"
66.249.79.236 - - [14/Jul/2025:02:04:07 +0000] "GET /?s=84083071051490&mod=05c69075&uri=category-info.php%3Fid%3D2805998-552%26name%3Dbaby+bobble+hat+crochet+pattern HTTP/1.1" 200 18847 "-" "Mozilla/5.0 (compatible; Googlebot/2.1; +http://www.google.com/bot.html)"
66.249.79.237 - - [14/Jul/2025:02:04:08 +0000] "GET /?s=112404773071490&mod=e11ee596&uri=info.php%3Fid%3D3751342-478%26name%3Dbuy+bike+insurance+policy+online HTTP/1.1" 200 18816 "-" "Mozilla/5.0 (compatible; Googlebot/2.1; +http://www.google.com/bot.html)"
66.249.79.237 - - [14/Jul/2025:02:04:08 +0000] "GET /?s=80967486041490&mod=178b79d3&uri=info.php%3Fid%3D2702003-759%26name%3Dtuinjurk+zwart HTTP/1.1" 200 18787 "-" "Mozilla/5.0 (compatible; Googlebot/2.1; +http://www.google.com/bot.html)"
66.249.79.237 - - [14/Jul/2025:02:04:09 +0000] "GET /?s=84069451091490&mod=9cecbb6f&uri=goods.php%3Fid%3D2805544-344%26name%3Dahnu+footwear HTTP/1.1" 200 18780 "-" "Mozilla/5.0 (compatible; Googlebot/2.1; +http://www.google.com/bot.html)"
66.249.79.236 - - [14/Jul/2025:02:04:09 +0000] "GET /?s=80969736061490&mod=178b79d3&uri=form.php%3Fid%3D2702078-759%26name%3Doutdoor+jassen+sale HTTP/1.1" 200 18791 "-" "Mozilla/5.0 (compatible; Googlebot/2.1; +http://www.google.com/bot.html)"
66.249.79.237 - - [14/Jul/2025:02:04:10 +0000] "GET /?s=84044821031490&mod=d5abe35b&uri=shared.php%3Fid%3D2804723-1240%26name%3Dblack+boots+with+gold+chain HTTP/1.1" 200 18808 "-" "Mozilla/5.0 (compatible; Googlebot/2.1; +http://www.google.com/bot.html)"
66.249.79.236 - - [14/Jul/2025:02:04:10 +0000] "GET /?s=37074469001490&mod=8089af32&uri=news.php%3Fid%3D1237395-1114%26name%3Dhasta+que+graduacion+llegan+los+lentes+de+contacto HTTP/1.1" 200 18848 "-" "Mozilla/5.0 (Linux; Android 6.0.1; Nexus 5X Build/MMB29P) AppleWebKit/537.36 (KHTML, like Gecko) Chrome/137.0.7151.103 Mobile Safari/537.36 (compatible; Googlebot/2.1; +http://www.google.com/bot.html)"
66.249.79.236 - - [14/Jul/2025:02:04:10 +0000] "GET /?s=80969646041490&mod=178b79d3&uri=search.php%3Fid%3D2702075-759%26name%3Dmaattabel+scotch+and+soda+heren HTTP/1.1" 200 18810 "-" "Mozilla/5.0 (compatible; Googlebot/2.1; +http://www.google.com/bot.html)"
66.249.79.237 - - [14/Jul/2025:02:04:11 +0000] "GET /?s=80967036031490&mod=178b79d3&uri=shop.php%3Fid%3D2701988-759%26name%3Dzwempak+dames HTTP/1.1" 200 18785 "-" "Mozilla/5.0 (compatible; Googlebot/2.1; +http://www.google.com/bot.html)"
66.249.79.236 - - [14/Jul/2025:02:04:11 +0000] "GET /?s=80965506021490&mod=178b79d3&uri=info.php%3Fid%3D2701937-759%26name%3Dzomer+jurk+lang HTTP/1.1" 200 18785 "-" "Mozilla/5.0 (compatible; Googlebot/2.1; +http://www.google.com/bot.html)"
66.249.79.236 - - [14/Jul/2025:02:04:12 +0000] "POST /get-message-notify HTTP/1.1" 200 18123 "https://gardenify.com.au/?s=13574068131490&mod=150c1a63&uri=article.php%3Fid%3D453196-296%26name%3Dis+it+safe+to+sleep+with+apple+watch+on" "Mozilla/5.0 (Linux; Android 6.0.1; Nexus 5X Build/MMB29P) AppleWebKit/537.36 (KHTML, like Gecko) Chrome/137.0.7151.119 Mobile Safari/537.36 (compatible; Googlebot/2.1; +http://www.google.com/bot.html)"
66.249.79.236 - - [14/Jul/2025:02:04:12 +0000] "GET /?s=80966856051490&mod=178b79d3&uri=product.php%3Fid%3D2701982-759%26name%3Dwegwerpoverall+karwei HTTP/1.1" 200 18797 "-" "Mozilla/5.0 (compatible; Googlebot/2.1; +http://www.google.com/bot.html)"
66.249.79.236 - - [14/Jul/2025:02:04:13 +0000] "GET /?s=80966406001490&mod=178b79d3&uri=dp.php%3Fid%3D2701967-759%26name%3Dleren+rok+zalando HTTP/1.1" 200 18785 "-" "Mozilla/5.0 (compatible; Googlebot/2.1; +http://www.google.com/bot.html)"
66.249.79.237 - - [14/Jul/2025:02:04:13 +0000] "POST /get-message-notify HTTP/1.1" 200 18123 "https://gardenify.com.au/?s=64506213011490&mod=6b68749e&uri=us.php%3Fid%3D2152620-441%26name%3Dvolcom+snow+jacket+mens" "Mozilla/5.0 (Linux; Android 6.0.1; Nexus 5X Build/MMB29P) AppleWebKit/537.36 (KHTML, like Gecko) Chrome/137.0.7151.119 Mobile Safari/537.36 (compatible; Googlebot/2.1; +http://www.google.com/bot.html)"
66.249.79.236 - - [14/Jul/2025:02:04:13 +0000] "GET /?s=80971626091490&mod=0a6b8177&uri=category-info.php%3Fid%3D2702141-173%26name%3Dhaba+wall+toys HTTP/1.1" 200 18816 "-" "Mozilla/5.0 (compatible; Googlebot/2.1; +http://www.google.com/bot.html)"
66.249.79.236 - - [14/Jul/2025:02:04:14 +0000] "POST /get-message-notify HTTP/1.1" 200 18123 "https://gardenify.com.au/?s=5322879051490&mod=4021e2f1&uri=products.php%3Fid%3D177704-318%26name%3Dzapatillas+adidas+running+hombre+negras" "Mozilla/5.0 (Linux; Android 6.0.1; Nexus 5X Build/MMB29P) AppleWebKit/537.36 (KHTML, like Gecko) Chrome/137.0.7151.119 Mobile Safari/537.36 (compatible; Googlebot/2.1; +http://www.google.com/bot.html)"
66.249.79.236 - - [14/Jul/2025:02:04:14 +0000] "GET /?s=80918109041490&mod=e11ee596&uri=us.php%3Fid%3D2700357-478%26name%3Droyal+enfield+showroom+gopalganj HTTP/1.1" 200 18811 "-" "Mozilla/5.0 (compatible; Googlebot/2.1; +http://www.google.com/bot.html)"
66.249.79.236 - - [14/Jul/2025:02:04:14 +0000] "GET /?s=51394509021490&mod=531e7a1d&uri=search.php%3Fid%3D1715108-1249%26name%3Ddior+hyaluronic+lip+gloss HTTP/1.1" 200 18804 "-" "Mozilla/5.0 (Linux; Android 6.0.1; Nexus 5X Build/MMB29P) AppleWebKit/537.36 (KHTML, like Gecko) Chrome/137.0.7151.103 Mobile Safari/537.36 (compatible; Googlebot/2.1; +http://www.google.com/bot.html)"
66.249.79.237 - - [14/Jul/2025:02:04:15 +0000] "GET /?s=80967936031490&mod=178b79d3&uri=product.php%3Fid%3D2702018-759%26name%3Dwelke+maat+kleding+baby HTTP/1.1" 200 18804 "-" "Mozilla/5.0 (compatible; Googlebot/2.1; +http://www.google.com/bot.html)"
66.249.79.236 - - [14/Jul/2025:02:04:15 +0000] "POST /get-message-notify HTTP/1.1" 200 18123 "https://gardenify.com.au/?s=108144202051490&mod=326526e1&uri=search.php%3Fid%3D3609126-1576%26name%3Dblack+tutu+skirt+cheap" "Mozilla/5.0 (Linux; Android 6.0.1; Nexus 5X Build/MMB29P) AppleWebKit/537.36 (KHTML, like Gecko) Chrome/137.0.7151.119 Mobile Safari/537.36 (compatible; Googlebot/2.1; +http://www.google.com/bot.html)"
66.249.79.237 - - [14/Jul/2025:02:04:15 +0000] "GET /?s=84068251071490&mod=9cecbb6f&uri=brands.php%3Fid%3D2805504-344%26name%3Doff+court+shoes HTTP/1.1" 200 18790 "-" "Mozilla/5.0 (compatible; Googlebot/2.1; +http://www.google.com/bot.html)"
66.249.79.236 - - [14/Jul/2025:02:04:16 +0000] "POST /get-message-notify HTTP/1.1" 200 18123 "https://gardenify.com.au/?s=84060901041490&mod=9cecbb6f&uri=products.php%3Fid%3D2805259-344%26name%3Dsugarpine+air+mesh" "Mozilla/5.0 AppleWebKit/537.36 (KHTML, like Gecko; compatible; Googlebot/2.1; +http://www.google.com/bot.html) Chrome/137.0.7151.119 Safari/537.36"
66.249.79.236 - - [14/Jul/2025:02:04:16 +0000] "GET /?s=84062101021490&mod=9cecbb6f&uri=pin.php%3Fid%3D2805299-344%26name%3Dcheapest+nike+boots HTTP/1.1" 200 18796 "-" "Mozilla/5.0 (compatible; Googlebot/2.1; +http://www.google.com/bot.html)"
66.249.79.236 - - [14/Jul/2025:02:04:17 +0000] "POST /get-message-notify HTTP/1.1" 200 18123 "https://gardenify.com.au/?s=80969736061490&mod=178b79d3&uri=form.php%3Fid%3D2702078-759%26name%3Doutdoor+jassen+sale" "Mozilla/5.0 AppleWebKit/537.36 (KHTML, like Gecko; compatible; Googlebot/2.1; +http://www.google.com/bot.html) Chrome/137.0.7151.119 Safari/537.36"
66.249.79.238 - - [14/Jul/2025:02:04:17 +0000] "GET /?s=84061051091490&mod=9cecbb6f&uri=brands.php%3Fid%3D2805264-344%26name%3Dkaari+blue+shoes HTTP/1.1" 200 18791 "-" "Mozilla/5.0 (compatible; Googlebot/2.1; +http://www.google.com/bot.html)"
66.249.79.236 - - [14/Jul/2025:02:04:17 +0000] "POST /get-message-notify HTTP/1.1" 200 18123 "https://gardenify.com.au/?s=37074469001490&mod=8089af32&uri=news.php%3Fid%3D1237395-1114%26name%3Dhasta+que+graduacion+llegan+los+lentes+de+contacto" "Mozilla/5.0 (Linux; Android 6.0.1; Nexus 5X Build/MMB29P) AppleWebKit/537.36 (KHTML, like Gecko) Chrome/137.0.7151.119 Mobile Safari/537.36 (compatible; Googlebot/2.1; +http://www.google.com/bot.html)"
66.249.79.236 - - [14/Jul/2025:02:04:18 +0000] "GET /?s=80970816121490&mod=0a6b8177&uri=info.php%3Fid%3D2702114-173%26name%3Dbeyblade+launcher+set HTTP/1.1" 200 18801 "-" "Mozilla/5.0 (compatible; Googlebot/2.1; +http://www.google.com/bot.html)"
66.249.79.238 - - [14/Jul/2025:02:04:18 +0000] "GET /?s=84065101041490&mod=9cecbb6f&uri=pin.php%3Fid%3D2805399-344%26name%3Dqvc+flip+flops HTTP/1.1" 200 18785 "-" "Mozilla/5.0 (compatible; Googlebot/2.1; +http://www.google.com/bot.html)"
66.249.79.237 - - [14/Jul/2025:02:04:19 +0000] "GET /?s=80965326041490&mod=178b79d3&uri=article.php%3Fid%3D2701931-759%26name%3Dnoorse+wollen+vesten+dames HTTP/1.1" 200 18813 "-" "Mozilla/5.0 (compatible; Googlebot/2.1; +http://www.google.com/bot.html)"
66.249.79.238 - - [14/Jul/2025:02:04:19 +0000] "GET /?s=84069601041490&mod=9cecbb6f&uri=goods.php%3Fid%3D2805549-344%26name%3Dlegero+shoes+ireland HTTP/1.1" 200 18797 "-" "Mozilla/5.0 (compatible; Googlebot/2.1; +http://www.google.com/bot.html)"
66.249.79.237 - - [14/Jul/2025:02:04:20 +0000] "POST /get-message-notify HTTP/1.1" 200 18123 "https://gardenify.com.au/?s=37074469001490&mod=8089af32&uri=news.php%3Fid%3D1237395-1114%26name%3Dhasta+que+graduacion+llegan+los+lentes+de+contacto" "Mozilla/5.0 (Linux; Android 6.0.1; Nexus 5X Build/MMB29P) AppleWebKit/537.36 (KHTML, like Gecko) Chrome/137.0.7151.119 Mobile Safari/537.36 (compatible; Googlebot/2.1; +http://www.google.com/bot.html)"
66.249.79.236 - - [14/Jul/2025:02:04:20 +0000] "GET /?s=84060601001490&mod=9cecbb6f&uri=shop.php%3Fid%3D2805249-344%26name%3Dwomen%27s+low+boots HTTP/1.1" 200 18794 "-" "Mozilla/5.0 (compatible; Googlebot/2.1; +http://www.google.com/bot.html)"
66.249.79.237 - - [14/Jul/2025:02:04:20 +0000] "POST /get-message-notify HTTP/1.1" 200 18123 "https://gardenify.com.au/?s=80966856051490&mod=178b79d3&uri=product.php%3Fid%3D2701982-759%26name%3Dwegwerpoverall+karwei" "Mozilla/5.0 AppleWebKit/537.36 (KHTML, like Gecko; compatible; Googlebot/2.1; +http://www.google.com/bot.html) Chrome/137.0.7151.119 Safari/537.36"
66.249.79.237 - - [14/Jul/2025:02:04:21 +0000] "GET /?s=80971266001490&mod=178b79d3&uri=us.php%3Fid%3D2702129-759%26name%3Dgeruite+rok+bruin HTTP/1.1" 200 18784 "-" "Mozilla/5.0 (compatible; Googlebot/2.1; +http://www.google.com/bot.html)"
66.249.79.236 - - [14/Jul/2025:02:04:21 +0000] "GET /?s=84066601021490&mod=9cecbb6f&uri=goods.php%3Fid%3D2805449-344%26name%3Djordan+on+court HTTP/1.1" 200 18790 "-" "Mozilla/5.0 (compatible; Googlebot/2.1; +http://www.google.com/bot.html)"
66.249.79.237 - - [14/Jul/2025:02:04:21 +0000] "POST /get-message-notify HTTP/1.1" 200 18123 "https://gardenify.com.au/?s=9386332081490&mod=58c07bd2&uri=blog.php%3Fid%3D313407-480%26name%3Dledertaschen+marken+%C3%83%C2%BCbersicht" "Mozilla/5.0 (Linux; Android 6.0.1; Nexus 5X Build/MMB29P) AppleWebKit/537.36 (KHTML, like Gecko) Chrome/137.0.7151.119 Mobile Safari/537.36 (compatible; Googlebot/2.1; +http://www.google.com/bot.html)"
66.249.79.236 - - [14/Jul/2025:02:04:22 +0000] "POST /get-message-notify HTTP/1.1" 200 18123 "https://gardenify.com.au/?s=80967936031490&mod=178b79d3&uri=product.php%3Fid%3D2702018-759%26name%3Dwelke+maat+kleding+baby" "Mozilla/5.0 AppleWebKit/537.36 (KHTML, like Gecko; compatible; Googlebot/2.1; +http://www.google.com/bot.html) Chrome/137.0.7151.119 Safari/537.36"
66.249.79.238 - - [14/Jul/2025:02:04:22 +0000] "POST /get-message-notify HTTP/1.1" 200 18123 "https://gardenify.com.au/?s=84068251071490&mod=9cecbb6f&uri=brands.php%3Fid%3D2805504-344%26name%3Doff+court+shoes" "Mozilla/5.0 AppleWebKit/537.36 (KHTML, like Gecko; compatible; Googlebot/2.1; +http://www.google.com/bot.html) Chrome/137.0.7151.119 Safari/537.36"
66.249.79.237 - - [14/Jul/2025:02:04:22 +0000] "POST /get-message-notify HTTP/1.1" 200 18123 "https://gardenify.com.au/?s=80965326041490&mod=178b79d3&uri=article.php%3Fid%3D2701931-759%26name%3Dnoorse+wollen+vesten+dames" "Mozilla/5.0 AppleWebKit/537.36 (KHTML, like Gecko; compatible; Googlebot/2.1; +http://www.google.com/bot.html) Chrome/137.0.7151.119 Safari/537.36"
66.249.79.236 - - [14/Jul/2025:02:04:23 +0000] "POST /get-message-notify HTTP/1.1" 200 18123 "https://gardenify.com.au/?s=84061051091490&mod=9cecbb6f&uri=brands.php%3Fid%3D2805264-344%26name%3Dkaari+blue+shoes" "Mozilla/5.0 AppleWebKit/537.36 (KHTML, like Gecko; compatible; Googlebot/2.1; +http://www.google.com/bot.html) Chrome/137.0.7151.119 Safari/537.36"
66.249.79.238 - - [14/Jul/2025:02:06:03 +0000] "GET /safe_search/config?return_url=%2Fproduct%2Fdetail%2F80972076030490 HTTP/1.1" 200 18589 "-" "Mozilla/5.0 (compatible; Googlebot/2.1; +http://www.google.com/bot.html)"
66.249.79.236 - - [14/Jul/2025:02:06:03 +0000] "GET /?s=112218904061490&mod=08549c20&uri=pin.php%3Fid%3D3745140-1615%26name%3Dmaia+sports+bra+sale HTTP/1.1" 200 18798 "-" "Mozilla/5.0 (Linux; Android 6.0.1; Nexus 5X Build/MMB29P) AppleWebKit/537.36 (KHTML, like Gecko) Chrome/137.0.7151.103 Mobile Safari/537.36 (compatible; Googlebot/2.1; +http://www.google.com/bot.html)"
66.249.79.238 - - [14/Jul/2025:02:06:03 +0000] "GET /?s=80953656101490&mod=178b79d3&uri=search.php%3Fid%3D2701542-759%26name%3Deksept+broek HTTP/1.1" 200 18782 "-" "Mozilla/5.0 (compatible; Googlebot/2.1; +http://www.google.com/bot.html)"
66.249.79.236 - - [14/Jul/2025:02:06:03 +0000] "GET /?s=112409213031490&mod=e11ee596&uri=brands.php%3Fid%3D3751490-478%26name%3Dkawasaki+h2+z1000 HTTP/1.1" 200 18797 "-" "Mozilla/5.0 (compatible; Googlebot/2.1; +http://www.google.com/bot.html)"
66.249.79.236 - - [14/Jul/2025:02:06:04 +0000] "GET /?s=84067651091490&mod=9cecbb6f&uri=category-info.php%3Fid%3D2805484-344%26name%3Dspring+data+kafka HTTP/1.1" 200 18819 "-" "Mozilla/5.0 (compatible; Googlebot/2.1; +http://www.google.com/bot.html)"
66.249.79.238 - - [14/Jul/2025:02:06:04 +0000] "GET /?s=84061651091490&mod=9cecbb6f&uri=dp.php%3Fid%3D2805284-344%26name%3Dmuck+boots+styles HTTP/1.1" 200 18782 "-" "Mozilla/5.0 (compatible; Googlebot/2.1; +http://www.google.com/bot.html)"
66.249.79.238 - - [14/Jul/2025:02:06:04 +0000] "GET /?s=80969106001490&mod=178b79d3&uri=goods.php%3Fid%3D2702057-759%26name%3Dzoso+broek+pamela HTTP/1.1" 200 18793 "-" "Mozilla/5.0 (compatible; Googlebot/2.1; +http://www.google.com/bot.html)"
66.249.79.237 - - [14/Jul/2025:02:06:04 +0000] "GET /?s=84062851031490&mod=9cecbb6f&uri=dp.php%3Fid%3D2805324-344%26name%3Dsophia+webster+ballerina HTTP/1.1" 200 18797 "-" "Mozilla/5.0 (compatible; Googlebot/2.1; +http://www.google.com/bot.html)"
66.249.79.238 - - [14/Jul/2025:02:06:04 +0000] "GET /?s=84059251041490&mod=9cecbb6f&uri=dp.php%3Fid%3D2805204-344%26name%3Dboot+passion+mud HTTP/1.1" 200 18788 "-" "Mozilla/5.0 (compatible; Googlebot/2.1; +http://www.google.com/bot.html)"
66.249.79.237 - - [14/Jul/2025:02:06:05 +0000] "GET /?s=80965236011490&mod=178b79d3&uri=category-info.php%3Fid%3D2701928-759%26name%3Dguts+gusto+jurk HTTP/1.1" 200 18822 "-" "Mozilla/5.0 (compatible; Googlebot/2.1; +http://www.google.com/bot.html)"
66.249.79.238 - - [14/Jul/2025:02:06:05 +0000] "GET /?s=84067351041490&mod=9cecbb6f&uri=form.php%3Fid%3D2805474-344%26name%3Ddifference+between+muck+boots HTTP/1.1" 200 18800 "-" "Mozilla/5.0 (compatible; Googlebot/2.1; +http://www.google.com/bot.html)"
66.249.79.238 - - [14/Jul/2025:02:06:05 +0000] "GET /?s=84069301021490&mod=9cecbb6f&uri=search.php%3Fid%3D2805539-344%26name%3Dspring+mvc+with+jpa+example HTTP/1.1" 200 18803 "-" "Mozilla/5.0 (compatible; Googlebot/2.1; +http://www.google.com/bot.html)"
66.249.79.237 - - [14/Jul/2025:02:06:06 +0000] "GET /?s=84066751041490&mod=9cecbb6f&uri=news.php%3Fid%3D2805454-344%26name%3Dmustard+shoes+uk HTTP/1.1" 200 18788 "-" "Mozilla/5.0 (compatible; Googlebot/2.1; +http://www.google.com/bot.html)"
66.249.79.237 - - [14/Jul/2025:02:06:06 +0000] "GET /?s=112965368001490&mod=e11ee596&uri=product.php%3Fid%3D3770063-478%26name%3Dxcd+bike+125+cc HTTP/1.1" 200 18795 "-" "Mozilla/5.0 (compatible; Googlebot/2.1; +http://www.google.com/bot.html)"
66.249.79.236 - - [14/Jul/2025:02:06:07 +0000] "GET /?s=60972797121490&mod=95062cef&uri=shop.php%3Fid%3D2034712-1366%26name%3Ddoudoune+bleu+et+orange HTTP/1.1" 200 18797 "-" "Mozilla/5.0 (Linux; Android 6.0.1; Nexus 5X Build/MMB29P) AppleWebKit/537.36 (KHTML, like Gecko) Chrome/137.0.7151.103 Mobile Safari/537.36 (compatible; Googlebot/2.1; +http://www.google.com/bot.html)"
66.249.79.237 - - [14/Jul/2025:02:06:07 +0000] "GET /?s=84064801041490&mod=9cecbb6f&uri=form.php%3Fid%3D2805389-344%26name%3Dfaleece+crystal+embellished+slingback+pump HTTP/1.1" 200 18827 "-" "Mozilla/5.0 (compatible; Googlebot/2.1; +http://www.google.com/bot.html)"
66.249.79.237 - - [14/Jul/2025:02:06:07 +0000] "POST /get-message-notify HTTP/1.1" 200 18123 "https://gardenify.com.au/?s=34334840041490&mod=47317e1d&uri=form.php%3Fid%3D1145968-1070%26name%3Dob16am118" "Mozilla/5.0 (Linux; Android 6.0.1; Nexus 5X Build/MMB29P) AppleWebKit/537.36 (KHTML, like Gecko) Chrome/137.0.7151.119 Mobile Safari/537.36 (compatible; Googlebot/2.1; +http://www.google.com/bot.html)"
66.249.79.236 - - [14/Jul/2025:02:06:08 +0000] "GET /?s=80965866061490&mod=178b79d3&uri=goods.php%3Fid%3D2701949-759%26name%3Dpetit+bateau+ondergoed+dames HTTP/1.1" 200 18807 "-" "Mozilla/5.0 (compatible; Googlebot/2.1; +http://www.google.com/bot.html)"
66.249.79.236 - - [14/Jul/2025:02:06:08 +0000] "GET /?s=84070051031490&mod=9cecbb6f&uri=article.php%3Fid%3D2805564-344%26name%3Dcheap+spa+slippers HTTP/1.1" 200 18798 "-" "Mozilla/5.0 (compatible; Googlebot/2.1; +http://www.google.com/bot.html)"
66.249.79.237 - - [14/Jul/2025:02:06:08 +0000] "GET /?s=84063901141490&mod=9cecbb6f&uri=news.php%3Fid%3D2805359-344%26name%3Dsafety+court+shoes HTTP/1.1" 200 18794 "-" "Mozilla/5.0 (compatible; Googlebot/2.1; +http://www.google.com/bot.html)"
66.249.79.237 - - [14/Jul/2025:02:06:08 +0000] "GET /?s=80944776041490&mod=178b79d3&uri=brands.php%3Fid%3D2701246-759%26name%3Dvlot+damesmode HTTP/1.1" 200 18786 "-" "Mozilla/5.0 (compatible; Googlebot/2.1; +http://www.google.com/bot.html)"
66.249.79.236 - - [14/Jul/2025:02:06:10 +0000] "POST /get-message-notify HTTP/1.1" 200 18123 "https://gardenify.com.au/?s=80965236011490&mod=178b79d3&uri=category-info.php%3Fid%3D2701928-759%26name%3Dguts+gusto+jurk" "Mozilla/5.0 AppleWebKit/537.36 (KHTML, like Gecko; compatible; Googlebot/2.1; +http://www.google.com/bot.html) Chrome/137.0.7151.119 Safari/537.36"
66.249.79.236 - - [14/Jul/2025:02:06:12 +0000] "POST /get-message-notify HTTP/1.1" 200 18123 "https://gardenify.com.au/?s=112409213031490&mod=e11ee596&uri=brands.php%3Fid%3D3751490-478%26name%3Dkawasaki+h2+z1000" "Mozilla/5.0 AppleWebKit/537.36 (KHTML, like Gecko; compatible; Googlebot/2.1; +http://www.google.com/bot.html) Chrome/137.0.7151.119 Safari/537.36"
66.249.79.237 - - [14/Jul/2025:02:06:12 +0000] "POST /get-message-notify HTTP/1.1" 200 18123 "https://gardenify.com.au/?s=80953656101490&mod=178b79d3&uri=search.php%3Fid%3D2701542-759%26name%3Deksept+broek" "Mozilla/5.0 AppleWebKit/537.36 (KHTML, like Gecko; compatible; Googlebot/2.1; +http://www.google.com/bot.html) Chrome/137.0.7151.119 Safari/537.36"
66.249.79.236 - - [14/Jul/2025:02:06:17 +0000] "POST /get-message-notify HTTP/1.1" 200 18123 "https://gardenify.com.au/?s=60972797121490&mod=95062cef&uri=shop.php%3Fid%3D2034712-1366%26name%3Ddoudoune+bleu+et+orange" "Mozilla/5.0 (Linux; Android 6.0.1; Nexus 5X Build/MMB29P) AppleWebKit/537.36 (KHTML, like Gecko) Chrome/137.0.7151.119 Mobile Safari/537.36 (compatible; Googlebot/2.1; +http://www.google.com/bot.html)"
66.249.79.236 - - [14/Jul/2025:02:06:21 +0000] "POST /get-message-notify HTTP/1.1" 200 18123 "https://gardenify.com.au/?s=84070051031490&mod=9cecbb6f&uri=article.php%3Fid%3D2805564-344%26name%3Dcheap+spa+slippers" "Mozilla/5.0 AppleWebKit/537.36 (KHTML, like Gecko; compatible; Googlebot/2.1; +http://www.google.com/bot.html) Chrome/137.0.7151.119 Safari/537.36"
66.249.79.236 - - [14/Jul/2025:02:06:24 +0000] "POST /get-message-notify HTTP/1.1" 200 18123 "https://gardenify.com.au/?s=89096323071490&mod=2ac82abf&uri=product.php%3Fid%3D2973283-142%26name%3Dshoes+to+wear+with+navy+dress" "Mozilla/5.0 AppleWebKit/537.36 (KHTML, like Gecko; compatible; Googlebot/2.1; +http://www.google.com/bot.html) Chrome/137.0.7151.119 Safari/537.36"
66.249.79.237 - - [14/Jul/2025:02:06:48 +0000] "POST /get-message-notify HTTP/1.1" 200 18123 "https://gardenify.com.au/?s=63657762041490&mod=889bd88f&uri=form.php%3Fid%3D2124318-1382%26name%3Dhbo+go+for+game+of+thrones" "Mozilla/5.0 (Linux; Android 6.0.1; Nexus 5X Build/MMB29P) AppleWebKit/537.36 (KHTML, like Gecko) Chrome/137.0.7151.119 Mobile Safari/537.36 (compatible; Googlebot/2.1; +http://www.google.com/bot.html)"
66.249.79.236 - - [14/Jul/2025:02:07:02 +0000] "GET /?s=3213958071490&mod=bb633eed&uri=blog.php%3Fid%3D107283-198%26name%3Dmens+sherpa+levi%27s+jacket HTTP/1.1" 200 18806 "-" "Mozilla/5.0 (Linux; Android 6.0.1; Nexus 5X Build/MMB29P) AppleWebKit/537.36 (KHTML, like Gecko) Chrome/137.0.7151.103 Mobile Safari/537.36 (compatible; Googlebot/2.1; +http://www.google.com/bot.html)"
66.249.79.237 - - [14/Jul/2025:02:07:25 +0000] "GET /?s=23407994051490&mod=c3002643&uri=shop.php%3Fid%3D781309-836%26name%3Dosprey+tempest+30 HTTP/1.1" 200 18792 "-" "Mozilla/5.0 (Linux; Android 6.0.1; Nexus 5X Build/MMB29P) AppleWebKit/537.36 (KHTML, like Gecko) Chrome/137.0.7151.103 Mobile Safari/537.36 (compatible; Googlebot/2.1; +http://www.google.com/bot.html)"
66.249.79.236 - - [14/Jul/2025:02:07:32 +0000] "GET /?s=72658247021490&mod=d27c82fc&uri=pin.php%3Fid%3D2424686-925%26name%3Dzac+zac+posen+gown HTTP/1.1" 200 18793 "-" "Mozilla/5.0 (Linux; Android 6.0.1; Nexus 5X Build/MMB29P) AppleWebKit/537.36 (KHTML, like Gecko) Chrome/137.0.7151.103 Mobile Safari/537.36 (compatible; GoogleOther)"
66.249.79.236 - - [14/Jul/2025:02:07:44 +0000] "POST /get-message-notify HTTP/1.1" 200 18123 "https://gardenify.com.au/?s=23407994051490&mod=c3002643&uri=shop.php%3Fid%3D781309-836%26name%3Dosprey+tempest+30" "Mozilla/5.0 (Linux; Android 6.0.1; Nexus 5X Build/MMB29P) AppleWebKit/537.36 (KHTML, like Gecko) Chrome/137.0.7151.119 Mobile Safari/537.36 (compatible; Googlebot/2.1; +http://www.google.com/bot.html)"
66.249.79.236 - - [14/Jul/2025:02:07:47 +0000] "GET /?s=98340892041490&mod=8cfd9129&uri=us.php%3Fid%3D3281893-845%26name%3Dwomens+nike+air+sequent HTTP/1.1" 200 18802 "-" "Mozilla/5.0 (Linux; Android 6.0.1; Nexus 5X Build/MMB29P) AppleWebKit/537.36 (KHTML, like Gecko) Chrome/137.0.7151.103 Mobile Safari/537.36 (compatible; Googlebot/2.1; +http://www.google.com/bot.html)"
66.249.79.236 - - [14/Jul/2025:02:07:54 +0000] "POST /get-message-notify HTTP/1.1" 200 18123 "https://gardenify.com.au/?s=98340892041490&mod=8cfd9129&uri=us.php%3Fid%3D3281893-845%26name%3Dwomens+nike+air+sequent" "Mozilla/5.0 (Linux; Android 6.0.1; Nexus 5X Build/MMB29P) AppleWebKit/537.36 (KHTML, like Gecko) Chrome/137.0.7151.119 Mobile Safari/537.36 (compatible; Googlebot/2.1; +http://www.google.com/bot.html)"
66.249.79.236 - - [14/Jul/2025:02:07:55 +0000] "POST /get-message-notify HTTP/1.1" 200 18123 "https://gardenify.com.au/?s=64506213011490&mod=6b68749e&uri=us.php%3Fid%3D2152620-441%26name%3Dvolcom+snow+jacket+mens" "Mozilla/5.0 (Linux; Android 6.0.1; Nexus 5X Build/MMB29P) AppleWebKit/537.36 (KHTML, like Gecko) Chrome/137.0.7151.119 Mobile Safari/537.36 (compatible; Googlebot/2.1; +http://www.google.com/bot.html)"
66.249.79.237 - - [14/Jul/2025:02:08:02 +0000] "GET /feature/campaign/index.html HTTP/1.1" 200 19234 "-" "Mozilla/5.0 (Linux; Android 6.0.1; Nexus 5X Build/MMB29P) AppleWebKit/537.36 (KHTML, like Gecko) Chrome/137.0.7151.103 Mobile Safari/537.36 (compatible; GoogleOther)"
66.249.79.236 - - [14/Jul/2025:02:08:03 +0000] "GET /?s=80967666021490&mod=178b79d3&uri=search.php%3Fid%3D2702009-759%26name%3Dkleding+sale HTTP/1.1" 200 18775 "-" "Mozilla/5.0 (compatible; Googlebot/2.1; +http://www.google.com/bot.html)"
66.249.79.236 - - [14/Jul/2025:02:08:04 +0000] "GET /?s=80966586011490&mod=178b79d3&uri=shop.php%3Fid%3D2701973-759%26name%3Dname+it+boxpakje HTTP/1.1" 200 18787 "-" "Mozilla/5.0 (compatible; Googlebot/2.1; +http://www.google.com/bot.html)"
66.249.79.238 - - [14/Jul/2025:02:08:04 +0000] "GET /?s=84071101041490&mod=9cecbb6f&uri=products.php%3Fid%3D2805599-344%26name%3Deasy+street+steff HTTP/1.1" 200 18791 "-" "Mozilla/5.0 (compatible; Googlebot/2.1; +http://www.google.com/bot.html)"
66.249.79.236 - - [14/Jul/2025:02:08:04 +0000] "GET /?s=84068701041490&mod=9cecbb6f&uri=us.php%3Fid%3D2805519-344%26name%3Dryka+raze HTTP/1.1" 200 18774 "-" "Mozilla/5.0 (compatible; Googlebot/2.1; +http://www.google.com/bot.html)"
66.249.79.238 - - [14/Jul/2025:02:08:04 +0000] "GET /?s=80969466001490&mod=178b79d3&uri=dp.php%3Fid%3D2702069-759%26name%3Ddaily+paper+kleding+dames HTTP/1.1" 200 18798 "-" "Mozilla/5.0 (compatible; Googlebot/2.1; +http://www.google.com/bot.html)"
66.249.79.237 - - [14/Jul/2025:02:08:04 +0000] "GET /?s=112218904061490&mod=08549c20&uri=pin.php%3Fid%3D3745140-1615%26name%3Dmaia+sports+bra+sale HTTP/1.1" 200 18798 "-" "Mozilla/5.0 (Linux; Android 6.0.1; Nexus 5X Build/MMB29P) AppleWebKit/537.36 (KHTML, like Gecko) Chrome/137.0.7151.103 Mobile Safari/537.36 (compatible; Googlebot/2.1; +http://www.google.com/bot.html)"
66.249.79.237 - - [14/Jul/2025:02:09:20 +0000] "POST /get-message-notify HTTP/1.1" 200 18123 "https://gardenify.com.au/feature/campaign/index.html" "Mozilla/5.0 (Linux; Android 6.0.1; Nexus 5X Build/MMB29P) AppleWebKit/537.36 (KHTML, like Gecko) Chrome/137.0.7151.119 Mobile Safari/537.36 (compatible; Googlebot/2.1; +http://www.google.com/bot.html)"
66.249.79.236 - - [14/Jul/2025:02:09:58 +0000] "POST /get-message-notify HTTP/1.1" 200 18123 "https://gardenify.com.au/?s=80966586011490&mod=178b79d3&uri=shop.php%3Fid%3D2701973-759%26name%3Dname+it+boxpakje" "Mozilla/5.0 AppleWebKit/537.36 (KHTML, like Gecko; compatible; Googlebot/2.1; +http://www.google.com/bot.html) Chrome/137.0.7151.119 Safari/537.36"
66.249.79.236 - - [14/Jul/2025:02:10:52 +0000] "POST /get-message-notify HTTP/1.1" 200 18123 "https://gardenify.com.au/?s=84064801041490&mod=9cecbb6f&uri=form.php%3Fid%3D2805389-344%26name%3Dfaleece+crystal+embellished+slingback+pump" "Mozilla/5.0 AppleWebKit/537.36 (KHTML, like Gecko; compatible; Googlebot/2.1; +http://www.google.com/bot.html) Chrome/137.0.7151.119 Safari/537.36"
66.249.79.237 - - [14/Jul/2025:02:11:05 +0000] "GET /pcmypage?callback=/product%2Fdetail%2F80971986062490 HTTP/1.1" 200 18573 "-" "Mozilla/5.0 (compatible; Googlebot/2.1; +http://www.google.com/bot.html)"
66.249.79.236 - - [14/Jul/2025:02:11:43 +0000] "POST /get-message-notify HTTP/1.1" 200 18123 "https://gardenify.com.au/pcmypage?callback=/product%2Fdetail%2F80971986062490" "Mozilla/5.0 AppleWebKit/537.36 (KHTML, like Gecko; compatible; Googlebot/2.1; +http://www.google.com/bot.html) Chrome/137.0.7151.119 Safari/537.36"