66.249.79.238 - - [14/Jul/2025:01:48:18 +0000] "GET /?s=14578492091490&mod=61d77652&uri=products.php%3Fid%3D486726-24%26name%3Dthule+bike+trailer+nz HTTP/1.1" 200 18796 "-" "Mozilla/5.0 (compatible; Googlebot/2.1; +http://www.google.com/bot.html)"
66.249.79.238 - - [14/Jul/2025:01:48:18 +0000] "GET /?s=86288078031490&mod=5478c9cd&uri=product.php%3Fid%3D2879566-219%26name%3Dsenville+leto+eco+series HTTP/1.1" 200 18808 "-" "Mozilla/5.0 (compatible; Googlebot/2.1; +http://www.google.com/bot.html)"
66.249.79.238 - - [14/Jul/2025:01:48:18 +0000] "GET /?s=29133252011490&mod=152068f4&uri=brands.php%3Fid%3D972332-956%26name%3Ddunkin+doughnut+shoes HTTP/1.1" 200 18801 "-" "Mozilla/5.0 (Linux; Android 6.0.1; Nexus 5X Build/MMB29P) AppleWebKit/537.36 (KHTML, like Gecko) Chrome/137.0.7151.103 Mobile Safari/537.36 (compatible; Googlebot/2.1; +http://www.google.com/bot.html)"
66.249.79.237 - - [14/Jul/2025:01:48:18 +0000] "GET /?s=14580442041490&mod=10b74c7d&uri=category-info.php%3Fid%3D486791-619%26name%3Dpagani+design+datejust HTTP/1.1" 200 18828 "-" "Mozilla/5.0 (compatible; Googlebot/2.1; +http://www.google.com/bot.html)"
66.249.79.236 - - [14/Jul/2025:01:48:18 +0000] "GET /?s=86289119001490&mod=5478c9cd&uri=itm.php%3Fid%3D2879601-219%26name%3Dcoleman+mobile+home+furnace+troubleshooting HTTP/1.1" 200 18829 "-" "Mozilla/5.0 (compatible; Googlebot/2.1; +http://www.google.com/bot.html)"
66.249.79.238 - - [14/Jul/2025:01:48:19 +0000] "GET /?s=14584792041490&mod=b21f9f98&uri=goods.php%3Fid%3D486936-25%26name%3Dwhen+did+switch+v2+come+out HTTP/1.1" 200 18812 "-" "Mozilla/5.0 (compatible; Googlebot/2.1; +http://www.google.com/bot.html)"
66.249.79.237 - - [14/Jul/2025:01:48:19 +0000] "GET /?s=14586142041490&mod=61d77652&uri=blog.php%3Fid%3D486981-24%26name%3Dthe+cycle+chain+reaction HTTP/1.1" 200 18794 "-" "Mozilla/5.0 (compatible; Googlebot/2.1; +http://www.google.com/bot.html)"
66.249.79.237 - - [14/Jul/2025:01:48:19 +0000] "GET /?s=86290577071490&mod=5478c9cd&uri=info.php%3Fid%3D2879650-219%26name%3Dwood+pellet+boiler+for+sale HTTP/1.1" 200 18809 "-" "Mozilla/5.0 (compatible; Googlebot/2.1; +http://www.google.com/bot.html)"
66.249.79.236 - - [14/Jul/2025:01:48:19 +0000] "GET /?s=46066980051490&mod=8a7466b2&uri=brands.php%3Fid%3D1537391-844%26name%3Dflat+foot+shoes+for+toddlers HTTP/1.1" 200 18811 "-" "Mozilla/5.0 (Linux; Android 6.0.1; Nexus 5X Build/MMB29P) AppleWebKit/537.36 (KHTML, like Gecko) Chrome/137.0.7151.103 Mobile Safari/537.36 (compatible; Googlebot/2.1; +http://www.google.com/bot.html)"
66.249.79.237 - - [14/Jul/2025:01:48:19 +0000] "GET /?s=86288288001490&mod=5478c9cd&uri=shop.php%3Fid%3D2879573-219%26name%3Dgoodman+furnace+propane+to+natural+gas+conversion HTTP/1.1" 200 18834 "-" "Mozilla/5.0 (compatible; Googlebot/2.1; +http://www.google.com/bot.html)"
66.249.79.237 - - [14/Jul/2025:01:48:20 +0000] "GET /?s=86282038001490&mod=5478c9cd&uri=itm.php%3Fid%3D2879363-219%26name%3Dsuitable+floor+covering+for+underfloor+heating HTTP/1.1" 200 18822 "-" "Mozilla/5.0 (compatible; Googlebot/2.1; +http://www.google.com/bot.html)"
66.249.79.237 - - [14/Jul/2025:01:48:20 +0000] "GET /?s=14582092071490&mod=61d77652&uri=product.php%3Fid%3D486846-24%26name%3Dthule+bike+rack+canada HTTP/1.1" 200 18795 "-" "Mozilla/5.0 (compatible; Googlebot/2.1; +http://www.google.com/bot.html)"
66.249.79.237 - - [14/Jul/2025:01:48:20 +0000] "POST /get-message-notify HTTP/1.1" 404 6256 "https://gardenify.com.au/?s=53580994041490&mod=15afbdff&uri=pin.php%3Fid%3D1788034-345%26name%3Djeans+bota+ancha+con+abertura" "Mozilla/5.0 (Linux; Android 6.0.1; Nexus 5X Build/MMB29P) AppleWebKit/537.36 (KHTML, like Gecko) Chrome/137.0.7151.119 Mobile Safari/537.36 (compatible; Googlebot/2.1; +http://www.google.com/bot.html)"
66.249.79.236 - - [14/Jul/2025:01:48:20 +0000] "GET /?s=86292467101490&mod=073f456b&uri=products.php%3Fid%3D2879713-807%26name%3Dg+star+camo+hoodie HTTP/1.1" 200 18798 "-" "Mozilla/5.0 (compatible; Googlebot/2.1; +http://www.google.com/bot.html)"
66.249.79.237 - - [14/Jul/2025:01:48:21 +0000] "GET /?s=86176282001490&mod=7c2c48a3&uri=shop.php%3Fid%3D2875833-96%26name%3Dthe+most+sold+watch+in+the+world HTTP/1.1" 200 18816 "-" "Mozilla/5.0 (compatible; Googlebot/2.1; +http://www.google.com/bot.html)"
66.249.79.237 - - [14/Jul/2025:01:48:21 +0000] "GET /?s=86290367001490&mod=073f456b&uri=us.php%3Fid%3D2879643-807%26name%3Dchampion+reverse+weave+classic+zip+hoodie HTTP/1.1" 200 18826 "-" "Mozilla/5.0 (compatible; Googlebot/2.1; +http://www.google.com/bot.html)"
66.249.79.237 - - [14/Jul/2025:01:48:21 +0000] "POST /get-message-notify HTTP/1.1" 404 6256 "https://gardenify.com.au/?s=2828030081490&mod=8afff222&uri=products.php%3Fid%3D94401-178%26name%3Dveste+ski+etirel" "Mozilla/5.0 (Linux; Android 6.0.1; Nexus 5X Build/MMB29P) AppleWebKit/537.36 (KHTML, like Gecko) Chrome/137.0.7151.119 Mobile Safari/537.36 (compatible; Googlebot/2.1; +http://www.google.com/bot.html)"
66.249.79.236 - - [14/Jul/2025:01:48:21 +0000] "GET /?s=86295197111490&mod=5478c9cd&uri=shared.php%3Fid%3D2879804-219%26name%3Dmarley+fresh+air+heat+recovery+unit HTTP/1.1" 200 18823 "-" "Mozilla/5.0 (compatible; Googlebot/2.1; +http://www.google.com/bot.html)"
66.249.79.237 - - [14/Jul/2025:01:48:22 +0000] "GET /?s=86201362111490&mod=c292b3e9&uri=products.php%3Fid%3D2876669-91%26name%3Dgiant+advanced+pro+disc+2021 HTTP/1.1" 200 18816 "-" "Mozilla/5.0 (compatible; Googlebot/2.1; +http://www.google.com/bot.html)"
66.249.79.236 - - [14/Jul/2025:01:48:22 +0000] "POST /get-message-notify HTTP/1.1" 404 6256 "https://gardenify.com.au/?s=37245478041490&mod=49c0fa7f&uri=info.php%3Fid%3D1243097-36%26name%3Dwomen+western+wear+online" "Mozilla/5.0 (Linux; Android 6.0.1; Nexus 5X Build/MMB29P) AppleWebKit/537.36 (KHTML, like Gecko) Chrome/137.0.7151.119 Mobile Safari/537.36 (compatible; Googlebot/2.1; +http://www.google.com/bot.html)"
66.249.79.236 - - [14/Jul/2025:01:48:22 +0000] "GET /?s=14576992091490&mod=b21f9f98&uri=goods.php%3Fid%3D486676-25%26name%3Dxbox+360+flash+games HTTP/1.1" 200 18796 "-" "Mozilla/5.0 (compatible; Googlebot/2.1; +http://www.google.com/bot.html)"
66.249.79.236 - - [14/Jul/2025:01:48:22 +0000] "POST /get-message-notify HTTP/1.1" 404 6256 "https://gardenify.com.au/?s=42931602031490&mod=13a5ec89&uri=shared.php%3Fid%3D1432789-346%26name%3Dgriffey+in+96+shirt" "Mozilla/5.0 (Linux; Android 6.0.1; Nexus 5X Build/MMB29P) AppleWebKit/537.36 (KHTML, like Gecko) Chrome/137.0.7151.119 Mobile Safari/537.36 (compatible; Googlebot/2.1; +http://www.google.com/bot.html)"
66.249.79.237 - - [14/Jul/2025:01:48:23 +0000] "GET /?s=14579542041490&mod=b21f9f98&uri=dp.php%3Fid%3D486761-25%26name%3Dxbox+one+s+controller+case HTTP/1.1" 200 18800 "-" "Mozilla/5.0 (compatible; Googlebot/2.1; +http://www.google.com/bot.html)"
66.249.79.236 - - [14/Jul/2025:01:48:23 +0000] "GET /?s=86280372001490&mod=5478c9cd&uri=category-info.php%3Fid%3D2879307-219%26name%3Dfirebird+enviromax+c35 HTTP/1.1" 200 18833 "-" "Mozilla/5.0 (compatible; Googlebot/2.1; +http://www.google.com/bot.html)"
66.249.79.236 - - [14/Jul/2025:01:48:23 +0000] "GET /?s=14544052031490&mod=3695d85c&uri=info.php%3Fid%3D485578-125%26name%3Dla+raqueta+de+ping+pong+mas+cara+del+mundo HTTP/1.1" 200 18828 "-" "Mozilla/5.0 (compatible; Googlebot/2.1; +http://www.google.com/bot.html)"
66.249.79.236 - - [14/Jul/2025:01:48:24 +0000] "GET /?s=86294357131490&mod=073f456b&uri=article.php%3Fid%3D2879776-807%26name%3Dnasa+orange+sweatshirt HTTP/1.1" 200 18808 "-" "Mozilla/5.0 (compatible; Googlebot/2.1; +http://www.google.com/bot.html)"
66.249.79.237 - - [14/Jul/2025:01:48:24 +0000] "POST /get-message-notify HTTP/1.1" 404 6256 "https://gardenify.com.au/?s=42931602031490&mod=13a5ec89&uri=shared.php%3Fid%3D1432789-346%26name%3Dgriffey+in+96+shirt" "Mozilla/5.0 (Linux; Android 6.0.1; Nexus 5X Build/MMB29P) AppleWebKit/537.36 (KHTML, like Gecko) Chrome/137.0.7151.119 Mobile Safari/537.36 (compatible; Googlebot/2.1; +http://www.google.com/bot.html)"
66.249.79.237 - - [14/Jul/2025:01:48:24 +0000] "GET /?s=14578192091490&mod=337cd73a&uri=shared.php%3Fid%3D486716-56%26name%3Dbrahmin+atelier+satchel HTTP/1.1" 200 18800 "-" "Mozilla/5.0 (compatible; Googlebot/2.1; +http://www.google.com/bot.html)"
66.249.79.238 - - [14/Jul/2025:01:48:25 +0000] "GET /?s=14578342001490&mod=61d77652&uri=shop.php%3Fid%3D486721-24%26name%3Dthule+upride+canada HTTP/1.1" 200 18790 "-" "Mozilla/5.0 (compatible; Googlebot/2.1; +http://www.google.com/bot.html)"
66.249.79.238 - - [14/Jul/2025:01:48:25 +0000] "POST /get-message-notify HTTP/1.1" 404 6256 "https://gardenify.com.au/?s=29133252011490&mod=152068f4&uri=brands.php%3Fid%3D972332-956%26name%3Ddunkin+doughnut+shoes" "Mozilla/5.0 (Linux; Android 6.0.1; Nexus 5X Build/MMB29P) AppleWebKit/537.36 (KHTML, like Gecko) Chrome/137.0.7151.119 Mobile Safari/537.36 (compatible; Googlebot/2.1; +http://www.google.com/bot.html)"
66.249.79.238 - - [14/Jul/2025:01:48:25 +0000] "GET /?s=14582542141490&mod=337cd73a&uri=pin.php%3Fid%3D486861-56%26name%3Dtan+satchel+leather+bag HTTP/1.1" 200 18797 "-" "Mozilla/5.0 (compatible; Googlebot/2.1; +http://www.google.com/bot.html)"
66.249.79.238 - - [14/Jul/2025:01:48:25 +0000] "POST /get-message-notify HTTP/1.1" 404 6250 "https://gardenify.com.au/?s=86289119001490&mod=5478c9cd&uri=itm.php%3Fid%3D2879601-219%26name%3Dcoleman+mobile+home+furnace+troubleshooting" "Mozilla/5.0 AppleWebKit/537.36 (KHTML, like Gecko; compatible; Googlebot/2.1; +http://www.google.com/bot.html) Chrome/137.0.7151.119 Safari/537.36"
66.249.79.238 - - [14/Jul/2025:01:48:26 +0000] "GET /?s=111243465001490&mod=f9e85893&uri=brands.php%3Fid%3D3712563-186%26name%3Dmichael+kors+snakeskin+crossbody+bag HTTP/1.1" 200 18823 "-" "Mozilla/5.0 (Linux; Android 6.0.1; Nexus 5X Build/MMB29P) AppleWebKit/537.36 (KHTML, like Gecko) Chrome/137.0.7151.103 Mobile Safari/537.36 (compatible; Googlebot/2.1; +http://www.google.com/bot.html)"
66.249.79.236 - - [14/Jul/2025:01:48:26 +0000] "GET /?s=14579992091490&mod=61d77652&uri=product.php%3Fid%3D486776-24%26name%3Dthule+chariot+cross+uk HTTP/1.1" 200 18793 "-" "Mozilla/5.0 (compatible; Googlebot/2.1; +http://www.google.com/bot.html)"
66.249.79.237 - - [14/Jul/2025:01:48:26 +0000] "GET /feature/shoplist-friendly/index.html HTTP/1.1" 404 11747 "-" "Mozilla/5.0 (Linux; Android 6.0.1; Nexus 5X Build/MMB29P) AppleWebKit/537.36 (KHTML, like Gecko) Chrome/137.0.7151.103 Mobile Safari/537.36 (compatible; GoogleOther)"
66.249.79.236 - - [14/Jul/2025:01:48:31 +0000] "POST /get-message-notify HTTP/1.1" 404 6256 "https://gardenify.com.au/?s=111243465001490&mod=f9e85893&uri=brands.php%3Fid%3D3712563-186%26name%3Dmichael+kors+snakeskin+crossbody+bag" "Mozilla/5.0 (Linux; Android 6.0.1; Nexus 5X Build/MMB29P) AppleWebKit/537.36 (KHTML, like Gecko) Chrome/137.0.7151.119 Mobile Safari/537.36 (compatible; Googlebot/2.1; +http://www.google.com/bot.html)"
66.249.79.236 - - [14/Jul/2025:01:48:34 +0000] "GET /?s=112711537011490&mod=34186e9e&uri=news.php%3Fid%3D3761588-49%26name%3Dtoronto+raptors+earned+jersey+2021 HTTP/1.1" 200 18822 "-" "Mozilla/5.0 (Linux; Android 6.0.1; Nexus 5X Build/MMB29P) AppleWebKit/537.36 (KHTML, like Gecko) Chrome/137.0.7151.103 Mobile Safari/537.36 (compatible; Googlebot/2.1; +http://www.google.com/bot.html)"
66.249.79.238 - - [14/Jul/2025:01:48:55 +0000] "GET /?s=91483276011490&mod=b63bc3c4&uri=article.php%3Fid%3D3052967-683%26name%3Dpareo+gigante+playa+suelo HTTP/1.1" 200 18807 "-" "Mozilla/5.0 (Linux; Android 6.0.1; Nexus 5X Build/MMB29P) AppleWebKit/537.36 (KHTML, like Gecko) Chrome/137.0.7151.103 Mobile Safari/537.36 (compatible; GoogleOther)"
66.249.79.236 - - [14/Jul/2025:01:49:22 +0000] "GET /?s=83316534141490&mod=c6349c30&uri=news.php%3Fid%3D2780420-712%26name%3Dcomprar+airpods+usados HTTP/1.1" 200 18799 "-" "Mozilla/5.0 (Linux; Android 6.0.1; Nexus 5X Build/MMB29P) AppleWebKit/537.36 (KHTML, like Gecko) Chrome/137.0.7151.103 Mobile Safari/537.36 (compatible; Googlebot/2.1; +http://www.google.com/bot.html)"
66.249.79.236 - - [14/Jul/2025:01:49:23 +0000] "GET /?s=81139411011490&mod=f9496bec&uri=products.php%3Fid%3D2707750-1513%26name%3Dbici+monta%C3%83%C2%B1a+plegable HTTP/1.1" 200 18824 "-" "Mozilla/5.0 (Linux; Android 6.0.1; Nexus 5X Build/MMB29P) AppleWebKit/537.36 (KHTML, like Gecko) Chrome/137.0.7151.103 Mobile Safari/537.36 (compatible; GoogleOther)"
66.249.79.236 - - [14/Jul/2025:01:49:40 +0000] "GET /?s=23079127041490&mod=39cd85c4&uri=goods.php%3Fid%3D770343-775%26name%3Dstop+at+red+light HTTP/1.1" 200 18790 "-" "Mozilla/5.0 (Linux; Android 6.0.1; Nexus 5X Build/MMB29P) AppleWebKit/537.36 (KHTML, like Gecko) Chrome/137.0.7151.103 Mobile Safari/537.36 (compatible; Googlebot/2.1; +http://www.google.com/bot.html)"
209.74.77.214 - - [14/Jul/2025:01:49:49 +0000] "POST /wp-cron.php?doing_wp_cron=1752457789.6560609340667724609375 HTTP/1.1" 200 - "-" "WordPress/6.8.1; https://gardenify.com.au"
66.249.79.236 - - [14/Jul/2025:01:49:49 +0000] "POST /get-message-notify HTTP/1.1" 404 6256 "https://gardenify.com.au/?s=13848775051490&mod=51401c2a&uri=us.php%3Fid%3D462357-603%26name%3Dvans+shoes+online+for+men" "Mozilla/5.0 (Linux; Android 6.0.1; Nexus 5X Build/MMB29P) AppleWebKit/537.36 (KHTML, like Gecko) Chrome/137.0.7151.119 Mobile Safari/537.36 (compatible; Googlebot/2.1; +http://www.google.com/bot.html)"
209.74.77.214 - - [14/Jul/2025:01:49:49 +0000] "POST /wp-admin/admin-ajax.php?action=async_litespeed&nonce=bknIRhuTXAi1TDu86AkoLVx7O7GbsMmM&litespeed_type=imgoptm HTTP/1.1" 200 21 "-" "WordPress/6.8.1; https://gardenify.com.au"
66.249.79.236 - - [14/Jul/2025:01:49:50 +0000] "POST /get-message-notify HTTP/1.1" 404 6256 "https://gardenify.com.au/?s=23079127041490&mod=39cd85c4&uri=goods.php%3Fid%3D770343-775%26name%3Dstop+at+red+light" "Mozilla/5.0 (Linux; Android 6.0.1; Nexus 5X Build/MMB29P) AppleWebKit/537.36 (KHTML, like Gecko) Chrome/137.0.7151.119 Mobile Safari/537.36 (compatible; Googlebot/2.1; +http://www.google.com/bot.html)"
66.249.79.236 - - [14/Jul/2025:01:49:52 +0000] "GET /?s=91284952001490&mod=75ae27f0&uri=goods.php%3Fid%3D3046324-1563%26name%3Dochre+coatigan HTTP/1.1" 200 18790 "-" "Mozilla/5.0 (Linux; Android 6.0.1; Nexus 5X Build/MMB29P) AppleWebKit/537.36 (KHTML, like Gecko) Chrome/137.0.7151.103 Mobile Safari/537.36 (compatible; GoogleOther)"
66.249.79.236 - - [14/Jul/2025:01:49:58 +0000] "GET /?s=26728765021490&mod=35f6b4f9&uri=product.php%3Fid%3D892080-903%26name%3Dwhite+lace+skirt+midi HTTP/1.1" 200 18795 "-" "Mozilla/5.0 (Linux; Android 6.0.1; Nexus 5X Build/MMB29P) AppleWebKit/537.36 (KHTML, like Gecko) Chrome/137.0.7151.103 Mobile Safari/537.36 (compatible; Googlebot/2.1; +http://www.google.com/bot.html)"
209.74.77.214 - - [14/Jul/2025:01:49:59 +0000] "POST /wp-cron.php?doing_wp_cron=1752457799.0061640739440917968750 HTTP/1.1" 200 - "-" "WordPress/6.8.1; https://gardenify.com.au"
66.249.79.236 - - [14/Jul/2025:01:49:58 +0000] "POST /get-message-notify HTTP/1.1" 404 6250 "https://gardenify.com.au/?s=30494821131490&mod=74a40ee9&uri=products.php%3Fid%3D1017819-987%26name%3Dklaus+martens+wikipedia" "Mozilla/5.0 AppleWebKit/537.36 (KHTML, like Gecko; compatible; Googlebot/2.1; +http://www.google.com/bot.html) Chrome/137.0.7151.119 Safari/537.36"
209.74.77.214 - - [14/Jul/2025:01:49:59 +0000] "POST /wp-admin/admin-ajax.php?action=async_litespeed&nonce=X5pK1Cp6etVimM38aocQtOy5NTqsDfiQ&litespeed_type=imgoptm HTTP/1.1" 200 21 "-" "WordPress/6.8.1; https://gardenify.com.au"
66.249.79.236 - - [14/Jul/2025:01:50:02 +0000] "POST /get-message-notify HTTP/1.1" 404 6256 "https://gardenify.com.au/?s=81139411011490&mod=f9496bec&uri=products.php%3Fid%3D2707750-1513%26name%3Dbici+monta%C3%83%C2%B1a+plegable" "Mozilla/5.0 (Linux; Android 6.0.1; Nexus 5X Build/MMB29P) AppleWebKit/537.36 (KHTML, like Gecko) Chrome/137.0.7151.119 Mobile Safari/537.36 (compatible; Googlebot/2.1; +http://www.google.com/bot.html)"
66.249.79.236 - - [14/Jul/2025:01:50:03 +0000] "GET /?s=109055477071490&mod=f36c9507&uri=blog.php?goodscode/65340.shtm HTTP/1.1" 200 18215 "-" "Mozilla/5.0 (Linux; Android 6.0.1; Nexus 5X Build/MMB29P) AppleWebKit/537.36 (KHTML, like Gecko) Chrome/137.0.7151.103 Mobile Safari/537.36 (compatible; GoogleOther)"
66.249.79.236 - - [14/Jul/2025:01:50:15 +0000] "POST /get-message-notify HTTP/1.1" 404 6256 "https://gardenify.com.au/?s=99179232031490&mod=e2bad3bc&uri=shared.php%3Fid%3D3309861-1606%26name%3Dselfridges+yeezy+raffle" "Mozilla/5.0 (Linux; Android 6.0.1; Nexus 5X Build/MMB29P) AppleWebKit/537.36 (KHTML, like Gecko) Chrome/137.0.7151.119 Mobile Safari/537.36 (compatible; Googlebot/2.1; +http://www.google.com/bot.html)"
66.249.79.236 - - [14/Jul/2025:01:50:16 +0000] "GET /?s=69112016031490&mod=c578f722&uri=category-info.php%3Fid%3D2306353-1264%26name%3Dmaisto+toy+bikes HTTP/1.1" 200 18829 "-" "Mozilla/5.0 (Linux; Android 6.0.1; Nexus 5X Build/MMB29P) AppleWebKit/537.36 (KHTML, like Gecko) Chrome/137.0.7151.103 Mobile Safari/537.36 (compatible; Googlebot/2.1; +http://www.google.com/bot.html)"
66.249.79.236 - - [14/Jul/2025:01:50:17 +0000] "GET /?s=93812385051490&mod=52012825&uri=article.php%3Fid%3D3130687-918%26name%3Dmejuri+afterpay HTTP/1.1" 200 18796 "-" "Mozilla/5.0 (Linux; Android 6.0.1; Nexus 5X Build/MMB29P) AppleWebKit/537.36 (KHTML, like Gecko) Chrome/137.0.7151.103 Mobile Safari/537.36 (compatible; Googlebot/2.1; +http://www.google.com/bot.html)"
66.249.79.236 - - [14/Jul/2025:01:50:17 +0000] "GET /?s=83207130001490&mod=98f99902&uri=info.php%3Fid%3D2776773-493%26name%3Dfree+rn+distance+men%27s+review HTTP/1.1" 200 18813 "-" "Mozilla/5.0 (Linux; Android 6.0.1; Nexus 5X Build/MMB29P) AppleWebKit/537.36 (KHTML, like Gecko) Chrome/137.0.7151.103 Mobile Safari/537.36 (compatible; Googlebot/2.1; +http://www.google.com/bot.html)"
66.249.79.236 - - [14/Jul/2025:01:50:17 +0000] "GET /?s=86226428021490&mod=716e0a03&uri=form.php%3Fid%3D2877505-1375%26name%3Dmovelo+bike+parts HTTP/1.1" 200 18793 "-" "Mozilla/5.0 (compatible; Googlebot/2.1; +http://www.google.com/bot.html)"
66.249.79.236 - - [14/Jul/2025:01:50:17 +0000] "GET /?s=59518318031490&mod=cbb53df5&uri=product.php%3Fid%3D1986165-1361%26name%3Dsupreme+shower+tee HTTP/1.1" 200 18800 "-" "Mozilla/5.0 (Linux; Android 6.0.1; Nexus 5X Build/MMB29P) AppleWebKit/537.36 (KHTML, like Gecko) Chrome/137.0.7151.103 Mobile Safari/537.36 (compatible; Googlebot/2.1; +http://www.google.com/bot.html)"
66.249.79.236 - - [14/Jul/2025:01:50:17 +0000] "GET /safe_search/config?return_url=%2Fproduct%2Fdetail%2F14588092040490 HTTP/1.1" 200 18589 "-" "Mozilla/5.0 (compatible; Googlebot/2.1; +http://www.google.com/bot.html)"
66.249.79.236 - - [14/Jul/2025:01:50:17 +0000] "GET /?s=86169982001490&mod=e6d32d8f&uri=itm.php%3Fid%3D2875623-1202%26name%3Dmuslimah+long+dress HTTP/1.1" 200 18794 "-" "Mozilla/5.0 (compatible; Googlebot/2.1; +http://www.google.com/bot.html)"
66.249.79.236 - - [14/Jul/2025:01:50:18 +0000] "GET /?s=50602313041490&mod=86c7f3fc&uri=search.php%3Fid%3D1688688-1274%26name%3Dcoach+f72311 HTTP/1.1" 200 18780 "-" "Mozilla/5.0 (Linux; Android 6.0.1; Nexus 5X Build/MMB29P) AppleWebKit/537.36 (KHTML, like Gecko) Chrome/137.0.7151.103 Mobile Safari/537.36 (compatible; Googlebot/2.1; +http://www.google.com/bot.html)"
66.249.79.236 - - [14/Jul/2025:01:50:18 +0000] "GET /?s=91193977001490&mod=12a963ad&uri=form.php%3Fid%3D3043291-1560%26name%3Dsilkfred+keeva HTTP/1.1" 200 18789 "-" "Mozilla/5.0 (Linux; Android 6.0.1; Nexus 5X Build/MMB29P) AppleWebKit/537.36 (KHTML, like Gecko) Chrome/137.0.7151.103 Mobile Safari/537.36 (compatible; Googlebot/2.1; +http://www.google.com/bot.html)"
66.249.79.236 - - [14/Jul/2025:01:50:19 +0000] "GET /?s=14582992041490&mod=b21f9f98&uri=category-info.php%3Fid%3D486876-25%26name%3Dnintendo+ds+original+release+date HTTP/1.1" 200 18843 "-" "Mozilla/5.0 (compatible; Googlebot/2.1; +http://www.google.com/bot.html)"
66.249.79.236 - - [14/Jul/2025:01:50:19 +0000] "GET /?s=15607725021490&mod=dcd602be&uri=pin.php%3Fid%3D521060-639%26name%3Dwebcam+imilab+by+xiaomi+cmsxj22a HTTP/1.1" 200 18820 "-" "Mozilla/5.0 (Linux; Android 6.0.1; Nexus 5X Build/MMB29P) AppleWebKit/537.36 (KHTML, like Gecko) Chrome/137.0.7151.103 Mobile Safari/537.36 (compatible; Googlebot/2.1; +http://www.google.com/bot.html)"
66.249.79.236 - - [14/Jul/2025:01:50:20 +0000] "GET /?s=100676902011490&mod=62f57a50&uri=form.php%3Fid%3D3359864-469%26name%3Dadidas+all+star+pink HTTP/1.1" 200 18801 "-" "Mozilla/5.0 (Linux; Android 6.0.1; Nexus 5X Build/MMB29P) AppleWebKit/537.36 (KHTML, like Gecko) Chrome/137.0.7151.103 Mobile Safari/537.36 (compatible; Googlebot/2.1; +http://www.google.com/bot.html)"
66.249.79.236 - - [14/Jul/2025:01:50:20 +0000] "GET /?s=86289947041490&mod=073f456b&uri=blog.php%3Fid%3D2879629-807%26name%3Dwomen%27s+white+oversized+jumper HTTP/1.1" 200 18810 "-" "Mozilla/5.0 (compatible; Googlebot/2.1; +http://www.google.com/bot.html)"
66.249.79.236 - - [14/Jul/2025:01:50:21 +0000] "GET /?s=72664607051490&mod=2fbd752d&uri=article.php%3Fid%3D2424898-1447%26name%3Dair+force+85 HTTP/1.1" 200 18794 "-" "Mozilla/5.0 (Linux; Android 6.0.1; Nexus 5X Build/MMB29P) AppleWebKit/537.36 (KHTML, like Gecko) Chrome/137.0.7151.103 Mobile Safari/537.36 (compatible; Googlebot/2.1; +http://www.google.com/bot.html)"
66.249.79.236 - - [14/Jul/2025:01:50:21 +0000] "GET /?s=94389745021490&mod=bafd3408&uri=pin.php%3Fid%3D3149974-1260%26name%3Dadidas+support+sneakers HTTP/1.1" 200 18797 "-" "Mozilla/5.0 (Linux; Android 6.0.1; Nexus 5X Build/MMB29P) AppleWebKit/537.36 (KHTML, like Gecko) Chrome/137.0.7151.103 Mobile Safari/537.36 (compatible; Googlebot/2.1; +http://www.google.com/bot.html)"
66.249.79.236 - - [14/Jul/2025:01:50:21 +0000] "GET /?s=14576692051490&mod=b21f9f98&uri=pin.php%3Fid%3D486666-25%26name%3Dnintendo+switch+stand+on+back HTTP/1.1" 200 18802 "-" "Mozilla/5.0 (compatible; Googlebot/2.1; +http://www.google.com/bot.html)"
66.249.79.236 - - [14/Jul/2025:01:50:22 +0000] "POST /get-message-notify HTTP/1.1" 404 6256 "https://gardenify.com.au/?s=83207130001490&mod=98f99902&uri=info.php%3Fid%3D2776773-493%26name%3Dfree+rn+distance+men%27s+review" "Mozilla/5.0 (Linux; Android 6.0.1; Nexus 5X Build/MMB29P) AppleWebKit/537.36 (KHTML, like Gecko) Chrome/137.0.7151.119 Mobile Safari/537.36 (compatible; Googlebot/2.1; +http://www.google.com/bot.html)"
66.249.79.236 - - [14/Jul/2025:01:50:22 +0000] "GET /?s=86292257031490&mod=8b235b5c&uri=shop.php%3Fid%3D2879706-1133%26name%3Dtransformers+hasbro+2006 HTTP/1.1" 200 18802 "-" "Mozilla/5.0 (compatible; Googlebot/2.1; +http://www.google.com/bot.html)"
66.249.79.236 - - [14/Jul/2025:01:50:23 +0000] "GET /?s=95709138051490&mod=5499df60&uri=search.php%3Fid%3D3194037-463%26name%3Dnewegg+b560 HTTP/1.1" 200 18782 "-" "Mozilla/5.0 (Linux; Android 6.0.1; Nexus 5X Build/MMB29P) AppleWebKit/537.36 (KHTML, like Gecko) Chrome/137.0.7151.103 Mobile Safari/537.36 (compatible; GoogleOther)"
66.249.79.236 - - [14/Jul/2025:01:50:23 +0000] "GET /?s=14579242001490&mod=b21f9f98&uri=product.php%3Fid%3D486751-25%26name%3Dstar+wars+battlefront+xbox+one+s HTTP/1.1" 200 18818 "-" "Mozilla/5.0 (compatible; Googlebot/2.1; +http://www.google.com/bot.html)"
66.249.79.236 - - [14/Jul/2025:01:50:24 +0000] "POST /get-message-notify HTTP/1.1" 404 6256 "https://gardenify.com.au/?s=59518318031490&mod=cbb53df5&uri=product.php%3Fid%3D1986165-1361%26name%3Dsupreme+shower+tee" "Mozilla/5.0 (Linux; Android 6.0.1; Nexus 5X Build/MMB29P) AppleWebKit/537.36 (KHTML, like Gecko) Chrome/137.0.7151.119 Mobile Safari/537.36 (compatible; Googlebot/2.1; +http://www.google.com/bot.html)"
66.249.79.236 - - [14/Jul/2025:01:50:24 +0000] "GET /?s=86283911031490&mod=5478c9cd&uri=blog.php%3Fid%3D2879426-219%26name%3D120v+ptac+units HTTP/1.1" 200 18791 "-" "Mozilla/5.0 (compatible; Googlebot/2.1; +http://www.google.com/bot.html)"
66.249.79.237 - - [14/Jul/2025:01:50:24 +0000] "POST /get-message-notify HTTP/1.1" 404 6256 "https://gardenify.com.au/?s=29133252011490&mod=152068f4&uri=brands.php%3Fid%3D972332-956%26name%3Ddunkin+doughnut+shoes" "Mozilla/5.0 (Linux; Android 6.0.1; Nexus 5X Build/MMB29P) AppleWebKit/537.36 (KHTML, like Gecko) Chrome/137.0.7151.119 Mobile Safari/537.36 (compatible; Googlebot/2.1; +http://www.google.com/bot.html)"
66.249.79.236 - - [14/Jul/2025:01:50:25 +0000] "GET /?s=62383025031490&mod=10b2b869&uri=shop.php%3Fid%3D2081794-134%26name%3Dishq+amazon+prime HTTP/1.1" 200 18794 "-" "Mozilla/5.0 (Linux; Android 6.0.1; Nexus 5X Build/MMB29P) AppleWebKit/537.36 (KHTML, like Gecko) Chrome/137.0.7151.103 Mobile Safari/537.36 (compatible; Googlebot/2.1; +http://www.google.com/bot.html)"
66.249.79.236 - - [14/Jul/2025:01:50:25 +0000] "GET /?s=86170942021490&mod=e6d32d8f&uri=itm.php%3Fid%3D2875655-1202%26name%3Dgucci+tube+dress HTTP/1.1" 200 18789 "-" "Mozilla/5.0 (compatible; Googlebot/2.1; +http://www.google.com/bot.html)"
66.249.79.236 - - [14/Jul/2025:01:50:26 +0000] "POST /get-message-notify HTTP/1.1" 404 6256 "https://gardenify.com.au/?s=29133252011490&mod=152068f4&uri=brands.php%3Fid%3D972332-956%26name%3Ddunkin+doughnut+shoes" "Mozilla/5.0 (Linux; Android 6.0.1; Nexus 5X Build/MMB29P) AppleWebKit/537.36 (KHTML, like Gecko) Chrome/137.0.7151.119 Mobile Safari/537.36 (compatible; Googlebot/2.1; +http://www.google.com/bot.html)"
66.249.79.236 - - [14/Jul/2025:01:50:26 +0000] "GET /?s=86291417031490&mod=5478c9cd&uri=category-info.php%3Fid%3D2879678-219%26name%3Datag+boiler+installers HTTP/1.1" 200 18830 "-" "Mozilla/5.0 (compatible; Googlebot/2.1; +http://www.google.com/bot.html)"
66.249.79.237 - - [14/Jul/2025:01:50:26 +0000] "POST /get-message-notify HTTP/1.1" 404 6256 "https://gardenify.com.au/?s=50602313041490&mod=86c7f3fc&uri=search.php%3Fid%3D1688688-1274%26name%3Dcoach+f72311" "Mozilla/5.0 (Linux; Android 6.0.1; Nexus 5X Build/MMB29P) AppleWebKit/537.36 (KHTML, like Gecko) Chrome/137.0.7151.119 Mobile Safari/537.36 (compatible; Googlebot/2.1; +http://www.google.com/bot.html)"
66.249.79.236 - - [14/Jul/2025:01:50:27 +0000] "GET /?s=14521137071490&mod=cdbe7ddc&uri=shared.php%3Fid%3D484814-387%26name%3Dbowflex+indoor+cycle HTTP/1.1" 200 18796 "-" "Mozilla/5.0 (compatible; Googlebot/2.1; +http://www.google.com/bot.html)"
66.249.79.236 - - [14/Jul/2025:01:50:27 +0000] "POST /get-message-notify HTTP/1.1" 404 6256 "https://gardenify.com.au/?s=69112016031490&mod=c578f722&uri=category-info.php%3Fid%3D2306353-1264%26name%3Dmaisto+toy+bikes" "Mozilla/5.0 (Linux; Android 6.0.1; Nexus 5X Build/MMB29P) AppleWebKit/537.36 (KHTML, like Gecko) Chrome/137.0.7151.119 Mobile Safari/537.36 (compatible; Googlebot/2.1; +http://www.google.com/bot.html)"
66.249.79.237 - - [14/Jul/2025:01:50:28 +0000] "GET /?s=67779386101490&mod=0672911f&uri=article.php%3Fid%3D2261846-688%26name%3Dnike+air+jordan+damen+schwarz+wei%C3%83%C2%9F HTTP/1.1" 200 18856 "-" "Mozilla/5.0 (Linux; Android 6.0.1; Nexus 5X Build/MMB29P) AppleWebKit/537.36 (KHTML, like Gecko) Chrome/137.0.7151.103 Mobile Safari/537.36 (compatible; Googlebot/2.1; +http://www.google.com/bot.html)"
66.249.79.237 - - [14/Jul/2025:01:50:28 +0000] "GET /?s=14583892041490&mod=61d77652&uri=us.php%3Fid%3D486906-24%26name%3Dtrek+series+alpha+aluminum+3700 HTTP/1.1" 200 18805 "-" "Mozilla/5.0 (compatible; Googlebot/2.1; +http://www.google.com/bot.html)"
66.249.79.237 - - [14/Jul/2025:01:50:28 +0000] "POST /get-message-notify HTTP/1.1" 404 6256 "https://gardenify.com.au/?s=15607725021490&mod=dcd602be&uri=pin.php%3Fid%3D521060-639%26name%3Dwebcam+imilab+by+xiaomi+cmsxj22a" "Mozilla/5.0 (Linux; Android 6.0.1; Nexus 5X Build/MMB29P) AppleWebKit/537.36 (KHTML, like Gecko) Chrome/137.0.7151.119 Mobile Safari/537.36 (compatible; Googlebot/2.1; +http://www.google.com/bot.html)"
66.249.79.236 - - [14/Jul/2025:01:50:29 +0000] "GET /?s=14587792091490&mod=61d77652&uri=pin.php%3Fid%3D487036-24%26name%3Dthe+cube+town HTTP/1.1" 200 18780 "-" "Mozilla/5.0 (compatible; Googlebot/2.1; +http://www.google.com/bot.html)"
66.249.79.237 - - [14/Jul/2025:01:50:29 +0000] "GET /?s=104686406031490&mod=d7866117&uri=form.php%3Fid%3D3493703-1641%26name%3Dyellow+debs+dresses HTTP/1.1" 200 18797 "-" "Mozilla/5.0 (Linux; Android 6.0.1; Nexus 5X Build/MMB29P) AppleWebKit/537.36 (KHTML, like Gecko) Chrome/137.0.7151.103 Mobile Safari/537.36 (compatible; Googlebot/2.1; +http://www.google.com/bot.html)"
66.249.79.236 - - [14/Jul/2025:01:50:29 +0000] "POST /get-message-notify HTTP/1.1" 404 6256 "https://gardenify.com.au/?s=72664607051490&mod=2fbd752d&uri=article.php%3Fid%3D2424898-1447%26name%3Dair+force+85" "Mozilla/5.0 (Linux; Android 6.0.1; Nexus 5X Build/MMB29P) AppleWebKit/537.36 (KHTML, like Gecko) Chrome/137.0.7151.119 Mobile Safari/537.36 (compatible; Googlebot/2.1; +http://www.google.com/bot.html)"
66.249.79.236 - - [14/Jul/2025:01:50:30 +0000] "GET /?s=86293937041490&mod=073f456b&uri=category-info.php%3Fid%3D2879762-807%26name%3Dpatagonia+m%27s+better+sweater+jacket HTTP/1.1" 200 18855 "-" "Mozilla/5.0 (compatible; Googlebot/2.1; +http://www.google.com/bot.html)"
66.249.79.237 - - [14/Jul/2025:01:50:30 +0000] "POST /get-message-notify HTTP/1.1" 404 6250 "https://gardenify.com.au/?s=86283911031490&mod=5478c9cd&uri=blog.php%3Fid%3D2879426-219%26name%3D120v+ptac+units" "Mozilla/5.0 AppleWebKit/537.36 (KHTML, like Gecko; compatible; Googlebot/2.1; +http://www.google.com/bot.html) Chrome/137.0.7151.119 Safari/537.36"
66.249.79.237 - - [14/Jul/2025:01:50:31 +0000] "GET /?s=86279330011490&mod=5478c9cd&uri=category-info.php%3Fid%3D2879272-219%26name%3Dpackaged+terminal+ac HTTP/1.1" 200 18827 "-" "Mozilla/5.0 (compatible; Googlebot/2.1; +http://www.google.com/bot.html)"
66.249.79.237 - - [14/Jul/2025:01:50:31 +0000] "POST /get-message-notify HTTP/1.1" 404 6256 "https://gardenify.com.au/?s=72664607051490&mod=2fbd752d&uri=article.php%3Fid%3D2424898-1447%26name%3Dair+force+85" "Mozilla/5.0 (Linux; Android 6.0.1; Nexus 5X Build/MMB29P) AppleWebKit/537.36 (KHTML, like Gecko) Chrome/137.0.7151.119 Mobile Safari/537.36 (compatible; Googlebot/2.1; +http://www.google.com/bot.html)"
66.249.79.237 - - [14/Jul/2025:01:50:31 +0000] "GET /?s=86289317011490&mod=5478c9cd&uri=us.php%3Fid%3D2879608-219%26name%3Dsplit+system+air+conditioner+installation+cost HTTP/1.1" 200 18822 "-" "Mozilla/5.0 (compatible; Googlebot/2.1; +http://www.google.com/bot.html)"
66.249.79.236 - - [14/Jul/2025:01:50:32 +0000] "GET /?s=86286200041490&mod=5478c9cd&uri=us.php%3Fid%3D2879503-219%26name%3Damerican+standard+hvac+systems HTTP/1.1" 200 18803 "-" "Mozilla/5.0 (compatible; Googlebot/2.1; +http://www.google.com/bot.html)"
66.249.79.237 - - [14/Jul/2025:01:50:32 +0000] "POST /get-message-notify HTTP/1.1" 404 6250 "https://gardenify.com.au/?s=14588242041490&mod=b21f9f98&uri=itm.php%3Fid%3D487051-25%26name%3Dwhen+are+the+nintendo+switches+coming+back+in+stock" "Mozilla/5.0 AppleWebKit/537.36 (KHTML, like Gecko; compatible; Googlebot/2.1; +http://www.google.com/bot.html) Chrome/137.0.7151.119 Safari/537.36"
66.249.79.236 - - [14/Jul/2025:01:50:32 +0000] "GET /?s=14576842041490&mod=b21f9f98&uri=news.php%3Fid%3D486671-25%26name%3Dsnes+release HTTP/1.1" 200 18779 "-" "Mozilla/5.0 (compatible; Googlebot/2.1; +http://www.google.com/bot.html)"
66.249.79.236 - - [14/Jul/2025:01:50:33 +0000] "GET /?s=86282875081490&mod=5478c9cd&uri=product.php%3Fid%3D2879391-219%26name%3Dvogelzang+norseman+2500 HTTP/1.1" 200 18804 "-" "Mozilla/5.0 (compatible; Googlebot/2.1; +http://www.google.com/bot.html)"
66.249.79.236 - - [14/Jul/2025:01:50:34 +0000] "GET /?s=14577442041490&mod=b21f9f98&uri=form.php%3Fid%3D486691-25%26name%3Dwarzone+xbox+one+s HTTP/1.1" 200 18789 "-" "Mozilla/5.0 (compatible; Googlebot/2.1; +http://www.google.com/bot.html)"
66.249.79.236 - - [14/Jul/2025:01:50:34 +0000] "GET /?s=86286410111490&mod=5478c9cd&uri=info.php%3Fid%3D2879510-219%26name%3D25hpb630a003 HTTP/1.1" 200 18785 "-" "Mozilla/5.0 (compatible; Googlebot/2.1; +http://www.google.com/bot.html)"
66.249.79.238 - - [14/Jul/2025:01:50:35 +0000] "GET /?s=14576542001490&mod=b21f9f98&uri=form.php%3Fid%3D486661-25%26name%3Dnintendo+switch+jcpenney HTTP/1.1" 200 18798 "-" "Mozilla/5.0 (compatible; Googlebot/2.1; +http://www.google.com/bot.html)"
66.249.79.238 - - [14/Jul/2025:01:50:35 +0000] "POST /get-message-notify HTTP/1.1" 404 6250 "https://gardenify.com.au/?s=14587792091490&mod=61d77652&uri=pin.php%3Fid%3D487036-24%26name%3Dthe+cube+town" "Mozilla/5.0 AppleWebKit/537.36 (KHTML, like Gecko; compatible; Googlebot/2.1; +http://www.google.com/bot.html) Chrome/137.0.7151.119 Safari/537.36"
66.249.79.238 - - [14/Jul/2025:01:50:35 +0000] "GET /?s=14578942061490&mod=61d77652&uri=blog.php%3Fid%3D486741-24%26name%3Dtrek+2020+domane+al HTTP/1.1" 200 18794 "-" "Mozilla/5.0 (compatible; Googlebot/2.1; +http://www.google.com/bot.html)"
66.249.79.238 - - [14/Jul/2025:01:50:36 +0000] "GET /?s=86290157081490&mod=073f456b&uri=search.php%3Fid%3D2879636-807%26name%3Dpatagonia+better+sweater+half+zip HTTP/1.1" 200 18814 "-" "Mozilla/5.0 (compatible; Googlebot/2.1; +http://www.google.com/bot.html)"
66.249.79.236 - - [14/Jul/2025:01:50:36 +0000] "GET /?s=86285360001490&mod=5478c9cd&uri=shared.php%3Fid%3D2879475-219%26name%3Dreplacing+gas+boiler HTTP/1.1" 200 18798 "-" "Mozilla/5.0 (compatible; Googlebot/2.1; +http://www.google.com/bot.html)"
66.249.79.236 - - [14/Jul/2025:01:50:37 +0000] "GET /?s=86281212071490&mod=5478c9cd&uri=brands.php%3Fid%3D2879335-219%26name%3Dbyers+heating+and+cooling HTTP/1.1" 200 18803 "-" "Mozilla/5.0 (compatible; Googlebot/2.1; +http://www.google.com/bot.html)"
66.249.79.237 - - [14/Jul/2025:01:50:37 +0000] "POST /get-message-notify HTTP/1.1" 404 6256 "https://gardenify.com.au/?s=104686406031490&mod=d7866117&uri=form.php%3Fid%3D3493703-1641%26name%3Dyellow+debs+dresses" "Mozilla/5.0 (Linux; Android 6.0.1; Nexus 5X Build/MMB29P) AppleWebKit/537.36 (KHTML, like Gecko) Chrome/137.0.7151.119 Mobile Safari/537.36 (compatible; Googlebot/2.1; +http://www.google.com/bot.html)"
66.249.79.236 - - [14/Jul/2025:01:50:37 +0000] "GET /?s=14577742041490&mod=337cd73a&uri=pin.php%3Fid%3D486701-56%26name%3Dnancy+gonzalez+satchel HTTP/1.1" 200 18802 "-" "Mozilla/5.0 (compatible; Googlebot/2.1; +http://www.google.com/bot.html)"
66.249.79.236 - - [14/Jul/2025:01:50:38 +0000] "GET /?s=86290997051490&mod=1f42e914&uri=itm.php%3Fid%3D2879664-341%26name%3Dcable+para+pasar+imagen+de+pc+a+tv HTTP/1.1" 200 18816 "-" "Mozilla/5.0 (compatible; Googlebot/2.1; +http://www.google.com/bot.html)"
66.249.79.238 - - [14/Jul/2025:01:50:38 +0000] "GET /?s=14581942021490&mod=61d77652&uri=search.php%3Fid%3D486841-24%26name%3Dthule+helium+aero+bike+rack HTTP/1.1" 200 18800 "-" "Mozilla/5.0 (compatible; Googlebot/2.1; +http://www.google.com/bot.html)"
66.249.79.238 - - [14/Jul/2025:01:50:38 +0000] "GET /?s=14532592091490&mod=cdbe7ddc&uri=products.php%3Fid%3D485196-387%26name%3Dresistance+bands+lat+workout HTTP/1.1" 200 18811 "-" "Mozilla/5.0 (compatible; Googlebot/2.1; +http://www.google.com/bot.html)"
66.249.79.238 - - [14/Jul/2025:01:50:39 +0000] "POST /get-message-notify HTTP/1.1" 404 6250 "https://gardenify.com.au/?s=86286200041490&mod=5478c9cd&uri=us.php%3Fid%3D2879503-219%26name%3Damerican+standard+hvac+systems" "Mozilla/5.0 AppleWebKit/537.36 (KHTML, like Gecko; compatible; Googlebot/2.1; +http://www.google.com/bot.html) Chrome/137.0.7151.119 Safari/537.36"
66.249.79.237 - - [14/Jul/2025:01:50:39 +0000] "GET /?s=14577592091490&mod=61d77652&uri=pin.php%3Fid%3D486696-24%26name%3Dtrek+4500 HTTP/1.1" 200 18772 "-" "Mozilla/5.0 (compatible; Googlebot/2.1; +http://www.google.com/bot.html)"
66.249.79.236 - - [14/Jul/2025:01:50:39 +0000] "GET /?s=86283085031490&mod=5478c9cd&uri=goods.php%3Fid%3D2879398-219%26name%3Dhvac+services+inc HTTP/1.1" 200 18791 "-" "Mozilla/5.0 (compatible; Googlebot/2.1; +http://www.google.com/bot.html)"
66.249.79.238 - - [14/Jul/2025:01:50:40 +0000] "GET /?s=86293097011490&mod=073f456b&uri=blog.php%3Fid%3D2879734-807%26name%3Dchampion+reverse+weave+crewneck+men%27s+sweatshirt HTTP/1.1" 200 18851 "-" "Mozilla/5.0 (compatible; Googlebot/2.1; +http://www.google.com/bot.html)"
66.249.79.224 - - [14/Jul/2025:01:50:40 +0000] "POST /get-message-notify HTTP/1.1" 404 6250 "https://gardenify.com.au/?s=14577442041490&mod=b21f9f98&uri=form.php%3Fid%3D486691-25%26name%3Dwarzone+xbox+one+s" "Mozilla/5.0 AppleWebKit/537.36 (KHTML, like Gecko; compatible; Googlebot/2.1; +http://www.google.com/bot.html) Chrome/137.0.7151.119 Safari/537.36"
66.249.79.238 - - [14/Jul/2025:01:50:40 +0000] "GET /?s=14579692091490&mod=61d77652&uri=search.php%3Fid%3D486766-24%26name%3Dtrek+2020+fx HTTP/1.1" 200 18777 "-" "Mozilla/5.0 (compatible; Googlebot/2.1; +http://www.google.com/bot.html)"
66.249.79.224 - - [14/Jul/2025:01:50:41 +0000] "GET /?s=86295827021490&mod=073f456b&uri=info.php%3Fid%3D2879825-807%26name%3Dchampion+reverse+weave+hoodie+sweatshirt+rose HTTP/1.1" 200 18838 "-" "Mozilla/5.0 (compatible; Googlebot/2.1; +http://www.google.com/bot.html)"
66.249.79.236 - - [14/Jul/2025:01:50:41 +0000] "GET /?s=14499388061490&mod=70d824bf&uri=news.php%3Fid%3D484085-616%26name%3Dganni+shell+down+jacket HTTP/1.1" 200 18798 "-" "Mozilla/5.0 (compatible; Googlebot/2.1; +http://www.google.com/bot.html)"
66.249.79.238 - - [14/Jul/2025:01:50:42 +0000] "GET /?s=86281002051490&mod=5478c9cd&uri=goods.php%3Fid%3D2879328-219%26name%3Dtop+best+combi+boilers HTTP/1.1" 200 18799 "-" "Mozilla/5.0 (compatible; Googlebot/2.1; +http://www.google.com/bot.html)"
66.249.79.224 - - [14/Jul/2025:01:50:42 +0000] "GET /?s=75199819041490&mod=473544ee&uri=info.php%3Fid%3D2509461-477%26name%3Dsnake+gold+heels HTTP/1.1" 200 18789 "-" "Mozilla/5.0 (Linux; Android 6.0.1; Nexus 5X Build/MMB29P) AppleWebKit/537.36 (KHTML, like Gecko) Chrome/137.0.7151.103 Mobile Safari/537.36 (compatible; Googlebot/2.1; +http://www.google.com/bot.html)"
66.249.79.224 - - [14/Jul/2025:01:50:45 +0000] "GET /safe_search/config?return_url=%2Fproduct%2Fdetail%2F86295617100490 HTTP/1.1" 200 18589 "-" "Mozilla/5.0 (compatible; Googlebot/2.1; +http://www.google.com/bot.html)"
66.249.79.237 - - [14/Jul/2025:01:50:46 +0000] "GET /?s=86207618011490&mod=716e0a03&uri=blog.php%3Fid%3D2876878-1375%26name%3Dsram+sx+crank+bolt HTTP/1.1" 200 18801 "-" "Mozilla/5.0 (compatible; Googlebot/2.1; +http://www.google.com/bot.html)"
66.249.79.237 - - [14/Jul/2025:01:50:46 +0000] "POST /get-message-notify HTTP/1.1" 404 6256 "https://gardenify.com.au/?s=91483276011490&mod=b63bc3c4&uri=article.php%3Fid%3D3052967-683%26name%3Dpareo+gigante+playa+suelo" "Mozilla/5.0 (Linux; Android 6.0.1; Nexus 5X Build/MMB29P) AppleWebKit/537.36 (KHTML, like Gecko) Chrome/137.0.7151.119 Mobile Safari/537.36 (compatible; Googlebot/2.1; +http://www.google.com/bot.html)"
66.249.79.237 - - [14/Jul/2025:01:50:47 +0000] "POST /get-message-notify HTTP/1.1" 404 6250 "https://gardenify.com.au/?s=14577742041490&mod=337cd73a&uri=pin.php%3Fid%3D486701-56%26name%3Dnancy+gonzalez+satchel" "Mozilla/5.0 AppleWebKit/537.36 (KHTML, like Gecko; compatible; Googlebot/2.1; +http://www.google.com/bot.html) Chrome/137.0.7151.119 Safari/537.36"
66.249.79.225 - - [14/Jul/2025:01:50:50 +0000] "GET /toiawase HTTP/1.1" 404 11746 "-" "Mozilla/5.0 (Linux; Android 6.0.1; Nexus 5X Build/MMB29P) AppleWebKit/537.36 (KHTML, like Gecko) Chrome/137.0.7151.103 Mobile Safari/537.36 (compatible; GoogleOther)"
45.204.8.167 - - [14/Jul/2025:01:50:57 +0000] "GET /6f311cd4/6f311cd4/index.php?ARRAY=7o2230223n313735323436313435332p2231223n22687474703n5p2s5p2s7n7334383376313373752r746s6566612r626p6s675p2s3s6p633q706p687426743q313735323435373835332q3963643965616263373361333038623230346162646630356563333834616537222p2232223n223861343966613461626139336333643839356435373666303266333539633233222p2233223n223330383332396133393332633765343031373463343963326233323930333265222p226175746s5s66696p655s6r616q65223n226q6s64646s66756r732r706870222p226175746s5s70617373223n2232322q35302q35382q36332q37342q39302q3135222p2262696r675s70617373223n2231392q35302q35382q36392q38302q39302q3130222p2262696r675s737973223n7o226175746s5s6o756s5s7n68616r223n2231222p22756r696r7374616p6p223n2231227q7q HTTP/1.1" 200 33 "-" "Mozilla/5.0 (Windows NT 10.0; Win64; x64) AppleWebKit/537.36 (KHTML, like Gecko) Chrome/138.0.0.0 Safari/537.36"
66.249.79.237 - - [14/Jul/2025:01:51:10 +0000] "GET /?s=73526645041490&mod=5ab8cf2b&uri=pin.php%3Fid%3D2453652-996%26name%3Diris+gold+jewellery HTTP/1.1" 200 18794 "-" "Mozilla/5.0 (Linux; Android 6.0.1; Nexus 5X Build/MMB29P) AppleWebKit/537.36 (KHTML, like Gecko) Chrome/137.0.7151.103 Mobile Safari/537.36 (compatible; Googlebot/2.1; +http://www.google.com/bot.html)"
66.249.79.236 - - [14/Jul/2025:01:51:19 +0000] "GET /?s=119385400031490&mod=d5bd9866&uri=dp.php%3Fid%3D3984257-1106%26name%3Dlunettes+fpv HTTP/1.1" 200 18784 "-" "Mozilla/5.0 (Linux; Android 6.0.1; Nexus 5X Build/MMB29P) AppleWebKit/537.36 (KHTML, like Gecko) Chrome/137.0.7151.103 Mobile Safari/537.36 (compatible; GoogleOther)"
209.74.77.214 - - [14/Jul/2025:01:51:32 +0000] "POST /wp-cron.php?doing_wp_cron=1752457891.9917299747467041015625 HTTP/1.1" 200 - "-" "WordPress/6.8.1; https://gardenify.com.au"
66.249.79.237 - - [14/Jul/2025:01:51:31 +0000] "POST /get-message-notify HTTP/1.1" 404 6250 "https://gardenify.com.au/?s=24468223001490&mod=2be96323&uri=shop.php%3Fid%3D816674-438%26name%3Dslipper+hak" "Mozilla/5.0 AppleWebKit/537.36 (KHTML, like Gecko; compatible; Googlebot/2.1; +http://www.google.com/bot.html) Chrome/137.0.7151.119 Safari/537.36"
209.74.77.214 - - [14/Jul/2025:01:51:32 +0000] "POST /wp-admin/admin-ajax.php?action=async_litespeed&nonce=3XLwIPSbkgsEn87CdRCJSFv80Qvpo8hf&litespeed_type=imgoptm HTTP/1.1" 200 21 "-" "WordPress/6.8.1; https://gardenify.com.au"
209.74.77.214 - - [14/Jul/2025:01:51:59 +0000] "POST /wp-cron.php?doing_wp_cron=1752457919.9830999374389648437500 HTTP/1.1" 200 - "-" "WordPress/6.8.1; https://gardenify.com.au"
66.249.79.236 - - [14/Jul/2025:01:51:59 +0000] "POST /get-message-notify HTTP/1.1" 404 6250 "https://gardenify.com.au/?s=86292467101490&mod=073f456b&uri=products.php%3Fid%3D2879713-807%26name%3Dg+star+camo+hoodie" "Mozilla/5.0 AppleWebKit/537.36 (KHTML, like Gecko; compatible; Googlebot/2.1; +http://www.google.com/bot.html) Chrome/137.0.7151.119 Safari/537.36"
209.74.77.214 - - [14/Jul/2025:01:52:00 +0000] "POST /wp-admin/admin-ajax.php?action=async_litespeed&nonce=yGQJ0NoKBAkX3kr0vF1pV2kako7AHkRY&litespeed_type=imgoptm HTTP/1.1" 200 21 "-" "WordPress/6.8.1; https://gardenify.com.au"
66.249.79.236 - - [14/Jul/2025:01:52:01 +0000] "GET /?s=1344304011490&mod=c0d58683&uri=brands.php%3Fid%3D44880-86%26name%3Dstradivarius+maglioni+natalizi HTTP/1.1" 200 18805 "-" "Mozilla/5.0 (Linux; Android 6.0.1; Nexus 5X Build/MMB29P) AppleWebKit/537.36 (KHTML, like Gecko) Chrome/137.0.7151.103 Mobile Safari/537.36 (compatible; GoogleOther)"
66.249.79.236 - - [14/Jul/2025:01:52:01 +0000] "GET /?s=10590718031490&mod=cd86c413&uri=form.php%3Fid%3D353616-525%26name%3Dwhat+can+i+put+on+my+cat+to+stop+itching HTTP/1.1" 200 18829 "-" "Mozilla/5.0 (Linux; Android 6.0.1; Nexus 5X Build/MMB29P) AppleWebKit/537.36 (KHTML, like Gecko) Chrome/137.0.7151.103 Mobile Safari/537.36 (compatible; Googlebot/2.1; +http://www.google.com/bot.html)"
66.249.79.236 - - [14/Jul/2025:01:52:09 +0000] "POST /get-message-notify HTTP/1.1" 404 6256 "https://gardenify.com.au/?s=1344304011490&mod=c0d58683&uri=brands.php%3Fid%3D44880-86%26name%3Dstradivarius+maglioni+natalizi" "Mozilla/5.0 (Linux; Android 6.0.1; Nexus 5X Build/MMB29P) AppleWebKit/537.36 (KHTML, like Gecko) Chrome/137.0.7151.119 Mobile Safari/537.36 (compatible; Googlebot/2.1; +http://www.google.com/bot.html)"
66.249.79.236 - - [14/Jul/2025:01:52:35 +0000] "GET /?s=12710697091490&mod=7faa6534&uri=dp.php%3Fid%3D424400-579%26name%3Dflower+printed+handbags HTTP/1.1" 200 18791 "-" "Mozilla/5.0 (Linux; Android 6.0.1; Nexus 5X Build/MMB29P) AppleWebKit/537.36 (KHTML, like Gecko) Chrome/137.0.7151.103 Mobile Safari/537.36 (compatible; Googlebot/2.1; +http://www.google.com/bot.html)"
66.249.79.236 - - [14/Jul/2025:01:52:50 +0000] "GET /?s=78688049011490&mod=3c2e55b3&uri=shared.php%3Fid%3D2625919-108%26name%3Dtransitioning+to+barefoot+shoes HTTP/1.1" 200 18811 "-" "Mozilla/5.0 (Linux; Android 6.0.1; Nexus 5X Build/MMB29P) AppleWebKit/537.36 (KHTML, like Gecko) Chrome/137.0.7151.103 Mobile Safari/537.36 (compatible; Googlebot/2.1; +http://www.google.com/bot.html)"
66.249.79.236 - - [14/Jul/2025:01:53:01 +0000] "GET /?s=61753349051490&mod=ecd942c0&uri=brands.php%3Fid%3D2060770-1280%26name%3Dadidas+flux+quito HTTP/1.1" 200 18795 "-" "Mozilla/5.0 (Linux; Android 6.0.1; Nexus 5X Build/MMB29P) AppleWebKit/537.36 (KHTML, like Gecko) Chrome/137.0.7151.103 Mobile Safari/537.36 (compatible; Googlebot/2.1; +http://www.google.com/bot.html)"
66.249.79.236 - - [14/Jul/2025:01:53:01 +0000] "GET /?s=34317320081490&mod=5b71786c&uri=category-info.php%3Fid%3D1145384-1057%26name%3Dnike+react+87+royal+tint+on+feet HTTP/1.1" 200 18851 "-" "Mozilla/5.0 (Linux; Android 6.0.1; Nexus 5X Build/MMB29P) AppleWebKit/537.36 (KHTML, like Gecko) Chrome/137.0.7151.103 Mobile Safari/537.36 (compatible; Googlebot/2.1; +http://www.google.com/bot.html)"
66.249.79.236 - - [14/Jul/2025:01:53:02 +0000] "GET /?s=116197295071490&mod=fdd99e1f&uri=blog.php%3Fid%3D3877917-363%26name%3Dwire+ring+jewelry+making HTTP/1.1" 200 18804 "-" "Mozilla/5.0 (Linux; Android 6.0.1; Nexus 5X Build/MMB29P) AppleWebKit/537.36 (KHTML, like Gecko) Chrome/137.0.7151.103 Mobile Safari/537.36 (compatible; Googlebot/2.1; +http://www.google.com/bot.html)"
66.249.79.236 - - [14/Jul/2025:01:53:02 +0000] "GET /?s=14585242001490&mod=b21f9f98&uri=blog.php%3Fid%3D486951-25%26name%3Dis+genshin+impact+coming+to+switch HTTP/1.1" 200 18819 "-" "Mozilla/5.0 (compatible; Googlebot/2.1; +http://www.google.com/bot.html)"
66.249.79.236 - - [14/Jul/2025:01:53:02 +0000] "GET /?s=14587342091490&mod=61d77652&uri=search.php%3Fid%3D487021-24%26name%3Dthe+most+expensive+bicycle+in+the+world+2019 HTTP/1.1" 200 18827 "-" "Mozilla/5.0 (compatible; Googlebot/2.1; +http://www.google.com/bot.html)"
66.249.79.236 - - [14/Jul/2025:01:53:02 +0000] "GET /?s=89077243001490&mod=6871fc44&uri=info.php%3Fid%3D2972647-1527%26name%3Dfluffy+keyring HTTP/1.1" 200 18786 "-" "Mozilla/5.0 (Linux; Android 6.0.1; Nexus 5X Build/MMB29P) AppleWebKit/537.36 (KHTML, like Gecko) Chrome/137.0.7151.103 Mobile Safari/537.36 (compatible; Googlebot/2.1; +http://www.google.com/bot.html)"
66.249.79.236 - - [14/Jul/2025:01:53:02 +0000] "GET /?s=14584642041490&mod=61d77652&uri=dp.php%3Fid%3D486931-24%26name%3Dthe+bike+store+santa+fe HTTP/1.1" 200 18794 "-" "Mozilla/5.0 (compatible; Googlebot/2.1; +http://www.google.com/bot.html)"
66.249.79.236 - - [14/Jul/2025:01:53:03 +0000] "GET /?s=14583142021490&mod=337cd73a&uri=blog.php%3Fid%3D486881-56%26name%3Dgivenchy+antigona+nordstrom HTTP/1.1" 200 18805 "-" "Mozilla/5.0 (compatible; Googlebot/2.1; +http://www.google.com/bot.html)"
66.249.79.236 - - [14/Jul/2025:01:53:03 +0000] "GET /?s=6044724011490&mod=6fef9896&uri=search.php%3Fid%3D201854-348%26name%3Drobe+de+geisha HTTP/1.1" 200 18781 "-" "Mozilla/5.0 (Linux; Android 6.0.1; Nexus 5X Build/MMB29P) AppleWebKit/537.36 (KHTML, like Gecko) Chrome/137.0.7151.103 Mobile Safari/537.36 (compatible; Googlebot/2.1; +http://www.google.com/bot.html)"
66.249.79.236 - - [14/Jul/2025:01:53:03 +0000] "GET /?s=50599853041490&mod=a44e4979&uri=category-info.php%3Fid%3D1688606-1275%26name%3Dgraco+stroller+mosquito+net HTTP/1.1" 200 18841 "-" "Mozilla/5.0 (Linux; Android 6.0.1; Nexus 5X Build/MMB29P) AppleWebKit/537.36 (KHTML, like Gecko) Chrome/137.0.7151.103 Mobile Safari/537.36 (compatible; Googlebot/2.1; +http://www.google.com/bot.html)"
66.249.79.236 - - [14/Jul/2025:01:53:04 +0000] "GET /?s=86280162021490&mod=5478c9cd&uri=pin.php%3Fid%3D2879300-219%26name%3Dcentral+heating+condensate+pump HTTP/1.1" 200 18811 "-" "Mozilla/5.0 (compatible; Googlebot/2.1; +http://www.google.com/bot.html)"
66.249.79.236 - - [14/Jul/2025:01:53:04 +0000] "GET /?s=14586742021490&mod=61d77652&uri=dp.php%3Fid%3D487001-24%26name%3Dthule+trunk+bike+rack+canada HTTP/1.1" 200 18800 "-" "Mozilla/5.0 (compatible; Googlebot/2.1; +http://www.google.com/bot.html)"
66.249.79.236 - - [14/Jul/2025:01:53:05 +0000] "GET /?s=75545387011490&mod=ae6f2541&uri=article.php%3Fid%3D2521003-1473%26name%3Dwinter+waterproof+boots HTTP/1.1" 200 18806 "-" "Mozilla/5.0 (Linux; Android 6.0.1; Nexus 5X Build/MMB29P) AppleWebKit/537.36 (KHTML, like Gecko) Chrome/137.0.7151.103 Mobile Safari/537.36 (compatible; Googlebot/2.1; +http://www.google.com/bot.html)"
66.249.79.236 - - [14/Jul/2025:01:53:05 +0000] "GET /?s=86284541021490&mod=5478c9cd&uri=article.php%3Fid%3D2879447-219%26name%3Dminisplit+gree+o+mirage HTTP/1.1" 200 18806 "-" "Mozilla/5.0 (compatible; Googlebot/2.1; +http://www.google.com/bot.html)"
66.249.79.236 - - [14/Jul/2025:01:53:05 +0000] "GET /?s=14585992091490&mod=b21f9f98&uri=blog.php%3Fid%3D486976-25%26name%3Dlist+of+all+switch+games HTTP/1.1" 200 18802 "-" "Mozilla/5.0 (compatible; Googlebot/2.1; +http://www.google.com/bot.html)"
66.249.79.236 - - [14/Jul/2025:01:53:06 +0000] "GET /?s=14538322001490&mod=cdbe7ddc&uri=blog.php%3Fid%3D485387-387%26name%3Dtko+fabric+loop+resistance HTTP/1.1" 200 18804 "-" "Mozilla/5.0 (compatible; Googlebot/2.1; +http://www.google.com/bot.html)"
209.74.77.214 - - [14/Jul/2025:01:53:06 +0000] "POST /wp-cron.php?doing_wp_cron=1752457986.7813940048217773437500 HTTP/1.1" 200 - "-" "WordPress/6.8.1; https://gardenify.com.au"
66.249.79.236 - - [14/Jul/2025:01:53:06 +0000] "POST /get-message-notify HTTP/1.1" 404 6256 "https://gardenify.com.au/?s=94389745021490&mod=bafd3408&uri=pin.php%3Fid%3D3149974-1260%26name%3Dadidas+support+sneakers" "Mozilla/5.0 (Linux; Android 6.0.1; Nexus 5X Build/MMB29P) AppleWebKit/537.36 (KHTML, like Gecko) Chrome/137.0.7151.119 Mobile Safari/537.36 (compatible; Googlebot/2.1; +http://www.google.com/bot.html)"
209.74.77.214 - - [14/Jul/2025:01:53:06 +0000] "POST /wp-admin/admin-ajax.php?action=async_litespeed&nonce=qQv0PIF7oBm86LHXVsx57E2Jq4a9Ljbd&litespeed_type=imgoptm HTTP/1.1" 200 21 "-" "WordPress/6.8.1; https://gardenify.com.au"
