66.249.79.225 - - [14/Jul/2025:00:58:00 +0000] "POST /get-message-notify HTTP/1.1" 200 22044 "https://gardenify.com.au/?s=108983972011490&mod=05ec78c1&uri=goods.php%3Fid%3D3637141-1663%26name%3Datletico+jersey+2019" "Mozilla/5.0 AppleWebKit/537.36 (KHTML, like Gecko; compatible; Googlebot/2.1; +http://www.google.com/bot.html) Chrome/137.0.7151.119 Safari/537.36"
66.249.79.225 - - [14/Jul/2025:00:58:01 +0000] "GET /?s=79566020041490&mod=d1f60334&uri=pin.php%3Fid%3D2655221-449%26name%3Dreplacement+motor+for+reclining+chair HTTP/1.1" 200 22014 "-" "Mozilla/5.0 (compatible; Googlebot/2.1; +http://www.google.com/bot.html)"
66.249.79.229 - - [14/Jul/2025:00:58:01 +0000] "GET /?s=91465303051490&mod=cfc4c5a7&uri=dp.php%3Fid%3D3052366-1020%26name%3Dnike+air+max+huarache+kad%C3%84%C2%B1n HTTP/1.1" 200 20699 "-" "Mozilla/5.0 (compatible; Googlebot/2.1; +http://www.google.com/bot.html)"
66.249.79.225 - - [14/Jul/2025:00:58:01 +0000] "GET /?s=19243357031490&mod=c27b5ed7&uri=blog.php%3Fid%3D642379-734%26name%3Dkith+moncler+asics+for+sale HTTP/1.1" 200 20614 "-" "Mozilla/5.0 (compatible; Googlebot/2.1; +http://www.google.com/bot.html)"
66.249.79.237 - - [14/Jul/2025:00:58:01 +0000] "POST /get-message-notify HTTP/1.1" 200 22042 "https://gardenify.com.au/?s=77552896011490&mod=54e8ceac&uri=shared.php%3Fid%3D2588009-127%26name%3Dphone+case+sleeve" "Mozilla/5.0 AppleWebKit/537.36 (KHTML, like Gecko; compatible; Googlebot/2.1; +http://www.google.com/bot.html) Chrome/137.0.7151.119 Safari/537.36"
66.249.79.238 - - [14/Jul/2025:00:58:02 +0000] "POST /get-message-notify HTTP/1.1" 200 22028 "https://gardenify.com.au/?s=72658307041490&mod=d27c82fc&uri=news.php%3Fid%3D2424688-925%26name%3D70s+costume+ideas+diy" "Mozilla/5.0 AppleWebKit/537.36 (KHTML, like Gecko; compatible; Googlebot/2.1; +http://www.google.com/bot.html) Chrome/137.0.7151.119 Safari/537.36"
66.249.79.237 - - [14/Jul/2025:00:58:02 +0000] "POST /get-message-notify HTTP/1.1" 200 22046 "https://gardenify.com.au/?s=17677667071490&mod=8a9c3b2c&uri=product.php%3Fid%3D590121-695%26name%3Dnike+m2k+tekno+volt" "Mozilla/5.0 AppleWebKit/537.36 (KHTML, like Gecko; compatible; Googlebot/2.1; +http://www.google.com/bot.html) Chrome/137.0.7151.119 Safari/537.36"
66.249.79.227 - - [14/Jul/2025:00:58:03 +0000] "POST /get-message-notify HTTP/1.1" 200 22033 "https://gardenify.com.au/?s=114066359031490&mod=60ad4f73&uri=brands.php%3Fid%3D3806808-794%26name%3Dkal+kan+dog+food+back+to+the+future" "Mozilla/5.0 AppleWebKit/537.36 (KHTML, like Gecko; compatible; Googlebot/2.1; +http://www.google.com/bot.html) Chrome/137.0.7151.119 Safari/537.36"
66.249.79.230 - - [14/Jul/2025:00:58:04 +0000] "POST /get-message-notify HTTP/1.1" 200 22038 "https://gardenify.com.au/?s=89030293041490&mod=5478c9cd&uri=us.php%3Fid%3D2971082-219%26name%3Dmrcool+zone" "Mozilla/5.0 AppleWebKit/537.36 (KHTML, like Gecko; compatible; Googlebot/2.1; +http://www.google.com/bot.html) Chrome/137.0.7151.119 Safari/537.36"
66.249.79.226 - - [14/Jul/2025:00:58:04 +0000] "POST /get-message-notify HTTP/1.1" 200 22041 "https://gardenify.com.au/?s=20491358021490&mod=ab9a1c10&uri=products.php%3Fid%3D684018-611%26name%3Dpink+brand+suitcase" "Mozilla/5.0 AppleWebKit/537.36 (KHTML, like Gecko; compatible; Googlebot/2.1; +http://www.google.com/bot.html) Chrome/137.0.7151.119 Safari/537.36"
66.249.79.232 - - [14/Jul/2025:00:58:05 +0000] "POST /get-message-notify HTTP/1.1" 200 22040 "https://gardenify.com.au/?s=30494821121490&mod=74a40ee9&uri=product.php%3Fid%3D1017819-987%26name%3Dklaus+martens+wikipedia" "Mozilla/5.0 AppleWebKit/537.36 (KHTML, like Gecko; compatible; Googlebot/2.1; +http://www.google.com/bot.html) Chrome/137.0.7151.119 Safari/537.36"
66.249.79.229 - - [14/Jul/2025:00:58:05 +0000] "POST /get-message-notify HTTP/1.1" 200 22037 "https://gardenify.com.au/?s=107567786061490&mod=a0f92eb7&uri=products.php%3Fid%3D3589892-126%26name%3Dputting+shoes+in+ziplock+bags" "Mozilla/5.0 AppleWebKit/537.36 (KHTML, like Gecko; compatible; Googlebot/2.1; +http://www.google.com/bot.html) Chrome/137.0.7151.119 Safari/537.36"
66.249.79.228 - - [14/Jul/2025:00:58:09 +0000] "POST /get-message-notify HTTP/1.1" 200 22045 "https://gardenify.com.au/?s=79566020041490&mod=d1f60334&uri=pin.php%3Fid%3D2655221-449%26name%3Dreplacement+motor+for+reclining+chair" "Mozilla/5.0 AppleWebKit/537.36 (KHTML, like Gecko; compatible; Googlebot/2.1; +http://www.google.com/bot.html) Chrome/137.0.7151.119 Safari/537.36"
66.249.79.228 - - [14/Jul/2025:00:58:12 +0000] "POST /get-message-notify HTTP/1.1" 200 22044 "https://gardenify.com.au/?s=91465303051490&mod=cfc4c5a7&uri=dp.php%3Fid%3D3052366-1020%26name%3Dnike+air+max+huarache+kad%C3%84%C2%B1n" "Mozilla/5.0 AppleWebKit/537.36 (KHTML, like Gecko; compatible; Googlebot/2.1; +http://www.google.com/bot.html) Chrome/137.0.7151.119 Safari/537.36"
66.249.79.227 - - [14/Jul/2025:00:58:12 +0000] "POST /get-message-notify HTTP/1.1" 200 22046 "https://gardenify.com.au/?s=19243357031490&mod=c27b5ed7&uri=blog.php%3Fid%3D642379-734%26name%3Dkith+moncler+asics+for+sale" "Mozilla/5.0 AppleWebKit/537.36 (KHTML, like Gecko; compatible; Googlebot/2.1; +http://www.google.com/bot.html) Chrome/137.0.7151.119 Safari/537.36"
66.249.79.236 - - [14/Jul/2025:00:58:16 +0000] "POST /get-message-notify HTTP/1.1" 200 22030 "https://gardenify.com.au/?s=79566020041490&mod=d1f60334&uri=pin.php%3Fid%3D2655221-449%26name%3Dreplacement+motor+for+reclining+chair" "Mozilla/5.0 AppleWebKit/537.36 (KHTML, like Gecko; compatible; Googlebot/2.1; +http://www.google.com/bot.html) Chrome/137.0.7151.119 Safari/537.36"
66.249.79.224 - - [14/Jul/2025:00:58:28 +0000] "POST /get-message-notify HTTP/1.1" 200 22038 "https://gardenify.com.au/?s=78113790041490&mod=0cba172d&uri=dp.php%3Fid%3D2606746-1488%26name%3Dquechua+lunette" "Mozilla/5.0 AppleWebKit/537.36 (KHTML, like Gecko; compatible; Googlebot/2.1; +http://www.google.com/bot.html) Chrome/137.0.7151.119 Safari/537.36"
66.249.79.225 - - [14/Jul/2025:00:58:31 +0000] "POST /get-message-notify HTTP/1.1" 200 22043 "https://gardenify.com.au/?s=62414299011490&mod=b4f9264d&uri=news.php%3Fid%3D2082838-892%26name%3Dever+us+carat+ring" "Mozilla/5.0 AppleWebKit/537.36 (KHTML, like Gecko; compatible; Googlebot/2.1; +http://www.google.com/bot.html) Chrome/137.0.7151.119 Safari/537.36"
66.249.79.238 - - [14/Jul/2025:00:58:36 +0000] "POST /get-message-notify HTTP/1.1" 200 22042 "https://gardenify.com.au/?s=83981099051490&mod=934703eb&uri=category-info.php%3Fid%3D2802598-697%26name%3Dborcegos+lady+stork+mabel" "Mozilla/5.0 AppleWebKit/537.36 (KHTML, like Gecko; compatible; Googlebot/2.1; +http://www.google.com/bot.html) Chrome/137.0.7151.119 Safari/537.36"
66.249.79.224 - - [14/Jul/2025:00:59:12 +0000] "GET /?s=60562013051490&mod=f0b7c0bf&uri=article.php%3Fid%3D2021012-548%26name%3Dspring+step+shoes+clearance HTTP/1.1" 200 22266 "-" "Mozilla/5.0 (compatible; Googlebot/2.1; +http://www.google.com/bot.html)"
66.249.79.237 - - [14/Jul/2025:00:59:12 +0000] "GET /?s=60562373051490&mod=f0b7c0bf&uri=brands.php%3Fid%3D2021024-548%26name%3Dbrooks+revel+size HTTP/1.1" 200 21430 "-" "Mozilla/5.0 (compatible; Googlebot/2.1; +http://www.google.com/bot.html)"
66.249.79.238 - - [14/Jul/2025:00:59:12 +0000] "GET /?s=60557423021490&mod=11c40a77&uri=blog.php%3Fid%3D2020859-1363%26name%3Dwomens+realtree+under+armour+hoodie HTTP/1.1" 200 20928 "-" "Mozilla/5.0 (compatible; Googlebot/2.1; +http://www.google.com/bot.html)"
66.249.79.238 - - [14/Jul/2025:00:59:13 +0000] "GET /?s=60559493111490&mod=f0b7c0bf&uri=us.php%3Fid%3D2020928-548%26name%3Dsteve+madden+multi+color+sneakers HTTP/1.1" 200 21093 "-" "Mozilla/5.0 (compatible; Googlebot/2.1; +http://www.google.com/bot.html)"
66.249.79.224 - - [14/Jul/2025:00:59:13 +0000] "GET /?s=72765770021490&mod=69f79848&uri=info.php%3Fid%3D2428271-1291%26name%3Djoma+trekking+mujer HTTP/1.1" 200 21565 "-" "Mozilla/5.0 (compatible; Googlebot/2.1; +http://www.google.com/bot.html)"
66.249.79.236 - - [14/Jul/2025:00:59:14 +0000] "GET /?s=20558806021490&mod=fe16afd2&uri=us.php%3Fid%3D686267-763%26name%3Dconvertible+crossbody+wristlet HTTP/1.1" 200 22368 "-" "Mozilla/5.0 (compatible; Googlebot/2.1; +http://www.google.com/bot.html)"
66.249.79.224 - - [14/Jul/2025:00:59:14 +0000] "GET /?s=19274834061490&mod=4a5a3a30&uri=form.php%3Fid%3D643429-736%26name%3Djanoski+black+black HTTP/1.1" 200 21133 "-" "Mozilla/5.0 (compatible; Googlebot/2.1; +http://www.google.com/bot.html)"
66.249.79.237 - - [14/Jul/2025:00:59:14 +0000] "GET /?s=72730771011490&mod=ddb9d4c1&uri=shared.php%3Fid%3D2427104-1365%26name%3Dnike+air+max+ultra+97+nordstrom HTTP/1.1" 200 20952 "-" "Mozilla/5.0 (compatible; Googlebot/2.1; +http://www.google.com/bot.html)"
66.249.79.224 - - [14/Jul/2025:00:59:14 +0000] "GET /?s=62479276041490&mod=aa568ecc&uri=pin.php%3Fid%3D2085007-677%26name%3Dbcbg+waist+belt HTTP/1.1" 200 21455 "-" "Mozilla/5.0 (compatible; Googlebot/2.1; +http://www.google.com/bot.html)"
66.249.79.224 - - [14/Jul/2025:00:59:15 +0000] "GET /?s=20554966021490&mod=9cecbb6f&uri=dp.php%3Fid%3D686139-344%26name%3Dmongooperations+example HTTP/1.1" 200 21925 "-" "Mozilla/5.0 (compatible; Googlebot/2.1; +http://www.google.com/bot.html)"
66.249.79.237 - - [14/Jul/2025:00:59:15 +0000] "GET /?s=62480476041490&mod=aa568ecc&uri=brands.php%3Fid%3D2085047-677%26name%3Dglitter+waist+belt HTTP/1.1" 200 21706 "-" "Mozilla/5.0 (compatible; Googlebot/2.1; +http://www.google.com/bot.html)"
66.249.79.224 - - [14/Jul/2025:00:59:15 +0000] "GET /?s=109052837091490&mod=f36c9507&uri=form.php%3Fid%3D3639438-314%26name%3Ddfb+pre+match+pullover HTTP/1.1" 200 21204 "-" "Mozilla/5.0 (compatible; Googlebot/2.1; +http://www.google.com/bot.html)"
66.249.79.237 - - [14/Jul/2025:00:59:16 +0000] "GET /?s=91458763051490&mod=cfc4c5a7&uri=product.php%3Fid%3D3052148-1020%26name%3Dair+max+bleu+beige HTTP/1.1" 200 20701 "-" "Mozilla/5.0 (compatible; Googlebot/2.1; +http://www.google.com/bot.html)"
66.249.79.237 - - [14/Jul/2025:00:59:16 +0000] "GET /?s=19338093031490&mod=e16a7577&uri=dp.php%3Fid%3D645542-248%26name%3Dazzaro+price HTTP/1.1" 200 21942 "-" "Mozilla/5.0 (compatible; Googlebot/2.1; +http://www.google.com/bot.html)"
66.249.79.238 - - [14/Jul/2025:00:59:16 +0000] "GET /?s=62481916001490&mod=d8435807&uri=shop.php%3Fid%3D2085095-920%26name%3Dpetite+new+look HTTP/1.1" 200 21126 "-" "Mozilla/5.0 (compatible; Googlebot/2.1; +http://www.google.com/bot.html)"
66.249.79.237 - - [14/Jul/2025:00:59:16 +0000] "GET /?s=62478916041490&mod=aa568ecc&uri=category-info.php%3Fid%3D2084995-677%26name%3Dtom+tailor+belt HTTP/1.1" 200 21935 "-" "Mozilla/5.0 (compatible; Googlebot/2.1; +http://www.google.com/bot.html)"
66.249.79.237 - - [14/Jul/2025:00:59:17 +0000] "GET /?s=19345473071490&mod=e16a7577&uri=news.php%3Fid%3D645788-248%26name%3Drare+perfumes+online HTTP/1.1" 200 21600 "-" "Mozilla/5.0 (compatible; Googlebot/2.1; +http://www.google.com/bot.html)"
66.249.79.237 - - [14/Jul/2025:00:59:17 +0000] "GET /?s=91481686031490&mod=b63bc3c4&uri=article.php%3Fid%3D3052914-683%26name%3Dmarcas+mas+caras+de+ropa+hombre HTTP/1.1" 200 21274 "-" "Mozilla/5.0 (compatible; Googlebot/2.1; +http://www.google.com/bot.html)"
66.249.79.236 - - [14/Jul/2025:00:59:17 +0000] "GET /?s=72762830001490&mod=ddb9d4c1&uri=pin.php%3Fid%3D2428173-1365%26name%3Dnike+air+max+thea+womens+pinterest HTTP/1.1" 200 21146 "-" "Mozilla/5.0 (compatible; Googlebot/2.1; +http://www.google.com/bot.html)"
66.249.79.237 - - [14/Jul/2025:00:59:17 +0000] "GET /?s=109049837071490&mod=f36c9507&uri=form.php%3Fid%3D3639338-314%26name%3Dock+parka+herren HTTP/1.1" 200 20966 "-" "Mozilla/5.0 (compatible; Googlebot/2.1; +http://www.google.com/bot.html)"
66.249.79.236 - - [14/Jul/2025:00:59:17 +0000] "GET /?s=19339533091490&mod=e16a7577&uri=product.php%3Fid%3D645590-248%26name%3Dchanel+travel+perfume HTTP/1.1" 200 21663 "-" "Mozilla/5.0 (compatible; Googlebot/2.1; +http://www.google.com/bot.html)"
66.249.79.238 - - [14/Jul/2025:00:59:17 +0000] "GET /?s=109047437091490&mod=e96822f7&uri=goods.php%3Fid%3D3639258-234%26name%3Dmammut+jacke+gold HTTP/1.1" 200 22196 "-" "Mozilla/5.0 (compatible; Googlebot/2.1; +http://www.google.com/bot.html)"
66.249.79.237 - - [14/Jul/2025:00:59:18 +0000] "GET /?s=72766430001490&mod=69f79848&uri=us.php%3Fid%3D2428293-1291%26name%3Dzapatos+hombre+callaghan+el+corte+ingles HTTP/1.1" 200 21738 "-" "Mozilla/5.0 (compatible; Googlebot/2.1; +http://www.google.com/bot.html)"
66.249.79.237 - - [14/Jul/2025:00:59:18 +0000] "GET /?s=91489905011490&mod=b63bc3c4&uri=article.php%3Fid%3D3053188-683%26name%3Dropa+hombre+vespa HTTP/1.1" 200 21709 "-" "Mozilla/5.0 (compatible; Googlebot/2.1; +http://www.google.com/bot.html)"
66.249.79.237 - - [14/Jul/2025:00:59:18 +0000] "GET /?s=72761870081490&mod=69f79848&uri=itm.php%3Fid%3D2428141-1291%26name%3Dnatural+world+zapatos+ni%C3%83%C2%B1os HTTP/1.1" 200 21487 "-" "Mozilla/5.0 (compatible; Googlebot/2.1; +http://www.google.com/bot.html)"
66.249.79.238 - - [14/Jul/2025:00:59:19 +0000] "GET /?s=109051277071490&mod=f36c9507&uri=news.php%3Fid%3D3639386-314%26name%3Ddaunendecke+waschen+tennisball HTTP/1.1" 200 21533 "-" "Mozilla/5.0 (compatible; Googlebot/2.1; +http://www.google.com/bot.html)"
66.249.79.238 - - [14/Jul/2025:00:59:19 +0000] "GET /?s=72762050021490&mod=69f79848&uri=itm.php%3Fid%3D2428147-1291%26name%3Dtenis+nike+gimnasio HTTP/1.1" 200 22102 "-" "Mozilla/5.0 (compatible; Googlebot/2.1; +http://www.google.com/bot.html)"
66.249.79.236 - - [14/Jul/2025:00:59:19 +0000] "GET /?s=20556046021490&mod=9cecbb6f&uri=article.php%3Fid%3D686175-344%26name%3Dspring+jms+ibm+mq+example HTTP/1.1" 200 22018 "-" "Mozilla/5.0 (compatible; Googlebot/2.1; +http://www.google.com/bot.html)"
66.249.79.238 - - [14/Jul/2025:00:59:19 +0000] "GET /?s=91483096001490&mod=b63bc3c4&uri=news.php%3Fid%3D3052961-683%26name%3Dventa+de+buzos+adidas+original HTTP/1.1" 200 22602 "-" "Mozilla/5.0 (compatible; Googlebot/2.1; +http://www.google.com/bot.html)"
66.249.79.236 - - [14/Jul/2025:00:59:19 +0000] "GET /?s=19341873051490&mod=e16a7577&uri=us.php%3Fid%3D645668-248%26name%3Doscar+de+la+renta+parfums HTTP/1.1" 200 21726 "-" "Mozilla/5.0 (compatible; Googlebot/2.1; +http://www.google.com/bot.html)"
66.249.79.237 - - [14/Jul/2025:00:59:20 +0000] "GET /?s=19290547081490&mod=1fd25420&uri=form.php%3Fid%3D643954-738%26name%3Dveste+polaire+lafuma+homme HTTP/1.1" 200 21602 "-" "Mozilla/5.0 (compatible; Googlebot/2.1; +http://www.google.com/bot.html)"
66.249.79.238 - - [14/Jul/2025:00:59:20 +0000] "GET /?s=72750870011490&mod=95062cef&uri=itm.php%3Fid%3D2427774-1366%26name%3Dmagasin+manteau+hiver+femme HTTP/1.1" 200 20978 "-" "Mozilla/5.0 (compatible; Googlebot/2.1; +http://www.google.com/bot.html)"
66.249.79.236 - - [14/Jul/2025:00:59:20 +0000] "GET /?s=91481116021490&mod=b63bc3c4&uri=blog.php%3Fid%3D3052895-683%26name%3Dliz+minelli+universidad HTTP/1.1" 200 21654 "-" "Mozilla/5.0 (compatible; Googlebot/2.1; +http://www.google.com/bot.html)"
66.249.79.238 - - [14/Jul/2025:00:59:20 +0000] "GET /?s=109046717071490&mod=e96822f7&uri=category-info.php%3Fid%3D3639234-234%26name%3Dtom+tailor+damen+boucle+mantel HTTP/1.1" 200 21926 "-" "Mozilla/5.0 (compatible; Googlebot/2.1; +http://www.google.com/bot.html)"
66.249.79.237 - - [14/Jul/2025:00:59:20 +0000] "GET /?s=72822409031490&mod=2ac82abf&uri=search.php%3Fid%3D2430161-142%26name%3Dcheap+nice+basketball+shoes HTTP/1.1" 200 22823 "-" "Mozilla/5.0 (compatible; Googlebot/2.1; +http://www.google.com/bot.html)"
66.249.79.236 - - [14/Jul/2025:00:59:20 +0000] "GET /?s=62483476041490&mod=aa568ecc&uri=news.php%3Fid%3D2085147-677%26name%3Dmens+belts+walmart HTTP/1.1" 200 22327 "-" "Mozilla/5.0 (compatible; Googlebot/2.1; +http://www.google.com/bot.html)"
66.249.79.236 - - [14/Jul/2025:00:59:21 +0000] "GET /?s=20556766031490&mod=9cecbb6f&uri=search.php%3Fid%3D686199-344%26name%3Dcavaliers+23 HTTP/1.1" 200 22065 "-" "Mozilla/5.0 (compatible; Googlebot/2.1; +http://www.google.com/bot.html)"
66.249.79.238 - - [14/Jul/2025:00:59:21 +0000] "GET /?s=72765470131490&mod=69f79848&uri=shop.php%3Fid%3D2428261-1291%26name%3Dzapatillas+de+dexter HTTP/1.1" 200 21527 "-" "Mozilla/5.0 (compatible; Googlebot/2.1; +http://www.google.com/bot.html)"
66.249.79.236 - - [14/Jul/2025:00:59:21 +0000] "GET /?s=72763190021490&mod=69f79848&uri=goods.php%3Fid%3D2428185-1291%26name%3Dzapatillas+reflectivas+adidas HTTP/1.1" 200 22358 "-" "Mozilla/5.0 (compatible; Googlebot/2.1; +http://www.google.com/bot.html)"
66.249.79.238 - - [14/Jul/2025:00:59:22 +0000] "GET /?s=62485516071490&mod=d8435807&uri=form.php%3Fid%3D2085215-920%26name%3Dsilver+jeans+sale HTTP/1.1" 200 20493 "-" "Mozilla/5.0 (compatible; Googlebot/2.1; +http://www.google.com/bot.html)"
66.249.79.238 - - [14/Jul/2025:00:59:22 +0000] "GET /?s=91481956001490&mod=b63bc3c4&uri=pin.php%3Fid%3D3052923-683%26name%3Dtrajes+de+novio+boho+chic HTTP/1.1" 200 21728 "-" "Mozilla/5.0 (compatible; Googlebot/2.1; +http://www.google.com/bot.html)"
66.249.79.238 - - [14/Jul/2025:00:59:22 +0000] "POST /get-message-notify HTTP/1.1" 200 22039 "https://gardenify.com.au/?s=19345473071490&mod=e16a7577&uri=news.php%3Fid%3D645788-248%26name%3Drare+perfumes+online" "Mozilla/5.0 AppleWebKit/537.36 (KHTML, like Gecko; compatible; Googlebot/2.1; +http://www.google.com/bot.html) Chrome/137.0.7151.119 Safari/537.36"
66.249.79.237 - - [14/Jul/2025:00:59:23 +0000] "GET /?s=19350153031490&mod=e16a7577&uri=shared.php%3Fid%3D645944-248%26name%3Dpatel+perfumes+products HTTP/1.1" 200 22294 "-" "Mozilla/5.0 (compatible; Googlebot/2.1; +http://www.google.com/bot.html)"
66.249.79.237 - - [14/Jul/2025:00:59:23 +0000] "GET /?s=109051397061490&mod=f36c9507&uri=form.php%3Fid%3D3639390-314%26name%3Dwikipedia+black+jack HTTP/1.1" 200 21651 "-" "Mozilla/5.0 (compatible; Googlebot/2.1; +http://www.google.com/bot.html)"
66.249.79.236 - - [14/Jul/2025:00:59:23 +0000] "GET /?s=108988952001490&mod=90f98cf4&uri=dp.php%3Fid%3D3637307-1429%26name%3Dfelpa+adidas+uomo+zne HTTP/1.1" 200 22095 "-" "Mozilla/5.0 (compatible; Googlebot/2.1; +http://www.google.com/bot.html)"
66.249.79.237 - - [14/Jul/2025:00:59:24 +0000] "POST /get-message-notify HTTP/1.1" 200 22038 "https://gardenify.com.au/?s=62481916001490&mod=d8435807&uri=shop.php%3Fid%3D2085095-920%26name%3Dpetite+new+look" "Mozilla/5.0 AppleWebKit/537.36 (KHTML, like Gecko; compatible; Googlebot/2.1; +http://www.google.com/bot.html) Chrome/137.0.7151.119 Safari/537.36"
66.249.79.236 - - [14/Jul/2025:00:59:24 +0000] "GET /?s=72762350041490&mod=95062cef&uri=category-info.php%3Fid%3D2428157-1366%26name%3Ddoudoune+avec+fourrure+couleur HTTP/1.1" 200 22111 "-" "Mozilla/5.0 (compatible; Googlebot/2.1; +http://www.google.com/bot.html)"
66.249.79.238 - - [14/Jul/2025:00:59:24 +0000] "GET /?s=72763790021490&mod=69f79848&uri=pin.php%3Fid%3D2428205-1291%26name%3Dtenis+coach+hombre+liverpool HTTP/1.1" 200 21547 "-" "Mozilla/5.0 (compatible; Googlebot/2.1; +http://www.google.com/bot.html)"
66.249.79.237 - - [14/Jul/2025:00:59:24 +0000] "GET /?s=72763130001490&mod=8ab58f33&uri=itm.php%3Fid%3D2428183-1290%26name%3Doff+white+zapatillas+bajas HTTP/1.1" 200 21227 "-" "Mozilla/5.0 (compatible; Googlebot/2.1; +http://www.google.com/bot.html)"
66.249.79.224 - - [14/Jul/2025:00:59:25 +0000] "GET /?s=62478316041490&mod=d8435807&uri=search.php%3Fid%3D2084975-920%26name%3Dzac+posen+gowns+sale HTTP/1.1" 200 21468 "-" "Mozilla/5.0 (compatible; Googlebot/2.1; +http://www.google.com/bot.html)"
66.249.79.237 - - [14/Jul/2025:00:59:25 +0000] "GET /?s=72764870031490&mod=69f79848&uri=shared.php%3Fid%3D2428241-1291%26name%3Dzapatillas+terrex+brushwood HTTP/1.1" 200 22321 "-" "Mozilla/5.0 (compatible; Googlebot/2.1; +http://www.google.com/bot.html)"
66.249.79.237 - - [14/Jul/2025:00:59:25 +0000] "GET /?s=91482586031490&mod=b63bc3c4&uri=form.php%3Fid%3D3052944-683%26name%3Dchandal+chelsea+negro HTTP/1.1" 200 21393 "-" "Mozilla/5.0 (compatible; Googlebot/2.1; +http://www.google.com/bot.html)"
66.249.79.238 - - [14/Jul/2025:00:59:26 +0000] "GET /?s=72764270041490&mod=69f79848&uri=us.php%3Fid%3D2428221-1291%26name%3Dzapatillas+footy+visor+led HTTP/1.1" 200 21680 "-" "Mozilla/5.0 (compatible; Googlebot/2.1; +http://www.google.com/bot.html)"
66.249.79.224 - - [14/Jul/2025:00:59:26 +0000] "GET /?s=109054997061490&mod=f36c9507&uri=blog.php%3Fid%3D3639510-314%26name%3Dwindelstoff+meterware HTTP/1.1" 200 20445 "-" "Mozilla/5.0 (compatible; Googlebot/2.1; +http://www.google.com/bot.html)"
66.249.79.224 - - [14/Jul/2025:00:59:26 +0000] "GET /?s=109046477071490&mod=e96822f7&uri=goods.php%3Fid%3D3639226-234%26name%3Drollkrageneinsatz+herren HTTP/1.1" 200 21899 "-" "Mozilla/5.0 (compatible; Googlebot/2.1; +http://www.google.com/bot.html)"
66.249.79.237 - - [14/Jul/2025:00:59:26 +0000] "POST /get-message-notify HTTP/1.1" 200 22040 "https://gardenify.com.au/?s=91489905011490&mod=b63bc3c4&uri=article.php%3Fid%3D3053188-683%26name%3Dropa+hombre+vespa" "Mozilla/5.0 AppleWebKit/537.36 (KHTML, like Gecko; compatible; Googlebot/2.1; +http://www.google.com/bot.html) Chrome/137.0.7151.119 Safari/537.36"
66.249.79.238 - - [14/Jul/2025:00:59:27 +0000] "GET /?s=19342053031490&mod=0e98aeeb&uri=category-info.php%3Fid%3D645674-57%26name%3Dtaotronics+wireless+earbuds+soundliberty+95 HTTP/1.1" 200 21995 "-" "Mozilla/5.0 (compatible; Googlebot/2.1; +http://www.google.com/bot.html)"
66.249.79.237 - - [14/Jul/2025:00:59:27 +0000] "GET /?s=72764690021490&mod=69f79848&uri=products.php%3Fid%3D2428235-1291%26name%3Dkeen+zapatillas+mujer HTTP/1.1" 200 22355 "-" "Mozilla/5.0 (compatible; Googlebot/2.1; +http://www.google.com/bot.html)"
66.249.79.224 - - [14/Jul/2025:00:59:27 +0000] "GET /?s=109047917011490&mod=f36c9507&uri=category-info.php%3Fid%3D3639274-314%26name%3Dtriumph+motorradjacke+herren HTTP/1.1" 200 21496 "-" "Mozilla/5.0 (compatible; Googlebot/2.1; +http://www.google.com/bot.html)"
66.249.79.237 - - [14/Jul/2025:00:59:27 +0000] "GET /?s=109051757071490&mod=f36c9507&uri=shared.php%3Fid%3D3639402-314%26name%3Dwaschanleitung+daunendecke HTTP/1.1" 200 20502 "-" "Mozilla/5.0 (compatible; Googlebot/2.1; +http://www.google.com/bot.html)"
66.249.79.237 - - [14/Jul/2025:00:59:28 +0000] "GET /?s=109052357081490&mod=f36c9507&uri=form.php%3Fid%3D3639422-314%26name%3Dfederbetten+waschen HTTP/1.1" 200 21503 "-" "Mozilla/5.0 (compatible; Googlebot/2.1; +http://www.google.com/bot.html)"
66.249.79.224 - - [14/Jul/2025:00:59:28 +0000] "POST /get-message-notify HTTP/1.1" 200 22037 "https://gardenify.com.au/?s=62480476041490&mod=aa568ecc&uri=brands.php%3Fid%3D2085047-677%26name%3Dglitter+waist+belt" "Mozilla/5.0 AppleWebKit/537.36 (KHTML, like Gecko; compatible; Googlebot/2.1; +http://www.google.com/bot.html) Chrome/137.0.7151.119 Safari/537.36"
66.249.79.238 - - [14/Jul/2025:00:59:28 +0000] "GET /?s=62481556041490&mod=aa568ecc&uri=blog.php%3Fid%3D2085083-677%26name%3Dbelt+for+blue+suit HTTP/1.1" 200 21763 "-" "Mozilla/5.0 (compatible; Googlebot/2.1; +http://www.google.com/bot.html)"
66.249.79.238 - - [14/Jul/2025:00:59:29 +0000] "GET /?s=19346373071490&mod=e16a7577&uri=pin.php%3Fid%3D645818-248%26name%3Dzara+black+amber+perfume+review HTTP/1.1" 200 22191 "-" "Mozilla/5.0 (compatible; Googlebot/2.1; +http://www.google.com/bot.html)"
66.249.79.237 - - [14/Jul/2025:00:59:29 +0000] "GET /?s=19348173031490&mod=e16a7577&uri=category-info.php%3Fid%3D645878-248%26name%3Dlancome+miracle+perfume+review HTTP/1.1" 200 22205 "-" "Mozilla/5.0 (compatible; Googlebot/2.1; +http://www.google.com/bot.html)"
66.249.79.238 - - [14/Jul/2025:00:59:29 +0000] "GET /?s=62482516041490&mod=aa568ecc&uri=brands.php%3Fid%3D2085115-677%26name%3D30+inch+belt HTTP/1.1" 200 21279 "-" "Mozilla/5.0 (compatible; Googlebot/2.1; +http://www.google.com/bot.html)"
66.249.79.236 - - [14/Jul/2025:00:59:29 +0000] "GET /?s=109049357031490&mod=0ce34d37&uri=news.php%3Fid%3D3639322-1380%26name%3Dsmall+air+bed+pump HTTP/1.1" 200 22076 "-" "Mozilla/5.0 (compatible; Googlebot/2.1; +http://www.google.com/bot.html)"
66.249.79.225 - - [14/Jul/2025:00:59:29 +0000] "GET /?s=19337553031490&mod=e16a7577&uri=blog.php%3Fid%3D645524-248%26name%3Ddavidoff+the+brilliant+game+100ml HTTP/1.1" 200 21902 "-" "Mozilla/5.0 (compatible; Googlebot/2.1; +http://www.google.com/bot.html)"
66.249.79.224 - - [14/Jul/2025:00:59:30 +0000] "GET /?s=19342233091490&mod=e16a7577&uri=pin.php%3Fid%3D645680-248%26name%3Dlola+marc+jacobs+50ml HTTP/1.1" 200 21565 "-" "Mozilla/5.0 (compatible; Googlebot/2.1; +http://www.google.com/bot.html)"
66.249.79.237 - - [14/Jul/2025:00:59:30 +0000] "GET /?s=62480236021490&mod=d8435807&uri=products.php%3Fid%3D2085039-920%26name%3Dsmart+work+blouses HTTP/1.1" 200 21246 "-" "Mozilla/5.0 (compatible; Googlebot/2.1; +http://www.google.com/bot.html)"
66.249.79.238 - - [14/Jul/2025:00:59:30 +0000] "GET /?s=62478436061490&mod=aa568ecc&uri=blog.php%3Fid%3D2084979-677%26name%3Dsnaffle+belt HTTP/1.1" 200 21226 "-" "Mozilla/5.0 (compatible; Googlebot/2.1; +http://www.google.com/bot.html)"
66.249.79.236 - - [14/Jul/2025:00:59:30 +0000] "GET /?s=109054037031490&mod=f36c9507&uri=form.php%3Fid%3D3639478-314%26name%3Ddaunenfedern+waschen HTTP/1.1" 200 21609 "-" "Mozilla/5.0 (compatible; Googlebot/2.1; +http://www.google.com/bot.html)"
66.249.79.225 - - [14/Jul/2025:00:59:31 +0000] "GET /?s=91483066041490&mod=b63bc3c4&uri=form.php%3Fid%3D3052960-683%26name%3Dconjunto+deportivo+armani HTTP/1.1" 200 21969 "-" "Mozilla/5.0 (compatible; Googlebot/2.1; +http://www.google.com/bot.html)"
66.249.79.224 - - [14/Jul/2025:00:59:31 +0000] "GET /pcmypage?callback=/product%2Fdetail%2F19350873122490 HTTP/1.1" 200 22068 "-" "Mozilla/5.0 (compatible; Googlebot/2.1; +http://www.google.com/bot.html)"
66.249.79.225 - - [14/Jul/2025:00:59:31 +0000] "GET /?s=91482256071490&mod=b63bc3c4&uri=pin.php%3Fid%3D3052933-683%26name%3Dconfeccion+deportiva HTTP/1.1" 200 21364 "-" "Mozilla/5.0 (compatible; Googlebot/2.1; +http://www.google.com/bot.html)"
66.249.79.238 - - [14/Jul/2025:00:59:31 +0000] "GET /?s=72764030001490&mod=69f79848&uri=brands.php%3Fid%3D2428213-1291%26name%3Dfalda+ballet+decathlon HTTP/1.1" 200 21170 "-" "Mozilla/5.0 (compatible; Googlebot/2.1; +http://www.google.com/bot.html)"
66.249.79.236 - - [14/Jul/2025:00:59:31 +0000] "GET /?s=109049717051490&mod=f36c9507&uri=us.php%3Fid%3D3639334-314%26name%3Dmotorradjacke+denim HTTP/1.1" 200 21037 "-" "Mozilla/5.0 (compatible; Googlebot/2.1; +http://www.google.com/bot.html)"
66.249.79.238 - - [14/Jul/2025:00:59:31 +0000] "GET /?s=109054277071490&mod=f36c9507&uri=search.php%3Fid%3D3639486-314%26name%3Dfederbetten+waschen+temperatur HTTP/1.1" 200 21184 "-" "Mozilla/5.0 (compatible; Googlebot/2.1; +http://www.google.com/bot.html)"
66.249.79.238 - - [14/Jul/2025:00:59:32 +0000] "GET /?s=62479756101490&mod=aa568ecc&uri=category-info.php%3Fid%3D2085023-677%26name%3Dgreen+waist+belt HTTP/1.1" 200 21589 "-" "Mozilla/5.0 (compatible; Googlebot/2.1; +http://www.google.com/bot.html)"
66.249.79.236 - - [14/Jul/2025:00:59:32 +0000] "GET /?s=62483716041490&mod=aa568ecc&uri=product.php%3Fid%3D2085155-677%26name%3Dheavy+duty+belts HTTP/1.1" 200 22452 "-" "Mozilla/5.0 (compatible; Googlebot/2.1; +http://www.google.com/bot.html)"
66.249.79.236 - - [14/Jul/2025:00:59:32 +0000] "GET /?s=20491388021490&mod=ab9a1c10&uri=goods.php%3Fid%3D684019-611%26name%3Dbaggage+lost+claim HTTP/1.1" 200 22496 "-" "Mozilla/5.0 (compatible; Googlebot/2.1; +http://www.google.com/bot.html)"
66.249.79.238 - - [14/Jul/2025:00:59:32 +0000] "GET /?s=62415859011490&mod=b4f9264d&uri=category-info.php%3Fid%3D2082890-892%26name%3Da+cushion+ring HTTP/1.1" 200 21519 "-" "Mozilla/5.0 (compatible; Googlebot/2.1; +http://www.google.com/bot.html)"
66.249.79.237 - - [14/Jul/2025:00:59:32 +0000] "GET /?s=62484196041490&mod=aa568ecc&uri=article.php%3Fid%3D2085171-677%26name%3Dkuhl+raid+belt HTTP/1.1" 200 20976 "-" "Mozilla/5.0 (compatible; Googlebot/2.1; +http://www.google.com/bot.html)"
66.249.79.238 - - [14/Jul/2025:00:59:33 +0000] "GET /?s=91483036031490&mod=b63bc3c4&uri=category-info.php%3Fid%3D3052959-683%26name%3Dtraje+de+novio+boda+mexicana HTTP/1.1" 200 21094 "-" "Mozilla/5.0 (compatible; Googlebot/2.1; +http://www.google.com/bot.html)"
66.249.79.238 - - [14/Jul/2025:00:59:33 +0000] "POST /get-message-notify HTTP/1.1" 200 22038 "https://gardenify.com.au/?s=91481956001490&mod=b63bc3c4&uri=pin.php%3Fid%3D3052923-683%26name%3Dtrajes+de+novio+boho+chic" "Mozilla/5.0 AppleWebKit/537.36 (KHTML, like Gecko; compatible; Googlebot/2.1; +http://www.google.com/bot.html) Chrome/137.0.7151.119 Safari/537.36"
66.249.79.226 - - [14/Jul/2025:00:59:33 +0000] "GET /pcmypage?callback=/product%2Fdetail%2F91483216042490 HTTP/1.1" 200 21858 "-" "Mozilla/5.0 (compatible; Googlebot/2.1; +http://www.google.com/bot.html)"
66.249.79.224 - - [14/Jul/2025:00:59:33 +0000] "GET /?s=20587336011490&mod=e24a7e4c&uri=shop.php%3Fid%3D687218-310%26name%3D2070vs+1080 HTTP/1.1" 200 21537 "-" "Mozilla/5.0 (compatible; Googlebot/2.1; +http://www.google.com/bot.html)"
66.249.79.224 - - [14/Jul/2025:00:59:33 +0000] "GET /?s=72740640041490&mod=95062cef&uri=product.php%3Fid%3D2427433-1366%26name%3Ddoudoune+noire+brillante+femme+capuche+fourrure HTTP/1.1" 200 21560 "-" "Mozilla/5.0 (compatible; Googlebot/2.1; +http://www.google.com/bot.html)"
66.249.79.238 - - [14/Jul/2025:00:59:33 +0000] "POST /get-message-notify HTTP/1.1" 200 22032 "https://gardenify.com.au/?s=19346373071490&mod=e16a7577&uri=pin.php%3Fid%3D645818-248%26name%3Dzara+black+amber+perfume+review" "Mozilla/5.0 AppleWebKit/537.36 (KHTML, like Gecko; compatible; Googlebot/2.1; +http://www.google.com/bot.html) Chrome/137.0.7151.119 Safari/537.36"
66.249.79.238 - - [14/Jul/2025:00:59:34 +0000] "GET /?s=20555206011490&mod=9cecbb6f&uri=shop.php%3Fid%3D686147-344%26name%3Dlebron+james+game+point+average HTTP/1.1" 200 22139 "-" "Mozilla/5.0 (compatible; Googlebot/2.1; +http://www.google.com/bot.html)"
66.249.79.237 - - [14/Jul/2025:00:59:34 +0000] "POST /get-message-notify HTTP/1.1" 200 22047 "https://gardenify.com.au/?s=20554966021490&mod=9cecbb6f&uri=dp.php%3Fid%3D686139-344%26name%3Dmongooperations+example" "Mozilla/5.0 AppleWebKit/537.36 (KHTML, like Gecko; compatible; Googlebot/2.1; +http://www.google.com/bot.html) Chrome/137.0.7151.119 Safari/537.36"
66.249.79.225 - - [14/Jul/2025:00:59:34 +0000] "GET /?s=72765710011490&mod=8ab58f33&uri=product.php%3Fid%3D2428269-1290%26name%3Dtenis+adidas+dragon+ball+goku HTTP/1.1" 200 20968 "-" "Mozilla/5.0 (compatible; Googlebot/2.1; +http://www.google.com/bot.html)"
66.249.79.236 - - [14/Jul/2025:00:59:34 +0000] "GET /?s=91481086131490&mod=b63bc3c4&uri=us.php%3Fid%3D3052894-683%26name%3Dcostos+de+confecci%C3%83%C2%B3n+de+ropa HTTP/1.1" 200 21019 "-" "Mozilla/5.0 (compatible; Googlebot/2.1; +http://www.google.com/bot.html)"
66.249.79.224 - - [14/Jul/2025:00:59:34 +0000] "POST /get-message-notify HTTP/1.1" 200 22038 "https://gardenify.com.au/?s=91483096001490&mod=b63bc3c4&uri=news.php%3Fid%3D3052961-683%26name%3Dventa+de+buzos+adidas+original" "Mozilla/5.0 AppleWebKit/537.36 (KHTML, like Gecko; compatible; Googlebot/2.1; +http://www.google.com/bot.html) Chrome/137.0.7151.119 Safari/537.36"
66.249.79.237 - - [14/Jul/2025:00:59:34 +0000] "GET /?s=19259084031490&mod=4a5a3a30&uri=brands.php%3Fid%3D642904-736%26name%3Dadistar+boost+glow HTTP/1.1" 200 22338 "-" "Mozilla/5.0 (compatible; Googlebot/2.1; +http://www.google.com/bot.html)"
66.249.79.237 - - [14/Jul/2025:00:59:35 +0000] "GET /?s=72765950041490&mod=8ab58f33&uri=brands.php%3Fid%3D2428277-1290%26name%3Doff+white+altas HTTP/1.1" 200 21358 "-" "Mozilla/5.0 (compatible; Googlebot/2.1; +http://www.google.com/bot.html)"
66.249.79.224 - - [14/Jul/2025:00:59:35 +0000] "GET /?s=20563366031490&mod=9cecbb6f&uri=us.php%3Fid%3D686419-344%26name%3Dmizuno+wave+rider+fuji HTTP/1.1" 200 22027 "-" "Mozilla/5.0 (compatible; Googlebot/2.1; +http://www.google.com/bot.html)"
66.249.79.226 - - [14/Jul/2025:00:59:35 +0000] "POST /get-message-notify HTTP/1.1" 200 22038 "https://gardenify.com.au/?s=20491388021490&mod=ab9a1c10&uri=goods.php%3Fid%3D684019-611%26name%3Dbaggage+lost+claim" "Mozilla/5.0 AppleWebKit/537.36 (KHTML, like Gecko; compatible; Googlebot/2.1; +http://www.google.com/bot.html) Chrome/137.0.7151.119 Safari/537.36"
66.249.79.226 - - [14/Jul/2025:00:59:35 +0000] "GET /?s=20503354031490&mod=ab9a1c10&uri=brands.php%3Fid%3D684418-611%26name%3Dlinear+dimension+luggage HTTP/1.1" 200 21926 "-" "Mozilla/5.0 (compatible; Googlebot/2.1; +http://www.google.com/bot.html)"
66.249.79.238 - - [14/Jul/2025:00:59:35 +0000] "GET /?s=94891968061490&mod=ab9a1c10&uri=article.php%3Fid%3D3166777-611%26name%3Dsebago+kids HTTP/1.1" 200 21619 "-" "Mozilla/5.0 (compatible; Googlebot/2.1; +http://www.google.com/bot.html)"
66.249.79.224 - - [14/Jul/2025:00:59:36 +0000] "GET /?s=108984032041490&mod=05ec78c1&uri=search.php%3Fid%3D3637143-1663%26name%3Dcamiseta+uc+under+armour HTTP/1.1" 200 21425 "-" "Mozilla/5.0 (compatible; Googlebot/2.1; +http://www.google.com/bot.html)"
66.249.79.237 - - [14/Jul/2025:00:59:36 +0000] "POST /get-message-notify HTTP/1.1" 200 22041 "https://gardenify.com.au/?s=62483716041490&mod=aa568ecc&uri=product.php%3Fid%3D2085155-677%26name%3Dheavy+duty+belts" "Mozilla/5.0 AppleWebKit/537.36 (KHTML, like Gecko; compatible; Googlebot/2.1; +http://www.google.com/bot.html) Chrome/137.0.7151.119 Safari/537.36"
66.249.79.225 - - [14/Jul/2025:00:59:36 +0000] "GET /?s=119780320001490&mod=7a6785df&uri=form.php%3Fid%3D3997433-242%26name%3Dbarista+express+by+breville HTTP/1.1" 200 21862 "-" "Mozilla/5.0 (compatible; Googlebot/2.1; +http://www.google.com/bot.html)"
66.249.79.238 - - [14/Jul/2025:00:59:36 +0000] "GET /?s=20554489071490&mod=9cecbb6f&uri=info.php%3Fid%3D686123-344%26name%3Dwedge+running+shoes+canada HTTP/1.1" 200 21831 "-" "Mozilla/5.0 (compatible; Googlebot/2.1; +http://www.google.com/bot.html)"
66.249.79.236 - - [14/Jul/2025:00:59:36 +0000] "GET /?s=62482276041490&mod=aa568ecc&uri=info.php%3Fid%3D2085107-677%26name%3Dcorset+with+garter+straps HTTP/1.1" 200 22132 "-" "Mozilla/5.0 (compatible; Googlebot/2.1; +http://www.google.com/bot.html)"
66.249.79.225 - - [14/Jul/2025:00:59:36 +0000] "GET /?s=72765110011490&mod=69f79848&uri=dp.php%3Fid%3D2428249-1291%26name%3Dnike+air+max+personalizar HTTP/1.1" 200 21065 "-" "Mozilla/5.0 (compatible; Googlebot/2.1; +http://www.google.com/bot.html)"
66.249.79.228 - - [14/Jul/2025:00:59:37 +0000] "GET /?s=116405094031490&mod=c27b5ed7&uri=pin.php%3Fid%3D3884849-734%26name%3Dbape+shark+black+tee HTTP/1.1" 200 20473 "-" "Mozilla/5.0 (compatible; Googlebot/2.1; +http://www.google.com/bot.html)"
66.249.79.227 - - [14/Jul/2025:00:59:37 +0000] "GET /?s=19343673071490&mod=e16a7577&uri=product.php%3Fid%3D645728-248%26name%3Dinsolence+crazy+touch+guerlain HTTP/1.1" 200 21633 "-" "Mozilla/5.0 (compatible; Googlebot/2.1; +http://www.google.com/bot.html)"
66.249.79.238 - - [14/Jul/2025:00:59:37 +0000] "GET /?s=19342953031490&mod=e16a7577&uri=us.php%3Fid%3D645704-248%26name%3Desprit+oscar+de+la+renta+perfume HTTP/1.1" 200 22545 "-" "Mozilla/5.0 (compatible; Googlebot/2.1; +http://www.google.com/bot.html)"
66.249.79.228 - - [14/Jul/2025:00:59:46 +0000] "GET /?s=72730411031490&mod=ddb9d4c1&uri=itm.php%3Fid%3D2427092-1365%26name%3Dnike+air+max+ultra+moire+dames HTTP/1.1" 200 21064 "-" "Mozilla/5.0 (compatible; Googlebot/2.1; +http://www.google.com/bot.html)"
66.249.79.227 - - [14/Jul/2025:00:59:47 +0000] "POST /get-message-notify HTTP/1.1" 200 22037 "https://gardenify.com.au/?s=62480236021490&mod=d8435807&uri=products.php%3Fid%3D2085039-920%26name%3Dsmart+work+blouses" "Mozilla/5.0 AppleWebKit/537.36 (KHTML, like Gecko; compatible; Googlebot/2.1; +http://www.google.com/bot.html) Chrome/137.0.7151.119 Safari/537.36"
66.249.79.224 - - [14/Jul/2025:00:59:48 +0000] "POST /get-message-notify HTTP/1.1" 200 22037 "https://gardenify.com.au/?s=109054037031490&mod=f36c9507&uri=form.php%3Fid%3D3639478-314%26name%3Ddaunenfedern+waschen" "Mozilla/5.0 AppleWebKit/537.36 (KHTML, like Gecko; compatible; Googlebot/2.1; +http://www.google.com/bot.html) Chrome/137.0.7151.119 Safari/537.36"
66.249.79.228 - - [14/Jul/2025:00:59:49 +0000] "POST /get-message-notify HTTP/1.1" 200 22052 "https://gardenify.com.au/?s=116405094031490&mod=c27b5ed7&uri=pin.php%3Fid%3D3884849-734%26name%3Dbape+shark+black+tee" "Mozilla/5.0 AppleWebKit/537.36 (KHTML, like Gecko; compatible; Googlebot/2.1; +http://www.google.com/bot.html) Chrome/137.0.7151.119 Safari/537.36"
66.249.79.237 - - [14/Jul/2025:01:00:05 +0000] "POST /get-message-notify HTTP/1.1" 200 22047 "https://gardenify.com.au/?s=78113790041490&mod=0cba172d&uri=dp.php%3Fid%3D2606746-1488%26name%3Dquechua+lunette" "Mozilla/5.0 AppleWebKit/537.36 (KHTML, like Gecko; compatible; Googlebot/2.1; +http://www.google.com/bot.html) Chrome/137.0.7151.119 Safari/537.36"
66.249.79.238 - - [14/Jul/2025:01:01:13 +0000] "GET /?s=72765170021490&mod=69f79848&uri=product.php%3Fid%3D2428251-1291%26name%3Dtenis+nike+en+catalogo+andrea HTTP/1.1" 200 22350 "-" "Mozilla/5.0 (compatible; Googlebot/2.1; +http://www.google.com/bot.html)"
66.249.79.236 - - [14/Jul/2025:01:01:14 +0000] "GET /?s=19339713001490&mod=e16a7577&uri=dp.php%3Fid%3D645596-248%26name%3Dtaif+al+emarat+perfumes+reviews HTTP/1.1" 200 21761 "-" "Mozilla/5.0 (compatible; Googlebot/2.1; +http://www.google.com/bot.html)"
66.249.79.236 - - [14/Jul/2025:01:01:15 +0000] "GET /?s=72728521011490&mod=ddb9d4c1&uri=products.php%3Fid%3D2427029-1365%26name%3Dnike+air+max+ultra+97+green HTTP/1.1" 200 21366 "-" "Mozilla/5.0 (compatible; Googlebot/2.1; +http://www.google.com/bot.html)"
66.249.79.238 - - [14/Jul/2025:01:01:15 +0000] "GET /?s=91480996101490&mod=b63bc3c4&uri=product.php%3Fid%3D3052891-683%26name%3Dmarca+aston+martin+ropa HTTP/1.1" 200 21577 "-" "Mozilla/5.0 (compatible; Googlebot/2.1; +http://www.google.com/bot.html)"
66.249.79.237 - - [14/Jul/2025:01:01:15 +0000] "GET /?s=19337193061490&mod=e16a7577&uri=shop.php%3Fid%3D645512-248%26name%3Drose+scent+essential+oil HTTP/1.1" 200 22056 "-" "Mozilla/5.0 (compatible; Googlebot/2.1; +http://www.google.com/bot.html)"
66.249.79.238 - - [14/Jul/2025:01:01:15 +0000] "GET /?s=62484676041490&mod=d8435807&uri=itm.php%3Fid%3D2085187-920%26name%3Dpale+blue+baby+boy+clothes HTTP/1.1" 200 21362 "-" "Mozilla/5.0 (compatible; Googlebot/2.1; +http://www.google.com/bot.html)"
66.249.79.237 - - [14/Jul/2025:01:01:15 +0000] "GET /?s=91481506071490&mod=b63bc3c4&uri=dp.php%3Fid%3D3052908-683%26name%3Dchandal+del+barcelona+negro+y+dorado HTTP/1.1" 200 21181 "-" "Mozilla/5.0 (compatible; Googlebot/2.1; +http://www.google.com/bot.html)"
66.249.79.236 - - [14/Jul/2025:01:01:15 +0000] "GET /?s=20560846041490&mod=9cecbb6f&uri=shared.php%3Fid%3D686335-344%26name%3Dlebron+james+stats+217 HTTP/1.1" 200 22759 "-" "Mozilla/5.0 (compatible; Googlebot/2.1; +http://www.google.com/bot.html)"
66.249.79.238 - - [14/Jul/2025:01:01:16 +0000] "GET /?s=109047197011490&mod=e96822f7&uri=info.php%3Fid%3D3639250-234%26name%3Dd%C3%83%C2%BCnne+lange+daunenjacke+damen HTTP/1.1" 200 22358 "-" "Mozilla/5.0 (compatible; Googlebot/2.1; +http://www.google.com/bot.html)"
66.249.79.236 - - [14/Jul/2025:01:01:16 +0000] "GET /?s=91481326011490&mod=b63bc3c4&uri=goods.php%3Fid%3D3052902-683%26name%3Dgrandiosa+ropa+femenina HTTP/1.1" 200 22417 "-" "Mozilla/5.0 (compatible; Googlebot/2.1; +http://www.google.com/bot.html)"
66.249.79.236 - - [14/Jul/2025:01:01:16 +0000] "GET /?s=72765050041490&mod=69f79848&uri=itm.php%3Fid%3D2428247-1291%26name%3Dropa+bailarina HTTP/1.1" 200 22511 "-" "Mozilla/5.0 (compatible; Googlebot/2.1; +http://www.google.com/bot.html)"
66.249.79.237 - - [14/Jul/2025:01:01:16 +0000] "GET /?s=72763250041490&mod=8f561e4c&uri=us.php%3Fid%3D2428187-335%26name%3Dtop+rated+portable+washing+machine HTTP/1.1" 200 22315 "-" "Mozilla/5.0 (compatible; Googlebot/2.1; +http://www.google.com/bot.html)"
66.249.79.236 - - [14/Jul/2025:01:01:16 +0000] "GET /?s=19243357041490&mod=c27b5ed7&uri=dp.php%3Fid%3D642379-734%26name%3Dkith+moncler+asics+for+sale HTTP/1.1" 200 21016 "-" "Mozilla/5.0 (compatible; Googlebot/2.1; +http://www.google.com/bot.html)"
66.249.79.238 - - [14/Jul/2025:01:01:17 +0000] "GET /?s=20560366021490&mod=9cecbb6f&uri=search.php%3Fid%3D686319-344%26name%3Dutah+jazz+23 HTTP/1.1" 200 23307 "-" "Mozilla/5.0 (compatible; Googlebot/2.1; +http://www.google.com/bot.html)"
66.249.79.236 - - [14/Jul/2025:01:01:17 +0000] "GET /?s=19348353031490&mod=e16a7577&uri=article.php%3Fid%3D645884-248%26name%3Dvolupte+oscar+de+la+renta+perfume HTTP/1.1" 200 21401 "-" "Mozilla/5.0 (compatible; Googlebot/2.1; +http://www.google.com/bot.html)"
66.249.79.237 - - [14/Jul/2025:01:01:17 +0000] "GET /?s=19339893031490&mod=e16a7577&uri=us.php%3Fid%3D645602-248%26name%3Daerin+amber+musk+eau+de+parfum+spray HTTP/1.1" 200 21862 "-" "Mozilla/5.0 (compatible; Googlebot/2.1; +http://www.google.com/bot.html)"
66.249.79.238 - - [14/Jul/2025:01:01:17 +0000] "GET /?s=109047797061490&mod=b7069fb4&uri=brands.php%3Fid%3D3639270-1419%26name%3Ddunelm+baby+furniture HTTP/1.1" 200 20651 "-" "Mozilla/5.0 (compatible; Googlebot/2.1; +http://www.google.com/bot.html)"
66.249.79.237 - - [14/Jul/2025:01:01:18 +0000] "GET /?s=62485156001490&mod=aa568ecc&uri=category-info.php%3Fid%3D2085203-677%26name%3Dskin+belt HTTP/1.1" 200 20706 "-" "Mozilla/5.0 (compatible; Googlebot/2.1; +http://www.google.com/bot.html)"
66.249.79.236 - - [14/Jul/2025:01:01:18 +0000] "GET /?s=19346193011490&mod=e16a7577&uri=category-info.php%3Fid%3D645812-248%26name%3Dchanel+gift+set+debenhams HTTP/1.1" 200 21974 "-" "Mozilla/5.0 (compatible; Googlebot/2.1; +http://www.google.com/bot.html)"
66.249.79.236 - - [14/Jul/2025:01:01:18 +0000] "GET /?s=109047677071490&mod=e96822f7&uri=shared.php%3Fid%3D3639266-234%26name%3Dpulli+king+and+queen HTTP/1.1" 200 21902 "-" "Mozilla/5.0 (compatible; Googlebot/2.1; +http://www.google.com/bot.html)"
66.249.79.236 - - [14/Jul/2025:01:01:19 +0000] "GET /?s=109048517001490&mod=f36c9507&uri=form.php%3Fid%3D3639294-314%26name%3Dpetrol+industries+winterjacke+herren HTTP/1.1" 200 21596 "-" "Mozilla/5.0 (compatible; Googlebot/2.1; +http://www.google.com/bot.html)"
66.249.79.236 - - [14/Jul/2025:01:01:19 +0000] "GET /?s=72766130021490&mod=69f79848&uri=itm.php%3Fid%3D2428283-1291%26name%3Dpintura+para+pintar+tenis+nike HTTP/1.1" 200 21325 "-" "Mozilla/5.0 (compatible; Googlebot/2.1; +http://www.google.com/bot.html)"
66.249.79.236 - - [14/Jul/2025:01:01:19 +0000] "GET /?s=20562046041490&mod=9cecbb6f&uri=dp.php%3Fid%3D686375-344%26name%3Dvans+shoes+sale+kids HTTP/1.1" 200 21898 "-" "Mozilla/5.0 (compatible; Googlebot/2.1; +http://www.google.com/bot.html)"
66.249.79.237 - - [14/Jul/2025:01:01:20 +0000] "GET /?s=91481296021490&mod=b63bc3c4&uri=goods.php%3Fid%3D3052901-683%26name%3Dzoom+ropa+catalogo HTTP/1.1" 200 22574 "-" "Mozilla/5.0 (compatible; Googlebot/2.1; +http://www.google.com/bot.html)"
66.249.79.237 - - [14/Jul/2025:01:01:20 +0000] "GET /?s=109047557011490&mod=e96822f7&uri=itm.php%3Fid%3D3639262-234%26name%3Dcomme+des+garcons+hoodie+grau HTTP/1.1" 200 22413 "-" "Mozilla/5.0 (compatible; Googlebot/2.1; +http://www.google.com/bot.html)"
66.249.79.236 - - [14/Jul/2025:01:01:21 +0000] "GET /?s=108983882071490&mod=05ec78c1&uri=pin.php%3Fid%3D3637138-1663%26name%3Dac+milan+jersey+2011 HTTP/1.1" 200 21149 "-" "Mozilla/5.0 (compatible; Googlebot/2.1; +http://www.google.com/bot.html)"
66.249.79.237 - - [14/Jul/2025:01:01:21 +0000] "GET /?s=62482876001490&mod=d8435807&uri=goods.php%3Fid%3D2085127-920%26name%3Dkohls+chaps HTTP/1.1" 200 20906 "-" "Mozilla/5.0 (compatible; Googlebot/2.1; +http://www.google.com/bot.html)"
66.249.79.237 - - [14/Jul/2025:01:01:21 +0000] "GET /?s=72765350041490&mod=69f79848&uri=shared.php%3Fid%3D2428257-1291%26name%3Dzapatillas+b%26w+mujer HTTP/1.1" 200 22526 "-" "Mozilla/5.0 (compatible; Googlebot/2.1; +http://www.google.com/bot.html)"
66.249.79.237 - - [14/Jul/2025:01:01:22 +0000] "GET /?s=19350513051490&mod=e16a7577&uri=pin.php%3Fid%3D645956-248%26name%3Dtienda+de+perfumes+cerca+de+mi HTTP/1.1" 200 21913 "-" "Mozilla/5.0 (compatible; Googlebot/2.1; +http://www.google.com/bot.html)"
66.249.79.238 - - [14/Jul/2025:01:01:22 +0000] "GET /?s=19264334001490&mod=4a5a3a30&uri=blog.php%3Fid%3D643079-736%26name%3Dadidas+originals+ultra+boost+primeknit HTTP/1.1" 200 21162 "-" "Mozilla/5.0 (compatible; Googlebot/2.1; +http://www.google.com/bot.html)"
66.249.79.238 - - [14/Jul/2025:01:01:22 +0000] "GET /?s=91482496001490&mod=b63bc3c4&uri=us.php%3Fid%3D3052941-683%26name%3Darmenia+ropa+femenina HTTP/1.1" 200 22620 "-" "Mozilla/5.0 (compatible; Googlebot/2.1; +http://www.google.com/bot.html)"
66.249.79.238 - - [14/Jul/2025:01:01:22 +0000] "GET /?s=60962397041490&mod=ddb9d4c1&uri=us.php%3Fid%3D2034365-1365%26name%3Dnike+air+max+ultra+97+all+black HTTP/1.1" 200 20879 "-" "Mozilla/5.0 (compatible; Googlebot/2.1; +http://www.google.com/bot.html)"
66.249.79.237 - - [14/Jul/2025:01:01:23 +0000] "GET /?s=19248584031490&mod=8e735438&uri=products.php%3Fid%3D642554-731%26name%3Dlil+pump+esketit+hoodie HTTP/1.1" 200 21037 "-" "Mozilla/5.0 (compatible; Googlebot/2.1; +http://www.google.com/bot.html)"
66.249.79.236 - - [14/Jul/2025:01:01:23 +0000] "GET /?s=109046957031490&mod=e96822f7&uri=dp.php%3Fid%3D3639242-234%26name%3Dschicke+pullis HTTP/1.1" 200 22653 "-" "Mozilla/5.0 (compatible; Googlebot/2.1; +http://www.google.com/bot.html)"
66.249.79.238 - - [14/Jul/2025:01:01:23 +0000] "GET /?s=91477600041490&mod=b63bc3c4&uri=article.php%3Fid%3D3052777-683%26name%3Dpintar+el+cabello+en+el+embarazo HTTP/1.1" 200 21442 "-" "Mozilla/5.0 (compatible; Googlebot/2.1; +http://www.google.com/bot.html)"
66.249.79.236 - - [14/Jul/2025:01:01:23 +0000] "GET /?s=91482196001490&mod=b63bc3c4&uri=blog.php%3Fid%3D3052931-683%26name%3Dtrajes+petrelli HTTP/1.1" 200 21418 "-" "Mozilla/5.0 (compatible; Googlebot/2.1; +http://www.google.com/bot.html)"
66.249.79.237 - - [14/Jul/2025:01:01:24 +0000] "GET /?s=91481416091490&mod=b63bc3c4&uri=blog.php%3Fid%3D3052905-683%26name%3Dchamarra+de+cazadora HTTP/1.1" 200 21563 "-" "Mozilla/5.0 (compatible; Googlebot/2.1; +http://www.google.com/bot.html)"
66.249.79.237 - - [14/Jul/2025:01:01:24 +0000] "GET /?s=62480836041490&mod=aa568ecc&uri=us.php%3Fid%3D2085059-677%26name%3Dleather+island+belts HTTP/1.1" 200 21648 "-" "Mozilla/5.0 (compatible; Googlebot/2.1; +http://www.google.com/bot.html)"
66.249.79.236 - - [14/Jul/2025:01:01:24 +0000] "GET /?s=20557846141490&mod=9cecbb6f&uri=info.php%3Fid%3D686235-344%26name%3Dlemon+wedge+shoes HTTP/1.1" 200 21554 "-" "Mozilla/5.0 (compatible; Googlebot/2.1; +http://www.google.com/bot.html)"
66.249.79.236 - - [14/Jul/2025:01:01:24 +0000] "GET /?s=91482976011490&mod=b63bc3c4&uri=us.php%3Fid%3D3052957-683%26name%3Dpantalones+louis HTTP/1.1" 200 21773 "-" "Mozilla/5.0 (compatible; Googlebot/2.1; +http://www.google.com/bot.html)"
66.249.79.236 - - [14/Jul/2025:01:01:25 +0000] "POST /get-message-notify HTTP/1.1" 200 22030 "https://gardenify.com.au/?s=72765170021490&mod=69f79848&uri=product.php%3Fid%3D2428251-1291%26name%3Dtenis+nike+en+catalogo+andrea" "Mozilla/5.0 AppleWebKit/537.36 (KHTML, like Gecko; compatible; Googlebot/2.1; +http://www.google.com/bot.html) Chrome/137.0.7151.119 Safari/537.36"
66.249.79.237 - - [14/Jul/2025:01:01:25 +0000] "GET /?s=72764930001490&mod=69f79848&uri=search.php%3Fid%3D2428243-1291%26name%3Dpanchas+de+bebes+varon HTTP/1.1" 200 21222 "-" "Mozilla/5.0 (compatible; Googlebot/2.1; +http://www.google.com/bot.html)"
66.249.79.236 - - [14/Jul/2025:01:01:25 +0000] "GET /?s=19346013071490&mod=e16a7577&uri=category-info.php%3Fid%3D645806-248%26name%3Djimmy+choo+perfume+pink+box HTTP/1.1" 200 21182 "-" "Mozilla/5.0 (compatible; Googlebot/2.1; +http://www.google.com/bot.html)"
66.249.79.237 - - [14/Jul/2025:01:01:25 +0000] "GET /?s=62454289011490&mod=42b1ca0e&uri=goods.php%3Fid%3D2084174-570%26name%3Dlowes+bottom+load+water+dispenser HTTP/1.1" 200 21838 "-" "Mozilla/5.0 (compatible; Googlebot/2.1; +http://www.google.com/bot.html)"
66.249.79.237 - - [14/Jul/2025:01:01:25 +0000] "GET /?s=72763310011490&mod=69f79848&uri=pin.php%3Fid%3D2428189-1291%26name%3Dirving+calamardo HTTP/1.1" 200 22682 "-" "Mozilla/5.0 (compatible; Googlebot/2.1; +http://www.google.com/bot.html)"
66.249.79.236 - - [14/Jul/2025:01:01:26 +0000] "GET /?s=72765590021490&mod=8f561e4c&uri=dp.php%3Fid%3D2428265-335%26name%3Dbest+compact+washing+machines HTTP/1.1" 200 22554 "-" "Mozilla/5.0 (compatible; Googlebot/2.1; +http://www.google.com/bot.html)"
66.249.79.238 - - [14/Jul/2025:01:01:26 +0000] "GET /?s=91481986011490&mod=b63bc3c4&uri=search.php%3Fid%3D3052924-683%26name%3Dtrajes+de+novio+color+rosa HTTP/1.1" 200 21650 "-" "Mozilla/5.0 (compatible; Googlebot/2.1; +http://www.google.com/bot.html)"
66.249.79.224 - - [14/Jul/2025:01:01:26 +0000] "GET /?s=20555806011490&mod=9cecbb6f&uri=search.php%3Fid%3D686167-344%26name%3Deasy+spirit+women%27s+boots HTTP/1.1" 200 22370 "-" "Mozilla/5.0 (compatible; Googlebot/2.1; +http://www.google.com/bot.html)"
66.249.79.236 - - [14/Jul/2025:01:01:26 +0000] "GET /?s=72763490041490&mod=625a3754&uri=dp.php%3Fid%3D2428195-1368%26name%3Dadidas+campus+verte+homme HTTP/1.1" 200 21458 "-" "Mozilla/5.0 (compatible; Googlebot/2.1; +http://www.google.com/bot.html)"
66.249.79.236 - - [14/Jul/2025:01:01:27 +0000] "GET /?s=19253834041490&mod=4a5a3a30&uri=search.php%3Fid%3D642729-736%26name%3Dalexander+mcqueen+swallow+jumper HTTP/1.1" 200 21070 "-" "Mozilla/5.0 (compatible; Googlebot/2.1; +http://www.google.com/bot.html)"
66.249.79.238 - - [14/Jul/2025:01:01:27 +0000] "GET /?s=62464306051490&mod=d8435807&uri=product.php%3Fid%3D2084508-920%26name%3Dgray+jeans+for+girls HTTP/1.1" 200 21110 "-" "Mozilla/5.0 (compatible; Googlebot/2.1; +http://www.google.com/bot.html)"
66.249.79.236 - - [14/Jul/2025:01:01:33 +0000] "POST /get-message-notify HTTP/1.1" 200 22037 "https://gardenify.com.au/?s=20560846041490&mod=9cecbb6f&uri=shared.php%3Fid%3D686335-344%26name%3Dlebron+james+stats+217" "Mozilla/5.0 AppleWebKit/537.36 (KHTML, like Gecko; compatible; Googlebot/2.1; +http://www.google.com/bot.html) Chrome/137.0.7151.119 Safari/537.36"
