66.249.79.237 - - [14/Jul/2025:01:44:29 +0000] "POST /get-message-notify HTTP/1.1" 404 6256 "https://gardenify.com.au/?s=50734329051490&mod=cbd50311&uri=us.php%3Fid%3D1693089-857%26name%3Dhandbags+for+ladies+snapdeal" "Mozilla/5.0 (Linux; Android 6.0.1; Nexus 5X Build/MMB29P) AppleWebKit/537.36 (KHTML, like Gecko) Chrome/137.0.7151.119 Mobile Safari/537.36 (compatible; Googlebot/2.1; +http://www.google.com/bot.html)"
66.249.79.236 - - [14/Jul/2025:01:44:29 +0000] "GET /?s=17775332001490&mod=8f561e4c&uri=pin.php%3Fid%3D593380-335%26name%3Dgame+12+switch HTTP/1.1" 200 18785 "-" "Mozilla/5.0 (compatible; Googlebot/2.1; +http://www.google.com/bot.html)"
66.249.79.236 - - [14/Jul/2025:01:44:29 +0000] "GET /?s=24464623001490&mod=2be96323&uri=info.php%3Fid%3D816554-438%26name%3Djosh+v+laarzen+wit HTTP/1.1" 200 18797 "-" "Mozilla/5.0 (compatible; Googlebot/2.1; +http://www.google.com/bot.html)"
66.249.79.237 - - [14/Jul/2025:01:44:29 +0000] "POST /get-message-notify HTTP/1.1" 404 6250 "https://gardenify.com.au/?s=35566564021490&mod=6dae90f1&uri=brands.php%3Fid%3D1187075-806%26name%3Dswarovski+supreme+lighter" "Mozilla/5.0 AppleWebKit/537.36 (KHTML, like Gecko; compatible; Googlebot/2.1; +http://www.google.com/bot.html) Chrome/137.0.7151.119 Safari/537.36"
66.249.79.237 - - [14/Jul/2025:01:44:30 +0000] "GET /?s=4801936091490&mod=c359889a&uri=brands.php%3Fid%3D160268-87%26name%3Dtelesin+hero+battery+charger HTTP/1.1" 200 18801 "-" "Mozilla/5.0 (Linux; Android 6.0.1; Nexus 5X Build/MMB29P) AppleWebKit/537.36 (KHTML, like Gecko) Chrome/137.0.7151.103 Mobile Safari/537.36 (compatible; Googlebot/2.1; +http://www.google.com/bot.html)"
66.249.79.237 - - [14/Jul/2025:01:44:33 +0000] "GET /?s=17677667061490&mod=8a9c3b2c&uri=article.php%3Fid%3D590121-695%26name%3Dnike+m2k+tekno+volt HTTP/1.1" 200 18803 "-" "Mozilla/5.0 (compatible; Googlebot/2.1; +http://www.google.com/bot.html)"
66.249.79.238 - - [14/Jul/2025:01:44:34 +0000] "POST /get-message-notify HTTP/1.1" 404 6256 "https://gardenify.com.au/?s=32113734001490&mod=798b4516&uri=info.php%3Fid%3D1071843-330%26name%3Dwooden+fly+box+plans" "Mozilla/5.0 (Linux; Android 6.0.1; Nexus 5X Build/MMB29P) AppleWebKit/537.36 (KHTML, like Gecko) Chrome/137.0.7151.119 Mobile Safari/537.36 (compatible; Googlebot/2.1; +http://www.google.com/bot.html)"
66.249.79.236 - - [14/Jul/2025:01:44:34 +0000] "GET /?s=35565724041490&mod=6dae90f1&uri=goods.php%3Fid%3D1187047-806%26name%3Dcarhartt+menson+pant+corduroy HTTP/1.1" 200 18811 "-" "Mozilla/5.0 (compatible; Googlebot/2.1; +http://www.google.com/bot.html)"
66.249.79.236 - - [14/Jul/2025:01:44:34 +0000] "GET /?s=28186890021490&mod=b1cc074d&uri=shop.php%3Fid%3D940755-228%26name%3Dconverse+x+golf+le+fleur+plume HTTP/1.1" 200 18814 "-" "Mozilla/5.0 (Linux; Android 6.0.1; Nexus 5X Build/MMB29P) AppleWebKit/537.36 (KHTML, like Gecko) Chrome/137.0.7151.103 Mobile Safari/537.36 (compatible; Googlebot/2.1; +http://www.google.com/bot.html)"
66.249.79.236 - - [14/Jul/2025:01:44:35 +0000] "POST /get-message-notify HTTP/1.1" 404 6256 "https://gardenify.com.au/?s=29246606081490&mod=d68c9fd8&uri=us.php%3Fid%3D976111-961%26name%3Dultraboost+black+grey" "Mozilla/5.0 (Linux; Android 6.0.1; Nexus 5X Build/MMB29P) AppleWebKit/537.36 (KHTML, like Gecko) Chrome/137.0.7151.119 Mobile Safari/537.36 (compatible; Googlebot/2.1; +http://www.google.com/bot.html)"
66.249.79.238 - - [14/Jul/2025:01:44:35 +0000] "GET /?s=17779652091490&mod=556a47d6&uri=pin.php%3Fid%3D593524-699%26name%3Dsun+tracker+pontoon+boats+bass+pro+shop HTTP/1.1" 200 18825 "-" "Mozilla/5.0 (compatible; Googlebot/2.1; +http://www.google.com/bot.html)"
66.249.79.236 - - [14/Jul/2025:01:44:35 +0000] "POST /get-message-notify HTTP/1.1" 404 6256 "https://gardenify.com.au/?s=32113734001490&mod=798b4516&uri=info.php%3Fid%3D1071843-330%26name%3Dwooden+fly+box+plans" "Mozilla/5.0 (Linux; Android 6.0.1; Nexus 5X Build/MMB29P) AppleWebKit/537.36 (KHTML, like Gecko) Chrome/137.0.7151.119 Mobile Safari/537.36 (compatible; Googlebot/2.1; +http://www.google.com/bot.html)"
66.249.79.237 - - [14/Jul/2025:01:44:39 +0000] "GET /?s=78290075041490&mod=29e2f026&uri=blog.php%3Fid%3D2612627-716%26name%3Dleggins+con+elastico HTTP/1.1" 200 18795 "-" "Mozilla/5.0 (compatible; Googlebot/2.1; +http://www.google.com/bot.html)"
66.249.79.237 - - [14/Jul/2025:01:44:40 +0000] "GET /kaden.html HTTP/1.1" 404 11747 "-" "Mozilla/5.0 (Linux; Android 6.0.1; Nexus 5X Build/MMB29P) AppleWebKit/537.36 (KHTML, like Gecko) Chrome/137.0.7151.103 Mobile Safari/537.36 (compatible; GoogleOther)"
66.249.79.237 - - [14/Jul/2025:01:44:40 +0000] "POST /get-message-notify HTTP/1.1" 404 6250 "https://gardenify.com.au/?s=24469933021490&mod=2be96323&uri=form.php%3Fid%3D816731-438%26name%3Droyaums+outlet+betrouwbaar" "Mozilla/5.0 AppleWebKit/537.36 (KHTML, like Gecko; compatible; Googlebot/2.1; +http://www.google.com/bot.html) Chrome/137.0.7151.119 Safari/537.36"
66.249.79.236 - - [14/Jul/2025:01:44:40 +0000] "GET /?s=17774612011490&mod=8f561e4c&uri=article.php%3Fid%3D593356-335%26name%3Dplex+on+nintendo+switch HTTP/1.1" 200 18802 "-" "Mozilla/5.0 (compatible; Googlebot/2.1; +http://www.google.com/bot.html)"
66.249.79.238 - - [14/Jul/2025:01:44:41 +0000] "POST /get-message-notify HTTP/1.1" 404 6256 "https://gardenify.com.au/?s=4801936091490&mod=c359889a&uri=brands.php%3Fid%3D160268-87%26name%3Dtelesin+hero+battery+charger" "Mozilla/5.0 (Linux; Android 6.0.1; Nexus 5X Build/MMB29P) AppleWebKit/537.36 (KHTML, like Gecko) Chrome/137.0.7151.119 Mobile Safari/537.36 (compatible; Googlebot/2.1; +http://www.google.com/bot.html)"
66.249.79.237 - - [14/Jul/2025:01:44:41 +0000] "GET /?s=17782172071490&mod=556a47d6&uri=goods.php%3Fid%3D593608-699%26name%3Dbass+pro+shop+coolers HTTP/1.1" 200 18796 "-" "Mozilla/5.0 (compatible; Googlebot/2.1; +http://www.google.com/bot.html)"
66.249.79.236 - - [14/Jul/2025:01:44:41 +0000] "POST /get-message-notify HTTP/1.1" 404 6256 "https://gardenify.com.au/?s=114233837091490&mod=719ea6b8&uri=search.php%3Fid%3D3812408-1522%26name%3Drobe+forme+princesse+longue" "Mozilla/5.0 (Linux; Android 6.0.1; Nexus 5X Build/MMB29P) AppleWebKit/537.36 (KHTML, like Gecko) Chrome/137.0.7151.119 Mobile Safari/537.36 (compatible; Googlebot/2.1; +http://www.google.com/bot.html)"
66.249.79.236 - - [14/Jul/2025:01:44:42 +0000] "GET /?s=62806210001490&mod=62c94956&uri=form.php%3Fid%3D2095915-1374%26name%3Dchampion+dj+bravo+lyrics HTTP/1.1" 200 18802 "-" "Mozilla/5.0 (Linux; Android 6.0.1; Nexus 5X Build/MMB29P) AppleWebKit/537.36 (KHTML, like Gecko) Chrome/137.0.7151.103 Mobile Safari/537.36 (compatible; Googlebot/2.1; +http://www.google.com/bot.html)"
66.249.79.237 - - [14/Jul/2025:01:44:42 +0000] "GET /?s=78290975021490&mod=e7696fba&uri=search.php%3Fid%3D2612657-715%26name%3Dy+wing+tie+fighter HTTP/1.1" 200 18792 "-" "Mozilla/5.0 (compatible; Googlebot/2.1; +http://www.google.com/bot.html)"
66.249.79.236 - - [14/Jul/2025:01:44:42 +0000] "POST /get-message-notify HTTP/1.1" 404 6250 "https://gardenify.com.au/?s=17677667061490&mod=8a9c3b2c&uri=article.php%3Fid%3D590121-695%26name%3Dnike+m2k+tekno+volt" "Mozilla/5.0 AppleWebKit/537.36 (KHTML, like Gecko; compatible; Googlebot/2.1; +http://www.google.com/bot.html) Chrome/137.0.7151.119 Safari/537.36"
66.249.79.238 - - [14/Jul/2025:01:44:43 +0000] "GET /?s=30644904051490&mod=fdf645ae&uri=product.php%3Fid%3D1022824-324%26name%3Dsalt+baked+whole+fish HTTP/1.1" 200 18802 "-" "Mozilla/5.0 (compatible; Googlebot/2.1; +http://www.google.com/bot.html)"
66.249.79.236 - - [14/Jul/2025:01:44:43 +0000] "POST /get-message-notify HTTP/1.1" 404 6250 "https://gardenify.com.au/?s=35565724041490&mod=6dae90f1&uri=goods.php%3Fid%3D1187047-806%26name%3Dcarhartt+menson+pant+corduroy" "Mozilla/5.0 AppleWebKit/537.36 (KHTML, like Gecko; compatible; Googlebot/2.1; +http://www.google.com/bot.html) Chrome/137.0.7151.119 Safari/537.36"
66.249.79.238 - - [14/Jul/2025:01:44:43 +0000] "GET /?s=37955393061490&mod=7f142481&uri=news.php%3Fid%3D1266782-998%26name%3Dblazer+menswear HTTP/1.1" 200 18787 "-" "Mozilla/5.0 (Linux; Android 6.0.1; Nexus 5X Build/MMB29P) AppleWebKit/537.36 (KHTML, like Gecko) Chrome/137.0.7151.103 Mobile Safari/537.36 (compatible; Googlebot/2.1; +http://www.google.com/bot.html)"
66.249.79.237 - - [14/Jul/2025:01:44:44 +0000] "GET /?s=24469753011490&mod=b862a443&uri=pin.php%3Fid%3D816725-854%26name%3Dtriceps+con+mancuernas HTTP/1.1" 200 18796 "-" "Mozilla/5.0 (compatible; Googlebot/2.1; +http://www.google.com/bot.html)"
66.249.79.236 - - [14/Jul/2025:01:44:44 +0000] "GET /?s=88879186051490&mod=e00b14d7&uri=search.php%3Fid%3D2966033-1018%26name%3D14k+vermeil HTTP/1.1" 200 18782 "-" "Mozilla/5.0 (Linux; Android 6.0.1; Nexus 5X Build/MMB29P) AppleWebKit/537.36 (KHTML, like Gecko) Chrome/137.0.7151.103 Mobile Safari/537.36 (compatible; Googlebot/2.1; +http://www.google.com/bot.html)"
66.249.79.238 - - [14/Jul/2025:01:44:44 +0000] "POST /get-message-notify HTTP/1.1" 404 6256 "https://gardenify.com.au/?s=28186890021490&mod=b1cc074d&uri=shop.php%3Fid%3D940755-228%26name%3Dconverse+x+golf+le+fleur+plume" "Mozilla/5.0 (Linux; Android 6.0.1; Nexus 5X Build/MMB29P) AppleWebKit/537.36 (KHTML, like Gecko) Chrome/137.0.7151.119 Mobile Safari/537.36 (compatible; Googlebot/2.1; +http://www.google.com/bot.html)"
66.249.79.236 - - [14/Jul/2025:01:44:45 +0000] "GET /?s=35564944081490&mod=6dae90f1&uri=dp.php%3Fid%3D1187021-806%26name%3Dcanada+goose+gilet+grey+mens HTTP/1.1" 200 18811 "-" "Mozilla/5.0 (compatible; Googlebot/2.1; +http://www.google.com/bot.html)"
66.249.79.237 - - [14/Jul/2025:01:44:45 +0000] "GET /?s=110218171041490&mod=0cba172d&uri=form.php%3Fid%3D3678322-1488%26name%3Dlunette+de+soleil+michael+kors+femme HTTP/1.1" 200 18830 "-" "Mozilla/5.0 (compatible; Googlebot/2.1; +http://www.google.com/bot.html)"
66.249.79.236 - - [14/Jul/2025:01:44:45 +0000] "GET /?s=24466243031490&mod=2be96323&uri=news.php%3Fid%3D816608-438%26name%3Dpaarse+sandalen+met+hak HTTP/1.1" 200 18800 "-" "Mozilla/5.0 (compatible; Googlebot/2.1; +http://www.google.com/bot.html)"
66.249.79.236 - - [14/Jul/2025:01:44:46 +0000] "GET /?s=9155511011490&mod=2bc9dde1&uri=product.php%3Fid%3D305700-473%26name%3Dfear+of+god+nike HTTP/1.1" 200 18791 "-" "Mozilla/5.0 (Linux; Android 6.0.1; Nexus 5X Build/MMB29P) AppleWebKit/537.36 (KHTML, like Gecko) Chrome/137.0.7151.103 Mobile Safari/537.36 (compatible; Googlebot/2.1; +http://www.google.com/bot.html)"
66.249.79.237 - - [14/Jul/2025:01:44:46 +0000] "GET /?s=30639774021490&mod=fdf645ae&uri=blog.php%3Fid%3D1022653-324%26name%3Dbodum+bistro+coffee+mug HTTP/1.1" 200 18801 "-" "Mozilla/5.0 (compatible; Googlebot/2.1; +http://www.google.com/bot.html)"
66.249.79.238 - - [14/Jul/2025:01:44:46 +0000] "GET /?s=30645984091490&mod=fdf645ae&uri=us.php%3Fid%3D1022860-324%26name%3Dbread+pan+size HTTP/1.1" 200 18774 "-" "Mozilla/5.0 (compatible; Googlebot/2.1; +http://www.google.com/bot.html)"
66.249.79.236 - - [14/Jul/2025:01:44:47 +0000] "POST /get-message-notify HTTP/1.1" 404 6256 "https://gardenify.com.au/?s=62806210001490&mod=62c94956&uri=form.php%3Fid%3D2095915-1374%26name%3Dchampion+dj+bravo+lyrics" "Mozilla/5.0 (Linux; Android 6.0.1; Nexus 5X Build/MMB29P) AppleWebKit/537.36 (KHTML, like Gecko) Chrome/137.0.7151.119 Mobile Safari/537.36 (compatible; Googlebot/2.1; +http://www.google.com/bot.html)"
66.249.79.236 - - [14/Jul/2025:01:44:47 +0000] "GET /?s=100865319011490&mod=f2225c45&uri=us.php%3Fid%3D3366148-1258%26name%3Dherschel+mid+nova+backpack HTTP/1.1" 200 18804 "-" "Mozilla/5.0 (Linux; Android 6.0.1; Nexus 5X Build/MMB29P) AppleWebKit/537.36 (KHTML, like Gecko) Chrome/137.0.7151.103 Mobile Safari/537.36 (compatible; Googlebot/2.1; +http://www.google.com/bot.html)"
66.249.79.237 - - [14/Jul/2025:01:44:47 +0000] "GET /?s=24468313001490&mod=2be96323&uri=search.php%3Fid%3D816677-438%26name%3Dbalenciaga+maattabel HTTP/1.1" 200 18789 "-" "Mozilla/5.0 (compatible; Googlebot/2.1; +http://www.google.com/bot.html)"
66.249.79.238 - - [14/Jul/2025:01:44:48 +0000] "GET /?s=110221016141490&mod=0cba172d&uri=itm.php%3Fid%3D3678417-1488%26name%3Dlunette+gucci+femme HTTP/1.1" 200 18801 "-" "Mozilla/5.0 (compatible; Googlebot/2.1; +http://www.google.com/bot.html)"
66.249.79.224 - - [14/Jul/2025:01:44:48 +0000] "GET /?s=24465883071490&mod=2be96323&uri=products.php%3Fid%3D816596-438%26name%3Daqa+witte+sneakers+dames HTTP/1.1" 200 18801 "-" "Mozilla/5.0 (compatible; Googlebot/2.1; +http://www.google.com/bot.html)"
66.249.79.224 - - [14/Jul/2025:01:44:49 +0000] "POST /get-message-notify HTTP/1.1" 404 6250 "https://gardenify.com.au/?s=17782172071490&mod=556a47d6&uri=goods.php%3Fid%3D593608-699%26name%3Dbass+pro+shop+coolers" "Mozilla/5.0 AppleWebKit/537.36 (KHTML, like Gecko; compatible; Googlebot/2.1; +http://www.google.com/bot.html) Chrome/137.0.7151.119 Safari/537.36"
66.249.79.236 - - [14/Jul/2025:01:44:49 +0000] "GET /?s=17677157091490&mod=8a9c3b2c&uri=goods.php%3Fid%3D590104-695%26name%3Dlunarstelos HTTP/1.1" 200 18779 "-" "Mozilla/5.0 (compatible; Googlebot/2.1; +http://www.google.com/bot.html)"
66.249.79.236 - - [14/Jul/2025:01:44:49 +0000] "GET /?s=17777672011490&mod=8f561e4c&uri=article.php%3Fid%3D593458-335%26name%3Dfree+nintendo+switch+codes+for+fortnite HTTP/1.1" 200 18824 "-" "Mozilla/5.0 (compatible; Googlebot/2.1; +http://www.google.com/bot.html)"
66.249.79.236 - - [14/Jul/2025:01:44:50 +0000] "GET /?s=30648951031490&mod=fdf645ae&uri=dp.php%3Fid%3D1022959-324%26name%3Dbaked+egg+noodle+recipes HTTP/1.1" 200 18800 "-" "Mozilla/5.0 (compatible; Googlebot/2.1; +http://www.google.com/bot.html)"
66.249.79.238 - - [14/Jul/2025:01:44:50 +0000] "GET /?s=78270275001490&mod=962cc07b&uri=form.php%3Fid%3D2611967-1491%26name%3Dvans+blanche+trait+noir HTTP/1.1" 200 18804 "-" "Mozilla/5.0 (compatible; Googlebot/2.1; +http://www.google.com/bot.html)"
66.249.79.224 - - [14/Jul/2025:01:44:51 +0000] "GET /?s=24523151041490&mod=c292b3e9&uri=info.php%3Fid%3D818505-91%26name%3Dwtb+horizon+comp+47c HTTP/1.1" 200 18789 "-" "Mozilla/5.0 (compatible; Googlebot/2.1; +http://www.google.com/bot.html)"
66.249.79.236 - - [14/Jul/2025:01:44:51 +0000] "GET /?s=30642204031490&mod=fdf645ae&uri=category-info.php%3Fid%3D1022734-324%26name%3Drosemary+and+garlic+potatoes HTTP/1.1" 200 18841 "-" "Mozilla/5.0 (compatible; Googlebot/2.1; +http://www.google.com/bot.html)"
66.249.79.238 - - [14/Jul/2025:01:44:51 +0000] "GET /?s=35566684001490&mod=6dae90f1&uri=blog.php%3Fid%3D1187079-806%26name%3Dcarhartt+wip+menson HTTP/1.1" 200 18792 "-" "Mozilla/5.0 (compatible; Googlebot/2.1; +http://www.google.com/bot.html)"
66.249.79.238 - - [14/Jul/2025:01:44:51 +0000] "GET /?s=24466603031490&mod=2be96323&uri=shop.php%3Fid%3D816620-438%26name%3Dstalschoenen+stalen+neus HTTP/1.1" 200 18798 "-" "Mozilla/5.0 (compatible; Googlebot/2.1; +http://www.google.com/bot.html)"
66.249.79.237 - - [14/Jul/2025:01:44:51 +0000] "GET /?s=17780912061490&mod=8f561e4c&uri=category-info.php%3Fid%3D593566-335%26name%3Ddoom+eternal+on+switch HTTP/1.1" 200 18827 "-" "Mozilla/5.0 (compatible; Googlebot/2.1; +http://www.google.com/bot.html)"
209.74.77.214 - - [14/Jul/2025:01:44:52 +0000] "POST /wp-cron.php?doing_wp_cron=1752457492.4135899543762207031250 HTTP/1.1" 200 - "-" "WordPress/6.8.1; https://gardenify.com.au"
66.249.79.237 - - [14/Jul/2025:01:44:52 +0000] "POST /get-message-notify HTTP/1.1" 404 6256 "https://gardenify.com.au/?s=88879186051490&mod=e00b14d7&uri=search.php%3Fid%3D2966033-1018%26name%3D14k+vermeil" "Mozilla/5.0 (Linux; Android 6.0.1; Nexus 5X Build/MMB29P) AppleWebKit/537.36 (KHTML, like Gecko) Chrome/137.0.7151.119 Mobile Safari/537.36 (compatible; Googlebot/2.1; +http://www.google.com/bot.html)"
66.249.79.237 - - [14/Jul/2025:01:44:52 +0000] "GET /?s=35531556051490&mod=206d6cf9&uri=info.php%3Fid%3D1185908-1088%26name%3Dasos+maternity+occasion HTTP/1.1" 200 18799 "-" "Mozilla/5.0 (compatible; Googlebot/2.1; +http://www.google.com/bot.html)"
209.74.77.214 - - [14/Jul/2025:01:44:52 +0000] "POST /wp-admin/admin-ajax.php?action=async_litespeed&nonce=L3CHWgmMo5mqjJ0aeWIkGtyburutjDzs&litespeed_type=imgoptm HTTP/1.1" 200 21 "-" "WordPress/6.8.1; https://gardenify.com.au"
66.249.79.238 - - [14/Jul/2025:01:44:52 +0000] "GET /?s=78272975041490&mod=e7696fba&uri=shop.php%3Fid%3D2612057-715%26name%3Dadidas+lego+brick HTTP/1.1" 200 18794 "-" "Mozilla/5.0 (compatible; Googlebot/2.1; +http://www.google.com/bot.html)"
66.249.79.237 - - [14/Jul/2025:01:44:52 +0000] "GET /?s=78113790031490&mod=0cba172d&uri=blog.php%3Fid%3D2606746-1488%26name%3Dquechua+lunette HTTP/1.1" 200 18794 "-" "Mozilla/5.0 (compatible; Googlebot/2.1; +http://www.google.com/bot.html)"
66.249.79.224 - - [14/Jul/2025:01:44:52 +0000] "GET /?s=35567404001490&mod=6dae90f1&uri=info.php%3Fid%3D1187103-806%26name%3Darcteryx+lithic+gloves HTTP/1.1" 200 18802 "-" "Mozilla/5.0 (compatible; Googlebot/2.1; +http://www.google.com/bot.html)"
66.249.79.237 - - [14/Jul/2025:01:44:53 +0000] "GET /?s=30635994111490&mod=fdf645ae&uri=itm.php%3Fid%3D1022527-324%26name%3Dbrussel+sprouts+turkey+bacon HTTP/1.1" 200 18804 "-" "Mozilla/5.0 (compatible; Googlebot/2.1; +http://www.google.com/bot.html)"
66.249.79.238 - - [14/Jul/2025:01:44:53 +0000] "GET /?s=24465703061490&mod=2be96323&uri=brands.php%3Fid%3D816590-438%26name%3Dbarefoot+schoenen+decathlon HTTP/1.1" 200 18807 "-" "Mozilla/5.0 (compatible; Googlebot/2.1; +http://www.google.com/bot.html)"
66.249.79.237 - - [14/Jul/2025:01:44:53 +0000] "GET /?s=35565844031490&mod=6dae90f1&uri=pin.php%3Fid%3D1187051-806%26name%3Dhelly+hansen+jackets+on+sale HTTP/1.1" 200 18811 "-" "Mozilla/5.0 (compatible; Googlebot/2.1; +http://www.google.com/bot.html)"
66.249.79.238 - - [14/Jul/2025:01:44:53 +0000] "GET /?s=24466423051490&mod=2be96323&uri=product.php%3Fid%3D816614-438%26name%3Dbeste+hardloopschoen HTTP/1.1" 200 18797 "-" "Mozilla/5.0 (compatible; Googlebot/2.1; +http://www.google.com/bot.html)"
66.249.79.236 - - [14/Jul/2025:01:44:53 +0000] "GET /?s=78270875041490&mod=e7696fba&uri=goods.php%3Fid%3D2611987-715%26name%3Dlarge+lego+baseplates HTTP/1.1" 200 18798 "-" "Mozilla/5.0 (compatible; Googlebot/2.1; +http://www.google.com/bot.html)"
66.249.79.225 - - [14/Jul/2025:01:44:54 +0000] "GET /?s=78286775041490&mod=e7696fba&uri=pin.php%3Fid%3D2612517-715%26name%3Dstar+wars+6205 HTTP/1.1" 200 18790 "-" "Mozilla/5.0 (compatible; Googlebot/2.1; +http://www.google.com/bot.html)"
66.249.79.237 - - [14/Jul/2025:01:44:54 +0000] "GET /?s=78276275041490&mod=e7696fba&uri=form.php%3Fid%3D2612167-715%26name%3Dlego+star+wars+razor+crest+2022 HTTP/1.1" 200 18819 "-" "Mozilla/5.0 (compatible; Googlebot/2.1; +http://www.google.com/bot.html)"
209.74.77.214 - - [14/Jul/2025:01:44:54 +0000] "POST /wp-cron.php?doing_wp_cron=1752457494.6659460067749023437500 HTTP/1.1" 200 - "-" "WordPress/6.8.1; https://gardenify.com.au"
66.249.79.225 - - [14/Jul/2025:01:44:54 +0000] "GET /?s=35567584061490&mod=6dae90f1&uri=itm.php%3Fid%3D1187109-806%26name%3Dhelly+hansen+alna+winter+parka HTTP/1.1" 200 18808 "-" "Mozilla/5.0 (compatible; Googlebot/2.1; +http://www.google.com/bot.html)"
66.249.79.238 - - [14/Jul/2025:01:44:54 +0000] "POST /get-message-notify HTTP/1.1" 404 6250 "https://gardenify.com.au/?s=35564944081490&mod=6dae90f1&uri=dp.php%3Fid%3D1187021-806%26name%3Dcanada+goose+gilet+grey+mens" "Mozilla/5.0 AppleWebKit/537.36 (KHTML, like Gecko; compatible; Googlebot/2.1; +http://www.google.com/bot.html) Chrome/137.0.7151.119 Safari/537.36"
66.249.79.236 - - [14/Jul/2025:01:44:54 +0000] "GET /?s=30642474021490&mod=fdf645ae&uri=products.php%3Fid%3D1022743-324%26name%3Dketo+recipes+with+brussel+sprouts HTTP/1.1" 200 18822 "-" "Mozilla/5.0 (compatible; Googlebot/2.1; +http://www.google.com/bot.html)"
66.249.79.224 - - [14/Jul/2025:01:44:54 +0000] "GET /?s=24469213031490&mod=2be96323&uri=us.php%3Fid%3D816707-438%26name%3Dglitter+sandalen+met+hak HTTP/1.1" 200 18795 "-" "Mozilla/5.0 (compatible; Googlebot/2.1; +http://www.google.com/bot.html)"
66.249.79.236 - - [14/Jul/2025:01:44:55 +0000] "GET /?s=24465343051490&mod=2be96323&uri=itm.php%3Fid%3D816578-438%26name%3Dxsensible+stretchwalker+2021 HTTP/1.1" 200 18809 "-" "Mozilla/5.0 (compatible; Googlebot/2.1; +http://www.google.com/bot.html)"
66.249.79.236 - - [14/Jul/2025:01:44:55 +0000] "POST /get-message-notify HTTP/1.1" 404 6256 "https://gardenify.com.au/?s=77310689081490&mod=5f305d02&uri=news.php%3Fid%3D2579928-1468%26name%3Dnorth+face+military+cap" "Mozilla/5.0 (Linux; Android 6.0.1; Nexus 5X Build/MMB29P) AppleWebKit/537.36 (KHTML, like Gecko) Chrome/137.0.7151.119 Mobile Safari/537.36 (compatible; Googlebot/2.1; +http://www.google.com/bot.html)"
66.249.79.238 - - [14/Jul/2025:01:44:55 +0000] "GET /?s=35635368051490&mod=49aea21a&uri=product.php%3Fid%3D1189373-283%26name%3Dthursday+boots+near+me HTTP/1.1" 200 18805 "-" "Mozilla/5.0 (compatible; Googlebot/2.1; +http://www.google.com/bot.html)"
66.249.79.225 - - [14/Jul/2025:01:44:55 +0000] "GET /?s=35563446031490&mod=6dae90f1&uri=category-info.php%3Fid%3D1186971-806%26name%3Dcard+on+forehead+guessing+game HTTP/1.1" 200 20672 "-" "Mozilla/5.0 (compatible; Googlebot/2.1; +http://www.google.com/bot.html)"
66.249.79.237 - - [14/Jul/2025:01:44:55 +0000] "GET /?s=17771912011490&mod=8f561e4c&uri=brands.php%3Fid%3D593266-335%26name%3Dnintendo+game+switch HTTP/1.1" 200 18796 "-" "Mozilla/5.0 (compatible; Googlebot/2.1; +http://www.google.com/bot.html)"
66.249.79.224 - - [14/Jul/2025:01:44:56 +0000] "GET /?s=78287375041490&mod=e7696fba&uri=shared.php%3Fid%3D2612537-715%26name%3Dlego+republic+gunship+2022 HTTP/1.1" 200 18812 "-" "Mozilla/5.0 (compatible; Googlebot/2.1; +http://www.google.com/bot.html)"
66.249.79.238 - - [14/Jul/2025:01:44:56 +0000] "GET /?s=78139164001490&mod=0cba172d&uri=search.php%3Fid%3D2607593-1488%26name%3Dmiu+miu+lunettes+de+soleil HTTP/1.1" 200 18807 "-" "Mozilla/5.0 (compatible; Googlebot/2.1; +http://www.google.com/bot.html)"
66.249.79.236 - - [14/Jul/2025:01:44:56 +0000] "GET /?s=78277475041490&mod=29e2f026&uri=products.php%3Fid%3D2612207-716%26name%3Dleggins+la+sportiva HTTP/1.1" 200 18798 "-" "Mozilla/5.0 (compatible; Googlebot/2.1; +http://www.google.com/bot.html)"
66.249.79.237 - - [14/Jul/2025:01:44:56 +0000] "GET /?s=119743055081490&mod=150353f8&uri=product.php%3Fid%3D3996189-141%26name%3Dlooks+para+bautizos+en+invierno HTTP/1.1" 200 18816 "-" "Mozilla/5.0 (compatible; Googlebot/2.1; +http://www.google.com/bot.html)"
66.249.79.236 - - [14/Jul/2025:01:44:56 +0000] "GET /?s=30640314051490&mod=fdf645ae&uri=product.php%3Fid%3D1022671-324%26name%3Droasting+brussels+sprouts+in+the+oven HTTP/1.1" 200 18827 "-" "Mozilla/5.0 (compatible; Googlebot/2.1; +http://www.google.com/bot.html)"
66.249.79.226 - - [14/Jul/2025:01:44:57 +0000] "GET /?s=24463363031490&mod=2be96323&uri=itm.php%3Fid%3D816512-438%26name%3Dfitflop+instappers HTTP/1.1" 200 18787 "-" "Mozilla/5.0 (compatible; Googlebot/2.1; +http://www.google.com/bot.html)"
66.249.79.238 - - [14/Jul/2025:01:44:57 +0000] "GET /?s=17779292031490&mod=8f561e4c&uri=shop.php%3Fid%3D593512-335%26name%3Dnintendo+go+vacation HTTP/1.1" 200 18786 "-" "Mozilla/5.0 (compatible; Googlebot/2.1; +http://www.google.com/bot.html)"
66.249.79.226 - - [14/Jul/2025:01:44:58 +0000] "POST /get-message-notify HTTP/1.1" 404 6250 "https://gardenify.com.au/?s=78272975041490&mod=e7696fba&uri=shop.php%3Fid%3D2612057-715%26name%3Dadidas+lego+brick" "Mozilla/5.0 AppleWebKit/537.36 (KHTML, like Gecko; compatible; Googlebot/2.1; +http://www.google.com/bot.html) Chrome/137.0.7151.119 Safari/537.36"
66.249.79.236 - - [14/Jul/2025:01:45:39 +0000] "GET /?s=115686840061490&mod=bb207230&uri=info.php%3Fid%3D3860891-1402%26name%3Dmodern+chrome+wall+lights HTTP/1.1" 200 18803 "-" "Mozilla/5.0 (Linux; Android 6.0.1; Nexus 5X Build/MMB29P) AppleWebKit/537.36 (KHTML, like Gecko) Chrome/137.0.7151.103 Mobile Safari/537.36 (compatible; GoogleOther)"
66.249.79.236 - - [14/Jul/2025:01:45:47 +0000] "GET /?s=20640628031490&mod=b2cf15b4&uri=article.php%3Fid%3D688996-669%26name%3Dsmall+seater+settee HTTP/1.1" 200 18797 "-" "Mozilla/5.0 (Linux; Android 6.0.1; Nexus 5X Build/MMB29P) AppleWebKit/537.36 (KHTML, like Gecko) Chrome/137.0.7151.103 Mobile Safari/537.36 (compatible; GoogleOther)"
66.249.79.236 - - [14/Jul/2025:01:45:47 +0000] "GET /?s=73202915061490&mod=bac1729d&uri=info.php%3Fid%3D2442853-393%26name%3D270+blanche+pas+cher HTTP/1.1" 200 18795 "-" "Mozilla/5.0 (Linux; Android 6.0.1; Nexus 5X Build/MMB29P) AppleWebKit/537.36 (KHTML, like Gecko) Chrome/137.0.7151.103 Mobile Safari/537.36 (compatible; Googlebot/2.1; +http://www.google.com/bot.html)"
66.249.79.236 - - [14/Jul/2025:01:45:48 +0000] "GET /?s=104214705061490&mod=a6caa5e3&uri=info.php%3Fid%3D3477966-1625%26name%3Dasics+gel+cumulus+12+oro HTTP/1.1" 200 18810 "-" "Mozilla/5.0 (Linux; Android 6.0.1; Nexus 5X Build/MMB29P) AppleWebKit/537.36 (KHTML, like Gecko) Chrome/137.0.7151.103 Mobile Safari/537.36 (compatible; Googlebot/2.1; +http://www.google.com/bot.html)"
209.74.77.214 - - [14/Jul/2025:01:45:52 +0000] "POST /wp-cron.php?doing_wp_cron=1752457552.3799018859863281250000 HTTP/1.1" 200 - "-" "WordPress/6.8.1; https://gardenify.com.au"
66.249.79.236 - - [14/Jul/2025:01:45:51 +0000] "POST /get-message-notify HTTP/1.1" 404 6256 "https://gardenify.com.au/?s=20640628031490&mod=b2cf15b4&uri=article.php%3Fid%3D688996-669%26name%3Dsmall+seater+settee" "Mozilla/5.0 (Linux; Android 6.0.1; Nexus 5X Build/MMB29P) AppleWebKit/537.36 (KHTML, like Gecko) Chrome/137.0.7151.119 Mobile Safari/537.36 (compatible; Googlebot/2.1; +http://www.google.com/bot.html)"
209.74.77.214 - - [14/Jul/2025:01:45:52 +0000] "POST /wp-admin/admin-ajax.php?action=async_litespeed&nonce=bAhpLQBs8rnq0c1x8jL4MtY2xD9zvKRB&litespeed_type=imgoptm HTTP/1.1" 200 21 "-" "WordPress/6.8.1; https://gardenify.com.au"
66.249.79.238 - - [14/Jul/2025:01:46:01 +0000] "GET /?s=109052117031490&mod=f36c9507&uri=article.php%3Fid%3D3639414-314%26name%3Ddavid+moore+lederjacke+herren HTTP/1.1" 200 18821 "-" "Mozilla/5.0 (Linux; Android 6.0.1; Nexus 5X Build/MMB29P) AppleWebKit/537.36 (KHTML, like Gecko) Chrome/137.0.7151.103 Mobile Safari/537.36 (compatible; GoogleOther)"
209.74.77.214 - - [14/Jul/2025:01:46:06 +0000] "POST /wp-cron.php?doing_wp_cron=1752457566.0783290863037109375000 HTTP/1.1" 200 - "-" "WordPress/6.8.1; https://gardenify.com.au"
66.249.79.238 - - [14/Jul/2025:01:46:05 +0000] "POST /get-message-notify HTTP/1.1" 404 6256 "https://gardenify.com.au/?s=109052117031490&mod=f36c9507&uri=article.php%3Fid%3D3639414-314%26name%3Ddavid+moore+lederjacke+herren" "Mozilla/5.0 (Linux; Android 6.0.1; Nexus 5X Build/MMB29P) AppleWebKit/537.36 (KHTML, like Gecko) Chrome/137.0.7151.119 Mobile Safari/537.36 (compatible; Googlebot/2.1; +http://www.google.com/bot.html)"
66.249.79.236 - - [14/Jul/2025:01:46:13 +0000] "GET /?s=55495396031490&mod=45c04c3c&uri=shop.php%3Fid%3D1851920-444%26name%3Dlong+outdoor+cushion HTTP/1.1" 200 18794 "-" "Mozilla/5.0 (Linux; Android 6.0.1; Nexus 5X Build/MMB29P) AppleWebKit/537.36 (KHTML, like Gecko) Chrome/137.0.7151.103 Mobile Safari/537.36 (compatible; Googlebot/2.1; +http://www.google.com/bot.html)"
66.249.79.237 - - [14/Jul/2025:01:46:13 +0000] "GET /?s=14581192141490&mod=61d77652&uri=brands.php%3Fid%3D486816-24%26name%3Dtrek+weight HTTP/1.1" 200 18773 "-" "Mozilla/5.0 (compatible; Googlebot/2.1; +http://www.google.com/bot.html)"
66.249.79.236 - - [14/Jul/2025:01:46:14 +0000] "GET /?s=86283701061490&mod=5478c9cd&uri=news.php%3Fid%3D2879419-219%26name%3Dcombi+boiler+fitting+price HTTP/1.1" 200 18801 "-" "Mozilla/5.0 (compatible; Googlebot/2.1; +http://www.google.com/bot.html)"
66.249.79.236 - - [14/Jul/2025:01:46:14 +0000] "GET /?s=17690987001490&mod=934703eb&uri=form.php%3Fid%3D590565-697%26name%3Dnike+916780 HTTP/1.1" 200 18782 "-" "Mozilla/5.0 (compatible; Googlebot/2.1; +http://www.google.com/bot.html)"
66.249.79.237 - - [14/Jul/2025:01:46:14 +0000] "GET /?s=14577892041490&mod=61d77652&uri=category-info.php%3Fid%3D486706-24%26name%3Dthule+cadence+canada HTTP/1.1" 200 18819 "-" "Mozilla/5.0 (compatible; Googlebot/2.1; +http://www.google.com/bot.html)"
66.249.79.237 - - [14/Jul/2025:01:46:14 +0000] "GET /?s=86293727021490&mod=5478c9cd&uri=products.php%3Fid%3D2879755-219%26name%3Dbiasi+oil+boiler HTTP/1.1" 200 18795 "-" "Mozilla/5.0 (compatible; Googlebot/2.1; +http://www.google.com/bot.html)"
66.249.79.237 - - [14/Jul/2025:01:46:14 +0000] "GET /?s=14584042041490&mod=61d77652&uri=brands.php%3Fid%3D486911-24%26name%3Dthe+early+bicycle HTTP/1.1" 200 18789 "-" "Mozilla/5.0 (compatible; Googlebot/2.1; +http://www.google.com/bot.html)"
66.249.79.237 - - [14/Jul/2025:01:46:15 +0000] "GET /?s=14584942041490&mod=61d77652&uri=search.php%3Fid%3D486941-24%26name%3Dthule+roof+bike+rack+canada HTTP/1.1" 200 18798 "-" "Mozilla/5.0 (compatible; Googlebot/2.1; +http://www.google.com/bot.html)"
66.249.79.236 - - [14/Jul/2025:01:46:15 +0000] "GET /?s=78275375091490&mod=e7696fba&uri=shop.php%3Fid%3D2612137-715%26name%3Dchain+chomp+lego+set HTTP/1.1" 200 18798 "-" "Mozilla/5.0 (compatible; Googlebot/2.1; +http://www.google.com/bot.html)"
66.249.79.236 - - [14/Jul/2025:01:46:15 +0000] "GET /?s=47282129001490&mod=e24a7e4c&uri=search.php%3Fid%3D1577920-310%26name%3Dgraphics+card+8gb+ddr5 HTTP/1.1" 200 18798 "-" "Mozilla/5.0 (Linux; Android 6.0.1; Nexus 5X Build/MMB29P) AppleWebKit/537.36 (KHTML, like Gecko) Chrome/137.0.7151.103 Mobile Safari/537.36 (compatible; Googlebot/2.1; +http://www.google.com/bot.html)"
66.249.79.237 - - [14/Jul/2025:01:46:15 +0000] "GET /?s=103995747051490&mod=303ac217&uri=form.php%3Fid%3D3470615-1636%26name%3Dsequin+top+size+20 HTTP/1.1" 200 18797 "-" "Mozilla/5.0 (Linux; Android 6.0.1; Nexus 5X Build/MMB29P) AppleWebKit/537.36 (KHTML, like Gecko) Chrome/137.0.7151.103 Mobile Safari/537.36 (compatible; Googlebot/2.1; +http://www.google.com/bot.html)"
66.249.79.237 - - [14/Jul/2025:01:46:16 +0000] "GET /?s=14580742041490&mod=b21f9f98&uri=info.php%3Fid%3D486801-25%26name%3Dswitch+new+game+2020 HTTP/1.1" 200 18797 "-" "Mozilla/5.0 (compatible; Googlebot/2.1; +http://www.google.com/bot.html)"
66.249.79.236 - - [14/Jul/2025:01:46:16 +0000] "GET /?s=30494821131490&mod=74a40ee9&uri=products.php%3Fid%3D1017819-987%26name%3Dklaus+martens+wikipedia HTTP/1.1" 200 18803 "-" "Mozilla/5.0 (compatible; Googlebot/2.1; +http://www.google.com/bot.html)"
66.249.79.236 - - [14/Jul/2025:01:46:16 +0000] "GET /pcmypage?callback=/product%2Fdetail%2F14587942142490 HTTP/1.1" 200 18573 "-" "Mozilla/5.0 (compatible; Googlebot/2.1; +http://www.google.com/bot.html)"
66.249.79.236 - - [14/Jul/2025:01:46:16 +0000] "GET /?s=14587192041490&mod=61d77652&uri=dp.php%3Fid%3D487016-24%26name%3Dthe+cowboy+electric+bike HTTP/1.1" 200 18796 "-" "Mozilla/5.0 (compatible; Googlebot/2.1; +http://www.google.com/bot.html)"
66.249.79.237 - - [14/Jul/2025:01:46:16 +0000] "GET /?s=86281618001490&mod=5478c9cd&uri=products.php%3Fid%3D2879349-219%26name%3Ddiversitech+hvac HTTP/1.1" 200 18791 "-" "Mozilla/5.0 (compatible; Googlebot/2.1; +http://www.google.com/bot.html)"
66.249.79.237 - - [14/Jul/2025:01:46:17 +0000] "GET /?s=14585092091490&mod=337cd73a&uri=product.php%3Fid%3D486946-56%26name%3Dmonogrammed+satchel HTTP/1.1" 200 18792 "-" "Mozilla/5.0 (compatible; Googlebot/2.1; +http://www.google.com/bot.html)"
66.249.79.237 - - [14/Jul/2025:01:46:17 +0000] "GET /?s=86294147061490&mod=5478c9cd&uri=goods.php%3Fid%3D2879769-219%26name%3Dhvac+humidifier+maintenance HTTP/1.1" 200 18808 "-" "Mozilla/5.0 (compatible; Googlebot/2.1; +http://www.google.com/bot.html)"
66.249.79.236 - - [14/Jul/2025:01:46:17 +0000] "GET /?s=86287868041490&mod=5478c9cd&uri=brands.php%3Fid%3D2879559-219%26name%3Dfreedom+outdoor+furnace HTTP/1.1" 200 18803 "-" "Mozilla/5.0 (compatible; Googlebot/2.1; +http://www.google.com/bot.html)"
66.249.79.236 - - [14/Jul/2025:01:46:18 +0000] "GET /?s=86283491041490&mod=5478c9cd&uri=product.php%3Fid%3D2879412-219%26name%3Dlennox+heat+recovery+ventilator HTTP/1.1" 200 18814 "-" "Mozilla/5.0 (compatible; Googlebot/2.1; +http://www.google.com/bot.html)"
66.249.79.237 - - [14/Jul/2025:01:46:18 +0000] "GET /?s=86293307081490&mod=073f456b&uri=category-info.php%3Fid%3D2879741-807%26name%3Doversized+pink+turtleneck+sweater HTTP/1.1" 200 18846 "-" "Mozilla/5.0 (compatible; Googlebot/2.1; +http://www.google.com/bot.html)"
66.249.79.237 - - [14/Jul/2025:01:46:18 +0000] "POST /get-message-notify HTTP/1.1" 404 6256 "https://gardenify.com.au/?s=55495396031490&mod=45c04c3c&uri=shop.php%3Fid%3D1851920-444%26name%3Dlong+outdoor+cushion" "Mozilla/5.0 (Linux; Android 6.0.1; Nexus 5X Build/MMB29P) AppleWebKit/537.36 (KHTML, like Gecko) Chrome/137.0.7151.119 Mobile Safari/537.36 (compatible; Googlebot/2.1; +http://www.google.com/bot.html)"
66.249.79.236 - - [14/Jul/2025:01:46:19 +0000] "GET /?s=14582242041490&mod=337cd73a&uri=goods.php%3Fid%3D486851-56%26name%3Dralph+lauren+mini+round+leather+satchel HTTP/1.1" 200 18827 "-" "Mozilla/5.0 (compatible; Googlebot/2.1; +http://www.google.com/bot.html)"
66.249.79.236 - - [14/Jul/2025:01:46:19 +0000] "GET /?s=86289737091490&mod=073f456b&uri=brands.php%3Fid%3D2879622-807%26name%3Dchampion+reverse+weave+crew+navy HTTP/1.1" 200 18821 "-" "Mozilla/5.0 (compatible; Googlebot/2.1; +http://www.google.com/bot.html)"
66.249.79.237 - - [14/Jul/2025:01:46:19 +0000] "POST /get-message-notify HTTP/1.1" 404 6256 "https://gardenify.com.au/?s=114233837091490&mod=719ea6b8&uri=search.php%3Fid%3D3812408-1522%26name%3Drobe+forme+princesse+longue" "Mozilla/5.0 (Linux; Android 6.0.1; Nexus 5X Build/MMB29P) AppleWebKit/537.36 (KHTML, like Gecko) Chrome/137.0.7151.119 Mobile Safari/537.36 (compatible; Googlebot/2.1; +http://www.google.com/bot.html)"
66.249.79.237 - - [14/Jul/2025:01:46:20 +0000] "GET /?s=37245478041490&mod=49c0fa7f&uri=info.php%3Fid%3D1243097-36%26name%3Dwomen+western+wear+online HTTP/1.1" 200 18799 "-" "Mozilla/5.0 (Linux; Android 6.0.1; Nexus 5X Build/MMB29P) AppleWebKit/537.36 (KHTML, like Gecko) Chrome/137.0.7151.103 Mobile Safari/537.36 (compatible; Googlebot/2.1; +http://www.google.com/bot.html)"
66.249.79.236 - - [14/Jul/2025:01:46:20 +0000] "GET /?s=2828030081490&mod=8afff222&uri=products.php%3Fid%3D94401-178%26name%3Dveste+ski+etirel HTTP/1.1" 200 18790 "-" "Mozilla/5.0 (Linux; Android 6.0.1; Nexus 5X Build/MMB29P) AppleWebKit/537.36 (KHTML, like Gecko) Chrome/137.0.7151.103 Mobile Safari/537.36 (compatible; Googlebot/2.1; +http://www.google.com/bot.html)"
66.249.79.237 - - [14/Jul/2025:01:46:20 +0000] "GET /?s=86220158031490&mod=716e0a03&uri=shared.php%3Fid%3D2877296-1375%26name%3Dshimano+rs61+wheelset HTTP/1.1" 200 18802 "-" "Mozilla/5.0 (compatible; Googlebot/2.1; +http://www.google.com/bot.html)"
66.249.79.236 - - [14/Jul/2025:01:46:20 +0000] "GET /?s=86182552051490&mod=7c2c48a3&uri=dp.php%3Fid%3D2876042-96%26name%3Dsell+my+rotary+watch HTTP/1.1" 200 18795 "-" "Mozilla/5.0 (compatible; Googlebot/2.1; +http://www.google.com/bot.html)"
66.249.79.236 - - [14/Jul/2025:01:46:20 +0000] "POST /get-message-notify HTTP/1.1" 404 6256 "https://gardenify.com.au/?s=50734329051490&mod=cbd50311&uri=us.php%3Fid%3D1693089-857%26name%3Dhandbags+for+ladies+snapdeal" "Mozilla/5.0 (Linux; Android 6.0.1; Nexus 5X Build/MMB29P) AppleWebKit/537.36 (KHTML, like Gecko) Chrome/137.0.7151.119 Mobile Safari/537.36 (compatible; Googlebot/2.1; +http://www.google.com/bot.html)"
66.249.79.237 - - [14/Jul/2025:01:46:20 +0000] "GET /?s=85083808041490&mod=2fa8af07&uri=dp.php%3Fid%3D2839391-118%26name%3Dcalzado+minimalista+running HTTP/1.1" 200 18802 "-" "Mozilla/5.0 (Linux; Android 6.0.1; Nexus 5X Build/MMB29P) AppleWebKit/537.36 (KHTML, like Gecko) Chrome/137.0.7151.103 Mobile Safari/537.36 (compatible; Googlebot/2.1; +http://www.google.com/bot.html)"
66.249.79.236 - - [14/Jul/2025:01:46:21 +0000] "GET /?s=14549782021490&mod=cdbe7ddc&uri=us.php%3Fid%3D485769-387%26name%3Dplank+core+trainer HTTP/1.1" 200 18784 "-" "Mozilla/5.0 (compatible; Googlebot/2.1; +http://www.google.com/bot.html)"
66.249.79.237 - - [14/Jul/2025:01:46:21 +0000] "GET /?s=14583742061490&mod=b21f9f98&uri=info.php%3Fid%3D486901-25%26name%3Dconnecting+switch HTTP/1.1" 200 18784 "-" "Mozilla/5.0 (compatible; Googlebot/2.1; +http://www.google.com/bot.html)"
66.249.79.237 - - [14/Jul/2025:01:46:21 +0000] "GET /?s=14586292091490&mod=b21f9f98&uri=us.php%3Fid%3D486986-25%26name%3Dnintendo+switch+mario+kart+controllers HTTP/1.1" 200 18806 "-" "Mozilla/5.0 (compatible; Googlebot/2.1; +http://www.google.com/bot.html)"
66.249.79.237 - - [14/Jul/2025:01:46:21 +0000] "GET /?s=86280792081490&mod=5478c9cd&uri=itm.php%3Fid%3D2879321-219%26name%3Dmiller+mobile+home+furnace HTTP/1.1" 200 18805 "-" "Mozilla/5.0 (compatible; Googlebot/2.1; +http://www.google.com/bot.html)"
66.249.79.237 - - [14/Jul/2025:01:46:21 +0000] "POST /get-message-notify HTTP/1.1" 404 6256 "https://gardenify.com.au/?s=103995747051490&mod=303ac217&uri=form.php%3Fid%3D3470615-1636%26name%3Dsequin+top+size+20" "Mozilla/5.0 (Linux; Android 6.0.1; Nexus 5X Build/MMB29P) AppleWebKit/537.36 (KHTML, like Gecko) Chrome/137.0.7151.119 Mobile Safari/537.36 (compatible; Googlebot/2.1; +http://www.google.com/bot.html)"
66.249.79.238 - - [14/Jul/2025:01:46:22 +0000] "GET /?s=86283295021490&mod=5478c9cd&uri=shared.php%3Fid%3D2879405-219%26name%3Dmvhr+ventilation HTTP/1.1" 200 18784 "-" "Mozilla/5.0 (compatible; Googlebot/2.1; +http://www.google.com/bot.html)"
66.249.79.238 - - [14/Jul/2025:01:46:22 +0000] "GET /?s=14581492031490&mod=61d77652&uri=category-info.php%3Fid%3D486826-24%26name%3Dthomson+elite+layback HTTP/1.1" 200 18820 "-" "Mozilla/5.0 (compatible; Googlebot/2.1; +http://www.google.com/bot.html)"
66.249.79.237 - - [14/Jul/2025:01:46:22 +0000] "GET /?s=14577292041490&mod=61d77652&uri=search.php%3Fid%3D486686-24%26name%3Dthule+tow+bar+bike+carrier HTTP/1.1" 200 18797 "-" "Mozilla/5.0 (compatible; Googlebot/2.1; +http://www.google.com/bot.html)"
66.249.79.237 - - [14/Jul/2025:01:46:22 +0000] "GET /?s=86281828011490&mod=5478c9cd&uri=news.php%3Fid%3D2879356-219%26name%3Dworcester+boiler+flue+installation HTTP/1.1" 200 18811 "-" "Mozilla/5.0 (compatible; Googlebot/2.1; +http://www.google.com/bot.html)"
66.249.79.237 - - [14/Jul/2025:01:46:22 +0000] "GET /?s=86284331051490&mod=5478c9cd&uri=form.php%3Fid%3D2879440-219%26name%3D4twr6 HTTP/1.1" 200 18773 "-" "Mozilla/5.0 (compatible; Googlebot/2.1; +http://www.google.com/bot.html)"
66.249.79.237 - - [14/Jul/2025:01:46:22 +0000] "POST /get-message-notify HTTP/1.1" 404 6250 "https://gardenify.com.au/?s=14585092091490&mod=337cd73a&uri=product.php%3Fid%3D486946-56%26name%3Dmonogrammed+satchel" "Mozilla/5.0 AppleWebKit/537.36 (KHTML, like Gecko; compatible; Googlebot/2.1; +http://www.google.com/bot.html) Chrome/137.0.7151.119 Safari/537.36"
66.249.79.238 - - [14/Jul/2025:01:46:23 +0000] "GET /?s=35566144001490&mod=6dae90f1&uri=form.php%3Fid%3D1187061-806%26name%3Dmens+guess+jeans+canada HTTP/1.1" 200 18802 "-" "Mozilla/5.0 (compatible; Googlebot/2.1; +http://www.google.com/bot.html)"
66.249.79.236 - - [14/Jul/2025:01:46:23 +0000] "GET /?s=86281422091490&mod=5478c9cd&uri=info.php%3Fid%3D2879342-219%26name%3Dtrane+12000+btu+ptac HTTP/1.1" 200 18796 "-" "Mozilla/5.0 (compatible; Googlebot/2.1; +http://www.google.com/bot.html)"
66.249.79.237 - - [14/Jul/2025:01:46:23 +0000] "GET /?s=86195092031490&mod=7c2c48a3&uri=pin.php%3Fid%3D2876460-96%26name%3Dmost+selling+apple+watch+color HTTP/1.1" 200 18809 "-" "Mozilla/5.0 (compatible; Googlebot/2.1; +http://www.google.com/bot.html)"
66.249.79.236 - - [14/Jul/2025:01:46:23 +0000] "GET /?s=14581342041490&mod=61d77652&uri=us.php%3Fid%3D486821-24%26name%3Dtrek+2020+checkpoint+alr HTTP/1.1" 200 18791 "-" "Mozilla/5.0 (compatible; Googlebot/2.1; +http://www.google.com/bot.html)"
66.249.79.236 - - [14/Jul/2025:01:46:24 +0000] "POST /get-message-notify HTTP/1.1" 404 6256 "https://gardenify.com.au/?s=100865319011490&mod=f2225c45&uri=us.php%3Fid%3D3366148-1258%26name%3Dherschel+mid+nova+backpack" "Mozilla/5.0 (Linux; Android 6.0.1; Nexus 5X Build/MMB29P) AppleWebKit/537.36 (KHTML, like Gecko) Chrome/137.0.7151.119 Mobile Safari/537.36 (compatible; Googlebot/2.1; +http://www.google.com/bot.html)"
66.249.79.236 - - [14/Jul/2025:01:46:24 +0000] "GET /pcmypage?callback=/product%2Fdetail%2F86295407032490 HTTP/1.1" 200 18573 "-" "Mozilla/5.0 (compatible; Googlebot/2.1; +http://www.google.com/bot.html)"
66.249.79.237 - - [14/Jul/2025:01:46:24 +0000] "GET /?s=86294777031490&mod=073f456b&uri=info.php%3Fid%3D2879790-807%26name%3Dred+waffle+knit+sweater HTTP/1.1" 200 18803 "-" "Mozilla/5.0 (compatible; Googlebot/2.1; +http://www.google.com/bot.html)"
66.249.79.238 - - [14/Jul/2025:01:46:24 +0000] "GET /?s=14582692031490&mod=b21f9f98&uri=article.php%3Fid%3D486866-25%26name%3Dwhen+is+animal+crossing+coming+out+for+switch HTTP/1.1" 200 18838 "-" "Mozilla/5.0 (compatible; Googlebot/2.1; +http://www.google.com/bot.html)"
66.249.79.237 - - [14/Jul/2025:01:46:24 +0000] "GET /?s=14588242041490&mod=b21f9f98&uri=itm.php%3Fid%3D487051-25%26name%3Dwhen+are+the+nintendo+switches+coming+back+in+stock HTTP/1.1" 200 18840 "-" "Mozilla/5.0 (compatible; Googlebot/2.1; +http://www.google.com/bot.html)"
66.249.79.237 - - [14/Jul/2025:01:46:25 +0000] "GET /?s=14498338091490&mod=70d824bf&uri=brands.php%3Fid%3D484050-616%26name%3Dmacy%27s+puffer+vest HTTP/1.1" 200 18797 "-" "Mozilla/5.0 (compatible; Googlebot/2.1; +http://www.google.com/bot.html)"
66.249.79.237 - - [14/Jul/2025:01:46:25 +0000] "GET /?s=14583292091490&mod=337cd73a&uri=shared.php%3Fid%3D486886-56%26name%3Dfossil+black+satchel+bag HTTP/1.1" 200 18796 "-" "Mozilla/5.0 (compatible; Googlebot/2.1; +http://www.google.com/bot.html)"
66.249.79.236 - - [14/Jul/2025:01:46:25 +0000] "GET /?s=86170072031490&mod=e6d32d8f&uri=shop.php%3Fid%3D2875626-1202%26name%3Dstaud+langdon+dress HTTP/1.1" 200 18795 "-" "Mozilla/5.0 (compatible; Googlebot/2.1; +http://www.google.com/bot.html)"
66.249.79.237 - - [14/Jul/2025:01:46:25 +0000] "POST /get-message-notify HTTP/1.1" 404 6256 "https://gardenify.com.au/?s=9155511011490&mod=2bc9dde1&uri=product.php%3Fid%3D305700-473%26name%3Dfear+of+god+nike" "Mozilla/5.0 (Linux; Android 6.0.1; Nexus 5X Build/MMB29P) AppleWebKit/537.36 (KHTML, like Gecko) Chrome/137.0.7151.119 Mobile Safari/537.36 (compatible; Googlebot/2.1; +http://www.google.com/bot.html)"
66.249.79.236 - - [14/Jul/2025:01:46:25 +0000] "GET /?s=14526862031490&mod=cdbe7ddc&uri=shared.php%3Fid%3D485005-387%26name%3Dleg+swings HTTP/1.1" 200 18780 "-" "Mozilla/5.0 (compatible; Googlebot/2.1; +http://www.google.com/bot.html)"
66.249.79.224 - - [14/Jul/2025:01:46:25 +0000] "GET /?s=14579842041490&mod=b21f9f98&uri=search.php%3Fid%3D486771-25%26name%3Ddoes+animal+crossing+need+nintendo+online HTTP/1.1" 200 18819 "-" "Mozilla/5.0 (compatible; Googlebot/2.1; +http://www.google.com/bot.html)"
66.249.79.236 - - [14/Jul/2025:01:46:26 +0000] "GET /?s=86292677071490&mod=073f456b&uri=pin.php%3Fid%3D2879720-807%26name%3Dwomens+oversized+black+sweater HTTP/1.1" 200 18806 "-" "Mozilla/5.0 (compatible; Googlebot/2.1; +http://www.google.com/bot.html)"
66.249.79.224 - - [14/Jul/2025:01:46:29 +0000] "POST /get-message-notify HTTP/1.1" 404 6256 "https://gardenify.com.au/?s=85083808041490&mod=2fa8af07&uri=dp.php%3Fid%3D2839391-118%26name%3Dcalzado+minimalista+running" "Mozilla/5.0 (Linux; Android 6.0.1; Nexus 5X Build/MMB29P) AppleWebKit/537.36 (KHTML, like Gecko) Chrome/137.0.7151.119 Mobile Safari/537.36 (compatible; Googlebot/2.1; +http://www.google.com/bot.html)"
66.249.79.224 - - [14/Jul/2025:01:46:30 +0000] "GET /?s=109176334141490&mod=4e8f4e41&uri=search.php%3Fid%3D3643559-518%26name%3Dniner+air+slx HTTP/1.1" 200 18785 "-" "Mozilla/5.0 (Linux; Android 6.0.1; Nexus 5X Build/MMB29P) AppleWebKit/537.36 (KHTML, like Gecko) Chrome/137.0.7151.103 Mobile Safari/537.36 (compatible; GoogleOther)"
66.249.79.224 - - [14/Jul/2025:01:46:31 +0000] "POST /get-message-notify HTTP/1.1" 404 6256 "https://gardenify.com.au/?s=37245478041490&mod=49c0fa7f&uri=info.php%3Fid%3D1243097-36%26name%3Dwomen+western+wear+online" "Mozilla/5.0 (Linux; Android 6.0.1; Nexus 5X Build/MMB29P) AppleWebKit/537.36 (KHTML, like Gecko) Chrome/137.0.7151.119 Mobile Safari/537.36 (compatible; Googlebot/2.1; +http://www.google.com/bot.html)"
66.249.79.224 - - [14/Jul/2025:01:46:40 +0000] "POST /get-message-notify HTTP/1.1" 404 6256 "https://gardenify.com.au/?s=78091153011490&mod=64724694&uri=shop.php%3Fid%3D2605991-933%26name%3Dflocage+polo" "Mozilla/5.0 (Linux; Android 6.0.1; Nexus 5X Build/MMB29P) AppleWebKit/537.36 (KHTML, like Gecko) Chrome/137.0.7151.119 Mobile Safari/537.36 (compatible; Googlebot/2.1; +http://www.google.com/bot.html)"
66.249.79.236 - - [14/Jul/2025:01:46:41 +0000] "POST /get-message-notify HTTP/1.1" 404 6256 "https://gardenify.com.au/?s=109176334141490&mod=4e8f4e41&uri=search.php%3Fid%3D3643559-518%26name%3Dniner+air+slx" "Mozilla/5.0 (Linux; Android 6.0.1; Nexus 5X Build/MMB29P) AppleWebKit/537.36 (KHTML, like Gecko) Chrome/137.0.7151.119 Mobile Safari/537.36 (compatible; Googlebot/2.1; +http://www.google.com/bot.html)"
66.249.79.236 - - [14/Jul/2025:01:46:59 +0000] "GET /?s=72766130021490&mod=69f79848&uri=itm.php%3Fid%3D2428283-1291%26name%3Dpintura+para+pintar+tenis+nike HTTP/1.1" 200 18813 "-" "Mozilla/5.0 (Linux; Android 6.0.1; Nexus 5X Build/MMB29P) AppleWebKit/537.36 (KHTML, like Gecko) Chrome/137.0.7151.103 Mobile Safari/537.36 (compatible; GoogleOther)"
209.74.77.214 - - [14/Jul/2025:01:47:22 +0000] "POST /wp-cron.php?doing_wp_cron=1752457642.7289700508117675781250 HTTP/1.1" 200 - "-" "WordPress/6.8.1; https://gardenify.com.au"
66.249.79.236 - - [14/Jul/2025:01:47:22 +0000] "GET /text/terms HTTP/1.1" 404 11747 "-" "Mozilla/5.0 (Linux; Android 6.0.1; Nexus 5X Build/MMB29P) AppleWebKit/537.36 (KHTML, like Gecko) Chrome/137.0.7151.103 Mobile Safari/537.36 (compatible; GoogleOther)"
209.74.77.214 - - [14/Jul/2025:01:47:22 +0000] "POST /wp-admin/admin-ajax.php?action=async_litespeed&nonce=Tq3Bu9w2qFg6IriP8iMw2BhPKscf3NsH&litespeed_type=imgoptm HTTP/1.1" 200 21 "-" "WordPress/6.8.1; https://gardenify.com.au"
66.249.79.236 - - [14/Jul/2025:01:47:28 +0000] "GET /?s=1827102041490&mod=8d12cf40&uri=pin.php%3Fid%3D60987-110%26name%3Dt+shirt+levis+style HTTP/1.1" 200 18785 "-" "Mozilla/5.0 (Linux; Android 6.0.1; Nexus 5X Build/MMB29P) AppleWebKit/537.36 (KHTML, like Gecko) Chrome/137.0.7151.103 Mobile Safari/537.36 (compatible; GoogleOther)"
209.74.77.214 - - [14/Jul/2025:01:47:57 +0000] "POST /wp-cron.php?doing_wp_cron=1752457677.0263209342956542968750 HTTP/1.1" 200 - "-" "WordPress/6.8.1; https://gardenify.com.au"
66.249.79.236 - - [14/Jul/2025:01:47:56 +0000] "POST /get-message-notify HTTP/1.1" 404 6250 "https://gardenify.com.au/?s=78278375041490&mod=e7696fba&uri=dp.php%3Fid%3D2612237-715%26name%3Dmario+reznor+knockdown" "Mozilla/5.0 AppleWebKit/537.36 (KHTML, like Gecko; compatible; Googlebot/2.1; +http://www.google.com/bot.html) Chrome/137.0.7151.119 Safari/537.36"
209.74.77.214 - - [14/Jul/2025:01:47:57 +0000] "POST /wp-admin/admin-ajax.php?action=async_litespeed&nonce=FmC58N9vZIHTOFKh7tsoY1s4vJlqrl0j&litespeed_type=imgoptm HTTP/1.1" 200 21 "-" "WordPress/6.8.1; https://gardenify.com.au"
66.249.79.236 - - [14/Jul/2025:01:47:57 +0000] "GET /?s=81508502011490&mod=4bf30dac&uri=brands.php%3Fid%3D2720085-1224%26name%3Dpre+owned+rings HTTP/1.1" 200 18794 "-" "Mozilla/5.0 (Linux; Android 6.0.1; Nexus 5X Build/MMB29P) AppleWebKit/537.36 (KHTML, like Gecko) Chrome/137.0.7151.103 Mobile Safari/537.36 (compatible; GoogleOther)"
66.249.79.236 - - [14/Jul/2025:01:47:58 +0000] "GET /?s=95190243021490&mod=6a9db63a&uri=itm.php%3Fid%3D3176725-411%26name%3Dzapatillas+adidas+recicladas+precio HTTP/1.1" 200 18809 "-" "Mozilla/5.0 (Linux; Android 6.0.1; Nexus 5X Build/MMB29P) AppleWebKit/537.36 (KHTML, like Gecko) Chrome/137.0.7151.103 Mobile Safari/537.36 (compatible; Googlebot/2.1; +http://www.google.com/bot.html)"
66.249.79.236 - - [14/Jul/2025:01:47:58 +0000] "POST /get-message-notify HTTP/1.1" 404 6256 "https://gardenify.com.au/?s=73202915061490&mod=bac1729d&uri=info.php%3Fid%3D2442853-393%26name%3D270+blanche+pas+cher" "Mozilla/5.0 (Linux; Android 6.0.1; Nexus 5X Build/MMB29P) AppleWebKit/537.36 (KHTML, like Gecko) Chrome/137.0.7151.119 Mobile Safari/537.36 (compatible; Googlebot/2.1; +http://www.google.com/bot.html)"
66.249.79.238 - - [14/Jul/2025:01:48:16 +0000] "GET /?s=14585842041490&mod=61d77652&uri=info.php%3Fid%3D486971-24%26name%3Dthule+t2+pro+xt+australia HTTP/1.1" 200 18799 "-" "Mozilla/5.0 (compatible; Googlebot/2.1; +http://www.google.com/bot.html)"
66.249.79.238 - - [14/Jul/2025:01:48:17 +0000] "GET /?s=14586892071490&mod=61d77652&uri=search.php%3Fid%3D487006-24%26name%3Dthe+willo+mtb+race HTTP/1.1" 200 18785 "-" "Mozilla/5.0 (compatible; Googlebot/2.1; +http://www.google.com/bot.html)"
66.249.79.238 - - [14/Jul/2025:01:48:17 +0000] "GET /?s=14580592051490&mod=61d77652&uri=article.php%3Fid%3D486796-24%26name%3Dthe+best+spinning+bike+for+home HTTP/1.1" 200 18819 "-" "Mozilla/5.0 (compatible; Googlebot/2.1; +http://www.google.com/bot.html)"
66.249.79.238 - - [14/Jul/2025:01:48:17 +0000] "GET /?s=37245478041490&mod=49c0fa7f&uri=info.php%3Fid%3D1243097-36%26name%3Dwomen+western+wear+online HTTP/1.1" 200 18799 "-" "Mozilla/5.0 (Linux; Android 6.0.1; Nexus 5X Build/MMB29P) AppleWebKit/537.36 (KHTML, like Gecko) Chrome/137.0.7151.103 Mobile Safari/537.36 (compatible; Googlebot/2.1; +http://www.google.com/bot.html)"
66.249.79.237 - - [14/Jul/2025:01:48:17 +0000] "GET /?s=14515407001490&mod=b4aaa9db&uri=dp.php%3Fid%3D484623-332%26name%3Dbhojpuri+dj+bhojpuri+gana HTTP/1.1" 200 18792 "-" "Mozilla/5.0 (compatible; Googlebot/2.1; +http://www.google.com/bot.html)"
66.249.79.236 - - [14/Jul/2025:01:48:18 +0000] "GET /?s=42931602031490&mod=13a5ec89&uri=shared.php%3Fid%3D1432789-346%26name%3Dgriffey+in+96+shirt HTTP/1.1" 200 18800 "-" "Mozilla/5.0 (Linux; Android 6.0.1; Nexus 5X Build/MMB29P) AppleWebKit/537.36 (KHTML, like Gecko) Chrome/137.0.7151.103 Mobile Safari/537.36 (compatible; Googlebot/2.1; +http://www.google.com/bot.html)"
