66.249.79.237 - - [14/Jul/2025:01:34:08 +0000] "GET /?s=84398625031490&mod=4fdabf3e&uri=dp.php%3Fid%3D2816527-298%26name%3Dbifold+closet+door+child+lock HTTP/1.1" 200 18802 "-" "Mozilla/5.0 (Linux; Android 6.0.1; Nexus 5X Build/MMB29P) AppleWebKit/537.36 (KHTML, like Gecko) Chrome/137.0.7151.103 Mobile Safari/537.36 (compatible; Googlebot/2.1; +http://www.google.com/bot.html)"
66.249.79.236 - - [14/Jul/2025:01:34:10 +0000] "POST /get-message-notify HTTP/1.1" 404 6256 "https://gardenify.com.au/?s=13157481011490&mod=fc326777&uri=product.php%3Fid%3D439303-593%26name%3Dblack+pants+outfit" "Mozilla/5.0 (Linux; Android 6.0.1; Nexus 5X Build/MMB29P) AppleWebKit/537.36 (KHTML, like Gecko) Chrome/137.0.7151.119 Mobile Safari/537.36 (compatible; Googlebot/2.1; +http://www.google.com/bot.html)"
66.249.79.236 - - [14/Jul/2025:01:34:44 +0000] "GET /?s=79967710051490&mod=6e502c8d&uri=dp.php%3Fid%3D2668625-753%26name%3Dscarpe+nike+dalla+cina HTTP/1.1" 200 18794 "-" "Mozilla/5.0 (Linux; Android 6.0.1; Nexus 5X Build/MMB29P) AppleWebKit/537.36 (KHTML, like Gecko) Chrome/137.0.7151.103 Mobile Safari/537.36 (compatible; Googlebot/2.1; +http://www.google.com/bot.html)"
66.249.79.236 - - [14/Jul/2025:01:34:44 +0000] "GET /?s=58838893061490&mod=3dfe2f63&uri=dp.php%3Fid%3D1963481-85%26name%3Dsandale+pour+oignon HTTP/1.1" 200 18786 "-" "Mozilla/5.0 (Linux; Android 6.0.1; Nexus 5X Build/MMB29P) AppleWebKit/537.36 (KHTML, like Gecko) Chrome/137.0.7151.103 Mobile Safari/537.36 (compatible; GoogleOther)"
66.249.79.236 - - [14/Jul/2025:01:34:57 +0000] "GET /?s=29946575111490&mod=21403c8d&uri=shop.php%3Fid%3D999532-971%26name%3Dwomens+asics+ortholite+shoes HTTP/1.1" 200 18809 "-" "Mozilla/5.0 (Linux; Android 6.0.1; Nexus 5X Build/MMB29P) AppleWebKit/537.36 (KHTML, like Gecko) Chrome/137.0.7151.103 Mobile Safari/537.36 (compatible; GoogleOther)"
66.249.79.238 - - [14/Jul/2025:01:35:20 +0000] "GET /?s=29955108021490&mod=ce427a09&uri=shared.php%3Fid%3D999817-972%26name%3Dasics+quantum+180+jd HTTP/1.1" 200 18795 "-" "Mozilla/5.0 (Linux; Android 6.0.1; Nexus 5X Build/MMB29P) AppleWebKit/537.36 (KHTML, like Gecko) Chrome/137.0.7151.103 Mobile Safari/537.36 (compatible; Googlebot/2.1; +http://www.google.com/bot.html)"
66.249.79.238 - - [14/Jul/2025:01:35:20 +0000] "GET /?s=70861757051490&mod=506b7992&uri=dp.php%3Fid%3D2364733-1430%26name%3Dnike+classic+cortez+wei%C3%83%C2%9F HTTP/1.1" 200 18825 "-" "Mozilla/5.0 (Linux; Android 6.0.1; Nexus 5X Build/MMB29P) AppleWebKit/537.36 (KHTML, like Gecko) Chrome/137.0.7151.103 Mobile Safari/537.36 (compatible; Googlebot/2.1; +http://www.google.com/bot.html)"
66.249.79.236 - - [14/Jul/2025:01:35:20 +0000] "GET /?s=17772812061490&mod=8f561e4c&uri=form.php%3Fid%3D593296-335%26name%3Dhitman+switch HTTP/1.1" 200 18783 "-" "Mozilla/5.0 (compatible; Googlebot/2.1; +http://www.google.com/bot.html)"
66.249.79.238 - - [14/Jul/2025:01:35:20 +0000] "GET /?s=82076747001490&mod=cc16c48e&uri=shared.php%3Fid%3D2739055-192%26name%3Dguess+jeans+pascal+075 HTTP/1.1" 200 18804 "-" "Mozilla/5.0 (Linux; Android 6.0.1; Nexus 5X Build/MMB29P) AppleWebKit/537.36 (KHTML, like Gecko) Chrome/137.0.7151.103 Mobile Safari/537.36 (compatible; Googlebot/2.1; +http://www.google.com/bot.html)"
66.249.79.237 - - [14/Jul/2025:01:35:20 +0000] "GET /?s=55039265051490&mod=0d78f643&uri=search.php%3Fid%3D1836706-135%26name%3Dkenzo+wintermantel HTTP/1.1" 200 18788 "-" "Mozilla/5.0 (Linux; Android 6.0.1; Nexus 5X Build/MMB29P) AppleWebKit/537.36 (KHTML, like Gecko) Chrome/137.0.7151.103 Mobile Safari/537.36 (compatible; Googlebot/2.1; +http://www.google.com/bot.html)"
66.249.79.238 - - [14/Jul/2025:01:35:20 +0000] "GET /pcmypage?callback=/product%2Fdetail%2F78293075022490 HTTP/1.1" 200 18573 "-" "Mozilla/5.0 (compatible; Googlebot/2.1; +http://www.google.com/bot.html)"
66.249.79.238 - - [14/Jul/2025:01:35:20 +0000] "GET /?s=50292493011490&mod=57e79bd2&uri=search.php%3Fid%3D1678355-1268%26name%3Dhot+tools+digital+curling+iron HTTP/1.1" 200 18808 "-" "Mozilla/5.0 (Linux; Android 6.0.1; Nexus 5X Build/MMB29P) AppleWebKit/537.36 (KHTML, like Gecko) Chrome/137.0.7151.103 Mobile Safari/537.36 (compatible; Googlebot/2.1; +http://www.google.com/bot.html)"
66.249.79.238 - - [14/Jul/2025:01:35:21 +0000] "GET /?s=78287075001490&mod=29e2f026&uri=brands.php%3Fid%3D2612527-716%26name%3Dleggins+compressione HTTP/1.1" 200 18798 "-" "Mozilla/5.0 (compatible; Googlebot/2.1; +http://www.google.com/bot.html)"
66.249.79.236 - - [14/Jul/2025:01:35:21 +0000] "GET /?s=16313456011490&mod=1dfa9eb2&uri=category-info.php%3Fid%3D544611-660%26name%3Dprada+glasses+costco HTTP/1.1" 200 18827 "-" "Mozilla/5.0 (Linux; Android 6.0.1; Nexus 5X Build/MMB29P) AppleWebKit/537.36 (KHTML, like Gecko) Chrome/137.0.7151.103 Mobile Safari/537.36 (compatible; Googlebot/2.1; +http://www.google.com/bot.html)"
66.249.79.238 - - [14/Jul/2025:01:35:21 +0000] "GET /?s=30649491001490&mod=fdf645ae&uri=form.php%3Fid%3D1022977-324%26name%3Dbrussel+sprouts+recipe+roasted+parmesan HTTP/1.1" 200 18824 "-" "Mozilla/5.0 (compatible; Googlebot/2.1; +http://www.google.com/bot.html)"
66.249.79.236 - - [14/Jul/2025:01:35:21 +0000] "GET /?s=112077952041490&mod=65d39375&uri=products.php%3Fid%3D3740412-1672%26name%3Dadidas+ultra+boost+long+run HTTP/1.1" 200 18820 "-" "Mozilla/5.0 (Linux; Android 6.0.1; Nexus 5X Build/MMB29P) AppleWebKit/537.36 (KHTML, like Gecko) Chrome/137.0.7151.103 Mobile Safari/537.36 (compatible; Googlebot/2.1; +http://www.google.com/bot.html)"
66.249.79.236 - - [14/Jul/2025:01:35:22 +0000] "GET /?s=30638424051490&mod=fdf645ae&uri=pin.php%3Fid%3D1022608-324%26name%3Droast+chicken+and+rosemary HTTP/1.1" 200 18806 "-" "Mozilla/5.0 (compatible; Googlebot/2.1; +http://www.google.com/bot.html)"
66.249.79.238 - - [14/Jul/2025:01:35:22 +0000] "GET /?s=44191281071490&mod=5dda0632&uri=info.php%3Fid%3D1474804-959%26name%3Dbuy+nike+magista+opus HTTP/1.1" 200 18798 "-" "Mozilla/5.0 (Linux; Android 6.0.1; Nexus 5X Build/MMB29P) AppleWebKit/537.36 (KHTML, like Gecko) Chrome/137.0.7151.103 Mobile Safari/537.36 (compatible; Googlebot/2.1; +http://www.google.com/bot.html)"
66.249.79.238 - - [14/Jul/2025:01:35:22 +0000] "GET /?s=38651652001490&mod=163e6dcb&uri=products.php%3Fid%3D1290002-1127%26name%3Dralph+lauren+black+trench+coat HTTP/1.1" 200 18814 "-" "Mozilla/5.0 (Linux; Android 6.0.1; Nexus 5X Build/MMB29P) AppleWebKit/537.36 (KHTML, like Gecko) Chrome/137.0.7151.103 Mobile Safari/537.36 (compatible; Googlebot/2.1; +http://www.google.com/bot.html)"
66.249.79.238 - - [14/Jul/2025:01:35:23 +0000] "GET /?s=72054909041490&mod=57bf96ee&uri=pin.php%3Fid%3D2404539-1440%26name%3Dpuma+slippers+in+nigeria HTTP/1.1" 200 18805 "-" "Mozilla/5.0 (Linux; Android 6.0.1; Nexus 5X Build/MMB29P) AppleWebKit/537.36 (KHTML, like Gecko) Chrome/137.0.7151.103 Mobile Safari/537.36 (compatible; Googlebot/2.1; +http://www.google.com/bot.html)"
66.249.79.236 - - [14/Jul/2025:01:35:23 +0000] "GET /?s=17785052091490&mod=2e0a7919&uri=itm.php%3Fid%3D593704-143%26name%3Dus+men%27s+shoe+size+in+inches HTTP/1.1" 200 18811 "-" "Mozilla/5.0 (compatible; Googlebot/2.1; +http://www.google.com/bot.html)"
66.249.79.236 - - [14/Jul/2025:01:35:23 +0000] "GET /?s=30650841051490&mod=fdf645ae&uri=brands.php%3Fid%3D1023022-324%26name%3Dau+jus+recipe+easy HTTP/1.1" 200 18798 "-" "Mozilla/5.0 (compatible; Googlebot/2.1; +http://www.google.com/bot.html)"
66.249.79.237 - - [14/Jul/2025:01:35:24 +0000] "GET /?s=35563866021490&mod=6dae90f1&uri=us.php%3Fid%3D1186985-806%26name%3Dnearest+canada+goose+store+to+me HTTP/1.1" 200 18812 "-" "Mozilla/5.0 (compatible; Googlebot/2.1; +http://www.google.com/bot.html)"
209.74.77.214 - - [14/Jul/2025:01:35:24 +0000] "POST /wp-cron.php?doing_wp_cron=1752456924.5627830028533935546875 HTTP/1.1" 200 - "-" "WordPress/6.8.1; https://gardenify.com.au"
66.249.79.236 - - [14/Jul/2025:01:35:24 +0000] "GET /?s=97889559031490&mod=6b158655&uri=products.php%3Fid%3D3266827-1364%26name%3Dpuma+sneakers+prices+in+south+africa HTTP/1.1" 200 18824 "-" "Mozilla/5.0 (Linux; Android 6.0.1; Nexus 5X Build/MMB29P) AppleWebKit/537.36 (KHTML, like Gecko) Chrome/137.0.7151.103 Mobile Safari/537.36 (compatible; Googlebot/2.1; +http://www.google.com/bot.html)"
66.249.79.238 - - [14/Jul/2025:01:35:23 +0000] "POST /get-message-notify HTTP/1.1" 404 6256 "https://gardenify.com.au/?s=103460434061490&mod=fce12421&uri=blog.php%3Fid%3D3452765-901%26name%3Dblack+jersey+pencil+skirt+uk" "Mozilla/5.0 (Linux; Android 6.0.1; Nexus 5X Build/MMB29P) AppleWebKit/537.36 (KHTML, like Gecko) Chrome/137.0.7151.119 Mobile Safari/537.36 (compatible; Googlebot/2.1; +http://www.google.com/bot.html)"
209.74.77.214 - - [14/Jul/2025:01:35:24 +0000] "POST /wp-admin/admin-ajax.php?action=async_litespeed&nonce=c4yasaadfuJke37b8E1htaOHEOThoAsh&litespeed_type=imgoptm HTTP/1.1" 200 21 "-" "WordPress/6.8.1; https://gardenify.com.au"
66.249.79.236 - - [14/Jul/2025:01:35:24 +0000] "GET /?s=17774072031490&mod=8f561e4c&uri=product.php%3Fid%3D593338-335%26name%3Dcurse+of+the+moon+switch+physical HTTP/1.1" 200 18823 "-" "Mozilla/5.0 (compatible; Googlebot/2.1; +http://www.google.com/bot.html)"
66.249.79.237 - - [14/Jul/2025:01:35:24 +0000] "GET /?s=17774252091490&mod=8f561e4c&uri=form.php%3Fid%3D593344-335%26name%3Dsocket+wrench+power+drill HTTP/1.1" 200 18804 "-" "Mozilla/5.0 (compatible; Googlebot/2.1; +http://www.google.com/bot.html)"
66.249.79.236 - - [14/Jul/2025:01:35:25 +0000] "GET /?s=35566504001490&mod=6dae90f1&uri=search.php%3Fid%3D1187073-806%26name%3Dhelly+hansen+men%27s+lifa+crew HTTP/1.1" 200 18813 "-" "Mozilla/5.0 (compatible; Googlebot/2.1; +http://www.google.com/bot.html)"
66.249.79.237 - - [14/Jul/2025:01:35:25 +0000] "GET /?s=119447732041490&mod=af8e3c34&uri=shop.php%3Fid%3D3986337-321%26name%3Dmy+puppy%27s+breath+smells+like+fish HTTP/1.1" 200 18828 "-" "Mozilla/5.0 (compatible; Googlebot/2.1; +http://www.google.com/bot.html)"
66.249.79.237 - - [14/Jul/2025:01:35:25 +0000] "GET /?s=30647604011490&mod=fdf645ae&uri=products.php%3Fid%3D1022914-324%26name%3Dwhole+baked+fish+jamie+oliver HTTP/1.1" 200 18818 "-" "Mozilla/5.0 (compatible; Googlebot/2.1; +http://www.google.com/bot.html)"
66.249.79.237 - - [14/Jul/2025:01:35:25 +0000] "POST /get-message-notify HTTP/1.1" 404 6256 "https://gardenify.com.au/?s=53318194071490&mod=15c05830&uri=products.php%3Fid%3D1779272-559%26name%3Dathelia+cardigan" "Mozilla/5.0 (Linux; Android 6.0.1; Nexus 5X Build/MMB29P) AppleWebKit/537.36 (KHTML, like Gecko) Chrome/137.0.7151.119 Mobile Safari/537.36 (compatible; Googlebot/2.1; +http://www.google.com/bot.html)"
66.249.79.237 - - [14/Jul/2025:01:35:26 +0000] "GET /?s=30636534041490&mod=fdf645ae&uri=news.php%3Fid%3D1022545-324%26name%3Dsauteed+asparagus+and+brussel+sprouts HTTP/1.1" 200 18822 "-" "Mozilla/5.0 (compatible; Googlebot/2.1; +http://www.google.com/bot.html)"
66.249.79.237 - - [14/Jul/2025:01:35:26 +0000] "GET /?s=30635724021490&mod=fdf645ae&uri=dp.php%3Fid%3D1022518-324%26name%3Ddutch+oven+pot+roast+with+potatoes+and+carrots HTTP/1.1" 200 18831 "-" "Mozilla/5.0 (compatible; Googlebot/2.1; +http://www.google.com/bot.html)"
66.249.79.236 - - [14/Jul/2025:01:35:26 +0000] "GET /?s=17782532031490&mod=aeef2e22&uri=category-info.php%3Fid%3D593620-685%26name%3Dcoach+trainers+sale HTTP/1.1" 200 18824 "-" "Mozilla/5.0 (compatible; Googlebot/2.1; +http://www.google.com/bot.html)"
66.249.79.237 - - [14/Jul/2025:01:35:26 +0000] "GET /?s=17775512061490&mod=556a47d6&uri=product.php%3Fid%3D593386-699%26name%3Dbass+pro+shop+richmond HTTP/1.1" 200 18802 "-" "Mozilla/5.0 (compatible; Googlebot/2.1; +http://www.google.com/bot.html)"
66.249.79.237 - - [14/Jul/2025:01:35:27 +0000] "GET /?s=100235268061490&mod=5499df60&uri=product.php%3Fid%3D3345108-463%26name%3Dwindows+10+need+ram HTTP/1.1" 200 18795 "-" "Mozilla/5.0 (Linux; Android 6.0.1; Nexus 5X Build/MMB29P) AppleWebKit/537.36 (KHTML, like Gecko) Chrome/137.0.7151.103 Mobile Safari/537.36 (compatible; GoogleOther)"
66.249.79.236 - - [14/Jul/2025:01:35:27 +0000] "GET /?s=30639504051490&mod=fdf645ae&uri=search.php%3Fid%3D1022644-324%26name%3Dbrussel+sprout+recipe+healthy HTTP/1.1" 200 18810 "-" "Mozilla/5.0 (compatible; Googlebot/2.1; +http://www.google.com/bot.html)"
66.249.79.236 - - [14/Jul/2025:01:35:27 +0000] "GET /?s=78285275041490&mod=e7696fba&uri=us.php%3Fid%3D2612467-715%26name%3Dlego+poe+dameron+x+wing+2015 HTTP/1.1" 200 18810 "-" "Mozilla/5.0 (compatible; Googlebot/2.1; +http://www.google.com/bot.html)"
66.249.79.237 - - [14/Jul/2025:01:35:27 +0000] "GET /?s=78113700001490&mod=0cba172d&uri=search.php%3Fid%3D2606743-1488%26name%3Daviateur+ray+ban HTTP/1.1" 200 18788 "-" "Mozilla/5.0 (compatible; Googlebot/2.1; +http://www.google.com/bot.html)"
66.249.79.236 - - [14/Jul/2025:01:35:28 +0000] "GET /?s=78281675041490&mod=e7696fba&uri=pin.php%3Fid%3D2612347-715%26name%3Dlego+bad+batch+crosshair HTTP/1.1" 200 18803 "-" "Mozilla/5.0 (compatible; Googlebot/2.1; +http://www.google.com/bot.html)"
66.249.79.236 - - [14/Jul/2025:01:35:28 +0000] "GET /?s=17781812031490&mod=556a47d6&uri=info.php%3Fid%3D593596-699%26name%3Dbass+pro+sun+tracker HTTP/1.1" 200 18795 "-" "Mozilla/5.0 (compatible; Googlebot/2.1; +http://www.google.com/bot.html)"
66.249.79.236 - - [14/Jul/2025:01:35:28 +0000] "GET /?s=35566864001490&mod=6dae90f1&uri=goods.php%3Fid%3D1187085-806%26name%3Darcteryx+sabre+ar+hose HTTP/1.1" 200 18804 "-" "Mozilla/5.0 (compatible; Googlebot/2.1; +http://www.google.com/bot.html)"
66.249.79.238 - - [14/Jul/2025:01:35:29 +0000] "GET /?s=24469123031490&mod=2be96323&uri=info.php%3Fid%3D816704-438%26name%3Dpadel+schoenen+decathlon HTTP/1.1" 200 18802 "-" "Mozilla/5.0 (compatible; Googlebot/2.1; +http://www.google.com/bot.html)"
66.249.79.237 - - [14/Jul/2025:01:35:29 +0000] "GET /?s=35531586061490&mod=206d6cf9&uri=pin.php%3Fid%3D1185909-1088%26name%3Dlittle+mistress+black+lace+dress HTTP/1.1" 200 18807 "-" "Mozilla/5.0 (compatible; Googlebot/2.1; +http://www.google.com/bot.html)"
66.249.79.237 - - [14/Jul/2025:01:35:29 +0000] "GET /?s=78288275041490&mod=29e2f026&uri=shop.php%3Fid%3D2612567-716%26name%3Dleggins+con+banda+laterale HTTP/1.1" 200 18800 "-" "Mozilla/5.0 (compatible; Googlebot/2.1; +http://www.google.com/bot.html)"
66.249.79.237 - - [14/Jul/2025:01:35:29 +0000] "GET /?s=78280475041490&mod=e7696fba&uri=article.php%3Fid%3D2612307-715%26name%3Dlego+mario+sets+new HTTP/1.1" 200 18801 "-" "Mozilla/5.0 (compatible; Googlebot/2.1; +http://www.google.com/bot.html)"
66.249.79.238 - - [14/Jul/2025:01:35:29 +0000] "GET /?s=17783972031490&mod=556a47d6&uri=search.php%3Fid%3D593668-699%26name%3Dbass+pro+shop+wisconsin HTTP/1.1" 200 18796 "-" "Mozilla/5.0 (compatible; Googlebot/2.1; +http://www.google.com/bot.html)"
66.249.79.238 - - [14/Jul/2025:01:35:30 +0000] "GET /?s=17771372031490&mod=8f561e4c&uri=form.php%3Fid%3D593248-335%26name%3Dpes+switch HTTP/1.1" 200 18778 "-" "Mozilla/5.0 (compatible; Googlebot/2.1; +http://www.google.com/bot.html)"
66.249.79.238 - - [14/Jul/2025:01:35:30 +0000] "GET /?s=30651651081490&mod=9008bcab&uri=search.php%3Fid%3D1023049-394%26name%3Dpetal+cutters+for+fondant HTTP/1.1" 200 18798 "-" "Mozilla/5.0 (compatible; Googlebot/2.1; +http://www.google.com/bot.html)"
66.249.79.238 - - [14/Jul/2025:01:35:30 +0000] "GET /?s=35564526041490&mod=6dae90f1&uri=blog.php%3Fid%3D1187007-806%26name%3Dcarhartt+corduroy+pants+black HTTP/1.1" 200 18807 "-" "Mozilla/5.0 (compatible; Googlebot/2.1; +http://www.google.com/bot.html)"
66.249.79.237 - - [14/Jul/2025:01:35:30 +0000] "GET /?s=24467953061490&mod=2be96323&uri=products.php%3Fid%3D816665-438%26name%3Dpumps+rode+zool HTTP/1.1" 200 18794 "-" "Mozilla/5.0 (compatible; Googlebot/2.1; +http://www.google.com/bot.html)"
66.249.79.237 - - [14/Jul/2025:01:35:30 +0000] "GET /?s=17772452041490&mod=8f561e4c&uri=itm.php%3Fid%3D593284-335%26name%3Dnintendo+switch+de+blob HTTP/1.1" 200 18799 "-" "Mozilla/5.0 (compatible; Googlebot/2.1; +http://www.google.com/bot.html)"
66.249.79.238 - - [14/Jul/2025:01:35:31 +0000] "POST /get-message-notify HTTP/1.1" 404 6256 "https://gardenify.com.au/?s=100235268061490&mod=5499df60&uri=product.php%3Fid%3D3345108-463%26name%3Dwindows+10+need+ram" "Mozilla/5.0 (Linux; Android 6.0.1; Nexus 5X Build/MMB29P) AppleWebKit/537.36 (KHTML, like Gecko) Chrome/137.0.7151.119 Mobile Safari/537.36 (compatible; Googlebot/2.1; +http://www.google.com/bot.html)"
66.249.79.237 - - [14/Jul/2025:01:35:31 +0000] "GET /?s=17697647021490&mod=d4bffd58&uri=itm.php%3Fid%3D590787-694%26name%3Dblack+high+heels+with+thick+heel HTTP/1.1" 200 18805 "-" "Mozilla/5.0 (compatible; Googlebot/2.1; +http://www.google.com/bot.html)"
66.249.79.236 - - [14/Jul/2025:01:35:31 +0000] "GET /?s=30647334021490&mod=fdf645ae&uri=category-info.php%3Fid%3D1022905-324%26name%3Dfestive+brussel+sprouts+recipe HTTP/1.1" 200 18844 "-" "Mozilla/5.0 (compatible; Googlebot/2.1; +http://www.google.com/bot.html)"
66.249.79.236 - - [14/Jul/2025:01:35:31 +0000] "GET /?s=17783792071490&mod=8f561e4c&uri=pin.php%3Fid%3D593662-335%26name%3Dpokeball+plus+price HTTP/1.1" 200 18789 "-" "Mozilla/5.0 (compatible; Googlebot/2.1; +http://www.google.com/bot.html)"
66.249.79.236 - - [14/Jul/2025:01:35:31 +0000] "GET /?s=78284075041490&mod=e7696fba&uri=product.php%3Fid%3D2612427-715%26name%3Dcoupling+plate+2x2+red HTTP/1.1" 200 18805 "-" "Mozilla/5.0 (compatible; Googlebot/2.1; +http://www.google.com/bot.html)"
66.249.79.237 - - [14/Jul/2025:01:35:32 +0000] "POST /get-message-notify HTTP/1.1" 404 6256 "https://gardenify.com.au/?s=29955108021490&mod=ce427a09&uri=shared.php%3Fid%3D999817-972%26name%3Dasics+quantum+180+jd" "Mozilla/5.0 (Linux; Android 6.0.1; Nexus 5X Build/MMB29P) AppleWebKit/537.36 (KHTML, like Gecko) Chrome/137.0.7151.119 Mobile Safari/537.36 (compatible; Googlebot/2.1; +http://www.google.com/bot.html)"
66.249.79.238 - - [14/Jul/2025:01:35:32 +0000] "GET /safe_search/config?return_url=%2Fproduct%2Fdetail%2F78293375040490 HTTP/1.1" 200 18589 "-" "Mozilla/5.0 (compatible; Googlebot/2.1; +http://www.google.com/bot.html)"
66.249.79.237 - - [14/Jul/2025:01:35:32 +0000] "GET /?s=17771732001490&mod=8f561e4c&uri=shop.php%3Fid%3D593260-335%26name%3Dminecraft+on+switch HTTP/1.1" 200 18792 "-" "Mozilla/5.0 (compatible; Googlebot/2.1; +http://www.google.com/bot.html)"
66.249.79.237 - - [14/Jul/2025:01:35:32 +0000] "GET /?s=78283175041490&mod=e7696fba&uri=shop.php%3Fid%3D2612397-715%26name%3Dbad+batch+havoc+marauder+lego HTTP/1.1" 200 18813 "-" "Mozilla/5.0 (compatible; Googlebot/2.1; +http://www.google.com/bot.html)"
66.249.79.238 - - [14/Jul/2025:01:35:33 +0000] "POST /get-message-notify HTTP/1.1" 404 6256 "https://gardenify.com.au/?s=70861757051490&mod=506b7992&uri=dp.php%3Fid%3D2364733-1430%26name%3Dnike+classic+cortez+wei%C3%83%C2%9F" "Mozilla/5.0 (Linux; Android 6.0.1; Nexus 5X Build/MMB29P) AppleWebKit/537.36 (KHTML, like Gecko) Chrome/137.0.7151.119 Mobile Safari/537.36 (compatible; Googlebot/2.1; +http://www.google.com/bot.html)"
66.249.79.236 - - [14/Jul/2025:01:35:33 +0000] "POST /get-message-notify HTTP/1.1" 404 6250 "https://gardenify.com.au/?s=78281675041490&mod=e7696fba&uri=pin.php%3Fid%3D2612347-715%26name%3Dlego+bad+batch+crosshair" "Mozilla/5.0 AppleWebKit/537.36 (KHTML, like Gecko; compatible; Googlebot/2.1; +http://www.google.com/bot.html) Chrome/137.0.7151.119 Safari/537.36"
66.249.79.236 - - [14/Jul/2025:01:35:34 +0000] "POST /get-message-notify HTTP/1.1" 404 6250 "https://gardenify.com.au/?s=78285275041490&mod=e7696fba&uri=us.php%3Fid%3D2612467-715%26name%3Dlego+poe+dameron+x+wing+2015" "Mozilla/5.0 AppleWebKit/537.36 (KHTML, like Gecko; compatible; Googlebot/2.1; +http://www.google.com/bot.html) Chrome/137.0.7151.119 Safari/537.36"
66.249.79.237 - - [14/Jul/2025:01:35:35 +0000] "POST /get-message-notify HTTP/1.1" 404 6250 "https://gardenify.com.au/?s=35564526041490&mod=6dae90f1&uri=blog.php%3Fid%3D1187007-806%26name%3Dcarhartt+corduroy+pants+black" "Mozilla/5.0 AppleWebKit/537.36 (KHTML, like Gecko; compatible; Googlebot/2.1; +http://www.google.com/bot.html) Chrome/137.0.7151.119 Safari/537.36"
66.249.79.236 - - [14/Jul/2025:01:35:37 +0000] "POST /get-message-notify HTTP/1.1" 404 6250 "https://gardenify.com.au/?s=17771732001490&mod=8f561e4c&uri=shop.php%3Fid%3D593260-335%26name%3Dminecraft+on+switch" "Mozilla/5.0 AppleWebKit/537.36 (KHTML, like Gecko; compatible; Googlebot/2.1; +http://www.google.com/bot.html) Chrome/137.0.7151.119 Safari/537.36"
66.249.79.237 - - [14/Jul/2025:01:35:44 +0000] "POST /get-message-notify HTTP/1.1" 404 6250 "https://gardenify.com.au/?s=78284075041490&mod=e7696fba&uri=product.php%3Fid%3D2612427-715%26name%3Dcoupling+plate+2x2+red" "Mozilla/5.0 AppleWebKit/537.36 (KHTML, like Gecko; compatible; Googlebot/2.1; +http://www.google.com/bot.html) Chrome/137.0.7151.119 Safari/537.36"
66.249.79.224 - - [14/Jul/2025:01:35:44 +0000] "POST /get-message-notify HTTP/1.1" 404 6250 "https://gardenify.com.au/?s=17783792071490&mod=8f561e4c&uri=pin.php%3Fid%3D593662-335%26name%3Dpokeball+plus+price" "Mozilla/5.0 AppleWebKit/537.36 (KHTML, like Gecko; compatible; Googlebot/2.1; +http://www.google.com/bot.html) Chrome/137.0.7151.119 Safari/537.36"
66.249.79.237 - - [14/Jul/2025:01:36:19 +0000] "GET /?s=97025245051490&mod=ad0510c1&uri=shop.php%3Fid%3D3237962-1590%26name%3Dcrocs+cyprus+v+heel+black HTTP/1.1" 200 18805 "-" "Mozilla/5.0 (Linux; Android 6.0.1; Nexus 5X Build/MMB29P) AppleWebKit/537.36 (KHTML, like Gecko) Chrome/137.0.7151.103 Mobile Safari/537.36 (compatible; GoogleOther)"
66.249.79.237 - - [14/Jul/2025:01:36:24 +0000] "GET /?s=101037181061490&mod=53ace1ff&uri=article.php%3Fid%3D3371882-640%26name%3Dgrifo+empotrado+roca HTTP/1.1" 200 18805 "-" "Mozilla/5.0 (Linux; Android 6.0.1; Nexus 5X Build/MMB29P) AppleWebKit/537.36 (KHTML, like Gecko) Chrome/137.0.7151.103 Mobile Safari/537.36 (compatible; GoogleOther)"
66.249.79.236 - - [14/Jul/2025:01:36:29 +0000] "GET /?s=36332532041490&mod=7accd692&uri=blog.php%3Fid%3D1212626-1102%26name%3Dclarks+pure+caddy HTTP/1.1" 200 18797 "-" "Mozilla/5.0 (Linux; Android 6.0.1; Nexus 5X Build/MMB29P) AppleWebKit/537.36 (KHTML, like Gecko) Chrome/137.0.7151.103 Mobile Safari/537.36 (compatible; Googlebot/2.1; +http://www.google.com/bot.html)"
209.74.77.214 - - [14/Jul/2025:01:36:31 +0000] "POST /wp-cron.php?doing_wp_cron=1752456991.5353701114654541015625 HTTP/1.1" 200 - "-" "WordPress/6.8.1; https://gardenify.com.au"
66.249.79.236 - - [14/Jul/2025:01:36:30 +0000] "POST /get-message-notify HTTP/1.1" 404 6256 "https://gardenify.com.au/?s=50292493011490&mod=57e79bd2&uri=search.php%3Fid%3D1678355-1268%26name%3Dhot+tools+digital+curling+iron" "Mozilla/5.0 (Linux; Android 6.0.1; Nexus 5X Build/MMB29P) AppleWebKit/537.36 (KHTML, like Gecko) Chrome/137.0.7151.119 Mobile Safari/537.36 (compatible; Googlebot/2.1; +http://www.google.com/bot.html)"
209.74.77.214 - - [14/Jul/2025:01:36:31 +0000] "POST /wp-admin/admin-ajax.php?action=async_litespeed&nonce=fdFcIF1kAX93YN7KuTae5AaPCPkz1Pg0&litespeed_type=imgoptm HTTP/1.1" 200 21 "-" "WordPress/6.8.1; https://gardenify.com.au"
66.249.79.236 - - [14/Jul/2025:01:36:31 +0000] "GET /?s=84245315041490&mod=3148a433&uri=product.php%3Fid%3D2811412-1529%26name%3Dbalenciaga+arena+bleu+marine HTTP/1.1" 200 18812 "-" "Mozilla/5.0 (Linux; Android 6.0.1; Nexus 5X Build/MMB29P) AppleWebKit/537.36 (KHTML, like Gecko) Chrome/137.0.7151.103 Mobile Safari/537.36 (compatible; Googlebot/2.1; +http://www.google.com/bot.html)"
66.249.79.236 - - [14/Jul/2025:01:36:33 +0000] "GET /?s=35564346001490&mod=6dae90f1&uri=info.php%3Fid%3D1187001-806%26name%3Dguessing+game+card+on+forehead HTTP/1.1" 200 18810 "-" "Mozilla/5.0 (compatible; Googlebot/2.1; +http://www.google.com/bot.html)"
66.249.79.236 - - [14/Jul/2025:01:36:54 +0000] "GET /pcmypage?callback=/product%2Fdetail%2F109055704052490 HTTP/1.1" 200 18573 "-" "Mozilla/5.0 (Linux; Android 6.0.1; Nexus 5X Build/MMB29P) AppleWebKit/537.36 (KHTML, like Gecko) Chrome/137.0.7151.103 Mobile Safari/537.36 (compatible; GoogleOther)"
209.74.77.214 - - [14/Jul/2025:01:37:12 +0000] "POST /wp-cron.php?doing_wp_cron=1752457032.7887749671936035156250 HTTP/1.1" 200 - "-" "WordPress/6.8.1; https://gardenify.com.au"
66.249.79.238 - - [14/Jul/2025:01:37:12 +0000] "POST /get-message-notify HTTP/1.1" 404 6256 "https://gardenify.com.au/?s=101037181061490&mod=53ace1ff&uri=article.php%3Fid%3D3371882-640%26name%3Dgrifo+empotrado+roca" "Mozilla/5.0 (Linux; Android 6.0.1; Nexus 5X Build/MMB29P) AppleWebKit/537.36 (KHTML, like Gecko) Chrome/137.0.7151.119 Mobile Safari/537.36 (compatible; Googlebot/2.1; +http://www.google.com/bot.html)"
209.74.77.214 - - [14/Jul/2025:01:37:12 +0000] "POST /wp-admin/admin-ajax.php?action=async_litespeed&nonce=Bh7KdlYIv8x9oGYohgq77d6MJTb9zXVv&litespeed_type=imgoptm HTTP/1.1" 200 21 "-" "WordPress/6.8.1; https://gardenify.com.au"
66.249.79.236 - - [14/Jul/2025:01:37:22 +0000] "GET /?s=40599205001490&mod=34975476&uri=article.php%3Fid%3D1354974-1151%26name%3Dparf%C3%83%C2%BCm+rossmann HTTP/1.1" 200 18819 "-" "Mozilla/5.0 (Linux; Android 6.0.1; Nexus 5X Build/MMB29P) AppleWebKit/537.36 (KHTML, like Gecko) Chrome/137.0.7151.103 Mobile Safari/537.36 (compatible; GoogleOther)"
66.249.79.237 - - [14/Jul/2025:01:37:22 +0000] "GET /?s=24496453111490&mod=c04819b0&uri=shop.php%3Fid%3D817615-171%26name%3Dcool+button+down+short+sleeve+shirts HTTP/1.1" 200 18814 "-" "Mozilla/5.0 (compatible; Googlebot/2.1; +http://www.google.com/bot.html)"
66.249.79.236 - - [14/Jul/2025:01:37:22 +0000] "GET /?s=38272813021490&mod=11584937&uri=product.php%3Fid%3D1277368-401%26name%3Dbissell+nettoyeur+de+sol+crosswave+sans+fil+2582n HTTP/1.1" 200 18852 "-" "Mozilla/5.0 (Linux; Android 6.0.1; Nexus 5X Build/MMB29P) AppleWebKit/537.36 (KHTML, like Gecko) Chrome/137.0.7151.103 Mobile Safari/537.36 (compatible; Googlebot/2.1; +http://www.google.com/bot.html)"
66.249.79.237 - - [14/Jul/2025:01:37:22 +0000] "GET /?s=17778752091490&mod=556a47d6&uri=news.php%3Fid%3D593494-699%26name%3Dbass+pro+shops+boating+outlet+center HTTP/1.1" 200 18813 "-" "Mozilla/5.0 (compatible; Googlebot/2.1; +http://www.google.com/bot.html)"
66.249.79.236 - - [14/Jul/2025:01:37:22 +0000] "GET /?s=13848775051490&mod=51401c2a&uri=us.php%3Fid%3D462357-603%26name%3Dvans+shoes+online+for+men HTTP/1.1" 200 18800 "-" "Mozilla/5.0 (Linux; Android 6.0.1; Nexus 5X Build/MMB29P) AppleWebKit/537.36 (KHTML, like Gecko) Chrome/137.0.7151.103 Mobile Safari/537.36 (compatible; Googlebot/2.1; +http://www.google.com/bot.html)"
66.249.79.236 - - [14/Jul/2025:01:37:23 +0000] "GET /?s=119629687001490&mod=bcb7c13f&uri=info.php%3Fid%3D3992409-62%26name%3Dhow+do+i+reset+my+iwatch HTTP/1.1" 200 18808 "-" "Mozilla/5.0 (compatible; Googlebot/2.1; +http://www.google.com/bot.html)"
66.249.79.236 - - [14/Jul/2025:01:37:23 +0000] "GET /?s=30640044051490&mod=fdf645ae&uri=shared.php%3Fid%3D1022662-324%26name%3Dbodum+hand+grinder HTTP/1.1" 200 18795 "-" "Mozilla/5.0 (compatible; Googlebot/2.1; +http://www.google.com/bot.html)"
66.249.79.237 - - [14/Jul/2025:01:37:23 +0000] "GET /?s=55039265051490&mod=0d78f643&uri=search.php%3Fid%3D1836706-135%26name%3Dkenzo+wintermantel HTTP/1.1" 200 18788 "-" "Mozilla/5.0 (Linux; Android 6.0.1; Nexus 5X Build/MMB29P) AppleWebKit/537.36 (KHTML, like Gecko) Chrome/137.0.7151.103 Mobile Safari/537.36 (compatible; Googlebot/2.1; +http://www.google.com/bot.html)"
66.249.79.236 - - [14/Jul/2025:01:37:23 +0000] "GET /?s=105878044061490&mod=0f6e0413&uri=goods.php%3Fid%3D3533504-210%26name%3Ddog+cuban+collar HTTP/1.1" 200 18792 "-" "Mozilla/5.0 (Linux; Android 6.0.1; Nexus 5X Build/MMB29P) AppleWebKit/537.36 (KHTML, like Gecko) Chrome/137.0.7151.103 Mobile Safari/537.36 (compatible; Googlebot/2.1; +http://www.google.com/bot.html)"
66.249.79.237 - - [14/Jul/2025:01:37:23 +0000] "GET /?s=30654050051490&mod=9008bcab&uri=product.php%3Fid%3D1023130-394%26name%3Dhow+to+cook+chicken+kabobs+on+the+stove HTTP/1.1" 200 18836 "-" "Mozilla/5.0 (compatible; Googlebot/2.1; +http://www.google.com/bot.html)"
66.249.79.237 - - [14/Jul/2025:01:37:24 +0000] "GET /?s=78291575041490&mod=e7696fba&uri=form.php%3Fid%3D2612677-715%26name%3Dnew+samurai+x+ninjago HTTP/1.1" 200 18800 "-" "Mozilla/5.0 (compatible; Googlebot/2.1; +http://www.google.com/bot.html)"
66.249.79.236 - - [14/Jul/2025:01:37:24 +0000] "GET /?s=117527782021490&mod=6e01da4e&uri=shop.php%3Fid%3D3922300-1077%26name%3Dgafas+hugo+boss+el+corte+ingles HTTP/1.1" 200 18821 "-" "Mozilla/5.0 (Linux; Android 6.0.1; Nexus 5X Build/MMB29P) AppleWebKit/537.36 (KHTML, like Gecko) Chrome/137.0.7151.103 Mobile Safari/537.36 (compatible; Googlebot/2.1; +http://www.google.com/bot.html)"
66.249.79.236 - - [14/Jul/2025:01:37:25 +0000] "GET /?s=83530225021490&mod=a41747a9&uri=us.php%3Fid%3D2787552-934%26name%3Dsoulier+nike+bleu HTTP/1.1" 200 18789 "-" "Mozilla/5.0 (Linux; Android 6.0.1; Nexus 5X Build/MMB29P) AppleWebKit/537.36 (KHTML, like Gecko) Chrome/137.0.7151.103 Mobile Safari/537.36 (compatible; Googlebot/2.1; +http://www.google.com/bot.html)"
66.249.79.237 - - [14/Jul/2025:01:37:25 +0000] "GET /?s=24467683031490&mod=2be96323&uri=us.php%3Fid%3D816656-438%26name%3Dteva+jongens+sandalen HTTP/1.1" 200 18792 "-" "Mozilla/5.0 (compatible; Googlebot/2.1; +http://www.google.com/bot.html)"
66.249.79.236 - - [14/Jul/2025:01:37:25 +0000] "GET /?s=35543106001490&mod=6dae90f1&uri=news.php%3Fid%3D1186293-806%26name%3Dguess+the+due+date+calendar+online HTTP/1.1" 200 18811 "-" "Mozilla/5.0 (compatible; Googlebot/2.1; +http://www.google.com/bot.html)"
66.249.79.236 - - [14/Jul/2025:01:37:26 +0000] "GET /?s=17772992071490&mod=556a47d6&uri=goods.php%3Fid%3D593302-699%26name%3Doutboard+motors+for+sale+at+bass+pro+shop HTTP/1.1" 200 18829 "-" "Mozilla/5.0 (compatible; Googlebot/2.1; +http://www.google.com/bot.html)"
66.249.79.236 - - [14/Jul/2025:01:37:26 +0000] "GET /?s=17774432051490&mod=556a47d6&uri=dp.php%3Fid%3D593350-699%26name%3Dbass+pro+maine HTTP/1.1" 200 18780 "-" "Mozilla/5.0 (compatible; Googlebot/2.1; +http://www.google.com/bot.html)"
66.249.79.236 - - [14/Jul/2025:01:37:26 +0000] "GET /?s=35600789051490&mod=a56fd138&uri=products.php%3Fid%3D1188218-112%26name%3Dcartera+mont+blanc+palacio+de+hierro HTTP/1.1" 200 18827 "-" "Mozilla/5.0 (compatible; Googlebot/2.1; +http://www.google.com/bot.html)"
66.249.79.236 - - [14/Jul/2025:01:37:27 +0000] "GET /?s=24465793041490&mod=2be96323&uri=form.php%3Fid%3D816593-438%26name%3Dfietsschoenen+fizik HTTP/1.1" 200 18796 "-" "Mozilla/5.0 (compatible; Googlebot/2.1; +http://www.google.com/bot.html)"
66.249.79.236 - - [14/Jul/2025:01:37:27 +0000] "GET /?s=35565424041490&mod=6dae90f1&uri=news.php%3Fid%3D1187037-806%26name%3Doverall+carhartt+wip HTTP/1.1" 200 18793 "-" "Mozilla/5.0 (compatible; Googlebot/2.1; +http://www.google.com/bot.html)"
66.249.79.236 - - [14/Jul/2025:01:37:28 +0000] "GET /?s=78292175141490&mod=e7696fba&uri=shared.php%3Fid%3D2612697-715%26name%3Dlego+giant+baseplate HTTP/1.1" 200 18798 "-" "Mozilla/5.0 (compatible; Googlebot/2.1; +http://www.google.com/bot.html)"
66.249.79.236 - - [14/Jul/2025:01:37:28 +0000] "POST /get-message-notify HTTP/1.1" 404 6256 "https://gardenify.com.au/?s=13848775051490&mod=51401c2a&uri=us.php%3Fid%3D462357-603%26name%3Dvans+shoes+online+for+men" "Mozilla/5.0 (Linux; Android 6.0.1; Nexus 5X Build/MMB29P) AppleWebKit/537.36 (KHTML, like Gecko) Chrome/137.0.7151.119 Mobile Safari/537.36 (compatible; Googlebot/2.1; +http://www.google.com/bot.html)"
66.249.79.236 - - [14/Jul/2025:01:37:28 +0000] "GET /?s=35565784061490&mod=6dae90f1&uri=us.php%3Fid%3D1187049-806%26name%3Dsticker+pack+hypebeast HTTP/1.1" 200 18791 "-" "Mozilla/5.0 (compatible; Googlebot/2.1; +http://www.google.com/bot.html)"
66.249.79.236 - - [14/Jul/2025:01:37:29 +0000] "POST /get-message-notify HTTP/1.1" 404 6250 "https://gardenify.com.au/?s=78290375141490&mod=e7696fba&uri=article.php%3Fid%3D2612637-715%26name%3Dlego+ucs+star+wars+75159+death+star" "Mozilla/5.0 AppleWebKit/537.36 (KHTML, like Gecko; compatible; Googlebot/2.1; +http://www.google.com/bot.html) Chrome/137.0.7151.119 Safari/537.36"
66.249.79.236 - - [14/Jul/2025:01:37:29 +0000] "GET /?s=35566924041490&mod=6dae90f1&uri=shared.php%3Fid%3D1187087-806%26name%3Dcarhartt+snap+buttons HTTP/1.1" 200 18792 "-" "Mozilla/5.0 (compatible; Googlebot/2.1; +http://www.google.com/bot.html)"
66.249.79.236 - - [14/Jul/2025:01:37:29 +0000] "POST /get-message-notify HTTP/1.1" 404 6256 "https://gardenify.com.au/?s=70861757051490&mod=506b7992&uri=dp.php%3Fid%3D2364733-1430%26name%3Dnike+classic+cortez+wei%C3%83%C2%9F" "Mozilla/5.0 (Linux; Android 6.0.1; Nexus 5X Build/MMB29P) AppleWebKit/537.36 (KHTML, like Gecko) Chrome/137.0.7151.119 Mobile Safari/537.36 (compatible; Googlebot/2.1; +http://www.google.com/bot.html)"
66.249.79.237 - - [14/Jul/2025:01:37:30 +0000] "GET /?s=30656747051490&mod=9008bcab&uri=pin.php%3Fid%3D1023220-394%26name%3Dhalloumi+and+chicken+skewers HTTP/1.1" 200 18813 "-" "Mozilla/5.0 (compatible; Googlebot/2.1; +http://www.google.com/bot.html)"
66.249.79.236 - - [14/Jul/2025:01:37:30 +0000] "POST /get-message-notify HTTP/1.1" 404 6256 "https://gardenify.com.au/?s=117527782021490&mod=6e01da4e&uri=shop.php%3Fid%3D3922300-1077%26name%3Dgafas+hugo+boss+el+corte+ingles" "Mozilla/5.0 (Linux; Android 6.0.1; Nexus 5X Build/MMB29P) AppleWebKit/537.36 (KHTML, like Gecko) Chrome/137.0.7151.119 Mobile Safari/537.36 (compatible; Googlebot/2.1; +http://www.google.com/bot.html)"
66.249.79.236 - - [14/Jul/2025:01:37:30 +0000] "GET /pcmypage?callback=/product%2Fdetail%2F17785232002490 HTTP/1.1" 200 18573 "-" "Mozilla/5.0 (compatible; Googlebot/2.1; +http://www.google.com/bot.html)"
66.249.79.236 - - [14/Jul/2025:01:37:31 +0000] "GET /?s=30517929041490&mod=261474eb&uri=itm.php%3Fid%3D1018590-434%26name%3Diphone+case+with+zipper+pocket HTTP/1.1" 200 18810 "-" "Mozilla/5.0 (compatible; Googlebot/2.1; +http://www.google.com/bot.html)"
66.249.79.237 - - [14/Jul/2025:01:37:31 +0000] "GET /?s=78117606051490&mod=d57b13de&uri=search.php%3Fid%3D2606874-930%26name%3Dnike+air+zoom+pegasus+36+shield+m HTTP/1.1" 200 18819 "-" "Mozilla/5.0 (compatible; Googlebot/2.1; +http://www.google.com/bot.html)"
66.249.79.237 - - [14/Jul/2025:01:37:31 +0000] "POST /get-message-notify HTTP/1.1" 404 6256 "https://gardenify.com.au/?s=55039265051490&mod=0d78f643&uri=search.php%3Fid%3D1836706-135%26name%3Dkenzo+wintermantel" "Mozilla/5.0 (Linux; Android 6.0.1; Nexus 5X Build/MMB29P) AppleWebKit/537.36 (KHTML, like Gecko) Chrome/137.0.7151.119 Mobile Safari/537.36 (compatible; Googlebot/2.1; +http://www.google.com/bot.html)"
66.249.79.236 - - [14/Jul/2025:01:37:32 +0000] "GET /?s=78270575141490&mod=a00a9861&uri=goods.php%3Fid%3D2611977-1490%26name%3Dnorth+face+tonnerro+hooded+jacket HTTP/1.1" 200 18813 "-" "Mozilla/5.0 (compatible; Googlebot/2.1; +http://www.google.com/bot.html)"
66.249.79.237 - - [14/Jul/2025:01:37:32 +0000] "POST /get-message-notify HTTP/1.1" 404 6256 "https://gardenify.com.au/?s=50292493011490&mod=57e79bd2&uri=search.php%3Fid%3D1678355-1268%26name%3Dhot+tools+digital+curling+iron" "Mozilla/5.0 (Linux; Android 6.0.1; Nexus 5X Build/MMB29P) AppleWebKit/537.36 (KHTML, like Gecko) Chrome/137.0.7151.119 Mobile Safari/537.36 (compatible; Googlebot/2.1; +http://www.google.com/bot.html)"
66.249.79.237 - - [14/Jul/2025:01:37:32 +0000] "GET /?s=24443071011490&mod=2b45eff9&uri=article.php%3Fid%3D815835-847%26name%3Dcanada+goose+zug+xl HTTP/1.1" 200 18806 "-" "Mozilla/5.0 (compatible; Googlebot/2.1; +http://www.google.com/bot.html)"
66.249.79.237 - - [14/Jul/2025:01:37:33 +0000] "GET /?s=35565664021490&mod=6dae90f1&uri=itm.php%3Fid%3D1187045-806%26name%3Dmens+canada+goose+freestyle+gilet HTTP/1.1" 200 18815 "-" "Mozilla/5.0 (compatible; Googlebot/2.1; +http://www.google.com/bot.html)"
66.249.79.237 - - [14/Jul/2025:01:37:33 +0000] "POST /get-message-notify HTTP/1.1" 404 6256 "https://gardenify.com.au/?s=44191281071490&mod=5dda0632&uri=info.php%3Fid%3D1474804-959%26name%3Dbuy+nike+magista+opus" "Mozilla/5.0 (Linux; Android 6.0.1; Nexus 5X Build/MMB29P) AppleWebKit/537.36 (KHTML, like Gecko) Chrome/137.0.7151.119 Mobile Safari/537.36 (compatible; Googlebot/2.1; +http://www.google.com/bot.html)"
66.249.79.237 - - [14/Jul/2025:01:37:33 +0000] "GET /?s=24469033001490&mod=2be96323&uri=dp.php%3Fid%3D816701-438%26name%3Dhakken+pumps HTTP/1.1" 200 18780 "-" "Mozilla/5.0 (compatible; Googlebot/2.1; +http://www.google.com/bot.html)"
66.249.79.237 - - [14/Jul/2025:01:37:34 +0000] "GET /?s=35567224001490&mod=6dae90f1&uri=dp.php%3Fid%3D1187097-806%26name%3Dreflective+zip+crusher HTTP/1.1" 200 18793 "-" "Mozilla/5.0 (compatible; Googlebot/2.1; +http://www.google.com/bot.html)"
66.249.79.237 - - [14/Jul/2025:01:37:34 +0000] "GET /?s=35563566041490&mod=6dae90f1&uri=itm.php%3Fid%3D1186975-806%26name%3Dflannels+mens+canada+goose HTTP/1.1" 200 18808 "-" "Mozilla/5.0 (compatible; Googlebot/2.1; +http://www.google.com/bot.html)"
66.249.79.238 - - [14/Jul/2025:01:37:35 +0000] "GET /?s=78272075041490&mod=e7696fba&uri=shared.php%3Fid%3D2612027-715%26name%3Dlego+41999+technic+4x4+crawler+exclusive+edition HTTP/1.1" 200 18843 "-" "Mozilla/5.0 (compatible; Googlebot/2.1; +http://www.google.com/bot.html)"
66.249.79.237 - - [14/Jul/2025:01:37:35 +0000] "POST /get-message-notify HTTP/1.1" 404 6256 "https://gardenify.com.au/?s=38272813021490&mod=11584937&uri=product.php%3Fid%3D1277368-401%26name%3Dbissell+nettoyeur+de+sol+crosswave+sans+fil+2582n" "Mozilla/5.0 (Linux; Android 6.0.1; Nexus 5X Build/MMB29P) AppleWebKit/537.36 (KHTML, like Gecko) Chrome/137.0.7151.119 Mobile Safari/537.36 (compatible; Googlebot/2.1; +http://www.google.com/bot.html)"
66.249.79.237 - - [14/Jul/2025:01:37:36 +0000] "GET /?s=35563326141490&mod=6dae90f1&uri=product.php%3Fid%3D1186967-806%26name%3Dcomme+de+garcon+dot HTTP/1.1" 200 18796 "-" "Mozilla/5.0 (compatible; Googlebot/2.1; +http://www.google.com/bot.html)"
66.249.79.238 - - [14/Jul/2025:01:37:36 +0000] "GET /?s=78273275021490&mod=e7696fba&uri=form.php%3Fid%3D2612067-715%26name%3Dlego+super+mario+set+71366 HTTP/1.1" 200 18806 "-" "Mozilla/5.0 (compatible; Googlebot/2.1; +http://www.google.com/bot.html)"
66.249.79.236 - - [14/Jul/2025:01:37:36 +0000] "GET /?s=17779472031490&mod=556a47d6&uri=category-info.php%3Fid%3D593518-699%26name%3Dbass+pro+sycamore+view HTTP/1.1" 200 18829 "-" "Mozilla/5.0 (compatible; Googlebot/2.1; +http://www.google.com/bot.html)"
66.249.79.236 - - [14/Jul/2025:01:37:37 +0000] "GET /?s=12683757041490&mod=13d7baca&uri=form.php%3Fid%3D423502-576%26name%3Dcheap+silver+high+heels HTTP/1.1" 200 18799 "-" "Mozilla/5.0 (Linux; Android 6.0.1; Nexus 5X Build/MMB29P) AppleWebKit/537.36 (KHTML, like Gecko) Chrome/137.0.7151.103 Mobile Safari/537.36 (compatible; Googlebot/2.1; +http://www.google.com/bot.html)"
66.249.79.238 - - [14/Jul/2025:01:37:37 +0000] "GET /?s=30648141011490&mod=fdf645ae&uri=goods.php%3Fid%3D1022932-324%26name%3Doven+temperature+for+cornish+hens HTTP/1.1" 200 18816 "-" "Mozilla/5.0 (compatible; Googlebot/2.1; +http://www.google.com/bot.html)"
66.249.79.237 - - [14/Jul/2025:01:37:37 +0000] "POST /get-message-notify HTTP/1.1" 404 6250 "https://gardenify.com.au/?s=30654050051490&mod=9008bcab&uri=product.php%3Fid%3D1023130-394%26name%3Dhow+to+cook+chicken+kabobs+on+the+stove" "Mozilla/5.0 AppleWebKit/537.36 (KHTML, like Gecko; compatible; Googlebot/2.1; +http://www.google.com/bot.html) Chrome/137.0.7151.119 Safari/537.36"
66.249.79.238 - - [14/Jul/2025:01:37:37 +0000] "GET /?s=35566744031490&mod=6dae90f1&uri=products.php%3Fid%3D1187081-806%26name%3Dcanada+goose+men%27s+expedition+jacket HTTP/1.1" 200 18831 "-" "Mozilla/5.0 (compatible; Googlebot/2.1; +http://www.google.com/bot.html)"
66.249.79.237 - - [14/Jul/2025:01:37:38 +0000] "GET /?s=35563626021490&mod=6dae90f1&uri=itm.php%3Fid%3D1186977-806%26name%3Dguess+who HTTP/1.1" 200 18778 "-" "Mozilla/5.0 (compatible; Googlebot/2.1; +http://www.google.com/bot.html)"
66.249.79.236 - - [14/Jul/2025:01:37:38 +0000] "GET /?s=17771552091490&mod=8f561e4c&uri=search.php%3Fid%3D593254-335%26name%3D2k+on+switch HTTP/1.1" 200 18778 "-" "Mozilla/5.0 (compatible; Googlebot/2.1; +http://www.google.com/bot.html)"
66.249.79.236 - - [14/Jul/2025:01:37:39 +0000] "GET /?s=78282875041490&mod=e7696fba&uri=brands.php%3Fid%3D2612387-715%26name%3Dlego+911946 HTTP/1.1" 200 18786 "-" "Mozilla/5.0 (compatible; Googlebot/2.1; +http://www.google.com/bot.html)"
66.249.79.236 - - [14/Jul/2025:01:37:39 +0000] "GET /?s=30652430051490&mod=9008bcab&uri=dp.php%3Fid%3D1023076-394%26name%3Dhow+to+make+chicken+seekh+kabab+soft+and+juicy HTTP/1.1" 200 18842 "-" "Mozilla/5.0 (compatible; Googlebot/2.1; +http://www.google.com/bot.html)"
66.249.79.236 - - [14/Jul/2025:01:37:39 +0000] "GET /?s=35589262001490&mod=fd1095d7&uri=goods.php%3Fid%3D1187833-120%26name%3Dsandalias+en+massimo+dutti HTTP/1.1" 200 18808 "-" "Mozilla/5.0 (compatible; Googlebot/2.1; +http://www.google.com/bot.html)"
66.249.79.238 - - [14/Jul/2025:01:37:41 +0000] "POST /get-message-notify HTTP/1.1" 404 6250 "https://gardenify.com.au/?s=35563566041490&mod=6dae90f1&uri=itm.php%3Fid%3D1186975-806%26name%3Dflannels+mens+canada+goose" "Mozilla/5.0 AppleWebKit/537.36 (KHTML, like Gecko; compatible; Googlebot/2.1; +http://www.google.com/bot.html) Chrome/137.0.7151.119 Safari/537.36"
66.249.79.236 - - [14/Jul/2025:01:37:46 +0000] "POST /get-message-notify HTTP/1.1" 404 6256 "https://gardenify.com.au/?s=13848775051490&mod=51401c2a&uri=us.php%3Fid%3D462357-603%26name%3Dvans+shoes+online+for+men" "Mozilla/5.0 (Linux; Android 6.0.1; Nexus 5X Build/MMB29P) AppleWebKit/537.36 (KHTML, like Gecko) Chrome/137.0.7151.119 Mobile Safari/537.36 (compatible; Googlebot/2.1; +http://www.google.com/bot.html)"
209.74.77.214 - - [14/Jul/2025:01:37:51 +0000] "POST /wp-cron.php?doing_wp_cron=1752457071.1453080177307128906250 HTTP/1.1" 200 - "-" "WordPress/6.8.1; https://gardenify.com.au"
66.249.79.236 - - [14/Jul/2025:01:37:50 +0000] "GET /?s=58103128051490&mod=611a9c11&uri=category-info.php%3Fid%3D1938930-1341%26name%3Dsouthside+serpent+jacket+women HTTP/1.1" 200 18846 "-" "Mozilla/5.0 (Linux; Android 6.0.1; Nexus 5X Build/MMB29P) AppleWebKit/537.36 (KHTML, like Gecko) Chrome/137.0.7151.103 Mobile Safari/537.36 (compatible; GoogleOther)"
66.249.79.224 - - [14/Jul/2025:01:37:50 +0000] "POST /get-message-notify HTTP/1.1" 404 6250 "https://gardenify.com.au/?s=17771552091490&mod=8f561e4c&uri=search.php%3Fid%3D593254-335%26name%3D2k+on+switch" "Mozilla/5.0 AppleWebKit/537.36 (KHTML, like Gecko; compatible; Googlebot/2.1; +http://www.google.com/bot.html) Chrome/137.0.7151.119 Safari/537.36"
209.74.77.214 - - [14/Jul/2025:01:37:51 +0000] "POST /wp-admin/admin-ajax.php?action=async_litespeed&nonce=HCNTZaQapquMPit9lA7VCI9dugFih7Yf&litespeed_type=imgoptm HTTP/1.1" 200 21 "-" "WordPress/6.8.1; https://gardenify.com.au"
209.74.77.214 - - [14/Jul/2025:01:38:13 +0000] "POST /wp-cron.php?doing_wp_cron=1752457093.4880559444427490234375 HTTP/1.1" 200 - "-" "WordPress/6.8.1; https://gardenify.com.au"
66.249.79.236 - - [14/Jul/2025:01:38:13 +0000] "POST /get-message-notify HTTP/1.1" 404 6256 "https://gardenify.com.au/?s=97025245051490&mod=ad0510c1&uri=shop.php%3Fid%3D3237962-1590%26name%3Dcrocs+cyprus+v+heel+black" "Mozilla/5.0 (Linux; Android 6.0.1; Nexus 5X Build/MMB29P) AppleWebKit/537.36 (KHTML, like Gecko) Chrome/137.0.7151.119 Mobile Safari/537.36 (compatible; Googlebot/2.1; +http://www.google.com/bot.html)"
66.249.79.237 - - [14/Jul/2025:01:38:19 +0000] "GET /?s=65981396051490&mod=72a95533&uri=article.php%3Fid%3D2201858-773%26name%3Dplan+white+shirts HTTP/1.1" 200 18794 "-" "Mozilla/5.0 (Linux; Android 6.0.1; Nexus 5X Build/MMB29P) AppleWebKit/537.36 (KHTML, like Gecko) Chrome/137.0.7151.103 Mobile Safari/537.36 (compatible; GoogleOther)"
66.249.79.236 - - [14/Jul/2025:01:38:37 +0000] "POST /get-message-notify HTTP/1.1" 404 6256 "https://gardenify.com.au/?s=40599205001490&mod=34975476&uri=article.php%3Fid%3D1354974-1151%26name%3Dparf%C3%83%C2%BCm+rossmann" "Mozilla/5.0 (Linux; Android 6.0.1; Nexus 5X Build/MMB29P) AppleWebKit/537.36 (KHTML, like Gecko) Chrome/137.0.7151.119 Mobile Safari/537.36 (compatible; Googlebot/2.1; +http://www.google.com/bot.html)"
66.249.79.236 - - [14/Jul/2025:01:38:48 +0000] "GET /?s=14582692031490&mod=b21f9f98&uri=article.php%3Fid%3D486866-25%26name%3Dwhen+is+animal+crossing+coming+out+for+switch HTTP/1.1" 200 18838 "-" "Mozilla/5.0 (Linux; Android 6.0.1; Nexus 5X Build/MMB29P) AppleWebKit/537.36 (KHTML, like Gecko) Chrome/137.0.7151.103 Mobile Safari/537.36 (compatible; GoogleOther)"
66.249.79.236 - - [14/Jul/2025:01:38:50 +0000] "GET /?s=92284384001490&mod=723e73bc&uri=form.php%3Fid%3D3079705-700%26name%3Dgumtree+rough+collie HTTP/1.1" 200 18794 "-" "Mozilla/5.0 (Linux; Android 6.0.1; Nexus 5X Build/MMB29P) AppleWebKit/537.36 (KHTML, like Gecko) Chrome/137.0.7151.103 Mobile Safari/537.36 (compatible; Googlebot/2.1; +http://www.google.com/bot.html)"
209.74.77.214 - - [14/Jul/2025:01:39:17 +0000] "POST /wp-cron.php?doing_wp_cron=1752457157.7623209953308105468750 HTTP/1.1" 200 - "-" "WordPress/6.8.1; https://gardenify.com.au"
66.249.79.238 - - [14/Jul/2025:01:39:17 +0000] "GET /feature/akihabara_main/index.html HTTP/1.1" 404 11747 "-" "Mozilla/5.0 (Linux; Android 6.0.1; Nexus 5X Build/MMB29P) AppleWebKit/537.36 (KHTML, like Gecko) Chrome/137.0.7151.103 Mobile Safari/537.36 (compatible; GoogleOther)"
209.74.77.214 - - [14/Jul/2025:01:39:17 +0000] "POST /wp-admin/admin-ajax.php?action=async_litespeed&nonce=oqG4r2fxYKJ0wE6KLKJfx8QlNo07DLTh&litespeed_type=imgoptm HTTP/1.1" 200 21 "-" "WordPress/6.8.1; https://gardenify.com.au"
66.249.79.236 - - [14/Jul/2025:01:39:21 +0000] "GET /?s=35563266061490&mod=6dae90f1&uri=search.php%3Fid%3D1186965-806%26name%3Dellen+guessing+game HTTP/1.1" 200 18792 "-" "Mozilla/5.0 (compatible; Googlebot/2.1; +http://www.google.com/bot.html)"
66.249.79.238 - - [14/Jul/2025:01:39:21 +0000] "GET /?s=42134890041490&mod=1f5be27d&uri=category-info.php%3Fid%3D1406219-1175%26name%3Dkyrie+low+moon HTTP/1.1" 200 18820 "-" "Mozilla/5.0 (Linux; Android 6.0.1; Nexus 5X Build/MMB29P) AppleWebKit/537.36 (KHTML, like Gecko) Chrome/137.0.7151.103 Mobile Safari/537.36 (compatible; Googlebot/2.1; +http://www.google.com/bot.html)"
66.249.79.237 - - [14/Jul/2025:01:39:21 +0000] "GET /?s=38272813021490&mod=11584937&uri=product.php%3Fid%3D1277368-401%26name%3Dbissell+nettoyeur+de+sol+crosswave+sans+fil+2582n HTTP/1.1" 200 18852 "-" "Mozilla/5.0 (Linux; Android 6.0.1; Nexus 5X Build/MMB29P) AppleWebKit/537.36 (KHTML, like Gecko) Chrome/137.0.7151.103 Mobile Safari/537.36 (compatible; Googlebot/2.1; +http://www.google.com/bot.html)"
66.249.79.236 - - [14/Jul/2025:01:39:21 +0000] "POST /get-message-notify HTTP/1.1" 404 6256 "https://gardenify.com.au/?s=14582692031490&mod=b21f9f98&uri=article.php%3Fid%3D486866-25%26name%3Dwhen+is+animal+crossing+coming+out+for+switch" "Mozilla/5.0 (Linux; Android 6.0.1; Nexus 5X Build/MMB29P) AppleWebKit/537.36 (KHTML, like Gecko) Chrome/137.0.7151.119 Mobile Safari/537.36 (compatible; Googlebot/2.1; +http://www.google.com/bot.html)"
66.249.79.237 - - [14/Jul/2025:01:39:21 +0000] "GET /?s=35562966041490&mod=6dae90f1&uri=form.php%3Fid%3D1186955-806%26name%3Dnordstrom+comme+des+garcon HTTP/1.1" 200 18799 "-" "Mozilla/5.0 (compatible; Googlebot/2.1; +http://www.google.com/bot.html)"
66.249.79.236 - - [14/Jul/2025:01:39:21 +0000] "GET /?s=17781452091490&mod=556a47d6&uri=dp.php%3Fid%3D593584-699%26name%3Dbass+pro+shop+black+friday+sale+2020 HTTP/1.1" 200 18817 "-" "Mozilla/5.0 (compatible; Googlebot/2.1; +http://www.google.com/bot.html)"
66.249.79.237 - - [14/Jul/2025:01:39:21 +0000] "GET /?s=17772092031490&mod=8f561e4c&uri=goods.php%3Fid%3D593272-335%26name%3Done+two+switch+price HTTP/1.1" 200 18794 "-" "Mozilla/5.0 (compatible; Googlebot/2.1; +http://www.google.com/bot.html)"
66.249.79.237 - - [14/Jul/2025:01:39:22 +0000] "GET /?s=24466063051490&mod=2be96323&uri=pin.php%3Fid%3D816602-438%26name%3Dschoenverf+wit+action HTTP/1.1" 200 18786 "-" "Mozilla/5.0 (compatible; Googlebot/2.1; +http://www.google.com/bot.html)"
66.249.79.237 - - [14/Jul/2025:01:39:22 +0000] "GET /?s=24469843091490&mod=2be96323&uri=article.php%3Fid%3D816728-438%26name%3Dvingino+fenna+sneakers HTTP/1.1" 200 18804 "-" "Mozilla/5.0 (compatible; Googlebot/2.1; +http://www.google.com/bot.html)"
66.249.79.236 - - [14/Jul/2025:01:39:22 +0000] "GET /?s=24463273001490&mod=2be96323&uri=news.php%3Fid%3D816509-438%26name%3Dsandaal+dames+zwart HTTP/1.1" 200 18790 "-" "Mozilla/5.0 (compatible; Googlebot/2.1; +http://www.google.com/bot.html)"
66.249.79.236 - - [14/Jul/2025:01:39:23 +0000] "GET /?s=35535846131490&mod=206d6cf9&uri=products.php%3Fid%3D1186051-1088%26name%3D2019+gold+prom+dresses HTTP/1.1" 200 18806 "-" "Mozilla/5.0 (compatible; Googlebot/2.1; +http://www.google.com/bot.html)"
66.249.79.237 - - [14/Jul/2025:01:39:23 +0000] "GET /?s=92049267071490&mod=13da07d8&uri=shared.php%3Fid%3D3071857-1410%26name%3Dsaucony+clarion+mujer HTTP/1.1" 200 18802 "-" "Mozilla/5.0 (Linux; Android 6.0.1; Nexus 5X Build/MMB29P) AppleWebKit/537.36 (KHTML, like Gecko) Chrome/137.0.7151.103 Mobile Safari/537.36 (compatible; Googlebot/2.1; +http://www.google.com/bot.html)"
66.249.79.236 - - [14/Jul/2025:01:39:24 +0000] "GET /?s=17773172031490&mod=8f561e4c&uri=shop.php%3Fid%3D593308-335%26name%3Dlg+c1+55+weight HTTP/1.1" 200 18785 "-" "Mozilla/5.0 (compatible; Googlebot/2.1; +http://www.google.com/bot.html)"
66.249.79.237 - - [14/Jul/2025:01:39:25 +0000] "GET /?s=17777852031490&mod=8f561e4c&uri=search.php%3Fid%3D593464-335%26name%3Dnintendo+switch+on+flipkart HTTP/1.1" 200 18801 "-" "Mozilla/5.0 (compatible; Googlebot/2.1; +http://www.google.com/bot.html)"
66.249.79.236 - - [14/Jul/2025:01:39:25 +0000] "GET /?s=17776412071490&mod=8f561e4c&uri=dp.php%3Fid%3D593416-335%26name%3Dnintendo+on HTTP/1.1" 200 18772 "-" "Mozilla/5.0 (compatible; Googlebot/2.1; +http://www.google.com/bot.html)"
