66.249.79.238 - - [14/Jul/2025:01:01:33 +0000] "GET /?s=72761810061490&mod=69f79848&uri=brands.php%3Fid%3D2428139-1291%26name%3Dzapatillas+deportivas+sin+talon HTTP/1.1" 200 21064 "-" "Mozilla/5.0 (compatible; Googlebot/2.1; +http://www.google.com/bot.html)"
66.249.79.236 - - [14/Jul/2025:01:01:37 +0000] "POST /get-message-notify HTTP/1.1" 200 22066 "https://gardenify.com.au/?s=19264334001490&mod=4a5a3a30&uri=blog.php%3Fid%3D643079-736%26name%3Dadidas+originals+ultra+boost+primeknit" "Mozilla/5.0 AppleWebKit/537.36 (KHTML, like Gecko; compatible; Googlebot/2.1; +http://www.google.com/bot.html) Chrome/137.0.7151.119 Safari/537.36"
66.249.79.237 - - [14/Jul/2025:01:01:27 +0000] "GET /?s=72764210021490&mod=a60c71bd&uri=goods.php%3Fid%3D2428219-246%26name%3Dmicro+ip+camera HTTP/1.1" 200 22451 "-" "Mozilla/5.0 (compatible; Googlebot/2.1; +http://www.google.com/bot.html)"
66.249.79.238 - - [14/Jul/2025:01:01:38 +0000] "POST /get-message-notify HTTP/1.1" 200 22042 "https://gardenify.com.au/?s=72764870031490&mod=69f79848&uri=shared.php%3Fid%3D2428241-1291%26name%3Dzapatillas+terrex+brushwood" "Mozilla/5.0 AppleWebKit/537.36 (KHTML, like Gecko; compatible; Googlebot/2.1; +http://www.google.com/bot.html) Chrome/137.0.7151.119 Safari/537.36"
66.249.79.236 - - [14/Jul/2025:01:01:27 +0000] "GET /?s=62414089021490&mod=b4f9264d&uri=info.php%3Fid%3D2082831-892%26name%3Dcarat+morganite+stone HTTP/1.1" 200 21838 "-" "Mozilla/5.0 (compatible; Googlebot/2.1; +http://www.google.com/bot.html)"
66.249.79.238 - - [14/Jul/2025:01:01:38 +0000] "POST /get-message-notify HTTP/1.1" 200 22042 "https://gardenify.com.au/?s=72765590021490&mod=8f561e4c&uri=dp.php%3Fid%3D2428265-335%26name%3Dbest+compact+washing+machines" "Mozilla/5.0 AppleWebKit/537.36 (KHTML, like Gecko; compatible; Googlebot/2.1; +http://www.google.com/bot.html) Chrome/137.0.7151.119 Safari/537.36"
66.249.79.237 - - [14/Jul/2025:01:01:27 +0000] "GET /?s=19269584031490&mod=4a5a3a30&uri=shop.php%3Fid%3D643254-736%26name%3Dnike+flyknit+racer+og HTTP/1.1" 200 21033 "-" "Mozilla/5.0 (compatible; Googlebot/2.1; +http://www.google.com/bot.html)"
66.249.79.237 - - [14/Jul/2025:01:01:39 +0000] "POST /get-message-notify HTTP/1.1" 200 22045 "https://gardenify.com.au/?s=19346013071490&mod=e16a7577&uri=category-info.php%3Fid%3D645806-248%26name%3Djimmy+choo+perfume+pink+box" "Mozilla/5.0 AppleWebKit/537.36 (KHTML, like Gecko; compatible; Googlebot/2.1; +http://www.google.com/bot.html) Chrome/137.0.7151.119 Safari/537.36"
66.249.79.238 - - [14/Jul/2025:01:01:40 +0000] "GET /?s=19342773071490&mod=e16a7577&uri=shop.php%3Fid%3D645698-248%26name%3Dchloe+signature+eau+de+parfum+125+ml HTTP/1.1" 200 21676 "-" "Mozilla/5.0 (compatible; Googlebot/2.1; +http://www.google.com/bot.html)"
66.249.79.237 - - [14/Jul/2025:01:01:41 +0000] "GET /?s=108983972021490&mod=05ec78c1&uri=info.php%3Fid%3D3637141-1663%26name%3Datletico+jersey+2019 HTTP/1.1" 200 20612 "-" "Mozilla/5.0 (compatible; Googlebot/2.1; +http://www.google.com/bot.html)"
66.249.79.224 - - [14/Jul/2025:01:01:41 +0000] "GET /?s=19351233031490&mod=e16a7577&uri=category-info.php%3Fid%3D645980-248%26name%3Dazzurro+perfume HTTP/1.1" 200 22210 "-" "Mozilla/5.0 (compatible; Googlebot/2.1; +http://www.google.com/bot.html)"
66.249.79.238 - - [14/Jul/2025:01:01:41 +0000] "GET /?s=91465303061490&mod=cfc4c5a7&uri=itm.php%3Fid%3D3052366-1020%26name%3Dnike+air+max+huarache+kad%C3%84%C2%B1n HTTP/1.1" 200 20890 "-" "Mozilla/5.0 (compatible; Googlebot/2.1; +http://www.google.com/bot.html)"
66.249.79.236 - - [14/Jul/2025:01:01:42 +0000] "GET /?s=72763070031490&mod=269dce38&uri=article.php%3Fid%3D2428181-490%26name%3Dpuma+chaussure+femme+blanche HTTP/1.1" 200 21973 "-" "Mozilla/5.0 (compatible; Googlebot/2.1; +http://www.google.com/bot.html)"
66.249.79.238 - - [14/Jul/2025:01:01:42 +0000] "GET /?s=62479996081490&mod=d8435807&uri=article.php%3Fid%3D2085031-920%26name%3D1870s+women%27s+fashion HTTP/1.1" 200 20904 "-" "Mozilla/5.0 (compatible; Googlebot/2.1; +http://www.google.com/bot.html)"
66.249.79.236 - - [14/Jul/2025:01:01:43 +0000] "GET /?s=72762410011490&mod=69f79848&uri=news.php%3Fid%3D2428159-1291%26name%3Dpirma+color+vino HTTP/1.1" 200 22157 "-" "Mozilla/5.0 (compatible; Googlebot/2.1; +http://www.google.com/bot.html)"
66.249.79.238 - - [14/Jul/2025:01:01:43 +0000] "GET /?s=91481476041490&mod=b63bc3c4&uri=category-info.php%3Fid%3D3052907-683%26name%3Dvestidos+baratos+para+eventos HTTP/1.1" 200 21092 "-" "Mozilla/5.0 (compatible; Googlebot/2.1; +http://www.google.com/bot.html)"
66.249.79.238 - - [14/Jul/2025:01:01:43 +0000] "GET /?s=20555086021490&mod=9cecbb6f&uri=products.php%3Fid%3D686143-344%26name%3Dspring+cloud+aws+sqs HTTP/1.1" 200 21573 "-" "Mozilla/5.0 (compatible; Googlebot/2.1; +http://www.google.com/bot.html)"
66.249.79.236 - - [14/Jul/2025:01:01:44 +0000] "GET /?s=20556406021490&mod=9cecbb6f&uri=brands.php%3Fid%3D686187-344%26name%3Dfilesystemxmlapplicationcontext+example HTTP/1.1" 200 21732 "-" "Mozilla/5.0 (compatible; Googlebot/2.1; +http://www.google.com/bot.html)"
66.249.79.238 - - [14/Jul/2025:01:01:44 +0000] "GET /?s=109055597021490&mod=f36c9507&uri=form.php%3Fid%3D3639530-314%26name%3Dwaffelpique+stoff+g%C3%83%C2%BCnstig HTTP/1.1" 200 21602 "-" "Mozilla/5.0 (compatible; Googlebot/2.1; +http://www.google.com/bot.html)"
66.249.79.224 - - [14/Jul/2025:01:01:44 +0000] "GET /?s=20556646021490&mod=9cecbb6f&uri=goods.php%3Fid%3D686195-344%26name%3Dbronny+aau+team HTTP/1.1" 200 21749 "-" "Mozilla/5.0 (compatible; Googlebot/2.1; +http://www.google.com/bot.html)"
66.249.79.237 - - [14/Jul/2025:01:01:45 +0000] "GET /?s=96632410031490&mod=b4f9264d&uri=pin.php%3Fid%3D3224841-892%26name%3Dsilver+chain+rings HTTP/1.1" 200 21206 "-" "Mozilla/5.0 (compatible; Googlebot/2.1; +http://www.google.com/bot.html)"
66.249.79.225 - - [14/Jul/2025:01:01:45 +0000] "GET /?s=91482016021490&mod=b63bc3c4&uri=news.php%3Fid%3D3052925-683%26name%3Dmoda+gucci+2021+hombre HTTP/1.1" 200 21923 "-" "Mozilla/5.0 (compatible; Googlebot/2.1; +http://www.google.com/bot.html)"
66.249.79.237 - - [14/Jul/2025:01:01:45 +0000] "GET /?s=72764150041490&mod=69f79848&uri=goods.php%3Fid%3D2428217-1291%26name%3Dzapatillas+puma+cyber+monday HTTP/1.1" 200 21006 "-" "Mozilla/5.0 (compatible; Googlebot/2.1; +http://www.google.com/bot.html)"
66.249.79.225 - - [14/Jul/2025:01:01:45 +0000] "GET /?s=91482526011490&mod=b63bc3c4&uri=shared.php%3Fid%3D3052942-683%26name%3Dmarcas+ropa+formal+hombre HTTP/1.1" 200 21450 "-" "Mozilla/5.0 (compatible; Googlebot/2.1; +http://www.google.com/bot.html)"
66.249.79.226 - - [14/Jul/2025:01:01:46 +0000] "GET /?s=19347453031490&mod=e16a7577&uri=info.php%3Fid%3D645854-248%26name%3Dnotino+moschino+funny HTTP/1.1" 200 21854 "-" "Mozilla/5.0 (compatible; Googlebot/2.1; +http://www.google.com/bot.html)"
66.249.79.224 - - [14/Jul/2025:01:01:46 +0000] "POST /get-message-notify HTTP/1.1" 200 22038 "https://gardenify.com.au/?s=19269584031490&mod=4a5a3a30&uri=shop.php%3Fid%3D643254-736%26name%3Dnike+flyknit+racer+og" "Mozilla/5.0 AppleWebKit/537.36 (KHTML, like Gecko; compatible; Googlebot/2.1; +http://www.google.com/bot.html) Chrome/137.0.7151.119 Safari/537.36"
66.249.79.238 - - [14/Jul/2025:01:01:47 +0000] "GET /?s=62477356001490&mod=aa568ecc&uri=pin.php%3Fid%3D2084943-677%26name%3Dmens+beaded+belt HTTP/1.1" 200 21822 "-" "Mozilla/5.0 (compatible; Googlebot/2.1; +http://www.google.com/bot.html)"
66.249.79.237 - - [14/Jul/2025:01:01:47 +0000] "GET /safe_search/config?return_url=%2Fproduct%2Fdetail%2F109055813070490 HTTP/1.1" 200 21336 "-" "Mozilla/5.0 (compatible; Googlebot/2.1; +http://www.google.com/bot.html)"
66.249.79.236 - - [14/Jul/2025:01:01:47 +0000] "GET /?s=109048037031490&mod=e96822f7&uri=article.php%3Fid%3D3639278-234%26name%3Dpullover+trends+m%C3%83%C2%A4nner HTTP/1.1" 200 23175 "-" "Mozilla/5.0 (compatible; Googlebot/2.1; +http://www.google.com/bot.html)"
66.249.79.237 - - [14/Jul/2025:01:01:48 +0000] "GET /?s=62474326091490&mod=d8435807&uri=itm.php%3Fid%3D2084842-920%26name%3Done+shoulder+sweaters HTTP/1.1" 200 21757 "-" "Mozilla/5.0 (compatible; Googlebot/2.1; +http://www.google.com/bot.html)"
66.249.79.226 - - [14/Jul/2025:01:01:48 +0000] "GET /?s=20539339031490&mod=049d64bd&uri=shop.php%3Fid%3D685618-762%26name%3Dround+and+square+eyeglasses HTTP/1.1" 200 21361 "-" "Mozilla/5.0 (compatible; Googlebot/2.1; +http://www.google.com/bot.html)"
66.249.79.226 - - [14/Jul/2025:01:01:48 +0000] "GET /?s=62481436001490&mod=aa568ecc&uri=pin.php%3Fid%3D2085079-677%26name%3Dembellished+waist+belt HTTP/1.1" 200 21765 "-" "Mozilla/5.0 (compatible; Googlebot/2.1; +http://www.google.com/bot.html)"
66.249.79.225 - - [14/Jul/2025:01:01:49 +0000] "GET /?s=20556286061490&mod=9cecbb6f&uri=brands.php%3Fid%3D686183-344%26name%3Dbest+front+end+framework+for+spring+boot HTTP/1.1" 200 22981 "-" "Mozilla/5.0 (compatible; Googlebot/2.1; +http://www.google.com/bot.html)"
66.249.79.225 - - [14/Jul/2025:01:01:49 +0000] "GET /?s=91481806071490&mod=b63bc3c4&uri=search.php%3Fid%3D3052918-683%26name%3Dpareos+para+alberca HTTP/1.1" 200 21225 "-" "Mozilla/5.0 (compatible; Googlebot/2.1; +http://www.google.com/bot.html)"
66.249.79.224 - - [14/Jul/2025:01:01:49 +0000] "GET /?s=20559766031490&mod=9cecbb6f&uri=pin.php%3Fid%3D686299-344%26name%3Dlebron+james+all+finals+stats HTTP/1.1" 200 22436 "-" "Mozilla/5.0 (compatible; Googlebot/2.1; +http://www.google.com/bot.html)"
66.249.79.225 - - [14/Jul/2025:01:01:50 +0000] "GET /?s=91481206071490&mod=b63bc3c4&uri=shop.php%3Fid%3D3052898-683%26name%3Dropa+penguin+argentina HTTP/1.1" 200 21019 "-" "Mozilla/5.0 (compatible; Googlebot/2.1; +http://www.google.com/bot.html)"
66.249.79.238 - - [14/Jul/2025:01:01:50 +0000] "GET /?s=19244077041490&mod=c27b5ed7&uri=shop.php%3Fid%3D642403-734%26name%3Dlevis+crop+jumper HTTP/1.1" 200 20886 "-" "Mozilla/5.0 (compatible; Googlebot/2.1; +http://www.google.com/bot.html)"
66.249.79.226 - - [14/Jul/2025:01:01:50 +0000] "POST /get-message-notify HTTP/1.1" 200 22038 "https://gardenify.com.au/?s=91482016021490&mod=b63bc3c4&uri=news.php%3Fid%3D3052925-683%26name%3Dmoda+gucci+2021+hombre" "Mozilla/5.0 AppleWebKit/537.36 (KHTML, like Gecko; compatible; Googlebot/2.1; +http://www.google.com/bot.html) Chrome/137.0.7151.119 Safari/537.36"
66.249.79.224 - - [14/Jul/2025:01:01:50 +0000] "GET /?s=72766010041490&mod=69f79848&uri=blog.php%3Fid%3D2428279-1291%26name%3Dwish+zapatos+hombre HTTP/1.1" 200 21726 "-" "Mozilla/5.0 (compatible; Googlebot/2.1; +http://www.google.com/bot.html)"
66.249.79.224 - - [14/Jul/2025:01:01:51 +0000] "GET /?s=109048637071490&mod=e96822f7&uri=us.php%3Fid%3D3639298-234%26name%3Dnorth+face+winterjacke+herren+g%C3%83%C2%BCnstig HTTP/1.1" 200 22008 "-" "Mozilla/5.0 (compatible; Googlebot/2.1; +http://www.google.com/bot.html)"
66.249.79.225 - - [14/Jul/2025:01:01:51 +0000] "GET /?s=20554726001490&mod=9cecbb6f&uri=shop.php%3Fid%3D686131-344%26name%3Dblowfish+hapuku HTTP/1.1" 200 22176 "-" "Mozilla/5.0 (compatible; Googlebot/2.1; +http://www.google.com/bot.html)"
66.249.79.225 - - [14/Jul/2025:01:01:52 +0000] "GET /?s=91465273091490&mod=cfc4c5a7&uri=product.php%3Fid%3D3052365-1020%26name%3Dnike+air+max+balon HTTP/1.1" 200 20744 "-" "Mozilla/5.0 (compatible; Googlebot/2.1; +http://www.google.com/bot.html)"
66.249.79.226 - - [14/Jul/2025:01:01:57 +0000] "POST /get-message-notify HTTP/1.1" 200 22028 "https://gardenify.com.au/?s=20539339031490&mod=049d64bd&uri=shop.php%3Fid%3D685618-762%26name%3Dround+and+square+eyeglasses" "Mozilla/5.0 AppleWebKit/537.36 (KHTML, like Gecko; compatible; Googlebot/2.1; +http://www.google.com/bot.html) Chrome/137.0.7151.119 Safari/537.36"
66.249.79.237 - - [14/Jul/2025:01:01:59 +0000] "GET /?s=72763850041490&mod=8ab58f33&uri=news.php%3Fid%3D2428207-1290%26name%3Dnike+react+amarillas HTTP/1.1" 200 21100 "-" "Mozilla/5.0 (compatible; Googlebot/2.1; +http://www.google.com/bot.html)"
66.249.79.236 - - [14/Jul/2025:01:01:59 +0000] "GET /?s=109049597061490&mod=f36c9507&uri=info.php%3Fid%3D3639330-314%26name%3Dpikeur+jacke+s HTTP/1.1" 200 20480 "-" "Mozilla/5.0 (compatible; Googlebot/2.1; +http://www.google.com/bot.html)"
66.249.79.237 - - [14/Jul/2025:01:01:52 +0000] "GET /?s=19349793011490&mod=e16a7577&uri=brands.php%3Fid%3D645932-248%26name%3Dmyer+discount+code+perfume HTTP/1.1" 200 21957 "-" "Mozilla/5.0 (compatible; Googlebot/2.1; +http://www.google.com/bot.html)"
66.249.79.236 - - [14/Jul/2025:01:02:01 +0000] "GET /?s=109052597011490&mod=f36c9507&uri=blog.php%3Fid%3D3639430-314%26name%3Ddaunen+mit+wollwaschmittel+waschen HTTP/1.1" 200 22521 "-" "Mozilla/5.0 (compatible; Googlebot/2.1; +http://www.google.com/bot.html)"
66.249.79.224 - - [14/Jul/2025:01:02:03 +0000] "GET /?s=20561686071490&mod=9cecbb6f&uri=pin.php%3Fid%3D686363-344%26name%3Deasy+spirit+soar HTTP/1.1" 200 21660 "-" "Mozilla/5.0 (compatible; Googlebot/2.1; +http://www.google.com/bot.html)"
66.249.79.225 - - [14/Jul/2025:01:02:03 +0000] "GET /?s=20559286021490&mod=9cecbb6f&uri=pin.php%3Fid%3D686283-344%26name%3Ddecathlon+mizuno+wave+rider+22 HTTP/1.1" 200 22594 "-" "Mozilla/5.0 (compatible; Googlebot/2.1; +http://www.google.com/bot.html)"
66.249.79.225 - - [14/Jul/2025:01:02:03 +0000] "GET /?s=72762290001490&mod=95062cef&uri=shop.php%3Fid%3D2428155-1366%26name%3Dles+monteaux+femme+2016 HTTP/1.1" 200 21239 "-" "Mozilla/5.0 (compatible; Googlebot/2.1; +http://www.google.com/bot.html)"
66.249.79.225 - - [14/Jul/2025:01:02:04 +0000] "GET /?s=109052117031490&mod=f36c9507&uri=article.php%3Fid%3D3639414-314%26name%3Ddavid+moore+lederjacke+herren HTTP/1.1" 200 21515 "-" "Mozilla/5.0 (compatible; Googlebot/2.1; +http://www.google.com/bot.html)"
66.249.79.225 - - [14/Jul/2025:01:02:04 +0000] "GET /?s=109049957031490&mod=f36c9507&uri=form.php%3Fid%3D3639342-314%26name%3Dcarhartt+wip+hoodie+schwarz HTTP/1.1" 200 21290 "-" "Mozilla/5.0 (compatible; Googlebot/2.1; +http://www.google.com/bot.html)"
66.249.79.236 - - [14/Jul/2025:01:02:04 +0000] "GET /?s=20558926051490&mod=9cecbb6f&uri=blog.php%3Fid%3D686271-344%26name%3Dformal+shoes+for+men+types HTTP/1.1" 200 21654 "-" "Mozilla/5.0 (compatible; Googlebot/2.1; +http://www.google.com/bot.html)"
66.249.79.238 - - [14/Jul/2025:01:02:05 +0000] "GET /?s=62479516021490&mod=aa568ecc&uri=brands.php%3Fid%3D2085015-677%26name%3Dexact+fit+mens+belt HTTP/1.1" 200 22185 "-" "Mozilla/5.0 (compatible; Googlebot/2.1; +http://www.google.com/bot.html)"
66.249.79.224 - - [14/Jul/2025:01:02:05 +0000] "GET /?s=19344213001490&mod=e16a7577&uri=brands.php%3Fid%3D645746-248%26name%3Dbest+tom+ford+black+orchid+clone HTTP/1.1" 200 22187 "-" "Mozilla/5.0 (compatible; Googlebot/2.1; +http://www.google.com/bot.html)"
66.249.79.238 - - [14/Jul/2025:01:02:05 +0000] "GET /?s=109050557031490&mod=f36c9507&uri=itm.php%3Fid%3D3639362-314%26name%3Dpullover+hertha+bsc HTTP/1.1" 200 21874 "-" "Mozilla/5.0 (compatible; Googlebot/2.1; +http://www.google.com/bot.html)"
66.249.79.238 - - [14/Jul/2025:01:02:06 +0000] "GET /?s=109003872111490&mod=58c54802&uri=blog.php%3Fid%3D3637805-10%26name%3Dgiaccone+pesante HTTP/1.1" 200 21680 "-" "Mozilla/5.0 (compatible; Googlebot/2.1; +http://www.google.com/bot.html)"
66.249.79.238 - - [14/Jul/2025:01:02:07 +0000] "POST /get-message-notify HTTP/1.1" 200 22037 "https://gardenify.com.au/?s=109048037031490&mod=e96822f7&uri=article.php%3Fid%3D3639278-234%26name%3Dpullover+trends+m%C3%83%C2%A4nner" "Mozilla/5.0 AppleWebKit/537.36 (KHTML, like Gecko; compatible; Googlebot/2.1; +http://www.google.com/bot.html) Chrome/137.0.7151.119 Safari/537.36"
66.249.79.238 - - [14/Jul/2025:01:02:17 +0000] "POST /get-message-notify HTTP/1.1" 200 22036 "https://gardenify.com.au/?s=91483066041490&mod=b63bc3c4&uri=form.php%3Fid%3D3052960-683%26name%3Dconjunto+deportivo+armani" "Mozilla/5.0 AppleWebKit/537.36 (KHTML, like Gecko; compatible; Googlebot/2.1; +http://www.google.com/bot.html) Chrome/137.0.7151.119 Safari/537.36"
66.249.79.236 - - [14/Jul/2025:01:02:18 +0000] "POST /get-message-notify HTTP/1.1" 200 22031 "https://gardenify.com.au/?s=62414089021490&mod=b4f9264d&uri=info.php%3Fid%3D2082831-892%26name%3Dcarat+morganite+stone" "Mozilla/5.0 AppleWebKit/537.36 (KHTML, like Gecko; compatible; Googlebot/2.1; +http://www.google.com/bot.html) Chrome/137.0.7151.119 Safari/537.36"
66.249.79.236 - - [14/Jul/2025:01:02:30 +0000] "POST /get-message-notify HTTP/1.1" 200 22037 "https://gardenify.com.au/?s=19244077041490&mod=c27b5ed7&uri=shop.php%3Fid%3D642403-734%26name%3Dlevis+crop+jumper" "Mozilla/5.0 AppleWebKit/537.36 (KHTML, like Gecko; compatible; Googlebot/2.1; +http://www.google.com/bot.html) Chrome/137.0.7151.119 Safari/537.36"
66.249.79.238 - - [14/Jul/2025:01:03:11 +0000] "GET /?s=20557366031490&mod=9cecbb6f&uri=category-info.php%3Fid%3D686219-344%26name%3Dlebron+james+playoff+stats+218 HTTP/1.1" 200 22300 "-" "Mozilla/5.0 (compatible; Googlebot/2.1; +http://www.google.com/bot.html)"
66.249.79.236 - - [14/Jul/2025:01:03:12 +0000] "GET /?s=91480906011490&mod=b63bc3c4&uri=pin.php%3Fid%3D3052888-683%26name%3Dmodelos+de+jeans+wrangler HTTP/1.1" 200 21639 "-" "Mozilla/5.0 (compatible; Googlebot/2.1; +http://www.google.com/bot.html)"
66.249.79.236 - - [14/Jul/2025:01:03:13 +0000] "GET /?s=91481446031490&mod=b63bc3c4&uri=shared.php%3Fid%3D3052906-683%26name%3Dfabrica+de+ropa+para+trabajo HTTP/1.1" 200 20933 "-" "Mozilla/5.0 (compatible; Googlebot/2.1; +http://www.google.com/bot.html)"
66.249.79.238 - - [14/Jul/2025:01:03:13 +0000] "GET /?s=72763910011490&mod=f073b7fd&uri=shared.php%3Fid%3D2428209-464%26name%3Dlenovo+ideapad+s540+14in+i5+8gb+256gb+laptop HTTP/1.1" 200 22158 "-" "Mozilla/5.0 (compatible; Googlebot/2.1; +http://www.google.com/bot.html)"
66.249.79.236 - - [14/Jul/2025:01:03:13 +0000] "GET /?s=91480936081490&mod=b63bc3c4&uri=blog.php%3Fid%3D3052889-683%26name%3Dnucleo+indumentaria+flores HTTP/1.1" 200 21096 "-" "Mozilla/5.0 (compatible; Googlebot/2.1; +http://www.google.com/bot.html)"
66.249.79.238 - - [14/Jul/2025:01:03:14 +0000] "GET /?s=109001382071490&mod=58c54802&uri=brands.php%3Fid%3D3637722-10%26name%3Dasos+cappotto+teddy HTTP/1.1" 200 21741 "-" "Mozilla/5.0 (compatible; Googlebot/2.1; +http://www.google.com/bot.html)"
66.249.79.236 - - [14/Jul/2025:01:03:14 +0000] "GET /?s=20562526021490&mod=9cecbb6f&uri=brands.php%3Fid%3D686391-344%26name%3Dlebron+4th+quarter+stats HTTP/1.1" 200 22001 "-" "Mozilla/5.0 (compatible; Googlebot/2.1; +http://www.google.com/bot.html)"
66.249.79.236 - - [14/Jul/2025:01:03:15 +0000] "GET /?s=20560126001490&mod=9cecbb6f&uri=dp.php%3Fid%3D686311-344%26name%3Dspring+project+example HTTP/1.1" 200 22066 "-" "Mozilla/5.0 (compatible; Googlebot/2.1; +http://www.google.com/bot.html)"
66.249.79.236 - - [14/Jul/2025:01:03:15 +0000] "GET /?s=62478676041490&mod=aa568ecc&uri=goods.php%3Fid%3D2084987-677%26name%3Dlyle+and+scott+belt HTTP/1.1" 200 21985 "-" "Mozilla/5.0 (compatible; Googlebot/2.1; +http://www.google.com/bot.html)"
66.249.79.237 - - [14/Jul/2025:01:03:15 +0000] "GET /?s=91481566041490&mod=b63bc3c4&uri=blog.php%3Fid%3D3052910-683%26name%3Dparedos+de+playa+2021 HTTP/1.1" 200 21963 "-" "Mozilla/5.0 (compatible; Googlebot/2.1; +http://www.google.com/bot.html)"
66.249.79.236 - - [14/Jul/2025:01:03:15 +0000] "GET /?s=72764330001490&mod=69f79848&uri=shop.php%3Fid%3D2428223-1291%26name%3Dzapatos+de+las+princesas+de+disney HTTP/1.1" 200 21700 "-" "Mozilla/5.0 (compatible; Googlebot/2.1; +http://www.google.com/bot.html)"
66.249.79.237 - - [14/Jul/2025:01:03:15 +0000] "GET /?s=20560726001490&mod=9cecbb6f&uri=product.php%3Fid%3D686331-344%26name%3Dlebron+all+time+stats HTTP/1.1" 200 21953 "-" "Mozilla/5.0 (compatible; Googlebot/2.1; +http://www.google.com/bot.html)"
66.249.79.236 - - [14/Jul/2025:01:03:16 +0000] "GET /?s=72762230001490&mod=8ab58f33&uri=goods.php%3Fid%3D2428153-1290%26name%3Dropa+deportiva+para+mujer+decimas HTTP/1.1" 200 20698 "-" "Mozilla/5.0 (compatible; Googlebot/2.1; +http://www.google.com/bot.html)"
66.249.79.237 - - [14/Jul/2025:01:03:16 +0000] "GET /?s=91483276011490&mod=b63bc3c4&uri=article.php%3Fid%3D3052967-683%26name%3Dpareo+gigante+playa+suelo HTTP/1.1" 200 21826 "-" "Mozilla/5.0 (compatible; Googlebot/2.1; +http://www.google.com/bot.html)"
66.249.79.237 - - [14/Jul/2025:01:03:16 +0000] "GET /?s=91481356021490&mod=b63bc3c4&uri=shop.php%3Fid%3D3052903-683%26name%3Dplayeras+personalizadas+de+los+polinesios HTTP/1.1" 200 22070 "-" "Mozilla/5.0 (compatible; Googlebot/2.1; +http://www.google.com/bot.html)"
66.249.79.237 - - [14/Jul/2025:01:03:16 +0000] "GET /?s=62482756041490&mod=aa568ecc&uri=goods.php%3Fid%3D2085123-677%26name%3Dlv+red+belt HTTP/1.1" 200 21786 "-" "Mozilla/5.0 (compatible; Googlebot/2.1; +http://www.google.com/bot.html)"
66.249.79.237 - - [14/Jul/2025:01:03:17 +0000] "GET /?s=20599290021490&mod=e24a7e4c&uri=dp.php%3Fid%3D687618-310%26name%3Dasus+rog+maximus+xii+extreme+eatx+lga1200 HTTP/1.1" 200 22249 "-" "Mozilla/5.0 (compatible; Googlebot/2.1; +http://www.google.com/bot.html)"
66.249.79.236 - - [14/Jul/2025:01:03:17 +0000] "GET /?s=32698311041490&mod=cfc4c5a7&uri=product.php%3Fid%3D1091335-1020%26name%3Dair+max+women+silver HTTP/1.1" 200 22623 "-" "Mozilla/5.0 (compatible; Googlebot/2.1; +http://www.google.com/bot.html)"
66.249.79.237 - - [14/Jul/2025:01:03:18 +0000] "GET /?s=108996402021490&mod=90f98cf4&uri=category-info.php%3Fid%3D3637556-1429%26name%3Dconjunto+completo+adidas HTTP/1.1" 200 21655 "-" "Mozilla/5.0 (compatible; Googlebot/2.1; +http://www.google.com/bot.html)"
66.249.79.236 - - [14/Jul/2025:01:03:18 +0000] "GET /?s=62414299001490&mod=b4f9264d&uri=shared.php%3Fid%3D2082838-892%26name%3Dever+us+carat+ring HTTP/1.1" 200 22377 "-" "Mozilla/5.0 (compatible; Googlebot/2.1; +http://www.google.com/bot.html)"
66.249.79.236 - - [14/Jul/2025:01:03:18 +0000] "POST /get-message-notify HTTP/1.1" 200 22048 "https://gardenify.com.au/?s=91480906011490&mod=b63bc3c4&uri=pin.php%3Fid%3D3052888-683%26name%3Dmodelos+de+jeans+wrangler" "Mozilla/5.0 AppleWebKit/537.36 (KHTML, like Gecko; compatible; Googlebot/2.1; +http://www.google.com/bot.html) Chrome/137.0.7151.119 Safari/537.36"
66.249.79.236 - - [14/Jul/2025:01:03:19 +0000] "GET /?s=19338813051490&mod=e16a7577&uri=us.php%3Fid%3D645566-248%26name%3Dmoschino+funny+douglas HTTP/1.1" 200 21766 "-" "Mozilla/5.0 (compatible; Googlebot/2.1; +http://www.google.com/bot.html)"
66.249.79.237 - - [14/Jul/2025:01:03:19 +0000] "GET /?s=19348533031490&mod=e16a7577&uri=pin.php%3Fid%3D645890-248%26name%3Dsomething+blue+oscar+de+la+renta+macy%27s HTTP/1.1" 200 22228 "-" "Mozilla/5.0 (compatible; Googlebot/2.1; +http://www.google.com/bot.html)"
66.249.79.237 - - [14/Jul/2025:01:03:19 +0000] "GET /?s=62483836021490&mod=aa568ecc&uri=goods.php%3Fid%3D2085159-677%26name%3Dkind+of+belt HTTP/1.1" 200 21622 "-" "Mozilla/5.0 (compatible; Googlebot/2.1; +http://www.google.com/bot.html)"
66.249.79.236 - - [14/Jul/2025:01:03:19 +0000] "GET /?s=20558686121490&mod=9cecbb6f&uri=form.php%3Fid%3D686263-344%26name%3Dcavaliers+suits HTTP/1.1" 200 22060 "-" "Mozilla/5.0 (compatible; Googlebot/2.1; +http://www.google.com/bot.html)"
66.249.79.236 - - [14/Jul/2025:01:03:19 +0000] "GET /?s=109051637031490&mod=0ce34d37&uri=product.php%3Fid%3D3639398-1380%26name%3Daerobed+pump HTTP/1.1" 200 22016 "-" "Mozilla/5.0 (compatible; Googlebot/2.1; +http://www.google.com/bot.html)"
66.249.79.236 - - [14/Jul/2025:01:03:20 +0000] "GET /?s=62479876041490&mod=aa568ecc&uri=shared.php%3Fid%3D2085027-677%26name%3Dcaiman+belt HTTP/1.1" 200 21463 "-" "Mozilla/5.0 (compatible; Googlebot/2.1; +http://www.google.com/bot.html)"
66.249.79.237 - - [14/Jul/2025:01:03:20 +0000] "GET /?s=19346913031490&mod=e16a7577&uri=goods.php%3Fid%3D645836-248%26name%3Dbau+perfume+chloe HTTP/1.1" 200 22332 "-" "Mozilla/5.0 (compatible; Googlebot/2.1; +http://www.google.com/bot.html)"
66.249.79.237 - - [14/Jul/2025:01:03:20 +0000] "POST /get-message-notify HTTP/1.1" 200 22033 "https://gardenify.com.au/?s=109001382071490&mod=58c54802&uri=brands.php%3Fid%3D3637722-10%26name%3Dasos+cappotto+teddy" "Mozilla/5.0 AppleWebKit/537.36 (KHTML, like Gecko; compatible; Googlebot/2.1; +http://www.google.com/bot.html) Chrome/137.0.7151.119 Safari/537.36"
66.249.79.237 - - [14/Jul/2025:01:03:20 +0000] "GET /?s=91482106071490&mod=b63bc3c4&uri=product.php%3Fid%3D3052928-683%26name%3Dpareos+para+playa+mercadolibre HTTP/1.1" 200 20859 "-" "Mozilla/5.0 (compatible; Googlebot/2.1; +http://www.google.com/bot.html)"
66.249.79.236 - - [14/Jul/2025:01:03:21 +0000] "POST /get-message-notify HTTP/1.1" 200 22045 "https://gardenify.com.au/?s=20560126001490&mod=9cecbb6f&uri=dp.php%3Fid%3D686311-344%26name%3Dspring+project+example" "Mozilla/5.0 AppleWebKit/537.36 (KHTML, like Gecko; compatible; Googlebot/2.1; +http://www.google.com/bot.html) Chrome/137.0.7151.119 Safari/537.36"
66.249.79.236 - - [14/Jul/2025:01:03:21 +0000] "GET /?s=19340613051490&mod=e16a7577&uri=itm.php%3Fid%3D645626-248%26name%3Dpenhaligon+lip+balm+review HTTP/1.1" 200 22164 "-" "Mozilla/5.0 (compatible; Googlebot/2.1; +http://www.google.com/bot.html)"
66.249.79.237 - - [14/Jul/2025:01:03:21 +0000] "GET /?s=91482316091490&mod=b63bc3c4&uri=news.php%3Fid%3D3052935-683%26name%3Df%C3%83%C2%A1brica+de+ropa+interior+en+santo+domingo HTTP/1.1" 200 21633 "-" "Mozilla/5.0 (compatible; Googlebot/2.1; +http://www.google.com/bot.html)"
66.249.79.237 - - [14/Jul/2025:01:03:21 +0000] "GET /?s=72765650041490&mod=69f79848&uri=products.php%3Fid%3D2428267-1291%26name%3Dtallas+americanas+hombre+zapatillas HTTP/1.1" 200 22220 "-" "Mozilla/5.0 (compatible; Googlebot/2.1; +http://www.google.com/bot.html)"
66.249.79.237 - - [14/Jul/2025:01:03:22 +0000] "GET /?s=91485795041490&mod=b63bc3c4&uri=products.php%3Fid%3D3053051-683%26name%3Dpijama+adidas+mujer HTTP/1.1" 200 21485 "-" "Mozilla/5.0 (compatible; Googlebot/2.1; +http://www.google.com/bot.html)"
66.249.79.236 - - [14/Jul/2025:01:03:22 +0000] "GET /?s=62477956001490&mod=d8435807&uri=shared.php%3Fid%3D2084963-920%26name%3Dpetite+jumpsuits+casual HTTP/1.1" 200 22195 "-" "Mozilla/5.0 (compatible; Googlebot/2.1; +http://www.google.com/bot.html)"
66.249.79.236 - - [14/Jul/2025:01:03:22 +0000] "GET /?s=19347633051490&mod=e16a7577&uri=brands.php%3Fid%3D645860-248%26name%3Dpalermo+perfume+discount+code HTTP/1.1" 200 22091 "-" "Mozilla/5.0 (compatible; Googlebot/2.1; +http://www.google.com/bot.html)"
66.249.79.238 - - [14/Jul/2025:01:03:23 +0000] "GET /?s=91481926051490&mod=b63bc3c4&uri=news.php%3Fid%3D3052922-683%26name%3Dhombre+con+ropa+femenina HTTP/1.1" 200 21578 "-" "Mozilla/5.0 (compatible; Googlebot/2.1; +http://www.google.com/bot.html)"
66.249.79.237 - - [14/Jul/2025:01:03:24 +0000] "GET /?s=91482886011490&mod=b63bc3c4&uri=info.php%3Fid%3D3052954-683%26name%3Dvestido+de+15+negro+con+plateado HTTP/1.1" 200 22262 "-" "Mozilla/5.0 (compatible; Googlebot/2.1; +http://www.google.com/bot.html)"
66.249.79.236 - - [14/Jul/2025:01:03:25 +0000] "GET /?s=72781550041490&mod=8ab58f33&uri=shop.php%3Fid%3D2428797-1290%26name%3Dzapatos+con+alza+hombre HTTP/1.1" 200 21172 "-" "Mozilla/5.0 (compatible; Googlebot/2.1; +http://www.google.com/bot.html)"
66.249.79.236 - - [14/Jul/2025:01:03:25 +0000] "GET /?s=62483356041490&mod=d8435807&uri=pin.php%3Fid%3D2085143-920%26name%3Dcouple+traditional+outfits HTTP/1.1" 200 21586 "-" "Mozilla/5.0 (compatible; Googlebot/2.1; +http://www.google.com/bot.html)"
66.249.79.237 - - [14/Jul/2025:01:03:26 +0000] "GET /?s=19346553031490&mod=e16a7577&uri=search.php%3Fid%3D645824-248%26name%3Doscar+de+la+renta+velvet HTTP/1.1" 200 22233 "-" "Mozilla/5.0 (compatible; Googlebot/2.1; +http://www.google.com/bot.html)"
66.249.79.236 - - [14/Jul/2025:01:03:26 +0000] "GET /?s=109048877071490&mod=f9e85893&uri=dp.php%3Fid%3D3639306-186%26name%3Dfolding+longchamp+backpack HTTP/1.1" 200 21512 "-" "Mozilla/5.0 (compatible; Googlebot/2.1; +http://www.google.com/bot.html)"
66.249.79.238 - - [14/Jul/2025:01:03:26 +0000] "GET /?s=20558326001490&mod=9cecbb6f&uri=pin.php%3Fid%3D686251-344%26name%3Dcavs+nba+championships HTTP/1.1" 200 21483 "-" "Mozilla/5.0 (compatible; Googlebot/2.1; +http://www.google.com/bot.html)"
66.249.79.237 - - [14/Jul/2025:01:03:26 +0000] "GET /?s=19337913051490&mod=e16a7577&uri=category-info.php%3Fid%3D645536-248%26name%3Ddavidoff+run+wild+perfume HTTP/1.1" 200 21839 "-" "Mozilla/5.0 (compatible; Googlebot/2.1; +http://www.google.com/bot.html)"
66.249.79.237 - - [14/Jul/2025:01:03:27 +0000] "GET /?s=62477836001490&mod=aa568ecc&uri=shop.php%3Fid%3D2084959-677%26name%3D44+inch+belt HTTP/1.1" 200 22302 "-" "Mozilla/5.0 (compatible; Googlebot/2.1; +http://www.google.com/bot.html)"
66.249.79.236 - - [14/Jul/2025:01:03:27 +0000] "GET /?s=91481536031490&mod=b63bc3c4&uri=brands.php%3Fid%3D3052909-683%26name%3Dfabrica+de+ropa+marca+weekend HTTP/1.1" 200 22221 "-" "Mozilla/5.0 (compatible; Googlebot/2.1; +http://www.google.com/bot.html)"
66.249.79.238 - - [14/Jul/2025:01:03:27 +0000] "POST /get-message-notify HTTP/1.1" 200 22040 "https://gardenify.com.au/?s=72763910011490&mod=f073b7fd&uri=shared.php%3Fid%3D2428209-464%26name%3Dlenovo+ideapad+s540+14in+i5+8gb+256gb+laptop" "Mozilla/5.0 AppleWebKit/537.36 (KHTML, like Gecko; compatible; Googlebot/2.1; +http://www.google.com/bot.html) Chrome/137.0.7151.119 Safari/537.36"
66.249.79.238 - - [14/Jul/2025:01:03:28 +0000] "GET /?s=72766190021490&mod=69f79848&uri=product.php%3Fid%3D2428285-1291%26name%3Dnike+nsw+playera HTTP/1.1" 200 21292 "-" "Mozilla/5.0 (compatible; Googlebot/2.1; +http://www.google.com/bot.html)"
66.249.79.236 - - [14/Jul/2025:01:03:28 +0000] "GET /?s=91482826011490&mod=b63bc3c4&uri=products.php%3Fid%3D3052952-683%26name%3Dproveedores+ropa+ecologica HTTP/1.1" 200 21598 "-" "Mozilla/5.0 (compatible; Googlebot/2.1; +http://www.google.com/bot.html)"
66.249.79.238 - - [14/Jul/2025:01:03:28 +0000] "GET /?s=62482036041490&mod=aa568ecc&uri=form.php%3Fid%3D2085099-677%26name%3Dlee+belts HTTP/1.1" 200 22090 "-" "Mozilla/5.0 (compatible; Googlebot/2.1; +http://www.google.com/bot.html)"
66.249.79.237 - - [14/Jul/2025:01:03:28 +0000] "GET /?s=62485756001490&mod=d8435807&uri=blog.php%3Fid%3D2085223-920%26name%3Dimages+of+chaniya+choli+for+marriage HTTP/1.1" 200 21059 "-" "Mozilla/5.0 (compatible; Googlebot/2.1; +http://www.google.com/bot.html)"
66.249.79.238 - - [14/Jul/2025:01:03:29 +0000] "GET /?s=109050077071490&mod=f36c9507&uri=info.php%3Fid%3D3639346-314%26name%3Ddaunenkissen+waschen+welches+programm HTTP/1.1" 200 20809 "-" "Mozilla/5.0 (compatible; Googlebot/2.1; +http://www.google.com/bot.html)"
66.249.79.224 - - [14/Jul/2025:01:03:29 +0000] "GET /?s=20491358031490&mod=ab9a1c10&uri=goods.php%3Fid%3D684018-611%26name%3Dpink+brand+suitcase HTTP/1.1" 200 22092 "-" "Mozilla/5.0 (compatible; Googlebot/2.1; +http://www.google.com/bot.html)"
66.249.79.237 - - [14/Jul/2025:01:03:30 +0000] "GET /?s=91482856021490&mod=b63bc3c4&uri=info.php%3Fid%3D3052953-683%26name%3Dfabricantes+uniformes+escolares HTTP/1.1" 200 21252 "-" "Mozilla/5.0 (compatible; Googlebot/2.1; +http://www.google.com/bot.html)"
66.249.79.236 - - [14/Jul/2025:01:03:30 +0000] "GET /?s=19341153031490&mod=e16a7577&uri=dp.php%3Fid%3D645644-248%26name%3Dgucci+envy+cena HTTP/1.1" 200 21517 "-" "Mozilla/5.0 (compatible; Googlebot/2.1; +http://www.google.com/bot.html)"
66.249.79.224 - - [14/Jul/2025:01:03:30 +0000] "GET /?s=72762110041490&mod=69f79848&uri=goods.php%3Fid%3D2428149-1291%26name%3Dteni+jordan+anillo HTTP/1.1" 200 21461 "-" "Mozilla/5.0 (compatible; Googlebot/2.1; +http://www.google.com/bot.html)"
66.249.79.237 - - [14/Jul/2025:01:03:30 +0000] "GET /?s=109050437031490&mod=f36c9507&uri=brands.php%3Fid%3D3639358-314%26name%3Dmotorradjacke+highway HTTP/1.1" 200 20844 "-" "Mozilla/5.0 (compatible; Googlebot/2.1; +http://www.google.com/bot.html)"
66.249.79.236 - - [14/Jul/2025:01:03:30 +0000] "GET /?s=72761750041490&mod=8ab58f33&uri=search.php%3Fid%3D2428137-1290%26name%3Dpull+and+bear+bambas+hombre HTTP/1.1" 200 21098 "-" "Mozilla/5.0 (compatible; Googlebot/2.1; +http://www.google.com/bot.html)"
66.249.79.238 - - [14/Jul/2025:01:03:31 +0000] "GET /?s=94879578031490&mod=ab9a1c10&uri=shared.php%3Fid%3D3166364-611%26name%3Dbag+avenue HTTP/1.1" 200 21450 "-" "Mozilla/5.0 (compatible; Googlebot/2.1; +http://www.google.com/bot.html)"
66.249.79.236 - - [14/Jul/2025:01:03:31 +0000] "GET /?s=72764090021490&mod=69f79848&uri=itm.php%3Fid%3D2428215-1291%26name%3Dzapa+pumas HTTP/1.1" 200 21579 "-" "Mozilla/5.0 (compatible; Googlebot/2.1; +http://www.google.com/bot.html)"
66.249.79.225 - - [14/Jul/2025:01:03:31 +0000] "GET /?s=109048757031490&mod=0ce34d37&uri=us.php%3Fid%3D3639302-1380%26name%3Drv+bunkhouse+mattress HTTP/1.1" 200 21780 "-" "Mozilla/5.0 (compatible; Googlebot/2.1; +http://www.google.com/bot.html)"
66.249.79.225 - - [14/Jul/2025:01:03:32 +0000] "GET /safe_search/config?return_url=%2Fproduct%2Fdetail%2F19351053030490 HTTP/1.1" 200 21692 "-" "Mozilla/5.0 (compatible; Googlebot/2.1; +http://www.google.com/bot.html)"
66.249.79.224 - - [14/Jul/2025:01:03:32 +0000] "GET /?s=20557486021490&mod=9cecbb6f&uri=blog.php%3Fid%3D686223-344%26name%3Dspring+annotations+tutorial HTTP/1.1" 200 22670 "-" "Mozilla/5.0 (compatible; Googlebot/2.1; +http://www.google.com/bot.html)"
66.249.79.236 - - [14/Jul/2025:01:03:32 +0000] "GET /?s=19344033031490&mod=e16a7577&uri=shared.php%3Fid%3D645740-248%26name%3Dcommodity+vetiver+100ml HTTP/1.1" 200 22064 "-" "Mozilla/5.0 (compatible; Googlebot/2.1; +http://www.google.com/bot.html)"
66.249.79.236 - - [14/Jul/2025:01:03:33 +0000] "GET /?s=91482376061490&mod=b63bc3c4&uri=shared.php%3Fid%3D3052937-683%26name%3Doutfits+para+ver+a+tu+novio HTTP/1.1" 200 21294 "-" "Mozilla/5.0 (compatible; Googlebot/2.1; +http://www.google.com/bot.html)"
66.249.79.237 - - [14/Jul/2025:01:03:33 +0000] "GET /?s=108993932041490&mod=90f98cf4&uri=dp.php%3Fid%3D3637473-1429%26name%3Dadidas+calcio+glitch HTTP/1.1" 200 21456 "-" "Mozilla/5.0 (compatible; Googlebot/2.1; +http://www.google.com/bot.html)"
66.249.79.225 - - [14/Jul/2025:01:03:33 +0000] "GET /?s=109053077021490&mod=f36c9507&uri=blog.php%3Fid%3D3639446-314%26name%3Ddamen+velourslederjacke HTTP/1.1" 200 20272 "-" "Mozilla/5.0 (compatible; Googlebot/2.1; +http://www.google.com/bot.html)"
66.249.79.237 - - [14/Jul/2025:01:03:34 +0000] "GET /?s=109054517051490&mod=f36c9507&uri=blog.php%3Fid%3D3639494-314%26name%3Dfedern+und+daunen+waschen HTTP/1.1" 200 22628 "-" "Mozilla/5.0 (compatible; Googlebot/2.1; +http://www.google.com/bot.html)"
66.249.79.238 - - [14/Jul/2025:01:03:35 +0000] "GET /?s=20559166131490&mod=9cecbb6f&uri=form.php%3Fid%3D686279-344%26name%3Dlebron+james+average+points+this+season HTTP/1.1" 200 21300 "-" "Mozilla/5.0 (compatible; Googlebot/2.1; +http://www.google.com/bot.html)"
66.249.79.238 - - [14/Jul/2025:01:03:35 +0000] "GET /?s=91502232031490&mod=f073b7fd&uri=shop.php%3Fid%3D3053599-464%26name%3Di5+4440+socket+type HTTP/1.1" 200 22187 "-" "Mozilla/5.0 (compatible; Googlebot/2.1; +http://www.google.com/bot.html)"
66.249.79.236 - - [14/Jul/2025:01:03:36 +0000] "GET /?s=19340073021490&mod=e16a7577&uri=brands.php%3Fid%3D645608-248%26name%3Dmusk+etro+perfume HTTP/1.1" 200 22382 "-" "Mozilla/5.0 (compatible; Googlebot/2.1; +http://www.google.com/bot.html)"
66.249.79.236 - - [14/Jul/2025:01:03:36 +0000] "GET /?s=19343313051490&mod=e16a7577&uri=info.php%3Fid%3D645716-248%26name%3Dperfume+gucci+para+mujer HTTP/1.1" 200 21695 "-" "Mozilla/5.0 (compatible; Googlebot/2.1; +http://www.google.com/bot.html)"
66.249.79.236 - - [14/Jul/2025:01:03:37 +0000] "GET /?s=72763370031490&mod=69f79848&uri=news.php%3Fid%3D2428191-1291%26name%3Djordan+outlet+espa%C3%83%C2%B1a HTTP/1.1" 200 22364 "-" "Mozilla/5.0 (compatible; Googlebot/2.1; +http://www.google.com/bot.html)"
66.249.79.238 - - [14/Jul/2025:01:03:37 +0000] "GET /?s=19340973121490&mod=e16a7577&uri=product.php%3Fid%3D645638-248%26name%3Ddiy+solid+perfume+with+perfume HTTP/1.1" 200 21707 "-" "Mozilla/5.0 (compatible; Googlebot/2.1; +http://www.google.com/bot.html)"
66.249.79.238 - - [14/Jul/2025:01:03:38 +0000] "GET /?s=19349973031490&mod=e16a7577&uri=goods.php%3Fid%3D645938-248%26name%3Darmani+mania+75ml HTTP/1.1" 200 22313 "-" "Mozilla/5.0 (compatible; Googlebot/2.1; +http://www.google.com/bot.html)"
66.249.79.236 - - [14/Jul/2025:01:03:38 +0000] "GET /?s=20555326061490&mod=9cecbb6f&uri=blog.php%3Fid%3D686151-344%26name%3Dautowiring+in+spring+example+byname HTTP/1.1" 200 21919 "-" "Mozilla/5.0 (compatible; Googlebot/2.1; +http://www.google.com/bot.html)"
66.249.79.224 - - [14/Jul/2025:01:03:38 +0000] "GET /?s=109050197051490&mod=f36c9507&uri=pin.php%3Fid%3D3639350-314%26name%3Dmotorradjacke+online HTTP/1.1" 200 22436 "-" "Mozilla/5.0 (compatible; Googlebot/2.1; +http://www.google.com/bot.html)"
66.249.79.224 - - [14/Jul/2025:01:03:38 +0000] "GET /?s=62414389001490&mod=b4f9264d&uri=brands.php%3Fid%3D2082841-892%26name%3Dcushion+cut+diamonds+for+sale HTTP/1.1" 200 22386 "-" "Mozilla/5.0 (compatible; Googlebot/2.1; +http://www.google.com/bot.html)"
66.249.79.226 - - [14/Jul/2025:01:03:39 +0000] "GET /?s=109055933031490&mod=f36c9507&uri=shared.php%3Fid%3D3639542-314%26name%3Dbmw+skijacke HTTP/1.1" 200 21633 "-" "Mozilla/5.0 (compatible; Googlebot/2.1; +http://www.google.com/bot.html)"
66.249.79.237 - - [14/Jul/2025:01:03:39 +0000] "GET /?s=62479156051490&mod=aa568ecc&uri=goods.php%3Fid%3D2085003-677%26name%3Dexotic+leather+belts HTTP/1.1" 200 21182 "-" "Mozilla/5.0 (compatible; Googlebot/2.1; +http://www.google.com/bot.html)"
66.249.79.226 - - [14/Jul/2025:01:03:39 +0000] "GET /?s=20560966031490&mod=9cecbb6f&uri=brands.php%3Fid%3D686339-344%26name%3Dlebron+james+dwyane+wade+poster HTTP/1.1" 200 22165 "-" "Mozilla/5.0 (compatible; Googlebot/2.1; +http://www.google.com/bot.html)"
66.249.79.225 - - [14/Jul/2025:01:03:40 +0000] "GET /?s=20558446061490&mod=9cecbb6f&uri=itm.php%3Fid%3D686255-344%26name%3Dsavannah+and+james HTTP/1.1" 200 22107 "-" "Mozilla/5.0 (compatible; Googlebot/2.1; +http://www.google.com/bot.html)"
66.249.79.226 - - [14/Jul/2025:01:03:40 +0000] "GET /?s=91482136021490&mod=b63bc3c4&uri=blog.php%3Fid%3D3052929-683%26name%3Dsudadera+desigual+mujer HTTP/1.1" 200 21240 "-" "Mozilla/5.0 (compatible; Googlebot/2.1; +http://www.google.com/bot.html)"
66.249.79.226 - - [14/Jul/2025:01:03:40 +0000] "GET /?s=19345293031490&mod=e16a7577&uri=article.php%3Fid%3D645782-248%26name%3Dessentials+molecule+01 HTTP/1.1" 200 22511 "-" "Mozilla/5.0 (compatible; Googlebot/2.1; +http://www.google.com/bot.html)"
66.249.79.238 - - [14/Jul/2025:01:03:40 +0000] "GET /?s=72763970021490&mod=95062cef&uri=brands.php%3Fid%3D2428211-1366%26name%3Duniqlo+doudoune+noire HTTP/1.1" 200 20713 "-" "Mozilla/5.0 (compatible; Googlebot/2.1; +http://www.google.com/bot.html)"
66.249.79.238 - - [14/Jul/2025:01:03:41 +0000] "GET /?s=91481236001490&mod=b63bc3c4&uri=itm.php%3Fid%3D3052899-683%26name%3Dfabricantes+de+ropa+sostenible HTTP/1.1" 200 22262 "-" "Mozilla/5.0 (compatible; Googlebot/2.1; +http://www.google.com/bot.html)"
66.249.79.236 - - [14/Jul/2025:01:03:41 +0000] "GET /?s=19344393031490&mod=e16a7577&uri=info.php%3Fid%3D645752-248%26name%3Dperfume+for+less+online HTTP/1.1" 200 22496 "-" "Mozilla/5.0 (compatible; Googlebot/2.1; +http://www.google.com/bot.html)"
66.249.79.226 - - [14/Jul/2025:01:03:41 +0000] "GET /?s=62483116021490&mod=aa568ecc&uri=form.php%3Fid%3D2085135-677%26name%3Dlouis+vuitton+belt+for+womens HTTP/1.1" 200 22324 "-" "Mozilla/5.0 (compatible; Googlebot/2.1; +http://www.google.com/bot.html)"
66.249.79.224 - - [14/Jul/2025:01:03:42 +0000] "GET /?s=91481596001490&mod=b63bc3c4&uri=category-info.php%3Fid%3D3052911-683%26name%3Dpareos+playa+cortos HTTP/1.1" 200 21259 "-" "Mozilla/5.0 (compatible; Googlebot/2.1; +http://www.google.com/bot.html)"
66.249.79.238 - - [14/Jul/2025:01:03:42 +0000] "GET /?s=62424284041490&mod=d20dc1bc&uri=us.php%3Fid%3D2083172-893%26name%3Dwholesale+gold+chains+for+jewelry+making HTTP/1.1" 200 21700 "-" "Mozilla/5.0 (compatible; Googlebot/2.1; +http://www.google.com/bot.html)"
66.249.79.238 - - [14/Jul/2025:01:03:42 +0000] "GET /?s=62481796031490&mod=aa568ecc&uri=info.php%3Fid%3D2085091-677%26name%3Decco+belt HTTP/1.1" 200 21438 "-" "Mozilla/5.0 (compatible; Googlebot/2.1; +http://www.google.com/bot.html)"
66.249.79.236 - - [14/Jul/2025:01:03:43 +0000] "GET /?s=19347093011490&mod=e16a7577&uri=us.php%3Fid%3D645842-248%26name%3Dsubtle+perfumes+for+work HTTP/1.1" 200 22093 "-" "Mozilla/5.0 (compatible; Googlebot/2.1; +http://www.google.com/bot.html)"
66.249.79.226 - - [14/Jul/2025:01:03:43 +0000] "GET /?s=62484316001490&mod=aa568ecc&uri=article.php%3Fid%3D2085175-677%26name%3Dhornback+crocodile+belt HTTP/1.1" 200 21565 "-" "Mozilla/5.0 (compatible; Googlebot/2.1; +http://www.google.com/bot.html)"
66.249.79.238 - - [14/Jul/2025:01:03:43 +0000] "GET /?s=91481866011490&mod=b63bc3c4&uri=info.php%3Fid%3D3052920-683%26name%3Dfabricantes+de+ropa+hombre HTTP/1.1" 200 22214 "-" "Mozilla/5.0 (compatible; Googlebot/2.1; +http://www.google.com/bot.html)"
66.249.79.225 - - [14/Jul/2025:01:03:44 +0000] "GET /?s=91482346011490&mod=b63bc3c4&uri=goods.php%3Fid%3D3052936-683%26name%3Dplayera+de+beto+de+bely+y+beto HTTP/1.1" 200 21584 "-" "Mozilla/5.0 (compatible; Googlebot/2.1; +http://www.google.com/bot.html)"
66.249.79.236 - - [14/Jul/2025:01:03:44 +0000] "GET /?s=20562646041490&mod=9cecbb6f&uri=product.php%3Fid%3D686395-344%26name%3Dlebron+james+stats+reference HTTP/1.1" 200 22837 "-" "Mozilla/5.0 (compatible; Googlebot/2.1; +http://www.google.com/bot.html)"
66.249.79.226 - - [14/Jul/2025:01:03:44 +0000] "GET /?s=109052957011490&mod=f36c9507&uri=shared.php%3Fid%3D3639442-314%26name%3Ddaunen+waschen+waschmaschine HTTP/1.1" 200 21283 "-" "Mozilla/5.0 (compatible; Googlebot/2.1; +http://www.google.com/bot.html)"
66.249.79.236 - - [14/Jul/2025:01:03:45 +0000] "GET /?s=20555686021490&mod=9cecbb6f&uri=shop.php%3Fid%3D686163-344%26name%3Dlebron+james+total+assists HTTP/1.1" 200 21917 "-" "Mozilla/5.0 (compatible; Googlebot/2.1; +http://www.google.com/bot.html)"
66.249.79.236 - - [14/Jul/2025:01:03:45 +0000] "GET /?s=91482766031490&mod=b63bc3c4&uri=products.php%3Fid%3D3052950-683%26name%3Dprecio+trajes+protocolo+novios HTTP/1.1" 200 22092 "-" "Mozilla/5.0 (compatible; Googlebot/2.1; +http://www.google.com/bot.html)"
66.249.79.226 - - [14/Jul/2025:01:03:45 +0000] "GET /?s=62477476091490&mod=aa568ecc&uri=products.php%3Fid%3D2084947-677%26name%3Dmens+carhartt+belt HTTP/1.1" 200 20599 "-" "Mozilla/5.0 (compatible; Googlebot/2.1; +http://www.google.com/bot.html)"
66.249.79.237 - - [14/Jul/2025:01:03:46 +0000] "GET /?s=109050677021490&mod=f36c9507&uri=products.php%3Fid%3D3639366-314%26name%3Dkann+man+daunendecke+in+der+waschmaschine+waschen HTTP/1.1" 200 21579 "-" "Mozilla/5.0 (compatible; Googlebot/2.1; +http://www.google.com/bot.html)"
66.249.79.226 - - [14/Jul/2025:01:03:46 +0000] "GET /?s=119550198051490&mod=8146e257&uri=search.php%3Fid%3D3989756-649%26name%3Dused+garment+display+racks HTTP/1.1" 200 21433 "-" "Mozilla/5.0 (compatible; Googlebot/2.1; +http://www.google.com/bot.html)"
66.249.79.227 - - [14/Jul/2025:01:03:46 +0000] "GET /?s=19340433041490&mod=e16a7577&uri=shared.php%3Fid%3D645620-248%26name%3Done+millennium+perfume HTTP/1.1" 200 22098 "-" "Mozilla/5.0 (compatible; Googlebot/2.1; +http://www.google.com/bot.html)"
66.249.79.224 - - [14/Jul/2025:01:03:48 +0000] "POST /get-message-notify HTTP/1.1" 200 22040 "https://gardenify.com.au/?s=109053077021490&mod=f36c9507&uri=blog.php%3Fid%3D3639446-314%26name%3Ddamen+velourslederjacke" "Mozilla/5.0 AppleWebKit/537.36 (KHTML, like Gecko; compatible; Googlebot/2.1; +http://www.google.com/bot.html) Chrome/137.0.7151.119 Safari/537.36"
66.249.79.236 - - [14/Jul/2025:01:03:49 +0000] "POST /get-message-notify HTTP/1.1" 200 22042 "https://gardenify.com.au/?s=91502232031490&mod=f073b7fd&uri=shop.php%3Fid%3D3053599-464%26name%3Di5+4440+socket+type" "Mozilla/5.0 AppleWebKit/537.36 (KHTML, like Gecko; compatible; Googlebot/2.1; +http://www.google.com/bot.html) Chrome/137.0.7151.119 Safari/537.36"
66.249.79.225 - - [14/Jul/2025:01:03:52 +0000] "POST /get-message-notify HTTP/1.1" 200 22029 "https://gardenify.com.au/safe_search/config?return_url=%2Fproduct%2Fdetail%2F19351053030490" "Mozilla/5.0 AppleWebKit/537.36 (KHTML, like Gecko; compatible; Googlebot/2.1; +http://www.google.com/bot.html) Chrome/137.0.7151.119 Safari/537.36"
66.249.79.224 - - [14/Jul/2025:01:03:52 +0000] "POST /get-message-notify HTTP/1.1" 200 22031 "https://gardenify.com.au/?s=20555326061490&mod=9cecbb6f&uri=blog.php%3Fid%3D686151-344%26name%3Dautowiring+in+spring+example+byname" "Mozilla/5.0 AppleWebKit/537.36 (KHTML, like Gecko; compatible; Googlebot/2.1; +http://www.google.com/bot.html) Chrome/137.0.7151.119 Safari/537.36"
66.249.79.225 - - [14/Jul/2025:01:03:53 +0000] "POST /get-message-notify HTTP/1.1" 200 22037 "https://gardenify.com.au/?s=20560966031490&mod=9cecbb6f&uri=brands.php%3Fid%3D686339-344%26name%3Dlebron+james+dwyane+wade+poster" "Mozilla/5.0 AppleWebKit/537.36 (KHTML, like Gecko; compatible; Googlebot/2.1; +http://www.google.com/bot.html) Chrome/137.0.7151.119 Safari/537.36"
66.249.79.228 - - [14/Jul/2025:01:03:53 +0000] "POST /get-message-notify HTTP/1.1" 200 22042 "https://gardenify.com.au/?s=91482826011490&mod=b63bc3c4&uri=products.php%3Fid%3D3052952-683%26name%3Dproveedores+ropa+ecologica" "Mozilla/5.0 AppleWebKit/537.36 (KHTML, like Gecko; compatible; Googlebot/2.1; +http://www.google.com/bot.html) Chrome/137.0.7151.119 Safari/537.36"
66.249.79.236 - - [14/Jul/2025:01:03:54 +0000] "POST /get-message-notify HTTP/1.1" 200 22048 "https://gardenify.com.au/?s=19345293031490&mod=e16a7577&uri=article.php%3Fid%3D645782-248%26name%3Dessentials+molecule+01" "Mozilla/5.0 AppleWebKit/537.36 (KHTML, like Gecko; compatible; Googlebot/2.1; +http://www.google.com/bot.html) Chrome/137.0.7151.119 Safari/537.36"
66.249.79.238 - - [14/Jul/2025:01:03:56 +0000] "POST /get-message-notify HTTP/1.1" 200 22032 "https://gardenify.com.au/?s=62477476091490&mod=aa568ecc&uri=products.php%3Fid%3D2084947-677%26name%3Dmens+carhartt+belt" "Mozilla/5.0 AppleWebKit/537.36 (KHTML, like Gecko; compatible; Googlebot/2.1; +http://www.google.com/bot.html) Chrome/137.0.7151.119 Safari/537.36"
66.249.79.238 - - [14/Jul/2025:01:03:57 +0000] "POST /get-message-notify HTTP/1.1" 200 22035 "https://gardenify.com.au/?s=19343313051490&mod=e16a7577&uri=info.php%3Fid%3D645716-248%26name%3Dperfume+gucci+para+mujer" "Mozilla/5.0 AppleWebKit/537.36 (KHTML, like Gecko; compatible; Googlebot/2.1; +http://www.google.com/bot.html) Chrome/137.0.7151.119 Safari/537.36"
66.249.79.226 - - [14/Jul/2025:01:04:07 +0000] "POST /get-message-notify HTTP/1.1" 200 22035 "https://gardenify.com.au/?s=19344393031490&mod=e16a7577&uri=info.php%3Fid%3D645752-248%26name%3Dperfume+for+less+online" "Mozilla/5.0 AppleWebKit/537.36 (KHTML, like Gecko; compatible; Googlebot/2.1; +http://www.google.com/bot.html) Chrome/137.0.7151.119 Safari/537.36"
66.249.79.237 - - [14/Jul/2025:01:04:29 +0000] "POST /get-message-notify HTTP/1.1" 200 22030 "https://gardenify.com.au/?s=62479516021490&mod=aa568ecc&uri=brands.php%3Fid%3D2085015-677%26name%3Dexact+fit+mens+belt" "Mozilla/5.0 AppleWebKit/537.36 (KHTML, like Gecko; compatible; Googlebot/2.1; +http://www.google.com/bot.html) Chrome/137.0.7151.119 Safari/537.36"
66.249.79.237 - - [14/Jul/2025:01:05:11 +0000] "GET /?s=19342413031490&mod=e16a7577&uri=pin.php%3Fid%3D645686-248%26name%3Dlancome+75+ml+la+vie+est+belle HTTP/1.1" 200 21849 "-" "Mozilla/5.0 (compatible; Googlebot/2.1; +http://www.google.com/bot.html)"
66.249.79.237 - - [14/Jul/2025:01:05:11 +0000] "GET /?s=19349253031490&mod=e16a7577&uri=form.php%3Fid%3D645914-248%26name%3Ddior+perfume+pink+bottle HTTP/1.1" 200 22177 "-" "Mozilla/5.0 (compatible; Googlebot/2.1; +http://www.google.com/bot.html)"
66.249.79.237 - - [14/Jul/2025:01:05:11 +0000] "GET /?s=91482046051490&mod=b63bc3c4&uri=blog.php%3Fid%3D3052926-683%26name%3Dfabrica+de+pantalones+yale HTTP/1.1" 200 21527 "-" "Mozilla/5.0 (compatible; Googlebot/2.1; +http://www.google.com/bot.html)"
66.249.79.238 - - [14/Jul/2025:01:05:12 +0000] "GET /?s=109049117051490&mod=f36c9507&uri=info.php%3Fid%3D3639314-314%26name%3Dchampions+winterjacke+herren HTTP/1.1" 200 20785 "-" "Mozilla/5.0 (compatible; Googlebot/2.1; +http://www.google.com/bot.html)"
66.249.79.236 - - [14/Jul/2025:01:05:11 +0000] "GET /?s=19338993011490&mod=e16a7577&uri=shared.php%3Fid%3D645572-248%26name%3Dwanted+azzaro+150+ml HTTP/1.1" 200 21727 "-" "Mozilla/5.0 (compatible; Googlebot/2.1; +http://www.google.com/bot.html)"
66.249.79.238 - - [14/Jul/2025:01:05:12 +0000] "GET /?s=19344573121490&mod=e16a7577&uri=products.php%3Fid%3D645758-248%26name%3Dbody+shop+best+mist HTTP/1.1" 200 21859 "-" "Mozilla/5.0 (compatible; Googlebot/2.1; +http://www.google.com/bot.html)"
66.249.79.237 - - [14/Jul/2025:01:05:12 +0000] "GET /?s=72762650061490&mod=69f79848&uri=pin.php%3Fid%3D2428167-1291%26name%3Dtrotters+zapatos+hombre HTTP/1.1" 200 21308 "-" "Mozilla/5.0 (compatible; Googlebot/2.1; +http://www.google.com/bot.html)"
66.249.79.238 - - [14/Jul/2025:01:05:12 +0000] "GET /?s=109053677071490&mod=f36c9507&uri=shop.php%3Fid%3D3639466-314%26name%3Dbaum+wolle HTTP/1.1" 200 21102 "-" "Mozilla/5.0 (compatible; Googlebot/2.1; +http://www.google.com/bot.html)"
66.249.79.238 - - [14/Jul/2025:01:05:12 +0000] "GET /?s=20562286121490&mod=9cecbb6f&uri=blog.php%3Fid%3D686383-344%26name%3Dlebron+james+27+finals+stats HTTP/1.1" 200 21292 "-" "Mozilla/5.0 (compatible; Googlebot/2.1; +http://www.google.com/bot.html)"
66.249.79.238 - - [14/Jul/2025:01:05:12 +0000] "GET /?s=119815741041490&mod=420c8410&uri=shared.php%3Fid%3D3998615-129%26name%3Dampsentrix+iphone+6s+battery HTTP/1.1" 200 22017 "-" "Mozilla/5.0 (compatible; Googlebot/2.1; +http://www.google.com/bot.html)"
66.249.79.236 - - [14/Jul/2025:01:05:20 +0000] "GET /?s=109055477071490&mod=f36c9507&uri=blog.php%3Fid%3D3639526-314%26name%3Dbmw+service+jacke HTTP/1.1" 200 20510 "-" "Mozilla/5.0 (compatible; Googlebot/2.1; +http://www.google.com/bot.html)"
