66.249.79.238 - - [14/Jul/2025:01:07:49 +0000] "GET /?s=20561326001490&mod=9cecbb6f&uri=info.php%3Fid%3D686351-344%26name%3Dlebron+witness+poster HTTP/1.1" 200 21457 "-" "Mozilla/5.0 (compatible; Googlebot/2.1; +http://www.google.com/bot.html)"
66.249.79.238 - - [14/Jul/2025:01:07:50 +0000] "GET /?s=91482076061490&mod=b63bc3c4&uri=itm.php%3Fid%3D3052927-683%26name%3Dfabrica+de+botones+para+ropa HTTP/1.1" 200 21620 "-" "Mozilla/5.0 (compatible; Googlebot/2.1; +http://www.google.com/bot.html)"
66.249.79.224 - - [14/Jul/2025:01:07:50 +0000] "GET /?s=109046837041490&mod=0ce34d37&uri=brands.php%3Fid%3D3639238-1380%26name%3Dcampervan+folding+bed HTTP/1.1" 200 21040 "-" "Mozilla/5.0 (compatible; Googlebot/2.1; +http://www.google.com/bot.html)"
66.249.79.227 - - [14/Jul/2025:01:07:51 +0000] "GET /?s=109047317031490&mod=b7069fb4&uri=news.php%3Fid%3D3639254-1419%26name%3Dlevtex+bailey+wall+decal HTTP/1.1" 200 21349 "-" "Mozilla/5.0 (compatible; Googlebot/2.1; +http://www.google.com/bot.html)"
66.249.79.224 - - [14/Jul/2025:01:07:51 +0000] "GET /?s=62476996081490&mod=aa568ecc&uri=products.php%3Fid%3D2084931-677%26name%3Dmens+leather+belt+straps HTTP/1.1" 200 21691 "-" "Mozilla/5.0 (compatible; Googlebot/2.1; +http://www.google.com/bot.html)"
66.249.79.238 - - [14/Jul/2025:01:07:51 +0000] "GET /?s=20560486021490&mod=b43c540b&uri=brands.php%3Fid%3D686323-757%26name%3Dankara+overalls HTTP/1.1" 200 20558 "-" "Mozilla/5.0 (compatible; Googlebot/2.1; +http://www.google.com/bot.html)"
66.249.79.238 - - [14/Jul/2025:01:07:51 +0000] "GET /?s=20557606061490&mod=9cecbb6f&uri=shop.php%3Fid%3D686227-344%26name%3Dlebron+james+framed+poster HTTP/1.1" 200 21844 "-" "Mozilla/5.0 (compatible; Googlebot/2.1; +http://www.google.com/bot.html)"
66.249.79.236 - - [14/Jul/2025:01:07:52 +0000] "GET /?s=19337373071490&mod=e16a7577&uri=brands.php%3Fid%3D645518-248%26name%3Donly+man+perfume HTTP/1.1" 200 22074 "-" "Mozilla/5.0 (compatible; Googlebot/2.1; +http://www.google.com/bot.html)"
66.249.79.237 - - [14/Jul/2025:01:07:52 +0000] "GET /?s=109048157031490&mod=f36c9507&uri=info.php%3Fid%3D3639282-314%26name%3Dstoff+einhorn+blau HTTP/1.1" 200 22044 "-" "Mozilla/5.0 (compatible; Googlebot/2.1; +http://www.google.com/bot.html)"
66.249.79.237 - - [14/Jul/2025:01:07:52 +0000] "GET /?s=91481656021490&mod=b63bc3c4&uri=dp.php%3Fid%3D3052913-683%26name%3Dvestido+de+novia+carmen+villalobos HTTP/1.1" 200 21632 "-" "Mozilla/5.0 (compatible; Googlebot/2.1; +http://www.google.com/bot.html)"
66.249.79.224 - - [14/Jul/2025:01:07:53 +0000] "POST /get-message-notify HTTP/1.1" 200 22033 "https://gardenify.com.au/?s=62477596131490&mod=aa568ecc&uri=news.php%3Fid%3D2084951-677%26name%3Dcorset+garter+belt" "Mozilla/5.0 AppleWebKit/537.36 (KHTML, like Gecko; compatible; Googlebot/2.1; +http://www.google.com/bot.html) Chrome/137.0.7151.119 Safari/537.36"
66.249.79.227 - - [14/Jul/2025:01:07:53 +0000] "GET /?s=19337733041490&mod=e16a7577&uri=info.php%3Fid%3D645530-248%26name%3Dal+wisam+pour+homme HTTP/1.1" 200 22544 "-" "Mozilla/5.0 (compatible; Googlebot/2.1; +http://www.google.com/bot.html)"
66.249.79.224 - - [14/Jul/2025:01:07:53 +0000] "GET /?s=90869391041490&mod=ab9a1c10&uri=itm.php%3Fid%3D3032461-611%26name%3Dnike+elite+backpack+2013 HTTP/1.1" 200 21887 "-" "Mozilla/5.0 (compatible; Googlebot/2.1; +http://www.google.com/bot.html)"
66.249.79.226 - - [14/Jul/2025:01:07:53 +0000] "GET /?s=20551339071490&mod=9cecbb6f&uri=product.php%3Fid%3D686018-344%26name%3Dspring+mvc+in+depth HTTP/1.1" 200 21911 "-" "Mozilla/5.0 (compatible; Googlebot/2.1; +http://www.google.com/bot.html)"
66.249.79.238 - - [14/Jul/2025:01:08:01 +0000] "POST /get-message-notify HTTP/1.1" 200 22024 "https://gardenify.com.au/?s=20560246021490&mod=9cecbb6f&uri=info.php%3Fid%3D686315-344%26name%3Dlebron+james+total+years+in+nba" "Mozilla/5.0 AppleWebKit/537.36 (KHTML, like Gecko; compatible; Googlebot/2.1; +http://www.google.com/bot.html) Chrome/137.0.7151.119 Safari/537.36"
66.249.79.225 - - [14/Jul/2025:01:08:10 +0000] "POST /get-message-notify HTTP/1.1" 200 22036 "https://gardenify.com.au/?s=19337733041490&mod=e16a7577&uri=info.php%3Fid%3D645530-248%26name%3Dal+wisam+pour+homme" "Mozilla/5.0 AppleWebKit/537.36 (KHTML, like Gecko; compatible; Googlebot/2.1; +http://www.google.com/bot.html) Chrome/137.0.7151.119 Safari/537.36"
66.249.79.225 - - [14/Jul/2025:01:08:10 +0000] "POST /get-message-notify HTTP/1.1" 200 22035 "https://gardenify.com.au/?s=109047077031490&mod=e96822f7&uri=products.php%3Fid%3D3639246-234%26name%3Dtom+tailor+jacke+damen+kariert" "Mozilla/5.0 AppleWebKit/537.36 (KHTML, like Gecko; compatible; Googlebot/2.1; +http://www.google.com/bot.html) Chrome/137.0.7151.119 Safari/537.36"
66.249.79.237 - - [14/Jul/2025:01:09:13 +0000] "GET /?s=62484796041490&mod=aa568ecc&uri=goods.php%3Fid%3D2085191-677%26name%3Ddouble+holed+belt HTTP/1.1" 200 21872 "-" "Mozilla/5.0 (compatible; Googlebot/2.1; +http://www.google.com/bot.html)"
66.249.79.237 - - [14/Jul/2025:01:09:14 +0000] "GET /?s=109006352041490&mod=58c54802&uri=shop.php%3Fid%3D3637888-10%26name%3Dtuta+intera+militare+donna HTTP/1.1" 200 22551 "-" "Mozilla/5.0 (compatible; Googlebot/2.1; +http://www.google.com/bot.html)"
66.249.79.237 - - [14/Jul/2025:01:09:14 +0000] "GET /?s=72763670041490&mod=95062cef&uri=info.php%3Fid%3D2428201-1366%26name%3Dgilet+manteau+femme+pas+cher HTTP/1.1" 200 21337 "-" "Mozilla/5.0 (compatible; Googlebot/2.1; +http://www.google.com/bot.html)"
66.249.79.236 - - [14/Jul/2025:01:09:14 +0000] "GET /?s=88403914091490&mod=ab9a1c10&uri=goods.php%3Fid%3D2950180-611%26name%3Dquality+cabin+luggage HTTP/1.1" 200 21797 "-" "Mozilla/5.0 (compatible; Googlebot/2.1; +http://www.google.com/bot.html)"
66.249.79.236 - - [14/Jul/2025:01:09:15 +0000] "GET /?s=62444282071490&mod=42b1ca0e&uri=dp.php%3Fid%3D2083840-570%26name%3Dair+cooler+wheel HTTP/1.1" 200 21104 "-" "Mozilla/5.0 (compatible; Googlebot/2.1; +http://www.google.com/bot.html)"
66.249.79.236 - - [14/Jul/2025:01:09:15 +0000] "GET /?s=20561206061490&mod=9cecbb6f&uri=pin.php%3Fid%3D686347-344%26name%3Dspring+batch+mkyong HTTP/1.1" 200 21718 "-" "Mozilla/5.0 (compatible; Googlebot/2.1; +http://www.google.com/bot.html)"
66.249.79.236 - - [14/Jul/2025:01:09:15 +0000] "GET /?s=20559406011490&mod=9cecbb6f&uri=shared.php%3Fid%3D686287-344%26name%3Dspring+social+rest+api HTTP/1.1" 200 22544 "-" "Mozilla/5.0 (compatible; Googlebot/2.1; +http://www.google.com/bot.html)"
66.249.79.236 - - [14/Jul/2025:01:09:16 +0000] "GET /?s=109054637071490&mod=f36c9507&uri=goods.php%3Fid%3D3639498-314%26name%3Dbraune+lederjacke+damen+kombinieren HTTP/1.1" 200 20681 "-" "Mozilla/5.0 (compatible; Googlebot/2.1; +http://www.google.com/bot.html)"
66.249.79.237 - - [14/Jul/2025:01:09:16 +0000] "GET /?s=19280055031490&mod=4a5a3a30&uri=dp.php%3Fid%3D643604-736%26name%3Dbest+men%27s+golf+shoes+2019 HTTP/1.1" 200 21959 "-" "Mozilla/5.0 (compatible; Googlebot/2.1; +http://www.google.com/bot.html)"
66.249.79.238 - - [14/Jul/2025:01:09:16 +0000] "GET /?s=20562886021490&mod=9cecbb6f&uri=us.php%3Fid%3D686403-344%26name%3Dgiannis+antetokounmpo+shoe+brand HTTP/1.1" 200 22088 "-" "Mozilla/5.0 (compatible; Googlebot/2.1; +http://www.google.com/bot.html)"
66.249.79.236 - - [14/Jul/2025:01:09:17 +0000] "GET /?s=62483236011490&mod=aa568ecc&uri=itm.php%3Fid%3D2085139-677%26name%3Dmm+belt HTTP/1.1" 200 21727 "-" "Mozilla/5.0 (compatible; Googlebot/2.1; +http://www.google.com/bot.html)"
66.249.79.236 - - [14/Jul/2025:01:09:17 +0000] "GET /?s=62480356001490&mod=aa568ecc&uri=info.php%3Fid%3D2085043-677%26name%3Dsalman+khan+belt+price HTTP/1.1" 200 21387 "-" "Mozilla/5.0 (compatible; Googlebot/2.1; +http://www.google.com/bot.html)"
66.249.79.236 - - [14/Jul/2025:01:09:17 +0000] "GET /?s=20515339011490&mod=23a51660&uri=products.php%3Fid%3D684818-723%26name%3Drobe+fluide+hiver+2021 HTTP/1.1" 200 21356 "-" "Mozilla/5.0 (compatible; Googlebot/2.1; +http://www.google.com/bot.html)"
66.249.79.236 - - [14/Jul/2025:01:09:18 +0000] "GET /?s=72764510061490&mod=69f79848&uri=article.php%3Fid%3D2428229-1291%26name%3Dconjunto+fila+ni%C3%83%C2%B1a HTTP/1.1" 200 21745 "-" "Mozilla/5.0 (compatible; Googlebot/2.1; +http://www.google.com/bot.html)"
66.249.79.236 - - [14/Jul/2025:01:09:18 +0000] "GET /?s=62480956001490&mod=d8435807&uri=us.php%3Fid%3D2085063-920%26name%3Dleather+pants+women HTTP/1.1" 200 20666 "-" "Mozilla/5.0 (compatible; Googlebot/2.1; +http://www.google.com/bot.html)"
66.249.79.236 - - [14/Jul/2025:01:09:22 +0000] "GET /?s=72762590071490&mod=8f561e4c&uri=shop.php%3Fid%3D2428165-335%26name%3Dbest+buy+sonos+arc+soundbar HTTP/1.1" 200 21887 "-" "Mozilla/5.0 (compatible; Googlebot/2.1; +http://www.google.com/bot.html)"
66.249.79.237 - - [14/Jul/2025:01:09:22 +0000] "GET /?s=72765410021490&mod=69f79848&uri=shared.php%3Fid%3D2428259-1291%26name%3Ddportenis+basquetbol HTTP/1.1" 200 21947 "-" "Mozilla/5.0 (compatible; Googlebot/2.1; +http://www.google.com/bot.html)"
66.249.79.237 - - [14/Jul/2025:01:09:23 +0000] "POST /get-message-notify HTTP/1.1" 200 22036 "https://gardenify.com.au/?s=88403914091490&mod=ab9a1c10&uri=goods.php%3Fid%3D2950180-611%26name%3Dquality+cabin+luggage" "Mozilla/5.0 AppleWebKit/537.36 (KHTML, like Gecko; compatible; Googlebot/2.1; +http://www.google.com/bot.html) Chrome/137.0.7151.119 Safari/537.36"
66.249.79.236 - - [14/Jul/2025:01:09:23 +0000] "GET /?s=91481056021490&mod=b63bc3c4&uri=brands.php%3Fid%3D3052893-683%26name%3Df%C3%83%C2%A1brica+ropa+deportiva+personalizada HTTP/1.1" 200 22519 "-" "Mozilla/5.0 (compatible; Googlebot/2.1; +http://www.google.com/bot.html)"
66.249.79.237 - - [14/Jul/2025:01:09:26 +0000] "GET /?s=62485276041490&mod=aa568ecc&uri=products.php%3Fid%3D2085207-677%26name%3Dhorween+belt HTTP/1.1" 200 21122 "-" "Mozilla/5.0 (compatible; Googlebot/2.1; +http://www.google.com/bot.html)"
66.249.79.237 - - [14/Jul/2025:01:09:27 +0000] "POST /get-message-notify HTTP/1.1" 200 22041 "https://gardenify.com.au/?s=62483236011490&mod=aa568ecc&uri=itm.php%3Fid%3D2085139-677%26name%3Dmm+belt" "Mozilla/5.0 AppleWebKit/537.36 (KHTML, like Gecko; compatible; Googlebot/2.1; +http://www.google.com/bot.html) Chrome/137.0.7151.119 Safari/537.36"
66.249.79.236 - - [14/Jul/2025:01:09:27 +0000] "GET /?s=20561446141490&mod=9cecbb6f&uri=shop.php%3Fid%3D686355-344%26name%3Dblowfish+online HTTP/1.1" 200 21711 "-" "Mozilla/5.0 (compatible; Googlebot/2.1; +http://www.google.com/bot.html)"
66.249.79.236 - - [14/Jul/2025:01:09:31 +0000] "GET /?s=109053557031490&mod=f36c9507&uri=blog.php%3Fid%3D3639462-314%26name%3Dbmw+rallye+jacke+gebraucht HTTP/1.1" 200 21887 "-" "Mozilla/5.0 (compatible; Googlebot/2.1; +http://www.google.com/bot.html)"
66.249.79.236 - - [14/Jul/2025:01:09:31 +0000] "GET /?s=20561566081490&mod=9cecbb6f&uri=goods.php%3Fid%3D686359-344%26name%3Dlebron+first+nba+game+stats HTTP/1.1" 200 21708 "-" "Mozilla/5.0 (compatible; Googlebot/2.1; +http://www.google.com/bot.html)"
66.249.79.236 - - [14/Jul/2025:01:09:31 +0000] "POST /get-message-notify HTTP/1.1" 200 22033 "https://gardenify.com.au/?s=19285297031490&mod=1fd25420&uri=goods.php%3Fid%3D643779-738%26name%3Dpolaire+decathlon+enfant" "Mozilla/5.0 AppleWebKit/537.36 (KHTML, like Gecko; compatible; Googlebot/2.1; +http://www.google.com/bot.html) Chrome/137.0.7151.119 Safari/537.36"
66.249.79.237 - - [14/Jul/2025:01:09:32 +0000] "GET /?s=72762530001490&mod=8ab58f33&uri=form.php%3Fid%3D2428163-1290%26name%3Dretro+con+reloj HTTP/1.1" 200 21473 "-" "Mozilla/5.0 (compatible; Googlebot/2.1; +http://www.google.com/bot.html)"
66.249.79.236 - - [14/Jul/2025:01:09:32 +0000] "GET /?s=20561926001490&mod=9cecbb6f&uri=us.php%3Fid%3D686371-344%26name%3Dlebron+james+assists+total HTTP/1.1" 200 22014 "-" "Mozilla/5.0 (compatible; Googlebot/2.1; +http://www.google.com/bot.html)"
66.249.79.236 - - [14/Jul/2025:01:09:34 +0000] "GET /?s=72730411051490&mod=ddb9d4c1&uri=product.php%3Fid%3D2427092-1365%26name%3Dnike+air+max+ultra+moire+dames HTTP/1.1" 200 21271 "-" "Mozilla/5.0 (compatible; Googlebot/2.1; +http://www.google.com/bot.html)"
66.249.79.237 - - [14/Jul/2025:01:09:34 +0000] "GET /?s=72763430001490&mod=69f79848&uri=shared.php%3Fid%3D2428193-1291%26name%3Dcuales+son+los+yeezy+mas+caros HTTP/1.1" 200 22416 "-" "Mozilla/5.0 (compatible; Googlebot/2.1; +http://www.google.com/bot.html)"
66.249.79.238 - - [14/Jul/2025:01:09:35 +0000] "GET /?s=109052477071490&mod=f36c9507&uri=itm.php%3Fid%3D3639426-314%26name%3Dkanz+babyjacke HTTP/1.1" 200 20397 "-" "Mozilla/5.0 (compatible; Googlebot/2.1; +http://www.google.com/bot.html)"
66.249.79.237 - - [14/Jul/2025:01:09:39 +0000] "POST /get-message-notify HTTP/1.1" 200 22042 "https://gardenify.com.au/?s=91481056021490&mod=b63bc3c4&uri=brands.php%3Fid%3D3052893-683%26name%3Df%C3%83%C2%A1brica+ropa+deportiva+personalizada" "Mozilla/5.0 AppleWebKit/537.36 (KHTML, like Gecko; compatible; Googlebot/2.1; +http://www.google.com/bot.html) Chrome/137.0.7151.119 Safari/537.36"
66.249.79.236 - - [14/Jul/2025:01:09:39 +0000] "GET /?s=19345113051490&mod=e16a7577&uri=form.php%3Fid%3D645776-248%26name%3Dchloe+eau+de+parfum+chloe HTTP/1.1" 200 22089 "-" "Mozilla/5.0 (compatible; Googlebot/2.1; +http://www.google.com/bot.html)"
66.249.79.238 - - [14/Jul/2025:01:09:39 +0000] "GET /?s=20558086021490&mod=9cecbb6f&uri=article.php%3Fid%3D686243-344%26name%3Dlebron+james+first+game+stats HTTP/1.1" 200 22074 "-" "Mozilla/5.0 (compatible; Googlebot/2.1; +http://www.google.com/bot.html)"
66.249.79.237 - - [14/Jul/2025:01:09:40 +0000] "GET /?s=62482156001490&mod=aa568ecc&uri=form.php%3Fid%3D2085103-677%26name%3Dfull+leather+belt HTTP/1.1" 200 21459 "-" "Mozilla/5.0 (compatible; Googlebot/2.1; +http://www.google.com/bot.html)"
66.249.79.238 - - [14/Jul/2025:01:09:40 +0000] "POST /get-message-notify HTTP/1.1" 200 22036 "https://gardenify.com.au/?s=72763430001490&mod=69f79848&uri=shared.php%3Fid%3D2428193-1291%26name%3Dcuales+son+los+yeezy+mas+caros" "Mozilla/5.0 AppleWebKit/537.36 (KHTML, like Gecko; compatible; Googlebot/2.1; +http://www.google.com/bot.html) Chrome/137.0.7151.119 Safari/537.36"
66.249.79.237 - - [14/Jul/2025:01:09:40 +0000] "GET /?s=19348893071490&mod=0e98aeeb&uri=shop.php%3Fid%3D645902-57%26name%3Dbest+over+ear+microphone HTTP/1.1" 200 21804 "-" "Mozilla/5.0 (compatible; Googlebot/2.1; +http://www.google.com/bot.html)"
66.249.79.236 - - [14/Jul/2025:01:09:44 +0000] "GET /?s=72764570131490&mod=8ab58f33&uri=shared.php%3Fid%3D2428231-1290%26name%3Dzapatillas+maxi+suela+stradivarius HTTP/1.1" 200 20431 "-" "Mozilla/5.0 (compatible; Googlebot/2.1; +http://www.google.com/bot.html)"
66.249.79.237 - - [14/Jul/2025:01:09:44 +0000] "GET /?s=72761690041490&mod=95062cef&uri=pin.php%3Fid%3D2428135-1366%26name%3Ddoudoune+fine+capuche+fourrure HTTP/1.1" 200 21930 "-" "Mozilla/5.0 (compatible; Googlebot/2.1; +http://www.google.com/bot.html)"
66.249.79.237 - - [14/Jul/2025:01:09:45 +0000] "GET /?s=91480966031490&mod=b63bc3c4&uri=news.php%3Fid%3D3052890-683%26name%3Dmarcas+de+ropa+de+hombre+actuales HTTP/1.1" 200 21766 "-" "Mozilla/5.0 (compatible; Googlebot/2.1; +http://www.google.com/bot.html)"
66.249.79.236 - - [14/Jul/2025:01:09:45 +0000] "GET /?s=62478556001490&mod=aa568ecc&uri=brands.php%3Fid%3D2084983-677%26name%3Dafter+birth+body+shaper HTTP/1.1" 200 21730 "-" "Mozilla/5.0 (compatible; Googlebot/2.1; +http://www.google.com/bot.html)"
66.249.79.237 - - [14/Jul/2025:01:09:45 +0000] "GET /?s=19341333031490&mod=e16a7577&uri=info.php%3Fid%3D645650-248%26name%3Dtommy+hilfiger+perfume+review HTTP/1.1" 200 22708 "-" "Mozilla/5.0 (compatible; Googlebot/2.1; +http://www.google.com/bot.html)"
66.249.79.236 - - [14/Jul/2025:01:09:47 +0000] "GET /?s=62478796031490&mod=aa568ecc&uri=pin.php%3Fid%3D2084991-677%26name%3Dw+kleinberg+belt HTTP/1.1" 200 22089 "-" "Mozilla/5.0 (compatible; Googlebot/2.1; +http://www.google.com/bot.html)"
66.249.79.236 - - [14/Jul/2025:01:09:47 +0000] "GET /?s=20555566031490&mod=9cecbb6f&uri=products.php%3Fid%3D686159-344%26name%3Dcavs+warriors+216 HTTP/1.1" 200 22368 "-" "Mozilla/5.0 (compatible; Googlebot/2.1; +http://www.google.com/bot.html)"
66.249.79.236 - - [14/Jul/2025:01:09:47 +0000] "GET /?s=119804722001490&mod=420c8410&uri=category-info.php%3Fid%3D3998247-129%26name%3Diphone+12+series+comparison HTTP/1.1" 200 21738 "-" "Mozilla/5.0 (compatible; Googlebot/2.1; +http://www.google.com/bot.html)"
66.249.79.237 - - [14/Jul/2025:01:09:47 +0000] "GET /?s=62485036011490&mod=d8435807&uri=search.php%3Fid%3D2085199-920%26name%3D80+look+fashion HTTP/1.1" 200 21256 "-" "Mozilla/5.0 (compatible; Googlebot/2.1; +http://www.google.com/bot.html)"
66.249.79.236 - - [14/Jul/2025:01:09:48 +0000] "GET /?s=62483596001490&mod=aa568ecc&uri=news.php%3Fid%3D2085151-677%26name%3Dnylon+belt+strap HTTP/1.1" 200 21234 "-" "Mozilla/5.0 (compatible; Googlebot/2.1; +http://www.google.com/bot.html)"
66.249.79.238 - - [14/Jul/2025:01:09:48 +0000] "GET /?s=20555446091490&mod=9cecbb6f&uri=info.php%3Fid%3D686155-344%26name%3Dangular+com+spring+boot HTTP/1.1" 200 21616 "-" "Mozilla/5.0 (compatible; Googlebot/2.1; +http://www.google.com/bot.html)"
66.249.79.238 - - [14/Jul/2025:01:09:48 +0000] "GET /?s=19344933091490&mod=e16a7577&uri=category-info.php%3Fid%3D645770-248%26name%3Dpet+perfume+for+cats HTTP/1.1" 200 21255 "-" "Mozilla/5.0 (compatible; Googlebot/2.1; +http://www.google.com/bot.html)"
66.249.79.237 - - [14/Jul/2025:01:09:48 +0000] "GET /?s=20555926101490&mod=9cecbb6f&uri=info.php%3Fid%3D686171-344%26name%3Dlebron+james+212+stats HTTP/1.1" 200 21395 "-" "Mozilla/5.0 (compatible; Googlebot/2.1; +http://www.google.com/bot.html)"
66.249.79.224 - - [14/Jul/2025:01:09:48 +0000] "GET /?s=19343853031490&mod=e16a7577&uri=goods.php%3Fid%3D645734-248%26name%3Dsilk+ajmal HTTP/1.1" 200 22442 "-" "Mozilla/5.0 (compatible; Googlebot/2.1; +http://www.google.com/bot.html)"
66.249.79.237 - - [14/Jul/2025:01:09:48 +0000] "GET /?s=104611995021490&mod=ab9a1c10&uri=shared.php%3Fid%3D3491218-611%26name%3Dlunch+bag+with+bottle HTTP/1.1" 200 22537 "-" "Mozilla/5.0 (compatible; Googlebot/2.1; +http://www.google.com/bot.html)"
66.249.79.238 - - [14/Jul/2025:01:09:49 +0000] "GET /?s=91482616041490&mod=b63bc3c4&uri=dp.php%3Fid%3D3052945-683%26name%3Dvestido+de+15+color+cremita HTTP/1.1" 200 20899 "-" "Mozilla/5.0 (compatible; Googlebot/2.1; +http://www.google.com/bot.html)"
66.249.79.238 - - [14/Jul/2025:01:09:49 +0000] "GET /?s=20557726101490&mod=9cecbb6f&uri=form.php%3Fid%3D686231-344%26name%3Dspring+quartz+cron HTTP/1.1" 200 22071 "-" "Mozilla/5.0 (compatible; Googlebot/2.1; +http://www.google.com/bot.html)"
66.249.79.238 - - [14/Jul/2025:01:09:49 +0000] "GET /?s=109053197031490&mod=f36c9507&uri=products.php%3Fid%3D3639450-314%26name%3Dstillpullover+milchshake HTTP/1.1" 200 21915 "-" "Mozilla/5.0 (compatible; Googlebot/2.1; +http://www.google.com/bot.html)"
66.249.79.236 - - [14/Jul/2025:01:09:49 +0000] "GET /?s=91483006021490&mod=b63bc3c4&uri=shared.php%3Fid%3D3052958-683%26name%3Dvestimenta+con+a HTTP/1.1" 200 21487 "-" "Mozilla/5.0 (compatible; Googlebot/2.1; +http://www.google.com/bot.html)"
66.249.79.238 - - [14/Jul/2025:01:09:49 +0000] "GET /?s=62477236061490&mod=aa568ecc&uri=search.php%3Fid%3D2084939-677%26name%3Dwearing+a+belt+with+suspenders HTTP/1.1" 200 21258 "-" "Mozilla/5.0 (compatible; Googlebot/2.1; +http://www.google.com/bot.html)"
66.249.79.237 - - [14/Jul/2025:01:09:49 +0000] "GET /?s=62482636001490&mod=aa568ecc&uri=brands.php%3Fid%3D2085119-677%26name%3Dunique+leather+belts HTTP/1.1" 200 21446 "-" "Mozilla/5.0 (compatible; Googlebot/2.1; +http://www.google.com/bot.html)"
66.249.79.237 - - [14/Jul/2025:01:09:50 +0000] "GET /?s=94925974001490&mod=ab9a1c10&uri=pin.php%3Fid%3D3167911-611%26name%3Dwomens+work+purse HTTP/1.1" 200 22618 "-" "Mozilla/5.0 (compatible; Googlebot/2.1; +http://www.google.com/bot.html)"
66.249.79.238 - - [14/Jul/2025:01:09:50 +0000] "GET /safe_search/config?return_url=%2Fproduct%2Fdetail%2F62486116020490 HTTP/1.1" 200 21681 "-" "Mozilla/5.0 (compatible; Googlebot/2.1; +http://www.google.com/bot.html)"
66.249.79.224 - - [14/Jul/2025:01:09:50 +0000] "GET /?s=62477716021490&mod=d8435807&uri=goods.php%3Fid%3D2084955-920%26name%3Ddebenhams+trousers HTTP/1.1" 200 21257 "-" "Mozilla/5.0 (compatible; Googlebot/2.1; +http://www.google.com/bot.html)"
66.249.79.224 - - [14/Jul/2025:01:09:51 +0000] "GET /?s=20554846061490&mod=9cecbb6f&uri=dp.php%3Fid%3D686135-344%26name%3Dcavs+and+raptors HTTP/1.1" 200 21655 "-" "Mozilla/5.0 (compatible; Googlebot/2.1; +http://www.google.com/bot.html)"
66.249.79.237 - - [14/Jul/2025:01:09:51 +0000] "GET /?s=91469413001490&mod=b63bc3c4&uri=category-info.php%3Fid%3D3052503-683%26name%3Dmarcas+de+pijos+hombre HTTP/1.1" 200 21659 "-" "Mozilla/5.0 (compatible; Googlebot/2.1; +http://www.google.com/bot.html)"
66.249.79.236 - - [14/Jul/2025:01:09:51 +0000] "GET /?s=20561086021490&mod=9cecbb6f&uri=dp.php%3Fid%3D686343-344%26name%3Dmizuno+wave+rider+22+weight HTTP/1.1" 200 21616 "-" "Mozilla/5.0 (compatible; Googlebot/2.1; +http://www.google.com/bot.html)"
66.249.79.238 - - [14/Jul/2025:01:09:52 +0000] "GET /?s=72763550091490&mod=69f79848&uri=shop.php%3Fid%3D2428197-1291%26name%3Dojotas+nike+solo+deportes HTTP/1.1" 200 21901 "-" "Mozilla/5.0 (compatible; Googlebot/2.1; +http://www.google.com/bot.html)"
66.249.79.224 - - [14/Jul/2025:01:09:52 +0000] "GET /?s=119845856101490&mod=2ed6f877&uri=itm.php%3Fid%3D3999619-323%26name%3Dyeti+colster+blue HTTP/1.1" 200 20376 "-" "Mozilla/5.0 (compatible; Googlebot/2.1; +http://www.google.com/bot.html)"
66.249.79.236 - - [14/Jul/2025:01:09:52 +0000] "GET /?s=72762170061490&mod=69f79848&uri=us.php%3Fid%3D2428151-1291%26name%3Dzapatillas+de+estrella HTTP/1.1" 200 21877 "-" "Mozilla/5.0 (compatible; Googlebot/2.1; +http://www.google.com/bot.html)"
66.249.79.238 - - [14/Jul/2025:01:09:52 +0000] "GET /?s=62486236001490&mod=d8435807&uri=form.php%3Fid%3D2085239-920%26name%3Dgreek+outfit+for+boy HTTP/1.1" 200 20979 "-" "Mozilla/5.0 (compatible; Googlebot/2.1; +http://www.google.com/bot.html)"
66.249.79.238 - - [14/Jul/2025:01:09:52 +0000] "GET /?s=91482166091490&mod=b63bc3c4&uri=shop.php%3Fid%3D3052930-683%26name%3Dvestido+de+daniela+alvarado HTTP/1.1" 200 21462 "-" "Mozilla/5.0 (compatible; Googlebot/2.1; +http://www.google.com/bot.html)"
66.249.79.237 - - [14/Jul/2025:01:09:52 +0000] "GET /?s=91482406031490&mod=b63bc3c4&uri=us.php%3Fid%3D3052938-683%26name%3Dsudadera+basica+hombre HTTP/1.1" 200 22007 "-" "Mozilla/5.0 (compatible; Googlebot/2.1; +http://www.google.com/bot.html)"
66.249.79.238 - - [14/Jul/2025:01:09:53 +0000] "GET /?s=62434263031490&mod=42b1ca0e&uri=article.php%3Fid%3D2083506-570%26name%3Dpack+ice+chest HTTP/1.1" 200 21210 "-" "Mozilla/5.0 (compatible; Googlebot/2.1; +http://www.google.com/bot.html)"
66.249.79.224 - - [14/Jul/2025:01:09:53 +0000] "GET /?s=72765890021490&mod=69f79848&uri=search.php%3Fid%3D2428275-1291%26name%3Dsuper+faro+tenis HTTP/1.1" 200 21479 "-" "Mozilla/5.0 (compatible; Googlebot/2.1; +http://www.google.com/bot.html)"
66.249.79.238 - - [14/Jul/2025:01:09:53 +0000] "GET /?s=20557126051490&mod=9cecbb6f&uri=shop.php%3Fid%3D686211-344%26name%3Dlebron+vs+jordan+23 HTTP/1.1" 200 21961 "-" "Mozilla/5.0 (compatible; Googlebot/2.1; +http://www.google.com/bot.html)"
66.249.79.236 - - [14/Jul/2025:01:09:53 +0000] "GET /?s=62476756001490&mod=d8435807&uri=goods.php%3Fid%3D2084923-920%26name%3Ddropshipping+clothing+suppliers HTTP/1.1" 200 21070 "-" "Mozilla/5.0 (compatible; Googlebot/2.1; +http://www.google.com/bot.html)"
66.249.79.237 - - [14/Jul/2025:01:09:53 +0000] "GET /?s=62481316021490&mod=aa568ecc&uri=info.php%3Fid%3D2085075-677%26name%3Dchromexcel+belt HTTP/1.1" 200 21639 "-" "Mozilla/5.0 (compatible; Googlebot/2.1; +http://www.google.com/bot.html)"
66.249.79.225 - - [14/Jul/2025:01:09:54 +0000] "GET /?s=109050317031490&mod=f36c9507&uri=search.php%3Fid%3D3639354-314%26name%3Dbmw+golfsport+jacket HTTP/1.1" 200 21655 "-" "Mozilla/5.0 (compatible; Googlebot/2.1; +http://www.google.com/bot.html)"
66.249.79.225 - - [14/Jul/2025:01:09:54 +0000] "GET /?s=19350333031490&mod=e16a7577&uri=dp.php%3Fid%3D645950-248%26name%3Djeremy+fragrance+amazon+list HTTP/1.1" 200 22055 "-" "Mozilla/5.0 (compatible; Googlebot/2.1; +http://www.google.com/bot.html)"
66.249.79.237 - - [14/Jul/2025:01:09:54 +0000] "GET /?s=20575336021490&mod=e24a7e4c&uri=blog.php%3Fid%3D686818-310%26name%3Dgaming+x+z490 HTTP/1.1" 200 22230 "-" "Mozilla/5.0 (compatible; Googlebot/2.1; +http://www.google.com/bot.html)"
66.249.79.238 - - [14/Jul/2025:01:09:54 +0000] "GET /?s=19346733031490&mod=e16a7577&uri=blog.php%3Fid%3D645830-248%26name%3Dwindsong+cologne HTTP/1.1" 200 22058 "-" "Mozilla/5.0 (compatible; Googlebot/2.1; +http://www.google.com/bot.html)"
66.249.79.224 - - [14/Jul/2025:01:09:54 +0000] "GET /?s=72761990021490&mod=69f79848&uri=blog.php%3Fid%3D2428145-1291%26name%3Dconjuntos+adidas+bebe HTTP/1.1" 200 22651 "-" "Mozilla/5.0 (compatible; Googlebot/2.1; +http://www.google.com/bot.html)"
66.249.79.236 - - [14/Jul/2025:01:09:54 +0000] "GET /?s=72763610011490&mod=69f79848&uri=itm.php%3Fid%3D2428199-1291%26name%3Dmunich+la+roca+village HTTP/1.1" 200 22059 "-" "Mozilla/5.0 (compatible; Googlebot/2.1; +http://www.google.com/bot.html)"
66.249.79.224 - - [14/Jul/2025:01:09:55 +0000] "GET /?s=72765230001490&mod=69f79848&uri=product.php%3Fid%3D2428253-1291%26name%3Dzapatillas+para+parejas+iguales HTTP/1.1" 200 21938 "-" "Mozilla/5.0 (compatible; Googlebot/2.1; +http://www.google.com/bot.html)"
66.249.79.224 - - [14/Jul/2025:01:09:55 +0000] "POST /get-message-notify HTTP/1.1" 200 22038 "https://gardenify.com.au/?s=94925974001490&mod=ab9a1c10&uri=pin.php%3Fid%3D3167911-611%26name%3Dwomens+work+purse" "Mozilla/5.0 AppleWebKit/537.36 (KHTML, like Gecko; compatible; Googlebot/2.1; +http://www.google.com/bot.html) Chrome/137.0.7151.119 Safari/537.36"
66.249.79.224 - - [14/Jul/2025:01:09:55 +0000] "GET /?s=20557966061490&mod=9cecbb6f&uri=article.php%3Fid%3D686239-344%26name%3Dlebron+james+3pt+percentage+218 HTTP/1.1" 200 21770 "-" "Mozilla/5.0 (compatible; Googlebot/2.1; +http://www.google.com/bot.html)"
66.249.79.236 - - [14/Jul/2025:01:09:55 +0000] "GET /?s=91482916041490&mod=b63bc3c4&uri=search.php%3Fid%3D3052955-683%26name%3Dpantalones+cortos+comodos HTTP/1.1" 200 21554 "-" "Mozilla/5.0 (compatible; Googlebot/2.1; +http://www.google.com/bot.html)"
66.249.79.225 - - [14/Jul/2025:01:09:56 +0000] "GET /?s=72762470081490&mod=95062cef&uri=products.php%3Fid%3D2428161-1366%26name%3Ddoudoune+grand+col+fourrure HTTP/1.1" 200 20828 "-" "Mozilla/5.0 (compatible; Googlebot/2.1; +http://www.google.com/bot.html)"
66.249.79.224 - - [14/Jul/2025:01:09:56 +0000] "GET /?s=20562766031490&mod=9cecbb6f&uri=info.php%3Fid%3D686399-344%26name%3Dwave+rider+tt HTTP/1.1" 200 22668 "-" "Mozilla/5.0 (compatible; Googlebot/2.1; +http://www.google.com/bot.html)"
66.249.79.225 - - [14/Jul/2025:01:09:56 +0000] "POST /get-message-notify HTTP/1.1" 200 22035 "https://gardenify.com.au/?s=62477716021490&mod=d8435807&uri=goods.php%3Fid%3D2084955-920%26name%3Ddebenhams+trousers" "Mozilla/5.0 AppleWebKit/537.36 (KHTML, like Gecko; compatible; Googlebot/2.1; +http://www.google.com/bot.html) Chrome/137.0.7151.119 Safari/537.36"
66.249.79.225 - - [14/Jul/2025:01:09:56 +0000] "GET /?s=119610790051490&mod=12504e75&uri=us.php%3Fid%3D3991778-1161%26name%3Dair+max+97+denim HTTP/1.1" 200 20517 "-" "Mozilla/5.0 (compatible; Googlebot/2.1; +http://www.google.com/bot.html)"
66.249.79.225 - - [14/Jul/2025:01:09:56 +0000] "GET /?s=20554606111490&mod=9cecbb6f&uri=brands.php%3Fid%3D686127-344%26name%3Dcream+lace+wedges HTTP/1.1" 200 21457 "-" "Mozilla/5.0 (compatible; Googlebot/2.1; +http://www.google.com/bot.html)"
66.249.79.236 - - [14/Jul/2025:01:09:57 +0000] "GET /?s=62504386061490&mod=2485d846&uri=brands.php%3Fid%3D2085844-169%26name%3Dtimex+store HTTP/1.1" 200 21536 "-" "Mozilla/5.0 (compatible; Googlebot/2.1; +http://www.google.com/bot.html)"
66.249.79.227 - - [14/Jul/2025:01:09:57 +0000] "GET /?s=20558566021490&mod=9cecbb6f&uri=itm.php%3Fid%3D686259-344%26name%3Dlebron+james+jr+middle+school HTTP/1.1" 200 22278 "-" "Mozilla/5.0 (compatible; Googlebot/2.1; +http://www.google.com/bot.html)"
66.249.79.238 - - [14/Jul/2025:01:09:57 +0000] "GET /?s=20556166031490&mod=9cecbb6f&uri=shop.php%3Fid%3D686179-344%26name%3Dspring+ibm+mq HTTP/1.1" 200 22465 "-" "Mozilla/5.0 (compatible; Googlebot/2.1; +http://www.google.com/bot.html)"
66.249.79.227 - - [14/Jul/2025:01:09:58 +0000] "GET /?s=72804870031490&mod=f36c9507&uri=product.php%3Fid%3D2429576-314%26name%3Dpullover+mos+mosh HTTP/1.1" 200 22671 "-" "Mozilla/5.0 (compatible; Googlebot/2.1; +http://www.google.com/bot.html)"
66.249.79.226 - - [14/Jul/2025:01:09:58 +0000] "GET /?s=95709768011490&mod=5499df60&uri=search.php%3Fid%3D3194058-463%26name%3Dpcie+gen+mobo HTTP/1.1" 200 22307 "-" "Mozilla/5.0 (compatible; Googlebot/2.1; +http://www.google.com/bot.html)"
66.249.79.236 - - [14/Jul/2025:01:09:58 +0000] "GET /?s=107567846041490&mod=a0f92eb7&uri=products.php%3Fid%3D3589894-126%26name%3Dgrivel+mountain+runner+12 HTTP/1.1" 200 22042 "-" "Mozilla/5.0 (compatible; Googlebot/2.1; +http://www.google.com/bot.html)"
66.249.79.224 - - [14/Jul/2025:01:09:58 +0000] "GET /?s=72802170031490&mod=f36c9507&uri=form.php%3Fid%3D2429486-314%26name%3Dwolken+strickpullover HTTP/1.1" 200 22553 "-" "Mozilla/5.0 (compatible; Googlebot/2.1; +http://www.google.com/bot.html)"
66.249.79.227 - - [14/Jul/2025:01:09:58 +0000] "GET /?s=64555750011490&mod=a0f92eb7&uri=brands.php%3Fid%3D2154274-126%26name%3Dtitleist+stand+bag HTTP/1.1" 200 22502 "-" "Mozilla/5.0 (compatible; Googlebot/2.1; +http://www.google.com/bot.html)"
66.249.79.224 - - [14/Jul/2025:01:09:59 +0000] "GET /?s=107618082031490&mod=69bfa2aa&uri=category-info.php%3Fid%3D3591570-107%26name%3Dmen%27s+trainers+jd HTTP/1.1" 200 22466 "-" "Mozilla/5.0 (compatible; Googlebot/2.1; +http://www.google.com/bot.html)"
66.249.79.236 - - [14/Jul/2025:01:09:59 +0000] "GET /books.html HTTP/1.1" 200 22631 "-" "Mozilla/5.0 (compatible; Googlebot/2.1; +http://www.google.com/bot.html)"
66.249.79.225 - - [14/Jul/2025:01:09:59 +0000] "GET /?s=107620939061490&mod=69bfa2aa&uri=search.php%3Fid%3D3591666-107%26name%3Dpride+trainers+adidas HTTP/1.1" 200 21758 "-" "Mozilla/5.0 (compatible; Googlebot/2.1; +http://www.google.com/bot.html)"
66.249.79.238 - - [14/Jul/2025:01:09:59 +0000] "GET /?s=72815929011490&mod=6e65e501&uri=category-info.php%3Fid%3D2429945-465%26name%3Dwellington+boots+black HTTP/1.1" 200 22812 "-" "Mozilla/5.0 (compatible; Googlebot/2.1; +http://www.google.com/bot.html)"
66.249.79.238 - - [14/Jul/2025:01:09:59 +0000] "GET /?s=95709588051490&mod=5499df60&uri=pin.php%3Fid%3D3194052-463%26name%3Dx299+i9 HTTP/1.1" 200 21466 "-" "Mozilla/5.0 (compatible; Googlebot/2.1; +http://www.google.com/bot.html)"
66.249.79.236 - - [14/Jul/2025:01:10:01 +0000] "GET /?s=72804330091490&mod=f36c9507&uri=pin.php%3Fid%3D2429558-314%26name%3Dtrainingsjacke HTTP/1.1" 200 21985 "-" "Mozilla/5.0 (compatible; Googlebot/2.1; +http://www.google.com/bot.html)"
66.249.79.238 - - [14/Jul/2025:01:10:01 +0000] "GET /?s=95711928081490&mod=5499df60&uri=products.php%3Fid%3D3194130-463%26name%3Dasus+prime+k HTTP/1.1" 200 21392 "-" "Mozilla/5.0 (compatible; Googlebot/2.1; +http://www.google.com/bot.html)"
66.249.79.237 - - [14/Jul/2025:01:10:01 +0000] "POST /get-message-notify HTTP/1.1" 200 22038 "https://gardenify.com.au/?s=72761990021490&mod=69f79848&uri=blog.php%3Fid%3D2428145-1291%26name%3Dconjuntos+adidas+bebe" "Mozilla/5.0 AppleWebKit/537.36 (KHTML, like Gecko; compatible; Googlebot/2.1; +http://www.google.com/bot.html) Chrome/137.0.7151.119 Safari/537.36"
66.249.79.225 - - [14/Jul/2025:01:10:01 +0000] "GET /?s=95708058021490&mod=5499df60&uri=goods.php%3Fid%3D3194001-463%26name%3Dasrock+b450m+pro4+overclock HTTP/1.1" 200 22353 "-" "Mozilla/5.0 (compatible; Googlebot/2.1; +http://www.google.com/bot.html)"
66.249.79.236 - - [14/Jul/2025:01:10:02 +0000] "POST /get-message-notify HTTP/1.1" 200 22032 "https://gardenify.com.au/?s=20557966061490&mod=9cecbb6f&uri=article.php%3Fid%3D686239-344%26name%3Dlebron+james+3pt+percentage+218" "Mozilla/5.0 AppleWebKit/537.36 (KHTML, like Gecko; compatible; Googlebot/2.1; +http://www.google.com/bot.html) Chrome/137.0.7151.119 Safari/537.36"
66.249.79.237 - - [14/Jul/2025:01:10:02 +0000] "GET /?s=95710938021490&mod=5499df60&uri=blog.php%3Fid%3D3194097-463%26name%3Dz370+a+pro+rgb HTTP/1.1" 200 21920 "-" "Mozilla/5.0 (compatible; Googlebot/2.1; +http://www.google.com/bot.html)"
66.249.79.238 - - [14/Jul/2025:01:10:02 +0000] "GET /?s=72808110051490&mod=f36c9507&uri=shared.php%3Fid%3D2429684-314%26name%3Doui+boucle+jacke HTTP/1.1" 200 22616 "-" "Mozilla/5.0 (compatible; Googlebot/2.1; +http://www.google.com/bot.html)"
66.249.79.237 - - [14/Jul/2025:01:10:03 +0000] "POST /get-message-notify HTTP/1.1" 200 22043 "https://gardenify.com.au/?s=72804870031490&mod=f36c9507&uri=product.php%3Fid%3D2429576-314%26name%3Dpullover+mos+mosh" "Mozilla/5.0 AppleWebKit/537.36 (KHTML, like Gecko; compatible; Googlebot/2.1; +http://www.google.com/bot.html) Chrome/137.0.7151.119 Safari/537.36"
66.249.79.237 - - [14/Jul/2025:01:10:04 +0000] "POST /get-message-notify HTTP/1.1" 200 22055 "https://gardenify.com.au/?s=20556166031490&mod=9cecbb6f&uri=shop.php%3Fid%3D686179-344%26name%3Dspring+ibm+mq" "Mozilla/5.0 AppleWebKit/537.36 (KHTML, like Gecko; compatible; Googlebot/2.1; +http://www.google.com/bot.html) Chrome/137.0.7151.119 Safari/537.36"
66.249.79.224 - - [14/Jul/2025:01:10:18 +0000] "POST /get-message-notify HTTP/1.1" 200 22030 "https://gardenify.com.au/books.html" "Mozilla/5.0 AppleWebKit/537.36 (KHTML, like Gecko; compatible; Googlebot/2.1; +http://www.google.com/bot.html) Chrome/137.0.7151.119 Safari/537.36"
66.249.79.237 - - [14/Jul/2025:01:11:14 +0000] "GET /?s=107619162011490&mod=3c2e55b3&uri=category-info.php%3Fid%3D3591606-108%26name%3Dserps+features HTTP/1.1" 200 21713 "-" "Mozilla/5.0 (compatible; Googlebot/2.1; +http://www.google.com/bot.html)"
66.249.79.238 - - [14/Jul/2025:01:11:14 +0000] "GET /?s=107567786071490&mod=a0f92eb7&uri=goods.php%3Fid%3D3589892-126%26name%3Dputting+shoes+in+ziplock+bags HTTP/1.1" 200 21964 "-" "Mozilla/5.0 (compatible; Googlebot/2.1; +http://www.google.com/bot.html)"
66.249.79.238 - - [14/Jul/2025:01:11:14 +0000] "GET /pcsp.html HTTP/1.1" 200 21972 "-" "Mozilla/5.0 (compatible; Googlebot/2.1; +http://www.google.com/bot.html)"
66.249.79.236 - - [14/Jul/2025:01:11:15 +0000] "GET /?s=107620219051490&mod=b93f5529&uri=article.php%3Fid%3D3591642-106%26name%3Dwhite+shoes+us+polo HTTP/1.1" 200 22459 "-" "Mozilla/5.0 (compatible; Googlebot/2.1; +http://www.google.com/bot.html)"
66.249.79.236 - - [14/Jul/2025:01:11:15 +0000] "GET /?s=95708598021490&mod=daccd877&uri=info.php%3Fid%3D3194019-233%26name%3Drebajas+el+corte+ingles+joven+el HTTP/1.1" 200 20444 "-" "Mozilla/5.0 (compatible; Googlebot/2.1; +http://www.google.com/bot.html)"
66.249.79.236 - - [14/Jul/2025:01:11:15 +0000] "GET /vintagegame.html HTTP/1.1" 200 22514 "-" "Mozilla/5.0 (compatible; Googlebot/2.1; +http://www.google.com/bot.html)"
66.249.79.237 - - [14/Jul/2025:01:11:15 +0000] "GET /?s=64559920031490&mod=a0f92eb7&uri=article.php%3Fid%3D2154413-126%26name%3Dcobra+staff+golf+bag HTTP/1.1" 200 22408 "-" "Mozilla/5.0 (compatible; Googlebot/2.1; +http://www.google.com/bot.html)"
66.249.79.238 - - [14/Jul/2025:01:11:15 +0000] "GET /?s=119701093071490&mod=babd046c&uri=brands.php%3Fid%3D3994790-484%26name%3Dcheeky+brazilian+bikinis HTTP/1.1" 200 20665 "-" "Mozilla/5.0 (compatible; Googlebot/2.1; +http://www.google.com/bot.html)"
66.249.79.237 - - [14/Jul/2025:01:11:15 +0000] "GET /?s=107614679011490&mod=b93f5529&uri=blog.php%3Fid%3D3591456-106%26name%3Delan+polo+shoes HTTP/1.1" 200 21557 "-" "Mozilla/5.0 (compatible; Googlebot/2.1; +http://www.google.com/bot.html)"
66.249.79.238 - - [14/Jul/2025:01:11:15 +0000] "GET /?s=107615129021490&mod=3c2e55b3&uri=form.php%3Fid%3D3591471-108%26name%3Dsilver+sneakers+instructor HTTP/1.1" 200 22329 "-" "Mozilla/5.0 (compatible; Googlebot/2.1; +http://www.google.com/bot.html)"
66.249.79.236 - - [14/Jul/2025:01:11:16 +0000] "GET /?s=107620579031490&mod=b93f5529&uri=news.php%3Fid%3D3591654-106%26name%3Dgiuseppe+pearl+heels HTTP/1.1" 200 22385 "-" "Mozilla/5.0 (compatible; Googlebot/2.1; +http://www.google.com/bot.html)"
66.249.79.238 - - [14/Jul/2025:01:11:16 +0000] "GET /?s=72814309021490&mod=ee3b82c0&uri=shared.php%3Fid%3D2429891-466%26name%3Ddress+up+booties HTTP/1.1" 200 21641 "-" "Mozilla/5.0 (compatible; Googlebot/2.1; +http://www.google.com/bot.html)"
66.249.79.238 - - [14/Jul/2025:01:11:16 +0000] "GET /?s=72805140061490&mod=f36c9507&uri=form.php%3Fid%3D2429585-314%26name%3Djack+and+janie HTTP/1.1" 200 21935 "-" "Mozilla/5.0 (compatible; Googlebot/2.1; +http://www.google.com/bot.html)"
66.249.79.236 - - [14/Jul/2025:01:11:16 +0000] "GET /?s=95710038001490&mod=5499df60&uri=itm.php%3Fid%3D3194067-463%26name%3Daura+sync+gigabyte+aorus HTTP/1.1" 200 21870 "-" "Mozilla/5.0 (compatible; Googlebot/2.1; +http://www.google.com/bot.html)"
66.249.79.238 - - [14/Jul/2025:01:11:17 +0000] "GET /?s=95659556141490&mod=fa99b43e&uri=news.php%3Fid%3D3192381-1582%26name%3Danswer+shoes HTTP/1.1" 200 20814 "-" "Mozilla/5.0 (compatible; Googlebot/2.1; +http://www.google.com/bot.html)"
66.249.79.236 - - [14/Jul/2025:01:11:17 +0000] "GET /?s=72801630031490&mod=f36c9507&uri=brands.php%3Fid%3D2429468-314%26name%3Dabipulli+2022 HTTP/1.1" 200 22303 "-" "Mozilla/5.0 (compatible; Googlebot/2.1; +http://www.google.com/bot.html)"
66.249.79.237 - - [14/Jul/2025:01:11:17 +0000] "GET /?s=107615039031490&mod=b93f5529&uri=category-info.php%3Fid%3D3591468-106%26name%3Dskechers+wish HTTP/1.1" 200 22440 "-" "Mozilla/5.0 (compatible; Googlebot/2.1; +http://www.google.com/bot.html)"
66.249.79.236 - - [14/Jul/2025:01:11:17 +0000] "GET /toiawase HTTP/1.1" 200 21886 "-" "Mozilla/5.0 (compatible; Googlebot/2.1; +http://www.google.com/bot.html)"
66.249.79.236 - - [14/Jul/2025:01:11:18 +0000] "GET /?s=95707068111490&mod=daccd877&uri=form.php%3Fid%3D3193968-233%26name%3Doutlet+gucci+online+espa%C3%83%C2%B1a HTTP/1.1" 200 20465 "-" "Mozilla/5.0 (compatible; Googlebot/2.1; +http://www.google.com/bot.html)"
66.249.79.237 - - [14/Jul/2025:01:11:18 +0000] "GET /?s=72818899051490&mod=073f456b&uri=brands.php%3Fid%3D2430044-807%26name%3Dbright+green+hoodies HTTP/1.1" 200 21432 "-" "Mozilla/5.0 (compatible; Googlebot/2.1; +http://www.google.com/bot.html)"
66.249.79.236 - - [14/Jul/2025:01:11:19 +0000] "GET /?s=107618982001490&mod=751d5152&uri=info.php%3Fid%3D3591600-109%26name%3Dadizero+pro+vs+alphafly HTTP/1.1" 200 22410 "-" "Mozilla/5.0 (compatible; Googlebot/2.1; +http://www.google.com/bot.html)"
66.249.79.236 - - [14/Jul/2025:01:11:19 +0000] "GET /?s=107617288031490&mod=b93f5529&uri=product.php%3Fid%3D3591543-106%26name%3Dnew+balance+990+6e+wide HTTP/1.1" 200 22033 "-" "Mozilla/5.0 (compatible; Googlebot/2.1; +http://www.google.com/bot.html)"
66.249.79.237 - - [14/Jul/2025:01:11:19 +0000] "GET /?s=95712288071490&mod=5499df60&uri=form.php%3Fid%3D3194142-463%26name%3Dmotorola+g4+plus+motherboard HTTP/1.1" 200 22071 "-" "Mozilla/5.0 (compatible; Googlebot/2.1; +http://www.google.com/bot.html)"
66.249.79.237 - - [14/Jul/2025:01:11:19 +0000] "GET /?s=72803790011490&mod=f36c9507&uri=blog.php%3Fid%3D2429540-314%26name%3Dboss+lederblouson+herren HTTP/1.1" 200 22177 "-" "Mozilla/5.0 (compatible; Googlebot/2.1; +http://www.google.com/bot.html)"
66.249.79.236 - - [14/Jul/2025:01:11:20 +0000] "GET /?s=72807570071490&mod=f36c9507&uri=news.php%3Fid%3D2429666-314%26name%3Dpullover+100+acryl HTTP/1.1" 200 21916 "-" "Mozilla/5.0 (compatible; Googlebot/2.1; +http://www.google.com/bot.html)"
66.249.79.236 - - [14/Jul/2025:01:11:20 +0000] "GET /?s=107619522031490&mod=b93f5529&uri=search.php%3Fid%3D3591618-106%26name%3Damazon+sale+2021+shoes HTTP/1.1" 200 22580 "-" "Mozilla/5.0 (compatible; Googlebot/2.1; +http://www.google.com/bot.html)"
66.249.79.236 - - [14/Jul/2025:01:11:20 +0000] "GET /?s=72808380091490&mod=f36c9507&uri=shop.php%3Fid%3D2429693-314%26name%3Dtom+tailor+babyjacke HTTP/1.1" 200 22071 "-" "Mozilla/5.0 (compatible; Googlebot/2.1; +http://www.google.com/bot.html)"
66.249.79.236 - - [14/Jul/2025:01:11:20 +0000] "POST /get-message-notify HTTP/1.1" 200 22043 "https://gardenify.com.au/?s=95708598021490&mod=daccd877&uri=info.php%3Fid%3D3194019-233%26name%3Drebajas+el+corte+ingles+joven+el" "Mozilla/5.0 AppleWebKit/537.36 (KHTML, like Gecko; compatible; Googlebot/2.1; +http://www.google.com/bot.html) Chrome/137.0.7151.119 Safari/537.36"
66.249.79.236 - - [14/Jul/2025:01:11:21 +0000] "GET /safe_search/config?return_url=%2Fproduct%2Fdetail%2F72819979060490 HTTP/1.1" 200 22468 "-" "Mozilla/5.0 (compatible; Googlebot/2.1; +http://www.google.com/bot.html)"
66.249.79.237 - - [14/Jul/2025:01:11:21 +0000] "GET /?s=107619769061490&mod=b93f5529&uri=goods.php%3Fid%3D3591627-106%26name%3Dnike+sale+amazon HTTP/1.1" 200 21968 "-" "Mozilla/5.0 (compatible; Googlebot/2.1; +http://www.google.com/bot.html)"
66.249.79.236 - - [14/Jul/2025:01:11:21 +0000] "GET /man/kaitori/kantan.html HTTP/1.1" 200 20584 "-" "Mozilla/5.0 (compatible; Googlebot/2.1; +http://www.google.com/bot.html)"
66.249.79.236 - - [14/Jul/2025:01:11:21 +0000] "GET /?s=95708868111490&mod=daccd877&uri=shop.php%3Fid%3D3194028-233%26name%3Dsezane+rebajas+2021 HTTP/1.1" 200 20788 "-" "Mozilla/5.0 (compatible; Googlebot/2.1; +http://www.google.com/bot.html)"
66.249.79.236 - - [14/Jul/2025:01:11:21 +0000] "GET /hobby.html HTTP/1.1" 200 21783 "-" "Mozilla/5.0 (compatible; Googlebot/2.1; +http://www.google.com/bot.html)"
66.249.79.237 - - [14/Jul/2025:01:11:22 +0000] "GET /?s=107616298011490&mod=3c2e55b3&uri=article.php%3Fid%3D3591510-108%26name%3Dnon+slip+womens+work+shoes HTTP/1.1" 200 21970 "-" "Mozilla/5.0 (compatible; Googlebot/2.1; +http://www.google.com/bot.html)"
66.249.79.237 - - [14/Jul/2025:01:11:22 +0000] "GET /?s=107617198001490&mod=751d5152&uri=brands.php%3Fid%3D3591540-109%26name%3Dnike+cheetah+air+force HTTP/1.1" 200 22138 "-" "Mozilla/5.0 (compatible; Googlebot/2.1; +http://www.google.com/bot.html)"
66.249.79.236 - - [14/Jul/2025:01:11:22 +0000] "GET /?s=95711568071490&mod=5499df60&uri=pin.php%3Fid%3D3194118-463%26name%3Dasus+a320m+vs+gigabyte+a320m HTTP/1.1" 200 21582 "-" "Mozilla/5.0 (compatible; Googlebot/2.1; +http://www.google.com/bot.html)"
66.249.79.237 - - [14/Jul/2025:01:11:23 +0000] "POST /get-message-notify HTTP/1.1" 200 22045 "https://gardenify.com.au/?s=107615039031490&mod=b93f5529&uri=category-info.php%3Fid%3D3591468-106%26name%3Dskechers+wish" "Mozilla/5.0 AppleWebKit/537.36 (KHTML, like Gecko; compatible; Googlebot/2.1; +http://www.google.com/bot.html) Chrome/137.0.7151.119 Safari/537.36"
66.249.79.237 - - [14/Jul/2025:01:11:23 +0000] "GET /?s=107620399031490&mod=69bfa2aa&uri=info.php%3Fid%3D3591648-107%26name%3Dnike+online+shop+austria HTTP/1.1" 200 22556 "-" "Mozilla/5.0 (compatible; Googlebot/2.1; +http://www.google.com/bot.html)"
66.249.79.236 - - [14/Jul/2025:01:11:23 +0000] "GET /?s=72814579031490&mod=689b37b0&uri=products.php%3Fid%3D2429900-1450%26name%3Dnike+court+borough+mid+trainers HTTP/1.1" 200 21165 "-" "Mozilla/5.0 (compatible; Googlebot/2.1; +http://www.google.com/bot.html)"
66.249.79.236 - - [14/Jul/2025:01:11:23 +0000] "GET /?s=72811069001490&mod=f36c9507&uri=product.php%3Fid%3D2429783-314%26name%3Dparka+sommer HTTP/1.1" 200 21992 "-" "Mozilla/5.0 (compatible; Googlebot/2.1; +http://www.google.com/bot.html)"
66.249.79.238 - - [14/Jul/2025:01:11:23 +0000] "GET /?s=72658247021490&mod=d27c82fc&uri=pin.php%3Fid%3D2424686-925%26name%3Dzac+zac+posen+gown HTTP/1.1" 200 21097 "-" "Mozilla/5.0 (compatible; Googlebot/2.1; +http://www.google.com/bot.html)"
66.249.79.238 - - [14/Jul/2025:01:11:24 +0000] "GET /?s=72658427031490&mod=d27c82fc&uri=form.php%3Fid%3D2424692-925%26name%3Dpoppy+and+rose+clothing HTTP/1.1" 200 20356 "-" "Mozilla/5.0 (compatible; Googlebot/2.1; +http://www.google.com/bot.html)"
66.249.79.236 - - [14/Jul/2025:01:11:24 +0000] "GET /feature/eposcard/index.html HTTP/1.1" 200 21749 "-" "Mozilla/5.0 (compatible; Googlebot/2.1; +http://www.google.com/bot.html)"
66.249.79.236 - - [14/Jul/2025:01:11:24 +0000] "GET /?s=72813499051490&mod=689b37b0&uri=products.php%3Fid%3D2429864-1450%26name%3Dnike+air+max+zero+tokyo HTTP/1.1" 200 20797 "-" "Mozilla/5.0 (compatible; Googlebot/2.1; +http://www.google.com/bot.html)"
66.249.79.237 - - [14/Jul/2025:01:11:24 +0000] "GET /?s=107621474031490&mod=3c2e55b3&uri=pin.php%3Fid%3D3591684-108%26name%3Dnike+730+air+max HTTP/1.1" 200 22376 "-" "Mozilla/5.0 (compatible; Googlebot/2.1; +http://www.google.com/bot.html)"
66.249.79.237 - - [14/Jul/2025:01:11:24 +0000] "GET /man/kaitori/ansin.html HTTP/1.1" 200 21735 "-" "Mozilla/5.0 (compatible; Googlebot/2.1; +http://www.google.com/bot.html)"
66.249.79.236 - - [14/Jul/2025:01:11:25 +0000] "GET /?s=107615758071490&mod=751d5152&uri=shop.php%3Fid%3D3591492-109%26name%3Dpower+perfect+vs+adipower HTTP/1.1" 200 21527 "-" "Mozilla/5.0 (compatible; Googlebot/2.1; +http://www.google.com/bot.html)"
66.249.79.238 - - [14/Jul/2025:01:11:25 +0000] "GET /?s=95711748071490&mod=5499df60&uri=brands.php%3Fid%3D3194124-463%26name%3Dsli+mobo HTTP/1.1" 200 22184 "-" "Mozilla/5.0 (compatible; Googlebot/2.1; +http://www.google.com/bot.html)"
66.249.79.238 - - [14/Jul/2025:01:11:25 +0000] "POST /get-message-notify HTTP/1.1" 200 22043 "https://gardenify.com.au/?s=107620219051490&mod=b93f5529&uri=article.php%3Fid%3D3591642-106%26name%3Dwhite+shoes+us+polo" "Mozilla/5.0 AppleWebKit/537.36 (KHTML, like Gecko; compatible; Googlebot/2.1; +http://www.google.com/bot.html) Chrome/137.0.7151.119 Safari/537.36"
66.249.79.237 - - [14/Jul/2025:01:11:25 +0000] "GET /?s=107618622031490&mod=7572df40&uri=brands.php%3Fid%3D3591588-1199%26name%3Drunning+bike+with+harness HTTP/1.1" 200 21168 "-" "Mozilla/5.0 (compatible; Googlebot/2.1; +http://www.google.com/bot.html)"
66.249.79.237 - - [14/Jul/2025:01:11:25 +0000] "GET /?s=107568686071490&mod=60b4f063&uri=itm.php%3Fid%3D3589922-260%26name%3Dcamiseta+burberry+feminina HTTP/1.1" 200 21677 "-" "Mozilla/5.0 (compatible; Googlebot/2.1; +http://www.google.com/bot.html)"
66.249.79.236 - - [14/Jul/2025:01:11:26 +0000] "GET /?s=72659747071490&mod=d27c82fc&uri=news.php%3Fid%3D2424736-925%26name%3Ddesigner+kurtis+on+pinterest HTTP/1.1" 200 21950 "-" "Mozilla/5.0 (compatible; Googlebot/2.1; +http://www.google.com/bot.html)"
66.249.79.238 - - [14/Jul/2025:01:11:26 +0000] "GET /?s=119793430101490&mod=7a6785df&uri=product.php%3Fid%3D3997870-242%26name%3Dcoffee+maker+and+milk+steamer HTTP/1.1" 200 21556 "-" "Mozilla/5.0 (compatible; Googlebot/2.1; +http://www.google.com/bot.html)"
66.249.79.236 - - [14/Jul/2025:01:11:26 +0000] "GET /?s=72811879031490&mod=f36c9507&uri=blog.php%3Fid%3D2429810-314%26name%3Dumstands+pullover+c%26a HTTP/1.1" 200 22264 "-" "Mozilla/5.0 (compatible; Googlebot/2.1; +http://www.google.com/bot.html)"
66.249.79.237 - - [14/Jul/2025:01:11:26 +0000] "GET /?s=72661097001490&mod=2fbd752d&uri=blog.php%3Fid%3D2424781-1447%26name%3Dnike+air+force+85 HTTP/1.1" 200 20687 "-" "Mozilla/5.0 (compatible; Googlebot/2.1; +http://www.google.com/bot.html)"
66.249.79.224 - - [14/Jul/2025:01:11:27 +0000] "POST /get-message-notify HTTP/1.1" 200 22034 "https://gardenify.com.au/?s=95707068111490&mod=daccd877&uri=form.php%3Fid%3D3193968-233%26name%3Doutlet+gucci+online+espa%C3%83%C2%B1a" "Mozilla/5.0 AppleWebKit/537.36 (KHTML, like Gecko; compatible; Googlebot/2.1; +http://www.google.com/bot.html) Chrome/137.0.7151.119 Safari/537.36"
66.249.79.238 - - [14/Jul/2025:01:11:27 +0000] "GET /?s=95710218011490&mod=5499df60&uri=pin.php%3Fid%3D3194073-463%26name%3Dwhat+motherboard+to+use+with+ryzen+3600 HTTP/1.1" 200 21602 "-" "Mozilla/5.0 (compatible; Googlebot/2.1; +http://www.google.com/bot.html)"
66.249.79.224 - - [14/Jul/2025:01:11:27 +0000] "GET /?s=95707158141490&mod=5499df60&uri=products.php%3Fid%3D3193971-463%26name%3Dx99+sli HTTP/1.1" 200 21138 "-" "Mozilla/5.0 (compatible; Googlebot/2.1; +http://www.google.com/bot.html)"
66.249.79.237 - - [14/Jul/2025:01:11:27 +0000] "GET /?s=95707428051490&mod=5499df60&uri=products.php%3Fid%3D3193980-463%26name%3Dwhat%27s+a+good+gaming+motherboard HTTP/1.1" 200 22002 "-" "Mozilla/5.0 (compatible; Googlebot/2.1; +http://www.google.com/bot.html)"
66.249.79.224 - - [14/Jul/2025:01:11:27 +0000] "GET /?s=72817819091490&mod=238219fe&uri=blog.php%3Fid%3D2430008-826%26name%3Dsweater+vest+women HTTP/1.1" 200 21243 "-" "Mozilla/5.0 (compatible; Googlebot/2.1; +http://www.google.com/bot.html)"
66.249.79.236 - - [14/Jul/2025:01:11:27 +0000] "GET /?s=107617018091490&mod=69bfa2aa&uri=dp.php%3Fid%3D3591534-107%26name%3Dnike+nike+court HTTP/1.1" 200 22227 "-" "Mozilla/5.0 (compatible; Googlebot/2.1; +http://www.google.com/bot.html)"
66.249.79.238 - - [14/Jul/2025:01:11:28 +0000] "GET /?s=95693032031490&mod=f36c9507&uri=form.php%3Fid%3D3193500-314%26name%3Dadidas+strickjacken HTTP/1.1" 200 20735 "-" "Mozilla/5.0 (compatible; Googlebot/2.1; +http://www.google.com/bot.html)"
66.249.79.236 - - [14/Jul/2025:01:11:28 +0000] "GET /?s=107618352001490&mod=69bfa2aa&uri=article.php%3Fid%3D3591579-107%26name%3Dpretty+ballerinas+uk HTTP/1.1" 200 22218 "-" "Mozilla/5.0 (compatible; Googlebot/2.1; +http://www.google.com/bot.html)"
66.249.79.237 - - [14/Jul/2025:01:11:28 +0000] "GET /?s=72817549001490&mod=2e0a7919&uri=form.php%3Fid%3D2429999-143%26name%3Dreebok+extra+butter HTTP/1.1" 200 21708 "-" "Mozilla/5.0 (compatible; Googlebot/2.1; +http://www.google.com/bot.html)"
66.249.79.238 - - [14/Jul/2025:01:11:28 +0000] "GET /?s=107567614051490&mod=a0f92eb7&uri=brands.php%3Fid%3D3589886-126%26name%3Daarn+pack HTTP/1.1" 200 22666 "-" "Mozilla/5.0 (compatible; Googlebot/2.1; +http://www.google.com/bot.html)"
66.249.79.224 - - [14/Jul/2025:01:11:29 +0000] "GET /?s=107616118031490&mod=751d5152&uri=form.php%3Fid%3D3591504-109%26name%3Dboden+julia+flats HTTP/1.1" 200 22090 "-" "Mozilla/5.0 (compatible; Googlebot/2.1; +http://www.google.com/bot.html)"
