66.249.79.236 - - [14/Jul/2025:01:53:07 +0000] "GET /?s=41978799021490&mod=f0a7d9d2&uri=us.php%3Fid%3D1401015-1172%26name%3Dnike+sb+low+mujer+precio HTTP/1.1" 200 18801 "-" "Mozilla/5.0 (Linux; Android 6.0.1; Nexus 5X Build/MMB29P) AppleWebKit/537.36 (KHTML, like Gecko) Chrome/137.0.7151.103 Mobile Safari/537.36 (compatible; Googlebot/2.1; +http://www.google.com/bot.html)"
66.249.79.236 - - [14/Jul/2025:01:53:07 +0000] "POST /get-message-notify HTTP/1.1" 404 6256 "https://gardenify.com.au/?s=100676902011490&mod=62f57a50&uri=form.php%3Fid%3D3359864-469%26name%3Dadidas+all+star+pink" "Mozilla/5.0 (Linux; Android 6.0.1; Nexus 5X Build/MMB29P) AppleWebKit/537.36 (KHTML, like Gecko) Chrome/137.0.7151.119 Mobile Safari/537.36 (compatible; Googlebot/2.1; +http://www.google.com/bot.html)"
66.249.79.236 - - [14/Jul/2025:01:53:07 +0000] "GET /?s=86291837011490&mod=073f456b&uri=pin.php%3Fid%3D2879692-807%26name%3Dgrey+cable+sweater HTTP/1.1" 200 18796 "-" "Mozilla/5.0 (compatible; Googlebot/2.1; +http://www.google.com/bot.html)"
66.249.79.236 - - [14/Jul/2025:01:53:08 +0000] "GET /?s=86291207031490&mod=073f456b&uri=info.php%3Fid%3D2879671-807%26name%3Dpink+bobble+sleeve+chunky+cardigan HTTP/1.1" 200 18822 "-" "Mozilla/5.0 (compatible; Googlebot/2.1; +http://www.google.com/bot.html)"
66.249.79.236 - - [14/Jul/2025:01:53:08 +0000] "POST /get-message-notify HTTP/1.1" 404 6256 "https://gardenify.com.au/?s=83207130001490&mod=98f99902&uri=info.php%3Fid%3D2776773-493%26name%3Dfree+rn+distance+men%27s+review" "Mozilla/5.0 (Linux; Android 6.0.1; Nexus 5X Build/MMB29P) AppleWebKit/537.36 (KHTML, like Gecko) Chrome/137.0.7151.119 Mobile Safari/537.36 (compatible; Googlebot/2.1; +http://www.google.com/bot.html)"
66.249.79.236 - - [14/Jul/2025:01:53:09 +0000] "GET /?s=14584492041490&mod=b21f9f98&uri=news.php%3Fid%3D486926-25%26name%3Ddo+the+switch+and+switch+lite+use+the+same+games HTTP/1.1" 200 18825 "-" "Mozilla/5.0 (compatible; Googlebot/2.1; +http://www.google.com/bot.html)"
66.249.79.236 - - [14/Jul/2025:01:53:09 +0000] "POST /get-message-notify HTTP/1.1" 404 6256 "https://gardenify.com.au/?s=34317320081490&mod=5b71786c&uri=category-info.php%3Fid%3D1145384-1057%26name%3Dnike+react+87+royal+tint+on+feet" "Mozilla/5.0 (Linux; Android 6.0.1; Nexus 5X Build/MMB29P) AppleWebKit/537.36 (KHTML, like Gecko) Chrome/137.0.7151.119 Mobile Safari/537.36 (compatible; Googlebot/2.1; +http://www.google.com/bot.html)"
66.249.79.236 - - [14/Jul/2025:01:53:10 +0000] "GET /?s=119800342041490&mod=420c8410&uri=shop.php%3Fid%3D3998101-129%26name%3Dhow+to+change+battery+icon+on+iphone+11 HTTP/1.1" 200 18829 "-" "Mozilla/5.0 (compatible; Googlebot/2.1; +http://www.google.com/bot.html)"
66.249.79.237 - - [14/Jul/2025:01:53:10 +0000] "POST /get-message-notify HTTP/1.1" 404 6256 "https://gardenify.com.au/?s=50599853041490&mod=a44e4979&uri=category-info.php%3Fid%3D1688606-1275%26name%3Dgraco+stroller+mosquito+net" "Mozilla/5.0 (Linux; Android 6.0.1; Nexus 5X Build/MMB29P) AppleWebKit/537.36 (KHTML, like Gecko) Chrome/137.0.7151.119 Mobile Safari/537.36 (compatible; Googlebot/2.1; +http://www.google.com/bot.html)"
66.249.79.237 - - [14/Jul/2025:01:53:10 +0000] "GET /?s=86288489031490&mod=5478c9cd&uri=dp.php%3Fid%3D2879580-219%26name%3Dprice+of+lg+multi+split+ac HTTP/1.1" 200 18798 "-" "Mozilla/5.0 (compatible; Googlebot/2.1; +http://www.google.com/bot.html)"
66.249.79.237 - - [14/Jul/2025:01:53:11 +0000] "GET /?s=20002752011490&mod=2ae549cf&uri=dp.php%3Fid%3D667712-755%26name%3Dsuperstar+shoes+red+and+white HTTP/1.1" 200 18804 "-" "Mozilla/5.0 (Linux; Android 6.0.1; Nexus 5X Build/MMB29P) AppleWebKit/537.36 (KHTML, like Gecko) Chrome/137.0.7151.103 Mobile Safari/537.36 (compatible; Googlebot/2.1; +http://www.google.com/bot.html)"
66.249.79.236 - - [14/Jul/2025:01:53:11 +0000] "GET /?s=14585392041490&mod=337cd73a&uri=pin.php%3Fid%3D486956-56%26name%3Dunderarm+satchel+bag HTTP/1.1" 200 18790 "-" "Mozilla/5.0 (compatible; Googlebot/2.1; +http://www.google.com/bot.html)"
66.249.79.236 - - [14/Jul/2025:01:53:11 +0000] "GET /?s=68962664031490&mod=6c74bda0&uri=product.php%3Fid%3D2301345-1012%26name%3Dlitter+box+trained+dogs+for+sale HTTP/1.1" 200 18816 "-" "Mozilla/5.0 (Linux; Android 6.0.1; Nexus 5X Build/MMB29P) AppleWebKit/537.36 (KHTML, like Gecko) Chrome/137.0.7151.103 Mobile Safari/537.36 (compatible; Googlebot/2.1; +http://www.google.com/bot.html)"
66.249.79.237 - - [14/Jul/2025:01:53:12 +0000] "GET /?s=18502897021490&mod=1dafd6ca&uri=form.php%3Fid%3D617661-703%26name%3Dschoenen+running HTTP/1.1" 200 18787 "-" "Mozilla/5.0 (Linux; Android 6.0.1; Nexus 5X Build/MMB29P) AppleWebKit/537.36 (KHTML, like Gecko) Chrome/137.0.7151.103 Mobile Safari/537.36 (compatible; Googlebot/2.1; +http://www.google.com/bot.html)"
66.249.79.237 - - [14/Jul/2025:01:53:12 +0000] "GET /?s=14578792091490&mod=61d77652&uri=brands.php%3Fid%3D486736-24%26name%3Dthule+easyfold+canada HTTP/1.1" 200 18793 "-" "Mozilla/5.0 (compatible; Googlebot/2.1; +http://www.google.com/bot.html)"
66.249.79.236 - - [14/Jul/2025:01:53:12 +0000] "GET /?s=18637967031490&mod=4af5c33a&uri=dp.php%3Fid%3D622167-601%26name%3Ddhgate+yeezy+turtle+dove HTTP/1.1" 200 18798 "-" "Mozilla/5.0 (Linux; Android 6.0.1; Nexus 5X Build/MMB29P) AppleWebKit/537.36 (KHTML, like Gecko) Chrome/137.0.7151.103 Mobile Safari/537.36 (compatible; Googlebot/2.1; +http://www.google.com/bot.html)"
66.249.79.237 - - [14/Jul/2025:01:53:13 +0000] "GET /?s=14487979011490&mod=70d824bf&uri=dp.php%3Fid%3D483704-616%26name%3Dmoncler+anton+hooded+jacket HTTP/1.1" 200 18800 "-" "Mozilla/5.0 (compatible; Googlebot/2.1; +http://www.google.com/bot.html)"
66.249.79.237 - - [14/Jul/2025:01:53:13 +0000] "POST /get-message-notify HTTP/1.1" 404 6250 "https://gardenify.com.au/?s=86291207031490&mod=073f456b&uri=info.php%3Fid%3D2879671-807%26name%3Dpink+bobble+sleeve+chunky+cardigan" "Mozilla/5.0 AppleWebKit/537.36 (KHTML, like Gecko; compatible; Googlebot/2.1; +http://www.google.com/bot.html) Chrome/137.0.7151.119 Safari/537.36"
66.249.79.236 - - [14/Jul/2025:01:53:13 +0000] "GET /?s=86287034081490&mod=5478c9cd&uri=shop.php%3Fid%3D2879531-219%26name%3Dmechanical+contractors+near+me HTTP/1.1" 200 18806 "-" "Mozilla/5.0 (compatible; Googlebot/2.1; +http://www.google.com/bot.html)"
66.249.79.237 - - [14/Jul/2025:01:53:14 +0000] "GET /?s=14585542041490&mod=b21f9f98&uri=category-info.php%3Fid%3D486961-25%26name%3Dnew+3ds+games+only HTTP/1.1" 200 18822 "-" "Mozilla/5.0 (compatible; Googlebot/2.1; +http://www.google.com/bot.html)"
66.249.79.236 - - [14/Jul/2025:01:53:14 +0000] "GET /?s=77476771041490&mod=3292a73c&uri=us.php%3Fid%3D2585471-386%26name%3Dbrixton+hooligan+snap+cap HTTP/1.1" 200 18801 "-" "Mozilla/5.0 (Linux; Android 6.0.1; Nexus 5X Build/MMB29P) AppleWebKit/537.36 (KHTML, like Gecko) Chrome/137.0.7151.103 Mobile Safari/537.36 (compatible; Googlebot/2.1; +http://www.google.com/bot.html)"
66.249.79.237 - - [14/Jul/2025:01:53:14 +0000] "GET /?s=86288909111490&mod=8b235b5c&uri=goods.php%3Fid%3D2879594-1133%26name%3Dproductos+pelo+ghd HTTP/1.1" 200 18791 "-" "Mozilla/5.0 (compatible; Googlebot/2.1; +http://www.google.com/bot.html)"
66.249.79.237 - - [14/Jul/2025:01:53:15 +0000] "GET /?s=14587042141490&mod=61d77652&uri=goods.php%3Fid%3D487011-24%26name%3Dthule+th9006xt HTTP/1.1" 200 18782 "-" "Mozilla/5.0 (compatible; Googlebot/2.1; +http://www.google.com/bot.html)"
66.249.79.236 - - [14/Jul/2025:01:53:15 +0000] "GET /?s=14578642041490&mod=b21f9f98&uri=products.php%3Fid%3D486731-25%26name%3Dmust+have+xbox+360+games HTTP/1.1" 200 18811 "-" "Mozilla/5.0 (compatible; Googlebot/2.1; +http://www.google.com/bot.html)"
66.249.79.237 - - [14/Jul/2025:01:53:16 +0000] "GET /?s=86291627021490&mod=073f456b&uri=article.php%3Fid%3D2879685-807%26name%3Dorange+and+white+sweater HTTP/1.1" 200 18808 "-" "Mozilla/5.0 (compatible; Googlebot/2.1; +http://www.google.com/bot.html)"
66.249.79.236 - - [14/Jul/2025:01:53:16 +0000] "GET /?s=10404296091490&mod=649c7c98&uri=shop.php%3Fid%3D347397-521%26name%3Dventa+de+botines+de+futbol+para+ni%C3%83%C2%B1os HTTP/1.1" 200 18836 "-" "Mozilla/5.0 (Linux; Android 6.0.1; Nexus 5X Build/MMB29P) AppleWebKit/537.36 (KHTML, like Gecko) Chrome/137.0.7151.103 Mobile Safari/537.36 (compatible; Googlebot/2.1; +http://www.google.com/bot.html)"
66.249.79.238 - - [14/Jul/2025:01:53:16 +0000] "GET /?s=86287244001490&mod=5478c9cd&uri=info.php%3Fid%3D2879538-219%26name%3Dradiant+heat+thermostats HTTP/1.1" 200 18800 "-" "Mozilla/5.0 (compatible; Googlebot/2.1; +http://www.google.com/bot.html)"
66.249.79.237 - - [14/Jul/2025:01:53:17 +0000] "GET /?s=14580142061490&mod=61d77652&uri=goods.php%3Fid%3D486781-24%26name%3Dthe+bike+chair+price HTTP/1.1" 200 18790 "-" "Mozilla/5.0 (compatible; Googlebot/2.1; +http://www.google.com/bot.html)"
66.249.79.236 - - [14/Jul/2025:01:53:17 +0000] "POST /get-message-notify HTTP/1.1" 404 6256 "https://gardenify.com.au/?s=18502897021490&mod=1dafd6ca&uri=form.php%3Fid%3D617661-703%26name%3Dschoenen+running" "Mozilla/5.0 (Linux; Android 6.0.1; Nexus 5X Build/MMB29P) AppleWebKit/537.36 (KHTML, like Gecko) Chrome/137.0.7151.119 Mobile Safari/537.36 (compatible; Googlebot/2.1; +http://www.google.com/bot.html)"
66.249.79.237 - - [14/Jul/2025:01:53:18 +0000] "GET /?s=86282455041490&mod=5478c9cd&uri=article.php%3Fid%3D2879377-219%26name%3Dcaddy+wood+furnace HTTP/1.1" 200 18802 "-" "Mozilla/5.0 (compatible; Googlebot/2.1; +http://www.google.com/bot.html)"
66.249.79.238 - - [14/Jul/2025:01:53:18 +0000] "POST /get-message-notify HTTP/1.1" 404 6250 "https://gardenify.com.au/?s=14585392041490&mod=337cd73a&uri=pin.php%3Fid%3D486956-56%26name%3Dunderarm+satchel+bag" "Mozilla/5.0 AppleWebKit/537.36 (KHTML, like Gecko; compatible; Googlebot/2.1; +http://www.google.com/bot.html) Chrome/137.0.7151.119 Safari/537.36"
66.249.79.238 - - [14/Jul/2025:01:53:18 +0000] "GET /?s=86290787041490&mod=073f456b&uri=search.php%3Fid%3D2879657-807%26name%3Dchampion+hoodie+reverse+weave+gold HTTP/1.1" 200 18817 "-" "Mozilla/5.0 (compatible; Googlebot/2.1; +http://www.google.com/bot.html)"
66.249.79.236 - - [14/Jul/2025:01:53:18 +0000] "POST /get-message-notify HTTP/1.1" 404 6256 "https://gardenify.com.au/?s=18637967031490&mod=4af5c33a&uri=dp.php%3Fid%3D622167-601%26name%3Ddhgate+yeezy+turtle+dove" "Mozilla/5.0 (Linux; Android 6.0.1; Nexus 5X Build/MMB29P) AppleWebKit/537.36 (KHTML, like Gecko) Chrome/137.0.7151.119 Mobile Safari/537.36 (compatible; Googlebot/2.1; +http://www.google.com/bot.html)"
66.249.79.238 - - [14/Jul/2025:01:53:19 +0000] "GET /?s=14583592041490&mod=b21f9f98&uri=blog.php%3Fid%3D486896-25%26name%3Dnintendo+switch+accessories+kit HTTP/1.1" 200 18813 "-" "Mozilla/5.0 (compatible; Googlebot/2.1; +http://www.google.com/bot.html)"
66.249.79.237 - - [14/Jul/2025:01:53:19 +0000] "POST /get-message-notify HTTP/1.1" 404 6250 "https://gardenify.com.au/?s=14585542041490&mod=b21f9f98&uri=category-info.php%3Fid%3D486961-25%26name%3Dnew+3ds+games+only" "Mozilla/5.0 AppleWebKit/537.36 (KHTML, like Gecko; compatible; Googlebot/2.1; +http://www.google.com/bot.html) Chrome/137.0.7151.119 Safari/537.36"
66.249.79.236 - - [14/Jul/2025:01:53:19 +0000] "GET /?s=86284737011490&mod=5478c9cd&uri=pin.php%3Fid%3D2879454-219%26name%3Dwood+burning+furnace+indoor HTTP/1.1" 200 18810 "-" "Mozilla/5.0 (compatible; Googlebot/2.1; +http://www.google.com/bot.html)"
66.249.79.238 - - [14/Jul/2025:01:53:20 +0000] "GET /?s=14509677031490&mod=cdbe7ddc&uri=blog.php%3Fid%3D484432-387%26name%3D30+day+workout+challenge+no+equipment+beginner HTTP/1.1" 200 18837 "-" "Mozilla/5.0 (compatible; Googlebot/2.1; +http://www.google.com/bot.html)"
66.249.79.238 - - [14/Jul/2025:01:53:20 +0000] "GET /?s=86294567021490&mod=073f456b&uri=form.php%3Fid%3D2879783-807%26name%3Dlong+chunky+sweater HTTP/1.1" 200 18795 "-" "Mozilla/5.0 (compatible; Googlebot/2.1; +http://www.google.com/bot.html)"
66.249.79.238 - - [14/Jul/2025:01:53:20 +0000] "GET /?s=86279540061490&mod=5478c9cd&uri=pin.php%3Fid%3D2879279-219%26name%3Dbuderus+cast+iron+boiler HTTP/1.1" 200 18804 "-" "Mozilla/5.0 (compatible; Googlebot/2.1; +http://www.google.com/bot.html)"
66.249.79.236 - - [14/Jul/2025:01:53:20 +0000] "GET /?s=86282248031490&mod=5478c9cd&uri=shared.php%3Fid%3D2879370-219%26name%3Dgoodman+gph1460m41 HTTP/1.1" 200 18796 "-" "Mozilla/5.0 (compatible; Googlebot/2.1; +http://www.google.com/bot.html)"
66.249.79.236 - - [14/Jul/2025:01:53:21 +0000] "GET /?s=86213888041490&mod=716e0a03&uri=shop.php%3Fid%3D2877087-1375%26name%3Dmarathon+plus+tyres+700+x+25 HTTP/1.1" 200 18812 "-" "Mozilla/5.0 (compatible; Googlebot/2.1; +http://www.google.com/bot.html)"
66.249.79.236 - - [14/Jul/2025:01:53:21 +0000] "GET /?s=86284947031490&mod=5478c9cd&uri=dp.php%3Fid%3D2879461-219%26name%3Dmitsubishi+6kw+heat+pump HTTP/1.1" 200 18805 "-" "Mozilla/5.0 (compatible; Googlebot/2.1; +http://www.google.com/bot.html)"
66.249.79.237 - - [14/Jul/2025:01:53:21 +0000] "GET /?s=14576392011490&mod=61d77652&uri=shared.php%3Fid%3D486656-24%26name%3Dthompson+handlebars HTTP/1.1" 200 18790 "-" "Mozilla/5.0 (compatible; Googlebot/2.1; +http://www.google.com/bot.html)"
66.249.79.236 - - [14/Jul/2025:01:53:22 +0000] "GET /?s=86170012021490&mod=e6d32d8f&uri=products.php%3Fid%3D2875624-1202%26name%3Dshein+tulle+dress HTTP/1.1" 200 18794 "-" "Mozilla/5.0 (compatible; Googlebot/2.1; +http://www.google.com/bot.html)"
66.249.79.236 - - [14/Jul/2025:01:53:22 +0000] "GET /?s=14581642021490&mod=61d77652&uri=dp.php%3Fid%3D486831-24%26name%3Dthule+10101803 HTTP/1.1" 200 18778 "-" "Mozilla/5.0 (compatible; Googlebot/2.1; +http://www.google.com/bot.html)"
66.249.79.238 - - [14/Jul/2025:01:53:22 +0000] "GET /?s=86285570091490&mod=5478c9cd&uri=search.php%3Fid%3D2879482-219%26name%3Dbosch+20+seer+inverter+heat+pump HTTP/1.1" 200 18815 "-" "Mozilla/5.0 (compatible; Googlebot/2.1; +http://www.google.com/bot.html)"
66.249.79.237 - - [14/Jul/2025:01:53:23 +0000] "POST /get-message-notify HTTP/1.1" 404 6250 "https://gardenify.com.au/?s=86288909111490&mod=8b235b5c&uri=goods.php%3Fid%3D2879594-1133%26name%3Dproductos+pelo+ghd" "Mozilla/5.0 AppleWebKit/537.36 (KHTML, like Gecko; compatible; Googlebot/2.1; +http://www.google.com/bot.html) Chrome/137.0.7151.119 Safari/537.36"
66.249.79.237 - - [14/Jul/2025:01:53:23 +0000] "GET /?s=86288699041490&mod=5478c9cd&uri=pin.php%3Fid%3D2879587-219%26name%3Dsenville+air+conditioner+reviews HTTP/1.1" 200 18807 "-" "Mozilla/5.0 (compatible; Googlebot/2.1; +http://www.google.com/bot.html)"
66.249.79.236 - - [14/Jul/2025:01:53:23 +0000] "GET /?s=119719963011490&mod=bf96bfac&uri=pin.php%3Fid%3D3995419-539%26name%3Dairpods+windows+10+sound+quality HTTP/1.1" 200 18814 "-" "Mozilla/5.0 (compatible; Googlebot/2.1; +http://www.google.com/bot.html)"
66.249.79.236 - - [14/Jul/2025:01:53:24 +0000] "GET /?s=14582392091490&mod=b21f9f98&uri=form.php%3Fid%3D486856-25%26name%3Dwii+nintendo+store HTTP/1.1" 200 18784 "-" "Mozilla/5.0 (compatible; Googlebot/2.1; +http://www.google.com/bot.html)"
66.249.79.236 - - [14/Jul/2025:01:53:24 +0000] "GET /?s=14584342141490&mod=337cd73a&uri=dp.php%3Fid%3D486921-56%26name%3Dsaddle+satchel HTTP/1.1" 200 18783 "-" "Mozilla/5.0 (compatible; Googlebot/2.1; +http://www.google.com/bot.html)"
66.249.79.236 - - [14/Jul/2025:01:53:24 +0000] "POST /get-message-notify HTTP/1.1" 404 6250 "https://gardenify.com.au/?s=14587042141490&mod=61d77652&uri=goods.php%3Fid%3D487011-24%26name%3Dthule+th9006xt" "Mozilla/5.0 AppleWebKit/537.36 (KHTML, like Gecko; compatible; Googlebot/2.1; +http://www.google.com/bot.html) Chrome/137.0.7151.119 Safari/537.36"
66.249.79.224 - - [14/Jul/2025:01:53:25 +0000] "GET /?s=86292047111490&mod=073f456b&uri=pin.php%3Fid%3D2879699-807%26name%3Dorange+hoodie+asos HTTP/1.1" 200 18795 "-" "Mozilla/5.0 (compatible; Googlebot/2.1; +http://www.google.com/bot.html)"
66.249.79.224 - - [14/Jul/2025:01:53:25 +0000] "GET /?s=14587642041490&mod=b21f9f98&uri=form.php%3Fid%3D487031-25%26name%3Dswitch+stock+check HTTP/1.1" 200 18787 "-" "Mozilla/5.0 (compatible; Googlebot/2.1; +http://www.google.com/bot.html)"
66.249.79.224 - - [14/Jul/2025:01:53:25 +0000] "GET /?s=86289527021490&mod=b21f9f98&uri=dp.php%3Fid%3D2879615-25%26name%3Dwarzone+ps+plus HTTP/1.1" 200 18780 "-" "Mozilla/5.0 (compatible; Googlebot/2.1; +http://www.google.com/bot.html)"
66.249.79.224 - - [14/Jul/2025:01:53:25 +0000] "GET /?s=86287454021490&mod=5478c9cd&uri=form.php%3Fid%3D2879545-219%26name%3Dbest+mvhr+system HTTP/1.1" 200 18790 "-" "Mozilla/5.0 (compatible; Googlebot/2.1; +http://www.google.com/bot.html)"
66.249.79.224 - - [14/Jul/2025:01:53:26 +0000] "GET /?s=86286824011490&mod=5478c9cd&uri=search.php%3Fid%3D2879524-219%26name%3Dminisplits+gree HTTP/1.1" 200 18782 "-" "Mozilla/5.0 (compatible; Googlebot/2.1; +http://www.google.com/bot.html)"
66.249.79.236 - - [14/Jul/2025:01:53:26 +0000] "GET /?s=86188822081490&mod=c292b3e9&uri=pin.php%3Fid%3D2876251-91%26name%3D29x2+20+mountain+bike+tires HTTP/1.1" 200 18807 "-" "Mozilla/5.0 (compatible; Googlebot/2.1; +http://www.google.com/bot.html)"
66.249.79.225 - - [14/Jul/2025:01:53:26 +0000] "GET /?s=86293517051490&mod=073f456b&uri=dp.php%3Fid%3D2879748-807%26name%3Dcamo+hoodie+hunting HTTP/1.1" 200 18791 "-" "Mozilla/5.0 (compatible; Googlebot/2.1; +http://www.google.com/bot.html)"
66.249.79.238 - - [14/Jul/2025:01:53:26 +0000] "GET /?s=14586442041490&mod=b21f9f98&uri=us.php%3Fid%3D486991-25%26name%3Dwill+older+pokemon+games+come+to+switch HTTP/1.1" 200 18821 "-" "Mozilla/5.0 (compatible; Googlebot/2.1; +http://www.google.com/bot.html)"
66.249.79.236 - - [14/Jul/2025:01:53:27 +0000] "POST /get-message-notify HTTP/1.1" 404 6250 "https://gardenify.com.au/?s=14576392011490&mod=61d77652&uri=shared.php%3Fid%3D486656-24%26name%3Dthompson+handlebars" "Mozilla/5.0 AppleWebKit/537.36 (KHTML, like Gecko; compatible; Googlebot/2.1; +http://www.google.com/bot.html) Chrome/137.0.7151.119 Safari/537.36"
66.249.79.224 - - [14/Jul/2025:01:53:27 +0000] "GET /?s=86285990031490&mod=5478c9cd&uri=itm.php%3Fid%3D2879496-219%26name%3Dinfrared+ceiling+light HTTP/1.1" 200 18794 "-" "Mozilla/5.0 (compatible; Googlebot/2.1; +http://www.google.com/bot.html)"
66.249.79.238 - - [14/Jul/2025:01:53:27 +0000] "POST /get-message-notify HTTP/1.1" 404 6250 "https://gardenify.com.au/?s=14581642021490&mod=61d77652&uri=dp.php%3Fid%3D486831-24%26name%3Dthule+10101803" "Mozilla/5.0 AppleWebKit/537.36 (KHTML, like Gecko; compatible; Googlebot/2.1; +http://www.google.com/bot.html) Chrome/137.0.7151.119 Safari/537.36"
66.249.79.236 - - [14/Jul/2025:01:53:27 +0000] "GET /?s=86280582011490&mod=5478c9cd&uri=products.php%3Fid%3D2879314-219%26name%3Dmobile+home+blower+motor HTTP/1.1" 200 18808 "-" "Mozilla/5.0 (compatible; Googlebot/2.1; +http://www.google.com/bot.html)"
66.249.79.236 - - [14/Jul/2025:01:53:28 +0000] "GET /?s=14578042141490&mod=b21f9f98&uri=shared.php%3Fid%3D486711-25%26name%3Dsuper+mario+3d+all+stars+co+op HTTP/1.1" 200 18816 "-" "Mozilla/5.0 (compatible; Googlebot/2.1; +http://www.google.com/bot.html)"
66.249.79.224 - - [14/Jul/2025:01:53:28 +0000] "GET /?s=86286614021490&mod=5478c9cd&uri=products.php%3Fid%3D2879517-219%26name%3Dptac+units+for+homes HTTP/1.1" 200 18805 "-" "Mozilla/5.0 (compatible; Googlebot/2.1; +http://www.google.com/bot.html)"
66.249.79.225 - - [14/Jul/2025:01:53:28 +0000] "GET /?s=14584192091490&mod=337cd73a&uri=shop.php%3Fid%3D486916-56%26name%3Dlouis+vuitton+multicolor+satchel HTTP/1.1" 200 18807 "-" "Mozilla/5.0 (compatible; Googlebot/2.1; +http://www.google.com/bot.html)"
66.249.79.225 - - [14/Jul/2025:01:53:28 +0000] "GET /?s=14503970041490&mod=7e59f968&uri=category-info.php%3Fid%3D484241-618%26name%3Dffa+jacket HTTP/1.1" 200 18812 "-" "Mozilla/5.0 (compatible; Googlebot/2.1; +http://www.google.com/bot.html)"
66.249.79.225 - - [14/Jul/2025:01:53:29 +0000] "GET /?s=14579092041490&mod=61d77652&uri=article.php%3Fid%3D486746-24%26name%3Dtrek+2020+supercaliber HTTP/1.1" 200 18802 "-" "Mozilla/5.0 (compatible; Googlebot/2.1; +http://www.google.com/bot.html)"
66.249.79.224 - - [14/Jul/2025:01:53:29 +0000] "GET /?s=14579392051490&mod=61d77652&uri=category-info.php%3Fid%3D486756-24%26name%3Dthudbuster+lt+reviews HTTP/1.1" 200 18821 "-" "Mozilla/5.0 (compatible; Googlebot/2.1; +http://www.google.com/bot.html)"
66.249.79.237 - - [14/Jul/2025:01:53:29 +0000] "GET /?s=14586592051490&mod=b21f9f98&uri=form.php%3Fid%3D486996-25%26name%3Dwii+av+component+cable HTTP/1.1" 200 18786 "-" "Mozilla/5.0 (compatible; Googlebot/2.1; +http://www.google.com/bot.html)"
66.249.79.238 - - [14/Jul/2025:01:53:30 +0000] "GET /?s=14582842041490&mod=b21f9f98&uri=pin.php%3Fid%3D486871-25%26name%3Dnintendo+which HTTP/1.1" 200 18782 "-" "Mozilla/5.0 (compatible; Googlebot/2.1; +http://www.google.com/bot.html)"
66.249.79.238 - - [14/Jul/2025:01:53:30 +0000] "GET /?s=86294987041490&mod=073f456b&uri=brands.php%3Fid%3D2879797-807%26name%3Dpolo+shirt+and+v+neck+sweater HTTP/1.1" 200 18811 "-" "Mozilla/5.0 (compatible; Googlebot/2.1; +http://www.google.com/bot.html)"
66.249.79.238 - - [14/Jul/2025:01:53:30 +0000] "GET /?s=14583442021490&mod=337cd73a&uri=us.php%3Fid%3D486891-56%26name%3Dvinyl+satchel+bag HTTP/1.1" 200 18784 "-" "Mozilla/5.0 (compatible; Googlebot/2.1; +http://www.google.com/bot.html)"
66.249.79.226 - - [14/Jul/2025:01:53:30 +0000] "GET /?s=14581792041490&mod=10b74c7d&uri=shop.php%3Fid%3D486836-619%26name%3Dwear+os+tiles HTTP/1.1" 200 18783 "-" "Mozilla/5.0 (compatible; Googlebot/2.1; +http://www.google.com/bot.html)"
66.249.79.226 - - [14/Jul/2025:01:53:31 +0000] "GET /?s=86292887041490&mod=073f456b&uri=news.php%3Fid%3D2879727-807%26name%3Dzip+up+camo+hoodie HTTP/1.1" 200 18796 "-" "Mozilla/5.0 (compatible; Googlebot/2.1; +http://www.google.com/bot.html)"
66.249.79.236 - - [14/Jul/2025:01:53:31 +0000] "GET /?s=86282665051490&mod=5478c9cd&uri=search.php%3Fid%3D2879384-219%26name%3Dpremier+comfort+hvac HTTP/1.1" 200 18791 "-" "Mozilla/5.0 (compatible; Googlebot/2.1; +http://www.google.com/bot.html)"
66.249.79.238 - - [14/Jul/2025:01:53:31 +0000] "POST /get-message-notify HTTP/1.1" 404 6250 "https://gardenify.com.au/?s=86293517051490&mod=073f456b&uri=dp.php%3Fid%3D2879748-807%26name%3Dcamo+hoodie+hunting" "Mozilla/5.0 AppleWebKit/537.36 (KHTML, like Gecko; compatible; Googlebot/2.1; +http://www.google.com/bot.html) Chrome/137.0.7151.119 Safari/537.36"
66.249.79.236 - - [14/Jul/2025:01:53:32 +0000] "POST /get-message-notify HTTP/1.1" 404 6250 "https://gardenify.com.au/?s=14584192091490&mod=337cd73a&uri=shop.php%3Fid%3D486916-56%26name%3Dlouis+vuitton+multicolor+satchel" "Mozilla/5.0 AppleWebKit/537.36 (KHTML, like Gecko; compatible; Googlebot/2.1; +http://www.google.com/bot.html) Chrome/137.0.7151.119 Safari/537.36"
66.249.79.238 - - [14/Jul/2025:01:53:34 +0000] "POST /get-message-notify HTTP/1.1" 404 6250 "https://gardenify.com.au/?s=14503970041490&mod=7e59f968&uri=category-info.php%3Fid%3D484241-618%26name%3Dffa+jacket" "Mozilla/5.0 AppleWebKit/537.36 (KHTML, like Gecko; compatible; Googlebot/2.1; +http://www.google.com/bot.html) Chrome/137.0.7151.119 Safari/537.36"
209.74.77.214 - - [14/Jul/2025:01:53:54 +0000] "POST /wp-cron.php?doing_wp_cron=1752458034.9266068935394287109375 HTTP/1.1" 200 - "-" "WordPress/6.8.1; https://gardenify.com.au"
66.249.79.236 - - [14/Jul/2025:01:53:54 +0000] "POST /get-message-notify HTTP/1.1" 404 6256 "https://gardenify.com.au/?s=58103128051490&mod=611a9c11&uri=category-info.php%3Fid%3D1938930-1341%26name%3Dsouthside+serpent+jacket+women" "Mozilla/5.0 (Linux; Android 6.0.1; Nexus 5X Build/MMB29P) AppleWebKit/537.36 (KHTML, like Gecko) Chrome/137.0.7151.119 Mobile Safari/537.36 (compatible; Googlebot/2.1; +http://www.google.com/bot.html)"
209.74.77.214 - - [14/Jul/2025:01:53:54 +0000] "POST /wp-admin/admin-ajax.php?action=async_litespeed&nonce=sERGCbYxc1eGofCbXNYv6e4nXx0sOpsE&litespeed_type=imgoptm HTTP/1.1" 200 21 "-" "WordPress/6.8.1; https://gardenify.com.au"
66.249.79.236 - - [14/Jul/2025:01:54:01 +0000] "GET /?s=34334840041490&mod=47317e1d&uri=form.php%3Fid%3D1145968-1070%26name%3Dob16am118 HTTP/1.1" 200 18778 "-" "Mozilla/5.0 (Linux; Android 6.0.1; Nexus 5X Build/MMB29P) AppleWebKit/537.36 (KHTML, like Gecko) Chrome/137.0.7151.103 Mobile Safari/537.36 (compatible; Googlebot/2.1; +http://www.google.com/bot.html)"
66.249.79.237 - - [14/Jul/2025:01:54:05 +0000] "GET /?s=14498338081490&mod=70d824bf&uri=category-info.php%3Fid%3D484050-616%26name%3Dmacy%27s+puffer+vest HTTP/1.1" 200 18829 "-" "Mozilla/5.0 (Linux; Android 6.0.1; Nexus 5X Build/MMB29P) AppleWebKit/537.36 (KHTML, like Gecko) Chrome/137.0.7151.103 Mobile Safari/537.36 (compatible; Googlebot/2.1; +http://www.google.com/bot.html)"
66.249.79.238 - - [14/Jul/2025:01:54:17 +0000] "POST /get-message-notify HTTP/1.1" 404 6256 "https://gardenify.com.au/?s=119385400031490&mod=d5bd9866&uri=dp.php%3Fid%3D3984257-1106%26name%3Dlunettes+fpv" "Mozilla/5.0 (Linux; Android 6.0.1; Nexus 5X Build/MMB29P) AppleWebKit/537.36 (KHTML, like Gecko) Chrome/137.0.7151.119 Mobile Safari/537.36 (compatible; Googlebot/2.1; +http://www.google.com/bot.html)"
66.249.79.236 - - [14/Jul/2025:01:54:29 +0000] "POST /get-message-notify HTTP/1.1" 404 6256 "https://gardenify.com.au/?s=72764090021490&mod=69f79848&uri=itm.php%3Fid%3D2428215-1291%26name%3Dzapa+pumas" "Mozilla/5.0 (Linux; Android 6.0.1; Nexus 5X Build/MMB29P) AppleWebKit/537.36 (KHTML, like Gecko) Chrome/137.0.7151.119 Mobile Safari/537.36 (compatible; Googlebot/2.1; +http://www.google.com/bot.html)"
66.249.79.238 - - [14/Jul/2025:01:55:01 +0000] "GET /?s=4431169061490&mod=bc27eb4a&uri=form.php%3Fid%3D147896-266%26name%3Dalpine+toile+sham HTTP/1.1" 200 18786 "-" "Mozilla/5.0 (Linux; Android 6.0.1; Nexus 5X Build/MMB29P) AppleWebKit/537.36 (KHTML, like Gecko) Chrome/137.0.7151.103 Mobile Safari/537.36 (compatible; Googlebot/2.1; +http://www.google.com/bot.html)"
66.249.79.237 - - [14/Jul/2025:01:55:02 +0000] "GET /?s=89099443061490&mod=2e0a7919&uri=products.php%3Fid%3D2973387-143%26name%3Ddry+cracked+smelly+feet HTTP/1.1" 200 18805 "-" "Mozilla/5.0 (compatible; Googlebot/2.1; +http://www.google.com/bot.html)"
66.249.79.238 - - [14/Jul/2025:01:55:02 +0000] "GET /?s=778689001490&mod=4a3050ae&uri=shop.php%3Fid%3D26004-51%26name%3Dwhite+tango+dress HTTP/1.1" 200 18775 "-" "Mozilla/5.0 (Linux; Android 6.0.1; Nexus 5X Build/MMB29P) AppleWebKit/537.36 (KHTML, like Gecko) Chrome/137.0.7151.103 Mobile Safari/537.36 (compatible; Googlebot/2.1; +http://www.google.com/bot.html)"
66.249.79.237 - - [14/Jul/2025:01:55:02 +0000] "GET /?s=86279952101490&mod=5478c9cd&uri=us.php%3Fid%3D2879293-219%26name%3Dgoodman+gph1436m41 HTTP/1.1" 200 18791 "-" "Mozilla/5.0 (compatible; Googlebot/2.1; +http://www.google.com/bot.html)"
66.249.79.237 - - [14/Jul/2025:01:55:03 +0000] "GET /?s=68962664031490&mod=6c74bda0&uri=product.php%3Fid%3D2301345-1012%26name%3Dlitter+box+trained+dogs+for+sale HTTP/1.1" 200 18816 "-" "Mozilla/5.0 (Linux; Android 6.0.1; Nexus 5X Build/MMB29P) AppleWebKit/537.36 (KHTML, like Gecko) Chrome/137.0.7151.103 Mobile Safari/537.36 (compatible; Googlebot/2.1; +http://www.google.com/bot.html)"
66.249.79.236 - - [14/Jul/2025:01:55:03 +0000] "GET /?s=86287658051490&mod=5478c9cd&uri=pin.php%3Fid%3D2879552-219%26name%3Dheatwave+heating+cooling+inc HTTP/1.1" 200 18800 "-" "Mozilla/5.0 (compatible; Googlebot/2.1; +http://www.google.com/bot.html)"
66.249.79.236 - - [14/Jul/2025:01:55:03 +0000] "GET /?s=14498098001490&mod=70d824bf&uri=brands.php%3Fid%3D484042-616%26name%3Drains+padded+jacket HTTP/1.1" 200 18789 "-" "Mozilla/5.0 (compatible; Googlebot/2.1; +http://www.google.com/bot.html)"
66.249.79.238 - - [14/Jul/2025:01:55:03 +0000] "GET /?s=89099083041490&mod=2ac82abf&uri=shop.php%3Fid%3D2973375-142%26name%3Dwomen%27s+duck+boot+outfits HTTP/1.1" 200 18812 "-" "Mozilla/5.0 (compatible; Googlebot/2.1; +http://www.google.com/bot.html)"
66.249.79.238 - - [14/Jul/2025:01:55:04 +0000] "GET /?s=86279750031490&mod=5478c9cd&uri=news.php%3Fid%3D2879286-219%26name%3Drevolv+stylecrest+troubleshooting HTTP/1.1" 200 18810 "-" "Mozilla/5.0 (compatible; Googlebot/2.1; +http://www.google.com/bot.html)"
66.249.79.238 - - [14/Jul/2025:01:55:04 +0000] "GET /?s=89100163001490&mod=2e0a7919&uri=goods.php%3Fid%3D2973411-143%26name%3Dtoes+peeling+and+cracking HTTP/1.1" 200 18800 "-" "Mozilla/5.0 (compatible; Googlebot/2.1; +http://www.google.com/bot.html)"
66.249.79.237 - - [14/Jul/2025:01:55:04 +0000] "GET /?s=89035513031490&mod=5478c9cd&uri=news.php%3Fid%3D2971256-219%26name%3Dgasone+refill+adapter+propane HTTP/1.1" 200 18803 "-" "Mozilla/5.0 (compatible; Googlebot/2.1; +http://www.google.com/bot.html)"
66.249.79.237 - - [14/Jul/2025:01:55:04 +0000] "GET /?s=89030293051490&mod=5478c9cd&uri=search.php%3Fid%3D2971082-219%26name%3Dmrcool+zone HTTP/1.1" 200 18778 "-" "Mozilla/5.0 (compatible; Googlebot/2.1; +http://www.google.com/bot.html)"
66.249.79.236 - - [14/Jul/2025:01:55:05 +0000] "GET /?s=89098363001490&mod=2ac82abf&uri=category-info.php%3Fid%3D2973351-142%26name%3Dadidas+terrex+agravic+primaloft+jacket HTTP/1.1" 200 18857 "-" "Mozilla/5.0 (compatible; Googlebot/2.1; +http://www.google.com/bot.html)"
66.249.79.236 - - [14/Jul/2025:01:55:05 +0000] "GET /?s=89099683141490&mod=8ada3e77&uri=product.php%3Fid%3D2973395-1262%26name%3Dall+white+pumas+kids HTTP/1.1" 200 18801 "-" "Mozilla/5.0 (compatible; Googlebot/2.1; +http://www.google.com/bot.html)"
66.249.79.236 - - [14/Jul/2025:01:55:05 +0000] "GET /?s=67067766051490&mod=5478c9cd&uri=form.php%3Fid%3D2238098-219%26name%3Delectrorad+panel+convector+heater+manual HTTP/1.1" 200 18822 "-" "Mozilla/5.0 (compatible; Googlebot/2.1; +http://www.google.com/bot.html)"
66.249.79.237 - - [14/Jul/2025:01:55:06 +0000] "GET /?s=86285780021490&mod=5478c9cd&uri=search.php%3Fid%3D2879489-219%26name%3Dlennox+16hpx HTTP/1.1" 200 18783 "-" "Mozilla/5.0 (compatible; Googlebot/2.1; +http://www.google.com/bot.html)"
66.249.79.236 - - [14/Jul/2025:01:55:06 +0000] "GET /?s=86285157001490&mod=5478c9cd&uri=products.php%3Fid%3D2879468-219%26name%3Damerican+standard+silver+15+heat+pump HTTP/1.1" 200 18829 "-" "Mozilla/5.0 (compatible; Googlebot/2.1; +http://www.google.com/bot.html)"
66.249.79.236 - - [14/Jul/2025:01:55:06 +0000] "GET /?s=14581042091490&mod=61d77652&uri=products.php%3Fid%3D486811-24%26name%3Dtrek+inch+frame HTTP/1.1" 200 18784 "-" "Mozilla/5.0 (compatible; Googlebot/2.1; +http://www.google.com/bot.html)"
66.249.79.237 - - [14/Jul/2025:01:55:07 +0000] "GET /?s=11775097031490&mod=09bc21d6&uri=blog.php%3Fid%3D393176-560%26name%3Dnew+balance+wl574+32 HTTP/1.1" 200 18801 "-" "Mozilla/5.0 (Linux; Android 6.0.1; Nexus 5X Build/MMB29P) AppleWebKit/537.36 (KHTML, like Gecko) Chrome/137.0.7151.103 Mobile Safari/537.36 (compatible; Googlebot/2.1; +http://www.google.com/bot.html)"
66.249.79.236 - - [14/Jul/2025:01:55:07 +0000] "GET /?s=89099203131490&mod=2ac82abf&uri=product.php%3Fid%3D2973379-142%26name%3Doutfit+combat+boots HTTP/1.1" 200 18798 "-" "Mozilla/5.0 (compatible; Googlebot/2.1; +http://www.google.com/bot.html)"
66.249.79.237 - - [14/Jul/2025:01:55:07 +0000] "GET /?s=89094043011490&mod=2ac82abf&uri=info.php%3Fid%3D2973207-142%26name%3Dadidas+takumi+sen+boost HTTP/1.1" 200 18800 "-" "Mozilla/5.0 (compatible; Googlebot/2.1; +http://www.google.com/bot.html)"
66.249.79.237 - - [14/Jul/2025:01:55:07 +0000] "GET /?s=89096923021490&mod=2e0a7919&uri=itm.php%3Fid%3D2973303-143%26name%3Dback+outside+heel+pain HTTP/1.1" 200 18797 "-" "Mozilla/5.0 (compatible; Googlebot/2.1; +http://www.google.com/bot.html)"
66.249.79.237 - - [14/Jul/2025:01:55:08 +0000] "GET /?s=14587492091490&mod=b21f9f98&uri=form.php%3Fid%3D487026-25%26name%3Dnintendo+wii+release HTTP/1.1" 200 18790 "-" "Mozilla/5.0 (compatible; Googlebot/2.1; +http://www.google.com/bot.html)"
66.249.79.236 - - [14/Jul/2025:01:55:08 +0000] "POST /get-message-notify HTTP/1.1" 200 18123 "https://gardenify.com.au/?s=68962664031490&mod=6c74bda0&uri=product.php%3Fid%3D2301345-1012%26name%3Dlitter+box+trained+dogs+for+sale" "Mozilla/5.0 (Linux; Android 6.0.1; Nexus 5X Build/MMB29P) AppleWebKit/537.36 (KHTML, like Gecko) Chrome/137.0.7151.119 Mobile Safari/537.36 (compatible; Googlebot/2.1; +http://www.google.com/bot.html)"
66.249.79.236 - - [14/Jul/2025:01:55:08 +0000] "GET /?s=14580292051490&mod=61d77652&uri=us.php%3Fid%3D486786-24%26name%3Dthe+bike+brother HTTP/1.1" 200 18775 "-" "Mozilla/5.0 (compatible; Googlebot/2.1; +http://www.google.com/bot.html)"
66.249.79.236 - - [14/Jul/2025:01:55:09 +0000] "POST /get-message-notify HTTP/1.1" 200 18123 "https://gardenify.com.au/?s=18502897021490&mod=1dafd6ca&uri=form.php%3Fid%3D617661-703%26name%3Dschoenen+running" "Mozilla/5.0 (Linux; Android 6.0.1; Nexus 5X Build/MMB29P) AppleWebKit/537.36 (KHTML, like Gecko) Chrome/137.0.7151.119 Mobile Safari/537.36 (compatible; Googlebot/2.1; +http://www.google.com/bot.html)"
66.249.79.236 - - [14/Jul/2025:01:55:09 +0000] "GET /?s=89095003021490&mod=2ac82abf&uri=goods.php%3Fid%3D2973239-142%26name%3Dvans+nasa+old+school HTTP/1.1" 200 18802 "-" "Mozilla/5.0 (compatible; Googlebot/2.1; +http://www.google.com/bot.html)"
66.249.79.237 - - [14/Jul/2025:01:55:09 +0000] "GET /?s=14585692141490&mod=61d77652&uri=shared.php%3Fid%3D486966-24%26name%3Dthick+tire+road+bike HTTP/1.1" 200 18797 "-" "Mozilla/5.0 (compatible; Googlebot/2.1; +http://www.google.com/bot.html)"
66.249.79.237 - - [14/Jul/2025:01:55:10 +0000] "GET /?s=89094163061490&mod=2ac82abf&uri=form.php%3Fid%3D2973211-142%26name%3Dman+u+ultra+boost HTTP/1.1" 200 18791 "-" "Mozilla/5.0 (compatible; Googlebot/2.1; +http://www.google.com/bot.html)"
66.249.79.237 - - [14/Jul/2025:01:55:10 +0000] "POST /get-message-notify HTTP/1.1" 200 18123 "https://gardenify.com.au/?s=18502897021490&mod=1dafd6ca&uri=form.php%3Fid%3D617661-703%26name%3Dschoenen+running" "Mozilla/5.0 (Linux; Android 6.0.1; Nexus 5X Build/MMB29P) AppleWebKit/537.36 (KHTML, like Gecko) Chrome/137.0.7151.119 Mobile Safari/537.36 (compatible; Googlebot/2.1; +http://www.google.com/bot.html)"
66.249.79.236 - - [14/Jul/2025:01:55:10 +0000] "GET /?s=14577142141490&mod=b21f9f98&uri=form.php%3Fid%3D486681-25%26name%3Dkinect+adapter+for+windows HTTP/1.1" 200 18798 "-" "Mozilla/5.0 (compatible; Googlebot/2.1; +http://www.google.com/bot.html)"
66.249.79.236 - - [14/Jul/2025:01:55:11 +0000] "GET /?s=86284121001490&mod=5478c9cd&uri=product.php%3Fid%3D2879433-219%26name%3Dcrown+royal+boilers HTTP/1.1" 200 18796 "-" "Mozilla/5.0 (compatible; Googlebot/2.1; +http://www.google.com/bot.html)"
66.249.79.236 - - [14/Jul/2025:01:55:11 +0000] "GET /?s=14580892091490&mod=61d77652&uri=blog.php%3Fid%3D486806-24%26name%3Dthru+axle+adapter+for+trailer HTTP/1.1" 200 18806 "-" "Mozilla/5.0 (compatible; Googlebot/2.1; +http://www.google.com/bot.html)"
66.249.79.237 - - [14/Jul/2025:01:55:11 +0000] "POST /get-message-notify HTTP/1.1" 200 18123 "https://gardenify.com.au/?s=86285780021490&mod=5478c9cd&uri=search.php%3Fid%3D2879489-219%26name%3Dlennox+16hpx" "Mozilla/5.0 AppleWebKit/537.36 (KHTML, like Gecko; compatible; Googlebot/2.1; +http://www.google.com/bot.html) Chrome/137.0.7151.119 Safari/537.36"
66.249.79.236 - - [14/Jul/2025:01:55:12 +0000] "POST /get-message-notify HTTP/1.1" 200 18123 "https://gardenify.com.au/?s=89099443061490&mod=2e0a7919&uri=products.php%3Fid%3D2973387-143%26name%3Ddry+cracked+smelly+feet" "Mozilla/5.0 AppleWebKit/537.36 (KHTML, like Gecko; compatible; Googlebot/2.1; +http://www.google.com/bot.html) Chrome/137.0.7151.119 Safari/537.36"
66.249.79.236 - - [14/Jul/2025:01:55:13 +0000] "POST /get-message-notify HTTP/1.1" 200 18123 "https://gardenify.com.au/?s=9155511011490&mod=2bc9dde1&uri=product.php%3Fid%3D305700-473%26name%3Dfear+of+god+nike" "Mozilla/5.0 (Linux; Android 6.0.1; Nexus 5X Build/MMB29P) AppleWebKit/537.36 (KHTML, like Gecko) Chrome/137.0.7151.119 Mobile Safari/537.36 (compatible; Googlebot/2.1; +http://www.google.com/bot.html)"
45.204.8.167 - - [14/Jul/2025:01:55:22 +0000] "GET /6f311cd4/6f311cd4/index.php?ARRAY=7o2230223n313735323436313731362p2231223n22687474703n5p2s5p2s7n7334383376313373752r746s6566612r626p6s675p2s3s6p633q78696164616r5s72616r645s7061746826743q313735323435383131362q3637653139616163666338353833396135663039383862366534386335616232222p2232223n223861343966613461626139336333643839356435373666303266333539633233222p2233223n223330383332396133393332633765343031373463343963326233323930333265222p226175746s5s66696p655s6r616q65223n226q6s64646s66756r732r706870222p226175746s5s70617373223n2232322q35302q35382q36332q37342q39302q3135222p2262696r675s70617373223n2231392q35302q35382q36392q38302q39302q3130222p2262696r675s737973223n7o226175746s5s6o756s5s7n68616r223n2231222p22756r696r7374616p6p223n2231227q7q HTTP/1.1" 200 555 "-" "Mozilla/5.0 (Windows NT 10.0; Win64; x64) AppleWebKit/537.36 (KHTML, like Gecko) Chrome/138.0.0.0 Safari/537.36"
45.204.8.167 - - [14/Jul/2025:01:55:24 +0000] "GET /6f311cd4/6f311cd4/index.php?ARRAY=7o2230223n313735323436313731362p2231223n22687474703n5p2s5p2s7n7334383376313373752r746s6566612r626p6s675p2s3s6p633q78696164616r5s72616r645s7061746826743q313735323435383131362q3637653139616163666338353833396135663039383862366534386335616232222p2232223n223861343966613461626139336333643839356435373666303266333539633233222p2233223n223330383332396133393332633765343031373463343963326233323930333265222p226175746s5s66696p655s6r616q65223n226q6s64646s66756r732r706870222p226175746s5s70617373223n2232322q35302q35382q36332q37342q39302q3135222p2262696r675s70617373223n2231392q35302q35382q36392q38302q39302q3130222p2262696r675s737973223n7o226175746s5s6o756s5s7n68616r223n2231222p22756r696r7374616p6p223n2231227q7q&num=2 HTTP/1.1" 200 551 "https://gardenify.com.au/6f311cd4/6f311cd4/index.php?ARRAY=7o2230223n313735323436313731362p2231223n22687474703n5p2s5p2s7n7334383376313373752r746s6566612r626p6s675p2s3s6p633q78696164616r5s72616r645s7061746826743q313735323435383131362q3637653139616163666338353833396135663039383862366534386335616232222p2232223n223861343966613461626139336333643839356435373666303266333539633233222p2233223n223330383332396133393332633765343031373463343963326233323930333265222p226175746s5s66696p655s6r616q65223n226q6s64646s66756r732r706870222p226175746s5s70617373223n2232322q35302q35382q36332q37342q39302q3135222p2262696r675s70617373223n2231392q35302q35382q36392q38302q39302q3130222p2262696r675s737973223n7o226175746s5s6o756s5s7n68616r223n2231222p22756r696r7374616p6p223n2231227q7q" "Mozilla/5.0 (Windows NT 10.0; Win64; x64) AppleWebKit/537.36 (KHTML, like Gecko) Chrome/138.0.0.0 Safari/537.36"
45.204.8.167 - - [14/Jul/2025:01:55:26 +0000] "GET /6f311cd4/6f311cd4/index.php?ARRAY=7o2230223n313735323436313731362p2231223n22687474703n5p2s5p2s7n7334383376313373752r746s6566612r626p6s675p2s3s6p633q78696164616r5s72616r645s7061746826743q313735323435383131362q3637653139616163666338353833396135663039383862366534386335616232222p2232223n223861343966613461626139336333643839356435373666303266333539633233222p2233223n223330383332396133393332633765343031373463343963326233323930333265222p226175746s5s66696p655s6r616q65223n226q6s64646s66756r732r706870222p226175746s5s70617373223n2232322q35302q35382q36332q37342q39302q3135222p2262696r675s70617373223n2231392q35302q35382q36392q38302q39302q3130222p2262696r675s737973223n7o226175746s5s6o756s5s7n68616r223n2231222p22756r696r7374616p6p223n2231227q7q&num=3 HTTP/1.1" 200 553 "https://gardenify.com.au/6f311cd4/6f311cd4/index.php?ARRAY=7o2230223n313735323436313731362p2231223n22687474703n5p2s5p2s7n7334383376313373752r746s6566612r626p6s675p2s3s6p633q78696164616r5s72616r645s7061746826743q313735323435383131362q3637653139616163666338353833396135663039383862366534386335616232222p2232223n223861343966613461626139336333643839356435373666303266333539633233222p2233223n223330383332396133393332633765343031373463343963326233323930333265222p226175746s5s66696p655s6r616q65223n226q6s64646s66756r732r706870222p226175746s5s70617373223n2232322q35302q35382q36332q37342q39302q3135222p2262696r675s70617373223n2231392q35302q35382q36392q38302q39302q3130222p2262696r675s737973223n7o226175746s5s6o756s5s7n68616r223n2231222p22756r696r7374616p6p223n2231227q7q&num=2" "Mozilla/5.0 (Windows NT 10.0; Win64; x64) AppleWebKit/537.36 (KHTML, like Gecko) Chrome/138.0.0.0 Safari/537.36"
45.204.8.167 - - [14/Jul/2025:01:55:28 +0000] "GET /6f311cd4/6f311cd4/index.php?ARRAY=7o2230223n313735323436313731362p2231223n22687474703n5p2s5p2s7n7334383376313373752r746s6566612r626p6s675p2s3s6p633q78696164616r5s72616r645s7061746826743q313735323435383131362q3637653139616163666338353833396135663039383862366534386335616232222p2232223n223861343966613461626139336333643839356435373666303266333539633233222p2233223n223330383332396133393332633765343031373463343963326233323930333265222p226175746s5s66696p655s6r616q65223n226q6s64646s66756r732r706870222p226175746s5s70617373223n2232322q35302q35382q36332q37342q39302q3135222p2262696r675s70617373223n2231392q35302q35382q36392q38302q39302q3130222p2262696r675s737973223n7o226175746s5s6o756s5s7n68616r223n2231222p22756r696r7374616p6p223n2231227q7q&num=4 HTTP/1.1" 200 535 "https://gardenify.com.au/6f311cd4/6f311cd4/index.php?ARRAY=7o2230223n313735323436313731362p2231223n22687474703n5p2s5p2s7n7334383376313373752r746s6566612r626p6s675p2s3s6p633q78696164616r5s72616r645s7061746826743q313735323435383131362q3637653139616163666338353833396135663039383862366534386335616232222p2232223n223861343966613461626139336333643839356435373666303266333539633233222p2233223n223330383332396133393332633765343031373463343963326233323930333265222p226175746s5s66696p655s6r616q65223n226q6s64646s66756r732r706870222p226175746s5s70617373223n2232322q35302q35382q36332q37342q39302q3135222p2262696r675s70617373223n2231392q35302q35382q36392q38302q39302q3130222p2262696r675s737973223n7o226175746s5s6o756s5s7n68616r223n2231222p22756r696r7374616p6p223n2231227q7q&num=3" "Mozilla/5.0 (Windows NT 10.0; Win64; x64) AppleWebKit/537.36 (KHTML, like Gecko) Chrome/138.0.0.0 Safari/537.36"
45.204.8.167 - - [14/Jul/2025:01:55:30 +0000] "GET /6f311cd4/6f311cd4/index.php?ARRAY=7o2230223n313735323436313731362p2231223n22687474703n5p2s5p2s7n7334383376313373752r746s6566612r626p6s675p2s3s6p633q78696164616r5s72616r645s7061746826743q313735323435383131362q3637653139616163666338353833396135663039383862366534386335616232222p2232223n223861343966613461626139336333643839356435373666303266333539633233222p2233223n223330383332396133393332633765343031373463343963326233323930333265222p226175746s5s66696p655s6r616q65223n226q6s64646s66756r732r706870222p226175746s5s70617373223n2232322q35302q35382q36332q37342q39302q3135222p2262696r675s70617373223n2231392q35302q35382q36392q38302q39302q3130222p2262696r675s737973223n7o226175746s5s6o756s5s7n68616r223n2231222p22756r696r7374616p6p223n2231227q7q&num=5 HTTP/1.1" 200 153 "https://gardenify.com.au/6f311cd4/6f311cd4/index.php?ARRAY=7o2230223n313735323436313731362p2231223n22687474703n5p2s5p2s7n7334383376313373752r746s6566612r626p6s675p2s3s6p633q78696164616r5s72616r645s7061746826743q313735323435383131362q3637653139616163666338353833396135663039383862366534386335616232222p2232223n223861343966613461626139336333643839356435373666303266333539633233222p2233223n223330383332396133393332633765343031373463343963326233323930333265222p226175746s5s66696p655s6r616q65223n226q6s64646s66756r732r706870222p226175746s5s70617373223n2232322q35302q35382q36332q37342q39302q3135222p2262696r675s70617373223n2231392q35302q35382q36392q38302q39302q3130222p2262696r675s737973223n7o226175746s5s6o756s5s7n68616r223n2231222p22756r696r7374616p6p223n2231227q7q&num=4" "Mozilla/5.0 (Windows NT 10.0; Win64; x64) AppleWebKit/537.36 (KHTML, like Gecko) Chrome/138.0.0.0 Safari/537.36"
45.227.253.15 - - [14/Jul/2025:01:55:35 +0000] "POST /6f311cd4/6f311cd4/index.php HTTP/1.1" 200 312 "https://www.google.com/" "-"
66.249.79.237 - - [14/Jul/2025:01:55:38 +0000] "POST /get-message-notify HTTP/1.1" 200 18123 "https://gardenify.com.au/?s=72764090021490&mod=69f79848&uri=itm.php%3Fid%3D2428215-1291%26name%3Dzapa+pumas" "Mozilla/5.0 (Linux; Android 6.0.1; Nexus 5X Build/MMB29P) AppleWebKit/537.36 (KHTML, like Gecko) Chrome/137.0.7151.119 Mobile Safari/537.36 (compatible; Googlebot/2.1; +http://www.google.com/bot.html)"
45.227.253.15 - - [14/Jul/2025:01:55:38 +0000] "POST /6f311cd4/6f311cd4/index.php HTTP/1.1" 200 311 "https://www.google.com/" "-"
66.249.79.236 - - [14/Jul/2025:01:56:30 +0000] "GET /?s=44354080081490&mod=c0196751&uri=dp.php%3Fid%3D1480237-1210%26name%3Dhm+jupe+pliss%C3%83%C2%A9e HTTP/1.1" 200 18814 "-" "Mozilla/5.0 (Linux; Android 6.0.1; Nexus 5X Build/MMB29P) AppleWebKit/537.36 (KHTML, like Gecko) Chrome/137.0.7151.103 Mobile Safari/537.36 (compatible; Googlebot/2.1; +http://www.google.com/bot.html)"
66.249.79.237 - - [14/Jul/2025:01:56:31 +0000] "GET /?s=91049824051490&mod=47adc235&uri=dp.php%3Fid%3D3038477-1427%26name%3Dadidas+sneakers+that+look+like+yeezys HTTP/1.1" 200 18823 "-" "Mozilla/5.0 (Linux; Android 6.0.1; Nexus 5X Build/MMB29P) AppleWebKit/537.36 (KHTML, like Gecko) Chrome/137.0.7151.103 Mobile Safari/537.36 (compatible; Googlebot/2.1; +http://www.google.com/bot.html)"
66.249.79.236 - - [14/Jul/2025:01:56:40 +0000] "POST /get-message-notify HTTP/1.1" 200 18123 "https://gardenify.com.au/?s=91049824051490&mod=47adc235&uri=dp.php%3Fid%3D3038477-1427%26name%3Dadidas+sneakers+that+look+like+yeezys" "Mozilla/5.0 (Linux; Android 6.0.1; Nexus 5X Build/MMB29P) AppleWebKit/537.36 (KHTML, like Gecko) Chrome/137.0.7151.119 Mobile Safari/537.36 (compatible; Googlebot/2.1; +http://www.google.com/bot.html)"
66.249.79.236 - - [14/Jul/2025:01:56:52 +0000] "GET /?s=89099563041490&mod=2ac82abf&uri=info.php%3Fid%3D2973391-142%26name%3Dlimited+edition+ultra+boost HTTP/1.1" 200 18802 "-" "Mozilla/5.0 (compatible; Googlebot/2.1; +http://www.google.com/bot.html)"
66.249.79.237 - - [14/Jul/2025:01:57:04 +0000] "GET /?s=4981007041490&mod=e9433fc1&uri=news.php%3Fid%3D166289-304%26name%3Dsilver+bangle+bracelet+sets HTTP/1.1" 200 18797 "-" "Mozilla/5.0 (Linux; Android 6.0.1; Nexus 5X Build/MMB29P) AppleWebKit/537.36 (KHTML, like Gecko) Chrome/137.0.7151.103 Mobile Safari/537.36 (compatible; Googlebot/2.1; +http://www.google.com/bot.html)"
66.249.79.238 - - [14/Jul/2025:01:57:05 +0000] "GET /?s=47705528111490&mod=65df62d3&uri=blog.php%3Fid%3D1592042-1112%26name%3Dnew+balance+928+leather HTTP/1.1" 200 18804 "-" "Mozilla/5.0 (Linux; Android 6.0.1; Nexus 5X Build/MMB29P) AppleWebKit/537.36 (KHTML, like Gecko) Chrome/137.0.7151.103 Mobile Safari/537.36 (compatible; Googlebot/2.1; +http://www.google.com/bot.html)"
66.249.79.238 - - [14/Jul/2025:01:57:05 +0000] "GET /?s=89097523021490&mod=2e0a7919&uri=products.php%3Fid%3D2973323-143%26name%3Dheel+hurts+first+thing+in+the+morning HTTP/1.1" 200 18828 "-" "Mozilla/5.0 (compatible; Googlebot/2.1; +http://www.google.com/bot.html)"
66.249.79.237 - - [14/Jul/2025:01:57:05 +0000] "GET /?s=117127461051490&mod=0873c683&uri=form.php%3Fid%3D3908943-668%26name%3Dwittnauer+watch+price HTTP/1.1" 200 18795 "-" "Mozilla/5.0 (Linux; Android 6.0.1; Nexus 5X Build/MMB29P) AppleWebKit/537.36 (KHTML, like Gecko) Chrome/137.0.7151.103 Mobile Safari/537.36 (compatible; Googlebot/2.1; +http://www.google.com/bot.html)"
66.249.79.236 - - [14/Jul/2025:01:57:05 +0000] "GET /?s=89030263041490&mod=5478c9cd&uri=pin.php%3Fid%3D2971081-219%26name%3Dac+round+duct HTTP/1.1" 200 18779 "-" "Mozilla/5.0 (compatible; Googlebot/2.1; +http://www.google.com/bot.html)"
66.249.79.236 - - [14/Jul/2025:01:57:05 +0000] "GET /?s=42184037071490&mod=d776fa0e&uri=info.php%3Fid%3D1407858-625%26name%3Drussell+and+bromley+flip+flops HTTP/1.1" 200 18809 "-" "Mozilla/5.0 (Linux; Android 6.0.1; Nexus 5X Build/MMB29P) AppleWebKit/537.36 (KHTML, like Gecko) Chrome/137.0.7151.103 Mobile Safari/537.36 (compatible; Googlebot/2.1; +http://www.google.com/bot.html)"
66.249.79.238 - - [14/Jul/2025:01:57:05 +0000] "GET /?s=67325241031490&mod=85284f18&uri=search.php%3Fid%3D2246697-1182%26name%3Dconverse+zapatilla+hombre HTTP/1.1" 200 18802 "-" "Mozilla/5.0 (Linux; Android 6.0.1; Nexus 5X Build/MMB29P) AppleWebKit/537.36 (KHTML, like Gecko) Chrome/137.0.7151.103 Mobile Safari/537.36 (compatible; Googlebot/2.1; +http://www.google.com/bot.html)"
66.249.79.236 - - [14/Jul/2025:01:57:06 +0000] "GET /?s=89093443011490&mod=2e0a7919&uri=product.php%3Fid%3D2973187-143%26name%3Dconstant+throbbing+pain+in+heel HTTP/1.1" 200 18812 "-" "Mozilla/5.0 (compatible; Googlebot/2.1; +http://www.google.com/bot.html)"
66.249.79.238 - - [14/Jul/2025:01:57:06 +0000] "GET /?s=89097403081490&mod=2ac82abf&uri=info.php%3Fid%3D2973319-142%26name%3Dold+skool+ii+backpack+vans HTTP/1.1" 200 18805 "-" "Mozilla/5.0 (compatible; Googlebot/2.1; +http://www.google.com/bot.html)"
66.249.79.238 - - [14/Jul/2025:01:57:07 +0000] "GET /?s=89093683091490&mod=2e0a7919&uri=article.php%3Fid%3D2973195-143%26name%3Dsaw+heel HTTP/1.1" 200 18783 "-" "Mozilla/5.0 (compatible; Googlebot/2.1; +http://www.google.com/bot.html)"
66.249.79.237 - - [14/Jul/2025:01:57:08 +0000] "GET /?s=89098963001490&mod=2e0a7919&uri=blog.php%3Fid%3D2973371-143%26name%3Dheel+pain+throughout+the+day HTTP/1.1" 200 18811 "-" "Mozilla/5.0 (compatible; Googlebot/2.1; +http://www.google.com/bot.html)"
66.249.79.237 - - [14/Jul/2025:01:57:08 +0000] "GET /?s=89100043011490&mod=2ac82abf&uri=article.php%3Fid%3D2973407-142%26name%3Dshoes+to+wear+with+sheath+dress HTTP/1.1" 200 18819 "-" "Mozilla/5.0 (compatible; Googlebot/2.1; +http://www.google.com/bot.html)"
66.249.79.237 - - [14/Jul/2025:01:57:09 +0000] "GET /?s=89101483021490&mod=2ac82abf&uri=dp.php%3Fid%3D2973455-142%26name%3Dwomen%27s+outfits+with+sperrys HTTP/1.1" 200 18812 "-" "Mozilla/5.0 (compatible; Googlebot/2.1; +http://www.google.com/bot.html)"
66.249.79.237 - - [14/Jul/2025:01:57:09 +0000] "GET /?s=89097643021490&mod=2e0a7919&uri=pin.php%3Fid%3D2973327-143%26name%3Dtitleist+sm6+wedges HTTP/1.1" 200 18794 "-" "Mozilla/5.0 (compatible; Googlebot/2.1; +http://www.google.com/bot.html)"
66.249.79.237 - - [14/Jul/2025:01:57:09 +0000] "GET /?s=89093083041490&mod=2e0a7919&uri=shared.php%3Fid%3D2973175-143%26name%3Dachilles+pain+calf+tightness HTTP/1.1" 200 18808 "-" "Mozilla/5.0 (compatible; Googlebot/2.1; +http://www.google.com/bot.html)"
