66.249.79.237 - - [14/Jul/2025:01:29:45 +0000] "POST /get-message-notify HTTP/1.1" 404 6256 "https://gardenify.com.au/?s=1868344001490&mod=77bea4fd&uri=article.php%3Fid%3D62362-115%26name%3Dair+jordan+plusieurs+couleurs" "Mozilla/5.0 (Linux; Android 6.0.1; Nexus 5X Build/MMB29P) AppleWebKit/537.36 (KHTML, like Gecko) Chrome/137.0.7151.119 Mobile Safari/537.36 (compatible; Googlebot/2.1; +http://www.google.com/bot.html)"
66.249.79.237 - - [14/Jul/2025:01:29:46 +0000] "GET /?s=17777312011490&mod=8f561e4c&uri=shop.php%3Fid%3D593446-335%26name%3Dskyrim+on+nintendo+switch HTTP/1.1" 200 18802 "-" "Mozilla/5.0 (compatible; Googlebot/2.1; +http://www.google.com/bot.html)"
66.249.79.236 - - [14/Jul/2025:01:29:48 +0000] "POST /get-message-notify HTTP/1.1" 404 6250 "https://gardenify.com.au/?s=24468853001490&mod=2be96323&uri=shared.php%3Fid%3D816695-438%26name%3Drapisardi+enkellaarsjes" "Mozilla/5.0 AppleWebKit/537.36 (KHTML, like Gecko; compatible; Googlebot/2.1; +http://www.google.com/bot.html) Chrome/137.0.7151.119 Safari/537.36"
66.249.79.224 - - [14/Jul/2025:01:29:49 +0000] "POST /get-message-notify HTTP/1.1" 404 6250 "https://gardenify.com.au/?s=78273575041490&mod=29e2f026&uri=search.php%3Fid%3D2612077-716%26name%3Dlotto+leggins" "Mozilla/5.0 AppleWebKit/537.36 (KHTML, like Gecko; compatible; Googlebot/2.1; +http://www.google.com/bot.html) Chrome/137.0.7151.119 Safari/537.36"
66.249.79.224 - - [14/Jul/2025:01:29:50 +0000] "POST /get-message-notify HTTP/1.1" 404 6250 "https://gardenify.com.au/?s=30647874021490&mod=fdf645ae&uri=brands.php%3Fid%3D1022923-324%26name%3Droast+carrot+and+beetroot+salad" "Mozilla/5.0 AppleWebKit/537.36 (KHTML, like Gecko; compatible; Googlebot/2.1; +http://www.google.com/bot.html) Chrome/137.0.7151.119 Safari/537.36"
209.74.77.214 - - [14/Jul/2025:01:29:55 +0000] "POST /wp-cron.php?doing_wp_cron=1752456595.5611939430236816406250 HTTP/1.1" 200 - "-" "WordPress/6.8.1; https://gardenify.com.au"
66.249.79.237 - - [14/Jul/2025:01:29:55 +0000] "POST /get-message-notify HTTP/1.1" 404 6256 "https://gardenify.com.au/?s=23685860131490&mod=37f88fa5&uri=blog.php%3Fid%3D790575-840%26name%3Dlarge+moonstone+pendant" "Mozilla/5.0 (Linux; Android 6.0.1; Nexus 5X Build/MMB29P) AppleWebKit/537.36 (KHTML, like Gecko) Chrome/137.0.7151.119 Mobile Safari/537.36 (compatible; Googlebot/2.1; +http://www.google.com/bot.html)"
209.74.77.214 - - [14/Jul/2025:01:29:55 +0000] "POST /wp-admin/admin-ajax.php?action=async_litespeed&nonce=LXJlFifNMbXEiceEFgcIS2WYwBKloSkx&litespeed_type=imgoptm HTTP/1.1" 200 21 "-" "WordPress/6.8.1; https://gardenify.com.au"
66.249.79.238 - - [14/Jul/2025:01:30:08 +0000] "GET /?s=20555086021490&mod=9cecbb6f&uri=products.php%3Fid%3D686143-344%26name%3Dspring+cloud+aws+sqs HTTP/1.1" 200 18800 "-" "Mozilla/5.0 (Linux; Android 6.0.1; Nexus 5X Build/MMB29P) AppleWebKit/537.36 (KHTML, like Gecko) Chrome/137.0.7151.103 Mobile Safari/537.36 (compatible; GoogleOther)"
66.249.79.236 - - [14/Jul/2025:01:30:12 +0000] "POST /get-message-notify HTTP/1.1" 404 6256 "https://gardenify.com.au/?s=20555086021490&mod=9cecbb6f&uri=products.php%3Fid%3D686143-344%26name%3Dspring+cloud+aws+sqs" "Mozilla/5.0 (Linux; Android 6.0.1; Nexus 5X Build/MMB29P) AppleWebKit/537.36 (KHTML, like Gecko) Chrome/137.0.7151.119 Mobile Safari/537.36 (compatible; Googlebot/2.1; +http://www.google.com/bot.html)"
66.249.79.236 - - [14/Jul/2025:01:30:20 +0000] "POST /get-message-notify HTTP/1.1" 404 6256 "https://gardenify.com.au/?s=26709325021490&mod=2457249c&uri=itm.php%3Fid%3D891432-902%26name%3Den+crocs" "Mozilla/5.0 (Linux; Android 6.0.1; Nexus 5X Build/MMB29P) AppleWebKit/537.36 (KHTML, like Gecko) Chrome/137.0.7151.119 Mobile Safari/537.36 (compatible; Googlebot/2.1; +http://www.google.com/bot.html)"
66.249.79.236 - - [14/Jul/2025:01:30:30 +0000] "GET /?s=5699217091490&mod=2461d182&uri=article.php%3Fid%3D190295-333%26name%3Ddubai+jewelry+greece+ridge+mall HTTP/1.1" 200 18818 "-" "Mozilla/5.0 (Linux; Android 6.0.1; Nexus 5X Build/MMB29P) AppleWebKit/537.36 (KHTML, like Gecko) Chrome/137.0.7151.103 Mobile Safari/537.36 (compatible; Googlebot/2.1; +http://www.google.com/bot.html)"
66.249.79.236 - - [14/Jul/2025:01:30:34 +0000] "GET /?s=58096378041490&mod=a65517ec&uri=pin.php%3Fid%3D1938705-1340%26name%3D362+watch+battery+walmart HTTP/1.1" 200 18803 "-" "Mozilla/5.0 (Linux; Android 6.0.1; Nexus 5X Build/MMB29P) AppleWebKit/537.36 (KHTML, like Gecko) Chrome/137.0.7151.103 Mobile Safari/537.36 (compatible; Googlebot/2.1; +http://www.google.com/bot.html)"
66.249.79.236 - - [14/Jul/2025:01:30:37 +0000] "POST /get-message-notify HTTP/1.1" 404 6256 "https://gardenify.com.au/?s=5699217091490&mod=2461d182&uri=article.php%3Fid%3D190295-333%26name%3Ddubai+jewelry+greece+ridge+mall" "Mozilla/5.0 (Linux; Android 6.0.1; Nexus 5X Build/MMB29P) AppleWebKit/537.36 (KHTML, like Gecko) Chrome/137.0.7151.119 Mobile Safari/537.36 (compatible; Googlebot/2.1; +http://www.google.com/bot.html)"
66.249.79.236 - - [14/Jul/2025:01:30:37 +0000] "GET /?s=72820249041490&mod=f36c9507&uri=shop.php%3Fid%3D2430089-314%26name%3Dhugo+boss+lederjacke+70er+jahre HTTP/1.1" 200 18818 "-" "Mozilla/5.0 (Linux; Android 6.0.1; Nexus 5X Build/MMB29P) AppleWebKit/537.36 (KHTML, like Gecko) Chrome/137.0.7151.103 Mobile Safari/537.36 (compatible; GoogleOther)"
66.249.79.236 - - [14/Jul/2025:01:30:38 +0000] "POST /get-message-notify HTTP/1.1" 404 6256 "https://gardenify.com.au/?s=34349540001490&mod=88ec424f&uri=pin.php%3Fid%3D1146458-1069%26name%3Dfastrack+smart+band+price" "Mozilla/5.0 (Linux; Android 6.0.1; Nexus 5X Build/MMB29P) AppleWebKit/537.36 (KHTML, like Gecko) Chrome/137.0.7151.119 Mobile Safari/537.36 (compatible; Googlebot/2.1; +http://www.google.com/bot.html)"
66.249.79.236 - - [14/Jul/2025:01:30:38 +0000] "POST /get-message-notify HTTP/1.1" 404 6256 "https://gardenify.com.au/?s=24405192041490&mod=a6c374f8&uri=form.php%3Fid%3D814570-455%26name%3Dfemale+black+tie+suit" "Mozilla/5.0 (Linux; Android 6.0.1; Nexus 5X Build/MMB29P) AppleWebKit/537.36 (KHTML, like Gecko) Chrome/137.0.7151.119 Mobile Safari/537.36 (compatible; Googlebot/2.1; +http://www.google.com/bot.html)"
66.249.79.236 - - [14/Jul/2025:01:30:39 +0000] "POST /get-message-notify HTTP/1.1" 404 6250 "https://gardenify.com.au/?s=17677997071490&mod=8a9c3b2c&uri=brands.php%3Fid%3D590132-695%26name%3Dmi+band+nike+run+club" "Mozilla/5.0 AppleWebKit/537.36 (KHTML, like Gecko; compatible; Googlebot/2.1; +http://www.google.com/bot.html) Chrome/137.0.7151.119 Safari/537.36"
66.249.79.236 - - [14/Jul/2025:01:30:46 +0000] "POST /get-message-notify HTTP/1.1" 404 6256 "https://gardenify.com.au/?s=109049717051490&mod=f36c9507&uri=us.php%3Fid%3D3639334-314%26name%3Dmotorradjacke+denim" "Mozilla/5.0 (Linux; Android 6.0.1; Nexus 5X Build/MMB29P) AppleWebKit/537.36 (KHTML, like Gecko) Chrome/137.0.7151.119 Mobile Safari/537.36 (compatible; Googlebot/2.1; +http://www.google.com/bot.html)"
66.249.79.238 - - [14/Jul/2025:01:31:11 +0000] "GET /?s=119753255011490&mod=150353f8&uri=category-info.php%3Fid%3D3996529-141%26name%3Dropa+para+barbie+tejida HTTP/1.1" 200 18839 "-" "Mozilla/5.0 (compatible; Googlebot/2.1; +http://www.google.com/bot.html)"
66.249.79.237 - - [14/Jul/2025:01:31:12 +0000] "GET /?s=91965951031490&mod=0e937b70&uri=blog.php%3Fid%3D3069078-1477%26name%3Dsb+portmore+ii+black+and+gum+shoes HTTP/1.1" 200 18822 "-" "Mozilla/5.0 (Linux; Android 6.0.1; Nexus 5X Build/MMB29P) AppleWebKit/537.36 (KHTML, like Gecko) Chrome/137.0.7151.103 Mobile Safari/537.36 (compatible; Googlebot/2.1; +http://www.google.com/bot.html)"
66.249.79.236 - - [14/Jul/2025:01:31:13 +0000] "GET /?s=98286232001490&mod=a27f9c1a&uri=article.php%3Fid%3D3280071-1597%26name%3Dglider+chair+with+stool HTTP/1.1" 200 18812 "-" "Mozilla/5.0 (Linux; Android 6.0.1; Nexus 5X Build/MMB29P) AppleWebKit/537.36 (KHTML, like Gecko) Chrome/137.0.7151.103 Mobile Safari/537.36 (compatible; GoogleOther)"
66.249.79.236 - - [14/Jul/2025:01:31:19 +0000] "GET /?s=78877585021490&mod=92703b40&uri=form.php%3Fid%3D2632246-139%26name%3Dgood+works+hoodie HTTP/1.1" 200 18792 "-" "Mozilla/5.0 (Linux; Android 6.0.1; Nexus 5X Build/MMB29P) AppleWebKit/537.36 (KHTML, like Gecko) Chrome/137.0.7151.103 Mobile Safari/537.36 (compatible; Googlebot/2.1; +http://www.google.com/bot.html)"
66.249.79.237 - - [14/Jul/2025:01:31:19 +0000] "GET /?s=24463543091490&mod=2be96323&uri=category-info.php%3Fid%3D816518-438%26name%3Dzign+sneakers+wit HTTP/1.1" 200 18825 "-" "Mozilla/5.0 (compatible; Googlebot/2.1; +http://www.google.com/bot.html)"
66.249.79.236 - - [14/Jul/2025:01:31:19 +0000] "GET /?s=78292475041490&mod=e7696fba&uri=shared.php%3Fid%3D2612707-715%26name%3Dlego+luke%27s+landspeeder+2022 HTTP/1.1" 200 18818 "-" "Mozilla/5.0 (compatible; Googlebot/2.1; +http://www.google.com/bot.html)"
66.249.79.236 - - [14/Jul/2025:01:31:19 +0000] "GET /?s=13157481011490&mod=fc326777&uri=product.php%3Fid%3D439303-593%26name%3Dblack+pants+outfit HTTP/1.1" 200 18789 "-" "Mozilla/5.0 (Linux; Android 6.0.1; Nexus 5X Build/MMB29P) AppleWebKit/537.36 (KHTML, like Gecko) Chrome/137.0.7151.103 Mobile Safari/537.36 (compatible; Googlebot/2.1; +http://www.google.com/bot.html)"
66.249.79.237 - - [14/Jul/2025:01:31:19 +0000] "GET /?s=34328510041490&mod=4ade5eea&uri=pin.php%3Fid%3D1145757-1063%26name%3Dlq142e HTTP/1.1" 200 18777 "-" "Mozilla/5.0 (Linux; Android 6.0.1; Nexus 5X Build/MMB29P) AppleWebKit/537.36 (KHTML, like Gecko) Chrome/137.0.7151.103 Mobile Safari/537.36 (compatible; Googlebot/2.1; +http://www.google.com/bot.html)"
66.249.79.237 - - [14/Jul/2025:01:31:20 +0000] "GET /?s=110225216041490&mod=0cba172d&uri=news.php%3Fid%3D3678557-1488%26name%3Dlunette+de+soleil+oakley+homme HTTP/1.1" 200 18819 "-" "Mozilla/5.0 (compatible; Googlebot/2.1; +http://www.google.com/bot.html)"
66.249.79.237 - - [14/Jul/2025:01:31:20 +0000] "GET /?s=116581145011490&mod=63eff9db&uri=category-info.php%3Fid%3D3890721-133%26name%3Dmid+range+watch+brand HTTP/1.1" 200 18834 "-" "Mozilla/5.0 (Linux; Android 6.0.1; Nexus 5X Build/MMB29P) AppleWebKit/537.36 (KHTML, like Gecko) Chrome/137.0.7151.103 Mobile Safari/537.36 (compatible; Googlebot/2.1; +http://www.google.com/bot.html)"
66.249.79.236 - - [14/Jul/2025:01:31:20 +0000] "GET /?s=85404580031490&mod=a6071a20&uri=us.php%3Fid%3D2850094-265%26name%3Dpuma+amarelo+tenis HTTP/1.1" 200 18790 "-" "Mozilla/5.0 (Linux; Android 6.0.1; Nexus 5X Build/MMB29P) AppleWebKit/537.36 (KHTML, like Gecko) Chrome/137.0.7151.103 Mobile Safari/537.36 (compatible; Googlebot/2.1; +http://www.google.com/bot.html)"
66.249.79.236 - - [14/Jul/2025:01:31:20 +0000] "GET /?s=39934668061490&mod=d042be1b&uri=blog.php%3Fid%3D1332814-77%26name%3Dflip+flops+for+rainy+season HTTP/1.1" 200 18804 "-" "Mozilla/5.0 (Linux; Android 6.0.1; Nexus 5X Build/MMB29P) AppleWebKit/537.36 (KHTML, like Gecko) Chrome/137.0.7151.103 Mobile Safari/537.36 (compatible; Googlebot/2.1; +http://www.google.com/bot.html)"
66.249.79.236 - - [14/Jul/2025:01:31:21 +0000] "GET /?s=30652700021490&mod=9008bcab&uri=info.php%3Fid%3D1023085-394%26name%3Dlean+in+15+chicken+satay HTTP/1.1" 200 18809 "-" "Mozilla/5.0 (compatible; Googlebot/2.1; +http://www.google.com/bot.html)"
66.249.79.237 - - [14/Jul/2025:01:31:21 +0000] "GET /?s=34349540001490&mod=88ec424f&uri=pin.php%3Fid%3D1146458-1069%26name%3Dfastrack+smart+band+price HTTP/1.1" 200 18802 "-" "Mozilla/5.0 (Linux; Android 6.0.1; Nexus 5X Build/MMB29P) AppleWebKit/537.36 (KHTML, like Gecko) Chrome/137.0.7151.103 Mobile Safari/537.36 (compatible; Googlebot/2.1; +http://www.google.com/bot.html)"
66.249.79.236 - - [14/Jul/2025:01:31:21 +0000] "GET /?s=35577738051490&mod=56710c48&uri=blog.php%3Fid%3D1187448-113%26name%3Dnumero+de+tenis+americano+y+mexicano HTTP/1.1" 200 18815 "-" "Mozilla/5.0 (compatible; Googlebot/2.1; +http://www.google.com/bot.html)"
66.249.79.236 - - [14/Jul/2025:01:31:22 +0000] "GET /?s=30638964001490&mod=fdf645ae&uri=products.php%3Fid%3D1022626-324%26name%3Dbrussel+sprout+recipes+with+bacon+and+balsamic+vinegar HTTP/1.1" 200 18860 "-" "Mozilla/5.0 (compatible; Googlebot/2.1; +http://www.google.com/bot.html)"
66.249.79.236 - - [14/Jul/2025:01:31:22 +0000] "GET /?s=98868240001490&mod=097746cc&uri=form.php%3Fid%3D3299481-1420%26name%3Djansport+superbreak+backpack+forge+grey HTTP/1.1" 200 18823 "-" "Mozilla/5.0 (Linux; Android 6.0.1; Nexus 5X Build/MMB29P) AppleWebKit/537.36 (KHTML, like Gecko) Chrome/137.0.7151.103 Mobile Safari/537.36 (compatible; Googlebot/2.1; +http://www.google.com/bot.html)"
66.249.79.236 - - [14/Jul/2025:01:31:22 +0000] "GET /?s=30638694111490&mod=fdf645ae&uri=info.php%3Fid%3D1022617-324%26name%3Droasted+brussel+sprouts+with+feta+and+balsamic HTTP/1.1" 200 18833 "-" "Mozilla/5.0 (compatible; Googlebot/2.1; +http://www.google.com/bot.html)"
66.249.79.237 - - [14/Jul/2025:01:31:23 +0000] "GET /?s=34621962021490&mod=338bf160&uri=product.php%3Fid%3D1155563-730%26name%3Dorange+and+blue+ralph+lauren+shirt HTTP/1.1" 200 18820 "-" "Mozilla/5.0 (Linux; Android 6.0.1; Nexus 5X Build/MMB29P) AppleWebKit/537.36 (KHTML, like Gecko) Chrome/137.0.7151.103 Mobile Safari/537.36 (compatible; Googlebot/2.1; +http://www.google.com/bot.html)"
66.249.79.237 - - [14/Jul/2025:01:31:23 +0000] "GET /?s=30643014021490&mod=fdf645ae&uri=goods.php%3Fid%3D1022761-324%26name%3Droasted+cauliflower+parmesan+garlic HTTP/1.1" 200 18817 "-" "Mozilla/5.0 (compatible; Googlebot/2.1; +http://www.google.com/bot.html)"
209.74.77.214 - - [14/Jul/2025:01:31:24 +0000] "POST /wp-cron.php?doing_wp_cron=1752456684.2686059474945068359375 HTTP/1.1" 200 - "-" "WordPress/6.8.1; https://gardenify.com.au"
66.249.79.237 - - [14/Jul/2025:01:31:24 +0000] "POST /get-message-notify HTTP/1.1" 404 6256 "https://gardenify.com.au/?s=78877585021490&mod=92703b40&uri=form.php%3Fid%3D2632246-139%26name%3Dgood+works+hoodie" "Mozilla/5.0 (Linux; Android 6.0.1; Nexus 5X Build/MMB29P) AppleWebKit/537.36 (KHTML, like Gecko) Chrome/137.0.7151.119 Mobile Safari/537.36 (compatible; Googlebot/2.1; +http://www.google.com/bot.html)"
209.74.77.214 - - [14/Jul/2025:01:31:24 +0000] "POST /wp-admin/admin-ajax.php?action=async_litespeed&nonce=xtnihfh6HOKD1Otm0GPG4OHdgDwA0bLn&litespeed_type=imgoptm HTTP/1.1" 200 21 "-" "WordPress/6.8.1; https://gardenify.com.au"
66.249.79.236 - - [14/Jul/2025:01:31:24 +0000] "GET /?s=17783432011490&mod=556a47d6&uri=shop.php%3Fid%3D593650-699%26name%3Dbass+pro+pa HTTP/1.1" 200 18780 "-" "Mozilla/5.0 (compatible; Googlebot/2.1; +http://www.google.com/bot.html)"
66.249.79.237 - - [14/Jul/2025:01:31:24 +0000] "GET /?s=35564586021490&mod=6dae90f1&uri=blog.php%3Fid%3D1187009-806%26name%3Dcdg+basquiat HTTP/1.1" 200 18783 "-" "Mozilla/5.0 (compatible; Googlebot/2.1; +http://www.google.com/bot.html)"
66.249.79.237 - - [14/Jul/2025:01:31:25 +0000] "GET /?s=30651381051490&mod=9a149640&uri=form.php%3Fid%3D1023040-981%26name%3Dbetula+strap+sandals HTTP/1.1" 200 18797 "-" "Mozilla/5.0 (compatible; Googlebot/2.1; +http://www.google.com/bot.html)"
66.249.79.236 - - [14/Jul/2025:01:31:25 +0000] "GET /?s=30643554021490&mod=fdf645ae&uri=info.php%3Fid%3D1022779-324%26name%3Dbrussel+sprouts+honey+and+balsamic HTTP/1.1" 200 18818 "-" "Mozilla/5.0 (compatible; Googlebot/2.1; +http://www.google.com/bot.html)"
66.249.79.237 - - [14/Jul/2025:01:31:26 +0000] "GET /?s=17730904021490&mod=a6c374f8&uri=info.php%3Fid%3D591897-455%26name%3Doutfit+of+the+month+club HTTP/1.1" 200 18804 "-" "Mozilla/5.0 (compatible; Googlebot/2.1; +http://www.google.com/bot.html)"
66.249.79.237 - - [14/Jul/2025:01:31:26 +0000] "POST /get-message-notify HTTP/1.1" 404 6256 "https://gardenify.com.au/?s=57959352031490&mod=c04819b0&uri=news.php%3Fid%3D1934137-171%26name%3Dfila+satin+shorts" "Mozilla/5.0 (Linux; Android 6.0.1; Nexus 5X Build/MMB29P) AppleWebKit/537.36 (KHTML, like Gecko) Chrome/137.0.7151.119 Mobile Safari/537.36 (compatible; Googlebot/2.1; +http://www.google.com/bot.html)"
66.249.79.236 - - [14/Jul/2025:01:31:26 +0000] "GET /?s=39099722041490&mod=52014590&uri=product.php%3Fid%3D1304957-1134%26name%3Dwhite+company+t+shirts HTTP/1.1" 200 18801 "-" "Mozilla/5.0 (Linux; Android 6.0.1; Nexus 5X Build/MMB29P) AppleWebKit/537.36 (KHTML, like Gecko) Chrome/137.0.7151.103 Mobile Safari/537.36 (compatible; Googlebot/2.1; +http://www.google.com/bot.html)"
66.249.79.237 - - [14/Jul/2025:01:31:27 +0000] "POST /get-message-notify HTTP/1.1" 404 6256 "https://gardenify.com.au/?s=4475746031490&mod=ba8e2e45&uri=info.php%3Fid%3D149386-268%26name%3Dbulova+c877746" "Mozilla/5.0 (Linux; Android 6.0.1; Nexus 5X Build/MMB29P) AppleWebKit/537.36 (KHTML, like Gecko) Chrome/137.0.7151.119 Mobile Safari/537.36 (compatible; Googlebot/2.1; +http://www.google.com/bot.html)"
66.249.79.237 - - [14/Jul/2025:01:31:27 +0000] "GET /?s=17780012061490&mod=556a47d6&uri=dp.php%3Fid%3D593536-699%26name%3Dthe+pro+shop+black+friday+specials HTTP/1.1" 200 18812 "-" "Mozilla/5.0 (compatible; Googlebot/2.1; +http://www.google.com/bot.html)"
66.249.79.236 - - [14/Jul/2025:01:31:28 +0000] "GET /?s=24466693041490&mod=2be96323&uri=shared.php%3Fid%3D816623-438%26name%3Dskechers+ultra+flex+zwart HTTP/1.1" 200 18804 "-" "Mozilla/5.0 (compatible; Googlebot/2.1; +http://www.google.com/bot.html)"
66.249.79.237 - - [14/Jul/2025:01:31:28 +0000] "GET /?s=78292775041490&mod=e7696fba&uri=products.php%3Fid%3D2612717-715%26name%3Dbest+adhesive+for+lego+table HTTP/1.1" 200 18815 "-" "Mozilla/5.0 (compatible; Googlebot/2.1; +http://www.google.com/bot.html)"
66.249.79.237 - - [14/Jul/2025:01:31:29 +0000] "POST /get-message-notify HTTP/1.1" 404 6256 "https://gardenify.com.au/?s=75326655071490&mod=d6d95903&uri=shop.php%3Fid%3D2513692-1470%26name%3Dscarf+print+wide+leg+trousers" "Mozilla/5.0 (Linux; Android 6.0.1; Nexus 5X Build/MMB29P) AppleWebKit/537.36 (KHTML, like Gecko) Chrome/137.0.7151.119 Mobile Safari/537.36 (compatible; Googlebot/2.1; +http://www.google.com/bot.html)"
66.249.79.236 - - [14/Jul/2025:01:31:29 +0000] "GET /?s=30646794061490&mod=fdf645ae&uri=blog.php%3Fid%3D1022887-324%26name%3Dpork+roast+with+potatoes+and+carrots+in+dutch+oven HTTP/1.1" 200 18845 "-" "Mozilla/5.0 (compatible; Googlebot/2.1; +http://www.google.com/bot.html)"
66.249.79.236 - - [14/Jul/2025:01:31:30 +0000] "GET /?s=30655667031490&mod=9008bcab&uri=products.php%3Fid%3D1023184-394%26name%3Dchicken+greek+skewers HTTP/1.1" 200 18803 "-" "Mozilla/5.0 (compatible; Googlebot/2.1; +http://www.google.com/bot.html)"
66.249.79.236 - - [14/Jul/2025:01:31:30 +0000] "POST /get-message-notify HTTP/1.1" 404 6256 "https://gardenify.com.au/?s=85404580031490&mod=a6071a20&uri=us.php%3Fid%3D2850094-265%26name%3Dpuma+amarelo+tenis" "Mozilla/5.0 (Linux; Android 6.0.1; Nexus 5X Build/MMB29P) AppleWebKit/537.36 (KHTML, like Gecko) Chrome/137.0.7151.119 Mobile Safari/537.36 (compatible; Googlebot/2.1; +http://www.google.com/bot.html)"
66.249.79.237 - - [14/Jul/2025:01:31:30 +0000] "GET /?s=24470113031490&mod=2be96323&uri=goods.php%3Fid%3D816737-438%26name%3Drehab+sneakers+dames+wit HTTP/1.1" 200 18804 "-" "Mozilla/5.0 (compatible; Googlebot/2.1; +http://www.google.com/bot.html)"
66.249.79.237 - - [14/Jul/2025:01:31:31 +0000] "GET /?s=30653780001490&mod=9008bcab&uri=info.php%3Fid%3D1023121-394%26name%3Dhow+long+to+cook+beef+kabobs+in+air+fryer HTTP/1.1" 200 18840 "-" "Mozilla/5.0 (compatible; Googlebot/2.1; +http://www.google.com/bot.html)"
66.249.79.237 - - [14/Jul/2025:01:31:31 +0000] "GET /?s=78124104031490&mod=0cba172d&uri=products.php%3Fid%3D2607091-1488%26name%3Dlunette+soleil+b%C3%83%C2%A9b%C3%83%C2%A9+pharmacie HTTP/1.1" 200 18850 "-" "Mozilla/5.0 (compatible; Googlebot/2.1; +http://www.google.com/bot.html)"
66.249.79.238 - - [14/Jul/2025:01:31:31 +0000] "GET /?s=78274175041490&mod=e7696fba&uri=category-info.php%3Fid%3D2612097-715%26name%3Dpoe+x+wing+lego HTTP/1.1" 200 18823 "-" "Mozilla/5.0 (compatible; Googlebot/2.1; +http://www.google.com/bot.html)"
66.249.79.237 - - [14/Jul/2025:01:31:31 +0000] "POST /get-message-notify HTTP/1.1" 404 6256 "https://gardenify.com.au/?s=34349540001490&mod=88ec424f&uri=pin.php%3Fid%3D1146458-1069%26name%3Dfastrack+smart+band+price" "Mozilla/5.0 (Linux; Android 6.0.1; Nexus 5X Build/MMB29P) AppleWebKit/537.36 (KHTML, like Gecko) Chrome/137.0.7151.119 Mobile Safari/537.36 (compatible; Googlebot/2.1; +http://www.google.com/bot.html)"
66.249.79.238 - - [14/Jul/2025:01:31:32 +0000] "GET /?s=24466963031490&mod=2be96323&uri=article.php%3Fid%3D816632-438%26name%3Dmtb+schoenen+kinderen HTTP/1.1" 200 18798 "-" "Mozilla/5.0 (compatible; Googlebot/2.1; +http://www.google.com/bot.html)"
66.249.79.236 - - [14/Jul/2025:01:31:32 +0000] "GET /?s=11552600021490&mod=b9fe446b&uri=blog.php%3Fid%3D385714-556%26name%3Dpillow+for+sitting HTTP/1.1" 200 18787 "-" "Mozilla/5.0 (Linux; Android 6.0.1; Nexus 5X Build/MMB29P) AppleWebKit/537.36 (KHTML, like Gecko) Chrome/137.0.7151.103 Mobile Safari/537.36 (compatible; Googlebot/2.1; +http://www.google.com/bot.html)"
66.249.79.236 - - [14/Jul/2025:01:31:32 +0000] "GET /?s=17782712011490&mod=556a47d6&uri=dp.php%3Fid%3D593626-699%26name%3Dtake+me+to+the+nearest+bass+pro+shop HTTP/1.1" 200 18822 "-" "Mozilla/5.0 (compatible; Googlebot/2.1; +http://www.google.com/bot.html)"
66.249.79.238 - - [14/Jul/2025:01:31:33 +0000] "GET /?s=78285875141490&mod=e7696fba&uri=goods.php%3Fid%3D2612487-715%26name%3Dadvent+calendar+2022+star+wars+lego HTTP/1.1" 200 18813 "-" "Mozilla/5.0 (compatible; Googlebot/2.1; +http://www.google.com/bot.html)"
66.249.79.236 - - [14/Jul/2025:01:31:33 +0000] "GET /?s=17783252091490&mod=8f561e4c&uri=us.php%3Fid%3D593644-335%26name%3Dspelunky+on+switch HTTP/1.1" 200 18787 "-" "Mozilla/5.0 (compatible; Googlebot/2.1; +http://www.google.com/bot.html)"
66.249.79.236 - - [14/Jul/2025:01:31:33 +0000] "GET /?s=30654587021490&mod=9008bcab&uri=itm.php%3Fid%3D1023148-394%26name%3Distanbul+shish+kebab HTTP/1.1" 200 18798 "-" "Mozilla/5.0 (compatible; Googlebot/2.1; +http://www.google.com/bot.html)"
66.249.79.236 - - [14/Jul/2025:01:31:34 +0000] "GET /?s=35564286061490&mod=6dae90f1&uri=search.php%3Fid%3D1186999-806%26name%3Dguess+who+game+near+me HTTP/1.1" 200 18797 "-" "Mozilla/5.0 (compatible; Googlebot/2.1; +http://www.google.com/bot.html)"
66.249.79.237 - - [14/Jul/2025:01:31:34 +0000] "GET /?s=30494701001490&mod=74a40ee9&uri=products.php%3Fid%3D1017815-987%26name%3Ddoc+martens+paillettes+rose HTTP/1.1" 200 18812 "-" "Mozilla/5.0 (compatible; Googlebot/2.1; +http://www.google.com/bot.html)"
66.249.79.237 - - [14/Jul/2025:01:31:34 +0000] "GET /?s=78278675041490&mod=e7696fba&uri=search.php%3Fid%3D2612247-715%26name%3Dstar+wars+advent+calendar+2022+day+20 HTTP/1.1" 200 18814 "-" "Mozilla/5.0 (compatible; Googlebot/2.1; +http://www.google.com/bot.html)"
66.249.79.236 - - [14/Jul/2025:01:31:34 +0000] "GET /?s=24464803011490&mod=2be96323&uri=category-info.php%3Fid%3D816560-438%26name%3Dhakjes+voor+in+schoenen HTTP/1.1" 200 18836 "-" "Mozilla/5.0 (compatible; Googlebot/2.1; +http://www.google.com/bot.html)"
66.249.79.236 - - [14/Jul/2025:01:31:35 +0000] "POST /get-message-notify HTTP/1.1" 404 6250 "https://gardenify.com.au/?s=30655667031490&mod=9008bcab&uri=products.php%3Fid%3D1023184-394%26name%3Dchicken+greek+skewers" "Mozilla/5.0 AppleWebKit/537.36 (KHTML, like Gecko; compatible; Googlebot/2.1; +http://www.google.com/bot.html) Chrome/137.0.7151.119 Safari/537.36"
66.249.79.236 - - [14/Jul/2025:01:31:35 +0000] "GET /?s=24464173001490&mod=2be96323&uri=pin.php%3Fid%3D816539-438%26name%3Dnike+air+force+bruine+zool HTTP/1.1" 200 18808 "-" "Mozilla/5.0 (compatible; Googlebot/2.1; +http://www.google.com/bot.html)"
66.249.79.237 - - [14/Jul/2025:01:31:35 +0000] "GET /?s=30647064051490&mod=fdf645ae&uri=shop.php%3Fid%3D1022896-324%26name%3Dhalf+leg+of+lamb+recipe HTTP/1.1" 200 18801 "-" "Mozilla/5.0 (compatible; Googlebot/2.1; +http://www.google.com/bot.html)"
66.249.79.238 - - [14/Jul/2025:01:31:36 +0000] "GET /?s=45392703011490&mod=96bbe67c&uri=product.php%3Fid%3D1514893-1081%26name%3Dusa+olympic+shirt HTTP/1.1" 200 18799 "-" "Mozilla/5.0 (Linux; Android 6.0.1; Nexus 5X Build/MMB29P) AppleWebKit/537.36 (KHTML, like Gecko) Chrome/137.0.7151.103 Mobile Safari/537.36 (compatible; GoogleOther)"
66.249.79.238 - - [14/Jul/2025:01:31:36 +0000] "GET /?s=78282575041490&mod=e7696fba&uri=products.php%3Fid%3D2612377-715%26name%3Dlego+icons+adidas+originals+superstar HTTP/1.1" 200 18824 "-" "Mozilla/5.0 (compatible; Googlebot/2.1; +http://www.google.com/bot.html)"
66.249.79.236 - - [14/Jul/2025:01:31:36 +0000] "GET /?s=78279275041490&mod=29e2f026&uri=category-info.php%3Fid%3D2612267-716%26name%3Dleggins+satinato HTTP/1.1" 200 18821 "-" "Mozilla/5.0 (compatible; Googlebot/2.1; +http://www.google.com/bot.html)"
66.249.79.238 - - [14/Jul/2025:01:31:36 +0000] "POST /get-message-notify HTTP/1.1" 404 6256 "https://gardenify.com.au/?s=11552600021490&mod=b9fe446b&uri=blog.php%3Fid%3D385714-556%26name%3Dpillow+for+sitting" "Mozilla/5.0 (Linux; Android 6.0.1; Nexus 5X Build/MMB29P) AppleWebKit/537.36 (KHTML, like Gecko) Chrome/137.0.7151.119 Mobile Safari/537.36 (compatible; Googlebot/2.1; +http://www.google.com/bot.html)"
66.249.79.237 - - [14/Jul/2025:01:31:37 +0000] "GET /?s=24464533021490&mod=2be96323&uri=goods.php%3Fid%3D816551-438%26name%3Dlinea+zeta+sneakers+wit HTTP/1.1" 200 18801 "-" "Mozilla/5.0 (compatible; Googlebot/2.1; +http://www.google.com/bot.html)"
66.249.79.237 - - [14/Jul/2025:01:31:37 +0000] "GET /?s=24456421111490&mod=2be96323&uri=form.php%3Fid%3D816280-438%26name%3Dwitte+sneaker+via+vai HTTP/1.1" 200 18793 "-" "Mozilla/5.0 (compatible; Googlebot/2.1; +http://www.google.com/bot.html)"
209.74.77.214 - - [14/Jul/2025:01:31:52 +0000] "POST /wp-cron.php?doing_wp_cron=1752456712.4949750900268554687500 HTTP/1.1" 200 - "-" "WordPress/6.8.1; https://gardenify.com.au"
66.249.79.238 - - [14/Jul/2025:01:31:52 +0000] "POST /get-message-notify HTTP/1.1" 404 6256 "https://gardenify.com.au/?s=45392703011490&mod=96bbe67c&uri=product.php%3Fid%3D1514893-1081%26name%3Dusa+olympic+shirt" "Mozilla/5.0 (Linux; Android 6.0.1; Nexus 5X Build/MMB29P) AppleWebKit/537.36 (KHTML, like Gecko) Chrome/137.0.7151.119 Mobile Safari/537.36 (compatible; Googlebot/2.1; +http://www.google.com/bot.html)"
209.74.77.214 - - [14/Jul/2025:01:31:52 +0000] "POST /wp-admin/admin-ajax.php?action=async_litespeed&nonce=KIZn0ZOMssr8GCIFJ5Zp0ML7VqGyOD1g&litespeed_type=imgoptm HTTP/1.1" 200 21 "-" "WordPress/6.8.1; https://gardenify.com.au"
209.74.77.214 - - [14/Jul/2025:01:32:01 +0000] "POST /wp-cron.php?doing_wp_cron=1752456721.8087759017944335937500 HTTP/1.1" 200 - "-" "WordPress/6.8.1; https://gardenify.com.au"
66.249.79.236 - - [14/Jul/2025:01:32:01 +0000] "POST /get-message-notify HTTP/1.1" 404 6250 "https://gardenify.com.au/?s=30654587021490&mod=9008bcab&uri=itm.php%3Fid%3D1023148-394%26name%3Distanbul+shish+kebab" "Mozilla/5.0 AppleWebKit/537.36 (KHTML, like Gecko; compatible; Googlebot/2.1; +http://www.google.com/bot.html) Chrome/137.0.7151.119 Safari/537.36"
66.249.79.237 - - [14/Jul/2025:01:32:04 +0000] "GET /?s=95712378081490&mod=5499df60&uri=article.php%3Fid%3D3194145-463%26name%3Dasus+m2n32 HTTP/1.1" 200 18791 "-" "Mozilla/5.0 (Linux; Android 6.0.1; Nexus 5X Build/MMB29P) AppleWebKit/537.36 (KHTML, like Gecko) Chrome/137.0.7151.103 Mobile Safari/537.36 (compatible; GoogleOther)"
66.249.79.237 - - [14/Jul/2025:01:32:07 +0000] "POST /get-message-notify HTTP/1.1" 404 6256 "https://gardenify.com.au/?s=72820249041490&mod=f36c9507&uri=shop.php%3Fid%3D2430089-314%26name%3Dhugo+boss+lederjacke+70er+jahre" "Mozilla/5.0 (Linux; Android 6.0.1; Nexus 5X Build/MMB29P) AppleWebKit/537.36 (KHTML, like Gecko) Chrome/137.0.7151.119 Mobile Safari/537.36 (compatible; Googlebot/2.1; +http://www.google.com/bot.html)"
66.249.79.236 - - [14/Jul/2025:01:32:17 +0000] "POST /get-message-notify HTTP/1.1" 404 6250 "https://gardenify.com.au/?s=78124104031490&mod=0cba172d&uri=products.php%3Fid%3D2607091-1488%26name%3Dlunette+soleil+b%C3%83%C2%A9b%C3%83%C2%A9+pharmacie" "Mozilla/5.0 AppleWebKit/537.36 (KHTML, like Gecko; compatible; Googlebot/2.1; +http://www.google.com/bot.html) Chrome/137.0.7151.119 Safari/537.36"
66.249.79.236 - - [14/Jul/2025:01:32:27 +0000] "GET /?s=72658307001490&mod=d27c82fc&uri=pin.php%3Fid%3D2424688-925%26name%3D70s+costume+ideas+diy HTTP/1.1" 200 18802 "-" "Mozilla/5.0 (Linux; Android 6.0.1; Nexus 5X Build/MMB29P) AppleWebKit/537.36 (KHTML, like Gecko) Chrome/137.0.7151.103 Mobile Safari/537.36 (compatible; GoogleOther)"
66.249.79.236 - - [14/Jul/2025:01:32:33 +0000] "GET /?s=90440361031490&mod=59eb5a2d&uri=brands.php%3Fid%3D3018127-568%26name%3Dbest+sim+racing+gloves+2021 HTTP/1.1" 200 18815 "-" "Mozilla/5.0 (Linux; Android 6.0.1; Nexus 5X Build/MMB29P) AppleWebKit/537.36 (KHTML, like Gecko) Chrome/137.0.7151.103 Mobile Safari/537.36 (compatible; GoogleOther)"
66.249.79.236 - - [14/Jul/2025:01:32:33 +0000] "POST /get-message-notify HTTP/1.1" 404 6256 "https://gardenify.com.au/?s=95712378081490&mod=5499df60&uri=article.php%3Fid%3D3194145-463%26name%3Dasus+m2n32" "Mozilla/5.0 (Linux; Android 6.0.1; Nexus 5X Build/MMB29P) AppleWebKit/537.36 (KHTML, like Gecko) Chrome/137.0.7151.119 Mobile Safari/537.36 (compatible; Googlebot/2.1; +http://www.google.com/bot.html)"
66.249.79.236 - - [14/Jul/2025:01:32:51 +0000] "GET /?s=96495216011490&mod=0c9a6426&uri=product.php%3Fid%3D3220265-1506%26name%3Dplayboy+parfum+pink HTTP/1.1" 200 18803 "-" "Mozilla/5.0 (Linux; Android 6.0.1; Nexus 5X Build/MMB29P) AppleWebKit/537.36 (KHTML, like Gecko) Chrome/137.0.7151.103 Mobile Safari/537.36 (compatible; Googlebot/2.1; +http://www.google.com/bot.html)"
66.249.79.236 - - [14/Jul/2025:01:32:51 +0000] "GET /?s=91291642041490&mod=552dca61&uri=shared.php%3Fid%3D3046547-1562%26name%3Dfifth+sun+nasa+sweatshirts HTTP/1.1" 200 18813 "-" "Mozilla/5.0 (Linux; Android 6.0.1; Nexus 5X Build/MMB29P) AppleWebKit/537.36 (KHTML, like Gecko) Chrome/137.0.7151.103 Mobile Safari/537.36 (compatible; Googlebot/2.1; +http://www.google.com/bot.html)"
66.249.79.237 - - [14/Jul/2025:01:33:08 +0000] "GET /?s=109055477071490&mod=f36c9507&uri=blog.php%3Fid%3D3639526-314%26name%3Dbmw+service+jacke HTTP/1.1" 200 18796 "-" "Mozilla/5.0 (Linux; Android 6.0.1; Nexus 5X Build/MMB29P) AppleWebKit/537.36 (KHTML, like Gecko) Chrome/137.0.7151.103 Mobile Safari/537.36 (compatible; GoogleOther)"
209.74.77.214 - - [14/Jul/2025:01:33:08 +0000] "POST /wp-cron.php?doing_wp_cron=1752456788.7829248905181884765625 HTTP/1.1" 200 - "-" "WordPress/6.8.1; https://gardenify.com.au"
66.249.79.236 - - [14/Jul/2025:01:33:08 +0000] "POST /get-message-notify HTTP/1.1" 404 6250 "https://gardenify.com.au/?s=78271175041490&mod=556a47d6&uri=form.php%3Fid%3D2611997-699%26name%3Deltherm+heating+cable" "Mozilla/5.0 AppleWebKit/537.36 (KHTML, like Gecko; compatible; Googlebot/2.1; +http://www.google.com/bot.html) Chrome/137.0.7151.119 Safari/537.36"
209.74.77.214 - - [14/Jul/2025:01:33:08 +0000] "POST /wp-admin/admin-ajax.php?action=async_litespeed&nonce=aeDsumNA3oWJRcJYhv8n0EXjDS5yJYNl&litespeed_type=imgoptm HTTP/1.1" 200 21 "-" "WordPress/6.8.1; https://gardenify.com.au"
66.249.79.236 - - [14/Jul/2025:01:33:08 +0000] "GET /?s=90091968071490&mod=254eb3b5&uri=products.php%3Fid%3D3006502-90%26name%3Dwholesale+packaging+bags HTTP/1.1" 200 18806 "-" "Mozilla/5.0 (Linux; Android 6.0.1; Nexus 5X Build/MMB29P) AppleWebKit/537.36 (KHTML, like Gecko) Chrome/137.0.7151.103 Mobile Safari/537.36 (compatible; Googlebot/2.1; +http://www.google.com/bot.html)"
66.249.79.237 - - [14/Jul/2025:01:33:14 +0000] "POST /get-message-notify HTTP/1.1" 404 6256 "https://gardenify.com.au/?s=90091968071490&mod=254eb3b5&uri=products.php%3Fid%3D3006502-90%26name%3Dwholesale+packaging+bags" "Mozilla/5.0 (Linux; Android 6.0.1; Nexus 5X Build/MMB29P) AppleWebKit/537.36 (KHTML, like Gecko) Chrome/137.0.7151.119 Mobile Safari/537.36 (compatible; Googlebot/2.1; +http://www.google.com/bot.html)"
66.249.79.236 - - [14/Jul/2025:01:33:34 +0000] "GET /?s=17776952031490&mod=556a47d6&uri=brands.php%3Fid%3D593434-699%26name%3Dmyworkday+basspro HTTP/1.1" 200 18790 "-" "Mozilla/5.0 (compatible; Googlebot/2.1; +http://www.google.com/bot.html)"
66.249.79.236 - - [14/Jul/2025:01:33:35 +0000] "GET /?s=49720514011490&mod=adc3548f&uri=category-info.php%3Fid%3D1659267-499%26name%3Dpopular+workout+clothes HTTP/1.1" 200 18834 "-" "Mozilla/5.0 (Linux; Android 6.0.1; Nexus 5X Build/MMB29P) AppleWebKit/537.36 (KHTML, like Gecko) Chrome/137.0.7151.103 Mobile Safari/537.36 (compatible; Googlebot/2.1; +http://www.google.com/bot.html)"
66.249.79.236 - - [14/Jul/2025:01:33:35 +0000] "GET /?s=78288575021490&mod=29e2f026&uri=form.php%3Fid%3D2612577-716%26name%3Ddonna+con+leggins HTTP/1.1" 200 18792 "-" "Mozilla/5.0 (compatible; Googlebot/2.1; +http://www.google.com/bot.html)"
66.249.79.236 - - [14/Jul/2025:01:33:36 +0000] "GET /?s=51405339001490&mod=a73250ea&uri=news.php%3Fid%3D1715469-1248%26name%3Dlip+tint+dior+addict HTTP/1.1" 200 18798 "-" "Mozilla/5.0 (Linux; Android 6.0.1; Nexus 5X Build/MMB29P) AppleWebKit/537.36 (KHTML, like Gecko) Chrome/137.0.7151.103 Mobile Safari/537.36 (compatible; GoogleOther)"
66.249.79.236 - - [14/Jul/2025:01:33:36 +0000] "GET /?s=35612334001490&mod=a56fd138&uri=search.php%3Fid%3D1188603-112%26name%3Dbolsa+huser+amarilla HTTP/1.1" 200 18792 "-" "Mozilla/5.0 (compatible; Googlebot/2.1; +http://www.google.com/bot.html)"
66.249.79.236 - - [14/Jul/2025:01:33:36 +0000] "GET /?s=24464443071490&mod=2be96323&uri=shop.php%3Fid%3D816548-438%26name%3Dla+strada+instappers HTTP/1.1" 200 18790 "-" "Mozilla/5.0 (compatible; Googlebot/2.1; +http://www.google.com/bot.html)"
66.249.79.236 - - [14/Jul/2025:01:33:36 +0000] "GET /?s=91276492001490&mod=a79f146e&uri=news.php%3Fid%3D3046042-1561%26name%3Dluke+1977+adam+sweatshirt HTTP/1.1" 200 18809 "-" "Mozilla/5.0 (Linux; Android 6.0.1; Nexus 5X Build/MMB29P) AppleWebKit/537.36 (KHTML, like Gecko) Chrome/137.0.7151.103 Mobile Safari/537.36 (compatible; Googlebot/2.1; +http://www.google.com/bot.html)"
66.249.79.236 - - [14/Jul/2025:01:33:37 +0000] "GET /?s=52817248121490&mod=872924c0&uri=pin.php%3Fid%3D1762560-1301%26name%3Decco+bottes+hiver+homme HTTP/1.1" 200 18800 "-" "Mozilla/5.0 (Linux; Android 6.0.1; Nexus 5X Build/MMB29P) AppleWebKit/537.36 (KHTML, like Gecko) Chrome/137.0.7151.103 Mobile Safari/537.36 (compatible; Googlebot/2.1; +http://www.google.com/bot.html)"
66.249.79.236 - - [14/Jul/2025:01:33:37 +0000] "GET /?s=53318194071490&mod=15c05830&uri=products.php%3Fid%3D1779272-559%26name%3Dathelia+cardigan HTTP/1.1" 200 18789 "-" "Mozilla/5.0 (Linux; Android 6.0.1; Nexus 5X Build/MMB29P) AppleWebKit/537.36 (KHTML, like Gecko) Chrome/137.0.7151.103 Mobile Safari/537.36 (compatible; Googlebot/2.1; +http://www.google.com/bot.html)"
66.249.79.236 - - [14/Jul/2025:01:33:38 +0000] "GET /?s=35565484111490&mod=6dae90f1&uri=products.php%3Fid%3D1187039-806%26name%3Dcoffee+supreme+mug HTTP/1.1" 200 18795 "-" "Mozilla/5.0 (compatible; Googlebot/2.1; +http://www.google.com/bot.html)"
66.249.79.236 - - [14/Jul/2025:01:33:38 +0000] "GET /?s=85975510001490&mod=bcc0d400&uri=pin.php%3Fid%3D2869136-13%26name%3Dnew+balance+idealista+327 HTTP/1.1" 200 18803 "-" "Mozilla/5.0 (Linux; Android 6.0.1; Nexus 5X Build/MMB29P) AppleWebKit/537.36 (KHTML, like Gecko) Chrome/137.0.7151.103 Mobile Safari/537.36 (compatible; Googlebot/2.1; +http://www.google.com/bot.html)"
66.249.79.236 - - [14/Jul/2025:01:33:38 +0000] "GET /?s=78116166031490&mod=d57b13de&uri=shared.php%3Fid%3D2606826-930%26name%3Dcompens%C3%83%C2%A9es+beige HTTP/1.1" 200 18816 "-" "Mozilla/5.0 (compatible; Googlebot/2.1; +http://www.google.com/bot.html)"
66.249.79.236 - - [14/Jul/2025:01:33:39 +0000] "GET /?s=40516754051490&mod=af8730b5&uri=search.php%3Fid%3D1352223-911%26name%3Doccasion+vetement+b%C3%83%C2%A9b%C3%83%C2%A9 HTTP/1.1" 200 18817 "-" "Mozilla/5.0 (Linux; Android 6.0.1; Nexus 5X Build/MMB29P) AppleWebKit/537.36 (KHTML, like Gecko) Chrome/137.0.7151.103 Mobile Safari/537.36 (compatible; Googlebot/2.1; +http://www.google.com/bot.html)"
66.249.79.236 - - [14/Jul/2025:01:33:40 +0000] "GET /?s=103460434061490&mod=fce12421&uri=blog.php%3Fid%3D3452765-901%26name%3Dblack+jersey+pencil+skirt+uk HTTP/1.1" 200 18812 "-" "Mozilla/5.0 (Linux; Android 6.0.1; Nexus 5X Build/MMB29P) AppleWebKit/537.36 (KHTML, like Gecko) Chrome/137.0.7151.103 Mobile Safari/537.36 (compatible; Googlebot/2.1; +http://www.google.com/bot.html)"
66.249.79.236 - - [14/Jul/2025:01:33:40 +0000] "GET /?s=78290375141490&mod=e7696fba&uri=article.php%3Fid%3D2612637-715%26name%3Dlego+ucs+star+wars+75159+death+star HTTP/1.1" 200 18825 "-" "Mozilla/5.0 (compatible; Googlebot/2.1; +http://www.google.com/bot.html)"
66.249.79.236 - - [14/Jul/2025:01:33:41 +0000] "GET /?s=30636264071490&mod=fdf645ae&uri=info.php%3Fid%3D1022536-324%26name%3Dbeet+brussel+sprout+recipe HTTP/1.1" 200 18805 "-" "Mozilla/5.0 (compatible; Googlebot/2.1; +http://www.google.com/bot.html)"
66.249.79.236 - - [14/Jul/2025:01:33:41 +0000] "GET /?s=117987468101490&mod=8c840250&uri=form.php%3Fid%3D3937634-128%26name%3Dbolt+farms+juices HTTP/1.1" 200 18797 "-" "Mozilla/5.0 (Linux; Android 6.0.1; Nexus 5X Build/MMB29P) AppleWebKit/537.36 (KHTML, like Gecko) Chrome/137.0.7151.103 Mobile Safari/537.36 (compatible; Googlebot/2.1; +http://www.google.com/bot.html)"
66.249.79.236 - - [14/Jul/2025:01:33:41 +0000] "POST /get-message-notify HTTP/1.1" 404 6256 "https://gardenify.com.au/?s=52817248121490&mod=872924c0&uri=pin.php%3Fid%3D1762560-1301%26name%3Decco+bottes+hiver+homme" "Mozilla/5.0 (Linux; Android 6.0.1; Nexus 5X Build/MMB29P) AppleWebKit/537.36 (KHTML, like Gecko) Chrome/137.0.7151.119 Mobile Safari/537.36 (compatible; Googlebot/2.1; +http://www.google.com/bot.html)"
66.249.79.236 - - [14/Jul/2025:01:33:42 +0000] "GET /?s=116581145011490&mod=63eff9db&uri=category-info.php%3Fid%3D3890721-133%26name%3Dmid+range+watch+brand HTTP/1.1" 200 18834 "-" "Mozilla/5.0 (Linux; Android 6.0.1; Nexus 5X Build/MMB29P) AppleWebKit/537.36 (KHTML, like Gecko) Chrome/137.0.7151.103 Mobile Safari/537.36 (compatible; Googlebot/2.1; +http://www.google.com/bot.html)"
66.249.79.236 - - [14/Jul/2025:01:33:42 +0000] "GET /?s=35566024041490&mod=6dae90f1&uri=form.php%3Fid%3D1187057-806%26name%3Dhelly+hansen+active+puffer+jacket HTTP/1.1" 200 18811 "-" "Mozilla/5.0 (compatible; Googlebot/2.1; +http://www.google.com/bot.html)"
66.249.79.237 - - [14/Jul/2025:01:33:43 +0000] "POST /get-message-notify HTTP/1.1" 404 6256 "https://gardenify.com.au/?s=85975510001490&mod=bcc0d400&uri=pin.php%3Fid%3D2869136-13%26name%3Dnew+balance+idealista+327" "Mozilla/5.0 (Linux; Android 6.0.1; Nexus 5X Build/MMB29P) AppleWebKit/537.36 (KHTML, like Gecko) Chrome/137.0.7151.119 Mobile Safari/537.36 (compatible; Googlebot/2.1; +http://www.google.com/bot.html)"
66.249.79.237 - - [14/Jul/2025:01:33:43 +0000] "GET /?s=30641664051490&mod=fdf645ae&uri=brands.php%3Fid%3D1022716-324%26name%3Droasted+carrot+ideas HTTP/1.1" 200 18799 "-" "Mozilla/5.0 (compatible; Googlebot/2.1; +http://www.google.com/bot.html)"
66.249.79.236 - - [14/Jul/2025:01:33:43 +0000] "GET /?s=24469573001490&mod=2be96323&uri=itm.php%3Fid%3D816719-438%26name%3Dugg+aanbieding HTTP/1.1" 200 18779 "-" "Mozilla/5.0 (compatible; Googlebot/2.1; +http://www.google.com/bot.html)"
66.249.79.236 - - [14/Jul/2025:01:33:44 +0000] "GET /?s=35563026041490&mod=6dae90f1&uri=dp.php%3Fid%3D1186957-806%26name%3Dguess+in+10+cities+around+the+world HTTP/1.1" 200 18820 "-" "Mozilla/5.0 (compatible; Googlebot/2.1; +http://www.google.com/bot.html)"
66.249.79.236 - - [14/Jul/2025:01:33:44 +0000] "GET /?s=78113790051490&mod=0cba172d&uri=itm.php%3Fid%3D2606746-1488%26name%3Dquechua+lunette HTTP/1.1" 200 18792 "-" "Mozilla/5.0 (compatible; Googlebot/2.1; +http://www.google.com/bot.html)"
66.249.79.236 - - [14/Jul/2025:01:33:44 +0000] "GET /?s=30648411051490&mod=fdf645ae&uri=itm.php%3Fid%3D1022941-324%26name%3Dteriyaki+roasted+brussel+sprouts HTTP/1.1" 200 18813 "-" "Mozilla/5.0 (compatible; Googlebot/2.1; +http://www.google.com/bot.html)"
66.249.79.237 - - [14/Jul/2025:01:33:45 +0000] "GET /?s=78283475001490&mod=e7696fba&uri=category-info.php%3Fid%3D2612407-715%26name%3Dstar+wars+christmas+advent+calendar+2022 HTTP/1.1" 200 18858 "-" "Mozilla/5.0 (compatible; Googlebot/2.1; +http://www.google.com/bot.html)"
66.249.79.237 - - [14/Jul/2025:01:33:45 +0000] "GET /?s=17777492031490&mod=8f561e4c&uri=form.php%3Fid%3D593452-335%26name%3Dspellbreak+on+switch HTTP/1.1" 200 18791 "-" "Mozilla/5.0 (compatible; Googlebot/2.1; +http://www.google.com/bot.html)"
66.249.79.236 - - [14/Jul/2025:01:33:45 +0000] "GET /?s=30645444011490&mod=fdf645ae&uri=dp.php%3Fid%3D1022842-324%26name%3Dpan+roasted+brussel+sprouts+with+bacon HTTP/1.1" 200 18818 "-" "Mozilla/5.0 (compatible; Googlebot/2.1; +http://www.google.com/bot.html)"
66.249.79.237 - - [14/Jul/2025:01:33:46 +0000] "GET /?s=30525639001490&mod=261474eb&uri=blog.php%3Fid%3D1018847-434%26name%3Dsamsung+galaxy+a5+flip+case HTTP/1.1" 200 18815 "-" "Mozilla/5.0 (compatible; Googlebot/2.1; +http://www.google.com/bot.html)"
66.249.79.236 - - [14/Jul/2025:01:33:46 +0000] "GET /?s=112077952041490&mod=65d39375&uri=products.php%3Fid%3D3740412-1672%26name%3Dadidas+ultra+boost+long+run HTTP/1.1" 200 18820 "-" "Mozilla/5.0 (Linux; Android 6.0.1; Nexus 5X Build/MMB29P) AppleWebKit/537.36 (KHTML, like Gecko) Chrome/137.0.7151.103 Mobile Safari/537.36 (compatible; Googlebot/2.1; +http://www.google.com/bot.html)"
66.249.79.238 - - [14/Jul/2025:01:33:47 +0000] "GET /?s=78289775041490&mod=e7696fba&uri=info.php%3Fid%3D2612617-715%26name%3Dlego+star+wars+darth+vader+helmet+stores HTTP/1.1" 200 18826 "-" "Mozilla/5.0 (compatible; Googlebot/2.1; +http://www.google.com/bot.html)"
66.249.79.236 - - [14/Jul/2025:01:33:47 +0000] "GET /?s=30641394011490&mod=fdf645ae&uri=itm.php%3Fid%3D1022707-324%26name%3Degg+casserole+with+pillsbury+crescent+rolls HTTP/1.1" 200 18830 "-" "Mozilla/5.0 (compatible; Googlebot/2.1; +http://www.google.com/bot.html)"
66.249.79.237 - - [14/Jul/2025:01:33:47 +0000] "GET /?s=24466513031490&mod=2be96323&uri=products.php%3Fid%3D816617-438%26name%3Dsuede+instappers+dames HTTP/1.1" 200 18801 "-" "Mozilla/5.0 (compatible; Googlebot/2.1; +http://www.google.com/bot.html)"
66.249.79.237 - - [14/Jul/2025:01:33:48 +0000] "GET /?s=35567104021490&mod=6dae90f1&uri=form.php%3Fid%3D1187093-806%26name%3Dwhere+do+canadian+geese+go+for+the+winter HTTP/1.1" 200 18828 "-" "Mozilla/5.0 (compatible; Googlebot/2.1; +http://www.google.com/bot.html)"
66.249.79.238 - - [14/Jul/2025:01:33:48 +0000] "GET /?s=30636804081490&mod=fdf645ae&uri=pin.php%3Fid%3D1022554-324%26name%3Dbodum+bistro+milk+frother+review HTTP/1.1" 200 18813 "-" "Mozilla/5.0 (compatible; Googlebot/2.1; +http://www.google.com/bot.html)"
66.249.79.237 - - [14/Jul/2025:01:33:49 +0000] "POST /get-message-notify HTTP/1.1" 404 6256 "https://gardenify.com.au/?s=91276492001490&mod=a79f146e&uri=news.php%3Fid%3D3046042-1561%26name%3Dluke+1977+adam+sweatshirt" "Mozilla/5.0 (Linux; Android 6.0.1; Nexus 5X Build/MMB29P) AppleWebKit/537.36 (KHTML, like Gecko) Chrome/137.0.7151.119 Mobile Safari/537.36 (compatible; Googlebot/2.1; +http://www.google.com/bot.html)"
66.249.79.238 - - [14/Jul/2025:01:33:49 +0000] "GET /safe_search/config?return_url=%2Fproduct%2Fdetail%2F35567524040490 HTTP/1.1" 200 18588 "-" "Mozilla/5.0 (compatible; Googlebot/2.1; +http://www.google.com/bot.html)"
66.249.79.237 - - [14/Jul/2025:01:33:49 +0000] "GET /?s=35565904001490&mod=6dae90f1&uri=shop.php%3Fid%3D1187053-806%26name%3Dsupreme+cheap+items HTTP/1.1" 200 18790 "-" "Mozilla/5.0 (compatible; Googlebot/2.1; +http://www.google.com/bot.html)"
66.249.79.238 - - [14/Jul/2025:01:33:50 +0000] "GET /?s=30654320081490&mod=9008bcab&uri=form.php%3Fid%3D1023139-394%26name%3Dhow+long+to+cook+chicken+kabobs+in+oven+at+350 HTTP/1.1" 200 18847 "-" "Mozilla/5.0 (compatible; Googlebot/2.1; +http://www.google.com/bot.html)"
66.249.79.236 - - [14/Jul/2025:01:33:50 +0000] "GET /?s=35564466071490&mod=6dae90f1&uri=dp.php%3Fid%3D1187005-806%26name%3Dcarhartt+red+striped+pants HTTP/1.1" 200 18797 "-" "Mozilla/5.0 (compatible; Googlebot/2.1; +http://www.google.com/bot.html)"
66.249.79.238 - - [14/Jul/2025:01:33:50 +0000] "POST /get-message-notify HTTP/1.1" 404 6256 "https://gardenify.com.au/?s=116581145011490&mod=63eff9db&uri=category-info.php%3Fid%3D3890721-133%26name%3Dmid+range+watch+brand" "Mozilla/5.0 (Linux; Android 6.0.1; Nexus 5X Build/MMB29P) AppleWebKit/537.36 (KHTML, like Gecko) Chrome/137.0.7151.119 Mobile Safari/537.36 (compatible; Googlebot/2.1; +http://www.google.com/bot.html)"
66.249.79.237 - - [14/Jul/2025:01:33:50 +0000] "GET /?s=35563506001490&mod=6dae90f1&uri=news.php%3Fid%3D1186973-806%26name%3Dhelly+hansen+mittens+size+guide HTTP/1.1" 200 18807 "-" "Mozilla/5.0 (compatible; Googlebot/2.1; +http://www.google.com/bot.html)"
66.249.79.236 - - [14/Jul/2025:01:33:51 +0000] "GET /?s=35562846031490&mod=6dae90f1&uri=search.php%3Fid%3D1186951-806%26name%3Darcteryx+gamma+lt+reddit HTTP/1.1" 200 18800 "-" "Mozilla/5.0 (compatible; Googlebot/2.1; +http://www.google.com/bot.html)"
66.249.79.236 - - [14/Jul/2025:01:33:51 +0000] "GET /?s=35565364041490&mod=6dae90f1&uri=search.php%3Fid%3D1187035-806%26name%3Dthe+shirt+with+the+red+heart HTTP/1.1" 200 18802 "-" "Mozilla/5.0 (compatible; Googlebot/2.1; +http://www.google.com/bot.html)"
209.74.77.214 - - [14/Jul/2025:01:33:52 +0000] "POST /wp-cron.php?doing_wp_cron=1752456831.9995310306549072265625 HTTP/1.1" 200 - "-" "WordPress/6.8.1; https://gardenify.com.au"
66.249.79.236 - - [14/Jul/2025:01:33:51 +0000] "POST /get-message-notify HTTP/1.1" 404 6256 "https://gardenify.com.au/?s=103460434061490&mod=fce12421&uri=blog.php%3Fid%3D3452765-901%26name%3Dblack+jersey+pencil+skirt+uk" "Mozilla/5.0 (Linux; Android 6.0.1; Nexus 5X Build/MMB29P) AppleWebKit/537.36 (KHTML, like Gecko) Chrome/137.0.7151.119 Mobile Safari/537.36 (compatible; Googlebot/2.1; +http://www.google.com/bot.html)"
209.74.77.214 - - [14/Jul/2025:01:33:52 +0000] "POST /wp-admin/admin-ajax.php?action=async_litespeed&nonce=0aEFCPl63Ms7SoTiWXTiTG4l6QSa2QDq&litespeed_type=imgoptm HTTP/1.1" 200 21 "-" "WordPress/6.8.1; https://gardenify.com.au"
66.249.79.237 - - [14/Jul/2025:01:33:52 +0000] "GET /?s=17710949061490&mod=e96822f7&uri=shop.php%3Fid%3D591231-234%26name%3Dtommy+hilfiger+daunenmantel+damen+rot HTTP/1.1" 200 18818 "-" "Mozilla/5.0 (compatible; Googlebot/2.1; +http://www.google.com/bot.html)"
66.249.79.237 - - [14/Jul/2025:01:33:52 +0000] "GET /?s=30533349031490&mod=261474eb&uri=products.php%3Fid%3D1019104-434%26name%3Dgalaxy+s10+charging+wattage HTTP/1.1" 200 18809 "-" "Mozilla/5.0 (compatible; Googlebot/2.1; +http://www.google.com/bot.html)"
66.249.79.238 - - [14/Jul/2025:01:33:52 +0000] "GET /?s=30644634021490&mod=fdf645ae&uri=pin.php%3Fid%3D1022815-324%26name%3Dgarlic+roasted+potatoes+and+carrots HTTP/1.1" 200 18819 "-" "Mozilla/5.0 (compatible; Googlebot/2.1; +http://www.google.com/bot.html)"
66.249.79.236 - - [14/Jul/2025:01:33:53 +0000] "GET /?s=78273875041490&mod=29e2f026&uri=product.php%3Fid%3D2612087-716%26name%3Drosso+porpora+leggins HTTP/1.1" 200 18795 "-" "Mozilla/5.0 (compatible; Googlebot/2.1; +http://www.google.com/bot.html)"
66.249.79.237 - - [14/Jul/2025:01:33:53 +0000] "GET /?s=17779112011490&mod=556a47d6&uri=blog.php%3Fid%3D593506-699%26name%3Dbass+pro+shop+sale+ad+this+week HTTP/1.1" 200 18817 "-" "Mozilla/5.0 (compatible; Googlebot/2.1; +http://www.google.com/bot.html)"
66.249.79.236 - - [14/Jul/2025:01:33:53 +0000] "GET /?s=30556434041490&mod=30f8f6b9&uri=shared.php%3Fid%3D1019875-26%26name%3Ddrone+con+camara+vision+nocturna HTTP/1.1" 200 18810 "-" "Mozilla/5.0 (compatible; Googlebot/2.1; +http://www.google.com/bot.html)"
66.249.79.237 - - [14/Jul/2025:01:33:53 +0000] "GET /?s=78269975041490&mod=962cc07b&uri=us.php%3Fid%3D2611957-1491%26name%3Dvans+boty+marvel HTTP/1.1" 200 18790 "-" "Mozilla/5.0 (compatible; Googlebot/2.1; +http://www.google.com/bot.html)"
66.249.79.237 - - [14/Jul/2025:01:33:54 +0000] "GET /?s=78287675141490&mod=e7696fba&uri=brands.php%3Fid%3D2612547-715%26name%3Dlego+star+wars+bad HTTP/1.1" 200 18798 "-" "Mozilla/5.0 (compatible; Googlebot/2.1; +http://www.google.com/bot.html)"
209.74.77.214 - - [14/Jul/2025:01:33:55 +0000] "POST /wp-cron.php?doing_wp_cron=1752456835.5565319061279296875000 HTTP/1.1" 200 - "-" "WordPress/6.8.1; https://gardenify.com.au"
66.249.79.224 - - [14/Jul/2025:01:33:55 +0000] "POST /get-message-notify HTTP/1.1" 404 6256 "https://gardenify.com.au/?s=40516754051490&mod=af8730b5&uri=search.php%3Fid%3D1352223-911%26name%3Doccasion+vetement+b%C3%83%C2%A9b%C3%83%C2%A9" "Mozilla/5.0 (Linux; Android 6.0.1; Nexus 5X Build/MMB29P) AppleWebKit/537.36 (KHTML, like Gecko) Chrome/137.0.7151.119 Mobile Safari/537.36 (compatible; Googlebot/2.1; +http://www.google.com/bot.html)"
66.249.79.236 - - [14/Jul/2025:01:33:56 +0000] "POST /get-message-notify HTTP/1.1" 404 6250 "https://gardenify.com.au/?s=17710949061490&mod=e96822f7&uri=shop.php%3Fid%3D591231-234%26name%3Dtommy+hilfiger+daunenmantel+damen+rot" "Mozilla/5.0 AppleWebKit/537.36 (KHTML, like Gecko; compatible; Googlebot/2.1; +http://www.google.com/bot.html) Chrome/137.0.7151.119 Safari/537.36"
66.249.79.238 - - [14/Jul/2025:01:33:58 +0000] "POST /get-message-notify HTTP/1.1" 404 6256 "https://gardenify.com.au/?s=98286232001490&mod=a27f9c1a&uri=article.php%3Fid%3D3280071-1597%26name%3Dglider+chair+with+stool" "Mozilla/5.0 (Linux; Android 6.0.1; Nexus 5X Build/MMB29P) AppleWebKit/537.36 (KHTML, like Gecko) Chrome/137.0.7151.119 Mobile Safari/537.36 (compatible; Googlebot/2.1; +http://www.google.com/bot.html)"
66.249.79.237 - - [14/Jul/2025:01:33:59 +0000] "GET /?s=1985680031490&mod=822101d7&uri=shop.php%3Fid%3D66274-131%26name%3Dromika+victoria+17+hiking+boots HTTP/1.1" 200 18812 "-" "Mozilla/5.0 (Linux; Android 6.0.1; Nexus 5X Build/MMB29P) AppleWebKit/537.36 (KHTML, like Gecko) Chrome/137.0.7151.103 Mobile Safari/537.36 (compatible; GoogleOther)"
