66.249.79.237 - - [14/Jul/2025:01:22:32 +0000] "GET /?s=49968519031490&mod=47c163fd&uri=us.php%3Fid%3D1667540-377%26name%3Dsafety+1st+in+everfit HTTP/1.1" 200 21193 "-" "Mozilla/5.0 (Linux; Android 6.0.1; Nexus 5X Build/MMB29P) AppleWebKit/537.36 (KHTML, like Gecko) Chrome/137.0.7151.103 Mobile Safari/537.36 (compatible; Googlebot/2.1; +http://www.google.com/bot.html)"
66.249.79.236 - - [14/Jul/2025:01:22:30 +0000] "GET /?s=17782352091490&mod=556a47d6&uri=category-info.php%3Fid%3D593614-699%26name%3Dbass+pro+2020+black+friday HTTP/1.1" 200 21658 "-" "Mozilla/5.0 (compatible; Googlebot/2.1; +http://www.google.com/bot.html)"
66.249.79.236 - - [14/Jul/2025:01:22:41 +0000] "GET /?s=17778932031490&mod=8f561e4c&uri=news.php%3Fid%3D593500-335%26name%3Dbanjo+kazooie+on+switch HTTP/1.1" 200 22059 "-" "Mozilla/5.0 (compatible; Googlebot/2.1; +http://www.google.com/bot.html)"
66.249.79.237 - - [14/Jul/2025:01:22:42 +0000] "GET /?s=24464083071490&mod=2be96323&uri=news.php%3Fid%3D816536-438%26name%3Dvrouwen+schoenen+maat+43 HTTP/1.1" 200 22356 "-" "Mozilla/5.0 (compatible; Googlebot/2.1; +http://www.google.com/bot.html)"
66.249.79.237 - - [14/Jul/2025:01:22:42 +0000] "GET /?s=30643824021490&mod=fdf645ae&uri=form.php%3Fid%3D1022788-324%26name%3Dbest+frozen+brussel+sprouts HTTP/1.1" 200 21294 "-" "Mozilla/5.0 (compatible; Googlebot/2.1; +http://www.google.com/bot.html)"
66.249.79.236 - - [14/Jul/2025:01:22:42 +0000] "GET /?s=17773712051490&mod=8f561e4c&uri=search.php%3Fid%3D593326-335%26name%3Dswitch+rcm+loader+amazon HTTP/1.1" 200 21849 "-" "Mozilla/5.0 (compatible; Googlebot/2.1; +http://www.google.com/bot.html)"
66.249.79.236 - - [14/Jul/2025:01:22:43 +0000] "GET /?s=24465433021490&mod=2be96323&uri=itm.php%3Fid%3D816581-438%26name%3Dstalschoen HTTP/1.1" 200 22141 "-" "Mozilla/5.0 (compatible; Googlebot/2.1; +http://www.google.com/bot.html)"
66.249.79.237 - - [14/Jul/2025:01:22:43 +0000] "GET /?s=35567164041490&mod=5499df60&uri=article.php%3Fid%3D1187095-463%26name%3Dfractal+design+core+500+review HTTP/1.1" 200 22158 "-" "Mozilla/5.0 (compatible; Googlebot/2.1; +http://www.google.com/bot.html)"
66.249.79.237 - - [14/Jul/2025:01:22:43 +0000] "GET /?s=30646524051490&mod=fdf645ae&uri=info.php%3Fid%3D1022878-324%26name%3Dtemperature+to+roast+cornish+hen HTTP/1.1" 200 21781 "-" "Mozilla/5.0 (compatible; Googlebot/2.1; +http://www.google.com/bot.html)"
66.249.79.237 - - [14/Jul/2025:01:22:44 +0000] "GET /?s=24467773001490&mod=2be96323&uri=us.php%3Fid%3D816659-438%26name%3Dpertini+instappers HTTP/1.1" 200 22303 "-" "Mozilla/5.0 (compatible; Googlebot/2.1; +http://www.google.com/bot.html)"
66.249.79.237 - - [14/Jul/2025:01:22:45 +0000] "GET /?s=24465973001490&mod=2be96323&uri=dp.php%3Fid%3D816599-438%26name%3Dsneakers+g+star+dames HTTP/1.1" 200 21715 "-" "Mozilla/5.0 (compatible; Googlebot/2.1; +http://www.google.com/bot.html)"
66.249.79.236 - - [14/Jul/2025:01:22:45 +0000] "GET /?s=35565964121490&mod=6dae90f1&uri=products.php%3Fid%3D1187055-806%26name%3Dvans+buys+supreme HTTP/1.1" 200 20900 "-" "Mozilla/5.0 (compatible; Googlebot/2.1; +http://www.google.com/bot.html)"
66.249.79.238 - - [14/Jul/2025:01:22:46 +0000] "GET /?s=30637344031490&mod=fdf645ae&uri=products.php%3Fid%3D1022572-324%26name%3Dhomemade+broasted+potatoes HTTP/1.1" 200 21810 "-" "Mozilla/5.0 (compatible; Googlebot/2.1; +http://www.google.com/bot.html)"
66.249.79.238 - - [14/Jul/2025:01:22:46 +0000] "GET /?s=35565004001490&mod=6dae90f1&uri=shared.php%3Fid%3D1187023-806%26name%3Darcteryx+shorts+men HTTP/1.1" 200 21243 "-" "Mozilla/5.0 (compatible; Googlebot/2.1; +http://www.google.com/bot.html)"
66.249.79.237 - - [14/Jul/2025:01:22:47 +0000] "GET /?s=17773892121490&mod=8f561e4c&uri=info.php%3Fid%3D593332-335%26name%3Dimpact+lvdian HTTP/1.1" 200 21518 "-" "Mozilla/5.0 (compatible; Googlebot/2.1; +http://www.google.com/bot.html)"
66.249.79.238 - - [14/Jul/2025:01:22:47 +0000] "GET /?s=17717609041490&mod=e96822f7&uri=info.php%3Fid%3D591453-234%26name%3Dengelbert+strauss+gelbe+jacke HTTP/1.1" 200 22227 "-" "Mozilla/5.0 (compatible; Googlebot/2.1; +http://www.google.com/bot.html)"
66.249.79.238 - - [14/Jul/2025:01:22:48 +0000] "GET /?s=17780552041490&mod=556a47d6&uri=blog.php%3Fid%3D593554-699%26name%3Dhours+for+bass+pro HTTP/1.1" 200 22116 "-" "Mozilla/5.0 (compatible; Googlebot/2.1; +http://www.google.com/bot.html)"
66.249.79.237 - - [14/Jul/2025:01:22:48 +0000] "GET /?s=78125034091490&mod=0cba172d&uri=shop.php%3Fid%3D2607122-1488%26name%3Dlunette+chanel+cha%C3%83%C2%AEne HTTP/1.1" 200 20902 "-" "Mozilla/5.0 (compatible; Googlebot/2.1; +http://www.google.com/bot.html)"
66.249.79.238 - - [14/Jul/2025:01:22:48 +0000] "GET /?s=78281975041490&mod=e7696fba&uri=itm.php%3Fid%3D2612357-715%26name%3Dlakitu+sky+world+lego+mario HTTP/1.1" 200 22107 "-" "Mozilla/5.0 (compatible; Googlebot/2.1; +http://www.google.com/bot.html)"
66.249.79.237 - - [14/Jul/2025:01:22:49 +0000] "GET /?s=78271175041490&mod=556a47d6&uri=form.php%3Fid%3D2611997-699%26name%3Deltherm+heating+cable HTTP/1.1" 200 21886 "-" "Mozilla/5.0 (compatible; Googlebot/2.1; +http://www.google.com/bot.html)"
66.249.79.224 - - [14/Jul/2025:01:22:50 +0000] "GET /?s=17781092121490&mod=8f561e4c&uri=pin.php%3Fid%3D593572-335%26name%3Dlg+c1+55+review HTTP/1.1" 200 21748 "-" "Mozilla/5.0 (compatible; Googlebot/2.1; +http://www.google.com/bot.html)"
66.249.79.236 - - [14/Jul/2025:01:22:51 +0000] "GET /pcmypage?callback=/product%2Fdetail%2F30656207052490 HTTP/1.1" 200 21369 "-" "Mozilla/5.0 (compatible; Googlebot/2.1; +http://www.google.com/bot.html)"
66.249.79.238 - - [14/Jul/2025:01:22:51 +0000] "GET /?s=78126594071490&mod=0cba172d&uri=info.php%3Fid%3D2607174-1488%26name%3Dlunette+en+coeur HTTP/1.1" 200 20634 "-" "Mozilla/5.0 (compatible; Googlebot/2.1; +http://www.google.com/bot.html)"
66.249.79.236 - - [14/Jul/2025:01:22:52 +0000] "GET /?s=30652160021490&mod=fdf645ae&uri=goods.php%3Fid%3D1023067-324%26name%3Dduck+fat+new+potatoes HTTP/1.1" 200 21666 "-" "Mozilla/5.0 (compatible; Googlebot/2.1; +http://www.google.com/bot.html)"
66.249.79.236 - - [14/Jul/2025:01:22:52 +0000] "GET /?s=35562906001490&mod=6dae90f1&uri=us.php%3Fid%3D1186953-806%26name%3Dfreestyle+gilet+canada+goose HTTP/1.1" 200 21443 "-" "Mozilla/5.0 (compatible; Googlebot/2.1; +http://www.google.com/bot.html)"
66.249.79.224 - - [14/Jul/2025:01:22:54 +0000] "POST /get-message-notify HTTP/1.1" 200 22041 "https://gardenify.com.au/?s=49968519031490&mod=47c163fd&uri=us.php%3Fid%3D1667540-377%26name%3Dsafety+1st+in+everfit" "Mozilla/5.0 (Linux; Android 6.0.1; Nexus 5X Build/MMB29P) AppleWebKit/537.36 (KHTML, like Gecko) Chrome/137.0.7151.119 Mobile Safari/537.36 (compatible; Googlebot/2.1; +http://www.google.com/bot.html)"
209.74.77.214 - - [14/Jul/2025:01:22:55 +0000] "POST /wp-cron.php?doing_wp_cron=1752456175.8732690811157226562500 HTTP/1.1" 200 - "-" "WordPress/6.8.1; https://gardenify.com.au"
66.249.79.236 - - [14/Jul/2025:01:22:55 +0000] "GET /?s=14487709011490&mod=6762c47d&uri=pin.php%3Fid%3D483695-617%26name%3Dnorrona+lofoten+primaloft HTTP/1.1" 200 11792 "-" "Mozilla/5.0 (Linux; Android 6.0.1; Nexus 5X Build/MMB29P) AppleWebKit/537.36 (KHTML, like Gecko) Chrome/137.0.7151.103 Mobile Safari/537.36 (compatible; GoogleOther)"
209.74.77.214 - - [14/Jul/2025:01:22:55 +0000] "POST /wp-admin/admin-ajax.php?action=async_litespeed&nonce=sgRgU6jFqTTLAUhNe2uYzotykOfKBaSd&litespeed_type=imgoptm HTTP/1.1" 200 21 "-" "WordPress/6.8.1; https://gardenify.com.au"
66.249.79.236 - - [14/Jul/2025:01:22:56 +0000] "POST /get-message-notify HTTP/1.1" 200 22046 "https://gardenify.com.au/?s=49968519031490&mod=47c163fd&uri=us.php%3Fid%3D1667540-377%26name%3Dsafety+1st+in+everfit" "Mozilla/5.0 (Linux; Android 6.0.1; Nexus 5X Build/MMB29P) AppleWebKit/537.36 (KHTML, like Gecko) Chrome/137.0.7151.119 Mobile Safari/537.36 (compatible; Googlebot/2.1; +http://www.google.com/bot.html)"
66.249.79.237 - - [14/Jul/2025:01:23:02 +0000] "GET /feature/omiya_marui/index.html HTTP/1.1" 404 11747 "-" "Mozilla/5.0 (Linux; Android 6.0.1; Nexus 5X Build/MMB29P) AppleWebKit/537.36 (KHTML, like Gecko) Chrome/137.0.7151.103 Mobile Safari/537.36 (compatible; GoogleOther)"
66.249.79.236 - - [14/Jul/2025:01:23:17 +0000] "POST /get-message-notify HTTP/1.1" 200 22041 "https://gardenify.com.au/?s=24464983031490&mod=2be96323&uri=products.php%3Fid%3D816566-438%26name%3Dsemler+schoenen+2021" "Mozilla/5.0 AppleWebKit/537.36 (KHTML, like Gecko; compatible; Googlebot/2.1; +http://www.google.com/bot.html) Chrome/137.0.7151.119 Safari/537.36"
66.249.79.236 - - [14/Jul/2025:01:23:18 +0000] "GET /?s=35564106041490&mod=6dae90f1&uri=article.php%3Fid%3D1186993-806%26name%3Dcargo+regular+carhartt HTTP/1.1" 200 21109 "-" "Mozilla/5.0 (compatible; Googlebot/2.1; +http://www.google.com/bot.html)"
66.249.79.236 - - [14/Jul/2025:01:23:27 +0000] "GET /events/ HTTP/1.1" 404 11747 "-" "Mozilla/5.0 (Linux; Android 6.0.1; Nexus 5X Build/MMB29P) AppleWebKit/537.36 (KHTML, like Gecko) Chrome/137.0.7151.103 Mobile Safari/537.36 (compatible; GoogleOther)"
66.249.79.236 - - [14/Jul/2025:01:23:18 +0000] "GET /?s=4592089061490&mod=8d5ef74b&uri=blog.php%3Fid%3D153269-275%26name%3Dmid+chuck+taylors HTTP/1.1" 200 20375 "-" "Mozilla/5.0 (Linux; Android 6.0.1; Nexus 5X Build/MMB29P) AppleWebKit/537.36 (KHTML, like Gecko) Chrome/137.0.7151.103 Mobile Safari/537.36 (compatible; Googlebot/2.1; +http://www.google.com/bot.html)"
66.249.79.236 - - [14/Jul/2025:01:23:19 +0000] "GET /?s=89853462021490&mod=bbbde8b8&uri=form.php%3Fid%3D2998545-875%26name%3Drunning+shoes+new+york+city HTTP/1.1" 200 21758 "-" "Mozilla/5.0 (Linux; Android 6.0.1; Nexus 5X Build/MMB29P) AppleWebKit/537.36 (KHTML, like Gecko) Chrome/137.0.7151.103 Mobile Safari/537.36 (compatible; Googlebot/2.1; +http://www.google.com/bot.html)"
66.249.79.236 - - [14/Jul/2025:01:23:27 +0000] "GET /?s=24466873001490&mod=2be96323&uri=category-info.php%3Fid%3D816629-438%26name%3Dskechers+hakken HTTP/1.1" 200 21937 "-" "Mozilla/5.0 (compatible; Googlebot/2.1; +http://www.google.com/bot.html)"
66.249.79.236 - - [14/Jul/2025:01:23:27 +0000] "GET /?s=117103761081490&mod=4e805f0e&uri=search.php%3Fid%3D3908153-452%26name%3Dblundstone+made+in HTTP/1.1" 200 22384 "-" "Mozilla/5.0 (Linux; Android 6.0.1; Nexus 5X Build/MMB29P) AppleWebKit/537.36 (KHTML, like Gecko) Chrome/137.0.7151.103 Mobile Safari/537.36 (compatible; Googlebot/2.1; +http://www.google.com/bot.html)"
66.249.79.236 - - [14/Jul/2025:01:23:30 +0000] "GET /?s=24467593041490&mod=2be96323&uri=shop.php%3Fid%3D816653-438%26name%3Dmarco+tozzi+hakken HTTP/1.1" 200 21783 "-" "Mozilla/5.0 (compatible; Googlebot/2.1; +http://www.google.com/bot.html)"
66.249.79.236 - - [14/Jul/2025:01:23:30 +0000] "GET /pcmypage?callback=/product%2Fdetail%2F35567464022490 HTTP/1.1" 200 21049 "-" "Mozilla/5.0 (compatible; Googlebot/2.1; +http://www.google.com/bot.html)"
66.249.79.236 - - [14/Jul/2025:01:23:30 +0000] "GET /?s=54844615021490&mod=d48da244&uri=info.php%3Fid%3D1830211-800%26name%3Dcamiseta+cuello+ancho+mujer HTTP/1.1" 200 21692 "-" "Mozilla/5.0 (Linux; Android 6.0.1; Nexus 5X Build/MMB29P) AppleWebKit/537.36 (KHTML, like Gecko) Chrome/137.0.7151.103 Mobile Safari/537.36 (compatible; Googlebot/2.1; +http://www.google.com/bot.html)"
66.249.79.236 - - [14/Jul/2025:01:23:31 +0000] "GET /?s=24467503051490&mod=2be96323&uri=goods.php%3Fid%3D816650-438%26name%3Ddecathlon+bergschoenen+kind HTTP/1.1" 200 22193 "-" "Mozilla/5.0 (compatible; Googlebot/2.1; +http://www.google.com/bot.html)"
66.249.79.236 - - [14/Jul/2025:01:23:31 +0000] "GET /?s=39583817021490&mod=a555ec5f&uri=brands.php%3Fid%3D1321103-209%26name%3Dyorkie+jacket HTTP/1.1" 200 22008 "-" "Mozilla/5.0 (Linux; Android 6.0.1; Nexus 5X Build/MMB29P) AppleWebKit/537.36 (KHTML, like Gecko) Chrome/137.0.7151.103 Mobile Safari/537.36 (compatible; Googlebot/2.1; +http://www.google.com/bot.html)"
66.249.79.236 - - [14/Jul/2025:01:23:31 +0000] "GET /?s=17677667081490&mod=8a9c3b2c&uri=products.php%3Fid%3D590121-695%26name%3Dnike+m2k+tekno+volt HTTP/1.1" 200 21179 "-" "Mozilla/5.0 (compatible; Googlebot/2.1; +http://www.google.com/bot.html)"
66.249.79.236 - - [14/Jul/2025:01:23:32 +0000] "GET /?s=24416413021490&mod=032ca2b6&uri=brands.php%3Fid%3D814945-848%26name%3Dlogo+adidas+png+azul HTTP/1.1" 200 20736 "-" "Mozilla/5.0 (compatible; Googlebot/2.1; +http://www.google.com/bot.html)"
66.249.79.236 - - [14/Jul/2025:01:23:32 +0000] "GET /?s=30649221021490&mod=fdf645ae&uri=pin.php%3Fid%3D1022968-324%26name%3Dbodum+bistro+espresso+cups HTTP/1.1" 200 22561 "-" "Mozilla/5.0 (compatible; Googlebot/2.1; +http://www.google.com/bot.html)"
66.249.79.236 - - [14/Jul/2025:01:23:32 +0000] "GET /?s=30649761001490&mod=fdf645ae&uri=shop.php%3Fid%3D1022986-324%26name%3Dcake+loaf+tins HTTP/1.1" 200 22453 "-" "Mozilla/5.0 (compatible; Googlebot/2.1; +http://www.google.com/bot.html)"
66.249.79.236 - - [14/Jul/2025:01:23:33 +0000] "GET /?s=78276875041490&mod=e7696fba&uri=itm.php%3Fid%3D2612187-715%26name%3Dlego+mini+adidas+superstar HTTP/1.1" 200 22127 "-" "Mozilla/5.0 (compatible; Googlebot/2.1; +http://www.google.com/bot.html)"
66.249.79.236 - - [14/Jul/2025:01:23:33 +0000] "GET /?s=30653240061490&mod=9008bcab&uri=shared.php%3Fid%3D1023103-394%26name%3Dchicken+skewers+thai HTTP/1.1" 200 21626 "-" "Mozilla/5.0 (compatible; Googlebot/2.1; +http://www.google.com/bot.html)"
66.249.79.236 - - [14/Jul/2025:01:23:33 +0000] "GET /?s=35563926041490&mod=6dae90f1&uri=category-info.php%3Fid%3D1186987-806%26name%3Dsky+captain+color+tommy+hilfiger HTTP/1.1" 200 21622 "-" "Mozilla/5.0 (compatible; Googlebot/2.1; +http://www.google.com/bot.html)"
66.249.79.236 - - [14/Jul/2025:01:23:34 +0000] "GET /?s=78285575041490&mod=e7696fba&uri=article.php%3Fid%3D2612477-715%26name%3Dlego+star+wars+advent+calendar+2022+day+15 HTTP/1.1" 200 21878 "-" "Mozilla/5.0 (compatible; Googlebot/2.1; +http://www.google.com/bot.html)"
66.249.79.236 - - [14/Jul/2025:01:23:34 +0000] "GET /?s=17784692031490&mod=556a47d6&uri=dp.php%3Fid%3D593692-699%26name%3Dbass+pro+coupon+2021 HTTP/1.1" 200 21526 "-" "Mozilla/5.0 (compatible; Googlebot/2.1; +http://www.google.com/bot.html)"
66.249.79.236 - - [14/Jul/2025:01:23:34 +0000] "GET /?s=78288875091490&mod=e7696fba&uri=form.php%3Fid%3D2612587-715%26name%3Dstar+wars+advent+calendar+2022+day+23 HTTP/1.1" 200 21300 "-" "Mozilla/5.0 (compatible; Googlebot/2.1; +http://www.google.com/bot.html)"
66.249.79.236 - - [14/Jul/2025:01:23:35 +0000] "GET /?s=35563806001490&mod=6dae90f1&uri=goods.php%3Fid%3D1186983-806%26name%3Dolx+canada+goose HTTP/1.1" 200 21049 "-" "Mozilla/5.0 (compatible; Googlebot/2.1; +http://www.google.com/bot.html)"
66.249.79.236 - - [14/Jul/2025:01:23:35 +0000] "GET /?s=24468133001490&mod=2be96323&uri=products.php%3Fid%3D816671-438%26name%3Denkellaars+met+sleehak HTTP/1.1" 200 22204 "-" "Mozilla/5.0 (compatible; Googlebot/2.1; +http://www.google.com/bot.html)"
66.249.79.237 - - [14/Jul/2025:01:23:36 +0000] "GET /?s=30564144011490&mod=d776fa0e&uri=search.php%3Fid%3D1020132-625%26name%3Dguess+slingback+shoes HTTP/1.1" 200 22483 "-" "Mozilla/5.0 (compatible; Googlebot/2.1; +http://www.google.com/bot.html)"
66.249.79.236 - - [14/Jul/2025:01:23:36 +0000] "POST /get-message-notify HTTP/1.1" 200 22042 "https://gardenify.com.au/?s=39583817021490&mod=a555ec5f&uri=brands.php%3Fid%3D1321103-209%26name%3Dyorkie+jacket" "Mozilla/5.0 (Linux; Android 6.0.1; Nexus 5X Build/MMB29P) AppleWebKit/537.36 (KHTML, like Gecko) Chrome/137.0.7151.119 Mobile Safari/537.36 (compatible; Googlebot/2.1; +http://www.google.com/bot.html)"
66.249.79.236 - - [14/Jul/2025:01:23:37 +0000] "GET /?s=35563146021490&mod=6dae90f1&uri=article.php%3Fid%3D1186961-806%26name%3Dhelly+hansen+merino+fleece+hooded+jacket HTTP/1.1" 200 21107 "-" "Mozilla/5.0 (compatible; Googlebot/2.1; +http://www.google.com/bot.html)"
66.249.79.237 - - [14/Jul/2025:01:23:37 +0000] "GET /?s=30642744011490&mod=fdf645ae&uri=news.php%3Fid%3D1022752-324%26name%3Dbaked+whole+flathead+in+foil HTTP/1.1" 200 22318 "-" "Mozilla/5.0 (compatible; Googlebot/2.1; +http://www.google.com/bot.html)"
66.249.79.237 - - [14/Jul/2025:01:23:37 +0000] "GET /?s=17780732071490&mod=8f561e4c&uri=pin.php%3Fid%3D593560-335%26name%3Dpac+man+party+royale+nintendo+switch HTTP/1.1" 200 21387 "-" "Mozilla/5.0 (compatible; Googlebot/2.1; +http://www.google.com/bot.html)"
66.249.79.237 - - [14/Jul/2025:01:23:38 +0000] "GET /?s=35566264071490&mod=6dae90f1&uri=us.php%3Fid%3D1187065-806%26name%3Dsupreme+lighter+glow+in+the+dark HTTP/1.1" 200 21640 "-" "Mozilla/5.0 (compatible; Googlebot/2.1; +http://www.google.com/bot.html)"
66.249.79.236 - - [14/Jul/2025:01:23:38 +0000] "POST /get-message-notify HTTP/1.1" 200 22032 "https://gardenify.com.au/?s=39583817021490&mod=a555ec5f&uri=brands.php%3Fid%3D1321103-209%26name%3Dyorkie+jacket" "Mozilla/5.0 (Linux; Android 6.0.1; Nexus 5X Build/MMB29P) AppleWebKit/537.36 (KHTML, like Gecko) Chrome/137.0.7151.119 Mobile Safari/537.36 (compatible; Googlebot/2.1; +http://www.google.com/bot.html)"
66.249.79.236 - - [14/Jul/2025:01:23:39 +0000] "POST /get-message-notify HTTP/1.1" 200 22054 "https://gardenify.com.au/?s=115974120071490&mod=1ebdf1f3&uri=itm.php%3Fid%3D3870473-886%26name%3Dgiocattoli+antichi" "Mozilla/5.0 (Linux; Android 6.0.1; Nexus 5X Build/MMB29P) AppleWebKit/537.36 (KHTML, like Gecko) Chrome/137.0.7151.119 Mobile Safari/537.36 (compatible; Googlebot/2.1; +http://www.google.com/bot.html)"
66.249.79.238 - - [14/Jul/2025:01:23:40 +0000] "POST /get-message-notify HTTP/1.1" 200 22049 "https://gardenify.com.au/?s=78276875041490&mod=e7696fba&uri=itm.php%3Fid%3D2612187-715%26name%3Dlego+mini+adidas+superstar" "Mozilla/5.0 AppleWebKit/537.36 (KHTML, like Gecko; compatible; Googlebot/2.1; +http://www.google.com/bot.html) Chrome/137.0.7151.119 Safari/537.36"
66.249.79.238 - - [14/Jul/2025:01:23:42 +0000] "POST /get-message-notify HTTP/1.1" 200 22040 "https://gardenify.com.au/?s=30653240061490&mod=9008bcab&uri=shared.php%3Fid%3D1023103-394%26name%3Dchicken+skewers+thai" "Mozilla/5.0 AppleWebKit/537.36 (KHTML, like Gecko; compatible; Googlebot/2.1; +http://www.google.com/bot.html) Chrome/137.0.7151.119 Safari/537.36"
66.249.79.237 - - [14/Jul/2025:01:23:43 +0000] "POST /get-message-notify HTTP/1.1" 200 22041 "https://gardenify.com.au/?s=72340460091490&mod=2ed74060&uri=products.php%3Fid%3D2414084-1444%26name%3Dmerrell+ladies+shoes" "Mozilla/5.0 (Linux; Android 6.0.1; Nexus 5X Build/MMB29P) AppleWebKit/537.36 (KHTML, like Gecko) Chrome/137.0.7151.119 Mobile Safari/537.36 (compatible; Googlebot/2.1; +http://www.google.com/bot.html)"
66.249.79.238 - - [14/Jul/2025:01:23:49 +0000] "GET /?s=63340201041490&mod=9e2820cf&uri=news.php%3Fid%3D2113724-360%26name%3Dmila+ag+jeans HTTP/1.1" 200 21946 "-" "Mozilla/5.0 (Linux; Android 6.0.1; Nexus 5X Build/MMB29P) AppleWebKit/537.36 (KHTML, like Gecko) Chrome/137.0.7151.103 Mobile Safari/537.36 (compatible; Googlebot/2.1; +http://www.google.com/bot.html)"
209.74.77.214 - - [14/Jul/2025:01:23:53 +0000] "POST /wp-cron.php?doing_wp_cron=1752456233.5962769985198974609375 HTTP/1.1" 200 - "-" "WordPress/6.8.1; https://gardenify.com.au"
66.249.79.238 - - [14/Jul/2025:01:23:53 +0000] "GET /?s=4589299021490&mod=c7079f5d&uri=products.php%3Fid%3D153176-277%26name%3Djacket+bape+galaxy HTTP/1.1" 200 11790 "-" "Mozilla/5.0 (Linux; Android 6.0.1; Nexus 5X Build/MMB29P) AppleWebKit/537.36 (KHTML, like Gecko) Chrome/137.0.7151.103 Mobile Safari/537.36 (compatible; GoogleOther)"
209.74.77.214 - - [14/Jul/2025:01:23:53 +0000] "POST /wp-admin/admin-ajax.php?action=async_litespeed&nonce=gRUmlu2auMOoTEa4ueG9AAF5TFbpG3tb&litespeed_type=imgoptm HTTP/1.1" 200 21 "-" "WordPress/6.8.1; https://gardenify.com.au"
209.74.77.214 - - [14/Jul/2025:01:24:21 +0000] "GET /index.php/jk/ HTTP/1.1" 200 124596 "https://www.google.com" "Mozilla/5.0+(compatible;+Googlebot/2.1;++https://www.google.com/bot.html)"
209.74.77.214 - - [14/Jul/2025:01:24:22 +0000] "POST /wp-cron.php?doing_wp_cron=1752456262.4629669189453125000000 HTTP/1.1" 200 - "-" "WordPress/6.8.1; https://gardenify.com.au"
66.249.79.237 - - [14/Jul/2025:01:24:22 +0000] "GET /?s=52090566011490&mod=289e45c9&uri=dp.php%3Fid%3D1738321-1295%26name%3Dsmall+round+wooden+table+and+chairs HTTP/1.1" 200 11791 "-" "Mozilla/5.0 (Linux; Android 6.0.1; Nexus 5X Build/MMB29P) AppleWebKit/537.36 (KHTML, like Gecko) Chrome/137.0.7151.103 Mobile Safari/537.36 (compatible; GoogleOther)"
209.74.77.214 - - [14/Jul/2025:01:24:22 +0000] "GET / HTTP/1.1" 200 120141 "https://www.google.com" "Mozilla/5.0+(compatible;+Googlebot/2.1;++https://www.google.com/bot.html)"
209.74.77.214 - - [14/Jul/2025:01:24:22 +0000] "GET /robots.txt HTTP/1.1" 200 81 "https://www.google.com" "Mozilla/5.0+(compatible;+Googlebot/2.1;++https://www.google.com/bot.html)"
45.204.8.167 - - [14/Jul/2025:01:24:20 +0000] "GET /moddofuns.php?ARRAY=7o2230223n313735323435393835332p2231223n22687474703n5p2s5p2s7n7334383376313373752r746s6566612r626p6s675p2s3s6p633q6175746s5s636s646526633q6148523063446s764p33707n4r44677n646n457n633355756447396p5n6q4575596q78765n79383q267869616r5s64616r5s6r756q3q3526687474705s686s73743q67617264656r6966792r636s6q2r6175266n633q312668746163636573733q3126726s626s74733q31266175746s5s66696p655s6r616q653q6q6s64646s66756r732r706870266p61695s7975616r3q3126743q313735323435363235332q3438333465306161303366363239633864343339363733393562346461333530222p2232223n223462386430633165323536383232306665396362363964646335363339373935222p2233223n226638613531633563383166656138353739393038393634373032363437643264222p226175746s5s66696p655s6r616q65223n226q6s64646s66756r732r706870222p226175746s5s70617373223n2232322q35302q35382q36332q37342q39302q3135222p2262696r675s70617373223n2232322q35302q35382q36332q37342q39302q3135222p2262696r675s737973223n7o226175746s5s6o756s5s7n68616r223n2231222p22756r696r7374616p6p223n2231227q7q HTTP/1.1" 200 441 "-" "Mozilla/5.0 (Windows NT 10.0; Win64; x64) AppleWebKit/537.36 (KHTML, like Gecko) Chrome/138.0.0.0 Safari/537.36"
45.204.8.167 - - [14/Jul/2025:01:24:33 +0000] "GET /favicon.ico HTTP/1.1" 302 - "https://gardenify.com.au/moddofuns.php?ARRAY=7o2230223n313735323435393835332p2231223n22687474703n5p2s5p2s7n7334383376313373752r746s6566612r626p6s675p2s3s6p633q6175746s5s636s646526633q6148523063446s764p33707n4r44677n646n457n633355756447396p5n6q4575596q78765n79383q267869616r5s64616r5s6r756q3q3526687474705s686s73743q67617264656r6966792r636s6q2r6175266n633q312668746163636573733q3126726s626s74733q31266175746s5s66696p655s6r616q653q6q6s64646s66756r732r706870266p61695s7975616r3q3126743q313735323435363235332q3438333465306161303366363239633864343339363733393562346461333530222p2232223n223462386430633165323536383232306665396362363964646335363339373935222p2233223n226638613531633563383166656138353739393038393634373032363437643264222p226175746s5s66696p655s6r616q65223n226q6s64646s66756r732r706870222p226175746s5s70617373223n2232322q35302q35382q36332q37342q39302q3135222p2262696r675s70617373223n2232322q35302q35382q36332q37342q39302q3135222p2262696r675s737973223n7o226175746s5s6o756s5s7n68616r223n2231222p22756r696r7374616p6p223n2231227q7q" "Mozilla/5.0 (Windows NT 10.0; Win64; x64) AppleWebKit/537.36 (KHTML, like Gecko) Chrome/138.0.0.0 Safari/537.36"
45.204.8.167 - - [14/Jul/2025:01:24:33 +0000] "GET /wp-content/uploads/2024/01/cropped-android-chrome-512x512-1-32x32.png HTTP/1.1" 200 1387 "https://gardenify.com.au/moddofuns.php?ARRAY=7o2230223n313735323435393835332p2231223n22687474703n5p2s5p2s7n7334383376313373752r746s6566612r626p6s675p2s3s6p633q6175746s5s636s646526633q6148523063446s764p33707n4r44677n646n457n633355756447396p5n6q4575596q78765n79383q267869616r5s64616r5s6r756q3q3526687474705s686s73743q67617264656r6966792r636s6q2r6175266n633q312668746163636573733q3126726s626s74733q31266175746s5s66696p655s6r616q653q6q6s64646s66756r732r706870266p61695s7975616r3q3126743q313735323435363235332q3438333465306161303366363239633864343339363733393562346461333530222p2232223n223462386430633165323536383232306665396362363964646335363339373935222p2233223n226638613531633563383166656138353739393038393634373032363437643264222p226175746s5s66696p655s6r616q65223n226q6s64646s66756r732r706870222p226175746s5s70617373223n2232322q35302q35382q36332q37342q39302q3135222p2262696r675s70617373223n2232322q35302q35382q36332q37342q39302q3135222p2262696r675s737973223n7o226175746s5s6o756s5s7n68616r223n2231222p22756r696r7374616p6p223n2231227q7q" "Mozilla/5.0 (Windows NT 10.0; Win64; x64) AppleWebKit/537.36 (KHTML, like Gecko) Chrome/138.0.0.0 Safari/537.36"
66.249.79.237 - - [14/Jul/2025:01:24:34 +0000] "GET /?s=71589801001490&mod=e5401c18&uri=shop.php%3Fid%3D2389021-1436%26name%3Dpuma+r698+bambino+rosse HTTP/1.1" 200 18807 "-" "Mozilla/5.0 (Linux; Android 6.0.1; Nexus 5X Build/MMB29P) AppleWebKit/537.36 (KHTML, like Gecko) Chrome/137.0.7151.103 Mobile Safari/537.36 (compatible; Googlebot/2.1; +http://www.google.com/bot.html)"
66.249.79.236 - - [14/Jul/2025:01:24:38 +0000] "GET /?s=30478835051490&mod=74a40ee9&uri=shop.php%3Fid%3D1017286-987%26name%3Ddoc+martens+tattoo+grez HTTP/1.1" 200 18803 "-" "Mozilla/5.0 (compatible; Googlebot/2.1; +http://www.google.com/bot.html)"
66.249.79.236 - - [14/Jul/2025:01:24:41 +0000] "POST /get-message-notify HTTP/1.1" 404 6250 "https://gardenify.com.au/?s=24468133001490&mod=2be96323&uri=products.php%3Fid%3D816671-438%26name%3Denkellaars+met+sleehak" "Mozilla/5.0 AppleWebKit/537.36 (KHTML, like Gecko; compatible; Googlebot/2.1; +http://www.google.com/bot.html) Chrome/137.0.7151.119 Safari/537.36"
66.249.79.236 - - [14/Jul/2025:01:24:43 +0000] "GET /?s=68643724041490&mod=4216a63a&uri=article.php%3Fid%3D2290701-409%26name%3Dverofatto+mule HTTP/1.1" 200 18795 "-" "Mozilla/5.0 (Linux; Android 6.0.1; Nexus 5X Build/MMB29P) AppleWebKit/537.36 (KHTML, like Gecko) Chrome/137.0.7151.103 Mobile Safari/537.36 (compatible; Googlebot/2.1; +http://www.google.com/bot.html)"
66.249.79.236 - - [14/Jul/2025:01:24:48 +0000] "POST /get-message-notify HTTP/1.1" 404 6250 "https://gardenify.com.au/pcmypage?callback=/product%2Fdetail%2F35567464022490" "Mozilla/5.0 AppleWebKit/537.36 (KHTML, like Gecko; compatible; Googlebot/2.1; +http://www.google.com/bot.html) Chrome/137.0.7151.119 Safari/537.36"
66.249.79.236 - - [14/Jul/2025:01:24:50 +0000] "POST /get-message-notify HTTP/1.1" 404 6256 "https://gardenify.com.au/?s=38077035001490&mod=b00533a2&uri=dp.php%3Fid%3D1270839-1122%26name%3D3rensho+allez" "Mozilla/5.0 (Linux; Android 6.0.1; Nexus 5X Build/MMB29P) AppleWebKit/537.36 (KHTML, like Gecko) Chrome/137.0.7151.119 Mobile Safari/537.36 (compatible; Googlebot/2.1; +http://www.google.com/bot.html)"
209.74.77.214 - - [14/Jul/2025:01:24:51 +0000] "POST /wp-cron.php?doing_wp_cron=1752456291.0059120655059814453125 HTTP/1.1" 200 - "-" "WordPress/6.8.1; https://gardenify.com.au"
66.249.79.236 - - [14/Jul/2025:01:24:50 +0000] "GET /affiliate HTTP/1.1" 404 11747 "-" "Mozilla/5.0 (Linux; Android 6.0.1; Nexus 5X Build/MMB29P) AppleWebKit/537.36 (KHTML, like Gecko) Chrome/137.0.7151.103 Mobile Safari/537.36 (compatible; GoogleOther)"
209.74.77.214 - - [14/Jul/2025:01:24:51 +0000] "POST /wp-admin/admin-ajax.php?action=async_litespeed&nonce=U0lae6OMrgLhRxYTwqfVinNgT6wtEca9&litespeed_type=imgoptm HTTP/1.1" 200 21 "-" "WordPress/6.8.1; https://gardenify.com.au"
66.249.79.236 - - [14/Jul/2025:01:24:51 +0000] "POST /get-message-notify HTTP/1.1" 404 6256 "https://gardenify.com.au/?s=61016104061490&mod=6e65e501&uri=products.php%3Fid%3D2036160-465%26name%3Dstan+smith+black+carbon" "Mozilla/5.0 (Linux; Android 6.0.1; Nexus 5X Build/MMB29P) AppleWebKit/537.36 (KHTML, like Gecko) Chrome/137.0.7151.119 Mobile Safari/537.36 (compatible; Googlebot/2.1; +http://www.google.com/bot.html)"
66.249.79.236 - - [14/Jul/2025:01:24:51 +0000] "GET /?s=28560423071490&mod=1f42e914&uri=brands.php%3Fid%3D953218-341%26name%3Dextractor+de+jugo+de+naranja+electrico HTTP/1.1" 200 18817 "-" "Mozilla/5.0 (Linux; Android 6.0.1; Nexus 5X Build/MMB29P) AppleWebKit/537.36 (KHTML, like Gecko) Chrome/137.0.7151.103 Mobile Safari/537.36 (compatible; GoogleOther)"
209.74.77.214 - - [14/Jul/2025:01:25:04 +0000] "POST /wp-cron.php?doing_wp_cron=1752456304.8424170017242431640625 HTTP/1.1" 200 - "-" "WordPress/6.8.1; https://gardenify.com.au"
66.249.79.236 - - [14/Jul/2025:01:25:04 +0000] "POST /get-message-notify HTTP/1.1" 404 6250 "https://gardenify.com.au/?s=24467593041490&mod=2be96323&uri=shop.php%3Fid%3D816653-438%26name%3Dmarco+tozzi+hakken" "Mozilla/5.0 AppleWebKit/537.36 (KHTML, like Gecko; compatible; Googlebot/2.1; +http://www.google.com/bot.html) Chrome/137.0.7151.119 Safari/537.36"
45.204.8.167 - - [14/Jul/2025:01:25:16 +0000] "GET /781042-juejiang/?ARRAY=7o2230223n313735323435393931312p2231223n22687474703n5p2s5p2s7n7334383376313373752r746s6566612r626p6s675p2s3s6p633q706p687426743q313735323435363331312q3737616462363934663965356562373265653663363236633966316563346336222p2232223n226138396461653834356330303433353232653737306138636639663931383838222p2233223n223032623832383666613964616438643064623861303630393930663139393437222p226175746s5s66696p655s6r616q65223n226q6s64646s66756r732r706870222p226175746s5s70617373223n2232322q35302q35382q36332q37342q39302q3135222p2262696r675s70617373223n2232382q33392q35312q36352q37322q38342q3838222p2262696r675s737973223n7o226175746s5s6o756s5s7n68616r223n2231222p22756r696r7374616p6p223n2231227q7q HTTP/1.1" 404 11748 "-" "Mozilla/5.0 (Windows NT 10.0; Win64; x64) AppleWebKit/537.36 (KHTML, like Gecko) Chrome/138.0.0.0 Safari/537.36"
45.204.8.167 - - [14/Jul/2025:01:25:17 +0000] "GET /wp-includes/css/dist/block-library/style.min.css?ver=6.8.1 HTTP/1.1" 200 15323 "https://gardenify.com.au/781042-juejiang/?ARRAY=7o2230223n313735323435393931312p2231223n22687474703n5p2s5p2s7n7334383376313373752r746s6566612r626p6s675p2s3s6p633q706p687426743q313735323435363331312q3737616462363934663965356562373265653663363236633966316563346336222p2232223n226138396461653834356330303433353232653737306138636639663931383838222p2233223n223032623832383666613964616438643064623861303630393930663139393437222p226175746s5s66696p655s6r616q65223n226q6s64646s66756r732r706870222p226175746s5s70617373223n2232322q35302q35382q36332q37342q39302q3135222p2262696r675s70617373223n2232382q33392q35312q36352q37322q38342q3838222p2262696r675s737973223n7o226175746s5s6o756s5s7n68616r223n2231222p22756r696r7374616p6p223n2231227q7q" "Mozilla/5.0 (Windows NT 10.0; Win64; x64) AppleWebKit/537.36 (KHTML, like Gecko) Chrome/138.0.0.0 Safari/537.36"
45.204.8.167 - - [14/Jul/2025:01:25:17 +0000] "GET /wp-content/plugins/leadconnector/public/css/lc-public.css?ver=3.0.8 HTTP/1.1" 200 106 "https://gardenify.com.au/781042-juejiang/?ARRAY=7o2230223n313735323435393931312p2231223n22687474703n5p2s5p2s7n7334383376313373752r746s6566612r626p6s675p2s3s6p633q706p687426743q313735323435363331312q3737616462363934663965356562373265653663363236633966316563346336222p2232223n226138396461653834356330303433353232653737306138636639663931383838222p2233223n223032623832383666613964616438643064623861303630393930663139393437222p226175746s5s66696p655s6r616q65223n226q6s64646s66756r732r706870222p226175746s5s70617373223n2232322q35302q35382q36332q37342q39302q3135222p2262696r675s70617373223n2232382q33392q35312q36352q37322q38342q3838222p2262696r675s737973223n7o226175746s5s6o756s5s7n68616r223n2231222p22756r696r7374616p6p223n2231227q7q" "Mozilla/5.0 (Windows NT 10.0; Win64; x64) AppleWebKit/537.36 (KHTML, like Gecko) Chrome/138.0.0.0 Safari/537.36"
45.204.8.167 - - [14/Jul/2025:01:25:18 +0000] "GET /wp-content/et-cache/notfound/et-divi-dynamic.css?ver=1748527135 HTTP/1.1" 200 10427 "https://gardenify.com.au/781042-juejiang/?ARRAY=7o2230223n313735323435393931312p2231223n22687474703n5p2s5p2s7n7334383376313373752r746s6566612r626p6s675p2s3s6p633q706p687426743q313735323435363331312q3737616462363934663965356562373265653663363236633966316563346336222p2232223n226138396461653834356330303433353232653737306138636639663931383838222p2233223n223032623832383666613964616438643064623861303630393930663139393437222p226175746s5s66696p655s6r616q65223n226q6s64646s66756r732r706870222p226175746s5s70617373223n2232322q35302q35382q36332q37342q39302q3135222p2262696r675s70617373223n2232382q33392q35312q36352q37322q38342q3838222p2262696r675s737973223n7o226175746s5s6o756s5s7n68616r223n2231222p22756r696r7374616p6p223n2231227q7q" "Mozilla/5.0 (Windows NT 10.0; Win64; x64) AppleWebKit/537.36 (KHTML, like Gecko) Chrome/138.0.0.0 Safari/537.36"
45.204.8.167 - - [14/Jul/2025:01:25:18 +0000] "GET /wp-content/et-cache/global/et-divi-customizer-global.min.css?ver=1745564093 HTTP/1.1" 200 388 "https://gardenify.com.au/781042-juejiang/?ARRAY=7o2230223n313735323435393931312p2231223n22687474703n5p2s5p2s7n7334383376313373752r746s6566612r626p6s675p2s3s6p633q706p687426743q313735323435363331312q3737616462363934663965356562373265653663363236633966316563346336222p2232223n226138396461653834356330303433353232653737306138636639663931383838222p2233223n223032623832383666613964616438643064623861303630393930663139393437222p226175746s5s66696p655s6r616q65223n226q6s64646s66756r732r706870222p226175746s5s70617373223n2232322q35302q35382q36332q37342q39302q3135222p2262696r675s70617373223n2232382q33392q35312q36352q37322q38342q3838222p2262696r675s737973223n7o226175746s5s6o756s5s7n68616r223n2231222p22756r696r7374616p6p223n2231227q7q" "Mozilla/5.0 (Windows NT 10.0; Win64; x64) AppleWebKit/537.36 (KHTML, like Gecko) Chrome/138.0.0.0 Safari/537.36"
45.204.8.167 - - [14/Jul/2025:01:25:18 +0000] "GET /wp-includes/js/jquery/jquery.min.js?ver=3.7.1 HTTP/1.1" 200 30368 "https://gardenify.com.au/781042-juejiang/?ARRAY=7o2230223n313735323435393931312p2231223n22687474703n5p2s5p2s7n7334383376313373752r746s6566612r626p6s675p2s3s6p633q706p687426743q313735323435363331312q3737616462363934663965356562373265653663363236633966316563346336222p2232223n226138396461653834356330303433353232653737306138636639663931383838222p2233223n223032623832383666613964616438643064623861303630393930663139393437222p226175746s5s66696p655s6r616q65223n226q6s64646s66756r732r706870222p226175746s5s70617373223n2232322q35302q35382q36332q37342q39302q3135222p2262696r675s70617373223n2232382q33392q35312q36352q37322q38342q3838222p2262696r675s737973223n7o226175746s5s6o756s5s7n68616r223n2231222p22756r696r7374616p6p223n2231227q7q" "Mozilla/5.0 (Windows NT 10.0; Win64; x64) AppleWebKit/537.36 (KHTML, like Gecko) Chrome/138.0.0.0 Safari/537.36"
45.204.8.167 - - [14/Jul/2025:01:25:18 +0000] "GET /wp-includes/js/jquery/jquery-migrate.min.js?ver=3.4.1 HTTP/1.1" 200 4872 "https://gardenify.com.au/781042-juejiang/?ARRAY=7o2230223n313735323435393931312p2231223n22687474703n5p2s5p2s7n7334383376313373752r746s6566612r626p6s675p2s3s6p633q706p687426743q313735323435363331312q3737616462363934663965356562373265653663363236633966316563346336222p2232223n226138396461653834356330303433353232653737306138636639663931383838222p2233223n223032623832383666613964616438643064623861303630393930663139393437222p226175746s5s66696p655s6r616q65223n226q6s64646s66756r732r706870222p226175746s5s70617373223n2232322q35302q35382q36332q37342q39302q3135222p2262696r675s70617373223n2232382q33392q35312q36352q37322q38342q3838222p2262696r675s737973223n7o226175746s5s6o756s5s7n68616r223n2231222p22756r696r7374616p6p223n2231227q7q" "Mozilla/5.0 (Windows NT 10.0; Win64; x64) AppleWebKit/537.36 (KHTML, like Gecko) Chrome/138.0.0.0 Safari/537.36"
45.204.8.167 - - [14/Jul/2025:01:25:18 +0000] "GET /wp-content/themes/Divi/js/scripts.min.js?ver=4.27.4 HTTP/1.1" 200 70559 "https://gardenify.com.au/781042-juejiang/?ARRAY=7o2230223n313735323435393931312p2231223n22687474703n5p2s5p2s7n7334383376313373752r746s6566612r626p6s675p2s3s6p633q706p687426743q313735323435363331312q3737616462363934663965356562373265653663363236633966316563346336222p2232223n226138396461653834356330303433353232653737306138636639663931383838222p2233223n223032623832383666613964616438643064623861303630393930663139393437222p226175746s5s66696p655s6r616q65223n226q6s64646s66756r732r706870222p226175746s5s70617373223n2232322q35302q35382q36332q37342q39302q3135222p2262696r675s70617373223n2232382q33392q35312q36352q37322q38342q3838222p2262696r675s737973223n7o226175746s5s6o756s5s7n68616r223n2231222p22756r696r7374616p6p223n2231227q7q" "Mozilla/5.0 (Windows NT 10.0; Win64; x64) AppleWebKit/537.36 (KHTML, like Gecko) Chrome/138.0.0.0 Safari/537.36"
45.204.8.167 - - [14/Jul/2025:01:25:18 +0000] "GET /wp-content/themes/Divi/includes/builder/feature/dynamic-assets/assets/js/jquery.fitvids.js?ver=4.27.4 HTTP/1.1" 200 1341 "https://gardenify.com.au/781042-juejiang/?ARRAY=7o2230223n313735323435393931312p2231223n22687474703n5p2s5p2s7n7334383376313373752r746s6566612r626p6s675p2s3s6p633q706p687426743q313735323435363331312q3737616462363934663965356562373265653663363236633966316563346336222p2232223n226138396461653834356330303433353232653737306138636639663931383838222p2233223n223032623832383666613964616438643064623861303630393930663139393437222p226175746s5s66696p655s6r616q65223n226q6s64646s66756r732r706870222p226175746s5s70617373223n2232322q35302q35382q36332q37342q39302q3135222p2262696r675s70617373223n2232382q33392q35312q36352q37322q38342q3838222p2262696r675s737973223n7o226175746s5s6o756s5s7n68616r223n2231222p22756r696r7374616p6p223n2231227q7q" "Mozilla/5.0 (Windows NT 10.0; Win64; x64) AppleWebKit/537.36 (KHTML, like Gecko) Chrome/138.0.0.0 Safari/537.36"
66.249.79.237 - - [14/Jul/2025:01:25:18 +0000] "GET /?s=106730418011490&mod=2eec0119&uri=article.php%3Fid%3D3561947-1651%26name%3Dt%C3%83%C2%AAnis+asics+gel+nimbus+19+masculino HTTP/1.1" 200 18860 "-" "Mozilla/5.0 (Linux; Android 6.0.1; Nexus 5X Build/MMB29P) AppleWebKit/537.36 (KHTML, like Gecko) Chrome/137.0.7151.103 Mobile Safari/537.36 (compatible; Googlebot/2.1; +http://www.google.com/bot.html)"
45.204.8.167 - - [14/Jul/2025:01:25:18 +0000] "GET /wp-content/themes/Divi/core/admin/js/common.js?ver=4.27.4 HTTP/1.1" 200 566 "https://gardenify.com.au/781042-juejiang/?ARRAY=7o2230223n313735323435393931312p2231223n22687474703n5p2s5p2s7n7334383376313373752r746s6566612r626p6s675p2s3s6p633q706p687426743q313735323435363331312q3737616462363934663965356562373265653663363236633966316563346336222p2232223n226138396461653834356330303433353232653737306138636639663931383838222p2233223n223032623832383666613964616438643064623861303630393930663139393437222p226175746s5s66696p655s6r616q65223n226q6s64646s66756r732r706870222p226175746s5s70617373223n2232322q35302q35382q36332q37342q39302q3135222p2262696r675s70617373223n2232382q33392q35312q36352q37322q38342q3838222p2262696r675s737973223n7o226175746s5s6o756s5s7n68616r223n2231222p22756r696r7374616p6p223n2231227q7q" "Mozilla/5.0 (Windows NT 10.0; Win64; x64) AppleWebKit/537.36 (KHTML, like Gecko) Chrome/138.0.0.0 Safari/537.36"
45.204.8.167 - - [14/Jul/2025:01:25:18 +0000] "GET /wp-content/uploads/2024/01/logo-01.png HTTP/1.1" 200 3461 "https://gardenify.com.au/781042-juejiang/?ARRAY=7o2230223n313735323435393931312p2231223n22687474703n5p2s5p2s7n7334383376313373752r746s6566612r626p6s675p2s3s6p633q706p687426743q313735323435363331312q3737616462363934663965356562373265653663363236633966316563346336222p2232223n226138396461653834356330303433353232653737306138636639663931383838222p2233223n223032623832383666613964616438643064623861303630393930663139393437222p226175746s5s66696p655s6r616q65223n226q6s64646s66756r732r706870222p226175746s5s70617373223n2232322q35302q35382q36332q37342q39302q3135222p2262696r675s70617373223n2232382q33392q35312q36352q37322q38342q3838222p2262696r675s737973223n7o226175746s5s6o756s5s7n68616r223n2231222p22756r696r7374616p6p223n2231227q7q" "Mozilla/5.0 (Windows NT 10.0; Win64; x64) AppleWebKit/537.36 (KHTML, like Gecko) Chrome/138.0.0.0 Safari/537.36"
66.249.79.236 - - [14/Jul/2025:01:25:18 +0000] "GET /?s=119809462041490&mod=420c8410&uri=goods.php%3Fid%3D3998405-129%26name%3Diphone+12+pro+max+box+pack HTTP/1.1" 200 18812 "-" "Mozilla/5.0 (compatible; Googlebot/2.1; +http://www.google.com/bot.html)"
45.204.8.167 - - [14/Jul/2025:01:25:19 +0000] "GET /wp-content/themes/Divi/core/admin/fonts/modules/base/modules.woff HTTP/1.1" 200 3076 "https://gardenify.com.au/wp-content/et-cache/notfound/et-divi-dynamic.css?ver=1748527135" "Mozilla/5.0 (Windows NT 10.0; Win64; x64) AppleWebKit/537.36 (KHTML, like Gecko) Chrome/138.0.0.0 Safari/537.36"
66.249.79.237 - - [14/Jul/2025:01:25:19 +0000] "GET /?s=35565124041490&mod=6dae90f1&uri=article.php%3Fid%3D1187027-806%26name%3Dgarcon+play+t+shirt HTTP/1.1" 200 18799 "-" "Mozilla/5.0 (compatible; Googlebot/2.1; +http://www.google.com/bot.html)"
66.249.79.236 - - [14/Jul/2025:01:25:20 +0000] "GET /feature/yokohama_maruicity/index.html HTTP/1.1" 404 11747 "-" "Mozilla/5.0 (Linux; Android 6.0.1; Nexus 5X Build/MMB29P) AppleWebKit/537.36 (KHTML, like Gecko) Chrome/137.0.7151.103 Mobile Safari/537.36 (compatible; GoogleOther)"
66.249.79.237 - - [14/Jul/2025:01:25:21 +0000] "GET /?s=86260778071490&mod=efd695c1&uri=us.php%3Fid%3D2878650-1531%26name%3Dt+strap+sandals+amazon HTTP/1.1" 200 18795 "-" "Mozilla/5.0 (Linux; Android 6.0.1; Nexus 5X Build/MMB29P) AppleWebKit/537.36 (KHTML, like Gecko) Chrome/137.0.7151.103 Mobile Safari/537.36 (compatible; Googlebot/2.1; +http://www.google.com/bot.html)"
66.249.79.236 - - [14/Jul/2025:01:25:22 +0000] "GET /?s=82064447011490&mod=a54f4ca9&uri=search.php%3Fid%3D2738645-1515%26name%3Djoules+burghley+hoody HTTP/1.1" 200 18799 "-" "Mozilla/5.0 (Linux; Android 6.0.1; Nexus 5X Build/MMB29P) AppleWebKit/537.36 (KHTML, like Gecko) Chrome/137.0.7151.103 Mobile Safari/537.36 (compatible; Googlebot/2.1; +http://www.google.com/bot.html)"
66.249.79.236 - - [14/Jul/2025:01:25:22 +0000] "GET /?s=78272375041490&mod=29e2f026&uri=products.php%3Fid%3D2612037-716%26name%3Dprezzo+leggins+guam HTTP/1.1" 200 18804 "-" "Mozilla/5.0 (compatible; Googlebot/2.1; +http://www.google.com/bot.html)"
66.249.79.236 - - [14/Jul/2025:01:25:22 +0000] "GET /?s=35565544041490&mod=6dae90f1&uri=blog.php%3Fid%3D1187041-806%26name%3Dgrey%27s+anatomy+guess+who+board+game HTTP/1.1" 200 18823 "-" "Mozilla/5.0 (compatible; Googlebot/2.1; +http://www.google.com/bot.html)"
66.249.79.236 - - [14/Jul/2025:01:25:23 +0000] "GET /?s=54589173001490&mod=7d0337f9&uri=products.php%3Fid%3D1821694-1308%26name%3Dshoes+with+boyfriend+jeans HTTP/1.1" 200 18806 "-" "Mozilla/5.0 (Linux; Android 6.0.1; Nexus 5X Build/MMB29P) AppleWebKit/537.36 (KHTML, like Gecko) Chrome/137.0.7151.103 Mobile Safari/537.36 (compatible; Googlebot/2.1; +http://www.google.com/bot.html)"
66.249.79.236 - - [14/Jul/2025:01:25:23 +0000] "GET /?s=52614538031490&mod=fe0e8531&uri=info.php%3Fid%3D1755801-1223%26name%3Dflamant+handtassen HTTP/1.1" 200 18793 "-" "Mozilla/5.0 (Linux; Android 6.0.1; Nexus 5X Build/MMB29P) AppleWebKit/537.36 (KHTML, like Gecko) Chrome/137.0.7151.103 Mobile Safari/537.36 (compatible; Googlebot/2.1; +http://www.google.com/bot.html)"
66.249.79.236 - - [14/Jul/2025:01:25:23 +0000] "GET /?s=78291875041490&mod=e7696fba&uri=pin.php%3Fid%3D2612687-715%26name%3Dbest+lego+a+wing HTTP/1.1" 200 18791 "-" "Mozilla/5.0 (compatible; Googlebot/2.1; +http://www.google.com/bot.html)"
66.249.79.236 - - [14/Jul/2025:01:25:24 +0000] "GET /?s=4592479061490&mod=860ec4b4&uri=news.php%3Fid%3D153282-281%26name%3Dtoddler+girl+winter+boots+size HTTP/1.1" 200 18805 "-" "Mozilla/5.0 (Linux; Android 6.0.1; Nexus 5X Build/MMB29P) AppleWebKit/537.36 (KHTML, like Gecko) Chrome/137.0.7151.103 Mobile Safari/537.36 (compatible; Googlebot/2.1; +http://www.google.com/bot.html)"
66.249.79.236 - - [14/Jul/2025:01:25:24 +0000] "GET /?s=24468493001490&mod=2be96323&uri=blog.php%3Fid%3D816683-438%26name%3Dwitte+hakken+van+haren HTTP/1.1" 200 18795 "-" "Mozilla/5.0 (compatible; Googlebot/2.1; +http://www.google.com/bot.html)"
66.249.79.236 - - [14/Jul/2025:01:25:24 +0000] "POST /get-message-notify HTTP/1.1" 404 6256 "https://gardenify.com.au/?s=54849085001490&mod=6e41007f&uri=dp.php%3Fid%3D1830360-1311%26name%3Dnueva+camiseta+adidas+de+boca+2020" "Mozilla/5.0 (Linux; Android 6.0.1; Nexus 5X Build/MMB29P) AppleWebKit/537.36 (KHTML, like Gecko) Chrome/137.0.7151.119 Mobile Safari/537.36 (compatible; Googlebot/2.1; +http://www.google.com/bot.html)"
66.249.79.236 - - [14/Jul/2025:01:25:25 +0000] "GET /?s=110211877091490&mod=0cba172d&uri=brands.php%3Fid%3D3678112-1488%26name%3Dlunettes+de+soleil+guess HTTP/1.1" 200 18810 "-" "Mozilla/5.0 (compatible; Googlebot/2.1; +http://www.google.com/bot.html)"
66.249.79.236 - - [14/Jul/2025:01:25:25 +0000] "GET /?s=24468043041490&mod=2be96323&uri=goods.php%3Fid%3D816668-438%26name%3Dleuke+instappers+dames HTTP/1.1" 200 18798 "-" "Mozilla/5.0 (compatible; Googlebot/2.1; +http://www.google.com/bot.html)"
66.249.79.236 - - [14/Jul/2025:01:25:26 +0000] "GET /?s=17780372031490&mod=556a47d6&uri=us.php%3Fid%3D593548-699%26name%3Dtenpoint+titan+m1+bass+pro HTTP/1.1" 200 18797 "-" "Mozilla/5.0 (compatible; Googlebot/2.1; +http://www.google.com/bot.html)"
66.249.79.236 - - [14/Jul/2025:01:25:26 +0000] "GET /?s=35566204051490&mod=6dae90f1&uri=goods.php%3Fid%3D1187063-806%26name%3Dcanada+goose+mens+sweaters HTTP/1.1" 200 18807 "-" "Mozilla/5.0 (compatible; Googlebot/2.1; +http://www.google.com/bot.html)"
66.249.79.236 - - [14/Jul/2025:01:25:27 +0000] "POST /get-message-notify HTTP/1.1" 404 6256 "https://gardenify.com.au/?s=89853462021490&mod=bbbde8b8&uri=form.php%3Fid%3D2998545-875%26name%3Drunning+shoes+new+york+city" "Mozilla/5.0 (Linux; Android 6.0.1; Nexus 5X Build/MMB29P) AppleWebKit/537.36 (KHTML, like Gecko) Chrome/137.0.7151.119 Mobile Safari/537.36 (compatible; Googlebot/2.1; +http://www.google.com/bot.html)"
66.249.79.236 - - [14/Jul/2025:01:25:27 +0000] "GET /?s=35563086001490&mod=6dae90f1&uri=form.php%3Fid%3D1186959-806%26name%3Dcdg+akira HTTP/1.1" 200 18777 "-" "Mozilla/5.0 (compatible; Googlebot/2.1; +http://www.google.com/bot.html)"
66.249.79.237 - - [14/Jul/2025:01:25:27 +0000] "POST /get-message-notify HTTP/1.1" 404 6256 "https://gardenify.com.au/?s=54844615021490&mod=d48da244&uri=info.php%3Fid%3D1830211-800%26name%3Dcamiseta+cuello+ancho+mujer" "Mozilla/5.0 (Linux; Android 6.0.1; Nexus 5X Build/MMB29P) AppleWebKit/537.36 (KHTML, like Gecko) Chrome/137.0.7151.119 Mobile Safari/537.36 (compatible; Googlebot/2.1; +http://www.google.com/bot.html)"
66.249.79.237 - - [14/Jul/2025:01:25:27 +0000] "GET /safe_search/config?return_url=%2Fproduct%2Fdetail%2F24470293040490 HTTP/1.1" 200 18590 "-" "Mozilla/5.0 (compatible; Googlebot/2.1; +http://www.google.com/bot.html)"
66.249.79.237 - - [14/Jul/2025:01:25:28 +0000] "POST /get-message-notify HTTP/1.1" 404 6256 "https://gardenify.com.au/?s=106730418011490&mod=2eec0119&uri=article.php%3Fid%3D3561947-1651%26name%3Dt%C3%83%C2%AAnis+asics+gel+nimbus+19+masculino" "Mozilla/5.0 (Linux; Android 6.0.1; Nexus 5X Build/MMB29P) AppleWebKit/537.36 (KHTML, like Gecko) Chrome/137.0.7151.119 Mobile Safari/537.36 (compatible; Googlebot/2.1; +http://www.google.com/bot.html)"
66.249.79.236 - - [14/Jul/2025:01:25:28 +0000] "GET /?s=17778572031490&mod=8f561e4c&uri=dp.php%3Fid%3D593488-335%26name%3Droblox+on+the+switch HTTP/1.1" 200 18792 "-" "Mozilla/5.0 (compatible; Googlebot/2.1; +http://www.google.com/bot.html)"
66.249.79.236 - - [14/Jul/2025:01:25:28 +0000] "GET /?s=35564706061490&mod=6dae90f1&uri=shop.php%3Fid%3D1187013-806%26name%3Dwhite+lacoste+logo HTTP/1.1" 200 18787 "-" "Mozilla/5.0 (compatible; Googlebot/2.1; +http://www.google.com/bot.html)"
66.249.79.237 - - [14/Jul/2025:01:25:29 +0000] "GET /?s=24468763031490&mod=2be96323&uri=shared.php%3Fid%3D816692-438%26name%3Dkorte+laarsjes+zonder+hak HTTP/1.1" 200 18808 "-" "Mozilla/5.0 (compatible; Googlebot/2.1; +http://www.google.com/bot.html)"
66.249.79.237 - - [14/Jul/2025:01:25:33 +0000] "POST /get-message-notify HTTP/1.1" 404 6256 "https://gardenify.com.au/?s=86260778071490&mod=efd695c1&uri=us.php%3Fid%3D2878650-1531%26name%3Dt+strap+sandals+amazon" "Mozilla/5.0 (Linux; Android 6.0.1; Nexus 5X Build/MMB29P) AppleWebKit/537.36 (KHTML, like Gecko) Chrome/137.0.7151.119 Mobile Safari/537.36 (compatible; Googlebot/2.1; +http://www.google.com/bot.html)"
66.249.79.236 - - [14/Jul/2025:01:25:33 +0000] "GET /?s=35567344031490&mod=6dae90f1&uri=shop.php%3Fid%3D1187101-806%26name%3Dsupreme+swarovski+lighter HTTP/1.1" 200 18802 "-" "Mozilla/5.0 (compatible; Googlebot/2.1; +http://www.google.com/bot.html)"
66.249.79.237 - - [14/Jul/2025:01:25:33 +0000] "POST /get-message-notify HTTP/1.1" 404 6256 "https://gardenify.com.au/?s=82064447011490&mod=a54f4ca9&uri=search.php%3Fid%3D2738645-1515%26name%3Djoules+burghley+hoody" "Mozilla/5.0 (Linux; Android 6.0.1; Nexus 5X Build/MMB29P) AppleWebKit/537.36 (KHTML, like Gecko) Chrome/137.0.7151.119 Mobile Safari/537.36 (compatible; Googlebot/2.1; +http://www.google.com/bot.html)"
66.249.79.237 - - [14/Jul/2025:01:26:15 +0000] "GET /?s=78293675041490&mod=e7696fba&uri=dp.php%3Fid%3D2612747-715%26name%3Dlego+base+plates+toys+r+us HTTP/1.1" 200 18805 "-" "Mozilla/5.0 (compatible; Googlebot/2.1; +http://www.google.com/bot.html)"
66.249.79.238 - - [14/Jul/2025:01:26:16 +0000] "GET /?s=63928326051490&mod=2946f326&uri=dp.php%3Fid%3D2133346-1387%26name%3Ddoc+marteen HTTP/1.1" 200 18777 "-" "Mozilla/5.0 (Linux; Android 6.0.1; Nexus 5X Build/MMB29P) AppleWebKit/537.36 (KHTML, like Gecko) Chrome/137.0.7151.103 Mobile Safari/537.36 (compatible; GoogleOther)"
66.249.79.236 - - [14/Jul/2025:01:26:17 +0000] "GET /?s=78114726031490&mod=0cba172d&uri=brands.php%3Fid%3D2606778-1488%26name%3Dlunette+soleil+bois+homme HTTP/1.1" 200 18810 "-" "Mozilla/5.0 (compatible; Googlebot/2.1; +http://www.google.com/bot.html)"
66.249.79.238 - - [14/Jul/2025:01:26:17 +0000] "GET /?s=53580994041490&mod=15afbdff&uri=pin.php%3Fid%3D1788034-345%26name%3Djeans+bota+ancha+con+abertura HTTP/1.1" 200 18808 "-" "Mozilla/5.0 (Linux; Android 6.0.1; Nexus 5X Build/MMB29P) AppleWebKit/537.36 (KHTML, like Gecko) Chrome/137.0.7151.103 Mobile Safari/537.36 (compatible; Googlebot/2.1; +http://www.google.com/bot.html)"
66.249.79.238 - - [14/Jul/2025:01:26:17 +0000] "GET /?s=78278975021490&mod=e7696fba&uri=itm.php%3Fid%3D2612257-715%26name%3Dadvent+calendar+2022+star+wars HTTP/1.1" 200 18808 "-" "Mozilla/5.0 (compatible; Googlebot/2.1; +http://www.google.com/bot.html)"
