66.249.79.236 - - [14/Jul/2025:01:05:21 +0000] "GET /pcmypage?callback=/product%2Fdetail%2F72766310012490 HTTP/1.1" 200 21665 "-" "Mozilla/5.0 (compatible; Googlebot/2.1; +http://www.google.com/bot.html)"
66.249.79.237 - - [14/Jul/2025:01:05:16 +0000] "GET /?s=96642820051490&mod=b4f9264d&uri=dp.php%3Fid%3D3225188-892%26name%3Dhermes+link+bracelet+mens HTTP/1.1" 200 21791 "-" "Mozilla/5.0 (compatible; Googlebot/2.1; +http://www.google.com/bot.html)"
66.249.79.236 - - [14/Jul/2025:01:05:21 +0000] "GET /?s=72765530001490&mod=69f79848&uri=category-info.php%3Fid%3D2428263-1291%26name%3Dtienda+jordan+official HTTP/1.1" 200 22438 "-" "Mozilla/5.0 (compatible; Googlebot/2.1; +http://www.google.com/bot.html)"
66.249.79.236 - - [14/Jul/2025:01:05:22 +0000] "GET /?s=72771320011490&mod=69f79848&uri=product.php%3Fid%3D2428456-1291%26name%3Dzapato+nike+blanco+para+mujer HTTP/1.1" 200 22430 "-" "Mozilla/5.0 (compatible; Googlebot/2.1; +http://www.google.com/bot.html)"
66.249.79.236 - - [14/Jul/2025:01:05:23 +0000] "GET /?s=109051877031490&mod=f36c9507&uri=shared.php%3Fid%3D3639406-314%26name%3Djake+burton+official HTTP/1.1" 200 20616 "-" "Mozilla/5.0 (compatible; Googlebot/2.1; +http://www.google.com/bot.html)"
66.249.79.236 - - [14/Jul/2025:01:05:23 +0000] "GET /?s=62481196001490&mod=aa568ecc&uri=dp.php%3Fid%3D2085071-677%26name%3Dgrey+suede+belt+mens HTTP/1.1" 200 21313 "-" "Mozilla/5.0 (compatible; Googlebot/2.1; +http://www.google.com/bot.html)"
66.249.79.236 - - [14/Jul/2025:01:05:23 +0000] "GET /?s=109054157081490&mod=f36c9507&uri=shop.php%3Fid%3D3639482-314%26name%3Dbmw+steppjacke HTTP/1.1" 200 21362 "-" "Mozilla/5.0 (compatible; Googlebot/2.1; +http://www.google.com/bot.html)"
66.249.79.236 - - [14/Jul/2025:01:05:23 +0000] "GET /?s=72761930001490&mod=69f79848&uri=news.php%3Fid%3D2428143-1291%26name%3Dfotos+de+tenis+jordan+originales HTTP/1.1" 200 22485 "-" "Mozilla/5.0 (compatible; Googlebot/2.1; +http://www.google.com/bot.html)"
66.249.79.236 - - [14/Jul/2025:01:05:24 +0000] "GET /safe_search/config?return_url=%2Fproduct%2Fdetail%2F20563246040490 HTTP/1.1" 200 22426 "-" "Mozilla/5.0 (compatible; Googlebot/2.1; +http://www.google.com/bot.html)"
66.249.79.236 - - [14/Jul/2025:01:05:24 +0000] "GET /?s=62481676001490&mod=d8435807&uri=blog.php%3Fid%3D2085087-920%26name%3Dpia+wurtzbach+blue+gown HTTP/1.1" 200 21511 "-" "Mozilla/5.0 (compatible; Googlebot/2.1; +http://www.google.com/bot.html)"
66.249.79.236 - - [14/Jul/2025:01:05:24 +0000] "GET /?s=19285297031490&mod=1fd25420&uri=goods.php%3Fid%3D643779-738%26name%3Dpolaire+decathlon+enfant HTTP/1.1" 200 22403 "-" "Mozilla/5.0 (compatible; Googlebot/2.1; +http://www.google.com/bot.html)"
66.249.79.236 - - [14/Jul/2025:01:05:24 +0000] "GET /?s=109053797011490&mod=f36c9507&uri=goods.php%3Fid%3D3639470-314%26name%3Dkinderpullover+pferd HTTP/1.1" 200 20747 "-" "Mozilla/5.0 (compatible; Googlebot/2.1; +http://www.google.com/bot.html)"
66.249.79.236 - - [14/Jul/2025:01:05:24 +0000] "GET /?s=20553889021490&mod=9cecbb6f&uri=form.php%3Fid%3D686103-344%26name%3Dlebron+career+finals+stats HTTP/1.1" 200 21613 "-" "Mozilla/5.0 (compatible; Googlebot/2.1; +http://www.google.com/bot.html)"
66.249.79.237 - - [14/Jul/2025:01:05:25 +0000] "GET /?s=62414299021490&mod=b4f9264d&uri=category-info.php%3Fid%3D2082838-892%26name%3Dever+us+carat+ring HTTP/1.1" 200 22115 "-" "Mozilla/5.0 (compatible; Googlebot/2.1; +http://www.google.com/bot.html)"
66.249.79.236 - - [14/Jul/2025:01:05:25 +0000] "GET /?s=109048277021490&mod=f36c9507&uri=us.php%3Fid%3D3639286-314%26name%3Djacke+materialmix+herren HTTP/1.1" 200 21878 "-" "Mozilla/5.0 (compatible; Googlebot/2.1; +http://www.google.com/bot.html)"
66.249.79.237 - - [14/Jul/2025:01:05:25 +0000] "GET /?s=109050797011490&mod=f36c9507&uri=shop.php%3Fid%3D3639370-314%26name%3Dnike+pullover+vintage+style HTTP/1.1" 200 20804 "-" "Mozilla/5.0 (compatible; Googlebot/2.1; +http://www.google.com/bot.html)"
66.249.79.236 - - [14/Jul/2025:01:05:25 +0000] "GET /?s=62479036011490&mod=aa568ecc&uri=brands.php%3Fid%3D2084999-677%26name%3Dladies+watch+leather+belt HTTP/1.1" 200 21086 "-" "Mozilla/5.0 (compatible; Googlebot/2.1; +http://www.google.com/bot.html)"
66.249.79.236 - - [14/Jul/2025:01:05:25 +0000] "GET /?s=91473497041490&mod=b63bc3c4&uri=itm.php%3Fid%3D3052640-683%26name%3Dpintar+cabello+en+embarazo HTTP/1.1" 200 22577 "-" "Mozilla/5.0 (compatible; Googlebot/2.1; +http://www.google.com/bot.html)"
66.249.79.237 - - [14/Jul/2025:01:05:26 +0000] "GET /?s=108977475001490&mod=05ec78c1&uri=pin.php%3Fid%3D3636924-1663%26name%3Dcamiseta+tintin+ni%C3%83%C2%B1o HTTP/1.1" 200 21572 "-" "Mozilla/5.0 (compatible; Googlebot/2.1; +http://www.google.com/bot.html)"
66.249.79.237 - - [14/Jul/2025:01:05:26 +0000] "GET /?s=109046597051490&mod=b7069fb4&uri=shop.php%3Fid%3D3639230-1419%26name%3Dbest+car+camping+bed HTTP/1.1" 200 21277 "-" "Mozilla/5.0 (compatible; Googlebot/2.1; +http://www.google.com/bot.html)"
66.249.79.236 - - [14/Jul/2025:01:05:26 +0000] "GET /?s=72766070081490&mod=69f79848&uri=goods.php%3Fid%3D2428281-1291%26name%3Dla+sportiva+kaptiva+vs+bushido HTTP/1.1" 200 21936 "-" "Mozilla/5.0 (compatible; Googlebot/2.1; +http://www.google.com/bot.html)"
66.249.79.237 - - [14/Jul/2025:01:05:27 +0000] "GET /?s=62480596021490&mod=d8435807&uri=blog.php%3Fid%3D2085051-920%26name%3Dmichelle+obama+inaugural+ball HTTP/1.1" 200 21027 "-" "Mozilla/5.0 (compatible; Googlebot/2.1; +http://www.google.com/bot.html)"
66.249.79.237 - - [14/Jul/2025:01:05:27 +0000] "GET /?s=91481746051490&mod=b63bc3c4&uri=info.php%3Fid%3D3052916-683%26name%3Dpintar+cabello+en+el+embarazo HTTP/1.1" 200 21270 "-" "Mozilla/5.0 (compatible; Googlebot/2.1; +http://www.google.com/bot.html)"
66.249.79.236 - - [14/Jul/2025:01:05:28 +0000] "GET /?s=62494366021490&mod=033450f1&uri=blog.php%3Fid%3D2085510-1370%26name%3Dgold+antique+earrings+designs HTTP/1.1" 200 21202 "-" "Mozilla/5.0 (compatible; Googlebot/2.1; +http://www.google.com/bot.html)"
66.249.79.236 - - [14/Jul/2025:01:05:28 +0000] "GET /?s=26107457051490&mod=b4f9264d&uri=goods.php%3Fid%3D871356-892%26name%3Dyankees+pendant HTTP/1.1" 200 21059 "-" "Mozilla/5.0 (compatible; Googlebot/2.1; +http://www.google.com/bot.html)"
66.249.79.237 - - [14/Jul/2025:01:05:28 +0000] "GET /?s=91481896001490&mod=b63bc3c4&uri=info.php%3Fid%3D3052921-683%26name%3Dvestido+pegado+de+moda HTTP/1.1" 200 21759 "-" "Mozilla/5.0 (compatible; Googlebot/2.1; +http://www.google.com/bot.html)"
66.249.79.236 - - [14/Jul/2025:01:05:28 +0000] "GET /?s=20557006061490&mod=9cecbb6f&uri=products.php%3Fid%3D686207-344%26name%3Dlebron+james+rebounds+per+game HTTP/1.1" 200 21594 "-" "Mozilla/5.0 (compatible; Googlebot/2.1; +http://www.google.com/bot.html)"
66.249.79.236 - - [14/Jul/2025:01:05:29 +0000] "GET /?s=109049477021490&mod=f36c9507&uri=form.php%3Fid%3D3639326-314%26name%3Dsoftshell+motorradjacke+test HTTP/1.1" 200 20652 "-" "Mozilla/5.0 (compatible; Googlebot/2.1; +http://www.google.com/bot.html)"
66.249.79.238 - - [14/Jul/2025:01:05:29 +0000] "GET /?s=72801960041490&mod=f36c9507&uri=us.php%3Fid%3D2429479-314%26name%3Dlinks+gestrickter+pullover HTTP/1.1" 200 22081 "-" "Mozilla/5.0 (compatible; Googlebot/2.1; +http://www.google.com/bot.html)"
66.249.79.237 - - [14/Jul/2025:01:05:29 +0000] "GET /?s=20560006011490&mod=9cecbb6f&uri=brands.php%3Fid%3D686307-344%26name%3Dlebron+king+crown HTTP/1.1" 200 21863 "-" "Mozilla/5.0 (compatible; Googlebot/2.1; +http://www.google.com/bot.html)"
66.249.79.236 - - [14/Jul/2025:01:05:30 +0000] "GET /?s=109051517101490&mod=f36c9507&uri=info.php%3Fid%3D3639394-314%26name%3Dstillpullover+h%26m HTTP/1.1" 200 20971 "-" "Mozilla/5.0 (compatible; Googlebot/2.1; +http://www.google.com/bot.html)"
66.249.79.237 - - [14/Jul/2025:01:05:30 +0000] "GET /?s=19341513001490&mod=e16a7577&uri=us.php%3Fid%3D645656-248%26name%3Dchanel+bleu+ici+paris HTTP/1.1" 200 21990 "-" "Mozilla/5.0 (compatible; Googlebot/2.1; +http://www.google.com/bot.html)"
66.249.79.237 - - [14/Jul/2025:01:05:30 +0000] "GET /?s=88416154121490&mod=ab9a1c10&uri=pin.php%3Fid%3D2950588-611%26name%3Dlamborghini+luggage+set HTTP/1.1" 200 21374 "-" "Mozilla/5.0 (compatible; Googlebot/2.1; +http://www.google.com/bot.html)"
66.249.79.236 - - [14/Jul/2025:01:05:30 +0000] "GET /?s=109052717071490&mod=f36c9507&uri=us.php%3Fid%3D3639434-314%26name%3Dbmw+jacke+xxl HTTP/1.1" 200 20608 "-" "Mozilla/5.0 (compatible; Googlebot/2.1; +http://www.google.com/bot.html)"
66.249.79.237 - - [14/Jul/2025:01:05:31 +0000] "GET /pcmypage?callback=/product%2Fdetail%2F62485996002490 HTTP/1.1" 200 20582 "-" "Mozilla/5.0 (compatible; Googlebot/2.1; +http://www.google.com/bot.html)"
66.249.79.238 - - [14/Jul/2025:01:05:31 +0000] "GET /?s=109051157011490&mod=f9e85893&uri=article.php%3Fid%3D3639382-186%26name%3Dburberry+graffiti+belt+bag HTTP/1.1" 200 21534 "-" "Mozilla/5.0 (compatible; Googlebot/2.1; +http://www.google.com/bot.html)"
66.249.79.237 - - [14/Jul/2025:01:05:31 +0000] "GET /?s=72764810011490&mod=69f79848&uri=shop.php%3Fid%3D2428239-1291%26name%3Dcatalogo+caballeros+2019 HTTP/1.1" 200 22354 "-" "Mozilla/5.0 (compatible; Googlebot/2.1; +http://www.google.com/bot.html)"
66.249.79.237 - - [14/Jul/2025:01:05:31 +0000] "GET /?s=20559646061490&mod=9cecbb6f&uri=shop.php%3Fid%3D686295-344%26name%3Dlebron+career+win+percentage HTTP/1.1" 200 22446 "-" "Mozilla/5.0 (compatible; Googlebot/2.1; +http://www.google.com/bot.html)"
66.249.79.236 - - [14/Jul/2025:01:05:32 +0000] "GET /?s=109049237041490&mod=e96822f7&uri=us.php%3Fid%3D3639318-234%26name%3Dguess+icon+pullover+damen HTTP/1.1" 200 22929 "-" "Mozilla/5.0 (compatible; Googlebot/2.1; +http://www.google.com/bot.html)"
66.249.79.238 - - [14/Jul/2025:01:05:32 +0000] "GET /?s=91482226051490&mod=b63bc3c4&uri=goods.php%3Fid%3D3052932-683%26name%3Dpareos+playa+para+hombres HTTP/1.1" 200 21664 "-" "Mozilla/5.0 (compatible; Googlebot/2.1; +http://www.google.com/bot.html)"
66.249.75.173 - - [14/Jul/2025:01:05:32 +0000] "GET /?s=91465333021490&mod=cfc4c5a7&uri=form.php%3Fid%3D3052367-1020%26name%3Dair+max+tuned+rosa HTTP/1.1" 200 20763 "-" "Mozilla/5.0 (compatible; Googlebot/2.1; +http://www.google.com/bot.html)"
66.249.79.237 - - [14/Jul/2025:01:05:32 +0000] "GET /?s=62479636011490&mod=d8435807&uri=dp.php%3Fid%3D2085019-920%26name%3Dwinnie+the+pooh+disneybound HTTP/1.1" 200 21086 "-" "Mozilla/5.0 (compatible; Googlebot/2.1; +http://www.google.com/bot.html)"
66.249.79.237 - - [14/Jul/2025:01:05:33 +0000] "GET /?s=72763730001490&mod=69f79848&uri=products.php%3Fid%3D2428203-1291%26name%3Dzapatillas+de+novak+djokovic+2020 HTTP/1.1" 200 21735 "-" "Mozilla/5.0 (compatible; Googlebot/2.1; +http://www.google.com/bot.html)"
66.249.79.238 - - [14/Jul/2025:01:05:33 +0000] "GET /?s=91481386031490&mod=b63bc3c4&uri=us.php%3Fid%3D3052904-683%26name%3Dplayeras+personalizadas+dia+de+las+madres HTTP/1.1" 200 21206 "-" "Mozilla/5.0 (compatible; Googlebot/2.1; +http://www.google.com/bot.html)"
66.249.79.237 - - [14/Jul/2025:01:05:33 +0000] "POST /get-message-notify HTTP/1.1" 200 22050 "https://gardenify.com.au/?s=72765530001490&mod=69f79848&uri=category-info.php%3Fid%3D2428263-1291%26name%3Dtienda+jordan+official" "Mozilla/5.0 AppleWebKit/537.36 (KHTML, like Gecko; compatible; Googlebot/2.1; +http://www.google.com/bot.html) Chrome/137.0.7151.119 Safari/537.36"
66.249.79.237 - - [14/Jul/2025:01:05:33 +0000] "GET /?s=72761090021490&mod=69f79848&uri=product.php%3Fid%3D2428115-1291%26name%3Dzapatillas+outfit+mujer HTTP/1.1" 200 21929 "-" "Mozilla/5.0 (compatible; Googlebot/2.1; +http://www.google.com/bot.html)"
66.249.79.238 - - [14/Jul/2025:01:05:34 +0000] "GET /?s=109047077031490&mod=e96822f7&uri=products.php%3Fid%3D3639246-234%26name%3Dtom+tailor+jacke+damen+kariert HTTP/1.1" 200 22471 "-" "Mozilla/5.0 (compatible; Googlebot/2.1; +http://www.google.com/bot.html)"
66.249.79.238 - - [14/Jul/2025:01:05:34 +0000] "GET /?s=62477116121490&mod=aa568ecc&uri=news.php%3Fid%3D2084935-677%26name%3Dbelts+western HTTP/1.1" 200 21305 "-" "Mozilla/5.0 (compatible; Googlebot/2.1; +http://www.google.com/bot.html)"
66.249.79.238 - - [14/Jul/2025:01:05:34 +0000] "GET /?s=19339353031490&mod=e16a7577&uri=pin.php%3Fid%3D645584-248%26name%3Dchanel+chance+tendre+body+lotion HTTP/1.1" 200 21542 "-" "Mozilla/5.0 (compatible; Googlebot/2.1; +http://www.google.com/bot.html)"
66.249.79.237 - - [14/Jul/2025:01:05:34 +0000] "GET /?s=109053437071490&mod=f36c9507&uri=blog.php%3Fid%3D3639458-314%26name%3Dbmw+retro+jacke HTTP/1.1" 200 21500 "-" "Mozilla/5.0 (compatible; Googlebot/2.1; +http://www.google.com/bot.html)"
66.249.79.237 - - [14/Jul/2025:01:05:35 +0000] "GET /?s=72765290061490&mod=69f79848&uri=shared.php%3Fid%3D2428255-1291%26name%3Dcalzados+reebok+hombre HTTP/1.1" 200 21242 "-" "Mozilla/5.0 (compatible; Googlebot/2.1; +http://www.google.com/bot.html)"
66.249.79.224 - - [14/Jul/2025:01:05:35 +0000] "GET /?s=101931145001490&mod=ab9a1c10&uri=pin.php%3Fid%3D3401729-611%26name%3Dcan+i+pack+full+size+shampoo+in+checked+luggage HTTP/1.1" 200 21986 "-" "Mozilla/5.0 (compatible; Googlebot/2.1; +http://www.google.com/bot.html)"
66.249.79.224 - - [14/Jul/2025:01:05:35 +0000] "GET /?s=20527339011490&mod=ab9a1c10&uri=category-info.php%3Fid%3D685218-611%26name%3Djetblue+delayed+baggage+compensation HTTP/1.1" 200 21446 "-" "Mozilla/5.0 (compatible; Googlebot/2.1; +http://www.google.com/bot.html)"
66.249.79.236 - - [14/Jul/2025:01:05:35 +0000] "GET /?s=20563006061490&mod=9cecbb6f&uri=dp.php%3Fid%3D686407-344%26name%3Dlebron+aau HTTP/1.1" 200 22352 "-" "Mozilla/5.0 (compatible; Googlebot/2.1; +http://www.google.com/bot.html)"
66.249.79.224 - - [14/Jul/2025:01:05:36 +0000] "POST /get-message-notify HTTP/1.1" 200 22037 "https://gardenify.com.au/pcmypage?callback=/product%2Fdetail%2F62485996002490" "Mozilla/5.0 AppleWebKit/537.36 (KHTML, like Gecko; compatible; Googlebot/2.1; +http://www.google.com/bot.html) Chrome/137.0.7151.119 Safari/537.36"
66.249.79.238 - - [14/Jul/2025:01:05:36 +0000] "GET /?s=20559886061490&mod=9cecbb6f&uri=form.php%3Fid%3D686303-344%26name%3Dfeignclient+example HTTP/1.1" 200 21933 "-" "Mozilla/5.0 (compatible; Googlebot/2.1; +http://www.google.com/bot.html)"
66.249.79.224 - - [14/Jul/2025:01:05:36 +0000] "GET /?s=62484076041490&mod=aa568ecc&uri=form.php%3Fid%3D2085167-677%26name%3Dbelstaff+belt HTTP/1.1" 200 21628 "-" "Mozilla/5.0 (compatible; Googlebot/2.1; +http://www.google.com/bot.html)"
66.249.79.238 - - [14/Jul/2025:01:05:36 +0000] "GET /?s=19339173021490&mod=e16a7577&uri=itm.php%3Fid%3D645578-248%26name%3Danais+anais+review HTTP/1.1" 200 22296 "-" "Mozilla/5.0 (compatible; Googlebot/2.1; +http://www.google.com/bot.html)"
66.249.79.237 - - [14/Jul/2025:01:05:37 +0000] "GET /?s=72764750041490&mod=69f79848&uri=pin.php%3Fid%3D2428237-1291%26name%3Del+corte+ingles+deportivas+mujer+rebajas HTTP/1.1" 200 21626 "-" "Mozilla/5.0 (compatible; Googlebot/2.1; +http://www.google.com/bot.html)"
66.249.79.238 - - [14/Jul/2025:01:05:37 +0000] "GET /?s=72762890021490&mod=69f79848&uri=news.php%3Fid%3D2428175-1291%26name%3Dzapatillas+nike+en+jd HTTP/1.1" 200 22076 "-" "Mozilla/5.0 (compatible; Googlebot/2.1; +http://www.google.com/bot.html)"
66.249.79.224 - - [14/Jul/2025:01:05:37 +0000] "GET /?s=62484436061490&mod=aa568ecc&uri=news.php%3Fid%3D2085179-677%26name%3Dno+nickel+belt HTTP/1.1" 200 21681 "-" "Mozilla/5.0 (compatible; Googlebot/2.1; +http://www.google.com/bot.html)"
66.249.79.224 - - [14/Jul/2025:01:05:37 +0000] "GET /?s=62476876041490&mod=aa568ecc&uri=category-info.php%3Fid%3D2084927-677%26name%3Dthe+british+belt+co HTTP/1.1" 200 21229 "-" "Mozilla/5.0 (compatible; Googlebot/2.1; +http://www.google.com/bot.html)"
66.249.79.238 - - [14/Jul/2025:01:05:38 +0000] "GET /?s=20491328041490&mod=ab9a1c10&uri=goods.php%3Fid%3D684017-611%26name%3Dlatam+baggage+claim HTTP/1.1" 200 22180 "-" "Mozilla/5.0 (compatible; Googlebot/2.1; +http://www.google.com/bot.html)"
66.249.79.224 - - [14/Jul/2025:01:05:38 +0000] "GET /?s=62484556001490&mod=aa568ecc&uri=search.php%3Fid%3D2085183-677%26name%3Dchest+belts HTTP/1.1" 200 22209 "-" "Mozilla/5.0 (compatible; Googlebot/2.1; +http://www.google.com/bot.html)"
66.249.79.226 - - [14/Jul/2025:01:05:38 +0000] "GET /?s=19347993011490&mod=e16a7577&uri=goods.php%3Fid%3D645872-248%26name%3Dlk+bennett+perfume HTTP/1.1" 200 21888 "-" "Mozilla/5.0 (compatible; Googlebot/2.1; +http://www.google.com/bot.html)"
66.249.79.236 - - [14/Jul/2025:01:05:39 +0000] "GET /?s=19350693031490&mod=e16a7577&uri=news.php%3Fid%3D645962-248%26name%3Dazzaro+chrome+after+shave+lotion HTTP/1.1" 200 22338 "-" "Mozilla/5.0 (compatible; Googlebot/2.1; +http://www.google.com/bot.html)"
66.249.79.236 - - [14/Jul/2025:01:05:39 +0000] "GET /?s=19243177021490&mod=c27b5ed7&uri=us.php%3Fid%3D642373-734%26name%3Dnew+balance+kawhi+sweater HTTP/1.1" 200 20815 "-" "Mozilla/5.0 (compatible; Googlebot/2.1; +http://www.google.com/bot.html)"
66.249.79.238 - - [14/Jul/2025:01:05:39 +0000] "GET /?s=91481716041490&mod=b63bc3c4&uri=products.php%3Fid%3D3052915-683%26name%3Dfabrica+de+ropa+sonata HTTP/1.1" 200 21663 "-" "Mozilla/5.0 (compatible; Googlebot/2.1; +http://www.google.com/bot.html)"
66.249.79.224 - - [14/Jul/2025:01:05:39 +0000] "GET /?s=72762950041490&mod=f4fcdae4&uri=blog.php%3Fid%3D2428177-1367%26name%3Dponytail+extension+afro HTTP/1.1" 200 21250 "-" "Mozilla/5.0 (compatible; Googlebot/2.1; +http://www.google.com/bot.html)"
66.249.79.225 - - [14/Jul/2025:01:05:40 +0000] "GET /?s=62479396081490&mod=aa568ecc&uri=blog.php%3Fid%3D2085011-677%26name%3Drocawear+belt HTTP/1.1" 200 20886 "-" "Mozilla/5.0 (compatible; Googlebot/2.1; +http://www.google.com/bot.html)"
66.249.79.236 - - [14/Jul/2025:01:05:40 +0000] "GET /?s=19337013001490&mod=e16a7577&uri=news.php%3Fid%3D645506-248%26name%3Dgrass+oil+cologne HTTP/1.1" 200 22282 "-" "Mozilla/5.0 (compatible; Googlebot/2.1; +http://www.google.com/bot.html)"
66.249.79.226 - - [14/Jul/2025:01:05:40 +0000] "GET /?s=62484916021490&mod=d8435807&uri=shop.php%3Fid%3D2085195-920%26name%3Dbasic+edition+women%27s+pants HTTP/1.1" 200 20677 "-" "Mozilla/5.0 (compatible; Googlebot/2.1; +http://www.google.com/bot.html)"
66.249.79.224 - - [14/Jul/2025:01:05:40 +0000] "GET /?s=109051037041490&mod=f36c9507&uri=itm.php%3Fid%3D3639378-314%26name%3Ddaunen+steppdecke+waschen HTTP/1.1" 200 22417 "-" "Mozilla/5.0 (compatible; Googlebot/2.1; +http://www.google.com/bot.html)"
66.249.79.225 - - [14/Jul/2025:01:05:40 +0000] "GET /?s=91482286051490&mod=b63bc3c4&uri=shop.php%3Fid%3D3052934-683%26name%3Dcrear+marca+propia+de+ropa HTTP/1.1" 200 22189 "-" "Mozilla/5.0 (compatible; Googlebot/2.1; +http://www.google.com/bot.html)"
66.249.79.226 - - [14/Jul/2025:01:05:41 +0000] "GET /?s=19347813001490&mod=e16a7577&uri=form.php%3Fid%3D645866-248%26name%3Donline+parfume HTTP/1.1" 200 21739 "-" "Mozilla/5.0 (compatible; Googlebot/2.1; +http://www.google.com/bot.html)"
66.249.79.237 - - [14/Jul/2025:01:05:41 +0000] "GET /?s=19341693071490&mod=e16a7577&uri=goods.php%3Fid%3D645662-248%26name%3Dpatel+nesty HTTP/1.1" 200 21960 "-" "Mozilla/5.0 (compatible; Googlebot/2.1; +http://www.google.com/bot.html)"
66.249.79.226 - - [14/Jul/2025:01:05:41 +0000] "GET /?s=91481626011490&mod=b63bc3c4&uri=form.php%3Fid%3D3052912-683%26name%3Dchaqueta+esqui+hombre+forum HTTP/1.1" 200 21823 "-" "Mozilla/5.0 (compatible; Googlebot/2.1; +http://www.google.com/bot.html)"
66.249.79.224 - - [14/Jul/2025:01:05:41 +0000] "GET /?s=109055237141490&mod=f36c9507&uri=form.php%3Fid%3D3639518-314%26name%3Dhandgestrickte+babyjacke HTTP/1.1" 200 21520 "-" "Mozilla/5.0 (compatible; Googlebot/2.1; +http://www.google.com/bot.html)"
66.249.79.225 - - [14/Jul/2025:01:05:42 +0000] "GET /?s=20557246001490&mod=9cecbb6f&uri=info.php%3Fid%3D686215-344%26name%3Dspring+boot+amazon+sqs HTTP/1.1" 200 22286 "-" "Mozilla/5.0 (compatible; Googlebot/2.1; +http://www.google.com/bot.html)"
66.249.79.237 - - [14/Jul/2025:01:05:42 +0000] "GET /?s=91482946031490&mod=b63bc3c4&uri=search.php%3Fid%3D3052956-683%26name%3Dfabricantes+de+bodys+para+mujer HTTP/1.1" 200 21503 "-" "Mozilla/5.0 (compatible; Googlebot/2.1; +http://www.google.com/bot.html)"
66.249.79.236 - - [14/Jul/2025:01:05:42 +0000] "GET /?s=20559046001490&mod=9cecbb6f&uri=form.php%3Fid%3D686275-344%26name%3Dlakers+cavs+218 HTTP/1.1" 200 22267 "-" "Mozilla/5.0 (compatible; Googlebot/2.1; +http://www.google.com/bot.html)"
66.249.79.238 - - [14/Jul/2025:01:05:42 +0000] "GET /?s=91482556021490&mod=b63bc3c4&uri=category-info.php%3Fid%3D3052943-683%26name%3Dplayera+personalizada+de+ladybug HTTP/1.1" 200 21460 "-" "Mozilla/5.0 (compatible; Googlebot/2.1; +http://www.google.com/bot.html)"
66.249.79.224 - - [14/Jul/2025:01:05:42 +0000] "GET /?s=108998892041490&mod=58c54802&uri=category-info.php%3Fid%3D3637639-10%26name%3Dvestirsi+per+un+diciottesimo HTTP/1.1" 200 22070 "-" "Mozilla/5.0 (compatible; Googlebot/2.1; +http://www.google.com/bot.html)"
66.249.79.227 - - [14/Jul/2025:01:05:43 +0000] "GET /?s=20554249021490&mod=9cecbb6f&uri=search.php%3Fid%3D686115-344%26name%3Dlebron+james+aau HTTP/1.1" 200 22458 "-" "Mozilla/5.0 (compatible; Googlebot/2.1; +http://www.google.com/bot.html)"
66.249.79.238 - - [14/Jul/2025:01:05:43 +0000] "GET /?s=19340793061490&mod=e16a7577&uri=pin.php%3Fid%3D645632-248%26name%3Dvince+camuto+fragrance HTTP/1.1" 200 21617 "-" "Mozilla/5.0 (compatible; Googlebot/2.1; +http://www.google.com/bot.html)"
66.249.79.238 - - [14/Jul/2025:01:05:43 +0000] "GET /?s=91481026011490&mod=b63bc3c4&uri=news.php%3Fid%3D3052892-683%26name%3Dpareo+corto+playa HTTP/1.1" 200 22003 "-" "Mozilla/5.0 (compatible; Googlebot/2.1; +http://www.google.com/bot.html)"
66.249.79.225 - - [14/Jul/2025:01:05:43 +0000] "GET /?s=62481076041490&mod=d8435807&uri=dp.php%3Fid%3D2085067-920%26name%3Dwhat+did+people+wear+in+the+1800s HTTP/1.1" 200 21377 "-" "Mozilla/5.0 (compatible; Googlebot/2.1; +http://www.google.com/bot.html)"
66.249.79.238 - - [14/Jul/2025:01:05:43 +0000] "GET /?s=62485876041490&mod=d8435807&uri=shop.php%3Fid%3D2085227-920%26name%3Dpregnancy+outfits+for+pictures HTTP/1.1" 200 20897 "-" "Mozilla/5.0 (compatible; Googlebot/2.1; +http://www.google.com/bot.html)"
66.249.79.237 - - [14/Jul/2025:01:05:44 +0000] "GET /?s=109048997011490&mod=f36c9507&uri=form.php%3Fid%3D3639310-314%26name%3Dpikeur+jacke+julina HTTP/1.1" 200 21233 "-" "Mozilla/5.0 (compatible; Googlebot/2.1; +http://www.google.com/bot.html)"
66.249.79.236 - - [14/Jul/2025:01:05:44 +0000] "GET /?s=109052237041490&mod=f36c9507&uri=shop.php%3Fid%3D3639418-314%26name%3Dbmw+freizeitjacke HTTP/1.1" 200 20820 "-" "Mozilla/5.0 (compatible; Googlebot/2.1; +http://www.google.com/bot.html)"
66.249.79.237 - - [14/Jul/2025:01:05:44 +0000] "GET /?s=91482646051490&mod=b63bc3c4&uri=article.php%3Fid%3D3052946-683%26name%3Dplayera+personalizada+dia+de+las+madres HTTP/1.1" 200 20932 "-" "Mozilla/5.0 (compatible; Googlebot/2.1; +http://www.google.com/bot.html)"
66.249.79.236 - - [14/Jul/2025:01:05:46 +0000] "POST /get-message-notify HTTP/1.1" 200 22047 "https://gardenify.com.au/?s=109055477071490&mod=f36c9507&uri=blog.php%3Fid%3D3639526-314%26name%3Dbmw+service+jacke" "Mozilla/5.0 AppleWebKit/537.36 (KHTML, like Gecko; compatible; Googlebot/2.1; +http://www.google.com/bot.html) Chrome/137.0.7151.119 Safari/537.36"
66.249.79.236 - - [14/Jul/2025:01:05:48 +0000] "POST /get-message-notify HTTP/1.1" 200 22043 "https://gardenify.com.au/?s=19347993011490&mod=e16a7577&uri=goods.php%3Fid%3D645872-248%26name%3Dlk+bennett+perfume" "Mozilla/5.0 AppleWebKit/537.36 (KHTML, like Gecko; compatible; Googlebot/2.1; +http://www.google.com/bot.html) Chrome/137.0.7151.119 Safari/537.36"
66.249.79.227 - - [14/Jul/2025:01:05:50 +0000] "POST /get-message-notify HTTP/1.1" 200 22041 "https://gardenify.com.au/?s=108998892041490&mod=58c54802&uri=category-info.php%3Fid%3D3637639-10%26name%3Dvestirsi+per+un+diciottesimo" "Mozilla/5.0 AppleWebKit/537.36 (KHTML, like Gecko; compatible; Googlebot/2.1; +http://www.google.com/bot.html) Chrome/137.0.7151.119 Safari/537.36"
66.249.79.227 - - [14/Jul/2025:01:06:02 +0000] "POST /get-message-notify HTTP/1.1" 200 22044 "https://gardenify.com.au/?s=19344573121490&mod=e16a7577&uri=products.php%3Fid%3D645758-248%26name%3Dbody+shop+best+mist" "Mozilla/5.0 AppleWebKit/537.36 (KHTML, like Gecko; compatible; Googlebot/2.1; +http://www.google.com/bot.html) Chrome/137.0.7151.119 Safari/537.36"
66.249.79.238 - - [14/Jul/2025:01:06:10 +0000] "POST /get-message-notify HTTP/1.1" 200 22031 "https://gardenify.com.au/?s=62476876041490&mod=aa568ecc&uri=category-info.php%3Fid%3D2084927-677%26name%3Dthe+british+belt+co" "Mozilla/5.0 AppleWebKit/537.36 (KHTML, like Gecko; compatible; Googlebot/2.1; +http://www.google.com/bot.html) Chrome/137.0.7151.119 Safari/537.36"
66.249.79.238 - - [14/Jul/2025:01:06:18 +0000] "POST /get-message-notify HTTP/1.1" 200 22039 "https://gardenify.com.au/?s=91482556021490&mod=b63bc3c4&uri=category-info.php%3Fid%3D3052943-683%26name%3Dplayera+personalizada+de+ladybug" "Mozilla/5.0 AppleWebKit/537.36 (KHTML, like Gecko; compatible; Googlebot/2.1; +http://www.google.com/bot.html) Chrome/137.0.7151.119 Safari/537.36"
66.249.79.236 - - [14/Jul/2025:01:06:29 +0000] "POST /get-message-notify HTTP/1.1" 200 22036 "https://gardenify.com.au/?s=60562103081490&mod=f0b7c0bf&uri=pin.php%3Fid%3D2021015-548%26name%3Dskechers+go+walk+waterproof" "Mozilla/5.0 AppleWebKit/537.36 (KHTML, like Gecko; compatible; Googlebot/2.1; +http://www.google.com/bot.html) Chrome/137.0.7151.119 Safari/537.36"
66.249.79.237 - - [14/Jul/2025:01:06:45 +0000] "POST /get-message-notify HTTP/1.1" 200 22041 "https://gardenify.com.au/?s=91481626011490&mod=b63bc3c4&uri=form.php%3Fid%3D3052912-683%26name%3Dchaqueta+esqui+hombre+forum" "Mozilla/5.0 AppleWebKit/537.36 (KHTML, like Gecko; compatible; Googlebot/2.1; +http://www.google.com/bot.html) Chrome/137.0.7151.119 Safari/537.36"
66.249.79.236 - - [14/Jul/2025:01:07:12 +0000] "GET /?s=91482736081490&mod=b63bc3c4&uri=pin.php%3Fid%3D3052949-683%26name%3Doutfits+para+ir+a+cenar HTTP/1.1" 200 21188 "-" "Mozilla/5.0 (compatible; Googlebot/2.1; +http://www.google.com/bot.html)"
66.249.79.237 - - [14/Jul/2025:01:07:12 +0000] "GET /?s=91482676001490&mod=b63bc3c4&uri=form.php%3Fid%3D3052947-683%26name%3Dpareo+playa+etnico HTTP/1.1" 200 21729 "-" "Mozilla/5.0 (compatible; Googlebot/2.1; +http://www.google.com/bot.html)"
66.249.79.236 - - [14/Jul/2025:01:07:13 +0000] "GET /?s=62478196081490&mod=d8435807&uri=search.php%3Fid%3D2084971-920%26name%3Dpopular+outfits+in+the+70s HTTP/1.1" 200 20773 "-" "Mozilla/5.0 (compatible; Googlebot/2.1; +http://www.google.com/bot.html)"
66.249.79.237 - - [14/Jul/2025:01:07:13 +0000] "GET /?s=91481836001490&mod=b63bc3c4&uri=products.php%3Fid%3D3052919-683%26name%3Dropa+biodegradables HTTP/1.1" 200 21691 "-" "Mozilla/5.0 (compatible; Googlebot/2.1; +http://www.google.com/bot.html)"
66.249.79.237 - - [14/Jul/2025:01:07:13 +0000] "GET /?s=109732513031490&mod=05ec78c1&uri=goods.php%3Fid%3D3662112-1663%26name%3Dhertha+berlin+t+shirt HTTP/1.1" 200 20497 "-" "Mozilla/5.0 (compatible; Googlebot/2.1; +http://www.google.com/bot.html)"
66.249.79.238 - - [14/Jul/2025:01:07:13 +0000] "GET /?s=108986462001490&mod=b043669a&uri=article.php%3Fid%3D3637224-224%26name%3Dbike+company+list HTTP/1.1" 200 21379 "-" "Mozilla/5.0 (compatible; Googlebot/2.1; +http://www.google.com/bot.html)"
66.249.79.238 - - [14/Jul/2025:01:07:13 +0000] "GET /?s=62478076141490&mod=aa568ecc&uri=news.php%3Fid%3D2084967-677%26name%3Dz+zegna+belt HTTP/1.1" 200 21006 "-" "Mozilla/5.0 (compatible; Googlebot/2.1; +http://www.google.com/bot.html)"
66.249.79.238 - - [14/Jul/2025:01:07:13 +0000] "GET /?s=62485636061490&mod=d8435807&uri=itm.php%3Fid%3D2085219-920%26name%3Dsize+22+trouser+suits HTTP/1.1" 200 20698 "-" "Mozilla/5.0 (compatible; Googlebot/2.1; +http://www.google.com/bot.html)"
66.249.79.238 - - [14/Jul/2025:01:07:14 +0000] "GET /?s=20554129001490&mod=049d64bd&uri=products.php%3Fid%3D686111-762%26name%3Dhexagon+glasses+frames HTTP/1.1" 200 21901 "-" "Mozilla/5.0 (compatible; Googlebot/2.1; +http://www.google.com/bot.html)"
66.249.79.237 - - [14/Jul/2025:01:07:14 +0000] "GET /?s=20562166081490&mod=9cecbb6f&uri=pin.php%3Fid%3D686379-344%26name%3Dblowfish+fruit HTTP/1.1" 200 22097 "-" "Mozilla/5.0 (compatible; Googlebot/2.1; +http://www.google.com/bot.html)"
66.249.79.236 - - [14/Jul/2025:01:07:14 +0000] "GET /?s=72765830041490&mod=8ab58f33&uri=search.php%3Fid%3D2428273-1290%26name%3Dzapatillas+hombre+philipp+plein HTTP/1.1" 200 21010 "-" "Mozilla/5.0 (compatible; Googlebot/2.1; +http://www.google.com/bot.html)"
66.249.79.236 - - [14/Jul/2025:01:07:14 +0000] "GET /?s=72764450001490&mod=69f79848&uri=shared.php%3Fid%3D2428227-1291%26name%3Dtenis+negros+pintados HTTP/1.1" 200 21507 "-" "Mozilla/5.0 (compatible; Googlebot/2.1; +http://www.google.com/bot.html)"
66.249.79.237 - - [14/Jul/2025:01:07:14 +0000] "GET /?s=62484346011490&mod=aa568ecc&uri=products.php%3Fid%3D2085176-677%26name%3Drn129919 HTTP/1.1" 200 21919 "-" "Mozilla/5.0 (compatible; Googlebot/2.1; +http://www.google.com/bot.html)"
66.249.79.238 - - [14/Jul/2025:01:07:14 +0000] "GET /?s=108983972071490&mod=05ec78c1&uri=shared.php%3Fid%3D3637141-1663%26name%3Datletico+jersey+2019 HTTP/1.1" 200 20674 "-" "Mozilla/5.0 (compatible; Googlebot/2.1; +http://www.google.com/bot.html)"
66.249.79.237 - - [14/Jul/2025:01:07:15 +0000] "GET /?s=72812179071490&mod=f36c9507&uri=category-info.php%3Fid%3D2429820-314%26name%3Dpullover+aus+acryl HTTP/1.1" 200 22074 "-" "Mozilla/5.0 (compatible; Googlebot/2.1; +http://www.google.com/bot.html)"
66.249.79.238 - - [14/Jul/2025:01:07:15 +0000] "GET /?s=19348713011490&mod=e16a7577&uri=news.php%3Fid%3D645896-248%26name%3Dle+vie+est+belle+rose HTTP/1.1" 200 22028 "-" "Mozilla/5.0 (compatible; Googlebot/2.1; +http://www.google.com/bot.html)"
66.249.79.238 - - [14/Jul/2025:01:07:15 +0000] "GET /?s=62482396081490&mod=d8435807&uri=brands.php%3Fid%3D2085111-920%26name%3Ddoctor+strange+costume+for+sale HTTP/1.1" 200 20791 "-" "Mozilla/5.0 (compatible; Googlebot/2.1; +http://www.google.com/bot.html)"
66.249.79.238 - - [14/Jul/2025:01:07:15 +0000] "GET /?s=91494012091490&mod=b63bc3c4&uri=shared.php%3Fid%3D3053325-683%26name%3Dmarcas+hombre+corte+ingles HTTP/1.1" 200 20414 "-" "Mozilla/5.0 (compatible; Googlebot/2.1; +http://www.google.com/bot.html)"
66.249.79.237 - - [14/Jul/2025:01:07:15 +0000] "GET /?s=72764630001490&mod=269dce38&uri=dp.php%3Fid%3D2428233-490%26name%3Dchaussure+puma+love HTTP/1.1" 200 20897 "-" "Mozilla/5.0 (compatible; Googlebot/2.1; +http://www.google.com/bot.html)"
66.249.79.236 - - [14/Jul/2025:01:07:16 +0000] "GET /?s=19349613051490&mod=e16a7577&uri=news.php%3Fid%3D645926-248%26name%3Dsjp+nyc+perfume+review HTTP/1.1" 200 21815 "-" "Mozilla/5.0 (compatible; Googlebot/2.1; +http://www.google.com/bot.html)"
66.249.79.238 - - [14/Jul/2025:01:07:16 +0000] "GET /?s=91498122011490&mod=b63bc3c4&uri=products.php%3Fid%3D3053462-683%26name%3Dba%C3%83%C2%B1adores+mujer+con+relleno HTTP/1.1" 200 20982 "-" "Mozilla/5.0 (compatible; Googlebot/2.1; +http://www.google.com/bot.html)"
66.249.79.238 - - [14/Jul/2025:01:07:16 +0000] "GET /?s=19344753031490&mod=e16a7577&uri=itm.php%3Fid%3D645764-248%26name%3Dlanc%C3%83%C2%B4me+la+vie+est+belle+75ml HTTP/1.1" 200 22136 "-" "Mozilla/5.0 (compatible; Googlebot/2.1; +http://www.google.com/bot.html)"
66.249.79.237 - - [14/Jul/2025:01:07:16 +0000] "GET /?s=72764390001490&mod=69f79848&uri=us.php%3Fid%3D2428225-1291%26name%3Dzapatos+callaghan+el+corte+ingles+hombre HTTP/1.1" 200 21709 "-" "Mozilla/5.0 (compatible; Googlebot/2.1; +http://www.google.com/bot.html)"
66.249.79.237 - - [14/Jul/2025:01:07:16 +0000] "GET /?s=20556526001490&mod=9cecbb6f&uri=blog.php%3Fid%3D686191-344%26name%3Dangular+j2ee HTTP/1.1" 200 22725 "-" "Mozilla/5.0 (compatible; Googlebot/2.1; +http://www.google.com/bot.html)"
66.249.79.237 - - [14/Jul/2025:01:07:17 +0000] "GET /?s=72762770131490&mod=95062cef&uri=article.php%3Fid%3D2428171-1366%26name%3Ddoudoune+fine+reversible HTTP/1.1" 200 20336 "-" "Mozilla/5.0 (compatible; Googlebot/2.1; +http://www.google.com/bot.html)"
66.249.79.237 - - [14/Jul/2025:01:07:17 +0000] "GET /?s=19349073121490&mod=e16a7577&uri=itm.php%3Fid%3D645908-248%26name%3Dvan+cleef+and+arpels+perfume+review HTTP/1.1" 200 21812 "-" "Mozilla/5.0 (compatible; Googlebot/2.1; +http://www.google.com/bot.html)"
66.249.79.237 - - [14/Jul/2025:01:07:17 +0000] "GET /?s=108991442011490&mod=0e98aeeb&uri=blog.php%3Fid%3D3637390-57%26name%3Darctis+sale HTTP/1.1" 200 21582 "-" "Mozilla/5.0 (compatible; Googlebot/2.1; +http://www.google.com/bot.html)"
66.249.79.237 - - [14/Jul/2025:01:07:17 +0000] "GET /?s=20554009001490&mod=9cecbb6f&uri=dp.php%3Fid%3D686107-344%26name%3Dposter+lebron HTTP/1.1" 200 22528 "-" "Mozilla/5.0 (compatible; Googlebot/2.1; +http://www.google.com/bot.html)"
66.249.79.237 - - [14/Jul/2025:01:07:18 +0000] "GET /pcmypage?callback=/product%2Fdetail%2F20563126002490 HTTP/1.1" 200 22524 "-" "Mozilla/5.0 (compatible; Googlebot/2.1; +http://www.google.com/bot.html)"
66.249.79.236 - - [14/Jul/2025:01:07:18 +0000] "GET /?s=19345653031490&mod=e16a7577&uri=brands.php%3Fid%3D645794-248%26name%3Dsugar+rush+blush+perfume HTTP/1.1" 200 22412 "-" "Mozilla/5.0 (compatible; Googlebot/2.1; +http://www.google.com/bot.html)"
66.249.79.237 - - [14/Jul/2025:01:07:18 +0000] "GET /?s=91482706071490&mod=b63bc3c4&uri=info.php%3Fid%3D3052948-683%26name%3Df%C3%83%C2%A1brica+de+ropa+infantil HTTP/1.1" 200 21590 "-" "Mozilla/5.0 (compatible; Googlebot/2.1; +http://www.google.com/bot.html)"
66.249.79.236 - - [14/Jul/2025:01:07:18 +0000] "GET /?s=109050917031490&mod=f36c9507&uri=category-info.php%3Fid%3D3639374-314%26name%3Dperwoll+daunen+waschen HTTP/1.1" 200 21434 "-" "Mozilla/5.0 (compatible; Googlebot/2.1; +http://www.google.com/bot.html)"
66.249.79.237 - - [14/Jul/2025:01:07:19 +0000] "GET /?s=101943355071490&mod=ab9a1c10&uri=brands.php%3Fid%3D3402136-611%26name%3Dcarry+on+suitcase+size+united HTTP/1.1" 200 21600 "-" "Mozilla/5.0 (compatible; Googlebot/2.1; +http://www.google.com/bot.html)"
66.249.79.236 - - [14/Jul/2025:01:07:19 +0000] "POST /get-message-notify HTTP/1.1" 200 22035 "https://gardenify.com.au/?s=72765830041490&mod=8ab58f33&uri=search.php%3Fid%3D2428273-1290%26name%3Dzapatillas+hombre+philipp+plein" "Mozilla/5.0 AppleWebKit/537.36 (KHTML, like Gecko; compatible; Googlebot/2.1; +http://www.google.com/bot.html) Chrome/137.0.7151.119 Safari/537.36"
66.249.79.237 - - [14/Jul/2025:01:07:19 +0000] "GET /?s=91483156021490&mod=b63bc3c4&uri=blog.php%3Fid%3D3052963-683%26name%3Daitana+sudadera HTTP/1.1" 200 21856 "-" "Mozilla/5.0 (compatible; Googlebot/2.1; +http://www.google.com/bot.html)"
66.249.79.236 - - [14/Jul/2025:01:07:19 +0000] "GET /?s=72762710001490&mod=f4fcdae4&uri=products.php%3Fid%3D2428169-1367%26name%3Dprice+for+tape+in+hair+extensions HTTP/1.1" 200 20703 "-" "Mozilla/5.0 (compatible; Googlebot/2.1; +http://www.google.com/bot.html)"
66.249.79.236 - - [14/Jul/2025:01:07:19 +0000] "GET /?s=20558206021490&mod=9cecbb6f&uri=info.php%3Fid%3D686247-344%26name%3Dpippen+says+lebron+better+than+jordan HTTP/1.1" 200 22296 "-" "Mozilla/5.0 (compatible; Googlebot/2.1; +http://www.google.com/bot.html)"
66.249.79.237 - - [14/Jul/2025:01:07:19 +0000] "GET /?s=109054397011490&mod=f36c9507&uri=pin.php%3Fid%3D3639490-314%26name%3Ddaunenjacke+pikeur HTTP/1.1" 200 21331 "-" "Mozilla/5.0 (compatible; Googlebot/2.1; +http://www.google.com/bot.html)"
66.249.79.236 - - [14/Jul/2025:01:07:20 +0000] "GET /?s=19343493031490&mod=e16a7577&uri=search.php%3Fid%3D645722-248%26name%3Dtuberose+le+jour HTTP/1.1" 200 22128 "-" "Mozilla/5.0 (compatible; Googlebot/2.1; +http://www.google.com/bot.html)"
66.249.79.237 - - [14/Jul/2025:01:07:20 +0000] "GET /?s=91481266091490&mod=b63bc3c4&uri=shared.php%3Fid%3D3052900-683%26name%3Dbodas+con+chaque HTTP/1.1" 200 21251 "-" "Mozilla/5.0 (compatible; Googlebot/2.1; +http://www.google.com/bot.html)"
66.249.79.236 - - [14/Jul/2025:01:07:20 +0000] "GET /?s=91482796101490&mod=b63bc3c4&uri=news.php%3Fid%3D3052951-683%26name%3Dcolores+de+traje+de+novio HTTP/1.1" 200 21586 "-" "Mozilla/5.0 (compatible; Googlebot/2.1; +http://www.google.com/bot.html)"
66.249.79.237 - - [14/Jul/2025:01:07:20 +0000] "GET /?s=109055357031490&mod=f36c9507&uri=pin.php%3Fid%3D3639522-314%26name%3Dmotorradjacke+polo+flm HTTP/1.1" 200 21169 "-" "Mozilla/5.0 (compatible; Googlebot/2.1; +http://www.google.com/bot.html)"
66.249.79.236 - - [14/Jul/2025:01:07:20 +0000] "GET /?s=91482466051490&mod=b63bc3c4&uri=category-info.php%3Fid%3D3052940-683%26name%3Dplayeras+personalizadas+de+pascua HTTP/1.1" 200 21058 "-" "Mozilla/5.0 (compatible; Googlebot/2.1; +http://www.google.com/bot.html)"
66.249.79.238 - - [14/Jul/2025:01:07:21 +0000] "GET /?s=20560606011490&mod=9cecbb6f&uri=dp.php%3Fid%3D686327-344%26name%3Dlebron+james+michael+jordan+stats HTTP/1.1" 200 22472 "-" "Mozilla/5.0 (compatible; Googlebot/2.1; +http://www.google.com/bot.html)"
66.249.79.237 - - [14/Jul/2025:01:07:21 +0000] "GET /?s=20562406021490&mod=9cecbb6f&uri=search.php%3Fid%3D686387-344%26name%3Dlebron+james+jr+wikipedia HTTP/1.1" 200 22359 "-" "Mozilla/5.0 (compatible; Googlebot/2.1; +http://www.google.com/bot.html)"
66.249.79.237 - - [14/Jul/2025:01:07:21 +0000] "GET /?s=20559526001490&mod=9cecbb6f&uri=brands.php%3Fid%3D686291-344%26name%3Dcavs+216+finals HTTP/1.1" 200 22200 "-" "Mozilla/5.0 (compatible; Googlebot/2.1; +http://www.google.com/bot.html)"
66.249.79.237 - - [14/Jul/2025:01:07:21 +0000] "GET /?s=62483956001490&mod=aa568ecc&uri=shop.php%3Fid%3D2085163-677%26name%3Dbow+waist+belt HTTP/1.1" 200 21776 "-" "Mozilla/5.0 (compatible; Googlebot/2.1; +http://www.google.com/bot.html)"
66.249.79.238 - - [14/Jul/2025:01:07:21 +0000] "GET /?s=72791758051490&mod=f36c9507&uri=us.php%3Fid%3D2429138-314%26name%3Djersey+wei%C3%83%C2%9F+mit+schwarzen+punkten HTTP/1.1" 200 21056 "-" "Mozilla/5.0 (compatible; Googlebot/2.1; +http://www.google.com/bot.html)"
66.249.79.238 - - [14/Jul/2025:01:07:21 +0000] "GET /?s=109053317101490&mod=f36c9507&uri=form.php%3Fid%3D3639454-314%26name%3Dbenetton+babyjacke HTTP/1.1" 200 21067 "-" "Mozilla/5.0 (compatible; Googlebot/2.1; +http://www.google.com/bot.html)"
66.249.79.236 - - [14/Jul/2025:01:07:22 +0000] "GET /?s=62480116071490&mod=aa568ecc&uri=goods.php%3Fid%3D2085035-677%26name%3Darnold+palmer+belt HTTP/1.1" 200 21714 "-" "Mozilla/5.0 (compatible; Googlebot/2.1; +http://www.google.com/bot.html)"
66.249.79.237 - - [14/Jul/2025:01:07:22 +0000] "GET /?s=19349433011490&mod=e16a7577&uri=article.php%3Fid%3D645920-248%26name%3Dhypnose+perfume+review HTTP/1.1" 200 22232 "-" "Mozilla/5.0 (compatible; Googlebot/2.1; +http://www.google.com/bot.html)"
66.249.79.236 - - [14/Jul/2025:01:07:22 +0000] "GET /?s=62485396041490&mod=aa568ecc&uri=pin.php%3Fid%3D2085211-677%26name%3Dcarlos+diaz+belts HTTP/1.1" 200 21380 "-" "Mozilla/5.0 (compatible; Googlebot/2.1; +http://www.google.com/bot.html)"
66.249.79.236 - - [14/Jul/2025:01:07:22 +0000] "GET /pcmypage?callback=/product%2Fdetail%2F109055704052490 HTTP/1.1" 200 21760 "-" "Mozilla/5.0 (compatible; Googlebot/2.1; +http://www.google.com/bot.html)"
66.249.79.237 - - [14/Jul/2025:01:07:22 +0000] "GET /?s=72766250061490&mod=69f79848&uri=us.php%3Fid%3D2428287-1291%26name%3Dnike+rosita HTTP/1.1" 200 21270 "-" "Mozilla/5.0 (compatible; Googlebot/2.1; +http://www.google.com/bot.html)"
66.249.79.237 - - [14/Jul/2025:01:07:22 +0000] "GET /?s=109054757031490&mod=f36c9507&uri=goods.php%3Fid%3D3639502-314%26name%3Dbraune+lederjacke+kombinieren+damen HTTP/1.1" 200 21480 "-" "Mozilla/5.0 (compatible; Googlebot/2.1; +http://www.google.com/bot.html)"
66.249.79.237 - - [14/Jul/2025:01:07:23 +0000] "GET /?s=109053917001490&mod=f36c9507&uri=pin.php%3Fid%3D3639474-314%26name%3Dstoff+mit+fuchs+motiv HTTP/1.1" 200 21459 "-" "Mozilla/5.0 (compatible; Googlebot/2.1; +http://www.google.com/bot.html)"
66.249.79.238 - - [14/Jul/2025:01:07:23 +0000] "GET /?s=109055117051490&mod=f36c9507&uri=article.php%3Fid%3D3639514-314%26name%3Dpopeline+totenkopf HTTP/1.1" 200 21146 "-" "Mozilla/5.0 (compatible; Googlebot/2.1; +http://www.google.com/bot.html)"
66.249.79.236 - - [14/Jul/2025:01:07:23 +0000] "POST /get-message-notify HTTP/1.1" 200 22044 "https://gardenify.com.au/?s=108991442011490&mod=0e98aeeb&uri=blog.php%3Fid%3D3637390-57%26name%3Darctis+sale" "Mozilla/5.0 AppleWebKit/537.36 (KHTML, like Gecko; compatible; Googlebot/2.1; +http://www.google.com/bot.html) Chrome/137.0.7151.119 Safari/537.36"
66.249.79.236 - - [14/Jul/2025:01:07:23 +0000] "GET /?s=19347273071490&mod=e16a7577&uri=products.php%3Fid%3D645848-248%26name%3Dbest+clone+perfume HTTP/1.1" 200 21965 "-" "Mozilla/5.0 (compatible; Googlebot/2.1; +http://www.google.com/bot.html)"
66.249.79.238 - - [14/Jul/2025:01:07:23 +0000] "GET /?s=116971784021490&mod=c27b5ed7&uri=shop.php%3Fid%3D3903753-734%26name%3Dbmth+that%27s+the+spirit+hoodie HTTP/1.1" 200 20699 "-" "Mozilla/5.0 (compatible; Googlebot/2.1; +http://www.google.com/bot.html)"
66.249.79.236 - - [14/Jul/2025:01:07:23 +0000] "GET /?s=62480716021490&mod=aa568ecc&uri=product.php%3Fid%3D2085055-677%26name%3Dtom+ford+replica+belt HTTP/1.1" 200 22043 "-" "Mozilla/5.0 (compatible; Googlebot/2.1; +http://www.google.com/bot.html)"
66.249.79.236 - - [14/Jul/2025:01:07:24 +0000] "GET /?s=72764990001490&mod=69f79848&uri=news.php%3Fid%3D2428245-1291%26name%3Dtenis+furor+para+hombre HTTP/1.1" 200 22046 "-" "Mozilla/5.0 (compatible; Googlebot/2.1; +http://www.google.com/bot.html)"
66.249.79.236 - - [14/Jul/2025:01:07:24 +0000] "GET /?s=19345833031490&mod=e16a7577&uri=product.php%3Fid%3D645800-248%26name%3Dclimat+perfume+lancome+paris HTTP/1.1" 200 21906 "-" "Mozilla/5.0 (compatible; Googlebot/2.1; +http://www.google.com/bot.html)"
66.249.79.236 - - [14/Jul/2025:01:07:24 +0000] "GET /?s=20554369061490&mod=9cecbb6f&uri=itm.php%3Fid%3D686119-344%26name%3Dblowfish+128 HTTP/1.1" 200 22019 "-" "Mozilla/5.0 (compatible; Googlebot/2.1; +http://www.google.com/bot.html)"
66.249.79.236 - - [14/Jul/2025:01:07:24 +0000] "GET /?s=19338453031490&mod=fba5d674&uri=news.php%3Fid%3D645554-679%26name%3Dlenovo+d330+screen+protector HTTP/1.1" 200 21550 "-" "Mozilla/5.0 (compatible; Googlebot/2.1; +http://www.google.com/bot.html)"
66.249.79.237 - - [14/Jul/2025:01:07:24 +0000] "GET /?s=20563336051490&mod=9cecbb6f&uri=search.php%3Fid%3D686418-344%26name%3Dtypes+of+formal+shoes+men HTTP/1.1" 200 22357 "-" "Mozilla/5.0 (compatible; Googlebot/2.1; +http://www.google.com/bot.html)"
66.249.79.224 - - [14/Jul/2025:01:07:25 +0000] "GET /?s=91481776001490&mod=b63bc3c4&uri=article.php%3Fid%3D3052917-683%26name%3Dcomprar+ropa+a+precio+de+fabrica HTTP/1.1" 200 21431 "-" "Mozilla/5.0 (compatible; Googlebot/2.1; +http://www.google.com/bot.html)"
66.249.79.225 - - [14/Jul/2025:01:07:25 +0000] "GET /?s=91481146031490&mod=b63bc3c4&uri=itm.php%3Fid%3D3052896-683%26name%3Df%C3%83%C2%A1brica+de+ropa+bautic HTTP/1.1" 200 21787 "-" "Mozilla/5.0 (compatible; Googlebot/2.1; +http://www.google.com/bot.html)"
66.249.79.237 - - [14/Jul/2025:01:07:25 +0000] "GET /?s=109048397051490&mod=f36c9507&uri=blog.php%3Fid%3D3639290-314%26name%3Dstillpulli HTTP/1.1" 200 21903 "-" "Mozilla/5.0 (compatible; Googlebot/2.1; +http://www.google.com/bot.html)"
66.249.79.225 - - [14/Jul/2025:01:07:25 +0000] "GET /?s=20556886121490&mod=9cecbb6f&uri=info.php%3Fid%3D686203-344%26name%3Djsp+mvc+framework HTTP/1.1" 200 21557 "-" "Mozilla/5.0 (compatible; Googlebot/2.1; +http://www.google.com/bot.html)"
66.249.79.225 - - [14/Jul/2025:01:07:25 +0000] "GET /?s=109054877071490&mod=f36c9507&uri=category-info.php%3Fid%3D3639506-314%26name%3Ddaunen+jacke+marco+polo HTTP/1.1" 200 20975 "-" "Mozilla/5.0 (compatible; Googlebot/2.1; +http://www.google.com/bot.html)"
66.249.79.238 - - [14/Jul/2025:01:07:25 +0000] "GET /?s=91483126011490&mod=b63bc3c4&uri=brands.php%3Fid%3D3052962-683%26name%3Decoalf+outlet+hombre HTTP/1.1" 200 21120 "-" "Mozilla/5.0 (compatible; Googlebot/2.1; +http://www.google.com/bot.html)"
66.249.79.237 - - [14/Jul/2025:01:07:26 +0000] "GET /?s=90857271011490&mod=ab9a1c10&uri=article.php%3Fid%3D3032057-611%26name%3Dbuy+sling+bags+for+men+online HTTP/1.1" 200 22580 "-" "Mozilla/5.0 (compatible; Googlebot/2.1; +http://www.google.com/bot.html)"
66.249.79.224 - - [14/Jul/2025:01:07:26 +0000] "GET /safe_search/config?return_url=%2Fproduct%2Fdetail%2F91483246070490 HTTP/1.1" 200 21944 "-" "Mozilla/5.0 (compatible; Googlebot/2.1; +http://www.google.com/bot.html)"
66.249.79.238 - - [14/Jul/2025:01:07:26 +0000] "GET /?s=62482996031490&mod=aa568ecc&uri=news.php%3Fid%3D2085131-677%26name%3Dhb+belts HTTP/1.1" 200 21769 "-" "Mozilla/5.0 (compatible; Googlebot/2.1; +http://www.google.com/bot.html)"
66.249.79.237 - - [14/Jul/2025:01:07:26 +0000] "GET /?s=20560246021490&mod=9cecbb6f&uri=info.php%3Fid%3D686315-344%26name%3Dlebron+james+total+years+in+nba HTTP/1.1" 200 21821 "-" "Mozilla/5.0 (compatible; Googlebot/2.1; +http://www.google.com/bot.html)"
66.249.79.236 - - [14/Jul/2025:01:07:26 +0000] "GET /?s=19338633011490&mod=e16a7577&uri=blog.php%3Fid%3D645560-248%26name%3Dperfume+black+friday+deals HTTP/1.1" 200 21755 "-" "Mozilla/5.0 (compatible; Googlebot/2.1; +http://www.google.com/bot.html)"
66.249.79.237 - - [14/Jul/2025:01:07:26 +0000] "GET /?s=19342593011490&mod=e16a7577&uri=news.php%3Fid%3D645692-248%26name%3Dchanel+red+bottle+perfume HTTP/1.1" 200 21903 "-" "Mozilla/5.0 (compatible; Googlebot/2.1; +http://www.google.com/bot.html)"
66.249.79.237 - - [14/Jul/2025:01:07:38 +0000] "POST /get-message-notify HTTP/1.1" 200 22031 "https://gardenify.com.au/?s=62485396041490&mod=aa568ecc&uri=pin.php%3Fid%3D2085211-677%26name%3Dcarlos+diaz+belts" "Mozilla/5.0 AppleWebKit/537.36 (KHTML, like Gecko; compatible; Googlebot/2.1; +http://www.google.com/bot.html) Chrome/137.0.7151.119 Safari/537.36"
66.249.79.236 - - [14/Jul/2025:01:07:38 +0000] "POST /get-message-notify HTTP/1.1" 200 22036 "https://gardenify.com.au/?s=109055117051490&mod=f36c9507&uri=article.php%3Fid%3D3639514-314%26name%3Dpopeline+totenkopf" "Mozilla/5.0 AppleWebKit/537.36 (KHTML, like Gecko; compatible; Googlebot/2.1; +http://www.google.com/bot.html) Chrome/137.0.7151.119 Safari/537.36"
66.249.79.226 - - [14/Jul/2025:01:07:40 +0000] "POST /get-message-notify HTTP/1.1" 200 22038 "https://gardenify.com.au/?s=91482466051490&mod=b63bc3c4&uri=category-info.php%3Fid%3D3052940-683%26name%3Dplayeras+personalizadas+de+pascua" "Mozilla/5.0 AppleWebKit/537.36 (KHTML, like Gecko; compatible; Googlebot/2.1; +http://www.google.com/bot.html) Chrome/137.0.7151.119 Safari/537.36"
66.249.79.238 - - [14/Jul/2025:01:07:40 +0000] "POST /get-message-notify HTTP/1.1" 200 22046 "https://gardenify.com.au/?s=108983972071490&mod=05ec78c1&uri=shared.php%3Fid%3D3637141-1663%26name%3Datletico+jersey+2019" "Mozilla/5.0 AppleWebKit/537.36 (KHTML, like Gecko; compatible; Googlebot/2.1; +http://www.google.com/bot.html) Chrome/137.0.7151.119 Safari/537.36"
66.249.79.224 - - [14/Jul/2025:01:07:41 +0000] "POST /get-message-notify HTTP/1.1" 200 22044 "https://gardenify.com.au/?s=62482996031490&mod=aa568ecc&uri=news.php%3Fid%3D2085131-677%26name%3Dhb+belts" "Mozilla/5.0 AppleWebKit/537.36 (KHTML, like Gecko; compatible; Googlebot/2.1; +http://www.google.com/bot.html) Chrome/137.0.7151.119 Safari/537.36"
66.249.79.236 - - [14/Jul/2025:01:07:46 +0000] "GET /safe_search/config?return_url=%2Fproduct%2Fdetail%2F72766370030490 HTTP/1.1" 200 22368 "-" "Mozilla/5.0 (compatible; Googlebot/2.1; +http://www.google.com/bot.html)"
66.249.79.226 - - [14/Jul/2025:01:07:47 +0000] "GET /?s=72763010061490&mod=8ab58f33&uri=product.php%3Fid%3D2428179-1290%26name%3Dnike+de+suela+alta HTTP/1.1" 200 21127 "-" "Mozilla/5.0 (compatible; Googlebot/2.1; +http://www.google.com/bot.html)"
66.249.79.236 - - [14/Jul/2025:01:07:47 +0000] "GET /?s=109051997011490&mod=f36c9507&uri=category-info.php%3Fid%3D3639410-314%26name%3Dkleidung+aus+leinen+und+baumwolle HTTP/1.1" 200 21266 "-" "Mozilla/5.0 (compatible; Googlebot/2.1; +http://www.google.com/bot.html)"
66.249.79.226 - - [14/Jul/2025:01:07:47 +0000] "GET /?s=19338273051490&mod=e16a7577&uri=pin.php%3Fid%3D645548-248%26name%3Dbelle+noire+perfume HTTP/1.1" 200 22290 "-" "Mozilla/5.0 (compatible; Googlebot/2.1; +http://www.google.com/bot.html)"
66.249.79.236 - - [14/Jul/2025:01:07:48 +0000] "GET /?s=62477596131490&mod=aa568ecc&uri=news.php%3Fid%3D2084951-677%26name%3Dcorset+garter+belt HTTP/1.1" 200 21584 "-" "Mozilla/5.0 (compatible; Googlebot/2.1; +http://www.google.com/bot.html)"
66.249.79.238 - - [14/Jul/2025:01:07:48 +0000] "GET /?s=20561806021490&mod=9cecbb6f&uri=shop.php%3Fid%3D686367-344%26name%3Dmark+jackson+lebron+wife HTTP/1.1" 200 22327 "-" "Mozilla/5.0 (compatible; Googlebot/2.1; +http://www.google.com/bot.html)"
66.249.79.238 - - [14/Jul/2025:01:07:48 +0000] "GET /?s=19343133091490&mod=e16a7577&uri=products.php%3Fid%3D645710-248%26name%3Dperfume+in+a+bow+bottle HTTP/1.1" 200 21792 "-" "Mozilla/5.0 (compatible; Googlebot/2.1; +http://www.google.com/bot.html)"
66.249.79.226 - - [14/Jul/2025:01:07:49 +0000] "GET /?s=91482436081490&mod=b63bc3c4&uri=form.php%3Fid%3D3052939-683%26name%3Dmarcas+ropa+caras+hombre HTTP/1.1" 200 21126 "-" "Mozilla/5.0 (compatible; Googlebot/2.1; +http://www.google.com/bot.html)"
66.249.79.236 - - [14/Jul/2025:01:07:49 +0000] "GET /?s=91483186081490&mod=b63bc3c4&uri=info.php%3Fid%3D3052964-683%26name%3Dpareos+playa+aliexpress HTTP/1.1" 200 21122 "-" "Mozilla/5.0 (compatible; Googlebot/2.1; +http://www.google.com/bot.html)"
66.249.79.225 - - [14/Jul/2025:01:07:49 +0000] "GET /?s=19340253031490&mod=e16a7577&uri=products.php%3Fid%3D645614-248%26name%3Dgold+commodity+fragrance HTTP/1.1" 200 22497 "-" "Mozilla/5.0 (compatible; Googlebot/2.1; +http://www.google.com/bot.html)"
66.249.79.238 - - [14/Jul/2025:01:07:49 +0000] "GET /?s=91481176041490&mod=b63bc3c4&uri=product.php%3Fid%3D3052897-683%26name%3Dantonio+miro+trajes+hombre HTTP/1.1" 200 22028 "-" "Mozilla/5.0 (compatible; Googlebot/2.1; +http://www.google.com/bot.html)"
