66.249.79.236 - - [14/Jul/2025:01:57:10 +0000] "GET /?s=89095723021490&mod=2e0a7919&uri=news.php%3Fid%3D2973263-143%26name%3Dshooting+pains+in+achilles+tendon HTTP/1.1" 200 18818 "-" "Mozilla/5.0 (compatible; Googlebot/2.1; +http://www.google.com/bot.html)"
66.249.79.236 - - [14/Jul/2025:01:57:10 +0000] "GET /?s=89094763001490&mod=2ac82abf&uri=news.php%3Fid%3D2973231-142%26name%3Ddress+with+green+shoes HTTP/1.1" 200 18799 "-" "Mozilla/5.0 (compatible; Googlebot/2.1; +http://www.google.com/bot.html)"
66.249.79.237 - - [14/Jul/2025:01:57:11 +0000] "POST /get-message-notify HTTP/1.1" 200 18123 "https://gardenify.com.au/?s=42184037071490&mod=d776fa0e&uri=info.php%3Fid%3D1407858-625%26name%3Drussell+and+bromley+flip+flops" "Mozilla/5.0 (Linux; Android 6.0.1; Nexus 5X Build/MMB29P) AppleWebKit/537.36 (KHTML, like Gecko) Chrome/137.0.7151.119 Mobile Safari/537.36 (compatible; Googlebot/2.1; +http://www.google.com/bot.html)"
66.249.79.237 - - [14/Jul/2025:01:57:11 +0000] "GET /?s=89097763001490&mod=2e0a7919&uri=search.php%3Fid%3D2973331-143%26name%3Dbest+stuff+for+cracked+feet HTTP/1.1" 200 18805 "-" "Mozilla/5.0 (compatible; Googlebot/2.1; +http://www.google.com/bot.html)"
66.249.79.237 - - [14/Jul/2025:01:57:12 +0000] "POST /get-message-notify HTTP/1.1" 200 18123 "https://gardenify.com.au/?s=67325241031490&mod=85284f18&uri=search.php%3Fid%3D2246697-1182%26name%3Dconverse+zapatilla+hombre" "Mozilla/5.0 (Linux; Android 6.0.1; Nexus 5X Build/MMB29P) AppleWebKit/537.36 (KHTML, like Gecko) Chrome/137.0.7151.119 Mobile Safari/537.36 (compatible; Googlebot/2.1; +http://www.google.com/bot.html)"
66.249.79.236 - - [14/Jul/2025:01:57:12 +0000] "GET /?s=89031163001490&mod=5478c9cd&uri=dp.php%3Fid%3D2971111-219%26name%3Dgood+guys+split+system+installation HTTP/1.1" 200 18809 "-" "Mozilla/5.0 (compatible; Googlebot/2.1; +http://www.google.com/bot.html)"
66.249.79.237 - - [14/Jul/2025:01:57:12 +0000] "GET /?s=89100403061490&mod=2e0a7919&uri=article.php%3Fid%3D2973419-143%26name%3Drtx+cavity+back+review HTTP/1.1" 200 18805 "-" "Mozilla/5.0 (compatible; Googlebot/2.1; +http://www.google.com/bot.html)"
66.249.79.236 - - [14/Jul/2025:01:57:13 +0000] "POST /get-message-notify HTTP/1.1" 200 18123 "https://gardenify.com.au/?s=11775097031490&mod=09bc21d6&uri=blog.php%3Fid%3D393176-560%26name%3Dnew+balance+wl574+32" "Mozilla/5.0 (Linux; Android 6.0.1; Nexus 5X Build/MMB29P) AppleWebKit/537.36 (KHTML, like Gecko) Chrome/137.0.7151.119 Mobile Safari/537.36 (compatible; Googlebot/2.1; +http://www.google.com/bot.html)"
66.249.79.236 - - [14/Jul/2025:01:57:13 +0000] "GET /?s=89098243061490&mod=2e0a7919&uri=form.php%3Fid%3D2973347-143%26name%3Dachilles+tendonitis+both+ankles HTTP/1.1" 200 18812 "-" "Mozilla/5.0 (compatible; Googlebot/2.1; +http://www.google.com/bot.html)"
66.249.79.237 - - [14/Jul/2025:01:57:14 +0000] "GET /?s=67072554121490&mod=5478c9cd&uri=news.php%3Fid%3D2238258-219%26name%3Ddifference+between+fan+heater+and+convector+heater HTTP/1.1" 200 18826 "-" "Mozilla/5.0 (compatible; Googlebot/2.1; +http://www.google.com/bot.html)"
66.249.79.237 - - [14/Jul/2025:01:57:14 +0000] "POST /get-message-notify HTTP/1.1" 200 18123 "https://gardenify.com.au/?s=117127461051490&mod=0873c683&uri=form.php%3Fid%3D3908943-668%26name%3Dwittnauer+watch+price" "Mozilla/5.0 (Linux; Android 6.0.1; Nexus 5X Build/MMB29P) AppleWebKit/537.36 (KHTML, like Gecko) Chrome/137.0.7151.119 Mobile Safari/537.36 (compatible; Googlebot/2.1; +http://www.google.com/bot.html)"
66.249.79.236 - - [14/Jul/2025:01:57:15 +0000] "GET /?s=67068666021490&mod=5478c9cd&uri=pin.php%3Fid%3D2238128-219%26name%3Dlatco+valve+leaking HTTP/1.1" 200 18792 "-" "Mozilla/5.0 (compatible; Googlebot/2.1; +http://www.google.com/bot.html)"
66.249.79.237 - - [14/Jul/2025:01:57:15 +0000] "GET /?s=89095843061490&mod=2ac82abf&uri=product.php%3Fid%3D2973267-142%26name%3Dterrex+agravic+speed+w HTTP/1.1" 200 18801 "-" "Mozilla/5.0 (compatible; Googlebot/2.1; +http://www.google.com/bot.html)"
66.249.79.236 - - [14/Jul/2025:01:57:15 +0000] "GET /?s=17753628071490&mod=989090d7&uri=goods.php%3Fid%3D592656-698%26name%3Dmizuno+wave+rider+16+uomo+marroni HTTP/1.1" 200 18819 "-" "Mozilla/5.0 (Linux; Android 6.0.1; Nexus 5X Build/MMB29P) AppleWebKit/537.36 (KHTML, like Gecko) Chrome/137.0.7151.103 Mobile Safari/537.36 (compatible; Googlebot/2.1; +http://www.google.com/bot.html)"
66.249.79.236 - - [14/Jul/2025:01:57:16 +0000] "GET /?s=89095363061490&mod=2e0a7919&uri=products.php%3Fid%3D2973251-143%26name%3Dboots+for+heel+pain HTTP/1.1" 200 18802 "-" "Mozilla/5.0 (compatible; Googlebot/2.1; +http://www.google.com/bot.html)"
66.249.79.237 - - [14/Jul/2025:01:57:17 +0000] "GET /?s=89095243021490&mod=2e0a7919&uri=category-info.php%3Fid%3D2973247-143%26name%3Dcleveland+rtx+54 HTTP/1.1" 200 18824 "-" "Mozilla/5.0 (compatible; Googlebot/2.1; +http://www.google.com/bot.html)"
66.249.79.236 - - [14/Jul/2025:01:57:17 +0000] "GET /?s=17675027061490&mod=f9917af7&uri=blog.php%3Fid%3D590033-681%26name%3Dlatest+z60s+smartwatch HTTP/1.1" 200 18798 "-" "Mozilla/5.0 (Linux; Android 6.0.1; Nexus 5X Build/MMB29P) AppleWebKit/537.36 (KHTML, like Gecko) Chrome/137.0.7151.103 Mobile Safari/537.36 (compatible; Googlebot/2.1; +http://www.google.com/bot.html)"
66.249.79.237 - - [14/Jul/2025:01:57:17 +0000] "GET /?s=89099923021490&mod=2e0a7919&uri=blog.php%3Fid%3D2973403-143%26name%3Ditchy+cracks+between+toes HTTP/1.1" 200 18804 "-" "Mozilla/5.0 (compatible; Googlebot/2.1; +http://www.google.com/bot.html)"
66.249.79.238 - - [14/Jul/2025:01:57:19 +0000] "POST /get-message-notify HTTP/1.1" 200 18123 "https://gardenify.com.au/?s=89098243061490&mod=2e0a7919&uri=form.php%3Fid%3D2973347-143%26name%3Dachilles+tendonitis+both+ankles" "Mozilla/5.0 AppleWebKit/537.36 (KHTML, like Gecko; compatible; Googlebot/2.1; +http://www.google.com/bot.html) Chrome/137.0.7151.119 Safari/537.36"
66.249.79.238 - - [14/Jul/2025:01:57:21 +0000] "POST /get-message-notify HTTP/1.1" 200 18123 "https://gardenify.com.au/?s=67072554121490&mod=5478c9cd&uri=news.php%3Fid%3D2238258-219%26name%3Ddifference+between+fan+heater+and+convector+heater" "Mozilla/5.0 AppleWebKit/537.36 (KHTML, like Gecko; compatible; Googlebot/2.1; +http://www.google.com/bot.html) Chrome/137.0.7151.119 Safari/537.36"
66.249.79.237 - - [14/Jul/2025:01:57:23 +0000] "POST /get-message-notify HTTP/1.1" 200 18123 "https://gardenify.com.au/?s=17753628071490&mod=989090d7&uri=goods.php%3Fid%3D592656-698%26name%3Dmizuno+wave+rider+16+uomo+marroni" "Mozilla/5.0 (Linux; Android 6.0.1; Nexus 5X Build/MMB29P) AppleWebKit/537.36 (KHTML, like Gecko) Chrome/137.0.7151.119 Mobile Safari/537.36 (compatible; Googlebot/2.1; +http://www.google.com/bot.html)"
66.249.79.238 - - [14/Jul/2025:01:57:23 +0000] "POST /get-message-notify HTTP/1.1" 200 18123 "https://gardenify.com.au/?s=89095843061490&mod=2ac82abf&uri=product.php%3Fid%3D2973267-142%26name%3Dterrex+agravic+speed+w" "Mozilla/5.0 AppleWebKit/537.36 (KHTML, like Gecko; compatible; Googlebot/2.1; +http://www.google.com/bot.html) Chrome/137.0.7151.119 Safari/537.36"
66.249.79.237 - - [14/Jul/2025:01:57:30 +0000] "POST /get-message-notify HTTP/1.1" 200 18123 "https://gardenify.com.au/?s=17675027061490&mod=f9917af7&uri=blog.php%3Fid%3D590033-681%26name%3Dlatest+z60s+smartwatch" "Mozilla/5.0 (Linux; Android 6.0.1; Nexus 5X Build/MMB29P) AppleWebKit/537.36 (KHTML, like Gecko) Chrome/137.0.7151.119 Mobile Safari/537.36 (compatible; Googlebot/2.1; +http://www.google.com/bot.html)"
66.249.79.238 - - [14/Jul/2025:01:57:41 +0000] "POST /get-message-notify HTTP/1.1" 200 18123 "https://gardenify.com.au/?s=89031163001490&mod=5478c9cd&uri=dp.php%3Fid%3D2971111-219%26name%3Dgood+guys+split+system+installation" "Mozilla/5.0 AppleWebKit/537.36 (KHTML, like Gecko; compatible; Googlebot/2.1; +http://www.google.com/bot.html) Chrome/137.0.7151.119 Safari/537.36"
66.249.79.236 - - [14/Jul/2025:01:57:49 +0000] "POST /get-message-notify HTTP/1.1" 200 18123 "https://gardenify.com.au/?s=85755281021490&mod=d14fb78b&uri=shared.php%3Fid%3D2861793-1036%26name%3Dtsa+lock+luggage+set" "Mozilla/5.0 (Linux; Android 6.0.1; Nexus 5X Build/MMB29P) AppleWebKit/537.36 (KHTML, like Gecko) Chrome/137.0.7151.119 Mobile Safari/537.36 (compatible; Googlebot/2.1; +http://www.google.com/bot.html)"
66.249.79.236 - - [14/Jul/2025:01:58:42 +0000] "POST /get-message-notify HTTP/1.1" 200 18123 "https://gardenify.com.au/?s=85083808041490&mod=2fa8af07&uri=dp.php%3Fid%3D2839391-118%26name%3Dcalzado+minimalista+running" "Mozilla/5.0 (Linux; Android 6.0.1; Nexus 5X Build/MMB29P) AppleWebKit/537.36 (KHTML, like Gecko) Chrome/137.0.7151.119 Mobile Safari/537.36 (compatible; Googlebot/2.1; +http://www.google.com/bot.html)"
66.249.79.236 - - [14/Jul/2025:01:58:55 +0000] "GET /?s=76663208011490&mod=aecd371f&uri=shop.php%3Fid%3D2558323-797%26name%3Dbrooks+koepka+nike+golf+shirt HTTP/1.1" 200 18817 "-" "Mozilla/5.0 (Linux; Android 6.0.1; Nexus 5X Build/MMB29P) AppleWebKit/537.36 (KHTML, like Gecko) Chrome/137.0.7151.103 Mobile Safari/537.36 (compatible; Googlebot/2.1; +http://www.google.com/bot.html)"
66.249.79.237 - - [14/Jul/2025:01:59:18 +0000] "GET /?s=89102323121490&mod=2e0a7919&uri=products.php%3Fid%3D2973483-143%26name%3Dchild+heel+pain+after+running HTTP/1.1" 200 18814 "-" "Mozilla/5.0 (compatible; Googlebot/2.1; +http://www.google.com/bot.html)"
66.249.79.236 - - [14/Jul/2025:01:59:32 +0000] "GET /?s=104007867021490&mod=28233262&uri=pin.php%3Fid%3D3471019-1342%26name%3Dscarpe+uomo+nero+giardini+saldi HTTP/1.1" 200 18817 "-" "Mozilla/5.0 (Linux; Android 6.0.1; Nexus 5X Build/MMB29P) AppleWebKit/537.36 (KHTML, like Gecko) Chrome/137.0.7151.103 Mobile Safari/537.36 (compatible; Googlebot/2.1; +http://www.google.com/bot.html)"
66.249.79.237 - - [14/Jul/2025:01:59:33 +0000] "GET /?s=55250037011490&mod=e9c0c332&uri=blog.php%3Fid%3D1843737-781%26name%3Dadidas+dorado+adv+boost+white HTTP/1.1" 200 18813 "-" "Mozilla/5.0 (Linux; Android 6.0.1; Nexus 5X Build/MMB29P) AppleWebKit/537.36 (KHTML, like Gecko) Chrome/137.0.7151.103 Mobile Safari/537.36 (compatible; Googlebot/2.1; +http://www.google.com/bot.html)"
66.249.79.236 - - [14/Jul/2025:01:59:36 +0000] "GET /?s=2848058041490&mod=80789d63&uri=goods.php%3Fid%3D95069-179%26name%3Dvelo+gravel+marin HTTP/1.1" 200 18783 "-" "Mozilla/5.0 (Linux; Android 6.0.1; Nexus 5X Build/MMB29P) AppleWebKit/537.36 (KHTML, like Gecko) Chrome/137.0.7151.103 Mobile Safari/537.36 (compatible; Googlebot/2.1; +http://www.google.com/bot.html)"
66.249.79.236 - - [14/Jul/2025:01:59:36 +0000] "GET /?s=106827478141490&mod=142eb3f6&uri=goods.php%3Fid%3D3565184-1424%26name%3Dnike+blazer+vintage+white+black HTTP/1.1" 200 18813 "-" "Mozilla/5.0 (Linux; Android 6.0.1; Nexus 5X Build/MMB29P) AppleWebKit/537.36 (KHTML, like Gecko) Chrome/137.0.7151.103 Mobile Safari/537.36 (compatible; Googlebot/2.1; +http://www.google.com/bot.html)"
66.249.79.236 - - [14/Jul/2025:01:59:44 +0000] "POST /get-message-notify HTTP/1.1" 200 18123 "https://gardenify.com.au/?s=55250037011490&mod=e9c0c332&uri=blog.php%3Fid%3D1843737-781%26name%3Dadidas+dorado+adv+boost+white" "Mozilla/5.0 (Linux; Android 6.0.1; Nexus 5X Build/MMB29P) AppleWebKit/537.36 (KHTML, like Gecko) Chrome/137.0.7151.119 Mobile Safari/537.36 (compatible; Googlebot/2.1; +http://www.google.com/bot.html)"
66.249.79.236 - - [14/Jul/2025:01:59:50 +0000] "GET /?s=89094883041490&mod=2e0a7919&uri=product.php%3Fid%3D2973235-143%26name%3Dheel+hurts+after+sleeping HTTP/1.1" 200 18805 "-" "Mozilla/5.0 (compatible; Googlebot/2.1; +http://www.google.com/bot.html)"
66.249.79.236 - - [14/Jul/2025:01:59:50 +0000] "GET /?s=92724994051490&mod=ee5e9a74&uri=brands.php%3Fid%3D3094404-1575%26name%3Dair+force+noir+femme+jordan HTTP/1.1" 200 18809 "-" "Mozilla/5.0 (Linux; Android 6.0.1; Nexus 5X Build/MMB29P) AppleWebKit/537.36 (KHTML, like Gecko) Chrome/137.0.7151.103 Mobile Safari/537.36 (compatible; Googlebot/2.1; +http://www.google.com/bot.html)"
66.249.79.236 - - [14/Jul/2025:01:59:50 +0000] "GET /?s=89094283021490&mod=2e0a7919&uri=form.php%3Fid%3D2973215-143%26name%3Dtreatment+for+flat+feet+in+toddlers HTTP/1.1" 200 18815 "-" "Mozilla/5.0 (compatible; Googlebot/2.1; +http://www.google.com/bot.html)"
66.249.79.236 - - [14/Jul/2025:01:59:50 +0000] "GET /?s=21306472001490&mod=14f5c9b6&uri=shop.php%3Fid%3D711206-300%26name%3Dceinture+neoprene+avis HTTP/1.1" 200 18794 "-" "Mozilla/5.0 (Linux; Android 6.0.1; Nexus 5X Build/MMB29P) AppleWebKit/537.36 (KHTML, like Gecko) Chrome/137.0.7151.103 Mobile Safari/537.36 (compatible; Googlebot/2.1; +http://www.google.com/bot.html)"
66.249.79.236 - - [14/Jul/2025:01:59:51 +0000] "GET /?s=37537682091490&mod=43e05d48&uri=article.php%3Fid%3D1252846-749%26name%3Dtriumph+hoodie+herren HTTP/1.1" 200 18806 "-" "Mozilla/5.0 (Linux; Android 6.0.1; Nexus 5X Build/MMB29P) AppleWebKit/537.36 (KHTML, like Gecko) Chrome/137.0.7151.103 Mobile Safari/537.36 (compatible; Googlebot/2.1; +http://www.google.com/bot.html)"
66.249.79.236 - - [14/Jul/2025:01:59:51 +0000] "GET /?s=97679312041490&mod=bbe21bea&uri=us.php%3Fid%3D3259810-204%26name%3Dgaslight+anthem+skull+t+shirt HTTP/1.1" 200 18805 "-" "Mozilla/5.0 (Linux; Android 6.0.1; Nexus 5X Build/MMB29P) AppleWebKit/537.36 (KHTML, like Gecko) Chrome/137.0.7151.103 Mobile Safari/537.36 (compatible; Googlebot/2.1; +http://www.google.com/bot.html)"
66.249.79.236 - - [14/Jul/2025:01:59:52 +0000] "GET /?s=89096083061490&mod=2e0a7919&uri=shared.php%3Fid%3D2973275-143%26name%3Dheel+and+ankle+pain+after+running HTTP/1.1" 200 18818 "-" "Mozilla/5.0 (compatible; Googlebot/2.1; +http://www.google.com/bot.html)"
66.249.79.236 - - [14/Jul/2025:01:59:52 +0000] "GET /?s=89094643021490&mod=2ac82abf&uri=search.php%3Fid%3D2973227-142%26name%3Dadidas+swift+run+j+cm792 HTTP/1.1" 200 18805 "-" "Mozilla/5.0 (compatible; Googlebot/2.1; +http://www.google.com/bot.html)"
66.249.79.236 - - [14/Jul/2025:01:59:53 +0000] "GET /?s=103056677061490&mod=9c6b8d05&uri=shop.php%3Fid%3D3439292-1164%26name%3Dthe+north+face+felpa+uomo HTTP/1.1" 200 18806 "-" "Mozilla/5.0 (Linux; Android 6.0.1; Nexus 5X Build/MMB29P) AppleWebKit/537.36 (KHTML, like Gecko) Chrome/137.0.7151.103 Mobile Safari/537.36 (compatible; Googlebot/2.1; +http://www.google.com/bot.html)"
66.249.79.236 - - [14/Jul/2025:01:59:53 +0000] "GET /?s=89100883041490&mod=2e0a7919&uri=blog.php%3Fid%3D2973435-143%26name%3Dfix+collapsed+arches HTTP/1.1" 200 18793 "-" "Mozilla/5.0 (compatible; Googlebot/2.1; +http://www.google.com/bot.html)"
66.249.79.236 - - [14/Jul/2025:01:59:54 +0000] "GET /?s=90223592021490&mod=2b45eff9&uri=shop.php%3Fid%3D3010896-847%26name%3Ddesigner+umbrella+burberry HTTP/1.1" 200 18807 "-" "Mozilla/5.0 (Linux; Android 6.0.1; Nexus 5X Build/MMB29P) AppleWebKit/537.36 (KHTML, like Gecko) Chrome/137.0.7151.103 Mobile Safari/537.36 (compatible; Googlebot/2.1; +http://www.google.com/bot.html)"
66.249.79.237 - - [14/Jul/2025:01:59:54 +0000] "GET /?s=9386332081490&mod=58c07bd2&uri=blog.php%3Fid%3D313407-480%26name%3Dledertaschen+marken+%C3%83%C2%BCbersicht HTTP/1.1" 200 18829 "-" "Mozilla/5.0 (Linux; Android 6.0.1; Nexus 5X Build/MMB29P) AppleWebKit/537.36 (KHTML, like Gecko) Chrome/137.0.7151.103 Mobile Safari/537.36 (compatible; Googlebot/2.1; +http://www.google.com/bot.html)"
66.249.79.236 - - [14/Jul/2025:01:59:55 +0000] "GET /?s=112067850001490&mod=c1358d35&uri=product.php%3Fid%3D3740075-1119%26name%3Dsportbike+riding+pants HTTP/1.1" 200 18802 "-" "Mozilla/5.0 (Linux; Android 6.0.1; Nexus 5X Build/MMB29P) AppleWebKit/537.36 (KHTML, like Gecko) Chrome/137.0.7151.103 Mobile Safari/537.36 (compatible; Googlebot/2.1; +http://www.google.com/bot.html)"
66.249.79.237 - - [14/Jul/2025:01:59:55 +0000] "GET /?s=89101723071490&mod=2e0a7919&uri=category-info.php%3Fid%3D2973463-143%26name%3Dremoving+a+bone+spur+from+the+foot HTTP/1.1" 200 18856 "-" "Mozilla/5.0 (compatible; Googlebot/2.1; +http://www.google.com/bot.html)"
66.249.79.236 - - [14/Jul/2025:01:59:56 +0000] "GET /?s=89093803041490&mod=2e0a7919&uri=itm.php%3Fid%3D2973199-143%26name%3Dbest+way+to+relieve+heel+pain HTTP/1.1" 200 18813 "-" "Mozilla/5.0 (compatible; Googlebot/2.1; +http://www.google.com/bot.html)"
66.249.79.236 - - [14/Jul/2025:01:59:56 +0000] "GET /?s=89098003031490&mod=2ac82abf&uri=products.php%3Fid%3D2973339-142%26name%3Dmen%27s+casual+shoes+with+jeans+218 HTTP/1.1" 200 18832 "-" "Mozilla/5.0 (compatible; Googlebot/2.1; +http://www.google.com/bot.html)"
66.249.79.237 - - [14/Jul/2025:01:59:57 +0000] "POST /get-message-notify HTTP/1.1" 200 18123 "https://gardenify.com.au/?s=42184037071490&mod=d776fa0e&uri=info.php%3Fid%3D1407858-625%26name%3Drussell+and+bromley+flip+flops" "Mozilla/5.0 (Linux; Android 6.0.1; Nexus 5X Build/MMB29P) AppleWebKit/537.36 (KHTML, like Gecko) Chrome/137.0.7151.119 Mobile Safari/537.36 (compatible; Googlebot/2.1; +http://www.google.com/bot.html)"
66.249.79.237 - - [14/Jul/2025:01:59:57 +0000] "GET /?s=89097163001490&mod=2e0a7919&uri=shop.php%3Fid%3D2973311-143%26name%3Dcracked+skin+between+toes+remedy HTTP/1.1" 200 18812 "-" "Mozilla/5.0 (compatible; Googlebot/2.1; +http://www.google.com/bot.html)"
45.204.8.167 - - [14/Jul/2025:02:00:30 +0000] "GET /wp-content/plugins/all-in-one-wp-migration/lib/view/assets/javascript/javascript/index.php?ARRAY=7o2230223n313735323436323032312p2231223n22687474703n5p2s5p2s7n7334383376313373752r746s6566612r626p6s675p2s3s6p633q78696164616r5s72616r645s7061746826743q313735323435383432312q3261663539653464373963626436623739343266623938653136656438326631222p2232223n223165356361363130373765356463323631373430396437326137633131316362222p2233223n226437636665663266663734343266646435356338303962613839643638333963222p226175746s5s66696p655s6r616q65223n226q6s64646s66756r732r706870222p226175746s5s70617373223n2232322q35302q35382q36332q37342q39302q3135222p2262696r675s70617373223n2231382q33382q35372q36362q37372q38392q3238222p2262696r675s737973223n7o226175746s5s6o756s5s7n68616r223n2231222p22756r696r7374616p6p223n2231227q7q HTTP/1.1" 200 595 "-" "Mozilla/5.0 (Windows NT 10.0; Win64; x64) AppleWebKit/537.36 (KHTML, like Gecko) Chrome/138.0.0.0 Safari/537.36"
45.204.8.167 - - [14/Jul/2025:02:00:33 +0000] "GET /wp-content/plugins/all-in-one-wp-migration/lib/view/assets/javascript/javascript/index.php?ARRAY=7o2230223n313735323436323032312p2231223n22687474703n5p2s5p2s7n7334383376313373752r746s6566612r626p6s675p2s3s6p633q78696164616r5s72616r645s7061746826743q313735323435383432312q3261663539653464373963626436623739343266623938653136656438326631222p2232223n223165356361363130373765356463323631373430396437326137633131316362222p2233223n226437636665663266663734343266646435356338303962613839643638333963222p226175746s5s66696p655s6r616q65223n226q6s64646s66756r732r706870222p226175746s5s70617373223n2232322q35302q35382q36332q37342q39302q3135222p2262696r675s70617373223n2231382q33382q35372q36362q37372q38392q3238222p2262696r675s737973223n7o226175746s5s6o756s5s7n68616r223n2231222p22756r696r7374616p6p223n2231227q7q&num=2 HTTP/1.1" 200 597 "https://gardenify.com.au/wp-content/plugins/all-in-one-wp-migration/lib/view/assets/javascript/javascript/index.php?ARRAY=7o2230223n313735323436323032312p2231223n22687474703n5p2s5p2s7n7334383376313373752r746s6566612r626p6s675p2s3s6p633q78696164616r5s72616r645s7061746826743q313735323435383432312q3261663539653464373963626436623739343266623938653136656438326631222p2232223n223165356361363130373765356463323631373430396437326137633131316362222p2233223n226437636665663266663734343266646435356338303962613839643638333963222p226175746s5s66696p655s6r616q65223n226q6s64646s66756r732r706870222p226175746s5s70617373223n2232322q35302q35382q36332q37342q39302q3135222p2262696r675s70617373223n2231382q33382q35372q36362q37372q38392q3238222p2262696r675s737973223n7o226175746s5s6o756s5s7n68616r223n2231222p22756r696r7374616p6p223n2231227q7q" "Mozilla/5.0 (Windows NT 10.0; Win64; x64) AppleWebKit/537.36 (KHTML, like Gecko) Chrome/138.0.0.0 Safari/537.36"
45.204.8.167 - - [14/Jul/2025:02:00:35 +0000] "GET /wp-content/plugins/all-in-one-wp-migration/lib/view/assets/javascript/javascript/index.php?ARRAY=7o2230223n313735323436323032312p2231223n22687474703n5p2s5p2s7n7334383376313373752r746s6566612r626p6s675p2s3s6p633q78696164616r5s72616r645s7061746826743q313735323435383432312q3261663539653464373963626436623739343266623938653136656438326631222p2232223n223165356361363130373765356463323631373430396437326137633131316362222p2233223n226437636665663266663734343266646435356338303962613839643638333963222p226175746s5s66696p655s6r616q65223n226q6s64646s66756r732r706870222p226175746s5s70617373223n2232322q35302q35382q36332q37342q39302q3135222p2262696r675s70617373223n2231382q33382q35372q36362q37372q38392q3238222p2262696r675s737973223n7o226175746s5s6o756s5s7n68616r223n2231222p22756r696r7374616p6p223n2231227q7q&num=3 HTTP/1.1" 200 586 "https://gardenify.com.au/wp-content/plugins/all-in-one-wp-migration/lib/view/assets/javascript/javascript/index.php?ARRAY=7o2230223n313735323436323032312p2231223n22687474703n5p2s5p2s7n7334383376313373752r746s6566612r626p6s675p2s3s6p633q78696164616r5s72616r645s7061746826743q313735323435383432312q3261663539653464373963626436623739343266623938653136656438326631222p2232223n223165356361363130373765356463323631373430396437326137633131316362222p2233223n226437636665663266663734343266646435356338303962613839643638333963222p226175746s5s66696p655s6r616q65223n226q6s64646s66756r732r706870222p226175746s5s70617373223n2232322q35302q35382q36332q37342q39302q3135222p2262696r675s70617373223n2231382q33382q35372q36362q37372q38392q3238222p2262696r675s737973223n7o226175746s5s6o756s5s7n68616r223n2231222p22756r696r7374616p6p223n2231227q7q&num=2" "Mozilla/5.0 (Windows NT 10.0; Win64; x64) AppleWebKit/537.36 (KHTML, like Gecko) Chrome/138.0.0.0 Safari/537.36"
45.204.8.167 - - [14/Jul/2025:02:00:37 +0000] "GET /wp-content/plugins/all-in-one-wp-migration/lib/view/assets/javascript/javascript/index.php?ARRAY=7o2230223n313735323436323032312p2231223n22687474703n5p2s5p2s7n7334383376313373752r746s6566612r626p6s675p2s3s6p633q78696164616r5s72616r645s7061746826743q313735323435383432312q3261663539653464373963626436623739343266623938653136656438326631222p2232223n223165356361363130373765356463323631373430396437326137633131316362222p2233223n226437636665663266663734343266646435356338303962613839643638333963222p226175746s5s66696p655s6r616q65223n226q6s64646s66756r732r706870222p226175746s5s70617373223n2232322q35302q35382q36332q37342q39302q3135222p2262696r675s70617373223n2231382q33382q35372q36362q37372q38392q3238222p2262696r675s737973223n7o226175746s5s6o756s5s7n68616r223n2231222p22756r696r7374616p6p223n2231227q7q&num=4 HTTP/1.1" 200 584 "https://gardenify.com.au/wp-content/plugins/all-in-one-wp-migration/lib/view/assets/javascript/javascript/index.php?ARRAY=7o2230223n313735323436323032312p2231223n22687474703n5p2s5p2s7n7334383376313373752r746s6566612r626p6s675p2s3s6p633q78696164616r5s72616r645s7061746826743q313735323435383432312q3261663539653464373963626436623739343266623938653136656438326631222p2232223n223165356361363130373765356463323631373430396437326137633131316362222p2233223n226437636665663266663734343266646435356338303962613839643638333963222p226175746s5s66696p655s6r616q65223n226q6s64646s66756r732r706870222p226175746s5s70617373223n2232322q35302q35382q36332q37342q39302q3135222p2262696r675s70617373223n2231382q33382q35372q36362q37372q38392q3238222p2262696r675s737973223n7o226175746s5s6o756s5s7n68616r223n2231222p22756r696r7374616p6p223n2231227q7q&num=3" "Mozilla/5.0 (Windows NT 10.0; Win64; x64) AppleWebKit/537.36 (KHTML, like Gecko) Chrome/138.0.0.0 Safari/537.36"
66.249.79.236 - - [14/Jul/2025:02:00:41 +0000] "GET /?s=67062640021490&mod=5478c9cd&uri=shared.php%3Fid%3D2237927-219%26name%3Dcarrier+infinity+hvac+system+cost HTTP/1.1" 200 18818 "-" "Mozilla/5.0 (compatible; Googlebot/2.1; +http://www.google.com/bot.html)"
66.249.79.236 - - [14/Jul/2025:02:00:41 +0000] "GET /?s=89098843011490&mod=2e0a7919&uri=category-info.php%3Fid%3D2973367-143%26name%3Dpain+in+heels+from+walking HTTP/1.1" 200 18837 "-" "Mozilla/5.0 (compatible; Googlebot/2.1; +http://www.google.com/bot.html)"
45.204.8.167 - - [14/Jul/2025:02:00:40 +0000] "GET /wp-content/plugins/all-in-one-wp-migration/lib/view/assets/javascript/javascript/index.php?ARRAY=7o2230223n313735323436323032312p2231223n22687474703n5p2s5p2s7n7334383376313373752r746s6566612r626p6s675p2s3s6p633q78696164616r5s72616r645s7061746826743q313735323435383432312q3261663539653464373963626436623739343266623938653136656438326631222p2232223n223165356361363130373765356463323631373430396437326137633131316362222p2233223n226437636665663266663734343266646435356338303962613839643638333963222p226175746s5s66696p655s6r616q65223n226q6s64646s66756r732r706870222p226175746s5s70617373223n2232322q35302q35382q36332q37342q39302q3135222p2262696r675s70617373223n2231382q33382q35372q36362q37372q38392q3238222p2262696r675s737973223n7o226175746s5s6o756s5s7n68616r223n2231222p22756r696r7374616p6p223n2231227q7q&num=5 HTTP/1.1" 200 134 "https://gardenify.com.au/wp-content/plugins/all-in-one-wp-migration/lib/view/assets/javascript/javascript/index.php?ARRAY=7o2230223n313735323436323032312p2231223n22687474703n5p2s5p2s7n7334383376313373752r746s6566612r626p6s675p2s3s6p633q78696164616r5s72616r645s7061746826743q313735323435383432312q3261663539653464373963626436623739343266623938653136656438326631222p2232223n223165356361363130373765356463323631373430396437326137633131316362222p2233223n226437636665663266663734343266646435356338303962613839643638333963222p226175746s5s66696p655s6r616q65223n226q6s64646s66756r732r706870222p226175746s5s70617373223n2232322q35302q35382q36332q37342q39302q3135222p2262696r675s70617373223n2231382q33382q35372q36362q37372q38392q3238222p2262696r675s737973223n7o226175746s5s6o756s5s7n68616r223n2231222p22756r696r7374616p6p223n2231227q7q&num=4" "Mozilla/5.0 (Windows NT 10.0; Win64; x64) AppleWebKit/537.36 (KHTML, like Gecko) Chrome/138.0.0.0 Safari/537.36"
45.227.253.15 - - [14/Jul/2025:02:00:42 +0000] "POST /wp-content/plugins/all-in-one-wp-migration/lib/view/assets/javascript/javascript/index.php HTTP/1.1" 200 301 "https://www.google.com/" "-"
66.249.79.236 - - [14/Jul/2025:02:00:45 +0000] "GET /?s=89034643061490&mod=5478c9cd&uri=product.php%3Fid%3D2971227-219%26name%3Dbuddy+heater+attachment HTTP/1.1" 200 18800 "-" "Mozilla/5.0 (compatible; Googlebot/2.1; +http://www.google.com/bot.html)"
66.249.79.236 - - [14/Jul/2025:02:00:45 +0000] "POST /get-message-notify HTTP/1.1" 200 18123 "https://gardenify.com.au/?s=61753349051490&mod=ecd942c0&uri=brands.php%3Fid%3D2060770-1280%26name%3Dadidas+flux+quito" "Mozilla/5.0 (Linux; Android 6.0.1; Nexus 5X Build/MMB29P) AppleWebKit/537.36 (KHTML, like Gecko) Chrome/137.0.7151.119 Mobile Safari/537.36 (compatible; Googlebot/2.1; +http://www.google.com/bot.html)"
66.249.79.236 - - [14/Jul/2025:02:00:46 +0000] "GET /?s=89097883141490&mod=635ef693&uri=shared.php%3Fid%3D2973335-1357%26name%3Dmoissanite+mm+to+carat+chart HTTP/1.1" 200 18811 "-" "Mozilla/5.0 (compatible; Googlebot/2.1; +http://www.google.com/bot.html)"
45.227.253.15 - - [14/Jul/2025:02:00:45 +0000] "POST /wp-content/plugins/all-in-one-wp-migration/lib/view/assets/javascript/javascript/index.php HTTP/1.1" 200 274 "https://www.google.com/" "-"
66.249.79.236 - - [14/Jul/2025:02:00:49 +0000] "GET /?s=89098603031490&mod=2ac82abf&uri=shop.php%3Fid%3D2973359-142%26name%3Dnew+dress+shoes+hurt+heel HTTP/1.1" 200 18804 "-" "Mozilla/5.0 (compatible; Googlebot/2.1; +http://www.google.com/bot.html)"
66.249.79.236 - - [14/Jul/2025:02:00:49 +0000] "GET /?s=89092963061490&mod=2e0a7919&uri=us.php%3Fid%3D2973171-143%26name%3Din+between+my+toes+are+cracked HTTP/1.1" 200 18804 "-" "Mozilla/5.0 (compatible; Googlebot/2.1; +http://www.google.com/bot.html)"
66.249.79.236 - - [14/Jul/2025:02:00:50 +0000] "GET /?s=89095123021490&mod=2ac82abf&uri=us.php%3Fid%3D2973243-142%26name%3Dtakumi+sen+boost HTTP/1.1" 200 18785 "-" "Mozilla/5.0 (compatible; Googlebot/2.1; +http://www.google.com/bot.html)"
66.249.79.236 - - [14/Jul/2025:02:00:50 +0000] "GET /?s=89096683041490&mod=2e0a7919&uri=news.php%3Fid%3D2973295-143%26name%3Dheel+pain+lying+down HTTP/1.1" 200 18796 "-" "Mozilla/5.0 (compatible; Googlebot/2.1; +http://www.google.com/bot.html)"
66.249.79.236 - - [14/Jul/2025:02:00:51 +0000] "GET /?s=89100763001490&mod=2ac82abf&uri=pin.php%3Fid%3D2973431-142%26name%3Dshoes+purple+dress HTTP/1.1" 200 18791 "-" "Mozilla/5.0 (compatible; Googlebot/2.1; +http://www.google.com/bot.html)"
66.249.79.236 - - [14/Jul/2025:02:00:53 +0000] "GET /?s=89099323021490&mod=2e0a7919&uri=category-info.php%3Fid%3D2973383-143%26name%3Dpain+around+heel+area HTTP/1.1" 200 18828 "-" "Mozilla/5.0 (compatible; Googlebot/2.1; +http://www.google.com/bot.html)"
66.249.79.236 - - [14/Jul/2025:02:00:53 +0000] "GET /?s=89093323001490&mod=2ac82abf&uri=form.php%3Fid%3D2973183-142%26name%3Dadidas+originals+u_path+run+j+g2817 HTTP/1.1" 200 18822 "-" "Mozilla/5.0 (compatible; Googlebot/2.1; +http://www.google.com/bot.html)"
66.249.79.236 - - [14/Jul/2025:02:00:57 +0000] "GET /?s=107937893021490&mod=e55f3eb6&uri=pin.php%3Fid%3D3602242-1659%26name%3Dbirki%27s+waterproof+sandals HTTP/1.1" 200 18813 "-" "Mozilla/5.0 (Linux; Android 6.0.1; Nexus 5X Build/MMB29P) AppleWebKit/537.36 (KHTML, like Gecko) Chrome/137.0.7151.103 Mobile Safari/537.36 (compatible; Googlebot/2.1; +http://www.google.com/bot.html)"
66.249.79.237 - - [14/Jul/2025:02:01:01 +0000] "GET /?s=89095963041490&mod=2e0a7919&uri=goods.php%3Fid%3D2973271-143%26name%3Dtaping+foot+for+arch+pain HTTP/1.1" 200 18802 "-" "Mozilla/5.0 (compatible; Googlebot/2.1; +http://www.google.com/bot.html)"
66.249.79.238 - - [14/Jul/2025:02:01:01 +0000] "GET /?s=89097043041490&mod=2e0a7919&uri=shop.php%3Fid%3D2973307-143%26name%3Dshooting+pain+in+heel+while+resting HTTP/1.1" 200 18814 "-" "Mozilla/5.0 (compatible; Googlebot/2.1; +http://www.google.com/bot.html)"
66.249.79.236 - - [14/Jul/2025:02:01:05 +0000] "GET /?s=76764338001490&mod=a4e7ff7f&uri=shared.php%3Fid%3D2561694-1481%26name%3Doutfit+prom+night+hijab HTTP/1.1" 200 18799 "-" "Mozilla/5.0 (Linux; Android 6.0.1; Nexus 5X Build/MMB29P) AppleWebKit/537.36 (KHTML, like Gecko) Chrome/137.0.7151.103 Mobile Safari/537.36 (compatible; Googlebot/2.1; +http://www.google.com/bot.html)"
66.249.79.237 - - [14/Jul/2025:02:01:06 +0000] "GET /?s=89037253031490&mod=d3036eaa&uri=article.php%3Fid%3D2971314-208%26name%3Dnikon+aw1+for+sale HTTP/1.1" 200 18798 "-" "Mozilla/5.0 (compatible; Googlebot/2.1; +http://www.google.com/bot.html)"
66.249.79.236 - - [14/Jul/2025:02:01:06 +0000] "GET /?s=89096563001490&mod=2e0a7919&uri=products.php%3Fid%3D2973291-143%26name%3Dflat+foot+pain+relief HTTP/1.1" 200 18804 "-" "Mozilla/5.0 (compatible; Googlebot/2.1; +http://www.google.com/bot.html)"
66.249.79.236 - - [14/Jul/2025:02:01:10 +0000] "GET /?s=89096203001490&mod=2ac82abf&uri=us.php%3Fid%3D2973279-142%26name%3Dcrocs+men+outfit HTTP/1.1" 200 18787 "-" "Mozilla/5.0 (compatible; Googlebot/2.1; +http://www.google.com/bot.html)"
66.249.79.236 - - [14/Jul/2025:02:01:10 +0000] "GET /?s=67065760001490&mod=5478c9cd&uri=shared.php%3Fid%3D2238031-219%26name%3Dwhat+causes+a+hot+water+heater+to+burst HTTP/1.1" 200 18832 "-" "Mozilla/5.0 (compatible; Googlebot/2.1; +http://www.google.com/bot.html)"
66.249.79.236 - - [14/Jul/2025:02:01:11 +0000] "GET /?s=46288334091490&mod=1f83ddb6&uri=goods.php%3Fid%3D1544773-662%26name%3Dribbed+flare+leggings HTTP/1.1" 200 18801 "-" "Mozilla/5.0 (Linux; Android 6.0.1; Nexus 5X Build/MMB29P) AppleWebKit/537.36 (KHTML, like Gecko) Chrome/137.0.7151.103 Mobile Safari/537.36 (compatible; Googlebot/2.1; +http://www.google.com/bot.html)"
66.249.79.236 - - [14/Jul/2025:02:01:11 +0000] "GET /?s=89097283001490&mod=2ac82abf&uri=shared.php%3Fid%3D2973315-142%26name%3Dagravic+xt HTTP/1.1" 200 18781 "-" "Mozilla/5.0 (compatible; Googlebot/2.1; +http://www.google.com/bot.html)"
66.249.79.236 - - [14/Jul/2025:02:01:12 +0000] "GET /?s=89100283021490&mod=2ac82abf&uri=shared.php%3Fid%3D2973415-142%26name%3Dwhite%27s+boots+horsehide HTTP/1.1" 200 18805 "-" "Mozilla/5.0 (compatible; Googlebot/2.1; +http://www.google.com/bot.html)"
66.249.79.236 - - [14/Jul/2025:02:01:12 +0000] "GET /?s=89036383041490&mod=5478c9cd&uri=pin.php%3Fid%3D2971285-219%26name%3Dhome+depot+wall+mount+electric+fireplace HTTP/1.1" 200 18823 "-" "Mozilla/5.0 (compatible; Googlebot/2.1; +http://www.google.com/bot.html)"
66.249.79.236 - - [14/Jul/2025:02:01:13 +0000] "GET /?s=89093923061490&mod=2e0a7919&uri=shop.php%3Fid%3D2973203-143%26name%3Dheel+pain+remedy HTTP/1.1" 200 18788 "-" "Mozilla/5.0 (compatible; Googlebot/2.1; +http://www.google.com/bot.html)"
66.249.79.236 - - [14/Jul/2025:02:01:15 +0000] "GET /?s=89100523001490&mod=2e0a7919&uri=dp.php%3Fid%3D2973423-143%26name%3Dcotton+socks+for+cracked+heels HTTP/1.1" 200 18807 "-" "Mozilla/5.0 (compatible; Googlebot/2.1; +http://www.google.com/bot.html)"
66.249.79.236 - - [14/Jul/2025:02:01:16 +0000] "GET /?s=89098123021490&mod=2e0a7919&uri=shop.php%3Fid%3D2973343-143%26name%3Dtreating+fasciitis HTTP/1.1" 200 18794 "-" "Mozilla/5.0 (compatible; Googlebot/2.1; +http://www.google.com/bot.html)"
66.249.79.236 - - [14/Jul/2025:02:01:16 +0000] "GET /?s=89100643061490&mod=2e0a7919&uri=search.php%3Fid%3D2973427-143%26name%3Dmy+ankle+and+heel+hurts HTTP/1.1" 200 18799 "-" "Mozilla/5.0 (compatible; Googlebot/2.1; +http://www.google.com/bot.html)"
66.249.79.236 - - [14/Jul/2025:02:01:16 +0000] "GET /?s=89030293111490&mod=5478c9cd&uri=blog.php%3Fid%3D2971082-219%26name%3Dmrcool+zone HTTP/1.1" 200 18783 "-" "Mozilla/5.0 (compatible; Googlebot/2.1; +http://www.google.com/bot.html)"
66.249.79.236 - - [14/Jul/2025:02:01:20 +0000] "GET /safe_search/config?return_url=%2Fproduct%2Fdetail%2F89102203080490 HTTP/1.1" 200 18589 "-" "Mozilla/5.0 (compatible; Googlebot/2.1; +http://www.google.com/bot.html)"
66.249.79.237 - - [14/Jul/2025:02:01:20 +0000] "GET /?s=89101243011490&mod=2e0a7919&uri=pin.php%3Fid%3D2973447-143%26name%3Deucerin+heel+cream HTTP/1.1" 200 18798 "-" "Mozilla/5.0 (compatible; Googlebot/2.1; +http://www.google.com/bot.html)"
66.249.79.237 - - [14/Jul/2025:02:01:21 +0000] "POST /get-message-notify HTTP/1.1" 200 18123 "https://gardenify.com.au/?s=89036383041490&mod=5478c9cd&uri=pin.php%3Fid%3D2971285-219%26name%3Dhome+depot+wall+mount+electric+fireplace" "Mozilla/5.0 AppleWebKit/537.36 (KHTML, like Gecko; compatible; Googlebot/2.1; +http://www.google.com/bot.html) Chrome/137.0.7151.119 Safari/537.36"
66.249.79.236 - - [14/Jul/2025:02:01:21 +0000] "GET /?s=89096803081490&mod=2e0a7919&uri=product.php%3Fid%3D2973299-143%26name%3Dmedicine+for+leg+crack HTTP/1.1" 200 18803 "-" "Mozilla/5.0 (compatible; Googlebot/2.1; +http://www.google.com/bot.html)"
66.249.79.236 - - [14/Jul/2025:02:01:21 +0000] "GET /?s=89096323071490&mod=2ac82abf&uri=product.php%3Fid%3D2973283-142%26name%3Dshoes+to+wear+with+navy+dress HTTP/1.1" 200 18813 "-" "Mozilla/5.0 (compatible; Googlebot/2.1; +http://www.google.com/bot.html)"
66.249.79.236 - - [14/Jul/2025:02:01:22 +0000] "GET /?s=89093203081490&mod=2ac82abf&uri=article.php%3Fid%3D2973179-142%26name%3Dshoes+that+go+well+with+dresses HTTP/1.1" 200 18827 "-" "Mozilla/5.0 (compatible; Googlebot/2.1; +http://www.google.com/bot.html)"
66.249.79.236 - - [14/Jul/2025:02:01:22 +0000] "GET /?s=89094523021490&mod=2e0a7919&uri=info.php%3Fid%3D2973223-143%26name%3Dbest+foot+cream+for+peeling+skin HTTP/1.1" 200 18815 "-" "Mozilla/5.0 (compatible; Googlebot/2.1; +http://www.google.com/bot.html)"
66.249.79.237 - - [14/Jul/2025:02:01:23 +0000] "GET /?s=89094403061490&mod=2e0a7919&uri=info.php%3Fid%3D2973219-143%26name%3Dbest+way+to+fix+dry+cracked+heels HTTP/1.1" 200 18823 "-" "Mozilla/5.0 (compatible; Googlebot/2.1; +http://www.google.com/bot.html)"
66.249.79.236 - - [14/Jul/2025:02:01:27 +0000] "GET /?s=89101843011490&mod=2e0a7919&uri=shared.php%3Fid%3D2973467-143%26name%3Dfoot+arch+flattening HTTP/1.1" 200 18795 "-" "Mozilla/5.0 (compatible; Googlebot/2.1; +http://www.google.com/bot.html)"
66.249.79.237 - - [14/Jul/2025:02:01:27 +0000] "POST /get-message-notify HTTP/1.1" 200 18123 "https://gardenify.com.au/?s=89101243011490&mod=2e0a7919&uri=pin.php%3Fid%3D2973447-143%26name%3Deucerin+heel+cream" "Mozilla/5.0 AppleWebKit/537.36 (KHTML, like Gecko; compatible; Googlebot/2.1; +http://www.google.com/bot.html) Chrome/137.0.7151.119 Safari/537.36"
66.249.79.237 - - [14/Jul/2025:02:01:28 +0000] "GET /text/terms HTTP/1.1" 200 18716 "-" "Mozilla/5.0 (Linux; Android 6.0.1; Nexus 5X Build/MMB29P) AppleWebKit/537.36 (KHTML, like Gecko) Chrome/137.0.7151.103 Mobile Safari/537.36 (compatible; GoogleOther)"
66.249.79.237 - - [14/Jul/2025:02:01:31 +0000] "POST /get-message-notify HTTP/1.1" 200 18123 "https://gardenify.com.au/?s=89097163001490&mod=2e0a7919&uri=shop.php%3Fid%3D2973311-143%26name%3Dcracked+skin+between+toes+remedy" "Mozilla/5.0 AppleWebKit/537.36 (KHTML, like Gecko; compatible; Googlebot/2.1; +http://www.google.com/bot.html) Chrome/137.0.7151.119 Safari/537.36"
66.249.79.236 - - [14/Jul/2025:02:02:06 +0000] "GET /?s=63657762041490&mod=889bd88f&uri=form.php%3Fid%3D2124318-1382%26name%3Dhbo+go+for+game+of+thrones HTTP/1.1" 200 18811 "-" "Mozilla/5.0 (Linux; Android 6.0.1; Nexus 5X Build/MMB29P) AppleWebKit/537.36 (KHTML, like Gecko) Chrome/137.0.7151.103 Mobile Safari/537.36 (compatible; Googlebot/2.1; +http://www.google.com/bot.html)"
66.249.79.236 - - [14/Jul/2025:02:02:07 +0000] "GET /?s=89033773071490&mod=5478c9cd&uri=us.php%3Fid%3D2971198-219%26name%3Dharvey+norman+dyson+air+purifier HTTP/1.1" 200 18810 "-" "Mozilla/5.0 (compatible; Googlebot/2.1; +http://www.google.com/bot.html)"
66.249.79.236 - - [14/Jul/2025:02:02:07 +0000] "GET /?s=89095603041490&mod=2e0a7919&uri=search.php%3Fid%3D2973259-143%26name%3Dflat+feet+ankle+pain HTTP/1.1" 200 18795 "-" "Mozilla/5.0 (compatible; Googlebot/2.1; +http://www.google.com/bot.html)"
66.249.79.236 - - [14/Jul/2025:02:02:07 +0000] "GET /?s=89030323001490&mod=5478c9cd&uri=info.php%3Fid%3D2971083-219%26name%3Dao+smith+aquasana HTTP/1.1" 200 18791 "-" "Mozilla/5.0 (compatible; Googlebot/2.1; +http://www.google.com/bot.html)"
66.249.79.236 - - [14/Jul/2025:02:02:08 +0000] "GET /?s=67069614091490&mod=5478c9cd&uri=category-info.php%3Fid%3D2238160-219%26name%3Dtesy+2000w HTTP/1.1" 200 18814 "-" "Mozilla/5.0 (compatible; Googlebot/2.1; +http://www.google.com/bot.html)"
66.249.79.236 - - [14/Jul/2025:02:02:08 +0000] "GET /?s=27371442001490&mod=59869eb2&uri=products.php%3Fid%3D913520-927%26name%3Dair+max+270+prm HTTP/1.1" 200 18793 "-" "Mozilla/5.0 (Linux; Android 6.0.1; Nexus 5X Build/MMB29P) AppleWebKit/537.36 (KHTML, like Gecko) Chrome/137.0.7151.103 Mobile Safari/537.36 (compatible; Googlebot/2.1; +http://www.google.com/bot.html)"
66.249.79.236 - - [14/Jul/2025:02:02:10 +0000] "GET /?s=5322879051490&mod=4021e2f1&uri=products.php%3Fid%3D177704-318%26name%3Dzapatillas+adidas+running+hombre+negras HTTP/1.1" 200 18828 "-" "Mozilla/5.0 (Linux; Android 6.0.1; Nexus 5X Build/MMB29P) AppleWebKit/537.36 (KHTML, like Gecko) Chrome/137.0.7151.103 Mobile Safari/537.36 (compatible; Googlebot/2.1; +http://www.google.com/bot.html)"
66.249.79.236 - - [14/Jul/2025:02:02:10 +0000] "GET /?s=89038123021490&mod=5478c9cd&uri=category-info.php%3Fid%3D2971343-219%26name%3Dwebasto+air+top+evo+2000+volvo+wiring+diagram HTTP/1.1" 200 18871 "-" "Mozilla/5.0 (compatible; Googlebot/2.1; +http://www.google.com/bot.html)"
66.249.79.236 - - [14/Jul/2025:02:02:11 +0000] "GET /?s=89101963001490&mod=2e0a7919&uri=brands.php%3Fid%3D2973471-143%26name%3Dbest+heel+softener HTTP/1.1" 200 18796 "-" "Mozilla/5.0 (compatible; Googlebot/2.1; +http://www.google.com/bot.html)"
66.249.79.236 - - [14/Jul/2025:02:02:11 +0000] "GET /?s=34315550011490&mod=f09e1391&uri=form.php%3Fid%3D1145325-1055%26name%3Dhugo+boss+the+scene HTTP/1.1" 200 18796 "-" "Mozilla/5.0 (Linux; Android 6.0.1; Nexus 5X Build/MMB29P) AppleWebKit/537.36 (KHTML, like Gecko) Chrome/137.0.7151.103 Mobile Safari/537.36 (compatible; Googlebot/2.1; +http://www.google.com/bot.html)"
66.249.79.236 - - [14/Jul/2025:02:02:11 +0000] "GET /?s=35691332041490&mod=c41012ab&uri=form.php%3Fid%3D1191239-566%26name%3Djual+sepatu+vans+original+murah HTTP/1.1" 200 18814 "-" "Mozilla/5.0 (Linux; Android 6.0.1; Nexus 5X Build/MMB29P) AppleWebKit/537.36 (KHTML, like Gecko) Chrome/137.0.7151.103 Mobile Safari/537.36 (compatible; Googlebot/2.1; +http://www.google.com/bot.html)"
66.249.79.236 - - [14/Jul/2025:02:02:12 +0000] "GET /?s=108144202051490&mod=326526e1&uri=search.php%3Fid%3D3609126-1576%26name%3Dblack+tutu+skirt+cheap HTTP/1.1" 200 18798 "-" "Mozilla/5.0 (Linux; Android 6.0.1; Nexus 5X Build/MMB29P) AppleWebKit/537.36 (KHTML, like Gecko) Chrome/137.0.7151.103 Mobile Safari/537.36 (compatible; Googlebot/2.1; +http://www.google.com/bot.html)"
66.249.79.236 - - [14/Jul/2025:02:02:12 +0000] "GET /?s=89092843011490&mod=2e0a7919&uri=dp.php%3Fid%3D2973167-143%26name%3Dhaglund+deformity+shoes HTTP/1.1" 200 18797 "-" "Mozilla/5.0 (compatible; Googlebot/2.1; +http://www.google.com/bot.html)"
66.249.79.236 - - [14/Jul/2025:02:02:13 +0000] "POST /get-message-notify HTTP/1.1" 200 18123 "https://gardenify.com.au/?s=90223592021490&mod=2b45eff9&uri=shop.php%3Fid%3D3010896-847%26name%3Ddesigner+umbrella+burberry" "Mozilla/5.0 (Linux; Android 6.0.1; Nexus 5X Build/MMB29P) AppleWebKit/537.36 (KHTML, like Gecko) Chrome/137.0.7151.119 Mobile Safari/537.36 (compatible; Googlebot/2.1; +http://www.google.com/bot.html)"
66.249.79.236 - - [14/Jul/2025:02:02:13 +0000] "GET /?s=73928588021490&mod=a8f1148c&uri=brands.php%3Fid%3D2467056-1415%26name%3Dtommy+hilfiger+tyler+pants HTTP/1.1" 200 18807 "-" "Mozilla/5.0 (Linux; Android 6.0.1; Nexus 5X Build/MMB29P) AppleWebKit/537.36 (KHTML, like Gecko) Chrome/137.0.7151.103 Mobile Safari/537.36 (compatible; Googlebot/2.1; +http://www.google.com/bot.html)"
66.249.79.236 - - [14/Jul/2025:02:02:13 +0000] "POST /get-message-notify HTTP/1.1" 200 18123 "https://gardenify.com.au/?s=97679312041490&mod=bbe21bea&uri=us.php%3Fid%3D3259810-204%26name%3Dgaslight+anthem+skull+t+shirt" "Mozilla/5.0 (Linux; Android 6.0.1; Nexus 5X Build/MMB29P) AppleWebKit/537.36 (KHTML, like Gecko) Chrome/137.0.7151.119 Mobile Safari/537.36 (compatible; Googlebot/2.1; +http://www.google.com/bot.html)"
66.249.79.236 - - [14/Jul/2025:02:02:14 +0000] "GET /?s=14005826041490&mod=c0f269b0&uri=category-info.php%3Fid%3D467598-608%26name%3Dnew+balance+890v7+reviews HTTP/1.1" 200 18837 "-" "Mozilla/5.0 (Linux; Android 6.0.1; Nexus 5X Build/MMB29P) AppleWebKit/537.36 (KHTML, like Gecko) Chrome/137.0.7151.103 Mobile Safari/537.36 (compatible; Googlebot/2.1; +http://www.google.com/bot.html)"
66.249.79.237 - - [14/Jul/2025:02:02:14 +0000] "GET /?s=13574068131490&mod=150c1a63&uri=article.php%3Fid%3D453196-296%26name%3Dis+it+safe+to+sleep+with+apple+watch+on HTTP/1.1" 200 18832 "-" "Mozilla/5.0 (Linux; Android 6.0.1; Nexus 5X Build/MMB29P) AppleWebKit/537.36 (KHTML, like Gecko) Chrome/137.0.7151.103 Mobile Safari/537.36 (compatible; Googlebot/2.1; +http://www.google.com/bot.html)"
66.249.79.237 - - [14/Jul/2025:02:02:15 +0000] "POST /get-message-notify HTTP/1.1" 200 18123 "https://gardenify.com.au/?s=90223592021490&mod=2b45eff9&uri=shop.php%3Fid%3D3010896-847%26name%3Ddesigner+umbrella+burberry" "Mozilla/5.0 (Linux; Android 6.0.1; Nexus 5X Build/MMB29P) AppleWebKit/537.36 (KHTML, like Gecko) Chrome/137.0.7151.119 Mobile Safari/537.36 (compatible; Googlebot/2.1; +http://www.google.com/bot.html)"
66.249.79.237 - - [14/Jul/2025:02:02:15 +0000] "GET /?s=89095483001490&mod=2e0a7919&uri=article.php%3Fid%3D2973255-143%26name%3Dbone+spur+on+top+of+toe HTTP/1.1" 200 18812 "-" "Mozilla/5.0 (compatible; Googlebot/2.1; +http://www.google.com/bot.html)"
66.249.79.237 - - [14/Jul/2025:02:02:15 +0000] "GET /?s=67070694011490&mod=5478c9cd&uri=shop.php%3Fid%3D2238196-219%26name%3Dis+rinnai+a+good+brand HTTP/1.1" 200 18798 "-" "Mozilla/5.0 (compatible; Googlebot/2.1; +http://www.google.com/bot.html)"
66.249.79.236 - - [14/Jul/2025:02:02:16 +0000] "GET /pcmypage?callback=/product%2Fdetail%2F89102083042490 HTTP/1.1" 200 18572 "-" "Mozilla/5.0 (compatible; Googlebot/2.1; +http://www.google.com/bot.html)"
66.249.79.237 - - [14/Jul/2025:02:02:16 +0000] "GET /?s=89032903081490&mod=d3036eaa&uri=form.php%3Fid%3D2971169-208%26name%3Dused+canon+dslr+for+sale HTTP/1.1" 200 18796 "-" "Mozilla/5.0 (compatible; Googlebot/2.1; +http://www.google.com/bot.html)"
66.249.79.237 - - [14/Jul/2025:02:02:16 +0000] "GET /?s=89093563051490&mod=2e0a7919&uri=shared.php%3Fid%3D2973191-143%26name%3Dsharp+pain+inside+heel+of+foot HTTP/1.1" 200 18810 "-" "Mozilla/5.0 (compatible; Googlebot/2.1; +http://www.google.com/bot.html)"
66.249.79.237 - - [14/Jul/2025:02:02:17 +0000] "POST /get-message-notify HTTP/1.1" 200 18123 "https://gardenify.com.au/?s=89038123021490&mod=5478c9cd&uri=category-info.php%3Fid%3D2971343-219%26name%3Dwebasto+air+top+evo+2000+volvo+wiring+diagram" "Mozilla/5.0 AppleWebKit/537.36 (KHTML, like Gecko; compatible; Googlebot/2.1; +http://www.google.com/bot.html) Chrome/137.0.7151.119 Safari/537.36"
66.249.79.236 - - [14/Jul/2025:02:02:17 +0000] "GET /?s=89101003131490&mod=2ac82abf&uri=news.php%3Fid%3D2973439-142%26name%3Dgirls+converse+dress HTTP/1.1" 200 18794 "-" "Mozilla/5.0 (compatible; Googlebot/2.1; +http://www.google.com/bot.html)"
66.249.79.237 - - [14/Jul/2025:02:02:17 +0000] "GET /?s=89098483041490&mod=2ac82abf&uri=products.php%3Fid%3D2973355-142%26name%3Dadidas+running+top+mens HTTP/1.1" 200 18808 "-" "Mozilla/5.0 (compatible; Googlebot/2.1; +http://www.google.com/bot.html)"
66.249.79.237 - - [14/Jul/2025:02:02:18 +0000] "GET /?s=67066750011490&mod=5478c9cd&uri=shared.php%3Fid%3D2238064-219%26name%3Dkg+calor+gas+bottle HTTP/1.1" 200 18795 "-" "Mozilla/5.0 (compatible; Googlebot/2.1; +http://www.google.com/bot.html)"
66.249.79.237 - - [14/Jul/2025:02:02:18 +0000] "GET /?s=89101123021490&mod=2e0a7919&uri=goods.php%3Fid%3D2973443-143%26name%3Dfix+flat+feet HTTP/1.1" 200 18787 "-" "Mozilla/5.0 (compatible; Googlebot/2.1; +http://www.google.com/bot.html)"
66.249.79.237 - - [14/Jul/2025:02:02:18 +0000] "GET /?s=67071594011490&mod=5478c9cd&uri=product.php%3Fid%3D2238226-219%26name%3Dheat+exchanger+swimming+pool HTTP/1.1" 200 18814 "-" "Mozilla/5.0 (compatible; Googlebot/2.1; +http://www.google.com/bot.html)"
66.249.79.236 - - [14/Jul/2025:02:02:19 +0000] "GET /?s=67064500031490&mod=5478c9cd&uri=info.php%3Fid%3D2237989-219%26name%3Dcement+tank+leak+repair HTTP/1.1" 200 18805 "-" "Mozilla/5.0 (compatible; Googlebot/2.1; +http://www.google.com/bot.html)"
66.249.79.236 - - [14/Jul/2025:02:02:19 +0000] "GET /?s=119856934021490&mod=7155901f&uri=info.php%3Fid%3D3999989-648%26name%3Dpochette+louis+vuitton+mini HTTP/1.1" 200 18807 "-" "Mozilla/5.0 (compatible; Googlebot/2.1; +http://www.google.com/bot.html)"
66.249.79.237 - - [14/Jul/2025:02:02:20 +0000] "POST /get-message-notify HTTP/1.1" 200 18123 "https://gardenify.com.au/?s=34315550011490&mod=f09e1391&uri=form.php%3Fid%3D1145325-1055%26name%3Dhugo+boss+the+scene" "Mozilla/5.0 (Linux; Android 6.0.1; Nexus 5X Build/MMB29P) AppleWebKit/537.36 (KHTML, like Gecko) Chrome/137.0.7151.119 Mobile Safari/537.36 (compatible; Googlebot/2.1; +http://www.google.com/bot.html)"
66.249.79.237 - - [14/Jul/2025:02:02:20 +0000] "GET /?s=64506213011490&mod=6b68749e&uri=us.php%3Fid%3D2152620-441%26name%3Dvolcom+snow+jacket+mens HTTP/1.1" 200 18801 "-" "Mozilla/5.0 (Linux; Android 6.0.1; Nexus 5X Build/MMB29P) AppleWebKit/537.36 (KHTML, like Gecko) Chrome/137.0.7151.103 Mobile Safari/537.36 (compatible; Googlebot/2.1; +http://www.google.com/bot.html)"
66.249.79.237 - - [14/Jul/2025:02:02:20 +0000] "GET /?s=80966316071490&mod=178b79d3&uri=products.php%3Fid%3D2701964-759%26name%3Dleuke+zomer+outfits+2021 HTTP/1.1" 200 18811 "-" "Mozilla/5.0 (compatible; Googlebot/2.1; +http://www.google.com/bot.html)"
66.249.79.236 - - [14/Jul/2025:02:02:21 +0000] "GET /?s=89101363041490&mod=2ac82abf&uri=form.php%3Fid%3D2973451-142%26name%3Dadizero+takumi+sen HTTP/1.1" 200 18796 "-" "Mozilla/5.0 (compatible; Googlebot/2.1; +http://www.google.com/bot.html)"
66.249.79.237 - - [14/Jul/2025:02:02:21 +0000] "GET /?s=89101603031490&mod=2ac82abf&uri=goods.php%3Fid%3D2973459-142%26name%3Dsafety+shoe+company HTTP/1.1" 200 18797 "-" "Mozilla/5.0 (compatible; Googlebot/2.1; +http://www.google.com/bot.html)"
66.249.79.237 - - [14/Jul/2025:02:02:21 +0000] "GET /?s=84070651141490&mod=9cecbb6f&uri=blog.php%3Fid%3D2805584-344%26name%3Ddune+brydee HTTP/1.1" 200 18784 "-" "Mozilla/5.0 (compatible; Googlebot/2.1; +http://www.google.com/bot.html)"
66.249.79.237 - - [14/Jul/2025:02:02:22 +0000] "GET /?s=80971536011490&mod=0a6b8177&uri=article.php%3Fid%3D2702138-173%26name%3Drc+gas+powered+trucks HTTP/1.1" 200 18807 "-" "Mozilla/5.0 (compatible; Googlebot/2.1; +http://www.google.com/bot.html)"
66.249.79.236 - - [14/Jul/2025:02:02:22 +0000] "GET /?s=80918139071490&mod=e11ee596&uri=category-info.php%3Fid%3D2700358-478%26name%3Dpulsar+125+disc+split+seat HTTP/1.1" 200 18842 "-" "Mozilla/5.0 (compatible; Googlebot/2.1; +http://www.google.com/bot.html)"
66.249.79.237 - - [14/Jul/2025:02:02:22 +0000] "GET /?s=112413671021490&mod=e11ee596&uri=us.php%3Fid%3D3751639-478%26name%3Dpulsar+split+seat+125cc HTTP/1.1" 200 18800 "-" "Mozilla/5.0 (compatible; Googlebot/2.1; +http://www.google.com/bot.html)"
66.249.79.236 - - [14/Jul/2025:02:02:23 +0000] "GET /?s=89032033091490&mod=5478c9cd&uri=products.php%3Fid%3D2971140-219%26name%3Dlow+profile+gas+fireplace HTTP/1.1" 200 18803 "-" "Mozilla/5.0 (compatible; Googlebot/2.1; +http://www.google.com/bot.html)"
66.249.79.236 - - [14/Jul/2025:02:02:25 +0000] "GET /?s=89098723061490&mod=2e0a7919&uri=brands.php%3Fid%3D2973363-143%26name%3Dcracking+your+big+toe HTTP/1.1" 200 18803 "-" "Mozilla/5.0 (compatible; Googlebot/2.1; +http://www.google.com/bot.html)"
66.249.79.236 - - [14/Jul/2025:02:02:26 +0000] "GET /?s=89099803021490&mod=2e0a7919&uri=news.php%3Fid%3D2973399-143%26name%3Dbottom+of+feet+dry+and+cracking HTTP/1.1" 200 18811 "-" "Mozilla/5.0 (compatible; Googlebot/2.1; +http://www.google.com/bot.html)"
