Current File : /home/kelaby89/access-logs/gardenify.com.au.sixpack.studio-ssl_log |
209.74.77.214 - - [13/Jul/2025:12:18:52 +0000] "POST /wp-cron.php?doing_wp_cron=1752409132.7326359748840332031250 HTTP/1.1" 200 - "-" "WordPress/6.8.1; https://gardenify.com.au"
157.66.13.60 - - [13/Jul/2025:12:18:51 +0000] "POST /xmlrpc.php HTTP/1.1" 200 403 "-" "Mozilla/5.0 (Windows NT 10.0; Win64; x64) AppleWebKit/537.36 (KHTML, like Gecko) Chrome/80.0.3987.132 Safari/537.36"
209.74.77.214 - - [13/Jul/2025:12:18:52 +0000] "POST /wp-admin/admin-ajax.php?action=async_litespeed&nonce=8TmbZqnqv7KfrRQuXFQe1gb4yGz7L54L&litespeed_type=imgoptm HTTP/1.1" 200 21 "-" "WordPress/6.8.1; https://gardenify.com.au"
209.74.77.214 - - [13/Jul/2025:12:19:02 +0000] "POST /wp-cron.php?doing_wp_cron=1752409142.6413259506225585937500 HTTP/1.1" 200 - "-" "WordPress/6.8.1; https://gardenify.com.au"
157.66.13.60 - - [13/Jul/2025:12:19:02 +0000] "POST /xmlrpc.php HTTP/1.1" 200 403 "-" "Mozilla/5.0 (Windows NT 10.0; Win64; x64; rv:60.0) Gecko/20100101 Firefox/60.0"
154.211.15.224 - - [13/Jul/2025:12:19:12 +0000] "POST /xmlrpc.php HTTP/1.1" 200 403 "-" "Mozilla/5.0 (Windows NT 10.0; Win64; x64; rv:60.0) Gecko/20100101 Firefox/60.0"
90.156.143.133 - - [13/Jul/2025:12:19:13 +0000] "POST /xmlrpc.php HTTP/1.1" 200 403 "-" "Mozilla/5.0 (Windows NT 10.0; WOW64; rv:54.0) Gecko/20100101 Firefox/54.0"
41.111.172.42 - - [13/Jul/2025:12:19:17 +0000] "POST /xmlrpc.php HTTP/1.1" 200 403 "-" "Mozilla/5.0 (Windows NT 6.3; Win64; x64; rv:73.0) Gecko/20100101 Firefox/73.0"
103.72.96.84 - - [13/Jul/2025:12:19:18 +0000] "POST /xmlrpc.php HTTP/1.1" 200 403 "-" "Mozilla/5.0 (Linux; Android 10; LM-Q710(FGN)) AppleWebKit/537.36 (KHTML, like Gecko) Chrome/91.0.4472.114 Mobile Safari/537.36"
103.179.255.4 - - [13/Jul/2025:12:19:24 +0000] "POST /xmlrpc.php HTTP/1.1" 200 403 "-" "Mozilla/5.0 (Windows NT 10.0; Win64; x64) AppleWebKit/537.36 (KHTML, like Gecko) Chrome/79.0.3945.117 Safari/537.36"
209.74.77.214 - - [13/Jul/2025:12:20:22 +0000] "POST /wp-cron.php?doing_wp_cron=1752409222.6495931148529052734375 HTTP/1.1" 200 - "-" "WordPress/6.8.1; https://gardenify.com.au"
184.75.223.219 - - [13/Jul/2025:12:20:21 +0000] "POST /xmlrpc.php HTTP/1.1" 200 206 "-" "Go-http-client/1.1"
209.74.77.214 - - [13/Jul/2025:12:20:22 +0000] "POST /wp-admin/admin-ajax.php?action=async_litespeed&nonce=ZQLCaaYaYQiD3nPJUMn55B3UPX8kY6bS&litespeed_type=imgoptm HTTP/1.1" 200 21 "-" "WordPress/6.8.1; https://gardenify.com.au"
209.74.77.214 - - [13/Jul/2025:12:51:33 +0000] "POST /wp-cron.php?doing_wp_cron=1752411093.9279749393463134765625 HTTP/1.1" 200 - "-" "WordPress/6.8.1; https://gardenify.com.au"
134.19.179.187 - - [13/Jul/2025:12:51:32 +0000] "POST /xmlrpc.php HTTP/1.1" 200 206 "-" "Go-http-client/1.1"
209.74.77.214 - - [13/Jul/2025:12:51:34 +0000] "POST /wp-admin/admin-ajax.php?action=async_litespeed&nonce=WGXxqFcfiRt11jJ70UZcZmFAidubBMD3&litespeed_type=imgoptm HTTP/1.1" 200 21 "-" "WordPress/6.8.1; https://gardenify.com.au"
209.74.77.214 - - [13/Jul/2025:12:53:43 +0000] "POST /wp-cron.php?doing_wp_cron=1752411223.0330450534820556640625 HTTP/1.1" 200 - "-" "WordPress/6.8.1; https://gardenify.com.au"
209.74.77.214 - - [13/Jul/2025:12:53:43 +0000] "POST /wp-admin/admin-ajax.php?action=async_litespeed&nonce=U8wc6pb9oYKDGmhcCmTCx5GtisT3oMBX&litespeed_type=imgoptm HTTP/1.1" 200 21 "-" "WordPress/6.8.1; https://gardenify.com.au"
35.87.120.188 - - [13/Jul/2025:12:53:41 +0000] "GET / HTTP/1.1" 200 25741 "-" "Mozilla/5.0 (X11; Linux x86_64) AppleWebKit/537.36 (KHTML, like Gecko) Chrome/83.0.4103.97 Safari/537.36"
209.74.77.214 - - [13/Jul/2025:13:14:38 +0000] "POST /wp-cron.php?doing_wp_cron=1752412478.4873518943786621093750 HTTP/1.1" 200 - "-" "WordPress/6.8.1; https://gardenify.com.au"
94.247.172.129 - - [13/Jul/2025:13:14:37 +0000] "GET / HTTP/1.1" 301 - "-" "Mozilla/5.0 (Macintosh; Intel Mac OS X 10_9_2)"
209.74.77.214 - - [13/Jul/2025:13:14:38 +0000] "POST /wp-admin/admin-ajax.php?action=async_litespeed&nonce=Yvr0EDjocEtVIuRXWQ63ALSMcsiA6rJG&litespeed_type=imgoptm HTTP/1.1" 200 21 "-" "WordPress/6.8.1; https://gardenify.com.au"
94.247.172.129 - - [13/Jul/2025:13:14:39 +0000] "GET / HTTP/1.1" 200 25739 "-" "Mozilla/5.0 (Macintosh; Intel Mac OS X 10_9_2)"
209.74.77.214 - - [13/Jul/2025:13:20:11 +0000] "POST /wp-cron.php?doing_wp_cron=1752412811.1871290206909179687500 HTTP/1.1" 200 - "-" "WordPress/6.8.1; https://gardenify.com.au"
134.19.179.139 - - [13/Jul/2025:13:20:09 +0000] "POST /xmlrpc.php HTTP/1.1" 200 206 "-" "Go-http-client/1.1"
209.74.77.214 - - [13/Jul/2025:13:20:11 +0000] "POST /wp-admin/admin-ajax.php?action=async_litespeed&nonce=E8W1iaci7iSDVijxf5IOG6DjJt6CRc3m&litespeed_type=imgoptm HTTP/1.1" 200 21 "-" "WordPress/6.8.1; https://gardenify.com.au"
209.74.77.214 - - [13/Jul/2025:14:40:30 +0000] "POST /wp-cron.php?doing_wp_cron=1752417630.5506889820098876953125 HTTP/1.1" 200 - "-" "WordPress/6.8.1; https://gardenify.com.au"
209.74.77.214 - - [13/Jul/2025:14:40:30 +0000] "POST /wp-admin/admin-ajax.php?action=async_litespeed&nonce=c5Ofil1r4Hx8UUuxdhMpOH4nKRoCRdnd&litespeed_type=imgoptm HTTP/1.1" 200 21 "-" "WordPress/6.8.1; https://gardenify.com.au"
57.141.2.21 - - [13/Jul/2025:14:40:29 +0000] "GET / HTTP/1.1" 200 152388 "-" "meta-externalagent/1.1 (+https://developers.facebook.com/docs/sharing/webmasters/crawler)"
173.252.87.116 - - [13/Jul/2025:14:43:46 +0000] "GET /robots.txt HTTP/1.1" 200 74 "-" "facebookexternalhit/1.1 (+http://www.facebook.com/externalhit_uatext.php)"
209.74.77.214 - - [13/Jul/2025:14:43:48 +0000] "POST /wp-cron.php?doing_wp_cron=1752417828.9301230907440185546875 HTTP/1.1" 200 - "-" "WordPress/6.8.1; https://gardenify.com.au"
57.141.2.28 - - [13/Jul/2025:14:43:48 +0000] "GET / HTTP/1.1" 301 - "-" "meta-externalagent/1.1 (+https://developers.facebook.com/docs/sharing/webmasters/crawler)"
209.74.77.214 - - [13/Jul/2025:14:43:49 +0000] "POST /wp-admin/admin-ajax.php?action=async_litespeed&nonce=kbOM4SgBgPnZmx8x2SztOPYqQJtemKNl&litespeed_type=imgoptm HTTP/1.1" 200 21 "-" "WordPress/6.8.1; https://gardenify.com.au"
69.171.231.114 - - [13/Jul/2025:14:43:53 +0000] "GET /robots.txt HTTP/1.1" 200 74 "-" "facebookexternalhit/1.1 (+http://www.facebook.com/externalhit_uatext.php)"
209.74.77.214 - - [13/Jul/2025:14:44:20 +0000] "POST /wp-cron.php?doing_wp_cron=1752417860.2033610343933105468750 HTTP/1.1" 200 - "-" "WordPress/6.8.1; https://gardenify.com.au"
57.141.2.20 - - [13/Jul/2025:14:44:19 +0000] "GET /index.html HTTP/1.1" 404 50359 "-" "meta-externalagent/1.1 (+https://developers.facebook.com/docs/sharing/webmasters/crawler)"
209.74.77.214 - - [13/Jul/2025:14:44:20 +0000] "POST /wp-admin/admin-ajax.php?action=async_litespeed&nonce=DsWX1kpJQktpGtACKCWCaSmP8e8WZJfS&litespeed_type=imgoptm HTTP/1.1" 200 21 "-" "WordPress/6.8.1; https://gardenify.com.au"
69.171.231.114 - - [13/Jul/2025:14:44:30 +0000] "GET /robots.txt HTTP/1.1" 200 74 "-" "facebookexternalhit/1.1 (+http://www.facebook.com/externalhit_uatext.php)"
57.141.2.23 - - [13/Jul/2025:14:44:31 +0000] "GET /index.html HTTP/1.1" 301 - "-" "meta-externalagent/1.1 (+https://developers.facebook.com/docs/sharing/webmasters/crawler)"
209.74.77.214 - - [13/Jul/2025:15:17:53 +0000] "POST /wp-cron.php?doing_wp_cron=1752419873.8150329589843750000000 HTTP/1.1" 200 - "-" "WordPress/6.8.1; https://gardenify.com.au"
2a06:98c0:3600::103 - - [13/Jul/2025:15:17:52 +0000] "GET /wordpress/wp-admin/setup-config.php HTTP/1.1" 404 11750 "-" "Mozilla/5.0 (Windows NT 10.0; Win64; x64) AppleWebKit/537.36 (KHTML, like Gecko) Chrome/137.0.0.0 Safari/537.36"
209.74.77.214 - - [13/Jul/2025:15:17:53 +0000] "POST /wp-admin/admin-ajax.php?action=async_litespeed&nonce=KHgaxVcNbJJdRe1IqLW0dzA95THcl77m&litespeed_type=imgoptm HTTP/1.1" 200 21 "-" "WordPress/6.8.1; https://gardenify.com.au"
2a06:98c0:3600::103 - - [13/Jul/2025:15:20:26 +0000] "GET /wp-admin/setup-config.php HTTP/1.1" 409 1144 "-" "Mozilla/5.0 (Windows NT 10.0; Win64; x64) AppleWebKit/537.36 (KHTML, like Gecko) Chrome/137.0.0.0 Safari/537.36"
209.74.77.214 - - [13/Jul/2025:15:21:47 +0000] "POST /wp-admin/admin-ajax.php?action=async_litespeed&nonce=XuPSVjESfKriQVw8Fc31765yiKakglga&litespeed_type=imgoptm HTTP/1.1" 200 21 "-" "WordPress/6.8.1; https://gardenify.com.au"
69.171.249.112 - - [13/Jul/2025:15:24:52 +0000] "GET /robots.txt HTTP/1.1" 200 70 "-" "facebookexternalhit/1.1 (+http://www.facebook.com/externalhit_uatext.php)"
209.74.77.214 - - [13/Jul/2025:15:36:10 +0000] "POST /wp-cron.php?doing_wp_cron=1752420970.3047289848327636718750 HTTP/1.1" 200 - "-" "WordPress/6.8.1; https://gardenify.com.au"
198.44.159.42 - - [13/Jul/2025:15:36:08 +0000] "POST /xmlrpc.php HTTP/1.1" 200 206 "-" "Go-http-client/1.1"
209.74.77.214 - - [13/Jul/2025:15:36:10 +0000] "POST /wp-admin/admin-ajax.php?action=async_litespeed&nonce=kDzonbsxQdGO6P2i4rO790RYLmGGxb75&litespeed_type=imgoptm HTTP/1.1" 200 21 "-" "WordPress/6.8.1; https://gardenify.com.au"
209.74.77.214 - - [13/Jul/2025:15:51:06 +0000] "POST /wp-cron.php?doing_wp_cron=1752421866.5146229267120361328125 HTTP/1.1" 200 - "-" "WordPress/6.8.1; https://gardenify.com.au"
184.75.221.171 - - [13/Jul/2025:15:51:05 +0000] "POST /xmlrpc.php HTTP/1.1" 200 206 "-" "Go-http-client/1.1"
209.74.77.214 - - [13/Jul/2025:15:51:06 +0000] "POST /wp-admin/admin-ajax.php?action=async_litespeed&nonce=MOb3WJ6tSfje7dWCbH7x3GVDLbrLFnXg&litespeed_type=imgoptm HTTP/1.1" 200 21 "-" "WordPress/6.8.1; https://gardenify.com.au"
209.74.77.214 - - [13/Jul/2025:15:58:52 +0000] "POST /wp-cron.php?doing_wp_cron=1752422332.5575060844421386718750 HTTP/1.1" 200 - "-" "WordPress/6.8.1; https://gardenify.com.au"
34.41.138.109 - - [13/Jul/2025:15:58:51 +0000] "POST /xmlrpc.php HTTP/1.1" 200 403 "-" "Mozilla/5.0 (Windows NT 10.0; WOW64) AppleWebKit/537.36 (KHTML, like Gecko) Chrome/72.0.3626.121 Safari/537.36"
209.74.77.214 - - [13/Jul/2025:15:58:52 +0000] "POST /wp-admin/admin-ajax.php?action=async_litespeed&nonce=mzbyGCDlfixsajWy0Di3iaEhOpeIagQA&litespeed_type=imgoptm HTTP/1.1" 200 21 "-" "WordPress/6.8.1; https://gardenify.com.au"
209.74.77.214 - - [13/Jul/2025:15:59:01 +0000] "POST /wp-cron.php?doing_wp_cron=1752422341.2764120101928710937500 HTTP/1.1" 200 - "-" "WordPress/6.8.1; https://gardenify.com.au"
157.66.13.60 - - [13/Jul/2025:15:59:01 +0000] "POST /xmlrpc.php HTTP/1.1" 200 403 "-" "Mozilla/5.0 (iPad; CPU OS 14_6 like Mac OS X) AppleWebKit/605.1.15 (KHTML, like Gecko) CriOS/91.0.4472.80 Mobile/15E148 Safari/604.1"
51.178.146.199 - - [13/Jul/2025:15:59:02 +0000] "POST /xmlrpc.php HTTP/1.1" 200 403 "-" "Mozilla/5.0 (Linux; Android 10; LM-Q710(FGN)) AppleWebKit/537.36 (KHTML, like Gecko) Chrome/91.0.4472.114 Mobile Safari/537.36"
192.185.4.68 - - [13/Jul/2025:15:59:09 +0000] "POST /xmlrpc.php HTTP/1.1" 200 403 "-" "Mozilla/5.0 (Windows NT 10.0; WOW64) AppleWebKit/537.36 (KHTML, like Gecko) Chrome/72.0.3626.121 Safari/537.36"
92.118.56.197 - - [13/Jul/2025:15:59:14 +0000] "POST /xmlrpc.php HTTP/1.1" 200 403 "-" "Mozilla/5.0 (Windows NT 10.0) AppleWebKit/537.36 (KHTML, like Gecko) Chrome/72.0.3626.121 Safari/537.36"
47.56.160.31 - - [13/Jul/2025:15:59:18 +0000] "POST /xmlrpc.php HTTP/1.1" 200 403 "-" "Mozilla/5.0 (Windows NT 6.1; Win64; x64; rv:25.0) Gecko/20100101 Firefox/29.0"
209.74.77.214 - - [13/Jul/2025:16:05:03 +0000] "POST /wp-cron.php?doing_wp_cron=1752422703.4171171188354492187500 HTTP/1.1" 200 - "-" "WordPress/6.8.1; https://gardenify.com.au"
89.249.74.218 - - [13/Jul/2025:16:05:01 +0000] "POST /xmlrpc.php HTTP/1.1" 200 206 "-" "Go-http-client/1.1"
209.74.77.214 - - [13/Jul/2025:16:05:03 +0000] "POST /wp-admin/admin-ajax.php?action=async_litespeed&nonce=0ElxzpEQDUlkFzJsCwEFE1wlQK7CJafP&litespeed_type=imgoptm HTTP/1.1" 200 21 "-" "WordPress/6.8.1; https://gardenify.com.au"
216.73.216.58 - - [13/Jul/2025:17:08:57 +0000] "GET /robots.txt HTTP/1.1" 200 86 "-" "Mozilla/5.0 AppleWebKit/537.36 (KHTML, like Gecko; compatible; ClaudeBot/1.0; [email protected])"
216.73.216.58 - - [13/Jul/2025:17:08:57 +0000] "GET /wp-sitemap.xml HTTP/1.1" 200 67046 "-" "Mozilla/5.0 AppleWebKit/537.36 (KHTML, like Gecko; compatible; ClaudeBot/1.0; [email protected])"
209.74.77.214 - - [13/Jul/2025:18:19:59 +0000] "POST /wp-cron.php?doing_wp_cron=1752430799.7620029449462890625000 HTTP/1.1" 200 - "-" "WordPress/6.8.1; https://gardenify.com.au"
209.74.77.214 - - [13/Jul/2025:18:19:59 +0000] "POST /wp-cron.php?doing_wp_cron=1752430799.7619619369506835937500 HTTP/1.1" 200 - "-" "WordPress/6.8.1; https://gardenify.com.au"
207.244.240.203 - - [13/Jul/2025:18:19:58 +0000] "POST /xmlrpc.php HTTP/1.1" 200 403 "-" "Mozilla/5.0 (Windows NT 10.0; Win64; x64) AppleWebKit/537.36 (KHTML, like Gecko) Chrome/60.0.3112.113 Safari/537.36"
47.56.160.31 - - [13/Jul/2025:18:19:58 +0000] "POST /xmlrpc.php HTTP/1.1" 200 403 "-" "Mozilla/5.0 (Windows NT 10.0; Win64; x64) AppleWebKit/537.36 (KHTML, like Gecko) Chrome/74.0.3729.169 Safari/537.36"
209.74.77.214 - - [13/Jul/2025:18:19:59 +0000] "POST /wp-admin/admin-ajax.php?action=async_litespeed&nonce=j9UdCVtlj9eDWJj9zmiF6Af6f3Ot2djW&litespeed_type=imgoptm HTTP/1.1" 200 21 "-" "WordPress/6.8.1; https://gardenify.com.au"
165.22.24.56 - - [13/Jul/2025:18:20:26 +0000] "POST /xmlrpc.php HTTP/1.1" 200 403 "-" "Mozilla/5.0 (Windows NT 10.0; Win64; x64) AppleWebKit/537.36 (KHTML, like Gecko) Chrome/88.0.4324.104 Safari/537.36"
50.6.160.74 - - [13/Jul/2025:18:20:26 +0000] "POST /xmlrpc.php HTTP/1.1" 200 403 "-" "Mozilla/5.0 (Windows NT 10.0; Win64; x64; rv:59.0) Gecko/20100101 Firefox/59.0"
188.166.177.113 - - [13/Jul/2025:18:20:33 +0000] "POST /xmlrpc.php HTTP/1.1" 200 403 "-" "Mozilla/5.0 (Windows NT 6.1; WOW64; rv:18.0) Gecko/20100101 Firefox/18.0"
103.72.96.84 - - [13/Jul/2025:18:20:43 +0000] "POST /xmlrpc.php HTTP/1.1" 200 403 "-" "Mozilla/5.0 (Windows NT 10.0; Win64; x64; rv:78.0) Gecko/20100101 Firefox/78.0"
92.118.56.197 - - [13/Jul/2025:18:20:46 +0000] "POST /xmlrpc.php HTTP/1.1" 200 403 "-" "Mozilla/5.0 (Windows NT 6.1; WOW64; rv:42.0) Gecko/20100101 Firefox/42.0"
209.74.77.214 - - [13/Jul/2025:18:20:52 +0000] "POST /wp-cron.php?doing_wp_cron=1752430852.8357250690460205078125 HTTP/1.1" 200 - "-" "WordPress/6.8.1; https://gardenify.com.au"
92.255.175.106 - - [13/Jul/2025:18:20:52 +0000] "POST /xmlrpc.php HTTP/1.1" 200 403 "-" "Mozilla/5.0 (Windows NT 10.0; Win64; x64) AppleWebKit/537.36 (KHTML, like Gecko) Chrome/74.0.3729.157 Safari/537.36"
209.74.77.214 - - [13/Jul/2025:18:20:52 +0000] "POST /wp-admin/admin-ajax.php?action=async_litespeed&nonce=pHgEmUsx8eVG7X5xqh8O622NvhcBxQff&litespeed_type=imgoptm HTTP/1.1" 200 21 "-" "WordPress/6.8.1; https://gardenify.com.au"
209.74.77.214 - - [13/Jul/2025:18:20:56 +0000] "POST /wp-cron.php?doing_wp_cron=1752430856.9255959987640380859375 HTTP/1.1" 200 - "-" "WordPress/6.8.1; https://gardenify.com.au"
23.251.157.11 - - [13/Jul/2025:18:20:56 +0000] "POST /xmlrpc.php HTTP/1.1" 200 403 "-" "Mozilla/5.0 (Windows NT 10.0; Win64; x64; rv:79.0) Gecko/20100101 Firefox/79.0"
216.73.216.58 - - [13/Jul/2025:18:49:47 +0000] "GET /robots.txt HTTP/1.1" 200 86 "-" "Mozilla/5.0 AppleWebKit/537.36 (KHTML, like Gecko; compatible; ClaudeBot/1.0; [email protected])"
216.73.216.58 - - [13/Jul/2025:18:49:50 +0000] "GET /sitemap.xml HTTP/1.1" 200 66837 "-" "Mozilla/5.0 AppleWebKit/537.36 (KHTML, like Gecko; compatible; ClaudeBot/1.0; [email protected])"
209.74.77.214 - - [13/Jul/2025:19:18:36 +0000] "POST /wp-admin/admin-ajax.php?action=async_litespeed&nonce=zMFFxlufls8UDm6occQ4SzR9MTp5rlXu&litespeed_type=imgoptm HTTP/1.1" 200 21 "-" "WordPress/6.8.1; https://gardenify.com.au"
2a06:98c0:3600::103 - - [13/Jul/2025:19:19:50 +0000] "GET /wp-admin/setup-config.php HTTP/1.1" 409 1144 "-" "Mozilla/5.0 (Windows NT 10.0; Win64; x64) AppleWebKit/537.36 (KHTML, like Gecko) Chrome/137.0.0.0 Safari/537.36"
209.74.77.214 - - [13/Jul/2025:19:20:00 +0000] "POST /wp-cron.php?doing_wp_cron=1752434400.1555209159851074218750 HTTP/1.1" 200 - "-" "WordPress/6.8.1; https://gardenify.com.au"
2a06:98c0:3600::103 - - [13/Jul/2025:19:19:59 +0000] "GET /wordpress/wp-admin/setup-config.php HTTP/1.1" 404 11749 "-" "Mozilla/5.0 (Windows NT 10.0; Win64; x64) AppleWebKit/537.36 (KHTML, like Gecko) Chrome/137.0.0.0 Safari/537.36"
209.74.77.214 - - [13/Jul/2025:19:20:00 +0000] "POST /wp-admin/admin-ajax.php?action=async_litespeed&nonce=judi79XsGzVIAyHhroODq1HAhhv0RoFD&litespeed_type=imgoptm HTTP/1.1" 200 21 "-" "WordPress/6.8.1; https://gardenify.com.au"
209.74.77.214 - - [13/Jul/2025:19:50:12 +0000] "POST /wp-cron.php?doing_wp_cron=1752436212.9253680706024169921875 HTTP/1.1" 200 - "-" "WordPress/6.8.1; https://gardenify.com.au"
104.254.90.243 - - [13/Jul/2025:19:50:11 +0000] "POST /xmlrpc.php HTTP/1.1" 200 206 "-" "Go-http-client/1.1"
209.74.77.214 - - [13/Jul/2025:19:50:13 +0000] "POST /wp-admin/admin-ajax.php?action=async_litespeed&nonce=Yrlge8J34bE4HoeWbSqXXE68VGgEsu1n&litespeed_type=imgoptm HTTP/1.1" 200 21 "-" "WordPress/6.8.1; https://gardenify.com.au"
216.73.216.58 - - [13/Jul/2025:20:05:13 +0000] "GET /robots.txt HTTP/1.1" 200 86 "-" "Mozilla/5.0 AppleWebKit/537.36 (KHTML, like Gecko; compatible; ClaudeBot/1.0; [email protected])"
216.73.216.58 - - [13/Jul/2025:20:05:14 +0000] "GET /wp-sitemap.xml HTTP/1.1" 200 67190 "-" "Mozilla/5.0 AppleWebKit/537.36 (KHTML, like Gecko; compatible; ClaudeBot/1.0; [email protected])"
209.74.77.214 - - [13/Jul/2025:20:51:10 +0000] "POST /wp-cron.php?doing_wp_cron=1752439869.9891641139984130859375 HTTP/1.1" 200 - "-" "WordPress/6.8.1; https://gardenify.com.au"
101.43.151.37 - - [13/Jul/2025:20:51:08 +0000] "POST /xmlrpc.php HTTP/1.1" 200 403 "-" "Mozilla/5.0 (Windows NT 10.0; Win64; x64) AppleWebKit/537.36 (KHTML, like Gecko) Chrome/70.0.3538.102 Safari/537.36"
209.74.77.214 - - [13/Jul/2025:20:51:10 +0000] "POST /wp-admin/admin-ajax.php?action=async_litespeed&nonce=4euhJCSVREAySnj4frxumtPb6xmU2QIB&litespeed_type=imgoptm HTTP/1.1" 200 21 "-" "WordPress/6.8.1; https://gardenify.com.au"
23.251.157.11 - - [13/Jul/2025:20:51:22 +0000] "POST /xmlrpc.php HTTP/1.1" 200 403 "-" "Mozilla/5.0 (Windows NT 10.0; Win64; x64; rv:63.0) Gecko/20100101 Firefox/63.0"
157.66.13.60 - - [13/Jul/2025:20:51:41 +0000] "POST /xmlrpc.php HTTP/1.1" 200 403 "-" "Mozilla/5.0 (Windows; U; Windows NT 5.1; en-US; rv:1.7.5) Gecko/20041107 Firefox/1.0"
209.74.77.214 - - [13/Jul/2025:20:51:51 +0000] "POST /wp-cron.php?doing_wp_cron=1752439911.3172359466552734375000 HTTP/1.1" 200 - "-" "WordPress/6.8.1; https://gardenify.com.au"
157.66.13.60 - - [13/Jul/2025:20:51:51 +0000] "POST /xmlrpc.php HTTP/1.1" 200 403 "-" "Mozilla/5.0 (Linux; Android 10; SM-G960U) AppleWebKit/537.36 (KHTML, like Gecko) Chrome/91.0.4472.114 Mobile Safari/537.36"
209.74.77.214 - - [13/Jul/2025:20:51:51 +0000] "POST /wp-admin/admin-ajax.php?action=async_litespeed&nonce=BOUsWoJRi8MjGIhaci63ixHMffiK14eU&litespeed_type=imgoptm HTTP/1.1" 200 21 "-" "WordPress/6.8.1; https://gardenify.com.au"
54.36.149.21 - - [13/Jul/2025:20:57:38 +0000] "GET /robots.txt HTTP/1.1" 200 86 "-" "Mozilla/5.0 (compatible; AhrefsBot/7.0; +http://ahrefs.com/robot/)"
209.74.77.214 - - [13/Jul/2025:20:57:40 +0000] "POST /wp-cron.php?doing_wp_cron=1752440260.6353828907012939453125 HTTP/1.1" 200 - "-" "WordPress/6.8.1; https://gardenify.com.au"
209.74.77.214 - - [13/Jul/2025:20:57:40 +0000] "POST /wp-admin/admin-ajax.php?action=async_litespeed&nonce=mrolEQ4Ysn84vSG8rv19pDcwa2bnqqnx&litespeed_type=imgoptm HTTP/1.1" 200 21 "-" "WordPress/6.8.1; https://gardenify.com.au"
51.222.253.13 - - [13/Jul/2025:20:57:39 +0000] "GET / HTTP/1.1" 200 25735 "-" "Mozilla/5.0 (compatible; AhrefsBot/7.0; +http://ahrefs.com/robot/)"
209.74.77.214 - - [13/Jul/2025:21:00:14 +0000] "POST /wp-cron.php?doing_wp_cron=1752440414.4546580314636230468750 HTTP/1.1" 200 - "-" "WordPress/6.8.1; https://gardenify.com.au"
35.247.2.155 - - [13/Jul/2025:21:00:13 +0000] "GET /.git/config HTTP/1.1" 301 - "-" "-"
209.74.77.214 - - [13/Jul/2025:21:00:14 +0000] "POST /wp-admin/admin-ajax.php?action=async_litespeed&nonce=1CQxUCXRP1rAr7qwL9ktJg0z3PP8ZLto&litespeed_type=imgoptm HTTP/1.1" 200 21 "-" "WordPress/6.8.1; https://gardenify.com.au"
209.74.77.214 - - [13/Jul/2025:21:05:40 +0000] "POST /wp-cron.php?doing_wp_cron=1752440740.8565819263458251953125 HTTP/1.1" 200 - "-" "WordPress/6.8.1; https://gardenify.com.au"
184.75.221.195 - - [13/Jul/2025:21:05:39 +0000] "POST /xmlrpc.php HTTP/1.1" 200 206 "-" "Go-http-client/1.1"
209.74.77.214 - - [13/Jul/2025:21:05:40 +0000] "POST /wp-admin/admin-ajax.php?action=async_litespeed&nonce=jf5nQbSy2FFwU8wtDDYNIYLQHqA9qWjW&litespeed_type=imgoptm HTTP/1.1" 200 21 "-" "WordPress/6.8.1; https://gardenify.com.au"
209.74.77.214 - - [13/Jul/2025:21:20:02 +0000] "POST /wp-cron.php?doing_wp_cron=1752441602.8320889472961425781250 HTTP/1.1" 200 - "-" "WordPress/6.8.1; https://gardenify.com.au"
204.8.98.65 - - [13/Jul/2025:21:20:01 +0000] "POST /xmlrpc.php HTTP/1.1" 200 206 "-" "Go-http-client/1.1"
209.74.77.214 - - [13/Jul/2025:21:20:02 +0000] "POST /wp-admin/admin-ajax.php?action=async_litespeed&nonce=LenM1gijoXMYjHBqEvJP2fTca6M8Zzjs&litespeed_type=imgoptm HTTP/1.1" 200 21 "-" "WordPress/6.8.1; https://gardenify.com.au"
209.74.77.214 - - [13/Jul/2025:21:58:44 +0000] "POST /wp-admin/admin-ajax.php?action=async_litespeed&nonce=FA5Uw40VJPywp2eIgUz10QFzz0jO8NdI&litespeed_type=imgoptm HTTP/1.1" 200 21 "-" "WordPress/6.8.1; https://gardenify.com.au"
85.254.42.82 - - [13/Jul/2025:21:58:44 +0000] "GET / HTTP/1.1" 200 25742 "-" "Mozilla/5.0 (Windows NT 10.0; Win64; x64) AppleWebKit/537.36 (KHTML, like Gecko) Chrome/114.0.0.0 Safari/537.36"
216.73.216.58 - - [13/Jul/2025:22:19:31 +0000] "GET /robots.txt HTTP/1.1" 200 86 "-" "Mozilla/5.0 AppleWebKit/537.36 (KHTML, like Gecko; compatible; ClaudeBot/1.0; [email protected])"
216.73.216.58 - - [13/Jul/2025:22:19:32 +0000] "GET /wp-sitemap.xml HTTP/1.1" 200 66855 "-" "Mozilla/5.0 AppleWebKit/537.36 (KHTML, like Gecko; compatible; ClaudeBot/1.0; [email protected])"
209.74.77.214 - - [13/Jul/2025:23:32:18 +0000] "POST /wp-admin/admin-ajax.php?action=async_litespeed&nonce=frGr5BchxxgEIQSEA7cfpMTtDSnFRuUv&litespeed_type=imgoptm HTTP/1.1" 200 21 "-" "WordPress/6.8.1; https://gardenify.com.au"
173.208.198.210 - - [13/Jul/2025:23:32:20 +0000] "GET /?testPage HTTP/1.1" 200 25742 "-" "Mozilla/5.0 (Windows NT 10.0; Win64; x64) AppleWebKit/537.36 (KHTML, like Gecko) Chrome/125.0.0.0 Safari/537.36"
209.74.77.214 - - [13/Jul/2025:23:51:26 +0000] "POST /wp-cron.php?doing_wp_cron=1752450686.0159389972686767578125 HTTP/1.1" 200 - "-" "WordPress/6.8.1; https://gardenify.com.au"
217.138.195.19 - - [13/Jul/2025:23:51:24 +0000] "POST /xmlrpc.php HTTP/1.1" 200 206 "-" "Go-http-client/1.1"
209.74.77.214 - - [13/Jul/2025:23:51:26 +0000] "POST /wp-admin/admin-ajax.php?action=async_litespeed&nonce=J5nl04BwSvPMvAOEzxQXdNdzfbuIhoVF&litespeed_type=imgoptm HTTP/1.1" 200 21 "-" "WordPress/6.8.1; https://gardenify.com.au"
209.74.77.214 - - [14/Jul/2025:00:05:07 +0000] "POST /wp-cron.php?doing_wp_cron=1752451507.2651600837707519531250 HTTP/1.1" 200 - "-" "WordPress/6.8.1; https://gardenify.com.au"
185.216.35.150 - - [14/Jul/2025:00:05:05 +0000] "POST /xmlrpc.php HTTP/1.1" 200 206 "-" "Go-http-client/1.1"
209.74.77.214 - - [14/Jul/2025:00:05:07 +0000] "POST /wp-admin/admin-ajax.php?action=async_litespeed&nonce=Fq9gdabz5OvjiCzJYhVItVn4LkYYTyIY&litespeed_type=imgoptm HTTP/1.1" 200 21 "-" "WordPress/6.8.1; https://gardenify.com.au"
216.73.216.45 - - [14/Jul/2025:00:16:04 +0000] "GET /robots.txt HTTP/1.1" 200 86 "-" "Mozilla/5.0 AppleWebKit/537.36 (KHTML, like Gecko; compatible; ClaudeBot/1.0; [email protected])"
216.73.216.45 - - [14/Jul/2025:00:16:05 +0000] "GET /wp-sitemap.xml HTTP/1.1" 200 66987 "-" "Mozilla/5.0 AppleWebKit/537.36 (KHTML, like Gecko; compatible; ClaudeBot/1.0; [email protected])"
45.204.8.167 - - [14/Jul/2025:00:36:16 +0000] "GET /moddofuns.php HTTP/1.1" 200 28 "https://www.google.com" "Mozilla/5.0 (Windows NT 10.0; Win64; x64) AppleWebKit/537.36 (KHTML, like Gecko) Chrome/114.0.0.0 Safari/537.36 Edg/114.0.1823.43"
209.74.77.214 - - [14/Jul/2025:00:39:30 +0000] "POST /wp-cron.php?doing_wp_cron=1752453570.0679750442504882812500 HTTP/1.1" 200 - "-" "WordPress/6.8.1; https://gardenify.com.au"
209.74.77.214 - - [14/Jul/2025:00:39:30 +0000] "POST /wp-cron.php?doing_wp_cron=1752453570.0679640769958496093750 HTTP/1.1" 200 - "-" "WordPress/6.8.1; https://gardenify.com.au"
99.198.97.74 - - [14/Jul/2025:00:39:29 +0000] "POST /xmlrpc.php HTTP/1.1" 200 403 "-" "Mozilla/5.0 (Windows NT 10.0; Win64; x64; rv:79.0) Gecko/20100101 Firefox/79.0"
99.198.97.74 - - [14/Jul/2025:00:39:28 +0000] "POST /xmlrpc.php HTTP/1.1" 200 403 "-" "Mozilla/5.0 (Windows NT 10.0; Win64; x64; rv:66.0) Gecko/20100101 Firefox/66.0"
209.74.77.214 - - [14/Jul/2025:00:39:30 +0000] "POST /wp-admin/admin-ajax.php?action=async_litespeed&nonce=wE8Idj4JoLCh32Irjy6FZcG5C5yJ2L3m&litespeed_type=imgoptm HTTP/1.1" 200 21 "-" "WordPress/6.8.1; https://gardenify.com.au"
103.72.96.84 - - [14/Jul/2025:00:39:33 +0000] "POST /xmlrpc.php HTTP/1.1" 200 403 "-" "Mozilla/5.0 (Windows NT 10.0; Win64; x64) AppleWebKit/537.36 (KHTML, like Gecko) Chrome/61.0.3163.100 Safari/537.36"
99.198.97.74 - - [14/Jul/2025:00:39:40 +0000] "POST /xmlrpc.php HTTP/1.1" 200 403 "-" "Mozilla/5.0 (iPod; CPU iPhone OS 14_6 like Mac OS X) AppleWebKit/605.1.15 (KHTML, like Gecko) CriOS/91.0.4472.80 Mobile/15E148 Safari/604.1"
207.244.246.108 - - [14/Jul/2025:00:39:48 +0000] "POST /xmlrpc.php HTTP/1.1" 200 403 "-" "Mozilla/5.0 (Windows NT 10.0; Win64; x64) AppleWebKit/537.36 (KHTML, like Gecko) Chrome/68.0.3440.106 Safari/537.36"
23.251.157.11 - - [14/Jul/2025:00:39:49 +0000] "POST /xmlrpc.php HTTP/1.1" 200 403 "-" "Mozilla/5.0 (Windows NT 10.0; Win64; x64; rv:85.0) Gecko/20100101 Firefox/85.0"
66.249.79.238 - - [14/Jul/2025:00:56:17 +0000] "GET /robots.txt HTTP/1.1" 200 86 "-" "Mozilla/5.0 (compatible; Googlebot/2.1; +http://www.google.com/bot.html)"
66.249.79.237 - - [14/Jul/2025:00:56:17 +0000] "GET /wp-sitemap.xml HTTP/1.1" 200 66863 "-" "Mozilla/5.0 (compatible; Googlebot/2.1; +http://www.google.com/bot.html)"
66.249.79.237 - - [14/Jul/2025:00:56:22 +0000] "GET /?s=95659526021490&mod=fa99b43e&uri=blog.php%3Fid%3D3192380-1582%26name%3Dreebok+sneakers+mens+blue HTTP/1.1" 200 21265 "-" "Mozilla/5.0 (compatible; Googlebot/2.1; +http://www.google.com/bot.html)"
66.249.79.237 - - [14/Jul/2025:00:56:23 +0000] "GET /?s=72658307041490&mod=d27c82fc&uri=news.php%3Fid%3D2424688-925%26name%3D70s+costume+ideas+diy HTTP/1.1" 200 21437 "-" "Mozilla/5.0 (compatible; Googlebot/2.1; +http://www.google.com/bot.html)"
66.249.79.237 - - [14/Jul/2025:00:56:23 +0000] "GET /?s=60510156001490&mod=372fd987&uri=article.php%3Fid%3D2019283-535%26name%3Dplaymobil+5568+prix HTTP/1.1" 200 21619 "-" "Mozilla/5.0 (compatible; Googlebot/2.1; +http://www.google.com/bot.html)"
66.249.79.237 - - [14/Jul/2025:00:56:23 +0000] "GET /?s=62414299011490&mod=b4f9264d&uri=news.php%3Fid%3D2082838-892%26name%3Dever+us+carat+ring HTTP/1.1" 200 21251 "-" "Mozilla/5.0 (compatible; Googlebot/2.1; +http://www.google.com/bot.html)"
66.249.79.236 - - [14/Jul/2025:00:56:23 +0000] "GET /?s=72730411021490&mod=ddb9d4c1&uri=dp.php%3Fid%3D2427092-1365%26name%3Dnike+air+max+ultra+moire+dames HTTP/1.1" 200 21147 "-" "Mozilla/5.0 (compatible; Googlebot/2.1; +http://www.google.com/bot.html)"
66.249.79.237 - - [14/Jul/2025:00:56:24 +0000] "GET /?s=108983972011490&mod=05ec78c1&uri=goods.php%3Fid%3D3637141-1663%26name%3Datletico+jersey+2019 HTTP/1.1" 200 20596 "-" "Mozilla/5.0 (compatible; Googlebot/2.1; +http://www.google.com/bot.html)"
66.249.79.237 - - [14/Jul/2025:00:56:24 +0000] "GET /?s=20491358021490&mod=ab9a1c10&uri=products.php%3Fid%3D684018-611%26name%3Dpink+brand+suitcase HTTP/1.1" 200 22041 "-" "Mozilla/5.0 (compatible; Googlebot/2.1; +http://www.google.com/bot.html)"
66.249.79.237 - - [14/Jul/2025:00:56:24 +0000] "GET /?s=91465303051490&mod=cfc4c5a7&uri=dp.php%3Fid%3D3052366-1020%26name%3Dnike+air+max+huarache+kad%C3%84%C2%B1n HTTP/1.1" 200 20702 "-" "Mozilla/5.0 (compatible; Googlebot/2.1; +http://www.google.com/bot.html)"
66.249.79.237 - - [14/Jul/2025:00:56:24 +0000] "GET /?s=19243357031490&mod=c27b5ed7&uri=blog.php%3Fid%3D642379-734%26name%3Dkith+moncler+asics+for+sale HTTP/1.1" 200 20614 "-" "Mozilla/5.0 (compatible; Googlebot/2.1; +http://www.google.com/bot.html)"
66.249.79.237 - - [14/Jul/2025:00:56:24 +0000] "GET /?s=107567786061490&mod=a0f92eb7&uri=products.php%3Fid%3D3589892-126%26name%3Dputting+shoes+in+ziplock+bags HTTP/1.1" 200 21651 "-" "Mozilla/5.0 (compatible; Googlebot/2.1; +http://www.google.com/bot.html)"
66.249.79.237 - - [14/Jul/2025:00:56:24 +0000] "GET /?s=24416413031490&mod=032ca2b6&uri=form.php%3Fid%3D814945-848%26name%3Dlogo+adidas+png+azul HTTP/1.1" 200 20826 "-" "Mozilla/5.0 (compatible; Googlebot/2.1; +http://www.google.com/bot.html)"
66.249.79.237 - - [14/Jul/2025:00:56:25 +0000] "GET /?s=30494821121490&mod=74a40ee9&uri=product.php%3Fid%3D1017819-987%26name%3Dklaus+martens+wikipedia HTTP/1.1" 200 21117 "-" "Mozilla/5.0 (compatible; Googlebot/2.1; +http://www.google.com/bot.html)"
66.249.79.236 - - [14/Jul/2025:00:56:25 +0000] "GET /?s=17677667071490&mod=8a9c3b2c&uri=product.php%3Fid%3D590121-695%26name%3Dnike+m2k+tekno+volt HTTP/1.1" 200 20668 "-" "Mozilla/5.0 (compatible; Googlebot/2.1; +http://www.google.com/bot.html)"
66.249.79.237 - - [14/Jul/2025:00:56:25 +0000] "GET /?s=35531556071490&mod=206d6cf9&uri=pin.php%3Fid%3D1185908-1088%26name%3Dasos+maternity+occasion HTTP/1.1" 200 20819 "-" "Mozilla/5.0 (compatible; Googlebot/2.1; +http://www.google.com/bot.html)"
66.249.79.236 - - [14/Jul/2025:00:56:26 +0000] "GET /?s=78113790041490&mod=0cba172d&uri=dp.php%3Fid%3D2606746-1488%26name%3Dquechua+lunette HTTP/1.1" 200 21831 "-" "Mozilla/5.0 (compatible; Googlebot/2.1; +http://www.google.com/bot.html)"
66.249.79.236 - - [14/Jul/2025:00:56:27 +0000] "GET /?s=14498338081490&mod=70d824bf&uri=category-info.php%3Fid%3D484050-616%26name%3Dmacy%27s+puffer+vest HTTP/1.1" 200 20491 "-" "Mozilla/5.0 (compatible; Googlebot/2.1; +http://www.google.com/bot.html)"
66.249.79.236 - - [14/Jul/2025:00:56:27 +0000] "GET /?s=86170012011490&mod=e6d32d8f&uri=product.php%3Fid%3D2875624-1202%26name%3Dshein+tulle+dress HTTP/1.1" 200 21517 "-" "Mozilla/5.0 (compatible; Googlebot/2.1; +http://www.google.com/bot.html)"
66.249.79.236 - - [14/Jul/2025:00:56:27 +0000] "GET /?s=89030293041490&mod=5478c9cd&uri=us.php%3Fid%3D2971082-219%26name%3Dmrcool+zone HTTP/1.1" 200 21873 "-" "Mozilla/5.0 (compatible; Googlebot/2.1; +http://www.google.com/bot.html)"
66.249.79.236 - - [14/Jul/2025:00:56:28 +0000] "POST /get-message-notify HTTP/1.1" 200 22022 "https://gardenify.com.au/?s=19243357031490&mod=c27b5ed7&uri=blog.php%3Fid%3D642379-734%26name%3Dkith+moncler+asics+for+sale" "Mozilla/5.0 AppleWebKit/537.36 (KHTML, like Gecko; compatible; Googlebot/2.1; +http://www.google.com/bot.html) Chrome/137.0.7151.119 Safari/537.36"
66.249.79.236 - - [14/Jul/2025:00:56:28 +0000] "GET /?s=83981099051490&mod=934703eb&uri=category-info.php%3Fid%3D2802598-697%26name%3Dborcegos+lady+stork+mabel HTTP/1.1" 200 20685 "-" "Mozilla/5.0 (compatible; Googlebot/2.1; +http://www.google.com/bot.html)"
66.249.79.236 - - [14/Jul/2025:00:56:29 +0000] "GET /?s=80918139041490&mod=e11ee596&uri=search.php%3Fid%3D2700358-478%26name%3Dpulsar+125+disc+split+seat HTTP/1.1" 200 21915 "-" "Mozilla/5.0 (compatible; Googlebot/2.1; +http://www.google.com/bot.html)"
66.249.79.236 - - [14/Jul/2025:00:56:29 +0000] "POST /get-message-notify HTTP/1.1" 200 22043 "https://gardenify.com.au/?s=60510156001490&mod=372fd987&uri=article.php%3Fid%3D2019283-535%26name%3Dplaymobil+5568+prix" "Mozilla/5.0 AppleWebKit/537.36 (KHTML, like Gecko; compatible; Googlebot/2.1; +http://www.google.com/bot.html) Chrome/137.0.7151.119 Safari/537.36"
66.249.79.236 - - [14/Jul/2025:00:56:29 +0000] "GET /?s=119181028021490&mod=e880840a&uri=dp.php%3Fid%3D3977441-1052%26name%3Dbeyonce+rockets+jersey HTTP/1.1" 200 21823 "-" "Mozilla/5.0 (compatible; Googlebot/2.1; +http://www.google.com/bot.html)"
66.249.79.236 - - [14/Jul/2025:00:56:30 +0000] "GET /?s=79566020041490&mod=d1f60334&uri=pin.php%3Fid%3D2655221-449%26name%3Dreplacement+motor+for+reclining+chair HTTP/1.1" 200 22022 "-" "Mozilla/5.0 (compatible; Googlebot/2.1; +http://www.google.com/bot.html)"
66.249.79.236 - - [14/Jul/2025:00:56:30 +0000] "POST /get-message-notify HTTP/1.1" 200 22043 "https://gardenify.com.au/?s=62414299011490&mod=b4f9264d&uri=news.php%3Fid%3D2082838-892%26name%3Dever+us+carat+ring" "Mozilla/5.0 AppleWebKit/537.36 (KHTML, like Gecko; compatible; Googlebot/2.1; +http://www.google.com/bot.html) Chrome/137.0.7151.119 Safari/537.36"
66.249.79.236 - - [14/Jul/2025:00:56:31 +0000] "GET /?s=114066359031490&mod=60ad4f73&uri=brands.php%3Fid%3D3806808-794%26name%3Dkal+kan+dog+food+back+to+the+future HTTP/1.1" 200 21752 "-" "Mozilla/5.0 (compatible; Googlebot/2.1; +http://www.google.com/bot.html)"
66.249.79.237 - - [14/Jul/2025:00:56:31 +0000] "POST /get-message-notify HTTP/1.1" 200 22043 "https://gardenify.com.au/?s=62414299011490&mod=b4f9264d&uri=news.php%3Fid%3D2082838-892%26name%3Dever+us+carat+ring" "Mozilla/5.0 AppleWebKit/537.36 (KHTML, like Gecko; compatible; Googlebot/2.1; +http://www.google.com/bot.html) Chrome/137.0.7151.119 Safari/537.36"
66.249.79.236 - - [14/Jul/2025:00:56:32 +0000] "POST /get-message-notify HTTP/1.1" 200 22039 "https://gardenify.com.au/?s=107567786061490&mod=a0f92eb7&uri=products.php%3Fid%3D3589892-126%26name%3Dputting+shoes+in+ziplock+bags" "Mozilla/5.0 AppleWebKit/537.36 (KHTML, like Gecko; compatible; Googlebot/2.1; +http://www.google.com/bot.html) Chrome/137.0.7151.119 Safari/537.36"
66.249.79.236 - - [14/Jul/2025:00:56:32 +0000] "POST /get-message-notify HTTP/1.1" 200 22039 "https://gardenify.com.au/?s=20491358021490&mod=ab9a1c10&uri=products.php%3Fid%3D684018-611%26name%3Dpink+brand+suitcase" "Mozilla/5.0 AppleWebKit/537.36 (KHTML, like Gecko; compatible; Googlebot/2.1; +http://www.google.com/bot.html) Chrome/137.0.7151.119 Safari/537.36"
66.249.79.236 - - [14/Jul/2025:00:56:33 +0000] "POST /get-message-notify HTTP/1.1" 200 22034 "https://gardenify.com.au/?s=72658307041490&mod=d27c82fc&uri=news.php%3Fid%3D2424688-925%26name%3D70s+costume+ideas+diy" "Mozilla/5.0 AppleWebKit/537.36 (KHTML, like Gecko; compatible; Googlebot/2.1; +http://www.google.com/bot.html) Chrome/137.0.7151.119 Safari/537.36"
66.249.79.237 - - [14/Jul/2025:00:56:33 +0000] "POST /get-message-notify HTTP/1.1" 200 22041 "https://gardenify.com.au/?s=60510156001490&mod=372fd987&uri=article.php%3Fid%3D2019283-535%26name%3Dplaymobil+5568+prix" "Mozilla/5.0 AppleWebKit/537.36 (KHTML, like Gecko; compatible; Googlebot/2.1; +http://www.google.com/bot.html) Chrome/137.0.7151.119 Safari/537.36"
66.249.79.236 - - [14/Jul/2025:00:56:33 +0000] "POST /get-message-notify HTTP/1.1" 200 22039 "https://gardenify.com.au/?s=95659526021490&mod=fa99b43e&uri=blog.php%3Fid%3D3192380-1582%26name%3Dreebok+sneakers+mens+blue" "Mozilla/5.0 AppleWebKit/537.36 (KHTML, like Gecko; compatible; Googlebot/2.1; +http://www.google.com/bot.html) Chrome/137.0.7151.119 Safari/537.36"
66.249.79.236 - - [14/Jul/2025:00:56:33 +0000] "POST /get-message-notify HTTP/1.1" 200 22039 "https://gardenify.com.au/?s=91465303051490&mod=cfc4c5a7&uri=dp.php%3Fid%3D3052366-1020%26name%3Dnike+air+max+huarache+kad%C3%84%C2%B1n" "Mozilla/5.0 AppleWebKit/537.36 (KHTML, like Gecko; compatible; Googlebot/2.1; +http://www.google.com/bot.html) Chrome/137.0.7151.119 Safari/537.36"
66.249.79.237 - - [14/Jul/2025:00:56:34 +0000] "POST /get-message-notify HTTP/1.1" 200 22040 "https://gardenify.com.au/?s=35531556071490&mod=206d6cf9&uri=pin.php%3Fid%3D1185908-1088%26name%3Dasos+maternity+occasion" "Mozilla/5.0 AppleWebKit/537.36 (KHTML, like Gecko; compatible; Googlebot/2.1; +http://www.google.com/bot.html) Chrome/137.0.7151.119 Safari/537.36"
66.249.79.237 - - [14/Jul/2025:00:56:34 +0000] "POST /get-message-notify HTTP/1.1" 200 22046 "https://gardenify.com.au/?s=95659526021490&mod=fa99b43e&uri=blog.php%3Fid%3D3192380-1582%26name%3Dreebok+sneakers+mens+blue" "Mozilla/5.0 AppleWebKit/537.36 (KHTML, like Gecko; compatible; Googlebot/2.1; +http://www.google.com/bot.html) Chrome/137.0.7151.119 Safari/537.36"
66.249.79.237 - - [14/Jul/2025:00:56:34 +0000] "POST /get-message-notify HTTP/1.1" 200 22038 "https://gardenify.com.au/?s=30494821121490&mod=74a40ee9&uri=product.php%3Fid%3D1017819-987%26name%3Dklaus+martens+wikipedia" "Mozilla/5.0 AppleWebKit/537.36 (KHTML, like Gecko; compatible; Googlebot/2.1; +http://www.google.com/bot.html) Chrome/137.0.7151.119 Safari/537.36"
66.249.79.237 - - [14/Jul/2025:00:56:35 +0000] "POST /get-message-notify HTTP/1.1" 200 22039 "https://gardenify.com.au/?s=108983972011490&mod=05ec78c1&uri=goods.php%3Fid%3D3637141-1663%26name%3Datletico+jersey+2019" "Mozilla/5.0 AppleWebKit/537.36 (KHTML, like Gecko; compatible; Googlebot/2.1; +http://www.google.com/bot.html) Chrome/137.0.7151.119 Safari/537.36"
66.249.74.39 - - [14/Jul/2025:00:56:35 +0000] "POST /get-message-notify HTTP/1.1" 200 22036 "https://gardenify.com.au/?s=72730411021490&mod=ddb9d4c1&uri=dp.php%3Fid%3D2427092-1365%26name%3Dnike+air+max+ultra+moire+dames" "Mozilla/5.0 AppleWebKit/537.36 (KHTML, like Gecko; compatible; Googlebot/2.1; +http://www.google.com/bot.html) Chrome/137.0.7151.119 Safari/537.36"
66.249.79.238 - - [14/Jul/2025:00:56:35 +0000] "POST /get-message-notify HTTP/1.1" 200 22037 "https://gardenify.com.au/?s=14498338081490&mod=70d824bf&uri=category-info.php%3Fid%3D484050-616%26name%3Dmacy%27s+puffer+vest" "Mozilla/5.0 AppleWebKit/537.36 (KHTML, like Gecko; compatible; Googlebot/2.1; +http://www.google.com/bot.html) Chrome/137.0.7151.119 Safari/537.36"
66.249.79.237 - - [14/Jul/2025:00:56:36 +0000] "POST /get-message-notify HTTP/1.1" 200 22028 "https://gardenify.com.au/?s=86170012011490&mod=e6d32d8f&uri=product.php%3Fid%3D2875624-1202%26name%3Dshein+tulle+dress" "Mozilla/5.0 AppleWebKit/537.36 (KHTML, like Gecko; compatible; Googlebot/2.1; +http://www.google.com/bot.html) Chrome/137.0.7151.119 Safari/537.36"
66.249.79.236 - - [14/Jul/2025:00:56:37 +0000] "POST /get-message-notify HTTP/1.1" 200 22033 "https://gardenify.com.au/?s=17677667071490&mod=8a9c3b2c&uri=product.php%3Fid%3D590121-695%26name%3Dnike+m2k+tekno+volt" "Mozilla/5.0 AppleWebKit/537.36 (KHTML, like Gecko; compatible; Googlebot/2.1; +http://www.google.com/bot.html) Chrome/137.0.7151.119 Safari/537.36"
66.249.79.236 - - [14/Jul/2025:00:56:37 +0000] "POST /get-message-notify HTTP/1.1" 200 22036 "https://gardenify.com.au/?s=89030293041490&mod=5478c9cd&uri=us.php%3Fid%3D2971082-219%26name%3Dmrcool+zone" "Mozilla/5.0 AppleWebKit/537.36 (KHTML, like Gecko; compatible; Googlebot/2.1; +http://www.google.com/bot.html) Chrome/137.0.7151.119 Safari/537.36"
66.249.79.237 - - [14/Jul/2025:00:56:37 +0000] "POST /get-message-notify HTTP/1.1" 200 22040 "https://gardenify.com.au/?s=80918139041490&mod=e11ee596&uri=search.php%3Fid%3D2700358-478%26name%3Dpulsar+125+disc+split+seat" "Mozilla/5.0 AppleWebKit/537.36 (KHTML, like Gecko; compatible; Googlebot/2.1; +http://www.google.com/bot.html) Chrome/137.0.7151.119 Safari/537.36"
66.249.79.237 - - [14/Jul/2025:00:56:38 +0000] "POST /get-message-notify HTTP/1.1" 200 22021 "https://gardenify.com.au/?s=80918139041490&mod=e11ee596&uri=search.php%3Fid%3D2700358-478%26name%3Dpulsar+125+disc+split+seat" "Mozilla/5.0 AppleWebKit/537.36 (KHTML, like Gecko; compatible; Googlebot/2.1; +http://www.google.com/bot.html) Chrome/137.0.7151.119 Safari/537.36"
66.249.79.237 - - [14/Jul/2025:00:56:38 +0000] "POST /get-message-notify HTTP/1.1" 200 22033 "https://gardenify.com.au/?s=119181028021490&mod=e880840a&uri=dp.php%3Fid%3D3977441-1052%26name%3Dbeyonce+rockets+jersey" "Mozilla/5.0 AppleWebKit/537.36 (KHTML, like Gecko; compatible; Googlebot/2.1; +http://www.google.com/bot.html) Chrome/137.0.7151.119 Safari/537.36"
66.249.79.237 - - [14/Jul/2025:00:56:41 +0000] "POST /get-message-notify HTTP/1.1" 200 22037 "https://gardenify.com.au/?s=86170012011490&mod=e6d32d8f&uri=product.php%3Fid%3D2875624-1202%26name%3Dshein+tulle+dress" "Mozilla/5.0 AppleWebKit/537.36 (KHTML, like Gecko; compatible; Googlebot/2.1; +http://www.google.com/bot.html) Chrome/137.0.7151.119 Safari/537.36"
66.249.79.236 - - [14/Jul/2025:00:56:43 +0000] "GET /?s=77552896011490&mod=54e8ceac&uri=shared.php%3Fid%3D2588009-127%26name%3Dphone+case+sleeve HTTP/1.1" 200 21655 "-" "Mozilla/5.0 (compatible; Googlebot/2.1; +http://www.google.com/bot.html)"
66.249.79.236 - - [14/Jul/2025:00:56:55 +0000] "GET /?s=83981099051490&mod=934703eb&uri=category-info.php%3Fid%3D2802598-697%26name%3Dborcegos+lady+stork+mabel HTTP/1.1" 200 20690 "-" "Mozilla/5.0 (compatible; Googlebot/2.1; +http://www.google.com/bot.html)"
66.249.79.224 - - [14/Jul/2025:00:56:55 +0000] "GET /?s=80918139041490&mod=e11ee596&uri=search.php%3Fid%3D2700358-478%26name%3Dpulsar+125+disc+split+seat HTTP/1.1" 200 21911 "-" "Mozilla/5.0 (compatible; Googlebot/2.1; +http://www.google.com/bot.html)"
66.249.79.236 - - [14/Jul/2025:00:56:56 +0000] "GET /?s=60510156001490&mod=372fd987&uri=article.php%3Fid%3D2019283-535%26name%3Dplaymobil+5568+prix HTTP/1.1" 200 21627 "-" "Mozilla/5.0 (compatible; Googlebot/2.1; +http://www.google.com/bot.html)"
66.249.79.238 - - [14/Jul/2025:00:56:56 +0000] "GET /?s=14498338081490&mod=70d824bf&uri=category-info.php%3Fid%3D484050-616%26name%3Dmacy%27s+puffer+vest HTTP/1.1" 200 20484 "-" "Mozilla/5.0 (compatible; Googlebot/2.1; +http://www.google.com/bot.html)"
66.249.79.237 - - [14/Jul/2025:00:56:57 +0000] "GET /?s=14498338081490&mod=70d824bf&uri=category-info.php%3Fid%3D484050-616%26name%3Dmacy%27s+puffer+vest HTTP/1.1" 200 20492 "-" "Mozilla/5.0 (compatible; Googlebot/2.1; +http://www.google.com/bot.html)"
66.249.79.237 - - [14/Jul/2025:00:56:57 +0000] "GET /?s=60510156001490&mod=372fd987&uri=article.php%3Fid%3D2019283-535%26name%3Dplaymobil+5568+prix HTTP/1.1" 200 21622 "-" "Mozilla/5.0 (compatible; Googlebot/2.1; +http://www.google.com/bot.html)"
66.249.79.237 - - [14/Jul/2025:00:57:06 +0000] "GET /?s=35531556071490&mod=206d6cf9&uri=pin.php%3Fid%3D1185908-1088%26name%3Dasos+maternity+occasion HTTP/1.1" 200 20827 "-" "Mozilla/5.0 (compatible; Googlebot/2.1; +http://www.google.com/bot.html)"
66.249.79.237 - - [14/Jul/2025:00:57:06 +0000] "GET /?s=108983972011490&mod=05ec78c1&uri=goods.php%3Fid%3D3637141-1663%26name%3Datletico+jersey+2019 HTTP/1.1" 200 20597 "-" "Mozilla/5.0 (compatible; Googlebot/2.1; +http://www.google.com/bot.html)"
66.249.79.236 - - [14/Jul/2025:00:57:09 +0000] "GET /?s=60563183021490&mod=f0b7c0bf&uri=products.php%3Fid%3D2021051-548%26name%3Dmadden+girl+leopard+shoes HTTP/1.1" 200 21967 "-" "Mozilla/5.0 (compatible; Googlebot/2.1; +http://www.google.com/bot.html)"
66.249.79.237 - - [14/Jul/2025:00:57:09 +0000] "GET /?s=60558863051490&mod=f0b7c0bf&uri=blog.php%3Fid%3D2020907-548%26name%3Dvapormax+black+friday+sale HTTP/1.1" 200 21176 "-" "Mozilla/5.0 (compatible; Googlebot/2.1; +http://www.google.com/bot.html)"
66.249.79.238 - - [14/Jul/2025:00:57:09 +0000] "GET /?s=60557513051490&mod=f0b7c0bf&uri=goods.php%3Fid%3D2020862-548%26name%3Dnike+free+run+2013+women%27s HTTP/1.1" 200 20722 "-" "Mozilla/5.0 (compatible; Googlebot/2.1; +http://www.google.com/bot.html)"
66.249.79.237 - - [14/Jul/2025:00:57:09 +0000] "GET /?s=60563363001490&mod=f0b7c0bf&uri=pin.php%3Fid%3D2021057-548%26name%3Dsteve+madden+zarayy+sand HTTP/1.1" 200 20762 "-" "Mozilla/5.0 (compatible; Googlebot/2.1; +http://www.google.com/bot.html)"
66.249.79.237 - - [14/Jul/2025:00:57:09 +0000] "GET /?s=60564173011490&mod=f0b7c0bf&uri=article.php%3Fid%3D2021084-548%26name%3Dskechers+luminators+for+adults HTTP/1.1" 200 21944 "-" "Mozilla/5.0 (compatible; Googlebot/2.1; +http://www.google.com/bot.html)"
66.249.79.236 - - [14/Jul/2025:00:57:09 +0000] "GET /?s=60520019011490&mod=fc9b003b&uri=us.php%3Fid%3D2019612-17%26name%3Dmark+berg+fishing+shop HTTP/1.1" 200 21898 "-" "Mozilla/5.0 (compatible; Googlebot/2.1; +http://www.google.com/bot.html)"
66.249.79.236 - - [14/Jul/2025:00:57:09 +0000] "GET /?s=60559673071490&mod=f0b7c0bf&uri=shared.php%3Fid%3D2020934-548%26name%3Dtai+chi+silver+sneakers HTTP/1.1" 200 22045 "-" "Mozilla/5.0 (compatible; Googlebot/2.1; +http://www.google.com/bot.html)"
66.249.79.237 - - [14/Jul/2025:00:57:10 +0000] "GET /?s=60557243021490&mod=cd4ec96a&uri=search.php%3Fid%3D2020853-863%26name%3Dbrooks+launch+prezzo HTTP/1.1" 200 20766 "-" "Mozilla/5.0 (compatible; Googlebot/2.1; +http://www.google.com/bot.html)"
66.249.79.237 - - [14/Jul/2025:00:57:10 +0000] "GET /?s=60559943061490&mod=f0b7c0bf&uri=article.php%3Fid%3D2020943-548%26name%3Dj+slides+nyc HTTP/1.1" 200 21970 "-" "Mozilla/5.0 (compatible; Googlebot/2.1; +http://www.google.com/bot.html)"
66.249.79.237 - - [14/Jul/2025:00:57:10 +0000] "GET /?s=14498338081490&mod=70d824bf&uri=category-info.php%3Fid%3D484050-616%26name%3Dmacy%27s+puffer+vest HTTP/1.1" 200 20485 "-" "Mozilla/5.0 (compatible; Googlebot/2.1; +http://www.google.com/bot.html)"
66.249.79.237 - - [14/Jul/2025:00:57:10 +0000] "GET /?s=60510156001490&mod=372fd987&uri=article.php%3Fid%3D2019283-535%26name%3Dplaymobil+5568+prix HTTP/1.1" 200 21627 "-" "Mozilla/5.0 (compatible; Googlebot/2.1; +http://www.google.com/bot.html)"
66.249.79.237 - - [14/Jul/2025:00:57:10 +0000] "GET /?s=60560303081490&mod=cd4ec96a&uri=blog.php%3Fid%3D2020955-863%26name%3Dtuta+puma+nuova+collezione HTTP/1.1" 200 20607 "-" "Mozilla/5.0 (compatible; Googlebot/2.1; +http://www.google.com/bot.html)"
66.249.79.236 - - [14/Jul/2025:00:57:11 +0000] "GET /?s=60561743021490&mod=cd4ec96a&uri=shop.php%3Fid%3D2021003-863%26name%3Dscarpe+asfvlt+uomo HTTP/1.1" 200 20930 "-" "Mozilla/5.0 (compatible; Googlebot/2.1; +http://www.google.com/bot.html)"
66.249.79.236 - - [14/Jul/2025:00:57:11 +0000] "GET /?s=60561923061490&mod=f0b7c0bf&uri=dp.php%3Fid%3D2021009-548%26name%3Dultra+boost+st+parley HTTP/1.1" 200 21620 "-" "Mozilla/5.0 (compatible; Googlebot/2.1; +http://www.google.com/bot.html)"
66.249.79.236 - - [14/Jul/2025:00:57:11 +0000] "GET /?s=60562733141490&mod=f0b7c0bf&uri=itm.php%3Fid%3D2021036-548%26name%3Dadidas+ultraboost+parley+women%27s HTTP/1.1" 200 21396 "-" "Mozilla/5.0 (compatible; Googlebot/2.1; +http://www.google.com/bot.html)"
66.249.79.237 - - [14/Jul/2025:00:57:12 +0000] "GET /?s=60563003081490&mod=f0b7c0bf&uri=products.php%3Fid%3D2021045-548%26name%3Dskechers+s+lights+luminators+luxe HTTP/1.1" 200 20853 "-" "Mozilla/5.0 (compatible; Googlebot/2.1; +http://www.google.com/bot.html)"
66.249.79.236 - - [14/Jul/2025:00:57:12 +0000] "GET /?s=60562193071490&mod=f0b7c0bf&uri=search.php%3Fid%3D2021018-548%26name%3Dreebok+club+85+c HTTP/1.1" 200 21193 "-" "Mozilla/5.0 (compatible; Googlebot/2.1; +http://www.google.com/bot.html)"
66.249.79.237 - - [14/Jul/2025:00:57:12 +0000] "GET /?s=60563813051490&mod=f0b7c0bf&uri=shared.php%3Fid%3D2021072-548%26name%3Dbuy+nike+air+zoom+structure+21 HTTP/1.1" 200 22056 "-" "Mozilla/5.0 (compatible; Googlebot/2.1; +http://www.google.com/bot.html)"
66.249.79.236 - - [14/Jul/2025:00:57:12 +0000] "GET /?s=60560393111490&mod=f0b7c0bf&uri=goods.php%3Fid%3D2020958-548%26name%3Dbalenciaga+sneakers+runners+race HTTP/1.1" 200 20594 "-" "Mozilla/5.0 (compatible; Googlebot/2.1; +http://www.google.com/bot.html)"
66.249.79.237 - - [14/Jul/2025:00:57:13 +0000] "GET /?s=83981099051490&mod=934703eb&uri=category-info.php%3Fid%3D2802598-697%26name%3Dborcegos+lady+stork+mabel HTTP/1.1" 200 20682 "-" "Mozilla/5.0 (compatible; Googlebot/2.1; +http://www.google.com/bot.html)"
66.249.79.236 - - [14/Jul/2025:00:57:13 +0000] "GET /?s=89030293041490&mod=5478c9cd&uri=us.php%3Fid%3D2971082-219%26name%3Dmrcool+zone HTTP/1.1" 200 21872 "-" "Mozilla/5.0 (compatible; Googlebot/2.1; +http://www.google.com/bot.html)"
66.249.79.237 - - [14/Jul/2025:00:57:13 +0000] "GET /?s=20491358021490&mod=ab9a1c10&uri=products.php%3Fid%3D684018-611%26name%3Dpink+brand+suitcase HTTP/1.1" 200 22051 "-" "Mozilla/5.0 (compatible; Googlebot/2.1; +http://www.google.com/bot.html)"
66.249.79.237 - - [14/Jul/2025:00:57:13 +0000] "GET /?s=60560483041490&mod=cd4ec96a&uri=itm.php%3Fid%3D2020961-863%26name%3Dspiuk+scarpe HTTP/1.1" 200 20795 "-" "Mozilla/5.0 (compatible; Googlebot/2.1; +http://www.google.com/bot.html)"
66.249.79.236 - - [14/Jul/2025:00:57:14 +0000] "GET /?s=79566020041490&mod=d1f60334&uri=pin.php%3Fid%3D2655221-449%26name%3Dreplacement+motor+for+reclining+chair HTTP/1.1" 200 22021 "-" "Mozilla/5.0 (compatible; Googlebot/2.1; +http://www.google.com/bot.html)"
66.249.79.237 - - [14/Jul/2025:00:57:14 +0000] "GET /?s=86170012011490&mod=e6d32d8f&uri=product.php%3Fid%3D2875624-1202%26name%3Dshein+tulle+dress HTTP/1.1" 200 21505 "-" "Mozilla/5.0 (compatible; Googlebot/2.1; +http://www.google.com/bot.html)"
66.249.79.237 - - [14/Jul/2025:00:57:14 +0000] "GET /?s=17677667071490&mod=8a9c3b2c&uri=product.php%3Fid%3D590121-695%26name%3Dnike+m2k+tekno+volt HTTP/1.1" 200 20673 "-" "Mozilla/5.0 (compatible; Googlebot/2.1; +http://www.google.com/bot.html)"
66.249.79.236 - - [14/Jul/2025:00:57:14 +0000] "GET /?s=19243357031490&mod=c27b5ed7&uri=blog.php%3Fid%3D642379-734%26name%3Dkith+moncler+asics+for+sale HTTP/1.1" 200 20611 "-" "Mozilla/5.0 (compatible; Googlebot/2.1; +http://www.google.com/bot.html)"
66.249.79.236 - - [14/Jul/2025:00:57:15 +0000] "GET /?s=78113790041490&mod=0cba172d&uri=dp.php%3Fid%3D2606746-1488%26name%3Dquechua+lunette HTTP/1.1" 200 21834 "-" "Mozilla/5.0 (compatible; Googlebot/2.1; +http://www.google.com/bot.html)"
66.249.79.236 - - [14/Jul/2025:00:57:15 +0000] "GET /?s=62414299011490&mod=b4f9264d&uri=news.php%3Fid%3D2082838-892%26name%3Dever+us+carat+ring HTTP/1.1" 200 21264 "-" "Mozilla/5.0 (compatible; Googlebot/2.1; +http://www.google.com/bot.html)"
66.249.79.236 - - [14/Jul/2025:00:57:15 +0000] "GET /?s=91465303051490&mod=cfc4c5a7&uri=dp.php%3Fid%3D3052366-1020%26name%3Dnike+air+max+huarache+kad%C3%84%C2%B1n HTTP/1.1" 200 20697 "-" "Mozilla/5.0 (compatible; Googlebot/2.1; +http://www.google.com/bot.html)"
