Current File : /home/kelaby89/access-logs/huss-kelaby.cv.sixpack.studio-ssl_log |
69.171.231.4 - - [14/Jul/2025:12:38:20 +0000] "GET /robots.txt HTTP/1.1" 206 79 "-" "facebookexternalhit/1.1 (+http://www.facebook.com/externalhit_uatext.php)"
209.74.77.214 - - [14/Jul/2025:12:38:52 +0000] "POST /wp-cron.php?doing_wp_cron=1752496732.3720850944519042968750 HTTP/1.1" 200 - "-" "WordPress/6.8.1; https://huss-kelaby.cv"
57.141.2.3 - - [14/Jul/2025:12:38:49 +0000] "GET /cart/?remove_item=67f7fb873eaf29526a11a9b7ac33bfac&_wpnonce=0e54eeade4 HTTP/1.1" 200 288422 "-" "meta-externalagent/1.1 (+https://developers.facebook.com/docs/sharing/webmasters/crawler)"
209.74.77.214 - - [14/Jul/2025:14:54:34 +0000] "POST /wp-cron.php?doing_wp_cron=1752504874.8988530635833740234375 HTTP/1.1" 200 - "-" "WordPress/6.8.1; https://huss-kelaby.cv"
198.98.54.226 - - [14/Jul/2025:14:54:32 +0000] "GET /wp-login.php HTTP/1.1" 200 6676 "-" "Mozilla/5.0 (X11; Linux x86_64) AppleWebKit/537.36 (KHTML, like Gecko) Ubuntu Chromium/36.0.1985.125 Chrome/36.0.1985.125 Safari/537.36"
209.74.77.214 - - [14/Jul/2025:14:56:05 +0000] "POST /wp-cron.php?doing_wp_cron=1752504965.8354930877685546875000 HTTP/1.1" 200 - "-" "WordPress/6.8.1; https://huss-kelaby.cv"
198.98.54.226 - - [14/Jul/2025:14:56:04 +0000] "POST /wp-login.php HTTP/1.1" 200 6932 "-" "Mozilla/5.0 (X11; Linux x86_64) AppleWebKit/537.36 (KHTML, like Gecko) Ubuntu Chromium/36.0.1985.125 Chrome/36.0.1985.125 Safari/537.36"
194.26.192.154 - - [14/Jul/2025:15:27:06 +0000] "GET / HTTP/1.1" 200 82173 "-" "Mozlila/5.0 (Linux; Android 7.0; SM-G892A Bulid/NRD90M; wv) AppleWebKit/537.36 (KHTML, like Gecko) Version/4.0 Chrome/60.0.3112.107 Moblie Safari/537.36"
194.26.192.154 - - [14/Jul/2025:15:27:06 +0000] "GET /wp-content/themes/seotheme/db.php?u HTTP/1.1" 404 44855 "www.google.com" "Mozlila/5.0 (Linux; Android 7.0; SM-G892A Bulid/NRD90M; wv) AppleWebKit/537.36 (KHTML, like Gecko) Version/4.0 Chrome/60.0.3112.107 Moblie Safari/537.36"
194.26.192.154 - - [14/Jul/2025:15:27:08 +0000] "POST /wp-plain.php HTTP/1.1" 404 44460 "www.google.com" "Mozilla/5.0 (Linux; Android 7.0; SM-G892A Bulid/NRD90M; wv) AppleWebKit/537.36 (KHTML, like Gecko) Version/4.0 Chrome/60.0.3112.107 Moblie Safari/537.36"
194.26.192.154 - - [14/Jul/2025:15:27:08 +0000] "GET /wp-content/plugins/apikey/apikey.php?test=hello HTTP/1.1" 404 44855 "-" "Mozlila/5.0 (Linux; Android 7.0; SM-G892A Bulid/NRD90M; wv) AppleWebKit/537.36 (KHTML, like Gecko) Version/4.0 Chrome/60.0.3112.107 Moblie Safari/537.36"
194.26.192.154 - - [14/Jul/2025:15:27:09 +0000] "GET /plugins/content/apismtp/apismtp.php?test=hello HTTP/1.1" 404 44855 "-" "Mozlila/5.0 (Linux; Android 7.0; SM-G892A Bulid/NRD90M; wv) AppleWebKit/537.36 (KHTML, like Gecko) Version/4.0 Chrome/60.0.3112.107 Moblie Safari/537.36"
194.26.192.154 - - [14/Jul/2025:15:27:09 +0000] "GET /sbwmmqij.php?Fox=d3wL7 HTTP/1.1" 404 44460 "www.google.com" "Mozilla/5.0 (Linux; Android 7.0; SM-G892A Bulid/NRD90M; wv) AppleWebKit/537.36 (KHTML, like Gecko) Version/4.0 Chrome/60.0.3112.107 Moblie Safari/537.36"
194.26.192.154 - - [14/Jul/2025:15:27:10 +0000] "GET /plugins/content/apismtp/apismtp.php.suspected?test=hello HTTP/1.1" 404 44855 "-" "Mozlila/5.0 (Linux; Android 7.0; SM-G892A Bulid/NRD90M; wv) AppleWebKit/537.36 (KHTML, like Gecko) Version/4.0 Chrome/60.0.3112.107 Moblie Safari/537.36"
209.74.77.214 - - [14/Jul/2025:16:48:18 +0000] "POST /wp-cron.php?doing_wp_cron=1752511698.0403599739074707031250 HTTP/1.1" 200 - "-" "WordPress/6.8.1; https://huss-kelaby.cv"
205.185.118.101 - - [14/Jul/2025:16:48:15 +0000] "GET /wp-login.php HTTP/1.1" 200 6676 "-" "Mozilla/5.0 (Macintosh; Intel Mac OS X 10_10_0) AppleWebKit/537.36 (KHTML, like Gecko) Chrome/36.0.1985.125 Safari/537.36"
205.185.118.101 - - [14/Jul/2025:16:48:18 +0000] "POST /wp-login.php HTTP/1.1" 200 6932 "-" "Mozilla/5.0 (Macintosh; Intel Mac OS X 10_10_0) AppleWebKit/537.36 (KHTML, like Gecko) Chrome/36.0.1985.125 Safari/537.36"
51.68.107.159 - - [14/Jul/2025:18:08:25 +0000] "GET /robots.txt HTTP/1.1" 200 92 "-" "Mozilla/5.0 (compatible; MJ12bot/v2.0.2; http://mj12bot.com/)"
51.68.107.159 - - [14/Jul/2025:18:08:28 +0000] "GET / HTTP/1.1" 200 15478 "-" "Mozilla/5.0 (compatible; MJ12bot/v2.0.2; http://mj12bot.com/)"
51.68.107.159 - - [14/Jul/2025:18:08:41 +0000] "GET / HTTP/1.1" 200 15479 "-" "Mozilla/5.0 (compatible; MJ12bot/v2.0.2; http://mj12bot.com/)"
209.74.77.214 - - [14/Jul/2025:18:14:32 +0000] "POST /wp-cron.php?doing_wp_cron=1752516871.9880650043487548828125 HTTP/1.1" 200 - "-" "WordPress/6.8.1; https://huss-kelaby.cv"
45.61.185.238 - - [14/Jul/2025:18:14:30 +0000] "GET /wp-login.php HTTP/1.1" 200 6676 "-" "Mozilla/5.0 (Windows NT 6.1; WOW64; rv:31.0) Gecko/20100101 Firefox/31.0"
45.61.185.238 - - [14/Jul/2025:18:14:34 +0000] "POST /wp-login.php HTTP/1.1" 200 6932 "-" "Mozilla/5.0 (Windows NT 6.1; WOW64; rv:31.0) Gecko/20100101 Firefox/31.0"
209.74.77.214 - - [14/Jul/2025:18:16:00 +0000] "POST /wp-cron.php?doing_wp_cron=1752516960.8917160034179687500000 HTTP/1.1" 200 - "-" "WordPress/6.8.1; https://huss-kelaby.cv"
66.249.90.102 - - [14/Jul/2025:18:15:58 +0000] "GET /product/on-demand-support/ HTTP/1.1" 200 18241 "-" "Mozilla/5.0 (X11; Linux x86_64) AppleWebKit/537.36 (KHTML, like Gecko) Chrome/137.0.7151.119 Safari/537.36"
66.249.90.102 - - [14/Jul/2025:18:16:01 +0000] "GET /wp-content/plugins/woocommerce/assets/css/woocommerce-layout.css?ver=9.9.5 HTTP/1.1" 200 3414 "https://huss-kelaby.cv/product/on-demand-support/" "Mozilla/5.0 (X11; Linux x86_64) AppleWebKit/537.36 (KHTML, like Gecko) Chrome/137.0.7151.119 Safari/537.36"
66.249.90.101 - - [14/Jul/2025:18:16:04 +0000] "GET /wp-includes/js/jquery/jquery-migrate.min.js?ver=3.4.1 HTTP/1.1" 200 4872 "https://huss-kelaby.cv/product/on-demand-support/" "Mozilla/5.0 (X11; Linux x86_64) AppleWebKit/537.36 (KHTML, like Gecko) Chrome/137.0.7151.119 Safari/537.36"
66.249.90.100 - - [14/Jul/2025:18:16:06 +0000] "GET /wp-content/themes/arter/assets/fonts/font-awesome/css/font-awesome.css?ver=6.8.1 HTTP/1.1" 200 12869 "https://huss-kelaby.cv/product/on-demand-support/" "Mozilla/5.0 (X11; Linux x86_64) AppleWebKit/537.36 (KHTML, like Gecko) Chrome/137.0.7151.119 Safari/537.36"
66.249.90.100 - - [14/Jul/2025:18:16:10 +0000] "GET /wp-content/plugins/arter-plugin/elementor/assets/css/style.css?ver=1 HTTP/1.1" 200 88 "https://huss-kelaby.cv/product/on-demand-support/" "Mozilla/5.0 (X11; Linux x86_64) AppleWebKit/537.36 (KHTML, like Gecko) Chrome/137.0.7151.119 Safari/537.36"
66.249.90.100 - - [14/Jul/2025:18:16:15 +0000] "GET /wp-includes/css/dist/block-library/style.min.css?ver=6.8.1 HTTP/1.1" 200 15323 "https://huss-kelaby.cv/product/on-demand-support/" "Mozilla/5.0 (X11; Linux x86_64) AppleWebKit/537.36 (KHTML, like Gecko) Chrome/137.0.7151.119 Safari/537.36"
66.249.90.100 - - [14/Jul/2025:18:16:21 +0000] "GET /wp-content/themes/arter/assets/css/bootstrap.css?ver=6.8.1 HTTP/1.1" 200 23196 "https://huss-kelaby.cv/product/on-demand-support/" "Mozilla/5.0 (X11; Linux x86_64) AppleWebKit/537.36 (KHTML, like Gecko) Chrome/137.0.7151.119 Safari/537.36"
66.249.90.100 - - [14/Jul/2025:18:16:30 +0000] "GET /wp-content/themes/arter/assets/css/swiper.css?ver=6.8.1 HTTP/1.1" 200 4583 "https://huss-kelaby.cv/product/on-demand-support/" "Mozilla/5.0 (X11; Linux x86_64) AppleWebKit/537.36 (KHTML, like Gecko) Chrome/137.0.7151.119 Safari/537.36"
66.249.90.100 - - [14/Jul/2025:18:16:34 +0000] "GET /wp-content/plugins/woocommerce/assets/css/woocommerce.css?ver=9.9.5 HTTP/1.1" 200 10820 "https://huss-kelaby.cv/product/on-demand-support/" "Mozilla/5.0 (X11; Linux x86_64) AppleWebKit/537.36 (KHTML, like Gecko) Chrome/137.0.7151.119 Safari/537.36"
66.249.90.100 - - [14/Jul/2025:18:16:42 +0000] "GET /wp-content/plugins/woocommerce/assets/css/photoswipe/default-skin/default-skin.min.css?ver=9.9.5 HTTP/1.1" 200 1952 "https://huss-kelaby.cv/product/on-demand-support/" "Mozilla/5.0 (X11; Linux x86_64) AppleWebKit/537.36 (KHTML, like Gecko) Chrome/137.0.7151.119 Safari/537.36"
66.249.90.100 - - [14/Jul/2025:18:16:45 +0000] "GET /wp-content/plugins/woocommerce/assets/css/photoswipe/photoswipe.min.css?ver=9.9.5 HTTP/1.1" 200 997 "https://huss-kelaby.cv/product/on-demand-support/" "Mozilla/5.0 (X11; Linux x86_64) AppleWebKit/537.36 (KHTML, like Gecko) Chrome/137.0.7151.119 Safari/537.36"
66.249.90.100 - - [14/Jul/2025:18:16:50 +0000] "GET /wp-content/uploads/2025/02/275622839_10224019954099472_8526428074003913221_n-1.jpg HTTP/1.1" 200 42760 "https://huss-kelaby.cv/product/on-demand-support/" "Mozilla/5.0 (X11; Linux x86_64) AppleWebKit/537.36 (KHTML, like Gecko) Chrome/137.0.7151.119 Safari/537.36"
66.249.90.100 - - [14/Jul/2025:18:16:58 +0000] "GET /wp-includes/js/jquery/jquery.min.js?ver=3.7.1 HTTP/1.1" 200 30368 "https://huss-kelaby.cv/product/on-demand-support/" "Mozilla/5.0 (X11; Linux x86_64) AppleWebKit/537.36 (KHTML, like Gecko) Chrome/137.0.7151.119 Safari/537.36"
66.249.90.100 - - [14/Jul/2025:18:16:59 +0000] "GET /wp-content/plugins/contact-form-7/includes/css/styles.css?ver=6.1 HTTP/1.1" 200 1031 "https://huss-kelaby.cv/product/on-demand-support/" "Mozilla/5.0 (X11; Linux x86_64) AppleWebKit/537.36 (KHTML, like Gecko) Chrome/137.0.7151.119 Safari/537.36"
66.249.90.102 - - [14/Jul/2025:18:17:02 +0000] "GET /wp-content/plugins/woocommerce/assets/client/blocks/wc-blocks.css?ver=wc-9.9.5 HTTP/1.1" 200 2575 "https://huss-kelaby.cv/product/on-demand-support/" "Mozilla/5.0 (X11; Linux x86_64) AppleWebKit/537.36 (KHTML, like Gecko) Chrome/137.0.7151.119 Safari/537.36"
66.249.90.100 - - [14/Jul/2025:18:17:03 +0000] "GET /wp-content/uploads/2025/05/support-800x800.png HTTP/1.1" 200 823293 "https://huss-kelaby.cv/product/on-demand-support/" "Mozilla/5.0 (X11; Linux x86_64) AppleWebKit/537.36 (KHTML, like Gecko) Chrome/137.0.7151.119 Safari/537.36"
66.249.90.100 - - [14/Jul/2025:18:17:06 +0000] "GET /wp-content/themes/arter/style.css?ver=6.8.1 HTTP/1.1" 200 19089 "https://huss-kelaby.cv/product/on-demand-support/" "Mozilla/5.0 (X11; Linux x86_64) AppleWebKit/537.36 (KHTML, like Gecko) Chrome/137.0.7151.119 Safari/537.36"
66.249.90.100 - - [14/Jul/2025:18:17:08 +0000] "GET /wp-content/plugins/leadconnector/public/css/lc-public.css?ver=3.0.10.1 HTTP/1.1" 200 106 "https://huss-kelaby.cv/product/on-demand-support/" "Mozilla/5.0 (X11; Linux x86_64) AppleWebKit/537.36 (KHTML, like Gecko) Chrome/137.0.7151.119 Safari/537.36"
66.249.90.100 - - [14/Jul/2025:18:17:09 +0000] "GET /wp-content/plugins/woocommerce/assets/css/brands.css?ver=9.9.5 HTTP/1.1" 200 684 "https://huss-kelaby.cv/product/on-demand-support/" "Mozilla/5.0 (X11; Linux x86_64) AppleWebKit/537.36 (KHTML, like Gecko) Chrome/137.0.7151.119 Safari/537.36"
66.249.90.100 - - [14/Jul/2025:18:17:12 +0000] "GET /wp-includes/css/dashicons.min.css?ver=6.8.1 HTTP/1.1" 200 35730 "https://huss-kelaby.cv/product/on-demand-support/" "Mozilla/5.0 (X11; Linux x86_64) AppleWebKit/537.36 (KHTML, like Gecko) Chrome/137.0.7151.119 Safari/537.36"
66.249.90.100 - - [14/Jul/2025:18:17:15 +0000] "GET /wp-content/themes/arter/assets/css/magnific-popup.css?ver=6.8.1 HTTP/1.1" 200 2058 "https://huss-kelaby.cv/product/on-demand-support/" "Mozilla/5.0 (X11; Linux x86_64) AppleWebKit/537.36 (KHTML, like Gecko) Chrome/137.0.7151.119 Safari/537.36"
66.249.90.100 - - [14/Jul/2025:18:17:19 +0000] "GET /wp-content/plugins/woo-stripe-payment/assets/build/stripe.css?ver=3.3.90 HTTP/1.1" 200 5001 "https://huss-kelaby.cv/product/on-demand-support/" "Mozilla/5.0 (X11; Linux x86_64) AppleWebKit/537.36 (KHTML, like Gecko) Chrome/137.0.7151.119 Safari/537.36"
66.249.90.100 - - [14/Jul/2025:18:17:22 +0000] "GET /wp-content/plugins/arter-plugin/elementor/assets/js/front-end-widget.js?ver=6.8.1 HTTP/1.1" 200 237 "https://huss-kelaby.cv/product/on-demand-support/" "Mozilla/5.0 (X11; Linux x86_64) AppleWebKit/537.36 (KHTML, like Gecko) Chrome/137.0.7151.119 Safari/537.36"
66.249.90.100 - - [14/Jul/2025:18:17:25 +0000] "GET /wp-includes/js/dist/hooks.min.js?ver=4d63a3d491d11ffd8ac6 HTTP/1.1" 200 1648 "https://huss-kelaby.cv/product/on-demand-support/" "Mozilla/5.0 (X11; Linux x86_64) AppleWebKit/537.36 (KHTML, like Gecko) Chrome/137.0.7151.119 Safari/537.36"
66.249.90.100 - - [14/Jul/2025:18:17:29 +0000] "GET /wp-includes/js/dist/i18n.min.js?ver=5e580eb46a90c2b997e6 HTTP/1.1" 200 3667 "https://huss-kelaby.cv/product/on-demand-support/" "Mozilla/5.0 (X11; Linux x86_64) AppleWebKit/537.36 (KHTML, like Gecko) Chrome/137.0.7151.119 Safari/537.36"
66.249.90.100 - - [14/Jul/2025:18:17:30 +0000] "GET /wp-content/themes/arter/assets/js/progressbar.js?ver=1.0.0 HTTP/1.1" 200 8554 "https://huss-kelaby.cv/product/on-demand-support/" "Mozilla/5.0 (X11; Linux x86_64) AppleWebKit/537.36 (KHTML, like Gecko) Chrome/137.0.7151.119 Safari/537.36"
66.249.90.100 - - [14/Jul/2025:18:17:33 +0000] "GET /wp-content/themes/arter/assets/js/isotope.js?ver=1.0.0 HTTP/1.1" 200 9847 "https://huss-kelaby.cv/product/on-demand-support/" "Mozilla/5.0 (X11; Linux x86_64) AppleWebKit/537.36 (KHTML, like Gecko) Chrome/137.0.7151.119 Safari/537.36"
66.249.90.100 - - [14/Jul/2025:18:17:35 +0000] "GET /wp-content/themes/arter/assets/js/typing.js?ver=1.0.0 HTTP/1.1" 200 614 "https://huss-kelaby.cv/product/on-demand-support/" "Mozilla/5.0 (X11; Linux x86_64) AppleWebKit/537.36 (KHTML, like Gecko) Chrome/137.0.7151.119 Safari/537.36"
66.249.90.100 - - [14/Jul/2025:18:17:37 +0000] "GET /wp-content/themes/arter/assets/js/magnific-popup.js?ver=1.0.0 HTTP/1.1" 200 12491 "https://huss-kelaby.cv/product/on-demand-support/" "Mozilla/5.0 (X11; Linux x86_64) AppleWebKit/537.36 (KHTML, like Gecko) Chrome/137.0.7151.119 Safari/537.36"
66.249.90.100 - - [14/Jul/2025:18:17:40 +0000] "GET /wp-content/plugins/elementor/assets/lib/swiper/v8/swiper.min.js?ver=8.4.5 HTTP/1.1" 200 39695 "https://huss-kelaby.cv/product/on-demand-support/" "Mozilla/5.0 (X11; Linux x86_64) AppleWebKit/537.36 (KHTML, like Gecko) Chrome/137.0.7151.119 Safari/537.36"
66.249.90.100 - - [14/Jul/2025:18:17:42 +0000] "GET /wp-content/plugins/woo-stripe-payment/assets/js/frontend/applepay-product.min.js?ver=3.3.90 HTTP/1.1" 200 845 "https://huss-kelaby.cv/product/on-demand-support/" "Mozilla/5.0 (X11; Linux x86_64) AppleWebKit/537.36 (KHTML, like Gecko) Chrome/137.0.7151.119 Safari/537.36"
66.249.90.100 - - [14/Jul/2025:18:17:44 +0000] "GET /wp-content/themes/arter/assets/js/skip-link-focus-fix.js?ver=20151215 HTTP/1.1" 200 438 "https://huss-kelaby.cv/product/on-demand-support/" "Mozilla/5.0 (X11; Linux x86_64) AppleWebKit/537.36 (KHTML, like Gecko) Chrome/137.0.7151.119 Safari/537.36"
66.249.90.100 - - [14/Jul/2025:18:17:47 +0000] "GET /wp-content/plugins/woo-stripe-payment/assets/js/frontend/form-handler.min.js?ver=3.3.90 HTTP/1.1" 200 1068 "https://huss-kelaby.cv/product/on-demand-support/" "Mozilla/5.0 (X11; Linux x86_64) AppleWebKit/537.36 (KHTML, like Gecko) Chrome/137.0.7151.119 Safari/537.36"
66.249.90.100 - - [14/Jul/2025:18:17:49 +0000] "GET /wp-content/plugins/woocommerce/assets/js/js-cookie/js.cookie.min.js?ver=2.1.4-wc.9.9.5 HTTP/1.1" 200 833 "https://huss-kelaby.cv/product/on-demand-support/" "Mozilla/5.0 (X11; Linux x86_64) AppleWebKit/537.36 (KHTML, like Gecko) Chrome/137.0.7151.119 Safari/537.36"
66.249.90.100 - - [14/Jul/2025:18:17:50 +0000] "GET /wp-content/plugins/woo-stripe-payment/assets/js/frontend/googlepay-product.min.js?ver=3.3.90 HTTP/1.1" 200 912 "https://huss-kelaby.cv/product/on-demand-support/" "Mozilla/5.0 (X11; Linux x86_64) AppleWebKit/537.36 (KHTML, like Gecko) Chrome/137.0.7151.119 Safari/537.36"
66.249.90.100 - - [14/Jul/2025:18:17:51 +0000] "GET /wp-content/plugins/woocommerce/assets/js/zoom/jquery.zoom.min.js?ver=1.7.21-wc.9.9.5 HTTP/1.1" 200 1192 "https://huss-kelaby.cv/product/on-demand-support/" "Mozilla/5.0 (X11; Linux x86_64) AppleWebKit/537.36 (KHTML, like Gecko) Chrome/137.0.7151.119 Safari/537.36"
66.249.90.100 - - [14/Jul/2025:18:17:53 +0000] "GET /wp-content/plugins/woocommerce/assets/js/flexslider/jquery.flexslider.min.js?ver=2.7.2-wc.9.9.5 HTTP/1.1" 200 6204 "https://huss-kelaby.cv/product/on-demand-support/" "Mozilla/5.0 (X11; Linux x86_64) AppleWebKit/537.36 (KHTML, like Gecko) Chrome/137.0.7151.119 Safari/537.36"
66.249.90.100 - - [14/Jul/2025:18:17:55 +0000] "GET /wp-content/plugins/woocommerce/assets/js/frontend/woocommerce.min.js?ver=9.9.5 HTTP/1.1" 200 1449 "https://huss-kelaby.cv/product/on-demand-support/" "Mozilla/5.0 (X11; Linux x86_64) AppleWebKit/537.36 (KHTML, like Gecko) Chrome/137.0.7151.119 Safari/537.36"
66.249.90.100 - - [14/Jul/2025:18:18:00 +0000] "GET /wp-content/plugins/woocommerce/assets/css/woocommerce-smallscreen.css?ver=9.9.5 HTTP/1.1" 200 1279 "https://huss-kelaby.cv/product/on-demand-support/" "Mozilla/5.0 (X11; Linux x86_64) AppleWebKit/537.36 (KHTML, like Gecko) Chrome/137.0.7151.119 Safari/537.36"
66.249.90.101 - - [14/Jul/2025:18:18:01 +0000] "GET /wp-content/themes/arter/assets/js/rrssb.js?ver=1.0.0 HTTP/1.1" 200 1778 "https://huss-kelaby.cv/product/on-demand-support/" "Mozilla/5.0 (X11; Linux x86_64) AppleWebKit/537.36 (KHTML, like Gecko) Chrome/137.0.7151.119 Safari/537.36"
66.249.90.101 - - [14/Jul/2025:18:18:02 +0000] "GET /wp-content/plugins/contact-form-7/includes/swv/js/index.js?ver=6.1 HTTP/1.1" 200 3503 "https://huss-kelaby.cv/product/on-demand-support/" "Mozilla/5.0 (X11; Linux x86_64) AppleWebKit/537.36 (KHTML, like Gecko) Chrome/137.0.7151.119 Safari/537.36"
66.249.90.100 - - [14/Jul/2025:18:18:04 +0000] "GET /wp-content/plugins/woocommerce/assets/js/photoswipe/photoswipe.min.js?ver=4.1.1-wc.9.9.5 HTTP/1.1" 200 12042 "https://huss-kelaby.cv/product/on-demand-support/" "Mozilla/5.0 (X11; Linux x86_64) AppleWebKit/537.36 (KHTML, like Gecko) Chrome/137.0.7151.119 Safari/537.36"
66.249.90.101 - - [14/Jul/2025:18:18:05 +0000] "GET /wp-content/plugins/woocommerce/assets/js/sourcebuster/sourcebuster.min.js?ver=9.9.5 HTTP/1.1" 200 4807 "https://huss-kelaby.cv/product/on-demand-support/" "Mozilla/5.0 (X11; Linux x86_64) AppleWebKit/537.36 (KHTML, like Gecko) Chrome/137.0.7151.119 Safari/537.36"
66.249.90.101 - - [14/Jul/2025:18:18:07 +0000] "GET /wp-content/themes/arter/assets/js/main.js?ver=1.0.0 HTTP/1.1" 200 3207 "https://huss-kelaby.cv/product/on-demand-support/" "Mozilla/5.0 (X11; Linux x86_64) AppleWebKit/537.36 (KHTML, like Gecko) Chrome/137.0.7151.119 Safari/537.36"
66.249.90.101 - - [14/Jul/2025:18:18:08 +0000] "GET /wp-content/plugins/woocommerce/assets/js/frontend/add-to-cart.min.js?ver=9.9.5 HTTP/1.1" 200 1368 "https://huss-kelaby.cv/product/on-demand-support/" "Mozilla/5.0 (X11; Linux x86_64) AppleWebKit/537.36 (KHTML, like Gecko) Chrome/137.0.7151.119 Safari/537.36"
66.249.90.100 - - [14/Jul/2025:18:18:11 +0000] "GET /wp-content/plugins/woocommerce/assets/js/jquery-blockui/jquery.blockUI.min.js?ver=2.7.0-wc.9.9.5 HTTP/1.1" 200 3537 "https://huss-kelaby.cv/product/on-demand-support/" "Mozilla/5.0 (X11; Linux x86_64) AppleWebKit/537.36 (KHTML, like Gecko) Chrome/137.0.7151.119 Safari/537.36"
66.249.90.100 - - [14/Jul/2025:18:18:15 +0000] "GET /wp-content/plugins/woocommerce/assets/js/photoswipe/photoswipe-ui-default.min.js?ver=4.1.1-wc.9.9.5 HTTP/1.1" 200 3674 "https://huss-kelaby.cv/product/on-demand-support/" "Mozilla/5.0 (X11; Linux x86_64) AppleWebKit/537.36 (KHTML, like Gecko) Chrome/137.0.7151.119 Safari/537.36"
66.249.90.100 - - [14/Jul/2025:18:18:19 +0000] "GET /wp-content/plugins/woocommerce/assets/js/frontend/single-product.min.js?ver=9.9.5 HTTP/1.1" 200 2728 "https://huss-kelaby.cv/product/on-demand-support/" "Mozilla/5.0 (X11; Linux x86_64) AppleWebKit/537.36 (KHTML, like Gecko) Chrome/137.0.7151.119 Safari/537.36"
66.249.90.100 - - [14/Jul/2025:18:18:21 +0000] "GET /wp-content/plugins/woo-stripe-payment/assets/js/frontend/wc-stripe.min.js?ver=3.3.90 HTTP/1.1" 200 10360 "https://huss-kelaby.cv/product/on-demand-support/" "Mozilla/5.0 (X11; Linux x86_64) AppleWebKit/537.36 (KHTML, like Gecko) Chrome/137.0.7151.119 Safari/537.36"
66.249.90.100 - - [14/Jul/2025:18:18:22 +0000] "GET /wp-includes/js/imagesloaded.min.js?ver=5.0.0 HTTP/1.1" 200 1803 "https://huss-kelaby.cv/product/on-demand-support/" "Mozilla/5.0 (X11; Linux x86_64) AppleWebKit/537.36 (KHTML, like Gecko) Chrome/137.0.7151.119 Safari/537.36"
134.122.99.149 - - [14/Jul/2025:19:50:39 +0000] "GET / HTTP/1.1" 200 12373 "-" "Mozilla/5.0 (X11; Linux x86_64; rv:137.0) Gecko/20100101 Firefox/137.0"
196.251.86.207 - - [14/Jul/2025:20:11:44 +0000] "GET / HTTP/1.1" 200 82173 "-" "-"
196.251.86.207 - - [14/Jul/2025:20:11:56 +0000] "GET / HTTP/1.1" 200 82173 "-" "-"
87.251.78.131 - - [14/Jul/2025:21:30:40 +0000] "GET / HTTP/1.1" 200 15479 "http://huss-kelaby.cv" "Mozilla/5.0 (Windows NT 10.0; Win64; x64) AppleWebKit/537.36 Chrome/114.0.5735.110 Safari/537.36"
87.251.78.131 - - [14/Jul/2025:21:30:41 +0000] "GET /wp-content/plugins/contact-form-7/includes/js/index.js?ver=6.1 HTTP/1.1" 200 4265 "-" "Mozilla/5.0 (Windows NT 10.0; Win64; x64) AppleWebKit/537.36 Chrome/114.0.5735.110 Safari/537.36"
87.251.78.131 - - [14/Jul/2025:21:30:41 +0000] "GET /wp-content/themes/arter/assets/js/anime.js?ver=1.0.0 HTTP/1.1" 200 7048 "-" "Mozilla/5.0 (Macintosh; Intel Mac OS X 10_15_7) AppleWebKit/605.1.15 (KHTML, like Gecko) Version/15.1 Safari/605.1.15"
87.251.78.131 - - [14/Jul/2025:21:30:42 +0000] "GET /wp-includes/js/jquery/jquery.min.js?ver=3.7.1 HTTP/1.1" 200 30368 "-" "Mozilla/5.0 (X11; Linux x86_64) AppleWebKit/537.36 Chrome/113.0.0.0 Safari/537.36"
87.251.78.131 - - [14/Jul/2025:21:30:42 +0000] "GET /wp-content/plugins/woocommerce/assets/js/frontend/add-to-cart.min.js?ver=9.9.5 HTTP/1.1" 200 1368 "-" "Mozilla/5.0 (Windows NT 10.0; Win64; x64) AppleWebKit/537.36 Chrome/114.0.5735.110 Safari/537.36"
87.251.78.131 - - [14/Jul/2025:21:30:42 +0000] "GET /wp-includes/js/dist/i18n.min.js?ver=5e580eb46a90c2b997e6 HTTP/1.1" 200 3667 "-" "Mozilla/5.0 (Macintosh; Intel Mac OS X 10_15_7) AppleWebKit/605.1.15 (KHTML, like Gecko) Version/15.1 Safari/605.1.15"
87.251.78.131 - - [14/Jul/2025:21:30:42 +0000] "GET /wp-content/themes/arter/assets/js/rrssb.js?ver=1.0.0 HTTP/1.1" 200 1778 "-" "Mozilla/5.0 (X11; Linux x86_64) AppleWebKit/537.36 Chrome/113.0.0.0 Safari/537.36"
87.251.78.131 - - [14/Jul/2025:21:30:43 +0000] "GET /wp-content/plugins/woocommerce/assets/js/frontend/order-attribution.min.js?ver=9.9.5 HTTP/1.1" 200 1128 "-" "Mozilla/5.0 (Windows NT 10.0; Win64; x64) AppleWebKit/537.36 Chrome/114.0.5735.110 Safari/537.36"
87.251.78.131 - - [14/Jul/2025:21:30:43 +0000] "GET /wp-includes/js/jquery/jquery-migrate.min.js?ver=3.4.1 HTTP/1.1" 200 4872 "-" "Mozilla/5.0 (Windows NT 10.0; Win64; x64) AppleWebKit/537.36 Chrome/114.0.5735.110 Safari/537.36"
87.251.78.131 - - [14/Jul/2025:21:30:43 +0000] "GET /wp-content/plugins/contact-form-7/includes/swv/js/index.js?ver=6.1 HTTP/1.1" 200 3503 "-" "Mozilla/5.0 (X11; Linux x86_64) AppleWebKit/537.36 Chrome/113.0.0.0 Safari/537.36"
87.251.78.131 - - [14/Jul/2025:21:30:43 +0000] "GET /wp-content/plugins/elementor/assets/lib/swiper/v8/swiper.min.js?ver=8.4.5 HTTP/1.1" 200 39695 "-" "Mozilla/5.0 (Windows NT 10.0; Win64; x64) AppleWebKit/537.36 Chrome/114.0.5735.110 Safari/537.36"
87.251.78.131 - - [14/Jul/2025:21:30:43 +0000] "GET /wp-includes/js/jquery/ui/core.min.js?ver=1.13.3 HTTP/1.1" 200 7106 "-" "Mozilla/5.0 (Macintosh; Intel Mac OS X 10_15_7) AppleWebKit/605.1.15 (KHTML, like Gecko) Version/15.1 Safari/605.1.15"
87.251.78.131 - - [14/Jul/2025:21:30:44 +0000] "GET /wp-content/plugins/elementor/assets/js/frontend-modules.min.js?ver=3.30.2 HTTP/1.1" 200 14815 "-" "Mozilla/5.0 (Windows NT 10.0; Win64; x64) AppleWebKit/537.36 Chrome/114.0.5735.110 Safari/537.36"
87.251.78.131 - - [14/Jul/2025:21:30:44 +0000] "GET /wp-content/themes/arter/assets/js/progressbar.js?ver=1.0.0 HTTP/1.1" 200 8554 "-" "Mozilla/5.0 (Windows NT 10.0; Win64; x64) AppleWebKit/537.36 Chrome/114.0.5735.110 Safari/537.36"
87.251.78.131 - - [14/Jul/2025:21:30:44 +0000] "GET /wp-content/themes/arter/assets/js/typing.js?ver=1.0.0 HTTP/1.1" 200 614 "-" "Mozilla/5.0 (X11; Linux x86_64) AppleWebKit/537.36 Chrome/113.0.0.0 Safari/537.36"
87.251.78.131 - - [14/Jul/2025:21:30:44 +0000] "GET /wp-includes/js/imagesloaded.min.js?ver=5.0.0 HTTP/1.1" 200 1803 "-" "Mozilla/5.0 (Windows NT 10.0; Win64; x64) AppleWebKit/537.36 Chrome/114.0.5735.110 Safari/537.36"
87.251.78.131 - - [14/Jul/2025:21:30:44 +0000] "GET /wp-content/themes/arter/assets/js/isotope.js?ver=1.0.0 HTTP/1.1" 200 9847 "-" "Mozilla/5.0 (X11; Linux x86_64) AppleWebKit/537.36 Chrome/113.0.0.0 Safari/537.36"
87.251.78.131 - - [14/Jul/2025:21:30:45 +0000] "GET /wp-content/themes/arter/assets/js/main.js?ver=1.0.0 HTTP/1.1" 200 3207 "-" "Mozilla/5.0 (Windows NT 10.0; Win64; x64) AppleWebKit/537.36 Chrome/114.0.5735.110 Safari/537.36"
87.251.78.131 - - [14/Jul/2025:21:30:45 +0000] "GET /wp-includes/js/dist/hooks.min.js?ver=4d63a3d491d11ffd8ac6 HTTP/1.1" 200 1648 "-" "Mozilla/5.0 (Macintosh; Intel Mac OS X 10_15_7) AppleWebKit/605.1.15 (KHTML, like Gecko) Version/15.1 Safari/605.1.15"
87.251.78.131 - - [14/Jul/2025:21:30:45 +0000] "GET /wp-content/themes/arter/assets/js/magnific-popup.js?ver=1.0.0 HTTP/1.1" 200 12491 "-" "Mozilla/5.0 (Windows NT 10.0; Win64; x64) AppleWebKit/537.36 Chrome/114.0.5735.110 Safari/537.36"
87.251.78.131 - - [14/Jul/2025:21:30:45 +0000] "GET /wp-content/plugins/elementor/assets/js/frontend.min.js?ver=3.30.2 HTTP/1.1" 200 10595 "-" "Mozilla/5.0 (Macintosh; Intel Mac OS X 10_15_7) AppleWebKit/605.1.15 (KHTML, like Gecko) Version/15.1 Safari/605.1.15"
87.251.78.131 - - [14/Jul/2025:21:30:45 +0000] "GET /wp-content/plugins/woocommerce/assets/js/jquery-blockui/jquery.blockUI.min.js?ver=2.7.0-wc.9.9.5 HTTP/1.1" 200 3537 "-" "Mozilla/5.0 (X11; Linux x86_64) AppleWebKit/537.36 Chrome/113.0.0.0 Safari/537.36"
87.251.78.131 - - [14/Jul/2025:21:30:46 +0000] "GET /wp-content/plugins/woocommerce/assets/js/js-cookie/js.cookie.min.js?ver=2.1.4-wc.9.9.5 HTTP/1.1" 200 833 "-" "Mozilla/5.0 (Windows NT 10.0; Win64; x64) AppleWebKit/537.36 Chrome/114.0.5735.110 Safari/537.36"
87.251.78.131 - - [14/Jul/2025:21:30:46 +0000] "GET /wp-content/plugins/woocommerce/assets/js/frontend/woocommerce.min.js?ver=9.9.5 HTTP/1.1" 200 1449 "-" "Mozilla/5.0 (X11; Linux x86_64) AppleWebKit/537.36 Chrome/113.0.0.0 Safari/537.36"
87.251.78.131 - - [14/Jul/2025:21:30:46 +0000] "GET /wp-content/plugins/arter-plugin/elementor/assets/js/front-end-widget.js?ver=6.8.1 HTTP/1.1" 200 237 "-" "Mozilla/5.0 (Windows NT 10.0; Win64; x64) AppleWebKit/537.36 Chrome/114.0.5735.110 Safari/537.36"
87.251.78.131 - - [14/Jul/2025:21:30:46 +0000] "GET /wp-content/plugins/woocommerce/assets/js/sourcebuster/sourcebuster.min.js?ver=9.9.5 HTTP/1.1" 200 4807 "-" "Mozilla/5.0 (Macintosh; Intel Mac OS X 10_15_7) AppleWebKit/605.1.15 (KHTML, like Gecko) Version/15.1 Safari/605.1.15"
87.251.78.131 - - [14/Jul/2025:21:30:46 +0000] "GET /wp-content/plugins/elementor/assets/js/webpack.runtime.min.js?ver=3.30.2 HTTP/1.1" 200 2516 "-" "Mozilla/5.0 (Windows NT 10.0; Win64; x64) AppleWebKit/537.36 Chrome/114.0.5735.110 Safari/537.36"
87.251.78.131 - - [14/Jul/2025:21:30:47 +0000] "GET /wp-content/themes/arter/assets/js/skip-link-focus-fix.js?ver=20151215 HTTP/1.1" 200 438 "-" "Mozilla/5.0 (X11; Linux x86_64) AppleWebKit/537.36 Chrome/113.0.0.0 Safari/537.36"
209.74.77.214 - - [14/Jul/2025:21:34:21 +0000] "POST /wp-cron.php?doing_wp_cron=1752528861.2665219306945800781250 HTTP/1.1" 200 - "-" "WordPress/6.8.1; https://huss-kelaby.cv"
198.98.57.237 - - [14/Jul/2025:21:34:19 +0000] "GET /wp-login.php HTTP/1.1" 200 6676 "-" "Mozilla/5.0 (Windows NT 5.1; rv:30.0) Gecko/20100101 Firefox/30.0"
209.74.77.214 - - [14/Jul/2025:21:35:28 +0000] "POST /wp-cron.php?doing_wp_cron=1752528928.0624840259552001953125 HTTP/1.1" 200 - "-" "WordPress/6.8.1; https://huss-kelaby.cv"
198.98.57.237 - - [14/Jul/2025:21:35:26 +0000] "POST /wp-login.php HTTP/1.1" 200 6932 "-" "Mozilla/5.0 (Windows NT 5.1; rv:30.0) Gecko/20100101 Firefox/30.0"
71.6.134.234 - - [14/Jul/2025:21:49:14 +0000] "GET / HTTP/1.1" 200 12367 "-" "Mozilla/5.0 (Windows NT 10.0; Win64; x64) AppleWebKit/537.36 (KHTML, like Gecko) Chrome/133.0.0.0 Safari/537.36"
4.227.36.85 - - [14/Jul/2025:22:17:00 +0000] "GET /robots.txt HTTP/1.1" 200 92 "-" "Mozilla/5.0 AppleWebKit/537.36 (KHTML, like Gecko; compatible; GPTBot/1.2; +https://openai.com/gptbot)"
4.227.36.85 - - [14/Jul/2025:22:17:00 +0000] "GET /robots.txt HTTP/1.1" 200 92 "-" "Mozilla/5.0 AppleWebKit/537.36 (KHTML, like Gecko; compatible; GPTBot/1.2; +https://openai.com/gptbot)"
20.171.207.93 - - [14/Jul/2025:22:17:00 +0000] "GET /wp-sitemap.xml HTTP/1.1" 200 3999 "-" "Mozilla/5.0 AppleWebKit/537.36 (KHTML, like Gecko; compatible; GPTBot/1.2; +https://openai.com/gptbot)"
209.74.77.214 - - [14/Jul/2025:22:17:05 +0000] "POST /wp-cron.php?doing_wp_cron=1752531425.2462210655212402343750 HTTP/1.1" 200 - "-" "WordPress/6.8.1; https://huss-kelaby.cv"
20.171.207.93 - - [14/Jul/2025:22:17:03 +0000] "GET /detail/550904859.shtm HTTP/1.1" 404 10108 "-" "Mozilla/5.0 AppleWebKit/537.36 (KHTML, like Gecko; compatible; GPTBot/1.2; +https://openai.com/gptbot)"
20.171.207.93 - - [14/Jul/2025:22:17:06 +0000] "GET /detail/550939927.shtm HTTP/1.1" 404 10108 "-" "Mozilla/5.0 AppleWebKit/537.36 (KHTML, like Gecko; compatible; GPTBot/1.2; +https://openai.com/gptbot)"
20.171.207.93 - - [14/Jul/2025:22:17:09 +0000] "GET /detail/550865004.shtm HTTP/1.1" 404 10108 "-" "Mozilla/5.0 AppleWebKit/537.36 (KHTML, like Gecko; compatible; GPTBot/1.2; +https://openai.com/gptbot)"
20.171.207.93 - - [14/Jul/2025:22:17:12 +0000] "GET /detail/550818583.shtm HTTP/1.1" 404 10108 "-" "Mozilla/5.0 AppleWebKit/537.36 (KHTML, like Gecko; compatible; GPTBot/1.2; +https://openai.com/gptbot)"
209.74.77.214 - - [14/Jul/2025:22:17:15 +0000] "POST /wp-cron.php?doing_wp_cron=1752531435.3479430675506591796875 HTTP/1.1" 200 - "-" "WordPress/6.8.1; https://huss-kelaby.cv"
20.171.207.93 - - [14/Jul/2025:22:17:15 +0000] "GET /detail/550930421.shtm HTTP/1.1" 404 10108 "-" "Mozilla/5.0 AppleWebKit/537.36 (KHTML, like Gecko; compatible; GPTBot/1.2; +https://openai.com/gptbot)"
20.171.207.93 - - [14/Jul/2025:22:17:17 +0000] "GET /detail/550845255.shtm HTTP/1.1" 404 10108 "-" "Mozilla/5.0 AppleWebKit/537.36 (KHTML, like Gecko; compatible; GPTBot/1.2; +https://openai.com/gptbot)"
20.171.207.93 - - [14/Jul/2025:22:17:20 +0000] "GET /detail/550828280.shtm HTTP/1.1" 404 10108 "-" "Mozilla/5.0 AppleWebKit/537.36 (KHTML, like Gecko; compatible; GPTBot/1.2; +https://openai.com/gptbot)"
20.171.207.93 - - [14/Jul/2025:22:17:23 +0000] "GET /detail/550909022.shtm HTTP/1.1" 404 10108 "-" "Mozilla/5.0 AppleWebKit/537.36 (KHTML, like Gecko; compatible; GPTBot/1.2; +https://openai.com/gptbot)"
20.171.207.93 - - [14/Jul/2025:22:17:26 +0000] "GET /detail/551006687.shtm HTTP/1.1" 404 10108 "-" "Mozilla/5.0 AppleWebKit/537.36 (KHTML, like Gecko; compatible; GPTBot/1.2; +https://openai.com/gptbot)"
20.171.207.93 - - [14/Jul/2025:22:17:29 +0000] "GET /detail/550973550.shtm HTTP/1.1" 404 10108 "-" "Mozilla/5.0 AppleWebKit/537.36 (KHTML, like Gecko; compatible; GPTBot/1.2; +https://openai.com/gptbot)"
20.171.207.93 - - [14/Jul/2025:22:17:31 +0000] "GET /detail/550969694.shtm HTTP/1.1" 404 10108 "-" "Mozilla/5.0 AppleWebKit/537.36 (KHTML, like Gecko; compatible; GPTBot/1.2; +https://openai.com/gptbot)"
20.171.207.93 - - [14/Jul/2025:22:17:34 +0000] "GET /detail/550889508.shtm HTTP/1.1" 404 10108 "-" "Mozilla/5.0 AppleWebKit/537.36 (KHTML, like Gecko; compatible; GPTBot/1.2; +https://openai.com/gptbot)"
20.171.207.93 - - [14/Jul/2025:22:17:37 +0000] "GET /detail/550850831.shtm HTTP/1.1" 404 10108 "-" "Mozilla/5.0 AppleWebKit/537.36 (KHTML, like Gecko; compatible; GPTBot/1.2; +https://openai.com/gptbot)"
20.171.207.93 - - [14/Jul/2025:22:17:40 +0000] "GET /detail/550855026.shtm HTTP/1.1" 404 10108 "-" "Mozilla/5.0 AppleWebKit/537.36 (KHTML, like Gecko; compatible; GPTBot/1.2; +https://openai.com/gptbot)"
20.171.207.93 - - [14/Jul/2025:22:17:43 +0000] "GET /detail/550926262.shtm HTTP/1.1" 404 10108 "-" "Mozilla/5.0 AppleWebKit/537.36 (KHTML, like Gecko; compatible; GPTBot/1.2; +https://openai.com/gptbot)"
20.171.207.93 - - [14/Jul/2025:22:17:46 +0000] "GET /detail/550910915.shtm HTTP/1.1" 404 10108 "-" "Mozilla/5.0 AppleWebKit/537.36 (KHTML, like Gecko; compatible; GPTBot/1.2; +https://openai.com/gptbot)"
209.74.77.214 - - [14/Jul/2025:22:17:49 +0000] "POST /wp-cron.php?doing_wp_cron=1752531469.3715109825134277343750 HTTP/1.1" 200 - "-" "WordPress/6.8.1; https://huss-kelaby.cv"
20.171.207.93 - - [14/Jul/2025:22:17:49 +0000] "GET /detail/550850550.shtm HTTP/1.1" 404 10108 "-" "Mozilla/5.0 AppleWebKit/537.36 (KHTML, like Gecko; compatible; GPTBot/1.2; +https://openai.com/gptbot)"
209.74.77.214 - - [14/Jul/2025:22:17:52 +0000] "POST /wp-cron.php?doing_wp_cron=1752531472.1910018920898437500000 HTTP/1.1" 200 - "-" "WordPress/6.8.1; https://huss-kelaby.cv"
20.171.207.93 - - [14/Jul/2025:22:17:51 +0000] "GET /detail/550929050.shtm HTTP/1.1" 404 10108 "-" "Mozilla/5.0 AppleWebKit/537.36 (KHTML, like Gecko; compatible; GPTBot/1.2; +https://openai.com/gptbot)"
20.171.207.93 - - [14/Jul/2025:22:17:54 +0000] "GET /detail/551005587.shtm HTTP/1.1" 404 10107 "-" "Mozilla/5.0 AppleWebKit/537.36 (KHTML, like Gecko; compatible; GPTBot/1.2; +https://openai.com/gptbot)"
20.171.207.93 - - [14/Jul/2025:22:17:57 +0000] "GET /detail/550964664.shtm HTTP/1.1" 404 10108 "-" "Mozilla/5.0 AppleWebKit/537.36 (KHTML, like Gecko; compatible; GPTBot/1.2; +https://openai.com/gptbot)"
20.171.207.93 - - [14/Jul/2025:22:18:00 +0000] "GET /detail/550950491.shtm HTTP/1.1" 404 10108 "-" "Mozilla/5.0 AppleWebKit/537.36 (KHTML, like Gecko; compatible; GPTBot/1.2; +https://openai.com/gptbot)"
20.171.207.93 - - [14/Jul/2025:22:18:03 +0000] "GET /detail/550919554.shtm HTTP/1.1" 404 10108 "-" "Mozilla/5.0 AppleWebKit/537.36 (KHTML, like Gecko; compatible; GPTBot/1.2; +https://openai.com/gptbot)"
20.171.207.93 - - [14/Jul/2025:22:18:06 +0000] "GET /detail/550895596.shtm HTTP/1.1" 404 10108 "-" "Mozilla/5.0 AppleWebKit/537.36 (KHTML, like Gecko; compatible; GPTBot/1.2; +https://openai.com/gptbot)"
20.171.207.93 - - [14/Jul/2025:22:18:08 +0000] "GET /detail/551015565.shtm HTTP/1.1" 404 10108 "-" "Mozilla/5.0 AppleWebKit/537.36 (KHTML, like Gecko; compatible; GPTBot/1.2; +https://openai.com/gptbot)"
20.171.207.93 - - [14/Jul/2025:22:18:11 +0000] "GET /detail/550818509.shtm HTTP/1.1" 404 10108 "-" "Mozilla/5.0 AppleWebKit/537.36 (KHTML, like Gecko; compatible; GPTBot/1.2; +https://openai.com/gptbot)"
209.74.77.214 - - [14/Jul/2025:22:18:14 +0000] "POST /wp-cron.php?doing_wp_cron=1752531494.8290700912475585937500 HTTP/1.1" 200 - "-" "WordPress/6.8.1; https://huss-kelaby.cv"
20.171.207.93 - - [14/Jul/2025:22:18:14 +0000] "GET /detail/551007550.shtm HTTP/1.1" 404 10107 "-" "Mozilla/5.0 AppleWebKit/537.36 (KHTML, like Gecko; compatible; GPTBot/1.2; +https://openai.com/gptbot)"
20.171.207.93 - - [14/Jul/2025:22:18:17 +0000] "GET /detail/550817170.shtm HTTP/1.1" 404 10108 "-" "Mozilla/5.0 AppleWebKit/537.36 (KHTML, like Gecko; compatible; GPTBot/1.2; +https://openai.com/gptbot)"
20.171.207.93 - - [14/Jul/2025:22:18:20 +0000] "GET /detail/550933209.shtm HTTP/1.1" 404 10108 "-" "Mozilla/5.0 AppleWebKit/537.36 (KHTML, like Gecko; compatible; GPTBot/1.2; +https://openai.com/gptbot)"
20.171.207.93 - - [14/Jul/2025:22:18:23 +0000] "GET /detail/551010852.shtm HTTP/1.1" 404 10108 "-" "Mozilla/5.0 AppleWebKit/537.36 (KHTML, like Gecko; compatible; GPTBot/1.2; +https://openai.com/gptbot)"
20.171.207.93 - - [14/Jul/2025:22:18:25 +0000] "GET /detail/550845008.shtm HTTP/1.1" 404 10108 "-" "Mozilla/5.0 AppleWebKit/537.36 (KHTML, like Gecko; compatible; GPTBot/1.2; +https://openai.com/gptbot)"
20.171.207.93 - - [14/Jul/2025:22:18:28 +0000] "GET /detail/550835544.shtm HTTP/1.1" 404 10108 "-" "Mozilla/5.0 AppleWebKit/537.36 (KHTML, like Gecko; compatible; GPTBot/1.2; +https://openai.com/gptbot)"
20.171.207.93 - - [14/Jul/2025:22:18:31 +0000] "GET /detail/550855819.shtm HTTP/1.1" 404 10108 "-" "Mozilla/5.0 AppleWebKit/537.36 (KHTML, like Gecko; compatible; GPTBot/1.2; +https://openai.com/gptbot)"
20.171.207.93 - - [14/Jul/2025:22:18:34 +0000] "GET /detail/550860841.shtm HTTP/1.1" 404 10107 "-" "Mozilla/5.0 AppleWebKit/537.36 (KHTML, like Gecko; compatible; GPTBot/1.2; +https://openai.com/gptbot)"
20.171.207.93 - - [14/Jul/2025:22:18:36 +0000] "GET /detail/550942095.shtm HTTP/1.1" 404 10108 "-" "Mozilla/5.0 AppleWebKit/537.36 (KHTML, like Gecko; compatible; GPTBot/1.2; +https://openai.com/gptbot)"
20.171.207.93 - - [14/Jul/2025:22:18:39 +0000] "GET /detail/550847250.shtm HTTP/1.1" 404 10108 "-" "Mozilla/5.0 AppleWebKit/537.36 (KHTML, like Gecko; compatible; GPTBot/1.2; +https://openai.com/gptbot)"
20.171.207.93 - - [14/Jul/2025:22:18:42 +0000] "GET /detail/550911503.shtm HTTP/1.1" 404 10108 "-" "Mozilla/5.0 AppleWebKit/537.36 (KHTML, like Gecko; compatible; GPTBot/1.2; +https://openai.com/gptbot)"
20.171.207.93 - - [14/Jul/2025:22:18:45 +0000] "GET /detail/551010296.shtm HTTP/1.1" 404 10108 "-" "Mozilla/5.0 AppleWebKit/537.36 (KHTML, like Gecko; compatible; GPTBot/1.2; +https://openai.com/gptbot)"
209.74.77.214 - - [14/Jul/2025:22:18:48 +0000] "POST /wp-cron.php?doing_wp_cron=1752531528.7699530124664306640625 HTTP/1.1" 200 - "-" "WordPress/6.8.1; https://huss-kelaby.cv"
20.171.207.93 - - [14/Jul/2025:22:18:48 +0000] "GET /detail/550811008.shtm HTTP/1.1" 404 10108 "-" "Mozilla/5.0 AppleWebKit/537.36 (KHTML, like Gecko; compatible; GPTBot/1.2; +https://openai.com/gptbot)"
209.74.77.214 - - [14/Jul/2025:22:18:51 +0000] "POST /wp-cron.php?doing_wp_cron=1752531531.7328190803527832031250 HTTP/1.1" 200 - "-" "WordPress/6.8.1; https://huss-kelaby.cv"
20.171.207.93 - - [14/Jul/2025:22:18:51 +0000] "GET /detail/550812108.shtm HTTP/1.1" 404 10108 "-" "Mozilla/5.0 AppleWebKit/537.36 (KHTML, like Gecko; compatible; GPTBot/1.2; +https://openai.com/gptbot)"
20.171.207.93 - - [14/Jul/2025:22:18:54 +0000] "GET /detail/550808774.shtm HTTP/1.1" 404 10107 "-" "Mozilla/5.0 AppleWebKit/537.36 (KHTML, like Gecko; compatible; GPTBot/1.2; +https://openai.com/gptbot)"
20.171.207.93 - - [14/Jul/2025:22:18:57 +0000] "GET /detail/550878081.shtm HTTP/1.1" 404 10108 "-" "Mozilla/5.0 AppleWebKit/537.36 (KHTML, like Gecko; compatible; GPTBot/1.2; +https://openai.com/gptbot)"
20.171.207.93 - - [14/Jul/2025:22:19:00 +0000] "GET /detail/550991093.shtm HTTP/1.1" 404 10108 "-" "Mozilla/5.0 AppleWebKit/537.36 (KHTML, like Gecko; compatible; GPTBot/1.2; +https://openai.com/gptbot)"
20.171.207.93 - - [14/Jul/2025:22:19:02 +0000] "GET /detail/551010609.shtm HTTP/1.1" 404 10108 "-" "Mozilla/5.0 AppleWebKit/537.36 (KHTML, like Gecko; compatible; GPTBot/1.2; +https://openai.com/gptbot)"
20.171.207.93 - - [14/Jul/2025:22:19:05 +0000] "GET /detail/550827427.shtm HTTP/1.1" 404 10108 "-" "Mozilla/5.0 AppleWebKit/537.36 (KHTML, like Gecko; compatible; GPTBot/1.2; +https://openai.com/gptbot)"
20.171.207.93 - - [14/Jul/2025:22:19:08 +0000] "GET /detail/550856985.shtm HTTP/1.1" 404 10108 "-" "Mozilla/5.0 AppleWebKit/537.36 (KHTML, like Gecko; compatible; GPTBot/1.2; +https://openai.com/gptbot)"
20.171.207.93 - - [14/Jul/2025:22:19:11 +0000] "GET /detail/550955168.shtm HTTP/1.1" 404 10108 "-" "Mozilla/5.0 AppleWebKit/537.36 (KHTML, like Gecko; compatible; GPTBot/1.2; +https://openai.com/gptbot)"
209.74.77.214 - - [14/Jul/2025:22:19:14 +0000] "POST /wp-cron.php?doing_wp_cron=1752531554.3300859928131103515625 HTTP/1.1" 200 - "-" "WordPress/6.8.1; https://huss-kelaby.cv"
20.171.207.93 - - [14/Jul/2025:22:19:14 +0000] "GET /detail/550820504.shtm HTTP/1.1" 404 10107 "-" "Mozilla/5.0 AppleWebKit/537.36 (KHTML, like Gecko; compatible; GPTBot/1.2; +https://openai.com/gptbot)"
20.171.207.93 - - [14/Jul/2025:22:19:16 +0000] "GET /detail/550895050.shtm HTTP/1.1" 404 10108 "-" "Mozilla/5.0 AppleWebKit/537.36 (KHTML, like Gecko; compatible; GPTBot/1.2; +https://openai.com/gptbot)"
20.171.207.93 - - [14/Jul/2025:22:19:19 +0000] "GET /detail/550960501.shtm HTTP/1.1" 404 10108 "-" "Mozilla/5.0 AppleWebKit/537.36 (KHTML, like Gecko; compatible; GPTBot/1.2; +https://openai.com/gptbot)"
20.171.207.93 - - [14/Jul/2025:22:19:22 +0000] "GET /detail/550950734.shtm HTTP/1.1" 404 10108 "-" "Mozilla/5.0 AppleWebKit/537.36 (KHTML, like Gecko; compatible; GPTBot/1.2; +https://openai.com/gptbot)"
20.171.207.93 - - [14/Jul/2025:22:19:25 +0000] "GET /detail/550813553.shtm HTTP/1.1" 404 10108 "-" "Mozilla/5.0 AppleWebKit/537.36 (KHTML, like Gecko; compatible; GPTBot/1.2; +https://openai.com/gptbot)"
20.171.207.93 - - [14/Jul/2025:22:19:28 +0000] "GET /detail/550972450.shtm HTTP/1.1" 404 10108 "-" "Mozilla/5.0 AppleWebKit/537.36 (KHTML, like Gecko; compatible; GPTBot/1.2; +https://openai.com/gptbot)"
20.171.207.93 - - [14/Jul/2025:22:19:31 +0000] "GET /detail/550905405.shtm HTTP/1.1" 404 10108 "-" "Mozilla/5.0 AppleWebKit/537.36 (KHTML, like Gecko; compatible; GPTBot/1.2; +https://openai.com/gptbot)"
20.171.207.93 - - [14/Jul/2025:22:19:33 +0000] "GET /detail/550905060.shtm HTTP/1.1" 404 10107 "-" "Mozilla/5.0 AppleWebKit/537.36 (KHTML, like Gecko; compatible; GPTBot/1.2; +https://openai.com/gptbot)"
20.171.207.93 - - [14/Jul/2025:22:19:36 +0000] "GET /detail/550995569.shtm HTTP/1.1" 404 10108 "-" "Mozilla/5.0 AppleWebKit/537.36 (KHTML, like Gecko; compatible; GPTBot/1.2; +https://openai.com/gptbot)"
20.171.207.93 - - [14/Jul/2025:22:19:39 +0000] "GET /detail/550916491.shtm HTTP/1.1" 404 10108 "-" "Mozilla/5.0 AppleWebKit/537.36 (KHTML, like Gecko; compatible; GPTBot/1.2; +https://openai.com/gptbot)"
20.171.207.93 - - [14/Jul/2025:22:19:42 +0000] "GET /detail/550885032.shtm HTTP/1.1" 404 10108 "-" "Mozilla/5.0 AppleWebKit/537.36 (KHTML, like Gecko; compatible; GPTBot/1.2; +https://openai.com/gptbot)"
20.171.207.93 - - [14/Jul/2025:22:19:45 +0000] "GET /detail/550868617.shtm HTTP/1.1" 404 10108 "-" "Mozilla/5.0 AppleWebKit/537.36 (KHTML, like Gecko; compatible; GPTBot/1.2; +https://openai.com/gptbot)"
209.74.77.214 - - [14/Jul/2025:22:19:48 +0000] "POST /wp-cron.php?doing_wp_cron=1752531588.4878981113433837890625 HTTP/1.1" 200 - "-" "WordPress/6.8.1; https://huss-kelaby.cv"
20.171.207.93 - - [14/Jul/2025:22:19:48 +0000] "GET /detail/550941541.shtm HTTP/1.1" 404 10108 "-" "Mozilla/5.0 AppleWebKit/537.36 (KHTML, like Gecko; compatible; GPTBot/1.2; +https://openai.com/gptbot)"
209.74.77.214 - - [14/Jul/2025:22:19:51 +0000] "POST /wp-cron.php?doing_wp_cron=1752531591.2282750606536865234375 HTTP/1.1" 200 - "-" "WordPress/6.8.1; https://huss-kelaby.cv"
20.171.207.93 - - [14/Jul/2025:22:19:50 +0000] "GET /detail/550994991.shtm HTTP/1.1" 404 10108 "-" "Mozilla/5.0 AppleWebKit/537.36 (KHTML, like Gecko; compatible; GPTBot/1.2; +https://openai.com/gptbot)"
20.171.207.93 - - [14/Jul/2025:22:19:53 +0000] "GET /detail/550850584.shtm HTTP/1.1" 404 10107 "-" "Mozilla/5.0 AppleWebKit/537.36 (KHTML, like Gecko; compatible; GPTBot/1.2; +https://openai.com/gptbot)"
20.171.207.93 - - [14/Jul/2025:22:19:56 +0000] "GET /detail/550860602.shtm HTTP/1.1" 404 10108 "-" "Mozilla/5.0 AppleWebKit/537.36 (KHTML, like Gecko; compatible; GPTBot/1.2; +https://openai.com/gptbot)"
20.171.207.93 - - [14/Jul/2025:22:19:59 +0000] "GET /detail/551017014.shtm HTTP/1.1" 404 10108 "-" "Mozilla/5.0 AppleWebKit/537.36 (KHTML, like Gecko; compatible; GPTBot/1.2; +https://openai.com/gptbot)"
20.171.207.93 - - [14/Jul/2025:22:20:02 +0000] "GET /detail/550961055.shtm HTTP/1.1" 404 10108 "-" "Mozilla/5.0 AppleWebKit/537.36 (KHTML, like Gecko; compatible; GPTBot/1.2; +https://openai.com/gptbot)"
20.171.207.93 - - [14/Jul/2025:22:20:05 +0000] "GET /detail/550843842.shtm HTTP/1.1" 404 10108 "-" "Mozilla/5.0 AppleWebKit/537.36 (KHTML, like Gecko; compatible; GPTBot/1.2; +https://openai.com/gptbot)"
20.171.207.93 - - [14/Jul/2025:22:20:07 +0000] "GET /detail/551010543.shtm HTTP/1.1" 404 10108 "-" "Mozilla/5.0 AppleWebKit/537.36 (KHTML, like Gecko; compatible; GPTBot/1.2; +https://openai.com/gptbot)"
20.171.207.93 - - [14/Jul/2025:22:20:10 +0000] "GET /detail/550850789.shtm HTTP/1.1" 404 10108 "-" "Mozilla/5.0 AppleWebKit/537.36 (KHTML, like Gecko; compatible; GPTBot/1.2; +https://openai.com/gptbot)"
209.74.77.214 - - [14/Jul/2025:22:20:13 +0000] "POST /wp-cron.php?doing_wp_cron=1752531613.9199550151824951171875 HTTP/1.1" 200 - "-" "WordPress/6.8.1; https://huss-kelaby.cv"
20.171.207.93 - - [14/Jul/2025:22:20:13 +0000] "GET /detail/551010306.shtm HTTP/1.1" 404 10107 "-" "Mozilla/5.0 AppleWebKit/537.36 (KHTML, like Gecko; compatible; GPTBot/1.2; +https://openai.com/gptbot)"
20.171.207.93 - - [14/Jul/2025:22:20:16 +0000] "GET /detail/550976609.shtm HTTP/1.1" 404 10108 "-" "Mozilla/5.0 AppleWebKit/537.36 (KHTML, like Gecko; compatible; GPTBot/1.2; +https://openai.com/gptbot)"
20.171.207.93 - - [14/Jul/2025:22:20:19 +0000] "GET /detail/550979397.shtm HTTP/1.1" 404 10108 "-" "Mozilla/5.0 AppleWebKit/537.36 (KHTML, like Gecko; compatible; GPTBot/1.2; +https://openai.com/gptbot)"
20.171.207.93 - - [14/Jul/2025:22:20:22 +0000] "GET /detail/550850243.shtm HTTP/1.1" 404 10108 "-" "Mozilla/5.0 AppleWebKit/537.36 (KHTML, like Gecko; compatible; GPTBot/1.2; +https://openai.com/gptbot)"
20.171.207.93 - - [14/Jul/2025:22:20:24 +0000] "GET /detail/550925955.shtm HTTP/1.1" 404 10108 "-" "Mozilla/5.0 AppleWebKit/537.36 (KHTML, like Gecko; compatible; GPTBot/1.2; +https://openai.com/gptbot)"
20.171.207.93 - - [14/Jul/2025:22:20:27 +0000] "GET /detail/551004455.shtm HTTP/1.1" 404 10108 "-" "Mozilla/5.0 AppleWebKit/537.36 (KHTML, like Gecko; compatible; GPTBot/1.2; +https://openai.com/gptbot)"
20.171.207.93 - - [14/Jul/2025:22:20:30 +0000] "GET /detail/550955479.shtm HTTP/1.1" 404 10107 "-" "Mozilla/5.0 AppleWebKit/537.36 (KHTML, like Gecko; compatible; GPTBot/1.2; +https://openai.com/gptbot)"
20.171.207.93 - - [14/Jul/2025:22:20:33 +0000] "GET /detail/550838332.shtm HTTP/1.1" 404 10108 "-" "Mozilla/5.0 AppleWebKit/537.36 (KHTML, like Gecko; compatible; GPTBot/1.2; +https://openai.com/gptbot)"
20.171.207.93 - - [14/Jul/2025:22:20:36 +0000] "GET /detail/550951559.shtm HTTP/1.1" 404 10108 "-" "Mozilla/5.0 AppleWebKit/537.36 (KHTML, like Gecko; compatible; GPTBot/1.2; +https://openai.com/gptbot)"
20.171.207.93 - - [14/Jul/2025:22:20:39 +0000] "GET /detail/550944090.shtm HTTP/1.1" 404 10108 "-" "Mozilla/5.0 AppleWebKit/537.36 (KHTML, like Gecko; compatible; GPTBot/1.2; +https://openai.com/gptbot)"
20.171.207.93 - - [14/Jul/2025:22:20:41 +0000] "GET /detail/550885857.shtm HTTP/1.1" 404 10108 "-" "Mozilla/5.0 AppleWebKit/537.36 (KHTML, like Gecko; compatible; GPTBot/1.2; +https://openai.com/gptbot)"
20.171.207.93 - - [14/Jul/2025:22:20:44 +0000] "GET /detail/550890887.shtm HTTP/1.1" 404 10108 "-" "Mozilla/5.0 AppleWebKit/537.36 (KHTML, like Gecko; compatible; GPTBot/1.2; +https://openai.com/gptbot)"
209.74.77.214 - - [14/Jul/2025:22:20:47 +0000] "POST /wp-cron.php?doing_wp_cron=1752531647.6698200702667236328125 HTTP/1.1" 200 - "-" "WordPress/6.8.1; https://huss-kelaby.cv"
20.171.207.93 - - [14/Jul/2025:22:20:47 +0000] "GET /detail/551015019.shtm HTTP/1.1" 404 10108 "-" "Mozilla/5.0 AppleWebKit/537.36 (KHTML, like Gecko; compatible; GPTBot/1.2; +https://openai.com/gptbot)"
20.171.207.93 - - [14/Jul/2025:22:20:50 +0000] "GET /detail/550922099.shtm HTTP/1.1" 404 10108 "-" "Mozilla/5.0 AppleWebKit/537.36 (KHTML, like Gecko; compatible; GPTBot/1.2; +https://openai.com/gptbot)"
209.74.77.214 - - [14/Jul/2025:22:20:53 +0000] "POST /wp-cron.php?doing_wp_cron=1752531653.4243500232696533203125 HTTP/1.1" 200 - "-" "WordPress/6.8.1; https://huss-kelaby.cv"
20.171.207.93 - - [14/Jul/2025:22:20:53 +0000] "GET /detail/550954654.shtm HTTP/1.1" 404 10108 "-" "Mozilla/5.0 AppleWebKit/537.36 (KHTML, like Gecko; compatible; GPTBot/1.2; +https://openai.com/gptbot)"
20.171.207.93 - - [14/Jul/2025:22:20:55 +0000] "GET /detail/551005001.shtm HTTP/1.1" 404 10108 "-" "Mozilla/5.0 AppleWebKit/537.36 (KHTML, like Gecko; compatible; GPTBot/1.2; +https://openai.com/gptbot)"
20.171.207.93 - - [14/Jul/2025:22:20:58 +0000] "GET /detail/550841088.shtm HTTP/1.1" 404 10108 "-" "Mozilla/5.0 AppleWebKit/537.36 (KHTML, like Gecko; compatible; GPTBot/1.2; +https://openai.com/gptbot)"
20.171.207.93 - - [14/Jul/2025:22:21:01 +0000] "GET /sitemap.xml HTTP/1.1" 200 3982 "-" "Mozilla/5.0 AppleWebKit/537.36 (KHTML, like Gecko; compatible; GPTBot/1.2; +https://openai.com/gptbot)"
20.171.207.93 - - [14/Jul/2025:22:21:04 +0000] "GET /detail/550979704.shtm HTTP/1.1" 404 10106 "-" "Mozilla/5.0 AppleWebKit/537.36 (KHTML, like Gecko; compatible; GPTBot/1.2; +https://openai.com/gptbot)"
20.171.207.93 - - [14/Jul/2025:22:21:07 +0000] "GET /detail/550955722.shtm HTTP/1.1" 404 10108 "-" "Mozilla/5.0 AppleWebKit/537.36 (KHTML, like Gecko; compatible; GPTBot/1.2; +https://openai.com/gptbot)"
20.171.207.93 - - [14/Jul/2025:22:21:09 +0000] "GET /detail/550879255.shtm HTTP/1.1" 404 10108 "-" "Mozilla/5.0 AppleWebKit/537.36 (KHTML, like Gecko; compatible; GPTBot/1.2; +https://openai.com/gptbot)"
20.171.207.93 - - [14/Jul/2025:22:21:12 +0000] "GET /detail/550920957.shtm HTTP/1.1" 404 10108 "-" "Mozilla/5.0 AppleWebKit/537.36 (KHTML, like Gecko; compatible; GPTBot/1.2; +https://openai.com/gptbot)"
209.74.77.214 - - [14/Jul/2025:22:21:14 +0000] "POST /wp-cron.php?doing_wp_cron=1752531674.8474259376525878906250 HTTP/1.1" 200 - "-" "WordPress/6.8.1; https://huss-kelaby.cv"
20.171.207.93 - - [14/Jul/2025:22:21:14 +0000] "GET /detail/551013951.shtm HTTP/1.1" 404 10107 "-" "Mozilla/5.0 AppleWebKit/537.36 (KHTML, like Gecko; compatible; GPTBot/1.2; +https://openai.com/gptbot)"
20.171.207.93 - - [14/Jul/2025:22:21:17 +0000] "GET /detail/550895353.shtm HTTP/1.1" 404 10108 "-" "Mozilla/5.0 AppleWebKit/537.36 (KHTML, like Gecko; compatible; GPTBot/1.2; +https://openai.com/gptbot)"
20.171.207.93 - - [14/Jul/2025:22:21:19 +0000] "GET /detail/550825534.shtm HTTP/1.1" 404 10108 "-" "Mozilla/5.0 AppleWebKit/537.36 (KHTML, like Gecko; compatible; GPTBot/1.2; +https://openai.com/gptbot)"
