66.249.65.35 - - [13/Jul/2025:15:45:55 +0000] "GET /?x=6032914041800&mod=c7b90b0f&uri=product.php%3Fid%3D201460-348%26name%3Dkimono+satin+personnalis%C3%83%C2%A9+mariage HTTP/1.1" 200 21483 "-" "Mozilla/5.0 (Linux; Android 6.0.1; Nexus 5X Build/MMB29P) AppleWebKit/537.36 (KHTML, like Gecko) Chrome/137.0.7151.103 Mobile Safari/537.36 (compatible; Googlebot/2.1; +http://www.google.com/bot.html)"
66.249.65.37 - - [13/Jul/2025:15:46:00 +0000] "POST /get-message-notify HTTP/1.1" 200 21858 "https://kraft-court.cafe/?x=6032914041800&mod=c7b90b0f&uri=product.php%3Fid%3D201460-348%26name%3Dkimono+satin+personnalis%C3%83%C2%A9+mariage" "Mozilla/5.0 (Linux; Android 6.0.1; Nexus 5X Build/MMB29P) AppleWebKit/537.36 (KHTML, like Gecko) Chrome/137.0.7151.119 Mobile Safari/537.36 (compatible; Googlebot/2.1; +http://www.google.com/bot.html)"
66.249.65.35 - - [13/Jul/2025:15:46:08 +0000] "GET /?x=42035386041800&mod=a8849b05&uri=products.php%3Fid%3D1402902-57%26name%3Dplaystation+vr+charging+station HTTP/1.1" 200 22091 "-" "Mozilla/5.0 (Linux; Android 6.0.1; Nexus 5X Build/MMB29P) AppleWebKit/537.36 (KHTML, like Gecko) Chrome/137.0.7151.103 Mobile Safari/537.36 (compatible; Googlebot/2.1; +http://www.google.com/bot.html)"
66.249.65.35 - - [13/Jul/2025:15:46:20 +0000] "GET /?x=40051553061800&mod=a8849b05&uri=brands.php%3Fid%3D1336712-57%26name%3Dgaming+headset+officeworks HTTP/1.1" 200 21300 "-" "Mozilla/5.0 (Linux; Android 6.0.1; Nexus 5X Build/MMB29P) AppleWebKit/537.36 (KHTML, like Gecko) Chrome/137.0.7151.103 Mobile Safari/537.36 (compatible; Googlebot/2.1; +http://www.google.com/bot.html)"
66.249.65.35 - - [13/Jul/2025:15:46:34 +0000] "GET /?x=119815681141800&mod=a51fb975&uri=news.php%3Fid%3D3998613-129%26name%3Du325ac+phone HTTP/1.1" 200 20961 "-" "Mozilla/5.0 (Linux; Android 6.0.1; Nexus 5X Build/MMB29P) AppleWebKit/537.36 (KHTML, like Gecko) Chrome/137.0.7151.103 Mobile Safari/537.36 (compatible; Googlebot/2.1; +http://www.google.com/bot.html)"
66.249.65.35 - - [13/Jul/2025:15:46:48 +0000] "GET /?x=5647900041800&mod=55d99a37&uri=news.php%3Fid%3D188583-315%26name%3Dglash%C3%83%C2%BCtte+meister+anker HTTP/1.1" 200 20857 "-" "Mozilla/5.0 (Linux; Android 6.0.1; Nexus 5X Build/MMB29P) AppleWebKit/537.36 (KHTML, like Gecko) Chrome/137.0.7151.103 Mobile Safari/537.36 (compatible; Googlebot/2.1; +http://www.google.com/bot.html)"
66.249.65.35 - - [13/Jul/2025:15:46:55 +0000] "GET /?x=5647870071800&mod=55d99a37&uri=brands.php%3Fid%3D188582-315%26name%3Dholzkern+uhren+herstellung HTTP/1.1" 200 20528 "-" "Mozilla/5.0 (Linux; Android 6.0.1; Nexus 5X Build/MMB29P) AppleWebKit/537.36 (KHTML, like Gecko) Chrome/137.0.7151.103 Mobile Safari/537.36 (compatible; Googlebot/2.1; +http://www.google.com/bot.html)"
66.249.65.35 - - [13/Jul/2025:15:46:55 +0000] "POST /get-message-notify HTTP/1.1" 200 21866 "https://kraft-court.cafe/?x=119815681141800&mod=a51fb975&uri=news.php%3Fid%3D3998613-129%26name%3Du325ac+phone" "Mozilla/5.0 (Linux; Android 6.0.1; Nexus 5X Build/MMB29P) AppleWebKit/537.36 (KHTML, like Gecko) Chrome/137.0.7151.119 Mobile Safari/537.36 (compatible; Googlebot/2.1; +http://www.google.com/bot.html)"
66.249.65.35 - - [13/Jul/2025:15:47:08 +0000] "GET /?x=5655021011800&mod=dc6a7e65&uri=us.php%3Fid%3D188821-308%26name%3Dblack+hoodie+sweatshirt+mens HTTP/1.1" 200 21487 "-" "Mozilla/5.0 (Linux; Android 6.0.1; Nexus 5X Build/MMB29P) AppleWebKit/537.36 (KHTML, like Gecko) Chrome/137.0.7151.103 Mobile Safari/537.36 (compatible; Googlebot/2.1; +http://www.google.com/bot.html)"
66.249.65.36 - - [13/Jul/2025:15:47:22 +0000] "GET /?x=5814278031800&mod=165a59f7&uri=form.php%3Fid%3D194163-336%26name%3Dpiquadro+cartella+blue+square HTTP/1.1" 200 22555 "-" "Mozilla/5.0 (Linux; Android 6.0.1; Nexus 5X Build/MMB29P) AppleWebKit/537.36 (KHTML, like Gecko) Chrome/137.0.7151.103 Mobile Safari/537.36 (compatible; Googlebot/2.1; +http://www.google.com/bot.html)"
66.249.65.35 - - [13/Jul/2025:15:47:29 +0000] "GET /?x=5873118001800&mod=d594b1a9&uri=goods.php%3Fid%3D196128-341%26name%3Dperfumes+de+hombre+los+mas+ricos HTTP/1.1" 200 21824 "-" "Mozilla/5.0 (Linux; Android 6.0.1; Nexus 5X Build/MMB29P) AppleWebKit/537.36 (KHTML, like Gecko) Chrome/137.0.7151.103 Mobile Safari/537.36 (compatible; Googlebot/2.1; +http://www.google.com/bot.html)"
66.249.65.35 - - [13/Jul/2025:15:47:32 +0000] "GET /?x=5813558041800&mod=165a59f7&uri=us.php%3Fid%3D194139-336%26name%3Dtracolla+cromia HTTP/1.1" 200 21619 "-" "Mozilla/5.0 (Linux; Android 6.0.1; Nexus 5X Build/MMB29P) AppleWebKit/537.36 (KHTML, like Gecko) Chrome/137.0.7151.103 Mobile Safari/537.36 (compatible; Googlebot/2.1; +http://www.google.com/bot.html)"
66.249.65.35 - - [13/Jul/2025:15:47:47 +0000] "GET /?x=5816078031800&mod=165a59f7&uri=shop.php%3Fid%3D194223-336%26name%3D24+ore+piquadro+pelle HTTP/1.1" 200 22469 "-" "Mozilla/5.0 (Linux; Android 6.0.1; Nexus 5X Build/MMB29P) AppleWebKit/537.36 (KHTML, like Gecko) Chrome/137.0.7151.103 Mobile Safari/537.36 (compatible; Googlebot/2.1; +http://www.google.com/bot.html)"
66.249.65.35 - - [13/Jul/2025:15:47:51 +0000] "POST /get-message-notify HTTP/1.1" 200 21869 "https://kraft-court.cafe/?x=5816078031800&mod=165a59f7&uri=shop.php%3Fid%3D194223-336%26name%3D24+ore+piquadro+pelle" "Mozilla/5.0 (Linux; Android 6.0.1; Nexus 5X Build/MMB29P) AppleWebKit/537.36 (KHTML, like Gecko) Chrome/137.0.7151.119 Mobile Safari/537.36 (compatible; Googlebot/2.1; +http://www.google.com/bot.html)"
66.249.65.36 - - [13/Jul/2025:15:48:01 +0000] "GET /?x=5815358051800&mod=165a59f7&uri=article.php%3Fid%3D194199-336%26name%3Dstella+mccartney+borse+false HTTP/1.1" 200 21868 "-" "Mozilla/5.0 (Linux; Android 6.0.1; Nexus 5X Build/MMB29P) AppleWebKit/537.36 (KHTML, like Gecko) Chrome/137.0.7151.103 Mobile Safari/537.36 (compatible; Googlebot/2.1; +http://www.google.com/bot.html)"
66.249.65.36 - - [13/Jul/2025:15:48:23 +0000] "GET /?x=5814038011800&mod=165a59f7&uri=goods.php%3Fid%3D194155-336%26name%3D24+ore+piquadro+amazon HTTP/1.1" 200 21690 "-" "Mozilla/5.0 (Linux; Android 6.0.1; Nexus 5X Build/MMB29P) AppleWebKit/537.36 (KHTML, like Gecko) Chrome/137.0.7151.103 Mobile Safari/537.36 (compatible; Googlebot/2.1; +http://www.google.com/bot.html)"
66.249.65.35 - - [13/Jul/2025:15:48:38 +0000] "GET /?x=5812958091800&mod=165a59f7&uri=shared.php%3Fid%3D194119-336%26name%3Dpollini+privalia HTTP/1.1" 200 21608 "-" "Mozilla/5.0 (Linux; Android 6.0.1; Nexus 5X Build/MMB29P) AppleWebKit/537.36 (KHTML, like Gecko) Chrome/137.0.7151.103 Mobile Safari/537.36 (compatible; Googlebot/2.1; +http://www.google.com/bot.html)"
66.249.65.35 - - [13/Jul/2025:15:48:40 +0000] "POST /get-message-notify HTTP/1.1" 200 21872 "https://kraft-court.cafe/?x=5814278031800&mod=165a59f7&uri=form.php%3Fid%3D194163-336%26name%3Dpiquadro+cartella+blue+square" "Mozilla/5.0 (Linux; Android 6.0.1; Nexus 5X Build/MMB29P) AppleWebKit/537.36 (KHTML, like Gecko) Chrome/137.0.7151.119 Mobile Safari/537.36 (compatible; Googlebot/2.1; +http://www.google.com/bot.html)"
66.249.65.35 - - [13/Jul/2025:15:48:43 +0000] "POST /get-message-notify HTTP/1.1" 200 21865 "https://kraft-court.cafe/?x=5812958091800&mod=165a59f7&uri=shared.php%3Fid%3D194119-336%26name%3Dpollini+privalia" "Mozilla/5.0 (Linux; Android 6.0.1; Nexus 5X Build/MMB29P) AppleWebKit/537.36 (KHTML, like Gecko) Chrome/137.0.7151.119 Mobile Safari/537.36 (compatible; Googlebot/2.1; +http://www.google.com/bot.html)"
66.249.65.35 - - [13/Jul/2025:15:48:51 +0000] "GET /?x=6099677021800&mod=0d0fd7c6&uri=products.php%3Fid%3D203690-40%26name%3Dmilwaukee+blade+left+circular+saw HTTP/1.1" 200 21873 "-" "Mozilla/5.0 (Linux; Android 6.0.1; Nexus 5X Build/MMB29P) AppleWebKit/537.36 (KHTML, like Gecko) Chrome/137.0.7151.103 Mobile Safari/537.36 (compatible; Googlebot/2.1; +http://www.google.com/bot.html)"
66.249.65.35 - - [13/Jul/2025:15:48:53 +0000] "GET /?x=6101147031800&mod=0d0fd7c6&uri=product.php%3Fid%3D203739-40%26name%3Dm12+battery+positive+and+negative HTTP/1.1" 200 22562 "-" "Mozilla/5.0 (Linux; Android 6.0.1; Nexus 5X Build/MMB29P) AppleWebKit/537.36 (KHTML, like Gecko) Chrome/137.0.7151.103 Mobile Safari/537.36 (compatible; Googlebot/2.1; +http://www.google.com/bot.html)"
66.249.65.35 - - [13/Jul/2025:15:48:56 +0000] "GET /?x=6100217081800&mod=0d0fd7c6&uri=shared.php%3Fid%3D203708-40%26name%3Ddewalt+cordless+sweeper HTTP/1.1" 200 21874 "-" "Mozilla/5.0 (Linux; Android 6.0.1; Nexus 5X Build/MMB29P) AppleWebKit/537.36 (KHTML, like Gecko) Chrome/137.0.7151.103 Mobile Safari/537.36 (compatible; Googlebot/2.1; +http://www.google.com/bot.html)"
66.249.65.35 - - [13/Jul/2025:15:48:58 +0000] "GET /?x=47662296031800&mod=ad067202&uri=products.php%3Fid%3D1590600-669%26name%3Dface+down+backpack+beach+lounger HTTP/1.1" 200 21679 "-" "Mozilla/5.0 (Linux; Android 6.0.1; Nexus 5X Build/MMB29P) AppleWebKit/537.36 (KHTML, like Gecko) Chrome/137.0.7151.103 Mobile Safari/537.36 (compatible; Googlebot/2.1; +http://www.google.com/bot.html)"
66.249.65.35 - - [13/Jul/2025:15:48:59 +0000] "GET /?x=6036864061800&mod=c7b90b0f&uri=itm.php%3Fid%3D201592-348%26name%3Drobe+de+chambre+bebe+garcon+ans HTTP/1.1" 200 21026 "-" "Mozilla/5.0 (Linux; Android 6.0.1; Nexus 5X Build/MMB29P) AppleWebKit/537.36 (KHTML, like Gecko) Chrome/137.0.7151.103 Mobile Safari/537.36 (compatible; Googlebot/2.1; +http://www.google.com/bot.html)"
66.249.65.35 - - [13/Jul/2025:15:49:01 +0000] "GET /?x=47660856001800&mod=74dbd111&uri=products.php%3Fid%3D1590552-964%26name%3Dreset+fitness+calibration+data HTTP/1.1" 200 21040 "-" "Mozilla/5.0 (Linux; Android 6.0.1; Nexus 5X Build/MMB29P) AppleWebKit/537.36 (KHTML, like Gecko) Chrome/137.0.7151.103 Mobile Safari/537.36 (compatible; Googlebot/2.1; +http://www.google.com/bot.html)"
66.249.65.37 - - [13/Jul/2025:15:49:02 +0000] "POST /get-message-notify HTTP/1.1" 200 21872 "https://kraft-court.cafe/?x=6036864061800&mod=c7b90b0f&uri=itm.php%3Fid%3D201592-348%26name%3Drobe+de+chambre+bebe+garcon+ans" "Mozilla/5.0 (Linux; Android 6.0.1; Nexus 5X Build/MMB29P) AppleWebKit/537.36 (KHTML, like Gecko) Chrome/137.0.7151.119 Mobile Safari/537.36 (compatible; Googlebot/2.1; +http://www.google.com/bot.html)"
66.249.65.35 - - [13/Jul/2025:15:49:04 +0000] "GET /?x=47657260001800&mod=3a835d32&uri=product.php%3Fid%3D1590432-76%26name%3Dperfumes+adolfo+dominguez+opiniones HTTP/1.1" 200 21228 "-" "Mozilla/5.0 (Linux; Android 6.0.1; Nexus 5X Build/MMB29P) AppleWebKit/537.36 (KHTML, like Gecko) Chrome/137.0.7151.103 Mobile Safari/537.36 (compatible; Googlebot/2.1; +http://www.google.com/bot.html)"
66.249.65.36 - - [13/Jul/2025:15:49:08 +0000] "GET /?x=47658696001800&mod=ad067202&uri=dp.php%3Fid%3D1590480-669%26name%3Drattan+chair HTTP/1.1" 200 21878 "-" "Mozilla/5.0 (Linux; Android 6.0.1; Nexus 5X Build/MMB29P) AppleWebKit/537.36 (KHTML, like Gecko) Chrome/137.0.7151.103 Mobile Safari/537.36 (compatible; Googlebot/2.1; +http://www.google.com/bot.html)"
66.249.65.36 - - [13/Jul/2025:15:49:10 +0000] "POST /get-message-notify HTTP/1.1" 200 21861 "https://kraft-court.cafe/?x=5814038011800&mod=165a59f7&uri=goods.php%3Fid%3D194155-336%26name%3D24+ore+piquadro+amazon" "Mozilla/5.0 (Linux; Android 6.0.1; Nexus 5X Build/MMB29P) AppleWebKit/537.36 (KHTML, like Gecko) Chrome/137.0.7151.119 Mobile Safari/537.36 (compatible; Googlebot/2.1; +http://www.google.com/bot.html)"
66.249.65.35 - - [13/Jul/2025:15:49:11 +0000] "POST /get-message-notify HTTP/1.1" 200 21866 "https://kraft-court.cafe/?x=47658696001800&mod=ad067202&uri=dp.php%3Fid%3D1590480-669%26name%3Drattan+chair" "Mozilla/5.0 (Linux; Android 6.0.1; Nexus 5X Build/MMB29P) AppleWebKit/537.36 (KHTML, like Gecko) Chrome/137.0.7151.119 Mobile Safari/537.36 (compatible; Googlebot/2.1; +http://www.google.com/bot.html)"
66.249.65.35 - - [13/Jul/2025:15:49:14 +0000] "GET /?x=47655280001800&mod=3a835d32&uri=goods.php%3Fid%3D1590366-76%26name%3Dcartier+roadster+colonia HTTP/1.1" 200 21081 "-" "Mozilla/5.0 (Linux; Android 6.0.1; Nexus 5X Build/MMB29P) AppleWebKit/537.36 (KHTML, like Gecko) Chrome/137.0.7151.103 Mobile Safari/537.36 (compatible; Googlebot/2.1; +http://www.google.com/bot.html)"
66.249.65.35 - - [13/Jul/2025:15:49:12 +0000] "GET /?x=47654740021800&mod=3a835d32&uri=info.php%3Fid%3D1590348-76%26name%3Dbraun+silk+epil+5014 HTTP/1.1" 200 21485 "-" "Mozilla/5.0 (Linux; Android 6.0.1; Nexus 5X Build/MMB29P) AppleWebKit/537.36 (KHTML, like Gecko) Chrome/137.0.7151.103 Mobile Safari/537.36 (compatible; Googlebot/2.1; +http://www.google.com/bot.html)"
66.249.65.36 - - [13/Jul/2025:15:49:10 +0000] "GET /?x=47662116001800&mod=ad067202&uri=news.php%3Fid%3D1590594-669%26name%3Dpower+sofa+with+adjustable+lumbar+support HTTP/1.1" 200 22092 "-" "Mozilla/5.0 (Linux; Android 6.0.1; Nexus 5X Build/MMB29P) AppleWebKit/537.36 (KHTML, like Gecko) Chrome/137.0.7151.103 Mobile Safari/537.36 (compatible; Googlebot/2.1; +http://www.google.com/bot.html)"
66.249.65.35 - - [13/Jul/2025:15:49:18 +0000] "GET /?x=47662836001800&mod=ad067202&uri=article.php%3Fid%3D1590618-669%26name%3Dtall+chairs+for+balcony HTTP/1.1" 200 22287 "-" "Mozilla/5.0 (Linux; Android 6.0.1; Nexus 5X Build/MMB29P) AppleWebKit/537.36 (KHTML, like Gecko) Chrome/137.0.7151.103 Mobile Safari/537.36 (compatible; Googlebot/2.1; +http://www.google.com/bot.html)"
66.249.65.35 - - [13/Jul/2025:15:49:19 +0000] "POST /get-message-notify HTTP/1.1" 200 21874 "https://kraft-court.cafe/?x=6101147031800&mod=0d0fd7c6&uri=product.php%3Fid%3D203739-40%26name%3Dm12+battery+positive+and+negative" "Mozilla/5.0 (Linux; Android 6.0.1; Nexus 5X Build/MMB29P) AppleWebKit/537.36 (KHTML, like Gecko) Chrome/137.0.7151.119 Mobile Safari/537.36 (compatible; Googlebot/2.1; +http://www.google.com/bot.html)"
66.249.65.35 - - [13/Jul/2025:15:49:19 +0000] "GET /?x=47656180041800&mod=3a835d32&uri=goods.php%3Fid%3D1590396-76%26name%3Dejercicios+metodologicos+para+barra+fija HTTP/1.1" 200 20081 "-" "Mozilla/5.0 (Linux; Android 6.0.1; Nexus 5X Build/MMB29P) AppleWebKit/537.36 (KHTML, like Gecko) Chrome/137.0.7151.103 Mobile Safari/537.36 (compatible; Googlebot/2.1; +http://www.google.com/bot.html)"
66.249.65.35 - - [13/Jul/2025:15:49:20 +0000] "GET /?x=47654380041800&mod=3a835d32&uri=category-info.php%3Fid%3D1590336-76%26name%3Dejercicios+con+barras+para+brazos HTTP/1.1" 200 20954 "-" "Mozilla/5.0 (Linux; Android 6.0.1; Nexus 5X Build/MMB29P) AppleWebKit/537.36 (KHTML, like Gecko) Chrome/137.0.7151.103 Mobile Safari/537.36 (compatible; Googlebot/2.1; +http://www.google.com/bot.html)"
66.249.65.35 - - [13/Jul/2025:15:49:23 +0000] "GET /?x=47658516021800&mod=3a835d32&uri=category-info.php%3Fid%3D1590474-76%26name%3Dcaberg+xilix HTTP/1.1" 200 22040 "-" "Mozilla/5.0 (Linux; Android 6.0.1; Nexus 5X Build/MMB29P) AppleWebKit/537.36 (KHTML, like Gecko) Chrome/137.0.7151.103 Mobile Safari/537.36 (compatible; Googlebot/2.1; +http://www.google.com/bot.html)"
66.249.65.35 - - [13/Jul/2025:15:49:25 +0000] "POST /get-message-notify HTTP/1.1" 200 21863 "https://kraft-court.cafe/?x=47656180041800&mod=3a835d32&uri=goods.php%3Fid%3D1590396-76%26name%3Dejercicios+metodologicos+para+barra+fija" "Mozilla/5.0 (Linux; Android 6.0.1; Nexus 5X Build/MMB29P) AppleWebKit/537.36 (KHTML, like Gecko) Chrome/137.0.7151.119 Mobile Safari/537.36 (compatible; Googlebot/2.1; +http://www.google.com/bot.html)"
66.249.65.36 - - [13/Jul/2025:15:49:28 +0000] "GET /?x=47657080001800&mod=3a835d32&uri=brands.php%3Fid%3D1590426-76%26name%3Dpaco+perfumeria+opiniones HTTP/1.1" 200 21348 "-" "Mozilla/5.0 (Linux; Android 6.0.1; Nexus 5X Build/MMB29P) AppleWebKit/537.36 (KHTML, like Gecko) Chrome/137.0.7151.103 Mobile Safari/537.36 (compatible; Googlebot/2.1; +http://www.google.com/bot.html)"
66.249.65.36 - - [13/Jul/2025:15:49:30 +0000] "GET /?x=47666616021800&mod=ad067202&uri=shared.php%3Fid%3D1590744-669%26name%3Dindoor+wicker+couch HTTP/1.1" 200 22018 "-" "Mozilla/5.0 (Linux; Android 6.0.1; Nexus 5X Build/MMB29P) AppleWebKit/537.36 (KHTML, like Gecko) Chrome/137.0.7151.103 Mobile Safari/537.36 (compatible; Googlebot/2.1; +http://www.google.com/bot.html)"
66.249.65.35 - - [13/Jul/2025:15:49:33 +0000] "GET /?x=47665356001800&mod=ad067202&uri=itm.php%3Fid%3D1590702-669%26name%3Dpower+motion+sofa HTTP/1.1" 200 22289 "-" "Mozilla/5.0 (Linux; Android 6.0.1; Nexus 5X Build/MMB29P) AppleWebKit/537.36 (KHTML, like Gecko) Chrome/137.0.7151.103 Mobile Safari/537.36 (compatible; Googlebot/2.1; +http://www.google.com/bot.html)"
66.249.65.35 - - [13/Jul/2025:15:49:35 +0000] "GET /?x=47655820121800&mod=3a835d32&uri=itm.php%3Fid%3D1590384-76%26name%3Dphilips+lumea+9000+bri958 HTTP/1.1" 200 20380 "-" "Mozilla/5.0 (Linux; Android 6.0.1; Nexus 5X Build/MMB29P) AppleWebKit/537.36 (KHTML, like Gecko) Chrome/137.0.7151.103 Mobile Safari/537.36 (compatible; Googlebot/2.1; +http://www.google.com/bot.html)"
66.249.65.36 - - [13/Jul/2025:15:49:38 +0000] "GET /?x=47656540001800&mod=3a835d32&uri=category-info.php%3Fid%3D1590408-76%26name%3Drutina+de+ejercicios+en+barra HTTP/1.1" 200 21468 "-" "Mozilla/5.0 (Linux; Android 6.0.1; Nexus 5X Build/MMB29P) AppleWebKit/537.36 (KHTML, like Gecko) Chrome/137.0.7151.103 Mobile Safari/537.36 (compatible; Googlebot/2.1; +http://www.google.com/bot.html)"
66.249.65.36 - - [13/Jul/2025:15:49:38 +0000] "POST /get-message-notify HTTP/1.1" 200 21862 "https://kraft-court.cafe/?x=47662116001800&mod=ad067202&uri=news.php%3Fid%3D1590594-669%26name%3Dpower+sofa+with+adjustable+lumbar+support" "Mozilla/5.0 (Linux; Android 6.0.1; Nexus 5X Build/MMB29P) AppleWebKit/537.36 (KHTML, like Gecko) Chrome/137.0.7151.119 Mobile Safari/537.36 (compatible; Googlebot/2.1; +http://www.google.com/bot.html)"
66.249.65.35 - - [13/Jul/2025:15:49:40 +0000] "GET /?x=47656900031800&mod=ad067202&uri=shared.php%3Fid%3D1590420-669%26name%3Dbackjack+chair HTTP/1.1" 200 22580 "-" "Mozilla/5.0 (Linux; Android 6.0.1; Nexus 5X Build/MMB29P) AppleWebKit/537.36 (KHTML, like Gecko) Chrome/137.0.7151.103 Mobile Safari/537.36 (compatible; Googlebot/2.1; +http://www.google.com/bot.html)"
66.249.65.36 - - [13/Jul/2025:15:49:47 +0000] "GET /?x=47660136001800&mod=3a835d32&uri=brands.php%3Fid%3D1590528-76%26name%3Dphilips+lumea+prestige+plus HTTP/1.1" 200 21270 "-" "Mozilla/5.0 (Linux; Android 6.0.1; Nexus 5X Build/MMB29P) AppleWebKit/537.36 (KHTML, like Gecko) Chrome/137.0.7151.103 Mobile Safari/537.36 (compatible; Googlebot/2.1; +http://www.google.com/bot.html)"
66.249.65.35 - - [13/Jul/2025:15:49:50 +0000] "GET /?x=47660676041800&mod=3a835d32&uri=article.php%3Fid%3D1590546-76%26name%3Dnuevas+colonias+adolfo+dominguez HTTP/1.1" 200 21563 "-" "Mozilla/5.0 (Linux; Android 6.0.1; Nexus 5X Build/MMB29P) AppleWebKit/537.36 (KHTML, like Gecko) Chrome/137.0.7151.103 Mobile Safari/537.36 (compatible; Googlebot/2.1; +http://www.google.com/bot.html)"
66.249.65.35 - - [13/Jul/2025:15:49:54 +0000] "GET /?x=47654560041800&mod=3a835d32&uri=article.php%3Fid%3D1590342-76%26name%3Dipl+philips+lumea+advanced HTTP/1.1" 200 21350 "-" "Mozilla/5.0 (Linux; Android 6.0.1; Nexus 5X Build/MMB29P) AppleWebKit/537.36 (KHTML, like Gecko) Chrome/137.0.7151.103 Mobile Safari/537.36 (compatible; Googlebot/2.1; +http://www.google.com/bot.html)"
66.249.65.35 - - [13/Jul/2025:15:49:54 +0000] "POST /get-message-notify HTTP/1.1" 200 21868 "https://kraft-court.cafe/?x=47660676041800&mod=3a835d32&uri=article.php%3Fid%3D1590546-76%26name%3Dnuevas+colonias+adolfo+dominguez" "Mozilla/5.0 (Linux; Android 6.0.1; Nexus 5X Build/MMB29P) AppleWebKit/537.36 (KHTML, like Gecko) Chrome/137.0.7151.119 Mobile Safari/537.36 (compatible; Googlebot/2.1; +http://www.google.com/bot.html)"
66.249.65.36 - - [13/Jul/2025:15:49:58 +0000] "GET /?x=47663196031800&mod=74dbd111&uri=dp.php%3Fid%3D1590630-964%26name%3Diwatch+payment HTTP/1.1" 200 21503 "-" "Mozilla/5.0 (Linux; Android 6.0.1; Nexus 5X Build/MMB29P) AppleWebKit/537.36 (KHTML, like Gecko) Chrome/137.0.7151.103 Mobile Safari/537.36 (compatible; Googlebot/2.1; +http://www.google.com/bot.html)"
66.249.65.35 - - [13/Jul/2025:15:50:01 +0000] "GET /?x=119798992041800&mod=a51fb975&uri=info.php%3Fid%3D3998056-129%26name%3Diphone+battery+health+82 HTTP/1.1" 200 20084 "-" "Mozilla/5.0 (Linux; Android 6.0.1; Nexus 5X Build/MMB29P) AppleWebKit/537.36 (KHTML, like Gecko) Chrome/137.0.7151.103 Mobile Safari/537.36 (compatible; Googlebot/2.1; +http://www.google.com/bot.html)"
66.249.65.35 - - [13/Jul/2025:15:50:03 +0000] "GET /?x=5917901061800&mod=4500e403&uri=us.php%3Fid%3D197622-342%26name%3Dbaby+bouncer+folds+flat HTTP/1.1" 200 20890 "-" "Mozilla/5.0 (Linux; Android 6.0.1; Nexus 5X Build/MMB29P) AppleWebKit/537.36 (KHTML, like Gecko) Chrome/137.0.7151.103 Mobile Safari/537.36 (compatible; Googlebot/2.1; +http://www.google.com/bot.html)"
66.249.65.35 - - [13/Jul/2025:15:50:05 +0000] "GET /?x=5915501021800&mod=4500e403&uri=search.php%3Fid%3D197542-342%26name%3Dpeg+perego+bouncer+chair HTTP/1.1" 200 21270 "-" "Mozilla/5.0 (Linux; Android 6.0.1; Nexus 5X Build/MMB29P) AppleWebKit/537.36 (KHTML, like Gecko) Chrome/137.0.7151.103 Mobile Safari/537.36 (compatible; Googlebot/2.1; +http://www.google.com/bot.html)"
66.249.65.35 - - [13/Jul/2025:15:50:07 +0000] "GET /?x=5921861081800&mod=4500e403&uri=shop.php%3Fid%3D197754-342%26name%3Dingenuity+boutique+teddy+convertible+rocker+in+grey HTTP/1.1" 200 21103 "-" "Mozilla/5.0 (Linux; Android 6.0.1; Nexus 5X Build/MMB29P) AppleWebKit/537.36 (KHTML, like Gecko) Chrome/137.0.7151.103 Mobile Safari/537.36 (compatible; Googlebot/2.1; +http://www.google.com/bot.html)"
66.249.65.35 - - [13/Jul/2025:15:50:14 +0000] "GET /?x=5922101001800&mod=f34185c4&uri=shop.php%3Fid%3D197762-343%26name%3Dtwin+headboards+target HTTP/1.1" 200 22022 "-" "Mozilla/5.0 (Linux; Android 6.0.1; Nexus 5X Build/MMB29P) AppleWebKit/537.36 (KHTML, like Gecko) Chrome/137.0.7151.103 Mobile Safari/537.36 (compatible; Googlebot/2.1; +http://www.google.com/bot.html)"
66.249.65.35 - - [13/Jul/2025:15:50:15 +0000] "GET /?x=5918741041800&mod=4500e403&uri=itm.php%3Fid%3D197650-342%26name%3Djoie+petite+city+rocker HTTP/1.1" 200 21135 "-" "Mozilla/5.0 (Linux; Android 6.0.1; Nexus 5X Build/MMB29P) AppleWebKit/537.36 (KHTML, like Gecko) Chrome/137.0.7151.103 Mobile Safari/537.36 (compatible; Googlebot/2.1; +http://www.google.com/bot.html)"
66.249.65.35 - - [13/Jul/2025:15:50:17 +0000] "GET /?x=5922941041800&mod=4500e403&uri=goods.php%3Fid%3D197790-342%26name%3Dikea+tovig+review HTTP/1.1" 200 20950 "-" "Mozilla/5.0 (Linux; Android 6.0.1; Nexus 5X Build/MMB29P) AppleWebKit/537.36 (KHTML, like Gecko) Chrome/137.0.7151.103 Mobile Safari/537.36 (compatible; Googlebot/2.1; +http://www.google.com/bot.html)"
66.249.65.35 - - [13/Jul/2025:15:50:17 +0000] "GET /?x=5915861081800&mod=4500e403&uri=shared.php%3Fid%3D197554-342%26name%3Dingenuity+bouncer+argos HTTP/1.1" 200 21104 "-" "Mozilla/5.0 (Linux; Android 6.0.1; Nexus 5X Build/MMB29P) AppleWebKit/537.36 (KHTML, like Gecko) Chrome/137.0.7151.103 Mobile Safari/537.36 (compatible; Googlebot/2.1; +http://www.google.com/bot.html)"
66.249.65.35 - - [13/Jul/2025:15:50:18 +0000] "GET /?x=5919461081800&mod=4500e403&uri=news.php%3Fid%3D197674-342%26name%3Dfisher+price+rainforest+bouncer+chair HTTP/1.1" 200 21162 "-" "Mozilla/5.0 (Linux; Android 6.0.1; Nexus 5X Build/MMB29P) AppleWebKit/537.36 (KHTML, like Gecko) Chrome/137.0.7151.103 Mobile Safari/537.36 (compatible; Googlebot/2.1; +http://www.google.com/bot.html)"
66.249.65.35 - - [13/Jul/2025:15:50:21 +0000] "GET /?x=5918141041800&mod=4500e403&uri=form.php%3Fid%3D197630-342%26name%3Dbaby+carry+rocker HTTP/1.1" 200 21677 "-" "Mozilla/5.0 (Linux; Android 6.0.1; Nexus 5X Build/MMB29P) AppleWebKit/537.36 (KHTML, like Gecko) Chrome/137.0.7151.103 Mobile Safari/537.36 (compatible; Googlebot/2.1; +http://www.google.com/bot.html)"
66.249.65.35 - - [13/Jul/2025:15:50:28 +0000] "GET /?x=5917541041800&mod=4500e403&uri=news.php%3Fid%3D197610-342%26name%3Dpeg+perego+melodia+bouncer HTTP/1.1" 200 21224 "-" "Mozilla/5.0 (Linux; Android 6.0.1; Nexus 5X Build/MMB29P) AppleWebKit/537.36 (KHTML, like Gecko) Chrome/137.0.7151.103 Mobile Safari/537.36 (compatible; Googlebot/2.1; +http://www.google.com/bot.html)"
66.249.65.35 - - [13/Jul/2025:15:50:29 +0000] "GET /?x=86357106021800&mod=97108695&uri=article.php%3Fid%3D2881868-335%26name%3Dring+fit+adventure+update+2021 HTTP/1.1" 200 21991 "-" "Mozilla/5.0 (Linux; Android 6.0.1; Nexus 5X Build/MMB29P) AppleWebKit/537.36 (KHTML, like Gecko) Chrome/137.0.7151.103 Mobile Safari/537.36 (compatible; Googlebot/2.1; +http://www.google.com/bot.html)"
66.249.65.35 - - [13/Jul/2025:15:50:31 +0000] "POST /get-message-notify HTTP/1.1" 200 21858 "https://kraft-court.cafe/?x=5918741041800&mod=4500e403&uri=itm.php%3Fid%3D197650-342%26name%3Djoie+petite+city+rocker" "Mozilla/5.0 (Linux; Android 6.0.1; Nexus 5X Build/MMB29P) AppleWebKit/537.36 (KHTML, like Gecko) Chrome/137.0.7151.119 Mobile Safari/537.36 (compatible; Googlebot/2.1; +http://www.google.com/bot.html)"
66.249.65.35 - - [13/Jul/2025:15:50:31 +0000] "GET /?x=119406943051800&mod=97108695&uri=dp.php%3Fid%3D3984976-335%26name%3Dtorchlight+nintendo+switch HTTP/1.1" 200 21637 "-" "Mozilla/5.0 (Linux; Android 6.0.1; Nexus 5X Build/MMB29P) AppleWebKit/537.36 (KHTML, like Gecko) Chrome/137.0.7151.103 Mobile Safari/537.36 (compatible; Googlebot/2.1; +http://www.google.com/bot.html)"
66.249.65.35 - - [13/Jul/2025:15:50:32 +0000] "GET /?x=86373734021800&mod=97108695&uri=category-info.php%3Fid%3D2882423-335%26name%3Df2p+switch+games HTTP/1.1" 200 21983 "-" "Mozilla/5.0 (Linux; Android 6.0.1; Nexus 5X Build/MMB29P) AppleWebKit/537.36 (KHTML, like Gecko) Chrome/137.0.7151.103 Mobile Safari/537.36 (compatible; Googlebot/2.1; +http://www.google.com/bot.html)"
66.249.65.35 - - [13/Jul/2025:15:50:33 +0000] "GET /?x=98614452071800&mod=97108695&uri=itm.php%3Fid%3D3291018-335%26name%3Dmac+tools+air+impact+gun HTTP/1.1" 200 21641 "-" "Mozilla/5.0 (Linux; Android 6.0.1; Nexus 5X Build/MMB29P) AppleWebKit/537.36 (KHTML, like Gecko) Chrome/137.0.7151.103 Mobile Safari/537.36 (compatible; Googlebot/2.1; +http://www.google.com/bot.html)"
66.249.65.36 - - [13/Jul/2025:15:50:34 +0000] "GET /?x=5753697121800&mod=97108695&uri=search.php%3Fid%3D192143-335%26name%3Dlg+washer+tub HTTP/1.1" 200 21436 "-" "Mozilla/5.0 (Linux; Android 6.0.1; Nexus 5X Build/MMB29P) AppleWebKit/537.36 (KHTML, like Gecko) Chrome/137.0.7151.103 Mobile Safari/537.36 (compatible; Googlebot/2.1; +http://www.google.com/bot.html)"
66.249.65.36 - - [13/Jul/2025:15:50:37 +0000] "POST /get-message-notify HTTP/1.1" 200 21872 "https://kraft-court.cafe/?x=98614452071800&mod=97108695&uri=itm.php%3Fid%3D3291018-335%26name%3Dmac+tools+air+impact+gun" "Mozilla/5.0 (Linux; Android 6.0.1; Nexus 5X Build/MMB29P) AppleWebKit/537.36 (KHTML, like Gecko) Chrome/137.0.7151.119 Mobile Safari/537.36 (compatible; Googlebot/2.1; +http://www.google.com/bot.html)"
66.249.65.35 - - [13/Jul/2025:15:50:38 +0000] "GET /?x=5898294021800&mod=29921001&uri=brands.php%3Fid%3D196968-155%26name%3Dpolk+audio+lsi25 HTTP/1.1" 200 21680 "-" "Mozilla/5.0 (Linux; Android 6.0.1; Nexus 5X Build/MMB29P) AppleWebKit/537.36 (KHTML, like Gecko) Chrome/137.0.7151.103 Mobile Safari/537.36 (compatible; Googlebot/2.1; +http://www.google.com/bot.html)"
66.249.65.36 - - [13/Jul/2025:15:50:40 +0000] "GET /?x=5819659071800&mod=165a59f7&uri=news.php%3Fid%3D194343-336%26name%3Dpollini+heritage+outlet HTTP/1.1" 200 21961 "-" "Mozilla/5.0 (Linux; Android 6.0.1; Nexus 5X Build/MMB29P) AppleWebKit/537.36 (KHTML, like Gecko) Chrome/137.0.7151.103 Mobile Safari/537.36 (compatible; Googlebot/2.1; +http://www.google.com/bot.html)"
66.249.65.35 - - [13/Jul/2025:15:50:40 +0000] "GET /?x=6157831031800&mod=d3a7f48c&uri=info.php%3Fid%3D205629-208%26name%3Dsony+pmw+700 HTTP/1.1" 200 22056 "-" "Mozilla/5.0 (Linux; Android 6.0.1; Nexus 5X Build/MMB29P) AppleWebKit/537.36 (KHTML, like Gecko) Chrome/137.0.7151.103 Mobile Safari/537.36 (compatible; Googlebot/2.1; +http://www.google.com/bot.html)"
66.249.65.35 - - [13/Jul/2025:15:50:41 +0000] "GET /?x=5896944051800&mod=29921001&uri=info.php%3Fid%3D196923-155%26name%3Dwoofer+6x9 HTTP/1.1" 200 21713 "-" "Mozilla/5.0 (Linux; Android 6.0.1; Nexus 5X Build/MMB29P) AppleWebKit/537.36 (KHTML, like Gecko) Chrome/137.0.7151.103 Mobile Safari/537.36 (compatible; Googlebot/2.1; +http://www.google.com/bot.html)"
66.249.65.35 - - [13/Jul/2025:15:50:43 +0000] "GET /?x=40633233081800&mod=333cb763&uri=dp.php%3Fid%3D1356110-334%26name%3Dbarcelona+latest+match+score HTTP/1.1" 200 21983 "-" "Mozilla/5.0 (Linux; Android 6.0.1; Nexus 5X Build/MMB29P) AppleWebKit/537.36 (KHTML, like Gecko) Chrome/137.0.7151.103 Mobile Safari/537.36 (compatible; Googlebot/2.1; +http://www.google.com/bot.html)"
66.249.65.35 - - [13/Jul/2025:15:50:46 +0000] "GET /?x=5816558091800&mod=165a59f7&uri=news.php%3Fid%3D194239-336%26name%3Dmichael+kors+selma+marrone HTTP/1.1" 200 22182 "-" "Mozilla/5.0 (Linux; Android 6.0.1; Nexus 5X Build/MMB29P) AppleWebKit/537.36 (KHTML, like Gecko) Chrome/137.0.7151.103 Mobile Safari/537.36 (compatible; Googlebot/2.1; +http://www.google.com/bot.html)"
66.249.65.36 - - [13/Jul/2025:15:50:47 +0000] "POST /get-message-notify HTTP/1.1" 200 21861 "https://kraft-court.cafe/?x=40633233081800&mod=333cb763&uri=dp.php%3Fid%3D1356110-334%26name%3Dbarcelona+latest+match+score" "Mozilla/5.0 (Linux; Android 6.0.1; Nexus 5X Build/MMB29P) AppleWebKit/537.36 (KHTML, like Gecko) Chrome/137.0.7151.119 Mobile Safari/537.36 (compatible; Googlebot/2.1; +http://www.google.com/bot.html)"
66.249.65.36 - - [13/Jul/2025:15:50:48 +0000] "GET /?x=5815478031800&mod=2e2c080d&uri=products.php%3Fid%3D194203-337%26name%3Dropa+shein+mujer+pantalones HTTP/1.1" 200 21318 "-" "Mozilla/5.0 (Linux; Android 6.0.1; Nexus 5X Build/MMB29P) AppleWebKit/537.36 (KHTML, like Gecko) Chrome/137.0.7151.103 Mobile Safari/537.36 (compatible; Googlebot/2.1; +http://www.google.com/bot.html)"
66.249.65.35 - - [13/Jul/2025:15:50:50 +0000] "POST /get-message-notify HTTP/1.1" 200 21863 "https://kraft-court.cafe/?x=5815478031800&mod=2e2c080d&uri=products.php%3Fid%3D194203-337%26name%3Dropa+shein+mujer+pantalones" "Mozilla/5.0 (Linux; Android 6.0.1; Nexus 5X Build/MMB29P) AppleWebKit/537.36 (KHTML, like Gecko) Chrome/137.0.7151.119 Mobile Safari/537.36 (compatible; Googlebot/2.1; +http://www.google.com/bot.html)"
66.249.65.35 - - [13/Jul/2025:15:50:50 +0000] "GET /?x=5815838001800&mod=165a59f7&uri=category-info.php%3Fid%3D194215-336%26name%3Dzaino+gio+cellini+borchie HTTP/1.1" 200 21908 "-" "Mozilla/5.0 (Linux; Android 6.0.1; Nexus 5X Build/MMB29P) AppleWebKit/537.36 (KHTML, like Gecko) Chrome/137.0.7151.103 Mobile Safari/537.36 (compatible; Googlebot/2.1; +http://www.google.com/bot.html)"
66.249.65.35 - - [13/Jul/2025:15:50:53 +0000] "GET /?x=5814758091800&mod=2e2c080d&uri=product.php%3Fid%3D194179-337%26name%3Dpantalones+de+shein+mujer HTTP/1.1" 200 20561 "-" "Mozilla/5.0 (Linux; Android 6.0.1; Nexus 5X Build/MMB29P) AppleWebKit/537.36 (KHTML, like Gecko) Chrome/137.0.7151.103 Mobile Safari/537.36 (compatible; Googlebot/2.1; +http://www.google.com/bot.html)"
66.249.65.35 - - [13/Jul/2025:15:50:54 +0000] "POST /get-message-notify HTTP/1.1" 200 21875 "https://kraft-court.cafe/?x=6099677021800&mod=0d0fd7c6&uri=products.php%3Fid%3D203690-40%26name%3Dmilwaukee+blade+left+circular+saw" "Mozilla/5.0 (Linux; Android 6.0.1; Nexus 5X Build/MMB29P) AppleWebKit/537.36 (KHTML, like Gecko) Chrome/137.0.7151.119 Mobile Safari/537.36 (compatible; Googlebot/2.1; +http://www.google.com/bot.html)"
66.249.65.35 - - [13/Jul/2025:15:50:57 +0000] "GET /?x=5813678031800&mod=165a59f7&uri=news.php%3Fid%3D194143-336%26name%3Dborse+camomilla+zalando HTTP/1.1" 200 21919 "-" "Mozilla/5.0 (Linux; Android 6.0.1; Nexus 5X Build/MMB29P) AppleWebKit/537.36 (KHTML, like Gecko) Chrome/137.0.7151.103 Mobile Safari/537.36 (compatible; Googlebot/2.1; +http://www.google.com/bot.html)"
66.249.65.35 - - [13/Jul/2025:15:51:00 +0000] "GET /?x=47657620121800&mod=ad067202&uri=search.php%3Fid%3D1590444-669%26name%3Dpure+decor+clear+acrylic+counter+stool HTTP/1.1" 200 21716 "-" "Mozilla/5.0 (Linux; Android 6.0.1; Nexus 5X Build/MMB29P) AppleWebKit/537.36 (KHTML, like Gecko) Chrome/137.0.7151.103 Mobile Safari/537.36 (compatible; Googlebot/2.1; +http://www.google.com/bot.html)"
66.249.65.37 - - [13/Jul/2025:15:51:02 +0000] "GET /?x=6100667051800&mod=0d0fd7c6&uri=info.php%3Fid%3D203723-40%26name%3Dmilwaukee+tool+sawzall+reciprocating+saw HTTP/1.1" 200 22077 "-" "Mozilla/5.0 (Linux; Android 6.0.1; Nexus 5X Build/MMB29P) AppleWebKit/537.36 (KHTML, like Gecko) Chrome/137.0.7151.103 Mobile Safari/537.36 (compatible; Googlebot/2.1; +http://www.google.com/bot.html)"
66.249.65.35 - - [13/Jul/2025:15:51:03 +0000] "POST /get-message-notify HTTP/1.1" 200 21866 "https://kraft-court.cafe/?x=5919461081800&mod=4500e403&uri=news.php%3Fid%3D197674-342%26name%3Dfisher+price+rainforest+bouncer+chair" "Mozilla/5.0 (Linux; Android 6.0.1; Nexus 5X Build/MMB29P) AppleWebKit/537.36 (KHTML, like Gecko) Chrome/137.0.7151.119 Mobile Safari/537.36 (compatible; Googlebot/2.1; +http://www.google.com/bot.html)"
66.249.65.36 - - [13/Jul/2025:15:51:05 +0000] "GET /?x=6099407011800&mod=0d0fd7c6&uri=shared.php%3Fid%3D203681-40%26name%3Dgraco+ultra+max+cordless+paint+sprayer HTTP/1.1" 200 22140 "-" "Mozilla/5.0 (Linux; Android 6.0.1; Nexus 5X Build/MMB29P) AppleWebKit/537.36 (KHTML, like Gecko) Chrome/137.0.7151.103 Mobile Safari/537.36 (compatible; Googlebot/2.1; +http://www.google.com/bot.html)"
66.249.65.35 - - [13/Jul/2025:15:51:05 +0000] "POST /get-message-notify HTTP/1.1" 200 21857 "https://kraft-court.cafe/?x=6100667051800&mod=0d0fd7c6&uri=info.php%3Fid%3D203723-40%26name%3Dmilwaukee+tool+sawzall+reciprocating+saw" "Mozilla/5.0 (Linux; Android 6.0.1; Nexus 5X Build/MMB29P) AppleWebKit/537.36 (KHTML, like Gecko) Chrome/137.0.7151.119 Mobile Safari/537.36 (compatible; Googlebot/2.1; +http://www.google.com/bot.html)"
66.249.65.36 - - [13/Jul/2025:15:51:07 +0000] "GET /?x=6100037021800&mod=0d0fd7c6&uri=blog.php%3Fid%3D203702-40%26name%3Drebar+tying+tool+makita HTTP/1.1" 200 22415 "-" "Mozilla/5.0 (Linux; Android 6.0.1; Nexus 5X Build/MMB29P) AppleWebKit/537.36 (KHTML, like Gecko) Chrome/137.0.7151.103 Mobile Safari/537.36 (compatible; Googlebot/2.1; +http://www.google.com/bot.html)"
66.249.65.35 - - [13/Jul/2025:15:51:09 +0000] "GET /?x=47659416021800&mod=3a835d32&uri=us.php%3Fid%3D1590504-76%26name%3Dperfume+terre+de+hermes+opiniones HTTP/1.1" 200 21729 "-" "Mozilla/5.0 (Linux; Android 6.0.1; Nexus 5X Build/MMB29P) AppleWebKit/537.36 (KHTML, like Gecko) Chrome/137.0.7151.103 Mobile Safari/537.36 (compatible; Googlebot/2.1; +http://www.google.com/bot.html)"
66.249.65.35 - - [13/Jul/2025:15:51:12 +0000] "POST /get-message-notify HTTP/1.1" 200 21859 "https://kraft-court.cafe/?x=47659416021800&mod=3a835d32&uri=us.php%3Fid%3D1590504-76%26name%3Dperfume+terre+de+hermes+opiniones" "Mozilla/5.0 (Linux; Android 6.0.1; Nexus 5X Build/MMB29P) AppleWebKit/537.36 (KHTML, like Gecko) Chrome/137.0.7151.119 Mobile Safari/537.36 (compatible; Googlebot/2.1; +http://www.google.com/bot.html)"
66.249.65.35 - - [13/Jul/2025:15:51:18 +0000] "GET /?x=47659956001800&mod=ad067202&uri=pin.php%3Fid%3D1590522-669%26name%3Dgaming+chair+costco+uk HTTP/1.1" 200 22260 "-" "Mozilla/5.0 (Linux; Android 6.0.1; Nexus 5X Build/MMB29P) AppleWebKit/537.36 (KHTML, like Gecko) Chrome/137.0.7151.103 Mobile Safari/537.36 (compatible; Googlebot/2.1; +http://www.google.com/bot.html)"
66.249.65.35 - - [13/Jul/2025:15:51:16 +0000] "GET /?x=47666436011800&mod=74dbd111&uri=products.php%3Fid%3D1590738-964%26name%3Dt+mobile+apple+watch+se+deal HTTP/1.1" 200 22147 "-" "Mozilla/5.0 (Linux; Android 6.0.1; Nexus 5X Build/MMB29P) AppleWebKit/537.36 (KHTML, like Gecko) Chrome/137.0.7151.103 Mobile Safari/537.36 (compatible; Googlebot/2.1; +http://www.google.com/bot.html)"
66.249.65.35 - - [13/Jul/2025:15:51:14 +0000] "GET /?x=47663736061800&mod=ad067202&uri=products.php%3Fid%3D1590648-669%26name%3Dhaworth+zody+ersatzteile HTTP/1.1" 200 22230 "-" "Mozilla/5.0 (Linux; Android 6.0.1; Nexus 5X Build/MMB29P) AppleWebKit/537.36 (KHTML, like Gecko) Chrome/137.0.7151.103 Mobile Safari/537.36 (compatible; Googlebot/2.1; +http://www.google.com/bot.html)"
66.249.65.35 - - [13/Jul/2025:15:51:24 +0000] "GET /?x=47663556001800&mod=74dbd111&uri=us.php%3Fid%3D1590642-964%26name%3Dapple+watch+ezlink+card HTTP/1.1" 200 22287 "-" "Mozilla/5.0 (Linux; Android 6.0.1; Nexus 5X Build/MMB29P) AppleWebKit/537.36 (KHTML, like Gecko) Chrome/137.0.7151.103 Mobile Safari/537.36 (compatible; Googlebot/2.1; +http://www.google.com/bot.html)"
66.249.65.35 - - [13/Jul/2025:15:51:25 +0000] "GET /?x=47660316021800&mod=ad067202&uri=goods.php%3Fid%3D1590534-669%26name%3Dsts+pelham+bay+sling+chair HTTP/1.1" 200 21976 "-" "Mozilla/5.0 (Linux; Android 6.0.1; Nexus 5X Build/MMB29P) AppleWebKit/537.36 (KHTML, like Gecko) Chrome/137.0.7151.103 Mobile Safari/537.36 (compatible; Googlebot/2.1; +http://www.google.com/bot.html)"
66.249.65.35 - - [13/Jul/2025:15:51:25 +0000] "GET /?x=47661036001800&mod=3a835d32&uri=search.php%3Fid%3D1590558-76%26name%3Dbraun+pro+5137 HTTP/1.1" 200 21314 "-" "Mozilla/5.0 (Linux; Android 6.0.1; Nexus 5X Build/MMB29P) AppleWebKit/537.36 (KHTML, like Gecko) Chrome/137.0.7151.103 Mobile Safari/537.36 (compatible; Googlebot/2.1; +http://www.google.com/bot.html)"
66.249.65.36 - - [13/Jul/2025:15:51:28 +0000] "GET /?x=47657800081800&mod=ad067202&uri=news.php%3Fid%3D1590450-669%26name%3Dapollo+plastic+chairs HTTP/1.1" 200 21938 "-" "Mozilla/5.0 (Linux; Android 6.0.1; Nexus 5X Build/MMB29P) AppleWebKit/537.36 (KHTML, like Gecko) Chrome/137.0.7151.103 Mobile Safari/537.36 (compatible; Googlebot/2.1; +http://www.google.com/bot.html)"
66.249.65.35 - - [13/Jul/2025:15:51:31 +0000] "GET /?x=47661216121800&mod=3a835d32&uri=shared.php%3Fid%3D1590564-76%26name%3Dbarra+pesas+para+sentadillas HTTP/1.1" 200 20538 "-" "Mozilla/5.0 (Linux; Android 6.0.1; Nexus 5X Build/MMB29P) AppleWebKit/537.36 (KHTML, like Gecko) Chrome/137.0.7151.103 Mobile Safari/537.36 (compatible; Googlebot/2.1; +http://www.google.com/bot.html)"
66.249.65.36 - - [13/Jul/2025:15:51:33 +0000] "GET /?x=47656360001800&mod=3a835d32&uri=shop.php%3Fid%3D1590402-76%26name%3Dgluteos+ejercicios+con+barra HTTP/1.1" 200 21462 "-" "Mozilla/5.0 (Linux; Android 6.0.1; Nexus 5X Build/MMB29P) AppleWebKit/537.36 (KHTML, like Gecko) Chrome/137.0.7151.103 Mobile Safari/537.36 (compatible; Googlebot/2.1; +http://www.google.com/bot.html)"
66.249.65.36 - - [13/Jul/2025:15:51:33 +0000] "POST /get-message-notify HTTP/1.1" 200 21864 "https://kraft-court.cafe/?x=86373734021800&mod=97108695&uri=category-info.php%3Fid%3D2882423-335%26name%3Df2p+switch+games" "Mozilla/5.0 (Linux; Android 6.0.1; Nexus 5X Build/MMB29P) AppleWebKit/537.36 (KHTML, like Gecko) Chrome/137.0.7151.119 Mobile Safari/537.36 (compatible; Googlebot/2.1; +http://www.google.com/bot.html)"
66.249.65.35 - - [13/Jul/2025:15:51:35 +0000] "GET /?x=5914901061800&mod=4500e403&uri=shared.php%3Fid%3D197522-342%26name%3Dfisher+price+foldable+bouncer HTTP/1.1" 200 20957 "-" "Mozilla/5.0 (Linux; Android 6.0.1; Nexus 5X Build/MMB29P) AppleWebKit/537.36 (KHTML, like Gecko) Chrome/137.0.7151.103 Mobile Safari/537.36 (compatible; Googlebot/2.1; +http://www.google.com/bot.html)"
66.249.65.35 - - [13/Jul/2025:15:51:38 +0000] "GET /?x=79044326041800&mod=97108695&uri=form.php%3Fid%3D2637810-335%26name%3Dmario+kart HTTP/1.1" 200 21305 "-" "Mozilla/5.0 (Linux; Android 6.0.1; Nexus 5X Build/MMB29P) AppleWebKit/537.36 (KHTML, like Gecko) Chrome/137.0.7151.103 Mobile Safari/537.36 (compatible; Googlebot/2.1; +http://www.google.com/bot.html)"
66.249.65.36 - - [13/Jul/2025:15:51:39 +0000] "POST /get-message-notify HTTP/1.1" 200 21874 "https://kraft-court.cafe/?x=5813678031800&mod=165a59f7&uri=news.php%3Fid%3D194143-336%26name%3Dborse+camomilla+zalando" "Mozilla/5.0 (Linux; Android 6.0.1; Nexus 5X Build/MMB29P) AppleWebKit/537.36 (KHTML, like Gecko) Chrome/137.0.7151.119 Mobile Safari/537.36 (compatible; Googlebot/2.1; +http://www.google.com/bot.html)"
66.249.65.36 - - [13/Jul/2025:15:51:40 +0000] "GET /?x=111291433011800&mod=790ed1be&uri=search.php%3Fid%3D3714163-1442%26name%3Dorologio+oro+rosa HTTP/1.1" 200 21506 "-" "Mozilla/5.0 (Linux; Android 6.0.1; Nexus 5X Build/MMB29P) AppleWebKit/537.36 (KHTML, like Gecko) Chrome/137.0.7151.103 Mobile Safari/537.36 (compatible; Googlebot/2.1; +http://www.google.com/bot.html)"
66.249.65.35 - - [13/Jul/2025:15:51:41 +0000] "POST /get-message-notify HTTP/1.1" 200 21861 "https://kraft-court.cafe/?x=79044326041800&mod=97108695&uri=form.php%3Fid%3D2637810-335%26name%3Dmario+kart" "Mozilla/5.0 (Linux; Android 6.0.1; Nexus 5X Build/MMB29P) AppleWebKit/537.36 (KHTML, like Gecko) Chrome/137.0.7151.119 Mobile Safari/537.36 (compatible; Googlebot/2.1; +http://www.google.com/bot.html)"
66.249.65.35 - - [13/Jul/2025:15:51:42 +0000] "GET /?x=111294133051800&mod=5c376f6d&uri=article.php%3Fid%3D3714253-863%26name%3Dfelpa+adidas+tre+strisce HTTP/1.1" 200 21732 "-" "Mozilla/5.0 (Linux; Android 6.0.1; Nexus 5X Build/MMB29P) AppleWebKit/537.36 (KHTML, like Gecko) Chrome/137.0.7151.103 Mobile Safari/537.36 (compatible; Googlebot/2.1; +http://www.google.com/bot.html)"
66.249.65.35 - - [13/Jul/2025:15:51:45 +0000] "GET /?x=110615955111800&mod=2de7cf20&uri=shop.php%3Fid%3D3691608-333%26name%3Dterence+lett+the+jeweller HTTP/1.1" 200 21152 "-" "Mozilla/5.0 (Linux; Android 6.0.1; Nexus 5X Build/MMB29P) AppleWebKit/537.36 (KHTML, like Gecko) Chrome/137.0.7151.103 Mobile Safari/537.36 (compatible; Googlebot/2.1; +http://www.google.com/bot.html)"
66.249.65.35 - - [13/Jul/2025:15:51:47 +0000] "POST /get-message-notify HTTP/1.1" 200 21872 "https://kraft-court.cafe/?x=110615955111800&mod=2de7cf20&uri=shop.php%3Fid%3D3691608-333%26name%3Dterence+lett+the+jeweller" "Mozilla/5.0 (Linux; Android 6.0.1; Nexus 5X Build/MMB29P) AppleWebKit/537.36 (KHTML, like Gecko) Chrome/137.0.7151.119 Mobile Safari/537.36 (compatible; Googlebot/2.1; +http://www.google.com/bot.html)"
66.249.65.36 - - [13/Jul/2025:15:51:50 +0000] "GET /?x=111287233011800&mod=5c376f6d&uri=info.php%3Fid%3D3714023-863%26name%3Dgrisport+rock+outdoor HTTP/1.1" 200 21738 "-" "Mozilla/5.0 (Linux; Android 6.0.1; Nexus 5X Build/MMB29P) AppleWebKit/537.36 (KHTML, like Gecko) Chrome/137.0.7151.103 Mobile Safari/537.36 (compatible; Googlebot/2.1; +http://www.google.com/bot.html)"
66.249.65.35 - - [13/Jul/2025:15:51:52 +0000] "GET /?x=111277933061800&mod=5c376f6d&uri=shop.php%3Fid%3D3713713-863%26name%3Dbomber+uomo+adidas HTTP/1.1" 200 21182 "-" "Mozilla/5.0 (Linux; Android 6.0.1; Nexus 5X Build/MMB29P) AppleWebKit/537.36 (KHTML, like Gecko) Chrome/137.0.7151.103 Mobile Safari/537.36 (compatible; Googlebot/2.1; +http://www.google.com/bot.html)"
66.249.65.35 - - [13/Jul/2025:15:51:54 +0000] "GET /?x=111138258021800&mod=a6db4ed0&uri=blog.php%3Fid%3D3709034-287%26name%3Dblackrapid+straps HTTP/1.1" 200 22022 "-" "Mozilla/5.0 (Linux; Android 6.0.1; Nexus 5X Build/MMB29P) AppleWebKit/537.36 (KHTML, like Gecko) Chrome/137.0.7151.103 Mobile Safari/537.36 (compatible; Googlebot/2.1; +http://www.google.com/bot.html)"
66.249.65.37 - - [13/Jul/2025:15:51:57 +0000] "GET /?x=111284833011800&mod=5c376f6d&uri=shared.php%3Fid%3D3713943-863%26name%3Dtuta+adidas+uomo HTTP/1.1" 200 22376 "-" "Mozilla/5.0 (Linux; Android 6.0.1; Nexus 5X Build/MMB29P) AppleWebKit/537.36 (KHTML, like Gecko) Chrome/137.0.7151.103 Mobile Safari/537.36 (compatible; Googlebot/2.1; +http://www.google.com/bot.html)"
66.249.65.37 - - [13/Jul/2025:15:51:59 +0000] "GET /?x=111282433071800&mod=2de7cf20&uri=goods.php%3Fid%3D3713863-333%26name%3Dmother%27s+necklace+walmart HTTP/1.1" 200 21314 "-" "Mozilla/5.0 (Linux; Android 6.0.1; Nexus 5X Build/MMB29P) AppleWebKit/537.36 (KHTML, like Gecko) Chrome/137.0.7151.103 Mobile Safari/537.36 (compatible; Googlebot/2.1; +http://www.google.com/bot.html)"
66.249.65.35 - - [13/Jul/2025:15:52:00 +0000] "POST /get-message-notify HTTP/1.1" 200 21869 "https://kraft-court.cafe/?x=111284833011800&mod=5c376f6d&uri=shared.php%3Fid%3D3713943-863%26name%3Dtuta+adidas+uomo" "Mozilla/5.0 (Linux; Android 6.0.1; Nexus 5X Build/MMB29P) AppleWebKit/537.36 (KHTML, like Gecko) Chrome/137.0.7151.119 Mobile Safari/537.36 (compatible; Googlebot/2.1; +http://www.google.com/bot.html)"
66.249.65.35 - - [13/Jul/2025:15:52:01 +0000] "GET /?x=110618715041800&mod=2de7cf20&uri=shop.php%3Fid%3D3691700-333%26name%3Drhinestone+snake+ring HTTP/1.1" 200 22290 "-" "Mozilla/5.0 (Linux; Android 6.0.1; Nexus 5X Build/MMB29P) AppleWebKit/537.36 (KHTML, like Gecko) Chrome/137.0.7151.103 Mobile Safari/537.36 (compatible; Googlebot/2.1; +http://www.google.com/bot.html)"
66.249.65.36 - - [13/Jul/2025:15:52:04 +0000] "GET /?x=111283933111800&mod=790ed1be&uri=pin.php%3Fid%3D3713913-1442%26name%3Dorologio+guess+oro HTTP/1.1" 200 21339 "-" "Mozilla/5.0 (Linux; Android 6.0.1; Nexus 5X Build/MMB29P) AppleWebKit/537.36 (KHTML, like Gecko) Chrome/137.0.7151.103 Mobile Safari/537.36 (compatible; Googlebot/2.1; +http://www.google.com/bot.html)"
66.249.65.36 - - [13/Jul/2025:15:52:04 +0000] "POST /get-message-notify HTTP/1.1" 200 21862 "https://kraft-court.cafe/?x=110618715041800&mod=2de7cf20&uri=shop.php%3Fid%3D3691700-333%26name%3Drhinestone+snake+ring" "Mozilla/5.0 (Linux; Android 6.0.1; Nexus 5X Build/MMB29P) AppleWebKit/537.36 (KHTML, like Gecko) Chrome/137.0.7151.119 Mobile Safari/537.36 (compatible; Googlebot/2.1; +http://www.google.com/bot.html)"
66.249.65.35 - - [13/Jul/2025:15:52:06 +0000] "GET /?x=111299514011800&mod=790ed1be&uri=pin.php%3Fid%3D3714433-1442%26name%3Dcurren+orologio HTTP/1.1" 200 22118 "-" "Mozilla/5.0 (Linux; Android 6.0.1; Nexus 5X Build/MMB29P) AppleWebKit/537.36 (KHTML, like Gecko) Chrome/137.0.7151.103 Mobile Safari/537.36 (compatible; Googlebot/2.1; +http://www.google.com/bot.html)"
66.249.65.35 - - [13/Jul/2025:15:52:06 +0000] "POST /get-message-notify HTTP/1.1" 200 21875 "https://kraft-court.cafe/?x=111283933111800&mod=790ed1be&uri=pin.php%3Fid%3D3713913-1442%26name%3Dorologio+guess+oro" "Mozilla/5.0 (Linux; Android 6.0.1; Nexus 5X Build/MMB29P) AppleWebKit/537.36 (KHTML, like Gecko) Chrome/137.0.7151.119 Mobile Safari/537.36 (compatible; Googlebot/2.1; +http://www.google.com/bot.html)"
66.249.65.35 - - [13/Jul/2025:15:52:11 +0000] "POST /get-message-notify HTTP/1.1" 200 21855 "https://kraft-court.cafe/?x=111291433011800&mod=790ed1be&uri=search.php%3Fid%3D3714163-1442%26name%3Dorologio+oro+rosa" "Mozilla/5.0 (Linux; Android 6.0.1; Nexus 5X Build/MMB29P) AppleWebKit/537.36 (KHTML, like Gecko) Chrome/137.0.7151.119 Mobile Safari/537.36 (compatible; Googlebot/2.1; +http://www.google.com/bot.html)"
66.249.65.35 - - [13/Jul/2025:15:52:13 +0000] "GET /?x=111283333051800&mod=5c376f6d&uri=blog.php%3Fid%3D3713893-863%26name%3Dscarpe+hostess HTTP/1.1" 200 21289 "-" "Mozilla/5.0 (Linux; Android 6.0.1; Nexus 5X Build/MMB29P) AppleWebKit/537.36 (KHTML, like Gecko) Chrome/137.0.7151.103 Mobile Safari/537.36 (compatible; Googlebot/2.1; +http://www.google.com/bot.html)"
66.249.65.35 - - [13/Jul/2025:15:52:17 +0000] "GET /?x=111288133011800&mod=790ed1be&uri=article.php%3Fid%3D3714053-1442%26name%3Dorologi+classici+uomo HTTP/1.1" 200 21974 "-" "Mozilla/5.0 (Linux; Android 6.0.1; Nexus 5X Build/MMB29P) AppleWebKit/537.36 (KHTML, like Gecko) Chrome/137.0.7151.103 Mobile Safari/537.36 (compatible; Googlebot/2.1; +http://www.google.com/bot.html)"
66.249.65.35 - - [13/Jul/2025:15:52:11 +0000] "GET /?x=111295633011800&mod=5c376f6d&uri=brands.php%3Fid%3D3714303-863%26name%3Dglobo+calzature+orari HTTP/1.1" 200 22509 "-" "Mozilla/5.0 (Linux; Android 6.0.1; Nexus 5X Build/MMB29P) AppleWebKit/537.36 (KHTML, like Gecko) Chrome/137.0.7151.103 Mobile Safari/537.36 (compatible; Googlebot/2.1; +http://www.google.com/bot.html)"
66.249.65.35 - - [13/Jul/2025:15:52:21 +0000] "POST /get-message-notify HTTP/1.1" 200 21867 "https://kraft-court.cafe/?x=119406943051800&mod=97108695&uri=dp.php%3Fid%3D3984976-335%26name%3Dtorchlight+nintendo+switch" "Mozilla/5.0 (Linux; Android 6.0.1; Nexus 5X Build/MMB29P) AppleWebKit/537.36 (KHTML, like Gecko) Chrome/137.0.7151.119 Mobile Safari/537.36 (compatible; Googlebot/2.1; +http://www.google.com/bot.html)"
66.249.65.35 - - [13/Jul/2025:15:52:21 +0000] "GET /?x=98601929041800&mod=97108695&uri=goods.php%3Fid%3D3290600-335%26name%3Dpsi+for+impact+wrench HTTP/1.1" 200 22563 "-" "Mozilla/5.0 (Linux; Android 6.0.1; Nexus 5X Build/MMB29P) AppleWebKit/537.36 (KHTML, like Gecko) Chrome/137.0.7151.103 Mobile Safari/537.36 (compatible; Googlebot/2.1; +http://www.google.com/bot.html)"
66.249.65.35 - - [13/Jul/2025:15:52:22 +0000] "GET /?x=79054272061800&mod=97108695&uri=us.php%3Fid%3D2638142-335%26name%3Dtop+10+gba HTTP/1.1" 200 21547 "-" "Mozilla/5.0 (Linux; Android 6.0.1; Nexus 5X Build/MMB29P) AppleWebKit/537.36 (KHTML, like Gecko) Chrome/137.0.7151.103 Mobile Safari/537.36 (compatible; Googlebot/2.1; +http://www.google.com/bot.html)"
66.249.65.35 - - [13/Jul/2025:15:52:28 +0000] "GET /?x=111291133111800&mod=790ed1be&uri=search.php%3Fid%3D3714153-1442%26name%3Dorologi+subacquei+vintage HTTP/1.1" 200 20978 "-" "Mozilla/5.0 (Linux; Android 6.0.1; Nexus 5X Build/MMB29P) AppleWebKit/537.36 (KHTML, like Gecko) Chrome/137.0.7151.103 Mobile Safari/537.36 (compatible; Googlebot/2.1; +http://www.google.com/bot.html)"
66.249.65.35 - - [13/Jul/2025:15:52:33 +0000] "GET /?x=111132751031800&mod=a6db4ed0&uri=product.php%3Fid%3D3708850-287%26name%3Dsmallrig+2663 HTTP/1.1" 200 22271 "-" "Mozilla/5.0 (Linux; Android 6.0.1; Nexus 5X Build/MMB29P) AppleWebKit/537.36 (KHTML, like Gecko) Chrome/137.0.7151.103 Mobile Safari/537.36 (compatible; Googlebot/2.1; +http://www.google.com/bot.html)"
66.249.65.35 - - [13/Jul/2025:15:52:36 +0000] "GET /?x=111143778021800&mod=a6db4ed0&uri=category-info.php%3Fid%3D3709218-287%26name%3Dfuji+x100v+case HTTP/1.1" 200 21700 "-" "Mozilla/5.0 (Linux; Android 6.0.1; Nexus 5X Build/MMB29P) AppleWebKit/537.36 (KHTML, like Gecko) Chrome/137.0.7151.103 Mobile Safari/537.36 (compatible; Googlebot/2.1; +http://www.google.com/bot.html)"
