66.249.65.35 - - [13/Jul/2025:13:28:07 +0000] "POST /get-message-notify HTTP/1.1" 200 21881 "https://kraft-court.cafe/?x=5930171131800&mod=4500e403&uri=dp.php%3Fid%3D198031-342%26name%3Dchad+valley+friends+deluxe+bouncer" "Mozilla/5.0 (Linux; Android 6.0.1; Nexus 5X Build/MMB29P) AppleWebKit/537.36 (KHTML, like Gecko) Chrome/137.0.7151.119 Mobile Safari/537.36 (compatible; Googlebot/2.1; +http://www.google.com/bot.html)"
66.249.65.35 - - [13/Jul/2025:13:28:12 +0000] "GET /?x=113665263001800&mod=165a59f7&uri=search.php%3Fid%3D3793418-336%26name%3Dshopping+bag+di+carta HTTP/1.1" 200 22411 "-" "Mozilla/5.0 (Linux; Android 6.0.1; Nexus 5X Build/MMB29P) AppleWebKit/537.36 (KHTML, like Gecko) Chrome/137.0.7151.103 Mobile Safari/537.36 (compatible; Googlebot/2.1; +http://www.google.com/bot.html)"
66.249.65.35 - - [13/Jul/2025:13:28:15 +0000] "GET /?x=113665893071800&mod=165a59f7&uri=products.php%3Fid%3D3793439-336%26name%3Dportacarte+prima+classe+uomo HTTP/1.1" 200 22055 "-" "Mozilla/5.0 (Linux; Android 6.0.1; Nexus 5X Build/MMB29P) AppleWebKit/537.36 (KHTML, like Gecko) Chrome/137.0.7151.103 Mobile Safari/537.36 (compatible; Googlebot/2.1; +http://www.google.com/bot.html)"
66.249.65.35 - - [13/Jul/2025:13:28:18 +0000] "GET /?x=5927771031800&mod=4500e403&uri=news.php%3Fid%3D197951-342%26name%3Dcomfort+baby+bouncer HTTP/1.1" 200 21042 "-" "Mozilla/5.0 (Linux; Android 6.0.1; Nexus 5X Build/MMB29P) AppleWebKit/537.36 (KHTML, like Gecko) Chrome/137.0.7151.103 Mobile Safari/537.36 (compatible; Googlebot/2.1; +http://www.google.com/bot.html)"
66.249.65.35 - - [13/Jul/2025:13:28:22 +0000] "GET /?x=107836941091800&mod=1770ae9e&uri=shop.php%3Fid%3D3598875-489%26name%3Dtongs+adidas+pour+femme HTTP/1.1" 200 20787 "-" "Mozilla/5.0 (Linux; Android 6.0.1; Nexus 5X Build/MMB29P) AppleWebKit/537.36 (KHTML, like Gecko) Chrome/137.0.7151.103 Mobile Safari/537.36 (compatible; Googlebot/2.1; +http://www.google.com/bot.html)"
66.249.65.35 - - [13/Jul/2025:13:28:22 +0000] "GET /?x=5937851141800&mod=c5bbd980&uri=article.php%3Fid%3D198287-344%26name%3Dadidas+running+pants+mens HTTP/1.1" 200 21735 "-" "Mozilla/5.0 (Linux; Android 6.0.1; Nexus 5X Build/MMB29P) AppleWebKit/537.36 (KHTML, like Gecko) Chrome/137.0.7151.103 Mobile Safari/537.36 (compatible; Googlebot/2.1; +http://www.google.com/bot.html)"
66.249.65.35 - - [13/Jul/2025:13:28:32 +0000] "GET /?x=5943371031800&mod=c5bbd980&uri=goods.php%3Fid%3D198471-344%26name%3Dladies+ronhill+running+shorts HTTP/1.1" 200 22068 "-" "Mozilla/5.0 (Linux; Android 6.0.1; Nexus 5X Build/MMB29P) AppleWebKit/537.36 (KHTML, like Gecko) Chrome/137.0.7151.103 Mobile Safari/537.36 (compatible; Googlebot/2.1; +http://www.google.com/bot.html)"
66.249.65.35 - - [13/Jul/2025:13:28:32 +0000] "GET /?x=40632160061800&mod=333cb763&uri=category-info.php%3Fid%3D1356074-334%26name%3Dsamsung+s5+active+case HTTP/1.1" 200 22366 "-" "Mozilla/5.0 (Linux; Android 6.0.1; Nexus 5X Build/MMB29P) AppleWebKit/537.36 (KHTML, like Gecko) Chrome/137.0.7151.103 Mobile Safari/537.36 (compatible; Googlebot/2.1; +http://www.google.com/bot.html)"
66.249.65.35 - - [13/Jul/2025:13:28:32 +0000] "GET /?x=6837091011800&mod=f26df67e&uri=products.php%3Fid%3D228341-383%26name%3Dsalvatore+ferragamo+maxi+dress HTTP/1.1" 200 20781 "-" "Mozilla/5.0 (Linux; Android 6.0.1; Nexus 5X Build/MMB29P) AppleWebKit/537.36 (KHTML, like Gecko) Chrome/137.0.7151.103 Mobile Safari/537.36 (compatible; Googlebot/2.1; +http://www.google.com/bot.html)"
66.249.65.35 - - [13/Jul/2025:13:28:32 +0000] "GET /?x=5686680011800&mod=2de7cf20&uri=shared.php%3Fid%3D189877-333%26name%3Dkay+jewelers+knot+necklace HTTP/1.1" 200 21784 "-" "Mozilla/5.0 (Linux; Android 6.0.1; Nexus 5X Build/MMB29P) AppleWebKit/537.36 (KHTML, like Gecko) Chrome/137.0.7151.103 Mobile Safari/537.36 (compatible; Googlebot/2.1; +http://www.google.com/bot.html)"
66.249.65.35 - - [13/Jul/2025:13:28:34 +0000] "GET /?x=5945291071800&mod=c5bbd980&uri=goods.php%3Fid%3D198535-344%26name%3Dnike+tempo+running+shorts HTTP/1.1" 200 21439 "-" "Mozilla/5.0 (Linux; Android 6.0.1; Nexus 5X Build/MMB29P) AppleWebKit/537.36 (KHTML, like Gecko) Chrome/137.0.7151.103 Mobile Safari/537.36 (compatible; Googlebot/2.1; +http://www.google.com/bot.html)"
66.249.65.35 - - [13/Jul/2025:13:28:35 +0000] "POST /get-message-notify HTTP/1.1" 200 21875 "https://kraft-court.cafe/?x=6837091011800&mod=f26df67e&uri=products.php%3Fid%3D228341-383%26name%3Dsalvatore+ferragamo+maxi+dress" "Mozilla/5.0 (Linux; Android 6.0.1; Nexus 5X Build/MMB29P) AppleWebKit/537.36 (KHTML, like Gecko) Chrome/137.0.7151.119 Mobile Safari/537.36 (compatible; Googlebot/2.1; +http://www.google.com/bot.html)"
66.249.65.35 - - [13/Jul/2025:13:28:38 +0000] "GET /?x=5945531001800&mod=c5bbd980&uri=info.php%3Fid%3D198543-344%26name%3Dpakistani+shoes+stylo HTTP/1.1" 200 21591 "-" "Mozilla/5.0 (Linux; Android 6.0.1; Nexus 5X Build/MMB29P) AppleWebKit/537.36 (KHTML, like Gecko) Chrome/137.0.7151.103 Mobile Safari/537.36 (compatible; Googlebot/2.1; +http://www.google.com/bot.html)"
66.249.65.36 - - [13/Jul/2025:13:28:39 +0000] "POST /get-message-notify HTTP/1.1" 200 21866 "https://kraft-court.cafe/?x=5943371031800&mod=c5bbd980&uri=goods.php%3Fid%3D198471-344%26name%3Dladies+ronhill+running+shorts" "Mozilla/5.0 (Linux; Android 6.0.1; Nexus 5X Build/MMB29P) AppleWebKit/537.36 (KHTML, like Gecko) Chrome/137.0.7151.119 Mobile Safari/537.36 (compatible; Googlebot/2.1; +http://www.google.com/bot.html)"
66.249.65.36 - - [13/Jul/2025:13:28:41 +0000] "GET /?x=5940731051800&mod=c5bbd980&uri=products.php%3Fid%3D198383-344%26name%3Dshoes+on+shop11 HTTP/1.1" 200 21457 "-" "Mozilla/5.0 (Linux; Android 6.0.1; Nexus 5X Build/MMB29P) AppleWebKit/537.36 (KHTML, like Gecko) Chrome/137.0.7151.103 Mobile Safari/537.36 (compatible; Googlebot/2.1; +http://www.google.com/bot.html)"
66.249.65.35 - - [13/Jul/2025:13:28:45 +0000] "GET /?x=5940491121800&mod=c5bbd980&uri=product.php%3Fid%3D198375-344%26name%3Dsize+12+in+eu HTTP/1.1" 200 21456 "-" "Mozilla/5.0 (Linux; Android 6.0.1; Nexus 5X Build/MMB29P) AppleWebKit/537.36 (KHTML, like Gecko) Chrome/137.0.7151.103 Mobile Safari/537.36 (compatible; Googlebot/2.1; +http://www.google.com/bot.html)"
66.249.65.36 - - [13/Jul/2025:13:28:46 +0000] "POST /get-message-notify HTTP/1.1" 200 21864 "https://kraft-court.cafe/?x=5940731051800&mod=c5bbd980&uri=products.php%3Fid%3D198383-344%26name%3Dshoes+on+shop11" "Mozilla/5.0 (Linux; Android 6.0.1; Nexus 5X Build/MMB29P) AppleWebKit/537.36 (KHTML, like Gecko) Chrome/137.0.7151.119 Mobile Safari/537.36 (compatible; Googlebot/2.1; +http://www.google.com/bot.html)"
66.249.65.36 - - [13/Jul/2025:13:28:48 +0000] "GET /?x=5802608031800&mod=165a59f7&uri=dp.php%3Fid%3D193774-336%26name%3Dsconto+gabs HTTP/1.1" 200 21201 "-" "Mozilla/5.0 (Linux; Android 6.0.1; Nexus 5X Build/MMB29P) AppleWebKit/537.36 (KHTML, like Gecko) Chrome/137.0.7151.103 Mobile Safari/537.36 (compatible; Googlebot/2.1; +http://www.google.com/bot.html)"
66.249.65.35 - - [13/Jul/2025:13:28:51 +0000] "POST /get-message-notify HTTP/1.1" 200 21856 "https://kraft-court.cafe/?x=5802608031800&mod=165a59f7&uri=dp.php%3Fid%3D193774-336%26name%3Dsconto+gabs" "Mozilla/5.0 (Linux; Android 6.0.1; Nexus 5X Build/MMB29P) AppleWebKit/537.36 (KHTML, like Gecko) Chrome/137.0.7151.119 Mobile Safari/537.36 (compatible; Googlebot/2.1; +http://www.google.com/bot.html)"
66.249.65.36 - - [13/Jul/2025:13:28:52 +0000] "GET /?x=5935691021800&mod=4500e403&uri=product.php%3Fid%3D198215-342%26name%3Dwalker+and+bouncer+combo HTTP/1.1" 200 22077 "-" "Mozilla/5.0 (Linux; Android 6.0.1; Nexus 5X Build/MMB29P) AppleWebKit/537.36 (KHTML, like Gecko) Chrome/137.0.7151.103 Mobile Safari/537.36 (compatible; Googlebot/2.1; +http://www.google.com/bot.html)"
66.249.65.36 - - [13/Jul/2025:13:28:58 +0000] "GET /?x=34825306031800&mod=91394d0f&uri=blog.php%3Fid%3D1162348-739%26name%3Dwill+smith+sunglasses HTTP/1.1" 200 21755 "-" "Mozilla/5.0 (Linux; Android 6.0.1; Nexus 5X Build/MMB29P) AppleWebKit/537.36 (KHTML, like Gecko) Chrome/137.0.7151.103 Mobile Safari/537.36 (compatible; Googlebot/2.1; +http://www.google.com/bot.html)"
66.249.65.35 - - [13/Jul/2025:13:28:58 +0000] "GET /?x=113665173051800&mod=165a59f7&uri=news.php%3Fid%3D3793415-336%26name%3Dguccisito+ufficiale HTTP/1.1" 200 22254 "-" "Mozilla/5.0 (Linux; Android 6.0.1; Nexus 5X Build/MMB29P) AppleWebKit/537.36 (KHTML, like Gecko) Chrome/137.0.7151.103 Mobile Safari/537.36 (compatible; Googlebot/2.1; +http://www.google.com/bot.html)"
66.249.65.36 - - [13/Jul/2025:13:28:59 +0000] "GET /?x=5663061051800&mod=dc6a7e65&uri=us.php%3Fid%3D189089-308%26name%3Dsupreme+looney+tunes+hoodie HTTP/1.1" 200 21829 "-" "Mozilla/5.0 (Linux; Android 6.0.1; Nexus 5X Build/MMB29P) AppleWebKit/537.36 (KHTML, like Gecko) Chrome/137.0.7151.103 Mobile Safari/537.36 (compatible; Googlebot/2.1; +http://www.google.com/bot.html)"
66.249.65.35 - - [13/Jul/2025:13:29:01 +0000] "POST /get-message-notify HTTP/1.1" 200 21865 "https://kraft-court.cafe/?x=113665893071800&mod=165a59f7&uri=products.php%3Fid%3D3793439-336%26name%3Dportacarte+prima+classe+uomo" "Mozilla/5.0 (Linux; Android 6.0.1; Nexus 5X Build/MMB29P) AppleWebKit/537.36 (KHTML, like Gecko) Chrome/137.0.7151.119 Mobile Safari/537.36 (compatible; Googlebot/2.1; +http://www.google.com/bot.html)"
66.249.65.35 - - [13/Jul/2025:13:29:02 +0000] "GET /?x=5942171031800&mod=c5bbd980&uri=blog.php%3Fid%3D198431-344%26name%3Dopen+shoes HTTP/1.1" 200 21412 "-" "Mozilla/5.0 (Linux; Android 6.0.1; Nexus 5X Build/MMB29P) AppleWebKit/537.36 (KHTML, like Gecko) Chrome/137.0.7151.103 Mobile Safari/537.36 (compatible; Googlebot/2.1; +http://www.google.com/bot.html)"
66.249.65.35 - - [13/Jul/2025:13:29:05 +0000] "GET /?x=113665053031800&mod=165a59f7&uri=info.php%3Fid%3D3793411-336%26name%3Dzaino+laptop+samsonite HTTP/1.1" 200 22293 "-" "Mozilla/5.0 (Linux; Android 6.0.1; Nexus 5X Build/MMB29P) AppleWebKit/537.36 (KHTML, like Gecko) Chrome/137.0.7151.103 Mobile Safari/537.36 (compatible; Googlebot/2.1; +http://www.google.com/bot.html)"
66.249.65.35 - - [13/Jul/2025:13:29:06 +0000] "POST /get-message-notify HTTP/1.1" 200 21862 "https://kraft-court.cafe/?x=5942171031800&mod=c5bbd980&uri=blog.php%3Fid%3D198431-344%26name%3Dopen+shoes" "Mozilla/5.0 (Linux; Android 6.0.1; Nexus 5X Build/MMB29P) AppleWebKit/537.36 (KHTML, like Gecko) Chrome/137.0.7151.119 Mobile Safari/537.36 (compatible; Googlebot/2.1; +http://www.google.com/bot.html)"
66.249.65.35 - - [13/Jul/2025:13:29:09 +0000] "GET /?x=5937611071800&mod=c5bbd980&uri=products.php%3Fid%3D198279-344%26name%3Dwomens+to+men%27s+shoe+size HTTP/1.1" 200 21784 "-" "Mozilla/5.0 (Linux; Android 6.0.1; Nexus 5X Build/MMB29P) AppleWebKit/537.36 (KHTML, like Gecko) Chrome/137.0.7151.103 Mobile Safari/537.36 (compatible; Googlebot/2.1; +http://www.google.com/bot.html)"
66.249.65.35 - - [13/Jul/2025:13:29:12 +0000] "GET /?x=113665683001800&mod=165a59f7&uri=shop.php%3Fid%3D3793432-336%26name%3Dborse+o+bag+a+tracolla HTTP/1.1" 200 22298 "-" "Mozilla/5.0 (Linux; Android 6.0.1; Nexus 5X Build/MMB29P) AppleWebKit/537.36 (KHTML, like Gecko) Chrome/137.0.7151.103 Mobile Safari/537.36 (compatible; Googlebot/2.1; +http://www.google.com/bot.html)"
66.249.65.35 - - [13/Jul/2025:13:29:18 +0000] "GET /?x=111260905121800&mod=f08b7ac8&uri=info.php%3Fid%3D3713145-463%26name%3Dnvidia+geforce+gtx+560+vs+intel+hd+620 HTTP/1.1" 200 21913 "-" "Mozilla/5.0 (Linux; Android 6.0.1; Nexus 5X Build/MMB29P) AppleWebKit/537.36 (KHTML, like Gecko) Chrome/137.0.7151.103 Mobile Safari/537.36 (compatible; Googlebot/2.1; +http://www.google.com/bot.html)"
66.249.65.35 - - [13/Jul/2025:13:29:21 +0000] "GET /?x=111251905121800&mod=f08b7ac8&uri=news.php%3Fid%3D3712845-463%26name%3Dmini+displayport+adapter+oculus HTTP/1.1" 200 21329 "-" "Mozilla/5.0 (Linux; Android 6.0.1; Nexus 5X Build/MMB29P) AppleWebKit/537.36 (KHTML, like Gecko) Chrome/137.0.7151.103 Mobile Safari/537.36 (compatible; Googlebot/2.1; +http://www.google.com/bot.html)"
66.249.65.35 - - [13/Jul/2025:13:29:26 +0000] "GET /?x=111208266001800&mod=6e616e79&uri=goods.php%3Fid%3D3711388-492%26name%3Dap+bumblebee+review HTTP/1.1" 200 21913 "-" "Mozilla/5.0 (Linux; Android 6.0.1; Nexus 5X Build/MMB29P) AppleWebKit/537.36 (KHTML, like Gecko) Chrome/137.0.7151.103 Mobile Safari/537.36 (compatible; Googlebot/2.1; +http://www.google.com/bot.html)"
66.249.65.35 - - [13/Jul/2025:13:29:31 +0000] "GET /?x=111252265091800&mod=f08b7ac8&uri=products.php%3Fid%3D3712857-463%26name%3Dbest+graphics+nintendo+switch HTTP/1.1" 200 21920 "-" "Mozilla/5.0 (Linux; Android 6.0.1; Nexus 5X Build/MMB29P) AppleWebKit/537.36 (KHTML, like Gecko) Chrome/137.0.7151.103 Mobile Safari/537.36 (compatible; Googlebot/2.1; +http://www.google.com/bot.html)"
66.249.65.35 - - [13/Jul/2025:13:29:35 +0000] "GET /?x=111260635001800&mod=f08b7ac8&uri=article.php%3Fid%3D3713136-463%26name%3Dlenovo+thinkcentre+m92p+graphics+card HTTP/1.1" 200 22281 "-" "Mozilla/5.0 (Linux; Android 6.0.1; Nexus 5X Build/MMB29P) AppleWebKit/537.36 (KHTML, like Gecko) Chrome/137.0.7151.103 Mobile Safari/537.36 (compatible; Googlebot/2.1; +http://www.google.com/bot.html)"
66.249.65.35 - - [13/Jul/2025:13:29:36 +0000] "GET /?x=47695238031800&mod=293c3b96&uri=form.php%3Fid%3D1591699-1112%26name%3Droshe+runs+camo HTTP/1.1" 200 21098 "-" "Mozilla/5.0 (Linux; Android 6.0.1; Nexus 5X Build/MMB29P) AppleWebKit/537.36 (KHTML, like Gecko) Chrome/137.0.7151.103 Mobile Safari/537.36 (compatible; Googlebot/2.1; +http://www.google.com/bot.html)"
66.249.65.35 - - [13/Jul/2025:13:29:37 +0000] "GET /?x=5635957011800&mod=55d99a37&uri=form.php%3Fid%3D188181-315%26name%3Duhr+grosse+zahlen HTTP/1.1" 200 21924 "-" "Mozilla/5.0 (Linux; Android 6.0.1; Nexus 5X Build/MMB29P) AppleWebKit/537.36 (KHTML, like Gecko) Chrome/137.0.7151.103 Mobile Safari/537.36 (compatible; Googlebot/2.1; +http://www.google.com/bot.html)"
66.249.65.35 - - [13/Jul/2025:13:29:37 +0000] "GET /?x=111252085031800&mod=f08b7ac8&uri=us.php%3Fid%3D3712851-463%26name%3Dhd+530+vs+hd+4000 HTTP/1.1" 200 21426 "-" "Mozilla/5.0 (Linux; Android 6.0.1; Nexus 5X Build/MMB29P) AppleWebKit/537.36 (KHTML, like Gecko) Chrome/137.0.7151.103 Mobile Safari/537.36 (compatible; Googlebot/2.1; +http://www.google.com/bot.html)"
66.249.65.35 - - [13/Jul/2025:13:29:38 +0000] "POST /get-message-notify HTTP/1.1" 200 21857 "https://kraft-court.cafe/?x=40632160061800&mod=333cb763&uri=category-info.php%3Fid%3D1356074-334%26name%3Dsamsung+s5+active+case" "Mozilla/5.0 (Linux; Android 6.0.1; Nexus 5X Build/MMB29P) AppleWebKit/537.36 (KHTML, like Gecko) Chrome/137.0.7151.119 Mobile Safari/537.36 (compatible; Googlebot/2.1; +http://www.google.com/bot.html)"
66.249.65.35 - - [13/Jul/2025:13:29:41 +0000] "GET /?x=111254245031800&mod=f08b7ac8&uri=category-info.php%3Fid%3D3712923-463%26name%3Dnvidia+crypto+chip HTTP/1.1" 200 22034 "-" "Mozilla/5.0 (Linux; Android 6.0.1; Nexus 5X Build/MMB29P) AppleWebKit/537.36 (KHTML, like Gecko) Chrome/137.0.7151.103 Mobile Safari/537.36 (compatible; Googlebot/2.1; +http://www.google.com/bot.html)"
66.249.65.36 - - [13/Jul/2025:13:29:43 +0000] "POST /get-message-notify HTTP/1.1" 200 21864 "https://kraft-court.cafe/?x=111252085031800&mod=f08b7ac8&uri=us.php%3Fid%3D3712851-463%26name%3Dhd+530+vs+hd+4000" "Mozilla/5.0 (Linux; Android 6.0.1; Nexus 5X Build/MMB29P) AppleWebKit/537.36 (KHTML, like Gecko) Chrome/137.0.7151.119 Mobile Safari/537.36 (compatible; Googlebot/2.1; +http://www.google.com/bot.html)"
66.249.65.36 - - [13/Jul/2025:13:29:45 +0000] "GET /?x=111260275061800&mod=f08b7ac8&uri=category-info.php%3Fid%3D3713124-463%26name%3Dhow+to+set+my+amd+graphics+card+as+default HTTP/1.1" 200 21858 "-" "Mozilla/5.0 (Linux; Android 6.0.1; Nexus 5X Build/MMB29P) AppleWebKit/537.36 (KHTML, like Gecko) Chrome/137.0.7151.103 Mobile Safari/537.36 (compatible; Googlebot/2.1; +http://www.google.com/bot.html)"
66.249.65.36 - - [13/Jul/2025:13:29:50 +0000] "GET /?x=111254875001800&mod=f08b7ac8&uri=brands.php%3Fid%3D3712944-463%26name%3Dgtx+980+amd+equivalent HTTP/1.1" 200 21923 "-" "Mozilla/5.0 (Linux; Android 6.0.1; Nexus 5X Build/MMB29P) AppleWebKit/537.36 (KHTML, like Gecko) Chrome/137.0.7151.103 Mobile Safari/537.36 (compatible; Googlebot/2.1; +http://www.google.com/bot.html)"
66.249.65.35 - - [13/Jul/2025:13:29:53 +0000] "POST /get-message-notify HTTP/1.1" 200 21876 "https://kraft-court.cafe/?x=47695238031800&mod=293c3b96&uri=form.php%3Fid%3D1591699-1112%26name%3Droshe+runs+camo" "Mozilla/5.0 (Linux; Android 6.0.1; Nexus 5X Build/MMB29P) AppleWebKit/537.36 (KHTML, like Gecko) Chrome/137.0.7151.119 Mobile Safari/537.36 (compatible; Googlebot/2.1; +http://www.google.com/bot.html)"
66.249.65.35 - - [13/Jul/2025:13:29:56 +0000] "GET /?x=111260095001800&mod=f08b7ac8&uri=itm.php%3Fid%3D3713118-463%26name%3Dadapter+displayport+vga HTTP/1.1" 200 22449 "-" "Mozilla/5.0 (Linux; Android 6.0.1; Nexus 5X Build/MMB29P) AppleWebKit/537.36 (KHTML, like Gecko) Chrome/137.0.7151.103 Mobile Safari/537.36 (compatible; Googlebot/2.1; +http://www.google.com/bot.html)"
66.249.65.35 - - [13/Jul/2025:13:30:00 +0000] "GET /?x=111260365091800&mod=f08b7ac8&uri=article.php%3Fid%3D3713127-463%26name%3Dmac+displayport+to+hdmi HTTP/1.1" 200 21863 "-" "Mozilla/5.0 (Linux; Android 6.0.1; Nexus 5X Build/MMB29P) AppleWebKit/537.36 (KHTML, like Gecko) Chrome/137.0.7151.103 Mobile Safari/537.36 (compatible; Googlebot/2.1; +http://www.google.com/bot.html)"
66.249.65.35 - - [13/Jul/2025:13:30:03 +0000] "POST /get-message-notify HTTP/1.1" 200 21870 "https://kraft-court.cafe/?x=111260365091800&mod=f08b7ac8&uri=article.php%3Fid%3D3713127-463%26name%3Dmac+displayport+to+hdmi" "Mozilla/5.0 (Linux; Android 6.0.1; Nexus 5X Build/MMB29P) AppleWebKit/537.36 (KHTML, like Gecko) Chrome/137.0.7151.119 Mobile Safari/537.36 (compatible; Googlebot/2.1; +http://www.google.com/bot.html)"
66.249.65.35 - - [13/Jul/2025:13:30:03 +0000] "GET /?x=111255145051800&mod=f08b7ac8&uri=shared.php%3Fid%3D3712953-463%26name%3Dsceptre+vesa+adapter HTTP/1.1" 200 22272 "-" "Mozilla/5.0 (Linux; Android 6.0.1; Nexus 5X Build/MMB29P) AppleWebKit/537.36 (KHTML, like Gecko) Chrome/137.0.7151.103 Mobile Safari/537.36 (compatible; Googlebot/2.1; +http://www.google.com/bot.html)"
66.249.65.35 - - [13/Jul/2025:13:30:07 +0000] "GET /?x=111252985011800&mod=f08b7ac8&uri=product.php%3Fid%3D3712881-463%26name%3Dcdp2dp HTTP/1.1" 200 21897 "-" "Mozilla/5.0 (Linux; Android 6.0.1; Nexus 5X Build/MMB29P) AppleWebKit/537.36 (KHTML, like Gecko) Chrome/137.0.7151.103 Mobile Safari/537.36 (compatible; Googlebot/2.1; +http://www.google.com/bot.html)"
66.249.65.35 - - [13/Jul/2025:13:30:12 +0000] "POST /get-message-notify HTTP/1.1" 200 21854 "https://kraft-court.cafe/?x=111260095001800&mod=f08b7ac8&uri=itm.php%3Fid%3D3713118-463%26name%3Dadapter+displayport+vga" "Mozilla/5.0 (Linux; Android 6.0.1; Nexus 5X Build/MMB29P) AppleWebKit/537.36 (KHTML, like Gecko) Chrome/137.0.7151.119 Mobile Safari/537.36 (compatible; Googlebot/2.1; +http://www.google.com/bot.html)"
66.249.65.35 - - [13/Jul/2025:13:30:13 +0000] "GET /?x=111252805121800&mod=28d43766&uri=pin.php%3Fid%3D3712875-376%26name%3D10+things+i+hate+about+you+film+streaming HTTP/1.1" 200 21088 "-" "Mozilla/5.0 (Linux; Android 6.0.1; Nexus 5X Build/MMB29P) AppleWebKit/537.36 (KHTML, like Gecko) Chrome/137.0.7151.103 Mobile Safari/537.36 (compatible; Googlebot/2.1; +http://www.google.com/bot.html)"
66.249.65.35 - - [13/Jul/2025:13:30:16 +0000] "POST /get-message-notify HTTP/1.1" 200 21852 "https://kraft-court.cafe/?x=111252805121800&mod=28d43766&uri=pin.php%3Fid%3D3712875-376%26name%3D10+things+i+hate+about+you+film+streaming" "Mozilla/5.0 (Linux; Android 6.0.1; Nexus 5X Build/MMB29P) AppleWebKit/537.36 (KHTML, like Gecko) Chrome/137.0.7151.119 Mobile Safari/537.36 (compatible; Googlebot/2.1; +http://www.google.com/bot.html)"
66.249.65.35 - - [13/Jul/2025:13:30:17 +0000] "GET /?x=111254425011800&mod=f08b7ac8&uri=dp.php%3Fid%3D3712929-463%26name%3Dvesa+adapter+msi+optix HTTP/1.1" 200 21841 "-" "Mozilla/5.0 (Linux; Android 6.0.1; Nexus 5X Build/MMB29P) AppleWebKit/537.36 (KHTML, like Gecko) Chrome/137.0.7151.103 Mobile Safari/537.36 (compatible; Googlebot/2.1; +http://www.google.com/bot.html)"
66.249.65.35 - - [13/Jul/2025:13:30:20 +0000] "GET /?x=111254785031800&mod=f08b7ac8&uri=brands.php%3Fid%3D3712941-463%26name%3Devga+1080+ftw+dimensions HTTP/1.1" 200 21767 "-" "Mozilla/5.0 (Linux; Android 6.0.1; Nexus 5X Build/MMB29P) AppleWebKit/537.36 (KHTML, like Gecko) Chrome/137.0.7151.103 Mobile Safari/537.36 (compatible; Googlebot/2.1; +http://www.google.com/bot.html)"
66.249.65.35 - - [13/Jul/2025:13:30:23 +0000] "GET /?x=111261985031800&mod=f08b7ac8&uri=blog.php%3Fid%3D3713181-463%26name%3Dmini+displayport+4k+144hz HTTP/1.1" 200 22068 "-" "Mozilla/5.0 (Linux; Android 6.0.1; Nexus 5X Build/MMB29P) AppleWebKit/537.36 (KHTML, like Gecko) Chrome/137.0.7151.103 Mobile Safari/537.36 (compatible; Googlebot/2.1; +http://www.google.com/bot.html)"
66.249.65.35 - - [13/Jul/2025:13:30:26 +0000] "POST /get-message-notify HTTP/1.1" 200 21874 "https://kraft-court.cafe/?x=111254785031800&mod=f08b7ac8&uri=brands.php%3Fid%3D3712941-463%26name%3Devga+1080+ftw+dimensions" "Mozilla/5.0 (Linux; Android 6.0.1; Nexus 5X Build/MMB29P) AppleWebKit/537.36 (KHTML, like Gecko) Chrome/137.0.7151.119 Mobile Safari/537.36 (compatible; Googlebot/2.1; +http://www.google.com/bot.html)"
66.249.65.35 - - [13/Jul/2025:13:30:28 +0000] "POST /get-message-notify HTTP/1.1" 200 21861 "https://kraft-court.cafe/?x=111254425011800&mod=f08b7ac8&uri=dp.php%3Fid%3D3712929-463%26name%3Dvesa+adapter+msi+optix" "Mozilla/5.0 (Linux; Android 6.0.1; Nexus 5X Build/MMB29P) AppleWebKit/537.36 (KHTML, like Gecko) Chrome/137.0.7151.119 Mobile Safari/537.36 (compatible; Googlebot/2.1; +http://www.google.com/bot.html)"
66.249.65.35 - - [13/Jul/2025:13:30:30 +0000] "GET /?x=111320951051800&mod=895daa40&uri=brands.php%3Fid%3D3715149-363%26name%3Drupa+bracelet+gents HTTP/1.1" 200 21850 "-" "Mozilla/5.0 (Linux; Android 6.0.1; Nexus 5X Build/MMB29P) AppleWebKit/537.36 (KHTML, like Gecko) Chrome/137.0.7151.103 Mobile Safari/537.36 (compatible; Googlebot/2.1; +http://www.google.com/bot.html)"
66.249.65.35 - - [13/Jul/2025:13:30:30 +0000] "GET /?x=5717649051800&mod=333cb763&uri=shop.php%3Fid%3D190923-334%26name%3Dzee5+bhabhi HTTP/1.1" 200 22598 "-" "Mozilla/5.0 (Linux; Android 6.0.1; Nexus 5X Build/MMB29P) AppleWebKit/537.36 (KHTML, like Gecko) Chrome/137.0.7151.103 Mobile Safari/537.36 (compatible; Googlebot/2.1; +http://www.google.com/bot.html)"
66.249.65.35 - - [13/Jul/2025:13:30:32 +0000] "GET /?x=111253435001800&mod=f08b7ac8&uri=dp.php%3Fid%3D3712896-463%26name%3Dbest+android+graphics+games+2020 HTTP/1.1" 200 22032 "-" "Mozilla/5.0 (Linux; Android 6.0.1; Nexus 5X Build/MMB29P) AppleWebKit/537.36 (KHTML, like Gecko) Chrome/137.0.7151.103 Mobile Safari/537.36 (compatible; Googlebot/2.1; +http://www.google.com/bot.html)"
66.249.65.35 - - [13/Jul/2025:13:30:38 +0000] "POST /get-message-notify HTTP/1.1" 200 21879 "https://kraft-court.cafe/?x=34825306031800&mod=91394d0f&uri=blog.php%3Fid%3D1162348-739%26name%3Dwill+smith+sunglasses" "Mozilla/5.0 (Linux; Android 6.0.1; Nexus 5X Build/MMB29P) AppleWebKit/537.36 (KHTML, like Gecko) Chrome/137.0.7151.119 Mobile Safari/537.36 (compatible; Googlebot/2.1; +http://www.google.com/bot.html)"
66.249.65.36 - - [13/Jul/2025:13:30:39 +0000] "GET /?x=111253345001800&mod=f08b7ac8&uri=brands.php%3Fid%3D3712893-463%26name%3Dnew+high+graphics+games+for+android HTTP/1.1" 200 21692 "-" "Mozilla/5.0 (Linux; Android 6.0.1; Nexus 5X Build/MMB29P) AppleWebKit/537.36 (KHTML, like Gecko) Chrome/137.0.7151.103 Mobile Safari/537.36 (compatible; Googlebot/2.1; +http://www.google.com/bot.html)"
66.249.65.36 - - [13/Jul/2025:13:30:41 +0000] "GET /?x=69076502001800&mod=6e616e79&uri=us.php%3Fid%3D2305152-492%26name%3Dyaara+teri+yaari+umar+saari+saath+hai HTTP/1.1" 200 22169 "-" "Mozilla/5.0 (Linux; Android 6.0.1; Nexus 5X Build/MMB29P) AppleWebKit/537.36 (KHTML, like Gecko) Chrome/137.0.7151.103 Mobile Safari/537.36 (compatible; Googlebot/2.1; +http://www.google.com/bot.html)"
66.249.65.36 - - [13/Jul/2025:13:30:45 +0000] "GET /?x=111255415041800&mod=f08b7ac8&uri=article.php%3Fid%3D3712962-463%26name%3Dnvidia+neuromorphic+chip HTTP/1.1" 200 22653 "-" "Mozilla/5.0 (Linux; Android 6.0.1; Nexus 5X Build/MMB29P) AppleWebKit/537.36 (KHTML, like Gecko) Chrome/137.0.7151.103 Mobile Safari/537.36 (compatible; Googlebot/2.1; +http://www.google.com/bot.html)"
66.249.65.36 - - [13/Jul/2025:13:30:52 +0000] "POST /get-message-notify HTTP/1.1" 200 21861 "https://kraft-court.cafe/?x=69076502001800&mod=6e616e79&uri=us.php%3Fid%3D2305152-492%26name%3Dyaara+teri+yaari+umar+saari+saath+hai" "Mozilla/5.0 (Linux; Android 6.0.1; Nexus 5X Build/MMB29P) AppleWebKit/537.36 (KHTML, like Gecko) Chrome/137.0.7151.119 Mobile Safari/537.36 (compatible; Googlebot/2.1; +http://www.google.com/bot.html)"
66.249.65.36 - - [13/Jul/2025:13:30:55 +0000] "GET /?x=111260995001800&mod=f08b7ac8&uri=brands.php%3Fid%3D3713148-463%26name%3Dgtx+1050+chip HTTP/1.1" 200 22152 "-" "Mozilla/5.0 (Linux; Android 6.0.1; Nexus 5X Build/MMB29P) AppleWebKit/537.36 (KHTML, like Gecko) Chrome/137.0.7151.103 Mobile Safari/537.36 (compatible; Googlebot/2.1; +http://www.google.com/bot.html)"
66.249.65.36 - - [13/Jul/2025:13:30:59 +0000] "GET /?x=18040042001800&mod=6e616e79&uri=news.php%3Fid%3D602214-492%26name%3Dhow+apple+watch+calculate+calories HTTP/1.1" 200 21936 "-" "Mozilla/5.0 (Linux; Android 6.0.1; Nexus 5X Build/MMB29P) AppleWebKit/537.36 (KHTML, like Gecko) Chrome/137.0.7151.103 Mobile Safari/537.36 (compatible; Googlebot/2.1; +http://www.google.com/bot.html)"
66.249.65.35 - - [13/Jul/2025:13:31:02 +0000] "GET /?x=111252175011800&mod=f08b7ac8&uri=search.php%3Fid%3D3712854-463%26name%3Dnvidia+production HTTP/1.1" 200 22903 "-" "Mozilla/5.0 (Linux; Android 6.0.1; Nexus 5X Build/MMB29P) AppleWebKit/537.36 (KHTML, like Gecko) Chrome/137.0.7151.103 Mobile Safari/537.36 (compatible; Googlebot/2.1; +http://www.google.com/bot.html)"
66.249.65.37 - - [13/Jul/2025:13:31:05 +0000] "GET /?x=5928191021800&mod=4500e403&uri=pin.php%3Fid%3D197965-342%26name%3Dv+tech+sit+to+stand+learning+walker HTTP/1.1" 200 21693 "-" "Mozilla/5.0 (Linux; Android 6.0.1; Nexus 5X Build/MMB29P) AppleWebKit/537.36 (KHTML, like Gecko) Chrome/137.0.7151.103 Mobile Safari/537.36 (compatible; Googlebot/2.1; +http://www.google.com/bot.html)"
66.249.65.35 - - [13/Jul/2025:13:31:05 +0000] "GET /?x=111261895001800&mod=f08b7ac8&uri=search.php%3Fid%3D3713178-463%26name%3Damd+athlon+ii+laptop+processor HTTP/1.1" 200 22756 "-" "Mozilla/5.0 (Linux; Android 6.0.1; Nexus 5X Build/MMB29P) AppleWebKit/537.36 (KHTML, like Gecko) Chrome/137.0.7151.103 Mobile Safari/537.36 (compatible; Googlebot/2.1; +http://www.google.com/bot.html)"
66.249.65.35 - - [13/Jul/2025:13:31:09 +0000] "POST /get-message-notify HTTP/1.1" 200 21866 "https://kraft-court.cafe/?x=5717649051800&mod=333cb763&uri=shop.php%3Fid%3D190923-334%26name%3Dzee5+bhabhi" "Mozilla/5.0 (Linux; Android 6.0.1; Nexus 5X Build/MMB29P) AppleWebKit/537.36 (KHTML, like Gecko) Chrome/137.0.7151.119 Mobile Safari/537.36 (compatible; Googlebot/2.1; +http://www.google.com/bot.html)"
66.249.65.36 - - [13/Jul/2025:13:31:11 +0000] "GET /?x=111262255061800&mod=f08b7ac8&uri=shared.php%3Fid%3D3713190-463%26name%3Dgeforce+210+vs+gt+710 HTTP/1.1" 200 21814 "-" "Mozilla/5.0 (Linux; Android 6.0.1; Nexus 5X Build/MMB29P) AppleWebKit/537.36 (KHTML, like Gecko) Chrome/137.0.7151.103 Mobile Safari/537.36 (compatible; Googlebot/2.1; +http://www.google.com/bot.html)"
66.249.65.36 - - [13/Jul/2025:13:31:11 +0000] "POST /get-message-notify HTTP/1.1" 200 21864 "https://kraft-court.cafe/?x=111252175011800&mod=f08b7ac8&uri=search.php%3Fid%3D3712854-463%26name%3Dnvidia+production" "Mozilla/5.0 (Linux; Android 6.0.1; Nexus 5X Build/MMB29P) AppleWebKit/537.36 (KHTML, like Gecko) Chrome/137.0.7151.119 Mobile Safari/537.36 (compatible; Googlebot/2.1; +http://www.google.com/bot.html)"
66.249.65.36 - - [13/Jul/2025:13:31:13 +0000] "GET /?x=95771379021800&mod=6e616e79&uri=itm.php%3Fid%3D3196112-492%26name%3Darmani+art5023 HTTP/1.1" 200 22417 "-" "Mozilla/5.0 (Linux; Android 6.0.1; Nexus 5X Build/MMB29P) AppleWebKit/537.36 (KHTML, like Gecko) Chrome/137.0.7151.103 Mobile Safari/537.36 (compatible; Googlebot/2.1; +http://www.google.com/bot.html)"
66.249.65.35 - - [13/Jul/2025:13:31:16 +0000] "POST /get-message-notify HTTP/1.1" 200 21871 "https://kraft-court.cafe/?x=5928191021800&mod=4500e403&uri=pin.php%3Fid%3D197965-342%26name%3Dv+tech+sit+to+stand+learning+walker" "Mozilla/5.0 (Linux; Android 6.0.1; Nexus 5X Build/MMB29P) AppleWebKit/537.36 (KHTML, like Gecko) Chrome/137.0.7151.119 Mobile Safari/537.36 (compatible; Googlebot/2.1; +http://www.google.com/bot.html)"
66.249.65.35 - - [13/Jul/2025:13:31:17 +0000] "GET /?x=111253255021800&mod=f08b7ac8&uri=category-info.php%3Fid%3D3712890-463%26name%3Dgpu+mining+website HTTP/1.1" 200 22517 "-" "Mozilla/5.0 (Linux; Android 6.0.1; Nexus 5X Build/MMB29P) AppleWebKit/537.36 (KHTML, like Gecko) Chrome/137.0.7151.103 Mobile Safari/537.36 (compatible; Googlebot/2.1; +http://www.google.com/bot.html)"
66.249.65.35 - - [13/Jul/2025:13:31:21 +0000] "GET /?x=111253795001800&mod=f08b7ac8&uri=news.php%3Fid%3D3712908-463%26name%3Dbenfei+hdmi+to+displayport HTTP/1.1" 200 21621 "-" "Mozilla/5.0 (Linux; Android 6.0.1; Nexus 5X Build/MMB29P) AppleWebKit/537.36 (KHTML, like Gecko) Chrome/137.0.7151.103 Mobile Safari/537.36 (compatible; Googlebot/2.1; +http://www.google.com/bot.html)"
66.249.65.35 - - [13/Jul/2025:13:31:26 +0000] "GET /?x=111251725061800&mod=f08b7ac8&uri=dp.php%3Fid%3D3712839-463%26name%3Dreinstall+video+driver+windows+10 HTTP/1.1" 200 21664 "-" "Mozilla/5.0 (Linux; Android 6.0.1; Nexus 5X Build/MMB29P) AppleWebKit/537.36 (KHTML, like Gecko) Chrome/137.0.7151.103 Mobile Safari/537.36 (compatible; Googlebot/2.1; +http://www.google.com/bot.html)"
66.249.65.35 - - [13/Jul/2025:13:31:31 +0000] "GET /?x=5623677001800&mod=e94fe9ac&uri=us.php%3Fid%3D187768-332%26name%3Dauto+bala+bhato HTTP/1.1" 200 21936 "-" "Mozilla/5.0 (Linux; Android 6.0.1; Nexus 5X Build/MMB29P) AppleWebKit/537.36 (KHTML, like Gecko) Chrome/137.0.7151.103 Mobile Safari/537.36 (compatible; Googlebot/2.1; +http://www.google.com/bot.html)"
66.249.65.35 - - [13/Jul/2025:13:31:31 +0000] "GET /?x=32110404041800&mod=c4b43ae0&uri=shared.php%3Fid%3D1071732-330%26name%3Dslip+cork+stoppers HTTP/1.1" 200 22283 "-" "Mozilla/5.0 (Linux; Android 6.0.1; Nexus 5X Build/MMB29P) AppleWebKit/537.36 (KHTML, like Gecko) Chrome/137.0.7151.103 Mobile Safari/537.36 (compatible; Googlebot/2.1; +http://www.google.com/bot.html)"
66.249.65.35 - - [13/Jul/2025:13:31:33 +0000] "POST /get-message-notify HTTP/1.1" 200 21866 "https://kraft-court.cafe/?x=32110404041800&mod=c4b43ae0&uri=shared.php%3Fid%3D1071732-330%26name%3Dslip+cork+stoppers" "Mozilla/5.0 (Linux; Android 6.0.1; Nexus 5X Build/MMB29P) AppleWebKit/537.36 (KHTML, like Gecko) Chrome/137.0.7151.119 Mobile Safari/537.36 (compatible; Googlebot/2.1; +http://www.google.com/bot.html)"
66.249.65.35 - - [13/Jul/2025:13:31:36 +0000] "GET /?x=9829364031800&mod=6e616e79&uri=pin.php%3Fid%3D328201-492%26name%3Dyaara+teri+meri+yaari+lyrics+in+hindi HTTP/1.1" 200 22106 "-" "Mozilla/5.0 (Linux; Android 6.0.1; Nexus 5X Build/MMB29P) AppleWebKit/537.36 (KHTML, like Gecko) Chrome/137.0.7151.103 Mobile Safari/537.36 (compatible; Googlebot/2.1; +http://www.google.com/bot.html)"
66.249.65.36 - - [13/Jul/2025:13:31:38 +0000] "POST /get-message-notify HTTP/1.1" 200 21861 "https://kraft-court.cafe/?x=111253795001800&mod=f08b7ac8&uri=news.php%3Fid%3D3712908-463%26name%3Dbenfei+hdmi+to+displayport" "Mozilla/5.0 (Linux; Android 6.0.1; Nexus 5X Build/MMB29P) AppleWebKit/537.36 (KHTML, like Gecko) Chrome/137.0.7151.119 Mobile Safari/537.36 (compatible; Googlebot/2.1; +http://www.google.com/bot.html)"
66.249.65.36 - - [13/Jul/2025:13:31:39 +0000] "GET /?x=11711165041800&mod=6e616e79&uri=itm.php%3Fid%3D391042-492%26name%3Dapple+watch+life360 HTTP/1.1" 200 22670 "-" "Mozilla/5.0 (Linux; Android 6.0.1; Nexus 5X Build/MMB29P) AppleWebKit/537.36 (KHTML, like Gecko) Chrome/137.0.7151.103 Mobile Safari/537.36 (compatible; Googlebot/2.1; +http://www.google.com/bot.html)"
66.249.65.35 - - [13/Jul/2025:13:33:03 +0000] "POST /get-message-notify HTTP/1.1" 200 21871 "https://kraft-court.cafe/?x=70266086011800&mod=7d3e28d1&uri=brands.php%3Fid%3D2344851-541%26name%3Dmontre+roxy" "Mozilla/5.0 (Linux; Android 6.0.1; Nexus 5X Build/MMB29P) AppleWebKit/537.36 (KHTML, like Gecko) Chrome/137.0.7151.119 Mobile Safari/537.36 (compatible; Googlebot/2.1; +http://www.google.com/bot.html)"
209.74.77.214 - - [13/Jul/2025:13:39:54 +0000] "POST /wp-cron.php?doing_wp_cron=1752413994.6777169704437255859375 HTTP/1.1" 200 - "-" "WordPress/6.8.1; https://kraft-court.cafe"
51.222.253.1 - - [13/Jul/2025:13:39:53 +0000] "GET /?x=45734342071800&mod=45a766fa&uri=news.php%3Fid%3D1526293-649%26name%3Dswagman+chinook+hitch+bike+rack HTTP/1.1" 301 - "-" "Mozilla/5.0 (compatible; AhrefsBot/7.0; +http://ahrefs.com/robot/)"
66.249.65.36 - - [13/Jul/2025:13:39:58 +0000] "POST /get-message-notify HTTP/1.1" 200 21867 "https://kraft-court.cafe/?x=5936651041800&mod=4500e403&uri=product.php%3Fid%3D198247-342%26name%3Drockabye+elephant+rocker" "Mozilla/5.0 (Linux; Android 6.0.1; Nexus 5X Build/MMB29P) AppleWebKit/537.36 (KHTML, like Gecko) Chrome/137.0.7151.119 Mobile Safari/537.36 (compatible; Googlebot/2.1; +http://www.google.com/bot.html)"
209.74.77.214 - - [13/Jul/2025:13:44:22 +0000] "POST /wp-cron.php?doing_wp_cron=1752414262.1367909908294677734375 HTTP/1.1" 200 - "-" "WordPress/6.8.1; https://kraft-court.cafe"
51.222.253.17 - - [13/Jul/2025:13:44:20 +0000] "GET /?x=51018079011800&mod=ada5e0b6&uri=shop.php%3Fid%3D1702550-309%26name%3D3080+10g HTTP/1.1" 301 - "-" "Mozilla/5.0 (compatible; AhrefsBot/7.0; +http://ahrefs.com/robot/)"
66.249.65.36 - - [13/Jul/2025:13:45:20 +0000] "GET /?x=6616855081800&mod=1e056d2b&uri=info.php%3Fid%3D220992-91%26name%3Dshimano+12+speed+mtb HTTP/1.1" 200 21858 "-" "Mozilla/5.0 (Linux; Android 6.0.1; Nexus 5X Build/MMB29P) AppleWebKit/537.36 (KHTML, like Gecko) Chrome/137.0.7151.103 Mobile Safari/537.36 (compatible; Googlebot/2.1; +http://www.google.com/bot.html)"
209.74.77.214 - - [13/Jul/2025:13:48:21 +0000] "POST /wp-cron.php?doing_wp_cron=1752414501.2210290431976318359375 HTTP/1.1" 200 - "-" "WordPress/6.8.1; https://kraft-court.cafe"
51.222.253.8 - - [13/Jul/2025:13:48:19 +0000] "GET /?x=52804924001800&mod=3c51419c&uri=product.php%3Fid%3D1762149-873%26name%3Dkuchalana+psg+2019+jordan HTTP/1.1" 301 - "-" "Mozilla/5.0 (compatible; AhrefsBot/7.0; +http://ahrefs.com/robot/)"
66.249.65.36 - - [13/Jul/2025:13:48:25 +0000] "GET /?x=47729077051800&mod=d25a34b9&uri=search.php%3Fid%3D1592831-557%26name%3Dproductos+oral+b+para+blanquear+dientes HTTP/1.1" 200 22326 "-" "Mozilla/5.0 (Linux; Android 6.0.1; Nexus 5X Build/MMB29P) AppleWebKit/537.36 (KHTML, like Gecko) Chrome/137.0.7151.103 Mobile Safari/537.36 (compatible; Googlebot/2.1; +http://www.google.com/bot.html)"
43.155.162.41 - - [13/Jul/2025:13:48:40 +0000] "GET / HTTP/1.1" 200 1851 "http://kraft-court.cafe" "Mozilla/5.0 (iPhone; CPU iPhone OS 13_2_3 like Mac OS X) AppleWebKit/605.1.15 (KHTML, like Gecko) Version/13.0.3 Mobile/15E148 Safari/604.1"
66.249.65.35 - - [13/Jul/2025:13:51:50 +0000] "GET /?x=37147089031800&mod=dc6a7e65&uri=form.php%3Fid%3D1239816-308%26name%3Dadidas+originals+essentials+sweatshirt+in+beige HTTP/1.1" 200 22378 "-" "Mozilla/5.0 (Linux; Android 6.0.1; Nexus 5X Build/MMB29P) AppleWebKit/537.36 (KHTML, like Gecko) Chrome/137.0.7151.103 Mobile Safari/537.36 (compatible; Googlebot/2.1; +http://www.google.com/bot.html)"
66.249.65.35 - - [13/Jul/2025:13:54:30 +0000] "GET /?x=5926031061800&mod=4500e403&uri=pin.php%3Fid%3D197893-342%26name%3Dbaby+bjorn+bouncer+bag HTTP/1.1" 200 20709 "-" "Mozilla/5.0 (Linux; Android 6.0.1; Nexus 5X Build/MMB29P) AppleWebKit/537.36 (KHTML, like Gecko) Chrome/137.0.7151.103 Mobile Safari/537.36 (compatible; Googlebot/2.1; +http://www.google.com/bot.html)"
209.74.77.214 - - [13/Jul/2025:13:56:04 +0000] "POST /wp-cron.php?doing_wp_cron=1752414964.2097609043121337890625 HTTP/1.1" 200 - "-" "WordPress/6.8.1; https://kraft-court.cafe"
51.222.253.11 - - [13/Jul/2025:13:56:01 +0000] "GET /?x=57820956061800&uri=category-info.php%3Fid%3D1929518-1325%26name%3Dnike%20air%20ball HTTP/1.1" 200 1926 "-" "Mozilla/5.0 (compatible; AhrefsBot/7.0; +http://ahrefs.com/robot/)"
66.249.65.36 - - [13/Jul/2025:14:01:20 +0000] "GET /?x=115101077011800&mod=4500e403&uri=category-info.php%3Fid%3D3841343-342%26name%3Dbaby+walker+second HTTP/1.1" 200 21171 "-" "Mozilla/5.0 (Linux; Android 6.0.1; Nexus 5X Build/MMB29P) AppleWebKit/537.36 (KHTML, like Gecko) Chrome/137.0.7151.103 Mobile Safari/537.36 (compatible; Googlebot/2.1; +http://www.google.com/bot.html)"
209.74.77.214 - - [13/Jul/2025:14:06:56 +0000] "POST /wp-cron.php?doing_wp_cron=1752415616.4194018840789794921875 HTTP/1.1" 200 - "-" "WordPress/6.8.1; https://kraft-court.cafe"
209.74.77.214 - - [13/Jul/2025:14:06:56 +0000] "POST /wp-cron.php?doing_wp_cron=1752415616.4194018840789794921875 HTTP/1.1" 200 - "-" "WordPress/6.8.1; https://kraft-court.cafe"
103.171.92.209 - - [13/Jul/2025:14:06:55 +0000] "POST /xmlrpc.php HTTP/1.1" 200 403 "-" "Mozilla/5.0 (Windows NT 6.1; Win64; x64) AppleWebKit/537.36 (KHTML, like Gecko) Chrome/79.0.3945.88 Safari/537.36"
148.66.147.188 - - [13/Jul/2025:14:06:55 +0000] "POST /xmlrpc.php HTTP/1.1" 200 403 "-" "Mozilla/5.0 (Windows NT 6.1; Win64; x64; rv:58.0) Gecko/20100101 Firefox/58.0"
185.26.107.173 - - [13/Jul/2025:14:07:00 +0000] "POST /xmlrpc.php HTTP/1.1" 200 403 "-" "Mozilla/5.0 (Windows NT 10.0; WOW64; rv:54.0) Gecko/20100101 Firefox/54.0"
62.72.46.56 - - [13/Jul/2025:14:07:16 +0000] "POST /xmlrpc.php HTTP/1.1" 200 403 "-" "Mozilla/5.0 (Windows NT 6.1; Win64; x64) AppleWebKit/537.36 (KHTML, like Gecko) Chrome/69.0.3497.100 Safari/537.36"
193.123.233.101 - - [13/Jul/2025:14:07:17 +0000] "POST /xmlrpc.php HTTP/1.1" 200 403 "-" "Mozilla/5.0 (Windows NT 10.0; Win64; x64) AppleWebKit/537.36 (KHTML, like Gecko) Chrome/83.0.4103.116 Safari/537.36"
47.252.24.100 - - [13/Jul/2025:14:07:23 +0000] "POST /xmlrpc.php HTTP/1.1" 200 403 "-" "Mozilla/5.0 (Windows NT 6.1; WOW64; rv:50.0) Gecko/20100101 Firefox/50.0"
104.207.254.79 - - [13/Jul/2025:14:07:32 +0000] "POST /xmlrpc.php HTTP/1.1" 200 403 "-" "Mozilla/5.0 (Windows NT 6.1; Win64; x64; rv:57.0) Gecko/20100101 Firefox/57.0"
209.74.77.214 - - [13/Jul/2025:14:08:43 +0000] "POST /wp-cron.php?doing_wp_cron=1752415723.7161319255828857421875 HTTP/1.1" 200 - "-" "WordPress/6.8.1; https://kraft-court.cafe"
51.222.253.10 - - [13/Jul/2025:14:08:42 +0000] "GET /?x=59445634031800&mod=77014820&uri=brands.php%3Fid%3D1983735-1357%26name%3Ddiamond+earrings+rings HTTP/1.1" 301 - "-" "Mozilla/5.0 (compatible; AhrefsBot/7.0; +http://ahrefs.com/robot/)"
66.249.65.37 - - [13/Jul/2025:14:17:21 +0000] "GET /?x=6838531031800&mod=f26df67e&uri=product.php%3Fid%3D228389-383%26name%3Dreviews+of+red+dress+boutique HTTP/1.1" 200 21707 "-" "Mozilla/5.0 (Linux; Android 6.0.1; Nexus 5X Build/MMB29P) AppleWebKit/537.36 (KHTML, like Gecko) Chrome/137.0.7151.103 Mobile Safari/537.36 (compatible; Googlebot/2.1; +http://www.google.com/bot.html)"
209.74.77.214 - - [13/Jul/2025:14:17:31 +0000] "POST /wp-cron.php?doing_wp_cron=1752416251.0525240898132324218750 HTTP/1.1" 200 - "-" "WordPress/6.8.1; https://kraft-court.cafe"
51.222.253.6 - - [13/Jul/2025:14:17:29 +0000] "GET /?x=62086128031800&mod=a5771bce&uri=dp.php%3Fid%3D2071883-3%26name%3Dderm+caps+es+for+dogs HTTP/1.1" 301 - "-" "Mozilla/5.0 (compatible; AhrefsBot/7.0; +http://ahrefs.com/robot/)"
209.74.77.214 - - [13/Jul/2025:14:19:28 +0000] "POST /wp-cron.php?doing_wp_cron=1752416368.2568809986114501953125 HTTP/1.1" 200 - "-" "WordPress/6.8.1; https://kraft-court.cafe"
81.29.184.166 - - [13/Jul/2025:14:19:27 +0000] "POST /xmlrpc.php HTTP/1.1" 200 403 "-" "Mozilla/5.0 (Windows NT 10.0; Win64; x64) AppleWebKit/537.36 (KHTML, like Gecko) Chrome/91.0.4472.124 Safari/537.36"
209.74.77.214 - - [13/Jul/2025:14:20:40 +0000] "POST /wp-cron.php?doing_wp_cron=1752416440.9239730834960937500000 HTTP/1.1" 200 - "-" "WordPress/6.8.1; https://kraft-court.cafe"
177.144.112.157 - - [13/Jul/2025:14:20:39 +0000] "POST /xmlrpc.php HTTP/1.1" 200 403 "-" "Mozilla/5.0 (Windows NT 10.0; x64) AppleWebKit/537.36 (KHTML, like Gecko) Safari/14.0.0.0 Safari/537.36"
66.249.65.36 - - [13/Jul/2025:14:20:36 +0000] "GET /?x=6613195011800&mod=1e056d2b&uri=category-info.php%3Fid%3D220870-91%26name%3Dkickr+bike+dimensions HTTP/1.1" 200 22080 "-" "Mozilla/5.0 (Linux; Android 6.0.1; Nexus 5X Build/MMB29P) AppleWebKit/537.36 (KHTML, like Gecko) Chrome/137.0.7151.103 Mobile Safari/537.36 (compatible; Googlebot/2.1; +http://www.google.com/bot.html)"
209.74.77.214 - - [13/Jul/2025:14:22:00 +0000] "POST /wp-cron.php?doing_wp_cron=1752416520.7147910594940185546875 HTTP/1.1" 200 - "-" "WordPress/6.8.1; https://kraft-court.cafe"
51.222.253.7 - - [13/Jul/2025:14:21:59 +0000] "GET /?x=62086338071800&mod=7967d550&uri=shared.php%3Fid%3D2071890-1372%26name%3Ddo+dogs+like+to+sleep+in+crates HTTP/1.1" 301 - "-" "Mozilla/5.0 (compatible; AhrefsBot/7.0; +http://ahrefs.com/robot/)"
209.74.77.214 - - [13/Jul/2025:14:23:59 +0000] "POST /wp-cron.php?doing_wp_cron=1752416639.3908710479736328125000 HTTP/1.1" 200 - "-" "WordPress/6.8.1; https://kraft-court.cafe"
81.29.184.166 - - [13/Jul/2025:14:23:57 +0000] "GET /wp-json/wp/v2/users HTTP/1.1" 200 830 "-" "Mozilla/4.0 (compatible; Win32; WinHttp.WinHttpRequest.5)"
66.249.65.36 - - [13/Jul/2025:14:24:30 +0000] "GET /?x=21534971041800&mod=d594b1a9&uri=pin.php%3Fid%3D718826-341%26name%3Dcortes+de+pelo+chino+hombre HTTP/1.1" 200 21379 "-" "Mozilla/5.0 (Linux; Android 6.0.1; Nexus 5X Build/MMB29P) AppleWebKit/537.36 (KHTML, like Gecko) Chrome/137.0.7151.103 Mobile Safari/537.36 (compatible; Googlebot/2.1; +http://www.google.com/bot.html)"
66.249.65.35 - - [13/Jul/2025:14:24:37 +0000] "POST /get-message-notify HTTP/1.1" 200 21857 "https://kraft-court.cafe/?x=21534971041800&mod=d594b1a9&uri=pin.php%3Fid%3D718826-341%26name%3Dcortes+de+pelo+chino+hombre" "Mozilla/5.0 (Linux; Android 6.0.1; Nexus 5X Build/MMB29P) AppleWebKit/537.36 (KHTML, like Gecko) Chrome/137.0.7151.119 Mobile Safari/537.36 (compatible; Googlebot/2.1; +http://www.google.com/bot.html)"
209.74.77.214 - - [13/Jul/2025:14:25:23 +0000] "POST /wp-cron.php?doing_wp_cron=1752416723.5136311054229736328125 HTTP/1.1" 200 - "-" "WordPress/6.8.1; https://kraft-court.cafe"
81.29.184.166 - - [13/Jul/2025:14:25:22 +0000] "POST /xmlrpc.php HTTP/1.1" 200 403 "-" "Mozilla/5.0 (Windows NT 10.0; Win64; x64) AppleWebKit/537.36 (KHTML, like Gecko) Chrome/91.0.4472.124 Safari/537.36"
209.74.77.214 - - [13/Jul/2025:14:26:14 +0000] "POST /wp-cron.php?doing_wp_cron=1752416774.8178539276123046875000 HTTP/1.1" 200 - "-" "WordPress/6.8.1; https://kraft-court.cafe"
51.222.253.1 - - [13/Jul/2025:14:26:13 +0000] "GET /?x=63213118011800&mod=3837a451&uri=form.php%3Fid%3D2109487-237%26name%3Dvenum+elite+white HTTP/1.1" 301 - "-" "Mozilla/5.0 (compatible; AhrefsBot/7.0; +http://ahrefs.com/robot/)"
209.74.77.214 - - [13/Jul/2025:14:26:34 +0000] "POST /wp-cron.php?doing_wp_cron=1752416794.1448230743408203125000 HTTP/1.1" 200 - "-" "WordPress/6.8.1; https://kraft-court.cafe"
81.29.184.166 - - [13/Jul/2025:14:26:33 +0000] "POST /xmlrpc.php HTTP/1.1" 200 403 "-" "Mozilla/5.0 (Windows NT 10.0; Win64; x64) AppleWebKit/537.36 (KHTML, like Gecko) Chrome/91.0.4472.124 Safari/537.36"
66.249.65.36 - - [13/Jul/2025:14:30:24 +0000] "POST /get-message-notify HTTP/1.1" 200 21880 "https://kraft-court.cafe/?x=6838531031800&mod=f26df67e&uri=product.php%3Fid%3D228389-383%26name%3Dreviews+of+red+dress+boutique" "Mozilla/5.0 (Linux; Android 6.0.1; Nexus 5X Build/MMB29P) AppleWebKit/537.36 (KHTML, like Gecko) Chrome/137.0.7151.119 Mobile Safari/537.36 (compatible; Googlebot/2.1; +http://www.google.com/bot.html)"
209.74.77.214 - - [13/Jul/2025:14:31:13 +0000] "POST /wp-cron.php?doing_wp_cron=1752417073.7580769062042236328125 HTTP/1.1" 200 - "-" "WordPress/6.8.1; https://kraft-court.cafe"
51.222.253.20 - - [13/Jul/2025:14:31:12 +0000] "GET /?x=6432866051800&mod=cd3afef9&uri=info.php%3Fid%3D214858-220%26name%3Dnorth+face+coat+near+me HTTP/1.1" 301 - "-" "Mozilla/5.0 (compatible; AhrefsBot/7.0; +http://ahrefs.com/robot/)"
4.227.36.85 - - [13/Jul/2025:14:35:13 +0000] "GET /robots.txt HTTP/1.1" 200 86 "-" "Mozilla/5.0 AppleWebKit/537.36 (KHTML, like Gecko; compatible; GPTBot/1.2; +https://openai.com/gptbot)"
209.74.77.214 - - [13/Jul/2025:14:35:43 +0000] "POST /wp-cron.php?doing_wp_cron=1752417343.2481529712677001953125 HTTP/1.1" 200 - "-" "WordPress/6.8.1; https://kraft-court.cafe"
51.222.253.19 - - [13/Jul/2025:14:35:42 +0000] "GET /?x=64344662021800&mod=f4aaa6f8&uri=info.php%3Fid%3D2147234-1394%26name%3Dkyrie+low+white+gum HTTP/1.1" 301 - "-" "Mozilla/5.0 (compatible; AhrefsBot/7.0; +http://ahrefs.com/robot/)"
66.249.65.36 - - [13/Jul/2025:14:36:37 +0000] "GET /?x=95785562021800&mod=6e616e79&uri=blog.php%3Fid%3D3196586-492%26name%3Dpara+cuando+se+cambia+la+hora HTTP/1.1" 200 22720 "-" "Mozilla/5.0 (Linux; Android 6.0.1; Nexus 5X Build/MMB29P) AppleWebKit/537.36 (KHTML, like Gecko) Chrome/137.0.7151.103 Mobile Safari/537.36 (compatible; Googlebot/2.1; +http://www.google.com/bot.html)"
66.249.65.35 - - [13/Jul/2025:14:36:54 +0000] "GET /?x=111292813051800&mod=5c376f6d&uri=us.php%3Fid%3D3714209-863%26name%3Dmutande+uomo+bianche HTTP/1.1" 200 22139 "-" "Mozilla/5.0 (Linux; Android 6.0.1; Nexus 5X Build/MMB29P) AppleWebKit/537.36 (KHTML, like Gecko) Chrome/137.0.7151.103 Mobile Safari/537.36 (compatible; Googlebot/2.1; +http://www.google.com/bot.html)"
66.249.65.35 - - [13/Jul/2025:14:37:02 +0000] "GET /?x=111251815001800&mod=f08b7ac8&uri=brands.php%3Fid%3D3712842-463%26name%3Dmining+graphics+card+comparison HTTP/1.1" 200 22121 "-" "Mozilla/5.0 (Linux; Android 6.0.1; Nexus 5X Build/MMB29P) AppleWebKit/537.36 (KHTML, like Gecko) Chrome/137.0.7151.103 Mobile Safari/537.36 (compatible; Googlebot/2.1; +http://www.google.com/bot.html)"
66.249.65.35 - - [13/Jul/2025:14:37:15 +0000] "GET /?x=111306884011800&mod=895daa40&uri=blog.php%3Fid%3D3714679-363%26name%3Dnatural+freshwater+pearl+bracelet HTTP/1.1" 200 21317 "-" "Mozilla/5.0 (Linux; Android 6.0.1; Nexus 5X Build/MMB29P) AppleWebKit/537.36 (KHTML, like Gecko) Chrome/137.0.7151.103 Mobile Safari/537.36 (compatible; Googlebot/2.1; +http://www.google.com/bot.html)"
66.249.65.35 - - [13/Jul/2025:14:37:29 +0000] "GET /?x=111253165071800&mod=f08b7ac8&uri=form.php%3Fid%3D3712887-463%26name%3Dlow+graphics+battle+royale+games+pc HTTP/1.1" 200 21568 "-" "Mozilla/5.0 (Linux; Android 6.0.1; Nexus 5X Build/MMB29P) AppleWebKit/537.36 (KHTML, like Gecko) Chrome/137.0.7151.103 Mobile Safari/537.36 (compatible; Googlebot/2.1; +http://www.google.com/bot.html)"
66.249.65.37 - - [13/Jul/2025:14:38:19 +0000] "GET /?x=111208296071800&mod=6e616e79&uri=category-info.php%3Fid%3D3711389-492%26name%3Dinkem+inkem+kavale+lyrics+in+telugu HTTP/1.1" 200 21920 "-" "Mozilla/5.0 (Linux; Android 6.0.1; Nexus 5X Build/MMB29P) AppleWebKit/537.36 (KHTML, like Gecko) Chrome/137.0.7151.103 Mobile Safari/537.36 (compatible; Googlebot/2.1; +http://www.google.com/bot.html)"
66.249.65.36 - - [13/Jul/2025:14:38:34 +0000] "GET /?x=11696876051800&mod=6e616e79&uri=search.php%3Fid%3D390557-492%26name%3Dmaneater+miley HTTP/1.1" 200 21863 "-" "Mozilla/5.0 (Linux; Android 6.0.1; Nexus 5X Build/MMB29P) AppleWebKit/537.36 (KHTML, like Gecko) Chrome/137.0.7151.103 Mobile Safari/537.36 (compatible; Googlebot/2.1; +http://www.google.com/bot.html)"
66.249.65.35 - - [13/Jul/2025:14:38:47 +0000] "GET /?x=9844298001800&mod=6e616e79&uri=shop.php%3Fid%3D328713-492%26name%3Dyaari+teri+meri+yaari+ringtone HTTP/1.1" 200 21779 "-" "Mozilla/5.0 (Linux; Android 6.0.1; Nexus 5X Build/MMB29P) AppleWebKit/537.36 (KHTML, like Gecko) Chrome/137.0.7151.103 Mobile Safari/537.36 (compatible; Googlebot/2.1; +http://www.google.com/bot.html)"
66.249.65.35 - - [13/Jul/2025:14:39:01 +0000] "GET /?x=111260455021800&mod=f08b7ac8&uri=form.php%3Fid%3D3713130-463%26name%3Dbest+graphics+warzone+pc HTTP/1.1" 200 21738 "-" "Mozilla/5.0 (Linux; Android 6.0.1; Nexus 5X Build/MMB29P) AppleWebKit/537.36 (KHTML, like Gecko) Chrome/137.0.7151.103 Mobile Safari/537.36 (compatible; Googlebot/2.1; +http://www.google.com/bot.html)"
66.249.65.35 - - [13/Jul/2025:14:39:04 +0000] "POST /get-message-notify HTTP/1.1" 200 21862 "https://kraft-court.cafe/?x=111260455021800&mod=f08b7ac8&uri=form.php%3Fid%3D3713130-463%26name%3Dbest+graphics+warzone+pc" "Mozilla/5.0 (Linux; Android 6.0.1; Nexus 5X Build/MMB29P) AppleWebKit/537.36 (KHTML, like Gecko) Chrome/137.0.7151.119 Mobile Safari/537.36 (compatible; Googlebot/2.1; +http://www.google.com/bot.html)"
66.249.65.35 - - [13/Jul/2025:14:39:08 +0000] "GET /?x=111208296111800&mod=6e616e79&uri=dp.php%3Fid%3D3711389-492%26name%3Dinkem+inkem+kavale+lyrics+in+telugu HTTP/1.1" 200 21840 "-" "Mozilla/5.0 (Linux; Android 6.0.1; Nexus 5X Build/MMB29P) AppleWebKit/537.36 (KHTML, like Gecko) Chrome/137.0.7151.103 Mobile Safari/537.36 (compatible; Googlebot/2.1; +http://www.google.com/bot.html)"
66.249.65.35 - - [13/Jul/2025:14:39:22 +0000] "GET /?x=111255505071800&mod=f08b7ac8&uri=pin.php%3Fid%3D3712965-463%26name%3Dcan+video+card+be+upgraded+on+a+laptop HTTP/1.1" 200 21697 "-" "Mozilla/5.0 (Linux; Android 6.0.1; Nexus 5X Build/MMB29P) AppleWebKit/537.36 (KHTML, like Gecko) Chrome/137.0.7151.103 Mobile Safari/537.36 (compatible; Googlebot/2.1; +http://www.google.com/bot.html)"
66.249.65.35 - - [13/Jul/2025:14:39:40 +0000] "GET /?x=111261265031800&mod=f08b7ac8&uri=us.php%3Fid%3D3713157-463%26name%3Dbest+high+graphics+android+games+offline HTTP/1.1" 200 21996 "-" "Mozilla/5.0 (Linux; Android 6.0.1; Nexus 5X Build/MMB29P) AppleWebKit/537.36 (KHTML, like Gecko) Chrome/137.0.7151.103 Mobile Safari/537.36 (compatible; Googlebot/2.1; +http://www.google.com/bot.html)"
