66.249.65.35 - - [13/Jul/2025:18:05:58 +0000] "GET /?x=6210066031800&mod=6832a7b2&uri=news.php%3Fid%3D207403-219%26name%3Dregal+wood+stove HTTP/1.1" 200 22241 "-" "Mozilla/5.0 (Linux; Android 6.0.1; Nexus 5X Build/MMB29P) AppleWebKit/537.36 (KHTML, like Gecko) Chrome/137.0.7151.103 Mobile Safari/537.36 (compatible; Googlebot/2.1; +http://www.google.com/bot.html)"
66.249.65.36 - - [13/Jul/2025:18:06:04 +0000] "GET /?x=6214386031800&mod=6832a7b2&uri=product.php%3Fid%3D207547-219%26name%3Dgazco+ereflex+skope+105r+inset+electric+fire HTTP/1.1" 200 22470 "-" "Mozilla/5.0 (Linux; Android 6.0.1; Nexus 5X Build/MMB29P) AppleWebKit/537.36 (KHTML, like Gecko) Chrome/137.0.7151.103 Mobile Safari/537.36 (compatible; Googlebot/2.1; +http://www.google.com/bot.html)"
66.249.65.35 - - [13/Jul/2025:18:06:02 +0000] "GET /?x=6208716001800&mod=6832a7b2&uri=form.php%3Fid%3D207358-219%26name%3Dthree+sided+wood+burning+stove HTTP/1.1" 200 22315 "-" "Mozilla/5.0 (Linux; Android 6.0.1; Nexus 5X Build/MMB29P) AppleWebKit/537.36 (KHTML, like Gecko) Chrome/137.0.7151.103 Mobile Safari/537.36 (compatible; Googlebot/2.1; +http://www.google.com/bot.html)"
66.249.65.37 - - [13/Jul/2025:18:06:07 +0000] "GET /?x=6212226031800&mod=6832a7b2&uri=blog.php%3Fid%3D207475-219%26name%3Dtorrey+landscape+electric+fireplace HTTP/1.1" 200 22487 "-" "Mozilla/5.0 (Linux; Android 6.0.1; Nexus 5X Build/MMB29P) AppleWebKit/537.36 (KHTML, like Gecko) Chrome/137.0.7151.103 Mobile Safari/537.36 (compatible; Googlebot/2.1; +http://www.google.com/bot.html)"
66.249.65.35 - - [13/Jul/2025:18:06:11 +0000] "GET /?x=6209526061800&mod=6832a7b2&uri=brands.php%3Fid%3D207385-219%26name%3Ddimplex+opti+myst+flue HTTP/1.1" 200 21950 "-" "Mozilla/5.0 (Linux; Android 6.0.1; Nexus 5X Build/MMB29P) AppleWebKit/537.36 (KHTML, like Gecko) Chrome/137.0.7151.103 Mobile Safari/537.36 (compatible; Googlebot/2.1; +http://www.google.com/bot.html)"
66.249.65.35 - - [13/Jul/2025:18:06:12 +0000] "GET /?x=6214116041800&mod=6832a7b2&uri=news.php%3Fid%3D207538-219%26name%3Dopti+myst+freestanding+fire HTTP/1.1" 200 21977 "-" "Mozilla/5.0 (Linux; Android 6.0.1; Nexus 5X Build/MMB29P) AppleWebKit/537.36 (KHTML, like Gecko) Chrome/137.0.7151.103 Mobile Safari/537.36 (compatible; Googlebot/2.1; +http://www.google.com/bot.html)"
66.249.65.35 - - [13/Jul/2025:18:06:23 +0000] "GET /?x=6214656021800&mod=6832a7b2&uri=shared.php%3Fid%3D207556-219%26name%3Dnash+surface+float HTTP/1.1" 200 21777 "-" "Mozilla/5.0 (Linux; Android 6.0.1; Nexus 5X Build/MMB29P) AppleWebKit/537.36 (KHTML, like Gecko) Chrome/137.0.7151.103 Mobile Safari/537.36 (compatible; Googlebot/2.1; +http://www.google.com/bot.html)"
66.249.65.35 - - [13/Jul/2025:18:06:24 +0000] "GET /?x=6210876061800&mod=6832a7b2&uri=pin.php%3Fid%3D207430-219%26name%3Dprice+of+heating+fuel HTTP/1.1" 200 21763 "-" "Mozilla/5.0 (Linux; Android 6.0.1; Nexus 5X Build/MMB29P) AppleWebKit/537.36 (KHTML, like Gecko) Chrome/137.0.7151.103 Mobile Safari/537.36 (compatible; Googlebot/2.1; +http://www.google.com/bot.html)"
66.249.65.35 - - [13/Jul/2025:18:06:24 +0000] "GET /?x=6201720001800&mod=6832a7b2&uri=article.php%3Fid%3D207124-219%26name%3Dreal+flame+4199 HTTP/1.1" 200 21403 "-" "Mozilla/5.0 (Linux; Android 6.0.1; Nexus 5X Build/MMB29P) AppleWebKit/537.36 (KHTML, like Gecko) Chrome/137.0.7151.103 Mobile Safari/537.36 (compatible; Googlebot/2.1; +http://www.google.com/bot.html)"
66.249.66.4 - - [13/Jul/2025:18:06:25 +0000] "GET /?x=6213846001800&mod=6832a7b2&uri=blog.php%3Fid%3D207529-219%26name%3Dbread+bomb+fishing HTTP/1.1" 200 21876 "-" "Mozilla/5.0 (Linux; Android 6.0.1; Nexus 5X Build/MMB29P) AppleWebKit/537.36 (KHTML, like Gecko) Chrome/137.0.7151.103 Mobile Safari/537.36 (compatible; Googlebot/2.1; +http://www.google.com/bot.html)"
66.249.65.35 - - [13/Jul/2025:18:06:26 +0000] "GET /?x=6200100061800&mod=6832a7b2&uri=goods.php%3Fid%3D207070-219%26name%3Dround+wood+burning+fireplace HTTP/1.1" 200 21941 "-" "Mozilla/5.0 (Linux; Android 6.0.1; Nexus 5X Build/MMB29P) AppleWebKit/537.36 (KHTML, like Gecko) Chrome/137.0.7151.103 Mobile Safari/537.36 (compatible; Googlebot/2.1; +http://www.google.com/bot.html)"
66.249.65.35 - - [13/Jul/2025:18:06:30 +0000] "POST /get-message-notify HTTP/1.1" 200 21871 "https://kraft-court.cafe/?x=6209526061800&mod=6832a7b2&uri=brands.php%3Fid%3D207385-219%26name%3Ddimplex+opti+myst+flue" "Mozilla/5.0 (Linux; Android 6.0.1; Nexus 5X Build/MMB29P) AppleWebKit/537.36 (KHTML, like Gecko) Chrome/137.0.7151.119 Mobile Safari/537.36 (compatible; Googlebot/2.1; +http://www.google.com/bot.html)"
66.249.65.35 - - [13/Jul/2025:18:06:31 +0000] "GET /?x=6203070051800&mod=6832a7b2&uri=itm.php%3Fid%3D207169-219%26name%3Delectric+fires+that+look+like+real+fires HTTP/1.1" 200 21642 "-" "Mozilla/5.0 (Linux; Android 6.0.1; Nexus 5X Build/MMB29P) AppleWebKit/537.36 (KHTML, like Gecko) Chrome/137.0.7151.103 Mobile Safari/537.36 (compatible; Googlebot/2.1; +http://www.google.com/bot.html)"
66.249.65.35 - - [13/Jul/2025:18:06:31 +0000] "POST /get-message-notify HTTP/1.1" 200 21873 "https://kraft-court.cafe/?x=6214656021800&mod=6832a7b2&uri=shared.php%3Fid%3D207556-219%26name%3Dnash+surface+float" "Mozilla/5.0 (Linux; Android 6.0.1; Nexus 5X Build/MMB29P) AppleWebKit/537.36 (KHTML, like Gecko) Chrome/137.0.7151.119 Mobile Safari/537.36 (compatible; Googlebot/2.1; +http://www.google.com/bot.html)"
66.249.65.35 - - [13/Jul/2025:18:06:33 +0000] "GET /?x=6218436081800&mod=6832a7b2&uri=shop.php%3Fid%3D207682-219%26name%3Dnash+pursuit+landing+net HTTP/1.1" 200 22292 "-" "Mozilla/5.0 (Linux; Android 6.0.1; Nexus 5X Build/MMB29P) AppleWebKit/537.36 (KHTML, like Gecko) Chrome/137.0.7151.103 Mobile Safari/537.36 (compatible; Googlebot/2.1; +http://www.google.com/bot.html)"
66.249.65.36 - - [13/Jul/2025:18:06:36 +0000] "GET /?x=6217086031800&mod=6832a7b2&uri=pin.php%3Fid%3D207637-219%26name%3Dmonster+pursuit+boilies HTTP/1.1" 200 22140 "-" "Mozilla/5.0 (Linux; Android 6.0.1; Nexus 5X Build/MMB29P) AppleWebKit/537.36 (KHTML, like Gecko) Chrome/137.0.7151.103 Mobile Safari/537.36 (compatible; Googlebot/2.1; +http://www.google.com/bot.html)"
66.249.65.35 - - [13/Jul/2025:18:06:37 +0000] "POST /get-message-notify HTTP/1.1" 200 21849 "https://kraft-court.cafe/?x=6218436081800&mod=6832a7b2&uri=shop.php%3Fid%3D207682-219%26name%3Dnash+pursuit+landing+net" "Mozilla/5.0 (Linux; Android 6.0.1; Nexus 5X Build/MMB29P) AppleWebKit/537.36 (KHTML, like Gecko) Chrome/137.0.7151.119 Mobile Safari/537.36 (compatible; Googlebot/2.1; +http://www.google.com/bot.html)"
66.249.65.35 - - [13/Jul/2025:18:06:39 +0000] "GET /?x=6000910111800&mod=322f6246&uri=category-info.php%3Fid%3D200392-346%26name%3Dleeds+away+top HTTP/1.1" 200 22053 "-" "Mozilla/5.0 (Linux; Android 6.0.1; Nexus 5X Build/MMB29P) AppleWebKit/537.36 (KHTML, like Gecko) Chrome/137.0.7151.103 Mobile Safari/537.36 (compatible; Googlebot/2.1; +http://www.google.com/bot.html)"
66.249.65.36 - - [13/Jul/2025:18:06:44 +0000] "GET /?x=5999230001800&mod=c4b43ae0&uri=brands.php%3Fid%3D200336-330%26name%3Dfritts+flat+side+crankbait HTTP/1.1" 200 21487 "-" "Mozilla/5.0 (Linux; Android 6.0.1; Nexus 5X Build/MMB29P) AppleWebKit/537.36 (KHTML, like Gecko) Chrome/137.0.7151.103 Mobile Safari/537.36 (compatible; Googlebot/2.1; +http://www.google.com/bot.html)"
66.249.65.35 - - [13/Jul/2025:18:06:44 +0000] "GET /?x=31907685051800&mod=5bbf4a75&uri=us.php%3Fid%3D1064963-885%26name%3Dhow+to+use+chromecast+on+amazon+prime HTTP/1.1" 200 21406 "-" "Mozilla/5.0 (Linux; Android 6.0.1; Nexus 5X Build/MMB29P) AppleWebKit/537.36 (KHTML, like Gecko) Chrome/137.0.7151.103 Mobile Safari/537.36 (compatible; Googlebot/2.1; +http://www.google.com/bot.html)"
66.249.65.36 - - [13/Jul/2025:18:06:45 +0000] "POST /get-message-notify HTTP/1.1" 200 21868 "https://kraft-court.cafe/?x=6214116041800&mod=6832a7b2&uri=news.php%3Fid%3D207538-219%26name%3Dopti+myst+freestanding+fire" "Mozilla/5.0 (Linux; Android 6.0.1; Nexus 5X Build/MMB29P) AppleWebKit/537.36 (KHTML, like Gecko) Chrome/137.0.7151.119 Mobile Safari/537.36 (compatible; Googlebot/2.1; +http://www.google.com/bot.html)"
66.249.65.35 - - [13/Jul/2025:18:06:45 +0000] "GET /?x=6006564051800&mod=322f6246&uri=us.php%3Fid%3D200581-346%26name%3Dceltic+black+strip HTTP/1.1" 200 21914 "-" "Mozilla/5.0 (Linux; Android 6.0.1; Nexus 5X Build/MMB29P) AppleWebKit/537.36 (KHTML, like Gecko) Chrome/137.0.7151.103 Mobile Safari/537.36 (compatible; Googlebot/2.1; +http://www.google.com/bot.html)"
66.249.65.35 - - [13/Jul/2025:18:06:46 +0000] "POST /get-message-notify HTTP/1.1" 200 21866 "https://kraft-court.cafe/?x=31907685051800&mod=5bbf4a75&uri=us.php%3Fid%3D1064963-885%26name%3Dhow+to+use+chromecast+on+amazon+prime" "Mozilla/5.0 (Linux; Android 6.0.1; Nexus 5X Build/MMB29P) AppleWebKit/537.36 (KHTML, like Gecko) Chrome/137.0.7151.119 Mobile Safari/537.36 (compatible; Googlebot/2.1; +http://www.google.com/bot.html)"
66.249.65.36 - - [13/Jul/2025:18:06:47 +0000] "GET /?x=6002784041800&mod=c4b43ae0&uri=itm.php%3Fid%3D200455-330%26name%3Dwhat+is+the+best+crappie+rod HTTP/1.1" 200 22215 "-" "Mozilla/5.0 (Linux; Android 6.0.1; Nexus 5X Build/MMB29P) AppleWebKit/537.36 (KHTML, like Gecko) Chrome/137.0.7151.103 Mobile Safari/537.36 (compatible; Googlebot/2.1; +http://www.google.com/bot.html)"
66.249.65.36 - - [13/Jul/2025:18:06:53 +0000] "GET /?x=6002574021800&mod=c4b43ae0&uri=us.php%3Fid%3D200448-330%26name%3Dhair+rigs+for+carp+fishing HTTP/1.1" 200 21811 "-" "Mozilla/5.0 (Linux; Android 6.0.1; Nexus 5X Build/MMB29P) AppleWebKit/537.36 (KHTML, like Gecko) Chrome/137.0.7151.103 Mobile Safari/537.36 (compatible; Googlebot/2.1; +http://www.google.com/bot.html)"
66.249.65.36 - - [13/Jul/2025:18:06:56 +0000] "GET /?x=6005724071800&mod=c4b43ae0&uri=dp.php%3Fid%3D200553-330%26name%3Dservice+star+cooling+and+heating HTTP/1.1" 200 21678 "-" "Mozilla/5.0 (Linux; Android 6.0.1; Nexus 5X Build/MMB29P) AppleWebKit/537.36 (KHTML, like Gecko) Chrome/137.0.7151.103 Mobile Safari/537.36 (compatible; Googlebot/2.1; +http://www.google.com/bot.html)"
66.249.65.35 - - [13/Jul/2025:18:06:58 +0000] "GET /?x=6001540021800&mod=e3ea3396&uri=pin.php%3Fid%3D200413-345%26name%3Dchaqueta+roxy+mujer+snow HTTP/1.1" 200 21996 "-" "Mozilla/5.0 (Linux; Android 6.0.1; Nexus 5X Build/MMB29P) AppleWebKit/537.36 (KHTML, like Gecko) Chrome/137.0.7151.103 Mobile Safari/537.36 (compatible; Googlebot/2.1; +http://www.google.com/bot.html)"
66.249.65.36 - - [13/Jul/2025:18:07:01 +0000] "GET /?x=6000490021800&mod=322f6246&uri=shop.php%3Fid%3D200378-346%26name%3Dmotherwell+kit HTTP/1.1" 200 22257 "-" "Mozilla/5.0 (Linux; Android 6.0.1; Nexus 5X Build/MMB29P) AppleWebKit/537.36 (KHTML, like Gecko) Chrome/137.0.7151.103 Mobile Safari/537.36 (compatible; Googlebot/2.1; +http://www.google.com/bot.html)"
66.249.65.35 - - [13/Jul/2025:18:07:04 +0000] "GET /?x=34659092051800&mod=9854d7af&uri=category-info.php%3Fid%3D1156801-387%26name%3Dhamstring+quads HTTP/1.1" 200 22153 "-" "Mozilla/5.0 (Linux; Android 6.0.1; Nexus 5X Build/MMB29P) AppleWebKit/537.36 (KHTML, like Gecko) Chrome/137.0.7151.103 Mobile Safari/537.36 (compatible; Googlebot/2.1; +http://www.google.com/bot.html)"
66.249.65.35 - - [13/Jul/2025:18:07:07 +0000] "GET /?x=47732677031800&mod=d25a34b9&uri=us.php%3Fid%3D1592951-557%26name%3Dpasta+oral+b+precio HTTP/1.1" 200 22094 "-" "Mozilla/5.0 (Linux; Android 6.0.1; Nexus 5X Build/MMB29P) AppleWebKit/537.36 (KHTML, like Gecko) Chrome/137.0.7151.103 Mobile Safari/537.36 (compatible; Googlebot/2.1; +http://www.google.com/bot.html)"
66.249.65.35 - - [13/Jul/2025:18:07:07 +0000] "POST /get-message-notify HTTP/1.1" 200 21871 "https://kraft-court.cafe/?x=34659092051800&mod=9854d7af&uri=category-info.php%3Fid%3D1156801-387%26name%3Dhamstring+quads" "Mozilla/5.0 (Linux; Android 6.0.1; Nexus 5X Build/MMB29P) AppleWebKit/537.36 (KHTML, like Gecko) Chrome/137.0.7151.119 Mobile Safari/537.36 (compatible; Googlebot/2.1; +http://www.google.com/bot.html)"
66.249.65.35 - - [13/Jul/2025:18:07:13 +0000] "GET /?x=47745510101800&mod=c73dfe6c&uri=products.php%3Fid%3D1593381-134%26name%3Dlatest+best+web+series+to+watch HTTP/1.1" 200 21884 "-" "Mozilla/5.0 (Linux; Android 6.0.1; Nexus 5X Build/MMB29P) AppleWebKit/537.36 (KHTML, like Gecko) Chrome/137.0.7151.103 Mobile Safari/537.36 (compatible; Googlebot/2.1; +http://www.google.com/bot.html)"
66.249.65.35 - - [13/Jul/2025:18:07:15 +0000] "GET /?x=47741937011800&mod=d25a34b9&uri=shared.php%3Fid%3D1593261-557%26name%3Dosa+gigante+de+peluche HTTP/1.1" 200 22154 "-" "Mozilla/5.0 (Linux; Android 6.0.1; Nexus 5X Build/MMB29P) AppleWebKit/537.36 (KHTML, like Gecko) Chrome/137.0.7151.103 Mobile Safari/537.36 (compatible; Googlebot/2.1; +http://www.google.com/bot.html)"
66.249.65.35 - - [13/Jul/2025:18:07:18 +0000] "GET /?x=47726695051800&mod=d25a34b9&uri=form.php%3Fid%3D1592751-557%26name%3Dcepillo+oral+b+frozen+amazon HTTP/1.1" 200 22605 "-" "Mozilla/5.0 (Linux; Android 6.0.1; Nexus 5X Build/MMB29P) AppleWebKit/537.36 (KHTML, like Gecko) Chrome/137.0.7151.103 Mobile Safari/537.36 (compatible; Googlebot/2.1; +http://www.google.com/bot.html)"
66.249.65.35 - - [13/Jul/2025:18:07:21 +0000] "POST /get-message-notify HTTP/1.1" 200 21866 "https://kraft-court.cafe/?x=88944413061800&mod=013d4071&uri=us.php%3Fid%3D2968214-13%26name%3Dnissan+van+pasajeros" "Mozilla/5.0 (Linux; Android 6.0.1; Nexus 5X Build/MMB29P) AppleWebKit/537.36 (KHTML, like Gecko) Chrome/137.0.7151.119 Mobile Safari/537.36 (compatible; Googlebot/2.1; +http://www.google.com/bot.html)"
66.249.65.35 - - [13/Jul/2025:18:07:21 +0000] "GET /?x=47738037001800&mod=d25a34b9&uri=blog.php%3Fid%3D1593131-557%26name%3Dprecio+del+cepillo+de+dientes+oral+b HTTP/1.1" 200 21656 "-" "Mozilla/5.0 (Linux; Android 6.0.1; Nexus 5X Build/MMB29P) AppleWebKit/537.36 (KHTML, like Gecko) Chrome/137.0.7151.103 Mobile Safari/537.36 (compatible; Googlebot/2.1; +http://www.google.com/bot.html)"
66.249.65.35 - - [13/Jul/2025:18:07:24 +0000] "GET /?x=47742832051800&mod=d25a34b9&uri=shared.php%3Fid%3D1593291-557%26name%3Dlegos+de+mas+de+2000+piezas HTTP/1.1" 200 22521 "-" "Mozilla/5.0 (Linux; Android 6.0.1; Nexus 5X Build/MMB29P) AppleWebKit/537.36 (KHTML, like Gecko) Chrome/137.0.7151.103 Mobile Safari/537.36 (compatible; Googlebot/2.1; +http://www.google.com/bot.html)"
66.249.65.35 - - [13/Jul/2025:18:07:28 +0000] "GET /?x=47749101101800&mod=c73dfe6c&uri=goods.php%3Fid%3D1593501-134%26name%3Dbest+disney+shows+2021 HTTP/1.1" 200 21784 "-" "Mozilla/5.0 (Linux; Android 6.0.1; Nexus 5X Build/MMB29P) AppleWebKit/537.36 (KHTML, like Gecko) Chrome/137.0.7151.103 Mobile Safari/537.36 (compatible; Googlebot/2.1; +http://www.google.com/bot.html)"
66.249.65.35 - - [13/Jul/2025:18:07:31 +0000] "GET /?x=47731477051800&mod=d25a34b9&uri=goods.php%3Fid%3D1592911-557%26name%3Dsoporte+cabezal+cepillo+oral+b HTTP/1.1" 200 22208 "-" "Mozilla/5.0 (Linux; Android 6.0.1; Nexus 5X Build/MMB29P) AppleWebKit/537.36 (KHTML, like Gecko) Chrome/137.0.7151.103 Mobile Safari/537.36 (compatible; Googlebot/2.1; +http://www.google.com/bot.html)"
66.249.65.35 - - [13/Jul/2025:18:07:32 +0000] "GET /?x=5723173041800&mod=333cb763&uri=search.php%3Fid%3D191114-334%26name%3Dhua+jai+sila+eng HTTP/1.1" 200 22374 "-" "Mozilla/5.0 (Linux; Android 6.0.1; Nexus 5X Build/MMB29P) AppleWebKit/537.36 (KHTML, like Gecko) Chrome/137.0.7151.103 Mobile Safari/537.36 (compatible; Googlebot/2.1; +http://www.google.com/bot.html)"
66.249.65.35 - - [13/Jul/2025:18:07:32 +0000] "GET /?x=26424021031800&mod=18ad9899&uri=form.php%3Fid%3D881915-265%26name%3Djaqueta+ultra+leve+com+capuz HTTP/1.1" 200 22347 "-" "Mozilla/5.0 (Linux; Android 6.0.1; Nexus 5X Build/MMB29P) AppleWebKit/537.36 (KHTML, like Gecko) Chrome/137.0.7151.103 Mobile Safari/537.36 (compatible; Googlebot/2.1; +http://www.google.com/bot.html)"
66.249.65.35 - - [13/Jul/2025:18:07:35 +0000] "POST /get-message-notify HTTP/1.1" 200 21860 "https://kraft-court.cafe/?x=5723173041800&mod=333cb763&uri=search.php%3Fid%3D191114-334%26name%3Dhua+jai+sila+eng" "Mozilla/5.0 (Linux; Android 6.0.1; Nexus 5X Build/MMB29P) AppleWebKit/537.36 (KHTML, like Gecko) Chrome/137.0.7151.119 Mobile Safari/537.36 (compatible; Googlebot/2.1; +http://www.google.com/bot.html)"
66.249.65.36 - - [13/Jul/2025:18:07:37 +0000] "GET /?x=47730277001800&mod=d25a34b9&uri=shared.php%3Fid%3D1592871-557%26name%3Dmejor+cepillo+de+dientes+del+mercado HTTP/1.1" 200 22338 "-" "Mozilla/5.0 (Linux; Android 6.0.1; Nexus 5X Build/MMB29P) AppleWebKit/537.36 (KHTML, like Gecko) Chrome/137.0.7151.103 Mobile Safari/537.36 (compatible; Googlebot/2.1; +http://www.google.com/bot.html)"
66.249.65.36 - - [13/Jul/2025:18:07:40 +0000] "POST /get-message-notify HTTP/1.1" 200 21869 "https://kraft-court.cafe/?x=47749101101800&mod=c73dfe6c&uri=goods.php%3Fid%3D1593501-134%26name%3Dbest+disney+shows+2021" "Mozilla/5.0 (Linux; Android 6.0.1; Nexus 5X Build/MMB29P) AppleWebKit/537.36 (KHTML, like Gecko) Chrome/137.0.7151.119 Mobile Safari/537.36 (compatible; Googlebot/2.1; +http://www.google.com/bot.html)"
66.249.65.35 - - [13/Jul/2025:18:07:40 +0000] "GET /?x=47739837001800&mod=d25a34b9&uri=pin.php%3Fid%3D1593191-557%26name%3Dsonajero+llaves+bebe HTTP/1.1" 200 22228 "-" "Mozilla/5.0 (Linux; Android 6.0.1; Nexus 5X Build/MMB29P) AppleWebKit/537.36 (KHTML, like Gecko) Chrome/137.0.7151.103 Mobile Safari/537.36 (compatible; Googlebot/2.1; +http://www.google.com/bot.html)"
66.249.65.36 - - [13/Jul/2025:18:07:43 +0000] "GET /?x=47703458071800&mod=293c3b96&uri=products.php%3Fid%3D1591973-1112%26name%3Dnike+splits HTTP/1.1" 200 20887 "-" "Mozilla/5.0 (Linux; Android 6.0.1; Nexus 5X Build/MMB29P) AppleWebKit/537.36 (KHTML, like Gecko) Chrome/137.0.7151.103 Mobile Safari/537.36 (compatible; Googlebot/2.1; +http://www.google.com/bot.html)"
66.249.65.36 - - [13/Jul/2025:18:07:46 +0000] "GET /?x=47746101001800&mod=c73dfe6c&uri=brands.php%3Fid%3D1593401-134%26name%3Ddoes+funimation+have+naruto+shippuden+in+canada HTTP/1.1" 200 22370 "-" "Mozilla/5.0 (Linux; Android 6.0.1; Nexus 5X Build/MMB29P) AppleWebKit/537.36 (KHTML, like Gecko) Chrome/137.0.7151.103 Mobile Safari/537.36 (compatible; Googlebot/2.1; +http://www.google.com/bot.html)"
66.249.65.36 - - [13/Jul/2025:18:07:48 +0000] "GET /?x=47730877011800&mod=d25a34b9&uri=form.php%3Fid%3D1592891-557%26name%3Doral+b+pasta+blanqueante HTTP/1.1" 200 22518 "-" "Mozilla/5.0 (Linux; Android 6.0.1; Nexus 5X Build/MMB29P) AppleWebKit/537.36 (KHTML, like Gecko) Chrome/137.0.7151.103 Mobile Safari/537.36 (compatible; Googlebot/2.1; +http://www.google.com/bot.html)"
66.249.65.36 - - [13/Jul/2025:18:07:51 +0000] "GET /?x=47741637001800&mod=d25a34b9&uri=dp.php%3Fid%3D1593251-557%26name%3Destimulacion+temprana+meses HTTP/1.1" 200 22230 "-" "Mozilla/5.0 (Linux; Android 6.0.1; Nexus 5X Build/MMB29P) AppleWebKit/537.36 (KHTML, like Gecko) Chrome/137.0.7151.103 Mobile Safari/537.36 (compatible; Googlebot/2.1; +http://www.google.com/bot.html)"
66.249.65.36 - - [13/Jul/2025:18:07:57 +0000] "GET /?x=47744923051800&mod=c73dfe6c&uri=category-info.php%3Fid%3D1593361-134%26name%3Dcrunchyroll+prison+school HTTP/1.1" 200 21909 "-" "Mozilla/5.0 (Linux; Android 6.0.1; Nexus 5X Build/MMB29P) AppleWebKit/537.36 (KHTML, like Gecko) Chrome/137.0.7151.103 Mobile Safari/537.36 (compatible; Googlebot/2.1; +http://www.google.com/bot.html)"
66.249.65.35 - - [13/Jul/2025:18:07:58 +0000] "POST /get-message-notify HTTP/1.1" 200 21847 "https://kraft-court.cafe/?x=47746101001800&mod=c73dfe6c&uri=brands.php%3Fid%3D1593401-134%26name%3Ddoes+funimation+have+naruto+shippuden+in+canada" "Mozilla/5.0 (Linux; Android 6.0.1; Nexus 5X Build/MMB29P) AppleWebKit/537.36 (KHTML, like Gecko) Chrome/137.0.7151.119 Mobile Safari/537.36 (compatible; Googlebot/2.1; +http://www.google.com/bot.html)"
66.249.65.35 - - [13/Jul/2025:18:08:00 +0000] "GET /?x=47738937071800&mod=d25a34b9&uri=article.php%3Fid%3D1593161-557%26name%3Destimulacion+meses HTTP/1.1" 200 21899 "-" "Mozilla/5.0 (Linux; Android 6.0.1; Nexus 5X Build/MMB29P) AppleWebKit/537.36 (KHTML, like Gecko) Chrome/137.0.7151.103 Mobile Safari/537.36 (compatible; Googlebot/2.1; +http://www.google.com/bot.html)"
66.249.65.35 - - [13/Jul/2025:18:08:02 +0000] "GET /?x=47733868011800&mod=d25a34b9&uri=category-info.php%3Fid%3D1592991-557%26name%3Dcarnotaurus+colosal+mattel HTTP/1.1" 200 22024 "-" "Mozilla/5.0 (Linux; Android 6.0.1; Nexus 5X Build/MMB29P) AppleWebKit/537.36 (KHTML, like Gecko) Chrome/137.0.7151.103 Mobile Safari/537.36 (compatible; Googlebot/2.1; +http://www.google.com/bot.html)"
66.249.65.35 - - [13/Jul/2025:18:08:05 +0000] "GET /?x=47735352031800&mod=d25a34b9&uri=brands.php%3Fid%3D1593041-557%26name%3Dcepillo+electrico+los+vengadores HTTP/1.1" 200 22318 "-" "Mozilla/5.0 (Linux; Android 6.0.1; Nexus 5X Build/MMB29P) AppleWebKit/537.36 (KHTML, like Gecko) Chrome/137.0.7151.103 Mobile Safari/537.36 (compatible; Googlebot/2.1; +http://www.google.com/bot.html)"
66.249.65.35 - - [13/Jul/2025:18:08:08 +0000] "GET /?x=47732077011800&mod=d25a34b9&uri=products.php%3Fid%3D1592931-557%26name%3Dphb+infantil HTTP/1.1" 200 22249 "-" "Mozilla/5.0 (Linux; Android 6.0.1; Nexus 5X Build/MMB29P) AppleWebKit/537.36 (KHTML, like Gecko) Chrome/137.0.7151.103 Mobile Safari/537.36 (compatible; Googlebot/2.1; +http://www.google.com/bot.html)"
66.249.65.35 - - [13/Jul/2025:18:08:11 +0000] "GET /?x=47743130031800&mod=c73dfe6c&uri=article.php%3Fid%3D1593301-134%26name%3Dboxing+for+free+tonight HTTP/1.1" 200 22182 "-" "Mozilla/5.0 (Linux; Android 6.0.1; Nexus 5X Build/MMB29P) AppleWebKit/537.36 (KHTML, like Gecko) Chrome/137.0.7151.103 Mobile Safari/537.36 (compatible; Googlebot/2.1; +http://www.google.com/bot.html)"
66.249.65.35 - - [13/Jul/2025:18:08:11 +0000] "POST /get-message-notify HTTP/1.1" 200 21871 "https://kraft-court.cafe/?x=47739837001800&mod=d25a34b9&uri=pin.php%3Fid%3D1593191-557%26name%3Dsonajero+llaves+bebe" "Mozilla/5.0 (Linux; Android 6.0.1; Nexus 5X Build/MMB29P) AppleWebKit/537.36 (KHTML, like Gecko) Chrome/137.0.7151.119 Mobile Safari/537.36 (compatible; Googlebot/2.1; +http://www.google.com/bot.html)"
66.249.65.35 - - [13/Jul/2025:18:08:14 +0000] "GET /?x=47731777031800&mod=d25a34b9&uri=category-info.php%3Fid%3D1592921-557%26name%3Dmini+cepillo+de+dientes+electrico HTTP/1.1" 200 22489 "-" "Mozilla/5.0 (Linux; Android 6.0.1; Nexus 5X Build/MMB29P) AppleWebKit/537.36 (KHTML, like Gecko) Chrome/137.0.7151.103 Mobile Safari/537.36 (compatible; Googlebot/2.1; +http://www.google.com/bot.html)"
66.249.65.35 - - [13/Jul/2025:18:08:14 +0000] "POST /get-message-notify HTTP/1.1" 200 21859 "https://kraft-court.cafe/?x=47735352031800&mod=d25a34b9&uri=brands.php%3Fid%3D1593041-557%26name%3Dcepillo+electrico+los+vengadores" "Mozilla/5.0 (Linux; Android 6.0.1; Nexus 5X Build/MMB29P) AppleWebKit/537.36 (KHTML, like Gecko) Chrome/137.0.7151.119 Mobile Safari/537.36 (compatible; Googlebot/2.1; +http://www.google.com/bot.html)"
66.249.65.35 - - [13/Jul/2025:18:08:18 +0000] "GET /?x=5540374031800&mod=ffbd6cbb&uri=pin.php%3Fid%3D184959-310%26name%3Dgeforce+gtx+1650+ti+specs HTTP/1.1" 200 22312 "-" "Mozilla/5.0 (Linux; Android 6.0.1; Nexus 5X Build/MMB29P) AppleWebKit/537.36 (KHTML, like Gecko) Chrome/137.0.7151.103 Mobile Safari/537.36 (compatible; Googlebot/2.1; +http://www.google.com/bot.html)"
66.249.65.35 - - [13/Jul/2025:18:08:19 +0000] "GET /?x=47736252001800&mod=d25a34b9&uri=shop.php%3Fid%3D1593071-557%26name%3Dtiempo+de+carga+cepillo+oral+b+braun HTTP/1.1" 200 22030 "-" "Mozilla/5.0 (Linux; Android 6.0.1; Nexus 5X Build/MMB29P) AppleWebKit/537.36 (KHTML, like Gecko) Chrome/137.0.7151.103 Mobile Safari/537.36 (compatible; Googlebot/2.1; +http://www.google.com/bot.html)"
66.249.65.35 - - [13/Jul/2025:18:08:22 +0000] "GET /?x=47728187031800&mod=d25a34b9&uri=news.php%3Fid%3D1592801-557%26name%3Dcu%C3%83%C2%A1nto+cuesta+la+bocina+de+alexa HTTP/1.1" 200 22927 "-" "Mozilla/5.0 (Linux; Android 6.0.1; Nexus 5X Build/MMB29P) AppleWebKit/537.36 (KHTML, like Gecko) Chrome/137.0.7151.103 Mobile Safari/537.36 (compatible; Googlebot/2.1; +http://www.google.com/bot.html)"
66.249.65.35 - - [13/Jul/2025:18:08:25 +0000] "GET /?x=47737445011800&mod=d25a34b9&uri=brands.php%3Fid%3D1593111-557%26name%3Dpasta+oral+b+frozen HTTP/1.1" 200 22108 "-" "Mozilla/5.0 (Linux; Android 6.0.1; Nexus 5X Build/MMB29P) AppleWebKit/537.36 (KHTML, like Gecko) Chrome/137.0.7151.103 Mobile Safari/537.36 (compatible; Googlebot/2.1; +http://www.google.com/bot.html)"
66.249.65.35 - - [13/Jul/2025:18:08:27 +0000] "POST /get-message-notify HTTP/1.1" 200 21844 "https://kraft-court.cafe/?x=47736252001800&mod=d25a34b9&uri=shop.php%3Fid%3D1593071-557%26name%3Dtiempo+de+carga+cepillo+oral+b+braun" "Mozilla/5.0 (Linux; Android 6.0.1; Nexus 5X Build/MMB29P) AppleWebKit/537.36 (KHTML, like Gecko) Chrome/137.0.7151.119 Mobile Safari/537.36 (compatible; Googlebot/2.1; +http://www.google.com/bot.html)"
66.249.65.35 - - [13/Jul/2025:18:08:27 +0000] "GET /?x=47739237011800&mod=d25a34b9&uri=info.php%3Fid%3D1593171-557%26name%3Doral+b+expert+superfloss HTTP/1.1" 200 22572 "-" "Mozilla/5.0 (Linux; Android 6.0.1; Nexus 5X Build/MMB29P) AppleWebKit/537.36 (KHTML, like Gecko) Chrome/137.0.7151.103 Mobile Safari/537.36 (compatible; Googlebot/2.1; +http://www.google.com/bot.html)"
66.249.65.36 - - [13/Jul/2025:18:08:32 +0000] "POST /get-message-notify HTTP/1.1" 200 21860 "https://kraft-court.cafe/?x=47743130031800&mod=c73dfe6c&uri=article.php%3Fid%3D1593301-134%26name%3Dboxing+for+free+tonight" "Mozilla/5.0 (Linux; Android 6.0.1; Nexus 5X Build/MMB29P) AppleWebKit/537.36 (KHTML, like Gecko) Chrome/137.0.7151.119 Mobile Safari/537.36 (compatible; Googlebot/2.1; +http://www.google.com/bot.html)"
66.249.65.35 - - [13/Jul/2025:18:08:33 +0000] "POST /get-message-notify HTTP/1.1" 200 21860 "https://kraft-court.cafe/?x=47737445011800&mod=d25a34b9&uri=brands.php%3Fid%3D1593111-557%26name%3Dpasta+oral+b+frozen" "Mozilla/5.0 (Linux; Android 6.0.1; Nexus 5X Build/MMB29P) AppleWebKit/537.36 (KHTML, like Gecko) Chrome/137.0.7151.119 Mobile Safari/537.36 (compatible; Googlebot/2.1; +http://www.google.com/bot.html)"
66.249.65.35 - - [13/Jul/2025:18:08:30 +0000] "GET /?x=63926166041800&mod=621fbd17&uri=goods.php%3Fid%3D2133274-338%26name%3Dadidas+4d+usa+uk HTTP/1.1" 200 21137 "-" "Mozilla/5.0 (Linux; Android 6.0.1; Nexus 5X Build/MMB29P) AppleWebKit/537.36 (KHTML, like Gecko) Chrome/137.0.7151.103 Mobile Safari/537.36 (compatible; Googlebot/2.1; +http://www.google.com/bot.html)"
66.249.65.36 - - [13/Jul/2025:18:08:33 +0000] "GET /?x=95927808021800&mod=621fbd17&uri=article.php%3Fid%3D3201332-338%26name%3Dadidas+us+coupon+brasil HTTP/1.1" 200 22032 "-" "Mozilla/5.0 (Linux; Android 6.0.1; Nexus 5X Build/MMB29P) AppleWebKit/537.36 (KHTML, like Gecko) Chrome/137.0.7151.103 Mobile Safari/537.36 (compatible; Googlebot/2.1; +http://www.google.com/bot.html)"
66.249.65.35 - - [13/Jul/2025:18:08:40 +0000] "GET /?x=47731177031800&mod=d25a34b9&uri=search.php%3Fid%3D1592901-557%26name%3Dpasta+de+oral+b HTTP/1.1" 200 22027 "-" "Mozilla/5.0 (Linux; Android 6.0.1; Nexus 5X Build/MMB29P) AppleWebKit/537.36 (KHTML, like Gecko) Chrome/137.0.7151.103 Mobile Safari/537.36 (compatible; Googlebot/2.1; +http://www.google.com/bot.html)"
66.249.65.36 - - [13/Jul/2025:18:08:41 +0000] "POST /get-message-notify HTTP/1.1" 200 21857 "https://kraft-court.cafe/?x=37768261001800&mod=a8849b05&uri=news.php%3Fid%3D1260539-57%26name%3Dbest+headset+for+pc+streaming" "Mozilla/5.0 (Linux; Android 6.0.1; Nexus 5X Build/MMB29P) AppleWebKit/537.36 (KHTML, like Gecko) Chrome/137.0.7151.119 Mobile Safari/537.36 (compatible; Googlebot/2.1; +http://www.google.com/bot.html)"
66.249.65.35 - - [13/Jul/2025:18:08:42 +0000] "GET /?x=119610430041800&mod=de4994a3&uri=info.php%3Fid%3D3991766-1161%26name%3Dnike+sb+gato HTTP/1.1" 200 21320 "-" "Mozilla/5.0 (Linux; Android 6.0.1; Nexus 5X Build/MMB29P) AppleWebKit/537.36 (KHTML, like Gecko) Chrome/137.0.7151.103 Mobile Safari/537.36 (compatible; Googlebot/2.1; +http://www.google.com/bot.html)"
66.249.65.36 - - [13/Jul/2025:18:08:42 +0000] "GET /?x=119578440011800&mod=55d99a37&uri=shop.php%3Fid%3D3990699-315%26name%3Drussische+uhre HTTP/1.1" 200 21773 "-" "Mozilla/5.0 (Linux; Android 6.0.1; Nexus 5X Build/MMB29P) AppleWebKit/537.36 (KHTML, like Gecko) Chrome/137.0.7151.103 Mobile Safari/537.36 (compatible; Googlebot/2.1; +http://www.google.com/bot.html)"
66.249.65.36 - - [13/Jul/2025:18:08:45 +0000] "POST /get-message-notify HTTP/1.1" 200 21863 "https://kraft-court.cafe/?x=47731177031800&mod=d25a34b9&uri=search.php%3Fid%3D1592901-557%26name%3Dpasta+de+oral+b" "Mozilla/5.0 (Linux; Android 6.0.1; Nexus 5X Build/MMB29P) AppleWebKit/537.36 (KHTML, like Gecko) Chrome/137.0.7151.119 Mobile Safari/537.36 (compatible; Googlebot/2.1; +http://www.google.com/bot.html)"
66.249.65.35 - - [13/Jul/2025:18:08:46 +0000] "GET /?x=119612710001800&mod=de4994a3&uri=search.php%3Fid%3D3991842-1161%26name%3Dnike+shoes+recycled+plastic HTTP/1.1" 200 22007 "-" "Mozilla/5.0 (Linux; Android 6.0.1; Nexus 5X Build/MMB29P) AppleWebKit/537.36 (KHTML, like Gecko) Chrome/137.0.7151.103 Mobile Safari/537.36 (compatible; Googlebot/2.1; +http://www.google.com/bot.html)"
66.249.65.35 - - [13/Jul/2025:18:08:48 +0000] "POST /get-message-notify HTTP/1.1" 200 21864 "https://kraft-court.cafe/?x=47730877011800&mod=d25a34b9&uri=form.php%3Fid%3D1592891-557%26name%3Doral+b+pasta+blanqueante" "Mozilla/5.0 (Linux; Android 6.0.1; Nexus 5X Build/MMB29P) AppleWebKit/537.36 (KHTML, like Gecko) Chrome/137.0.7151.119 Mobile Safari/537.36 (compatible; Googlebot/2.1; +http://www.google.com/bot.html)"
66.249.65.35 - - [13/Jul/2025:18:08:49 +0000] "GET /?x=119613970081800&mod=de4994a3&uri=us.php%3Fid%3D3991884-1161%26name%3Dnike+270s+for+sale HTTP/1.1" 200 21659 "-" "Mozilla/5.0 (Linux; Android 6.0.1; Nexus 5X Build/MMB29P) AppleWebKit/537.36 (KHTML, like Gecko) Chrome/137.0.7151.103 Mobile Safari/537.36 (compatible; Googlebot/2.1; +http://www.google.com/bot.html)"
66.249.65.35 - - [13/Jul/2025:18:08:53 +0000] "GET /?x=119613370061800&mod=de4994a3&uri=products.php%3Fid%3D3991864-1161%26name%3Dnew+balance+green+white HTTP/1.1" 200 21104 "-" "Mozilla/5.0 (Linux; Android 6.0.1; Nexus 5X Build/MMB29P) AppleWebKit/537.36 (KHTML, like Gecko) Chrome/137.0.7151.103 Mobile Safari/537.36 (compatible; Googlebot/2.1; +http://www.google.com/bot.html)"
66.249.65.36 - - [13/Jul/2025:18:08:54 +0000] "GET /?x=86488545001800&mod=d045c59a&uri=itm.php%3Fid%3D2886255-92%26name%3Dhighest+rated+movies+on+amazon+prime+free HTTP/1.1" 200 21478 "-" "Mozilla/5.0 (Linux; Android 6.0.1; Nexus 5X Build/MMB29P) AppleWebKit/537.36 (KHTML, like Gecko) Chrome/137.0.7151.103 Mobile Safari/537.36 (compatible; Googlebot/2.1; +http://www.google.com/bot.html)"
66.249.65.35 - - [13/Jul/2025:18:08:55 +0000] "GET /?x=119614210021800&mod=de4994a3&uri=shared.php%3Fid%3D3991892-1161%26name%3Dundefeated+nike+97 HTTP/1.1" 200 20783 "-" "Mozilla/5.0 (Linux; Android 6.0.1; Nexus 5X Build/MMB29P) AppleWebKit/537.36 (KHTML, like Gecko) Chrome/137.0.7151.103 Mobile Safari/537.36 (compatible; Googlebot/2.1; +http://www.google.com/bot.html)"
209.74.77.214 - - [13/Jul/2025:18:08:56 +0000] "POST /wp-cron.php?doing_wp_cron=1752430136.4035990238189697265625 HTTP/1.1" 200 - "-" "WordPress/6.8.1; https://kraft-court.cafe"
51.222.253.14 - - [13/Jul/2025:18:08:55 +0000] "GET /?x=62086338071800&uri=shared.php%3Fid%3D2071890-1372%26name%3Ddo%20dogs%20like%20to%20sleep%20in%20crates HTTP/1.1" 200 1931 "-" "Mozilla/5.0 (compatible; AhrefsBot/7.0; +http://ahrefs.com/robot/)"
66.249.65.35 - - [13/Jul/2025:18:08:58 +0000] "GET /?x=119613490021800&mod=de4994a3&uri=products.php%3Fid%3D3991868-1161%26name%3Dnike+adapt+slides HTTP/1.1" 200 20809 "-" "Mozilla/5.0 (Linux; Android 6.0.1; Nexus 5X Build/MMB29P) AppleWebKit/537.36 (KHTML, like Gecko) Chrome/137.0.7151.103 Mobile Safari/537.36 (compatible; Googlebot/2.1; +http://www.google.com/bot.html)"
66.249.65.36 - - [13/Jul/2025:18:09:00 +0000] "POST /get-message-notify HTTP/1.1" 200 21869 "https://kraft-court.cafe/?x=5943401011800&mod=c5bbd980&uri=products.php%3Fid%3D198472-344%26name%3Dbr+kicks+shoes" "Mozilla/5.0 (Linux; Android 6.0.1; Nexus 5X Build/MMB29P) AppleWebKit/537.36 (KHTML, like Gecko) Chrome/137.0.7151.119 Mobile Safari/537.36 (compatible; Googlebot/2.1; +http://www.google.com/bot.html)"
66.249.65.36 - - [13/Jul/2025:18:09:03 +0000] "GET /?x=119613010011800&mod=de4994a3&uri=products.php%3Fid%3D3991852-1161%26name%3Dair+max+97+air+max+day HTTP/1.1" 200 21622 "-" "Mozilla/5.0 (Linux; Android 6.0.1; Nexus 5X Build/MMB29P) AppleWebKit/537.36 (KHTML, like Gecko) Chrome/137.0.7151.103 Mobile Safari/537.36 (compatible; Googlebot/2.1; +http://www.google.com/bot.html)"
66.249.65.35 - - [13/Jul/2025:18:09:06 +0000] "GET /?x=119613070081800&mod=de4994a3&uri=category-info.php%3Fid%3D3991854-1161%26name%3Dnike+tennis+classic+velcro HTTP/1.1" 200 20956 "-" "Mozilla/5.0 (Linux; Android 6.0.1; Nexus 5X Build/MMB29P) AppleWebKit/537.36 (KHTML, like Gecko) Chrome/137.0.7151.103 Mobile Safari/537.36 (compatible; Googlebot/2.1; +http://www.google.com/bot.html)"
66.249.65.35 - - [13/Jul/2025:18:09:07 +0000] "POST /get-message-notify HTTP/1.1" 200 21869 "https://kraft-court.cafe/?x=119578440011800&mod=55d99a37&uri=shop.php%3Fid%3D3990699-315%26name%3Drussische+uhre" "Mozilla/5.0 (Linux; Android 6.0.1; Nexus 5X Build/MMB29P) AppleWebKit/537.36 (KHTML, like Gecko) Chrome/137.0.7151.119 Mobile Safari/537.36 (compatible; Googlebot/2.1; +http://www.google.com/bot.html)"
66.249.65.35 - - [13/Jul/2025:18:09:08 +0000] "GET /?x=119613430001800&mod=80b618eb&uri=dp.php%3Fid%3D3991866-572%26name%3Dnike+metcon+sneakers HTTP/1.1" 200 21146 "-" "Mozilla/5.0 (Linux; Android 6.0.1; Nexus 5X Build/MMB29P) AppleWebKit/537.36 (KHTML, like Gecko) Chrome/137.0.7151.103 Mobile Safari/537.36 (compatible; Googlebot/2.1; +http://www.google.com/bot.html)"
66.249.65.35 - - [13/Jul/2025:18:09:11 +0000] "GET /?x=119610730061800&mod=80b618eb&uri=itm.php%3Fid%3D3991776-572%26name%3Dnike+men%27s+reax+tr+iii+sl+cross+trainer HTTP/1.1" 200 21864 "-" "Mozilla/5.0 (Linux; Android 6.0.1; Nexus 5X Build/MMB29P) AppleWebKit/537.36 (KHTML, like Gecko) Chrome/137.0.7151.103 Mobile Safari/537.36 (compatible; Googlebot/2.1; +http://www.google.com/bot.html)"
66.249.65.35 - - [13/Jul/2025:18:09:14 +0000] "GET /?x=119613250021800&mod=de4994a3&uri=category-info.php%3Fid%3D3991860-1161%26name%3D97+tuned HTTP/1.1" 200 20182 "-" "Mozilla/5.0 (Linux; Android 6.0.1; Nexus 5X Build/MMB29P) AppleWebKit/537.36 (KHTML, like Gecko) Chrome/137.0.7151.103 Mobile Safari/537.36 (compatible; Googlebot/2.1; +http://www.google.com/bot.html)"
66.249.65.35 - - [13/Jul/2025:18:09:15 +0000] "POST /get-message-notify HTTP/1.1" 200 21867 "https://kraft-court.cafe/?x=119613070081800&mod=de4994a3&uri=category-info.php%3Fid%3D3991854-1161%26name%3Dnike+tennis+classic+velcro" "Mozilla/5.0 (Linux; Android 6.0.1; Nexus 5X Build/MMB29P) AppleWebKit/537.36 (KHTML, like Gecko) Chrome/137.0.7151.119 Mobile Safari/537.36 (compatible; Googlebot/2.1; +http://www.google.com/bot.html)"
66.249.65.35 - - [13/Jul/2025:18:09:17 +0000] "GET /?x=119611150041800&mod=de4994a3&uri=category-info.php%3Fid%3D3991790-1161%26name%3Dnike+tanjun+boot HTTP/1.1" 200 21136 "-" "Mozilla/5.0 (Linux; Android 6.0.1; Nexus 5X Build/MMB29P) AppleWebKit/537.36 (KHTML, like Gecko) Chrome/137.0.7151.103 Mobile Safari/537.36 (compatible; Googlebot/2.1; +http://www.google.com/bot.html)"
66.249.65.35 - - [13/Jul/2025:18:09:23 +0000] "GET /?x=119613190001800&mod=de4994a3&uri=us.php%3Fid%3D3991858-1161%26name%3Dair+force+grey+swoosh HTTP/1.1" 200 21705 "-" "Mozilla/5.0 (Linux; Android 6.0.1; Nexus 5X Build/MMB29P) AppleWebKit/537.36 (KHTML, like Gecko) Chrome/137.0.7151.103 Mobile Safari/537.36 (compatible; Googlebot/2.1; +http://www.google.com/bot.html)"
66.249.65.35 - - [13/Jul/2025:18:09:25 +0000] "GET /?x=119613130101800&mod=de4994a3&uri=dp.php%3Fid%3D3991856-1161%26name%3Dair+force+dark+green HTTP/1.1" 200 20229 "-" "Mozilla/5.0 (Linux; Android 6.0.1; Nexus 5X Build/MMB29P) AppleWebKit/537.36 (KHTML, like Gecko) Chrome/137.0.7151.103 Mobile Safari/537.36 (compatible; Googlebot/2.1; +http://www.google.com/bot.html)"
66.249.65.35 - - [13/Jul/2025:18:09:26 +0000] "GET /?x=119613670041800&mod=de4994a3&uri=news.php%3Fid%3D3991874-1161%26name%3Dnike+court+star HTTP/1.1" 200 21289 "-" "Mozilla/5.0 (Linux; Android 6.0.1; Nexus 5X Build/MMB29P) AppleWebKit/537.36 (KHTML, like Gecko) Chrome/137.0.7151.103 Mobile Safari/537.36 (compatible; Googlebot/2.1; +http://www.google.com/bot.html)"
66.249.65.35 - - [13/Jul/2025:18:09:30 +0000] "GET /?x=5967455071800&mod=c5bbd980&uri=category-info.php%3Fid%3D199274-344%26name%3Dskechers+light+up+shoes+warranty HTTP/1.1" 200 22095 "-" "Mozilla/5.0 (Linux; Android 6.0.1; Nexus 5X Build/MMB29P) AppleWebKit/537.36 (KHTML, like Gecko) Chrome/137.0.7151.103 Mobile Safari/537.36 (compatible; Googlebot/2.1; +http://www.google.com/bot.html)"
66.249.65.35 - - [13/Jul/2025:18:09:32 +0000] "POST /get-message-notify HTTP/1.1" 200 21858 "https://kraft-court.cafe/?x=119613130101800&mod=de4994a3&uri=dp.php%3Fid%3D3991856-1161%26name%3Dair+force+dark+green" "Mozilla/5.0 (Linux; Android 6.0.1; Nexus 5X Build/MMB29P) AppleWebKit/537.36 (KHTML, like Gecko) Chrome/137.0.7151.119 Mobile Safari/537.36 (compatible; Googlebot/2.1; +http://www.google.com/bot.html)"
66.249.65.35 - - [13/Jul/2025:18:09:33 +0000] "GET /?x=6030364031800&mod=b071cfa8&uri=article.php%3Fid%3D201375-347%26name%3Dsweat+half+zip+homme HTTP/1.1" 200 21326 "-" "Mozilla/5.0 (Linux; Android 6.0.1; Nexus 5X Build/MMB29P) AppleWebKit/537.36 (KHTML, like Gecko) Chrome/137.0.7151.103 Mobile Safari/537.36 (compatible; Googlebot/2.1; +http://www.google.com/bot.html)"
66.249.65.36 - - [13/Jul/2025:18:09:38 +0000] "GET /?x=6428306011800&mod=cd3afef9&uri=product.php%3Fid%3D214706-220%26name%3Dsto+gold+coat+for+sale HTTP/1.1" 200 20807 "-" "Mozilla/5.0 (Linux; Android 6.0.1; Nexus 5X Build/MMB29P) AppleWebKit/537.36 (KHTML, like Gecko) Chrome/137.0.7151.103 Mobile Safari/537.36 (compatible; Googlebot/2.1; +http://www.google.com/bot.html)"
66.249.65.35 - - [13/Jul/2025:18:09:36 +0000] "GET /?x=5619210041800&mod=e94fe9ac&uri=brands.php%3Fid%3D187616-332%26name%3Dapple+watch+jailbreak+tweaks HTTP/1.1" 200 21834 "-" "Mozilla/5.0 (Linux; Android 6.0.1; Nexus 5X Build/MMB29P) AppleWebKit/537.36 (KHTML, like Gecko) Chrome/137.0.7151.103 Mobile Safari/537.36 (compatible; Googlebot/2.1; +http://www.google.com/bot.html)"
66.249.65.36 - - [13/Jul/2025:18:09:41 +0000] "GET /?x=5736883011800&mod=29921001&uri=blog.php%3Fid%3D191582-155%26name%3Dwet+sounds+rev HTTP/1.1" 200 22179 "-" "Mozilla/5.0 (Linux; Android 6.0.1; Nexus 5X Build/MMB29P) AppleWebKit/537.36 (KHTML, like Gecko) Chrome/137.0.7151.103 Mobile Safari/537.36 (compatible; Googlebot/2.1; +http://www.google.com/bot.html)"
66.249.65.36 - - [13/Jul/2025:18:09:53 +0000] "GET /?x=5597040011800&mod=c4b43ae0&uri=shared.php%3Fid%3D186851-330%26name%3Dhow+to+get+air+out+of+boiler+heating+system HTTP/1.1" 200 21849 "-" "Mozilla/5.0 (Linux; Android 6.0.1; Nexus 5X Build/MMB29P) AppleWebKit/537.36 (KHTML, like Gecko) Chrome/137.0.7151.103 Mobile Safari/537.36 (compatible; Googlebot/2.1; +http://www.google.com/bot.html)"
66.249.65.35 - - [13/Jul/2025:18:09:48 +0000] "GET /?x=16021759081800&mod=cd3afef9&uri=blog.php%3Fid%3D534873-220%26name%3Dnorth+face+jacket+dickssportinggoods HTTP/1.1" 200 21720 "-" "Mozilla/5.0 (Linux; Android 6.0.1; Nexus 5X Build/MMB29P) AppleWebKit/537.36 (KHTML, like Gecko) Chrome/137.0.7151.103 Mobile Safari/537.36 (compatible; Googlebot/2.1; +http://www.google.com/bot.html)"
66.249.65.36 - - [13/Jul/2025:18:09:56 +0000] "GET /?x=119742305041800&mod=309928d4&uri=itm.php%3Fid%3D3996164-141%26name%3Dliza+minelli+tienda+de+ropa HTTP/1.1" 200 21558 "-" "Mozilla/5.0 (Linux; Android 6.0.1; Nexus 5X Build/MMB29P) AppleWebKit/537.36 (KHTML, like Gecko) Chrome/137.0.7151.103 Mobile Safari/537.36 (compatible; Googlebot/2.1; +http://www.google.com/bot.html)"
66.249.65.36 - - [13/Jul/2025:18:09:57 +0000] "GET /?x=5621655041800&mod=e94fe9ac&uri=category-info.php%3Fid%3D187700-332%26name%3Dwhat+day+of+the+month+is+it HTTP/1.1" 200 22297 "-" "Mozilla/5.0 (Linux; Android 6.0.1; Nexus 5X Build/MMB29P) AppleWebKit/537.36 (KHTML, like Gecko) Chrome/137.0.7151.103 Mobile Safari/537.36 (compatible; Googlebot/2.1; +http://www.google.com/bot.html)"
66.249.65.35 - - [13/Jul/2025:18:09:58 +0000] "POST /get-message-notify HTTP/1.1" 200 21854 "https://kraft-court.cafe/?x=5619210041800&mod=e94fe9ac&uri=brands.php%3Fid%3D187616-332%26name%3Dapple+watch+jailbreak+tweaks" "Mozilla/5.0 (Linux; Android 6.0.1; Nexus 5X Build/MMB29P) AppleWebKit/537.36 (KHTML, like Gecko) Chrome/137.0.7151.119 Mobile Safari/537.36 (compatible; Googlebot/2.1; +http://www.google.com/bot.html)"
66.249.65.36 - - [13/Jul/2025:18:09:58 +0000] "GET /?x=5622481081800&mod=e94fe9ac&uri=shared.php%3Fid%3D187728-332%26name%3Dwhat+day+is+the+29th HTTP/1.1" 200 21616 "-" "Mozilla/5.0 (Linux; Android 6.0.1; Nexus 5X Build/MMB29P) AppleWebKit/537.36 (KHTML, like Gecko) Chrome/137.0.7151.103 Mobile Safari/537.36 (compatible; Googlebot/2.1; +http://www.google.com/bot.html)"
66.249.65.35 - - [13/Jul/2025:18:09:59 +0000] "POST /get-message-notify HTTP/1.1" 200 21863 "https://kraft-court.cafe/?x=5967455071800&mod=c5bbd980&uri=category-info.php%3Fid%3D199274-344%26name%3Dskechers+light+up+shoes+warranty" "Mozilla/5.0 (Linux; Android 6.0.1; Nexus 5X Build/MMB29P) AppleWebKit/537.36 (KHTML, like Gecko) Chrome/137.0.7151.119 Mobile Safari/537.36 (compatible; Googlebot/2.1; +http://www.google.com/bot.html)"
66.249.65.36 - - [13/Jul/2025:18:10:00 +0000] "POST /get-message-notify HTTP/1.1" 200 21869 "https://kraft-court.cafe/?x=6213846001800&mod=6832a7b2&uri=blog.php%3Fid%3D207529-219%26name%3Dbread+bomb+fishing" "Mozilla/5.0 (Linux; Android 6.0.1; Nexus 5X Build/MMB29P) AppleWebKit/537.36 (KHTML, like Gecko) Chrome/137.0.7151.119 Mobile Safari/537.36 (compatible; Googlebot/2.1; +http://www.google.com/bot.html)"
66.249.65.35 - - [13/Jul/2025:18:10:00 +0000] "GET /?x=5623906061800&mod=e94fe9ac&uri=info.php%3Fid%3D187776-332%26name%3Dwhat%27s+the+day+of+the+month HTTP/1.1" 200 21930 "-" "Mozilla/5.0 (Linux; Android 6.0.1; Nexus 5X Build/MMB29P) AppleWebKit/537.36 (KHTML, like Gecko) Chrome/137.0.7151.103 Mobile Safari/537.36 (compatible; Googlebot/2.1; +http://www.google.com/bot.html)"
66.249.65.36 - - [13/Jul/2025:18:10:01 +0000] "POST /get-message-notify HTTP/1.1" 200 21862 "https://kraft-court.cafe/?x=16021759081800&mod=cd3afef9&uri=blog.php%3Fid%3D534873-220%26name%3Dnorth+face+jacket+dickssportinggoods" "Mozilla/5.0 (Linux; Android 6.0.1; Nexus 5X Build/MMB29P) AppleWebKit/537.36 (KHTML, like Gecko) Chrome/137.0.7151.119 Mobile Safari/537.36 (compatible; Googlebot/2.1; +http://www.google.com/bot.html)"
66.249.65.35 - - [13/Jul/2025:18:10:05 +0000] "POST /get-message-notify HTTP/1.1" 200 21861 "https://kraft-court.cafe/?x=5736883011800&mod=29921001&uri=blog.php%3Fid%3D191582-155%26name%3Dwet+sounds+rev" "Mozilla/5.0 (Linux; Android 6.0.1; Nexus 5X Build/MMB29P) AppleWebKit/537.36 (KHTML, like Gecko) Chrome/137.0.7151.119 Mobile Safari/537.36 (compatible; Googlebot/2.1; +http://www.google.com/bot.html)"
66.249.65.35 - - [13/Jul/2025:18:10:05 +0000] "POST /get-message-notify HTTP/1.1" 200 21861 "https://kraft-court.cafe/?x=119742305041800&mod=309928d4&uri=itm.php%3Fid%3D3996164-141%26name%3Dliza+minelli+tienda+de+ropa" "Mozilla/5.0 (Linux; Android 6.0.1; Nexus 5X Build/MMB29P) AppleWebKit/537.36 (KHTML, like Gecko) Chrome/137.0.7151.119 Mobile Safari/537.36 (compatible; Googlebot/2.1; +http://www.google.com/bot.html)"
66.249.65.35 - - [13/Jul/2025:18:10:06 +0000] "GET /?x=5626881021800&mod=e94fe9ac&uri=dp.php%3Fid%3D187876-332%26name%3Dprem+baura+mui+tor+diwana HTTP/1.1" 200 21868 "-" "Mozilla/5.0 (Linux; Android 6.0.1; Nexus 5X Build/MMB29P) AppleWebKit/537.36 (KHTML, like Gecko) Chrome/137.0.7151.103 Mobile Safari/537.36 (compatible; Googlebot/2.1; +http://www.google.com/bot.html)"
66.249.65.35 - - [13/Jul/2025:18:10:08 +0000] "GET /?x=5581002051800&mod=831b1ac5&uri=info.php%3Fid%3D186315-331%26name%3Dair+griffey HTTP/1.1" 200 21656 "-" "Mozilla/5.0 (Linux; Android 6.0.1; Nexus 5X Build/MMB29P) AppleWebKit/537.36 (KHTML, like Gecko) Chrome/137.0.7151.103 Mobile Safari/537.36 (compatible; Googlebot/2.1; +http://www.google.com/bot.html)"
66.249.65.35 - - [13/Jul/2025:18:10:11 +0000] "GET /?x=6169887031800&mod=62da8c91&uri=product.php%3Fid%3D206034-296%26name%3Dtumko+mere+dil+ne HTTP/1.1" 200 21868 "-" "Mozilla/5.0 (Linux; Android 6.0.1; Nexus 5X Build/MMB29P) AppleWebKit/537.36 (KHTML, like Gecko) Chrome/137.0.7151.103 Mobile Safari/537.36 (compatible; Googlebot/2.1; +http://www.google.com/bot.html)"
66.249.65.35 - - [13/Jul/2025:18:10:13 +0000] "GET /?x=6171467061800&mod=62da8c91&uri=us.php%3Fid%3D206088-296%26name%3Ddil+ne+yeh+kaha+dil+se HTTP/1.1" 200 21886 "-" "Mozilla/5.0 (Linux; Android 6.0.1; Nexus 5X Build/MMB29P) AppleWebKit/537.36 (KHTML, like Gecko) Chrome/137.0.7151.103 Mobile Safari/537.36 (compatible; Googlebot/2.1; +http://www.google.com/bot.html)"
66.249.65.35 - - [13/Jul/2025:18:10:17 +0000] "GET /?x=6161602091800&mod=5481b2f3&uri=article.php%3Fid%3D205755-356%26name%3Dmetcon+soldes HTTP/1.1" 200 20798 "-" "Mozilla/5.0 (Linux; Android 6.0.1; Nexus 5X Build/MMB29P) AppleWebKit/537.36 (KHTML, like Gecko) Chrome/137.0.7151.103 Mobile Safari/537.36 (compatible; Googlebot/2.1; +http://www.google.com/bot.html)"
66.249.65.35 - - [13/Jul/2025:18:10:18 +0000] "POST /get-message-notify HTTP/1.1" 200 21858 "https://kraft-court.cafe/?x=5626881021800&mod=e94fe9ac&uri=dp.php%3Fid%3D187876-332%26name%3Dprem+baura+mui+tor+diwana" "Mozilla/5.0 (Linux; Android 6.0.1; Nexus 5X Build/MMB29P) AppleWebKit/537.36 (KHTML, like Gecko) Chrome/137.0.7151.119 Mobile Safari/537.36 (compatible; Googlebot/2.1; +http://www.google.com/bot.html)"
66.249.65.35 - - [13/Jul/2025:18:10:21 +0000] "GET /?x=6154595051800&mod=ead81fe8&uri=article.php%3Fid%3D205521-352%26name%3Dadidas+super+court+home+of+classics HTTP/1.1" 200 21047 "-" "Mozilla/5.0 (Linux; Android 6.0.1; Nexus 5X Build/MMB29P) AppleWebKit/537.36 (KHTML, like Gecko) Chrome/137.0.7151.103 Mobile Safari/537.36 (compatible; Googlebot/2.1; +http://www.google.com/bot.html)"
66.249.65.35 - - [13/Jul/2025:18:10:24 +0000] "GET /?x=6163492001800&mod=5401acfe&uri=goods.php%3Fid%3D205818-351%26name%3Dfila+forerunner+homme HTTP/1.1" 200 21014 "-" "Mozilla/5.0 (Linux; Android 6.0.1; Nexus 5X Build/MMB29P) AppleWebKit/537.36 (KHTML, like Gecko) Chrome/137.0.7151.103 Mobile Safari/537.36 (compatible; Googlebot/2.1; +http://www.google.com/bot.html)"
66.249.65.35 - - [13/Jul/2025:18:10:29 +0000] "GET /?x=6160792121800&mod=5481b2f3&uri=news.php%3Fid%3D205728-356%26name%3Dchaussure+moto+homme+ete HTTP/1.1" 200 20524 "-" "Mozilla/5.0 (Linux; Android 6.0.1; Nexus 5X Build/MMB29P) AppleWebKit/537.36 (KHTML, like Gecko) Chrome/137.0.7151.103 Mobile Safari/537.36 (compatible; Googlebot/2.1; +http://www.google.com/bot.html)"
66.249.65.35 - - [13/Jul/2025:18:10:30 +0000] "GET /?x=6167760001800&mod=c2964caa&uri=category-info.php%3Fid%3D205962-358%26name%3Dreggiseni+calzedonia HTTP/1.1" 200 21159 "-" "Mozilla/5.0 (Linux; Android 6.0.1; Nexus 5X Build/MMB29P) AppleWebKit/537.36 (KHTML, like Gecko) Chrome/137.0.7151.103 Mobile Safari/537.36 (compatible; Googlebot/2.1; +http://www.google.com/bot.html)"
66.249.65.36 - - [13/Jul/2025:18:10:31 +0000] "POST /get-message-notify HTTP/1.1" 200 21859 "https://kraft-court.cafe/?x=119610730061800&mod=80b618eb&uri=itm.php%3Fid%3D3991776-572%26name%3Dnike+men%27s+reax+tr+iii+sl+cross+trainer" "Mozilla/5.0 (Linux; Android 6.0.1; Nexus 5X Build/MMB29P) AppleWebKit/537.36 (KHTML, like Gecko) Chrome/137.0.7151.119 Mobile Safari/537.36 (compatible; Googlebot/2.1; +http://www.google.com/bot.html)"
66.249.65.35 - - [13/Jul/2025:18:10:33 +0000] "GET /?x=6165880031800&mod=5401acfe&uri=products.php%3Fid%3D205899-351%26name%3Dbasket+fila+cdiscount HTTP/1.1" 200 21405 "-" "Mozilla/5.0 (Linux; Android 6.0.1; Nexus 5X Build/MMB29P) AppleWebKit/537.36 (KHTML, like Gecko) Chrome/137.0.7151.103 Mobile Safari/537.36 (compatible; Googlebot/2.1; +http://www.google.com/bot.html)"
66.249.65.35 - - [13/Jul/2025:18:10:40 +0000] "GET /?x=6169359001800&mod=c2964caa&uri=blog.php%3Fid%3D206016-358%26name%3Dintimissimi+bralette HTTP/1.1" 200 21247 "-" "Mozilla/5.0 (Linux; Android 6.0.1; Nexus 5X Build/MMB29P) AppleWebKit/537.36 (KHTML, like Gecko) Chrome/137.0.7151.103 Mobile Safari/537.36 (compatible; Googlebot/2.1; +http://www.google.com/bot.html)"
66.249.65.35 - - [13/Jul/2025:18:10:42 +0000] "GET /?x=6168279021800&mod=62da8c91&uri=blog.php%3Fid%3D205980-296%26name%3Dsubah+savere+lekar+tera+naam HTTP/1.1" 200 21845 "-" "Mozilla/5.0 (Linux; Android 6.0.1; Nexus 5X Build/MMB29P) AppleWebKit/537.36 (KHTML, like Gecko) Chrome/137.0.7151.103 Mobile Safari/537.36 (compatible; Googlebot/2.1; +http://www.google.com/bot.html)"
66.249.65.35 - - [13/Jul/2025:18:10:37 +0000] "GET /?x=32101385041800&mod=c4b43ae0&uri=form.php%3Fid%3D1071430-330%26name%3Dfish+hook+barb+protector HTTP/1.1" 200 21776 "-" "Mozilla/5.0 (Linux; Android 6.0.1; Nexus 5X Build/MMB29P) AppleWebKit/537.36 (KHTML, like Gecko) Chrome/137.0.7151.103 Mobile Safari/537.36 (compatible; Googlebot/2.1; +http://www.google.com/bot.html)"
66.249.65.36 - - [13/Jul/2025:18:10:47 +0000] "GET /?x=6174115021800&mod=62da8c91&uri=search.php%3Fid%3D206178-296%26name%3Dpunjabi+songs+2018+mp3 HTTP/1.1" 200 22079 "-" "Mozilla/5.0 (Linux; Android 6.0.1; Nexus 5X Build/MMB29P) AppleWebKit/537.36 (KHTML, like Gecko) Chrome/137.0.7151.103 Mobile Safari/537.36 (compatible; Googlebot/2.1; +http://www.google.com/bot.html)"
