66.249.65.35 - - [13/Jul/2025:19:21:52 +0000] "GET /?x=40136334051800&mod=42a3ddf2&uri=itm.php%3Fid%3D1339539-1145%26name%3Dgold+sequin+skirt+quilt HTTP/1.1" 200 20823 "-" "Mozilla/5.0 (Linux; Android 6.0.1; Nexus 5X Build/MMB29P) AppleWebKit/537.36 (KHTML, like Gecko) Chrome/137.0.7151.103 Mobile Safari/537.36 (compatible; Googlebot/2.1; +http://www.google.com/bot.html)"
66.249.65.35 - - [13/Jul/2025:19:21:52 +0000] "POST /get-message-notify HTTP/1.1" 200 21873 "https://kraft-court.cafe/?x=34808806041800&mod=3e524bf7&uri=shared.php%3Fid%3D1161798-362%26name%3Dwomens+plus+capri+pants" "Mozilla/5.0 (Linux; Android 6.0.1; Nexus 5X Build/MMB29P) AppleWebKit/537.36 (KHTML, like Gecko) Chrome/137.0.7151.119 Mobile Safari/537.36 (compatible; Googlebot/2.1; +http://www.google.com/bot.html)"
66.249.65.35 - - [13/Jul/2025:19:21:57 +0000] "GET /?x=34828606081800&mod=91394d0f&uri=news.php%3Fid%3D1162458-739%26name%3Dmatsuda+ironman+sunglasses HTTP/1.1" 200 21687 "-" "Mozilla/5.0 (Linux; Android 6.0.1; Nexus 5X Build/MMB29P) AppleWebKit/537.36 (KHTML, like Gecko) Chrome/137.0.7151.103 Mobile Safari/537.36 (compatible; Googlebot/2.1; +http://www.google.com/bot.html)"
66.249.65.36 - - [13/Jul/2025:19:21:58 +0000] "GET /?x=13333802011800&mod=9854d7af&uri=us.php%3Fid%3D445181-387%26name%3Dhow+to+get+waist+in+shape HTTP/1.1" 200 22850 "-" "Mozilla/5.0 (Linux; Android 6.0.1; Nexus 5X Build/MMB29P) AppleWebKit/537.36 (KHTML, like Gecko) Chrome/137.0.7151.103 Mobile Safari/537.36 (compatible; Googlebot/2.1; +http://www.google.com/bot.html)"
66.249.65.35 - - [13/Jul/2025:19:22:00 +0000] "GET /?x=6116735071800&mod=d3a7f48c&uri=dp.php%3Fid%3D204259-208%26name%3Dnx100+price HTTP/1.1" 200 20961 "-" "Mozilla/5.0 (Linux; Android 6.0.1; Nexus 5X Build/MMB29P) AppleWebKit/537.36 (KHTML, like Gecko) Chrome/137.0.7151.103 Mobile Safari/537.36 (compatible; Googlebot/2.1; +http://www.google.com/bot.html)"
66.249.65.35 - - [13/Jul/2025:19:22:01 +0000] "POST /get-message-notify HTTP/1.1" 200 21868 "https://kraft-court.cafe/?x=34828606081800&mod=91394d0f&uri=news.php%3Fid%3D1162458-739%26name%3Dmatsuda+ironman+sunglasses" "Mozilla/5.0 (Linux; Android 6.0.1; Nexus 5X Build/MMB29P) AppleWebKit/537.36 (KHTML, like Gecko) Chrome/137.0.7151.119 Mobile Safari/537.36 (compatible; Googlebot/2.1; +http://www.google.com/bot.html)"
66.249.65.35 - - [13/Jul/2025:19:22:02 +0000] "POST /get-message-notify HTTP/1.1" 200 21874 "https://kraft-court.cafe/?x=13333802011800&mod=9854d7af&uri=us.php%3Fid%3D445181-387%26name%3Dhow+to+get+waist+in+shape" "Mozilla/5.0 (Linux; Android 6.0.1; Nexus 5X Build/MMB29P) AppleWebKit/537.36 (KHTML, like Gecko) Chrome/137.0.7151.119 Mobile Safari/537.36 (compatible; Googlebot/2.1; +http://www.google.com/bot.html)"
66.249.65.35 - - [13/Jul/2025:19:22:03 +0000] "GET /?x=34806106021800&mod=4dfd2a14&uri=products.php%3Fid%3D1161708-949%26name%3Dmoncler+cyber+monday HTTP/1.1" 200 20633 "-" "Mozilla/5.0 (Linux; Android 6.0.1; Nexus 5X Build/MMB29P) AppleWebKit/537.36 (KHTML, like Gecko) Chrome/137.0.7151.103 Mobile Safari/537.36 (compatible; Googlebot/2.1; +http://www.google.com/bot.html)"
66.249.65.35 - - [13/Jul/2025:19:22:09 +0000] "GET /?x=34824106081800&mod=91394d0f&uri=form.php%3Fid%3D1162308-739%26name%3Didee+men%27s+polarized+sunglasses HTTP/1.1" 200 21491 "-" "Mozilla/5.0 (Linux; Android 6.0.1; Nexus 5X Build/MMB29P) AppleWebKit/537.36 (KHTML, like Gecko) Chrome/137.0.7151.103 Mobile Safari/537.36 (compatible; Googlebot/2.1; +http://www.google.com/bot.html)"
66.249.65.35 - - [13/Jul/2025:19:22:08 +0000] "GET /?x=5713895011800&mod=2de7cf20&uri=search.php%3Fid%3D190794-333%26name%3Dunisex+silver+wedding+rings HTTP/1.1" 200 22696 "-" "Mozilla/5.0 (Linux; Android 6.0.1; Nexus 5X Build/MMB29P) AppleWebKit/537.36 (KHTML, like Gecko) Chrome/137.0.7151.103 Mobile Safari/537.36 (compatible; Googlebot/2.1; +http://www.google.com/bot.html)"
66.249.65.35 - - [13/Jul/2025:19:22:11 +0000] "GET /?x=34806706031800&mod=ba95d78a&uri=pin.php%3Fid%3D1161728-317%26name%3D97+silver+black HTTP/1.1" 200 22262 "-" "Mozilla/5.0 (Linux; Android 6.0.1; Nexus 5X Build/MMB29P) AppleWebKit/537.36 (KHTML, like Gecko) Chrome/137.0.7151.103 Mobile Safari/537.36 (compatible; Googlebot/2.1; +http://www.google.com/bot.html)"
66.249.65.35 - - [13/Jul/2025:19:22:14 +0000] "GET /?x=6115535021800&mod=d3a7f48c&uri=info.php%3Fid%3D204219-208%26name%3Dsony+a+to+canon+ef HTTP/1.1" 200 21481 "-" "Mozilla/5.0 (Linux; Android 6.0.1; Nexus 5X Build/MMB29P) AppleWebKit/537.36 (KHTML, like Gecko) Chrome/137.0.7151.103 Mobile Safari/537.36 (compatible; Googlebot/2.1; +http://www.google.com/bot.html)"
66.249.65.35 - - [13/Jul/2025:19:22:17 +0000] "GET /?x=38319666041800&mod=dc6a7e65&uri=form.php%3Fid%3D1278932-308%26name%3Dmen%27s+lhotse+down+jacket+urban+navy HTTP/1.1" 200 21337 "-" "Mozilla/5.0 (Linux; Android 6.0.1; Nexus 5X Build/MMB29P) AppleWebKit/537.36 (KHTML, like Gecko) Chrome/137.0.7151.103 Mobile Safari/537.36 (compatible; Googlebot/2.1; +http://www.google.com/bot.html)"
66.249.65.35 - - [13/Jul/2025:19:22:19 +0000] "GET /?x=6101147071800&mod=0d0fd7c6&uri=shop.php%3Fid%3D203739-40%26name%3Dm12+battery+positive+and+negative HTTP/1.1" 200 21838 "-" "Mozilla/5.0 (Linux; Android 6.0.1; Nexus 5X Build/MMB29P) AppleWebKit/537.36 (KHTML, like Gecko) Chrome/137.0.7151.103 Mobile Safari/537.36 (compatible; Googlebot/2.1; +http://www.google.com/bot.html)"
66.249.65.35 - - [13/Jul/2025:19:22:22 +0000] "GET /?x=5924981011800&mod=4500e403&uri=article.php%3Fid%3D197858-342%26name%3Dgraco+swing+16+motions HTTP/1.1" 200 20882 "-" "Mozilla/5.0 (Linux; Android 6.0.1; Nexus 5X Build/MMB29P) AppleWebKit/537.36 (KHTML, like Gecko) Chrome/137.0.7151.103 Mobile Safari/537.36 (compatible; Googlebot/2.1; +http://www.google.com/bot.html)"
66.249.65.35 - - [13/Jul/2025:19:22:25 +0000] "GET /?x=6108095031800&mod=0d0fd7c6&uri=brands.php%3Fid%3D203971-40%26name%3Daku+makita+12v HTTP/1.1" 200 22280 "-" "Mozilla/5.0 (Linux; Android 6.0.1; Nexus 5X Build/MMB29P) AppleWebKit/537.36 (KHTML, like Gecko) Chrome/137.0.7151.103 Mobile Safari/537.36 (compatible; Googlebot/2.1; +http://www.google.com/bot.html)"
66.249.65.35 - - [13/Jul/2025:19:22:28 +0000] "GET /?x=5972975051800&mod=e3ea3396&uri=pin.php%3Fid%3D199458-345%26name%3Dvestidos+de+madrina+de+honor HTTP/1.1" 200 21703 "-" "Mozilla/5.0 (Linux; Android 6.0.1; Nexus 5X Build/MMB29P) AppleWebKit/537.36 (KHTML, like Gecko) Chrome/137.0.7151.103 Mobile Safari/537.36 (compatible; Googlebot/2.1; +http://www.google.com/bot.html)"
66.249.65.35 - - [13/Jul/2025:19:22:29 +0000] "POST /get-message-notify HTTP/1.1" 200 21875 "https://kraft-court.cafe/?x=34806706031800&mod=ba95d78a&uri=pin.php%3Fid%3D1161728-317%26name%3D97+silver+black" "Mozilla/5.0 (Linux; Android 6.0.1; Nexus 5X Build/MMB29P) AppleWebKit/537.36 (KHTML, like Gecko) Chrome/137.0.7151.119 Mobile Safari/537.36 (compatible; Googlebot/2.1; +http://www.google.com/bot.html)"
66.249.65.35 - - [13/Jul/2025:19:22:31 +0000] "GET /?x=6101867111800&mod=0d0fd7c6&uri=itm.php%3Fid%3D203763-40%26name%3Dmilwaukee+fuel+belt+sander HTTP/1.1" 200 22138 "-" "Mozilla/5.0 (Linux; Android 6.0.1; Nexus 5X Build/MMB29P) AppleWebKit/537.36 (KHTML, like Gecko) Chrome/137.0.7151.103 Mobile Safari/537.36 (compatible; Googlebot/2.1; +http://www.google.com/bot.html)"
66.249.65.35 - - [13/Jul/2025:19:22:32 +0000] "POST /get-message-notify HTTP/1.1" 200 21866 "https://kraft-court.cafe/?x=6108095031800&mod=0d0fd7c6&uri=brands.php%3Fid%3D203971-40%26name%3Daku+makita+12v" "Mozilla/5.0 (Linux; Android 6.0.1; Nexus 5X Build/MMB29P) AppleWebKit/537.36 (KHTML, like Gecko) Chrome/137.0.7151.119 Mobile Safari/537.36 (compatible; Googlebot/2.1; +http://www.google.com/bot.html)"
66.249.65.35 - - [13/Jul/2025:19:22:33 +0000] "GET /?x=6105215031800&mod=0d0fd7c6&uri=product.php%3Fid%3D203875-40%26name%3Dcp797+rebuild+kit HTTP/1.1" 200 21670 "-" "Mozilla/5.0 (Linux; Android 6.0.1; Nexus 5X Build/MMB29P) AppleWebKit/537.36 (KHTML, like Gecko) Chrome/137.0.7151.103 Mobile Safari/537.36 (compatible; Googlebot/2.1; +http://www.google.com/bot.html)"
66.249.65.36 - - [13/Jul/2025:19:22:36 +0000] "POST /get-message-notify HTTP/1.1" 200 21841 "https://kraft-court.cafe/?x=5972975051800&mod=e3ea3396&uri=pin.php%3Fid%3D199458-345%26name%3Dvestidos+de+madrina+de+honor" "Mozilla/5.0 (Linux; Android 6.0.1; Nexus 5X Build/MMB29P) AppleWebKit/537.36 (KHTML, like Gecko) Chrome/137.0.7151.119 Mobile Safari/537.36 (compatible; Googlebot/2.1; +http://www.google.com/bot.html)"
66.249.65.35 - - [13/Jul/2025:19:22:36 +0000] "GET /?x=6100907071800&mod=0d0fd7c6&uri=blog.php%3Fid%3D203731-40%26name%3Dgraco+tc+pro+cordless+airless+handheld HTTP/1.1" 200 21902 "-" "Mozilla/5.0 (Linux; Android 6.0.1; Nexus 5X Build/MMB29P) AppleWebKit/537.36 (KHTML, like Gecko) Chrome/137.0.7151.103 Mobile Safari/537.36 (compatible; Googlebot/2.1; +http://www.google.com/bot.html)"
66.249.65.35 - - [13/Jul/2025:19:22:39 +0000] "GET /?x=5763177061800&mod=97108695&uri=brands.php%3Fid%3D192459-335%26name%3Dfuser+for+nintendo+switch HTTP/1.1" 200 21525 "-" "Mozilla/5.0 (Linux; Android 6.0.1; Nexus 5X Build/MMB29P) AppleWebKit/537.36 (KHTML, like Gecko) Chrome/137.0.7151.103 Mobile Safari/537.36 (compatible; Googlebot/2.1; +http://www.google.com/bot.html)"
66.249.65.35 - - [13/Jul/2025:19:22:42 +0000] "GET /?x=34972050071800&mod=f08b7ac8&uri=info.php%3Fid%3D1167247-463%26name%3Dcase+cooler+master+nr200p HTTP/1.1" 200 21940 "-" "Mozilla/5.0 (Linux; Android 6.0.1; Nexus 5X Build/MMB29P) AppleWebKit/537.36 (KHTML, like Gecko) Chrome/137.0.7151.103 Mobile Safari/537.36 (compatible; Googlebot/2.1; +http://www.google.com/bot.html)"
66.249.65.35 - - [13/Jul/2025:19:22:45 +0000] "GET /?x=34972770011800&mod=f08b7ac8&uri=shop.php%3Fid%3D1167271-463%26name%3Dsmall+quiet+pc+case HTTP/1.1" 200 21644 "-" "Mozilla/5.0 (Linux; Android 6.0.1; Nexus 5X Build/MMB29P) AppleWebKit/537.36 (KHTML, like Gecko) Chrome/137.0.7151.103 Mobile Safari/537.36 (compatible; Googlebot/2.1; +http://www.google.com/bot.html)"
66.249.65.36 - - [13/Jul/2025:19:22:47 +0000] "POST /get-message-notify HTTP/1.1" 200 21865 "https://kraft-court.cafe/?x=6100907071800&mod=0d0fd7c6&uri=blog.php%3Fid%3D203731-40%26name%3Dgraco+tc+pro+cordless+airless+handheld" "Mozilla/5.0 (Linux; Android 6.0.1; Nexus 5X Build/MMB29P) AppleWebKit/537.36 (KHTML, like Gecko) Chrome/137.0.7151.119 Mobile Safari/537.36 (compatible; Googlebot/2.1; +http://www.google.com/bot.html)"
66.249.65.35 - - [13/Jul/2025:19:22:47 +0000] "GET /?x=34961497031800&mod=b98249b3&uri=shop.php%3Fid%3D1166895-328%26name%3Dsalewa+schuhe+herren+g%C3%83%C2%BCnstig HTTP/1.1" 200 21987 "-" "Mozilla/5.0 (Linux; Android 6.0.1; Nexus 5X Build/MMB29P) AppleWebKit/537.36 (KHTML, like Gecko) Chrome/137.0.7151.103 Mobile Safari/537.36 (compatible; Googlebot/2.1; +http://www.google.com/bot.html)"
66.249.65.36 - - [13/Jul/2025:19:22:50 +0000] "GET /?x=34971810031800&mod=f08b7ac8&uri=shared.php%3Fid%3D1167239-463%26name%3Dnewegg+lian+li+o11+mini HTTP/1.1" 200 22094 "-" "Mozilla/5.0 (Linux; Android 6.0.1; Nexus 5X Build/MMB29P) AppleWebKit/537.36 (KHTML, like Gecko) Chrome/137.0.7151.103 Mobile Safari/537.36 (compatible; Googlebot/2.1; +http://www.google.com/bot.html)"
66.249.65.35 - - [13/Jul/2025:19:22:53 +0000] "GET /?x=5795768131800&mod=165a59f7&uri=product.php%3Fid%3D193546-336%26name%3Dsaint+barth+borse+uncinetto HTTP/1.1" 200 20859 "-" "Mozilla/5.0 (Linux; Android 6.0.1; Nexus 5X Build/MMB29P) AppleWebKit/537.36 (KHTML, like Gecko) Chrome/137.0.7151.103 Mobile Safari/537.36 (compatible; Googlebot/2.1; +http://www.google.com/bot.html)"
66.249.65.36 - - [13/Jul/2025:19:22:56 +0000] "GET /?x=34965817031800&mod=f08b7ac8&uri=form.php%3Fid%3D1167039-463%26name%3Ddan+a4+v4 HTTP/1.1" 200 22086 "-" "Mozilla/5.0 (Linux; Android 6.0.1; Nexus 5X Build/MMB29P) AppleWebKit/537.36 (KHTML, like Gecko) Chrome/137.0.7151.103 Mobile Safari/537.36 (compatible; Googlebot/2.1; +http://www.google.com/bot.html)"
66.249.65.35 - - [13/Jul/2025:19:22:59 +0000] "GET /?x=34973242051800&mod=f08b7ac8&uri=search.php%3Fid%3D1167287-463%26name%3Dsff+to+atx HTTP/1.1" 200 22241 "-" "Mozilla/5.0 (Linux; Android 6.0.1; Nexus 5X Build/MMB29P) AppleWebKit/537.36 (KHTML, like Gecko) Chrome/137.0.7151.103 Mobile Safari/537.36 (compatible; Googlebot/2.1; +http://www.google.com/bot.html)"
66.249.65.35 - - [13/Jul/2025:19:23:02 +0000] "GET /?x=34963897001800&mod=f08b7ac8&uri=blog.php%3Fid%3D1166975-463%26name%3Dathlon+445 HTTP/1.1" 200 22093 "-" "Mozilla/5.0 (Linux; Android 6.0.1; Nexus 5X Build/MMB29P) AppleWebKit/537.36 (KHTML, like Gecko) Chrome/137.0.7151.103 Mobile Safari/537.36 (compatible; Googlebot/2.1; +http://www.google.com/bot.html)"
66.249.65.35 - - [13/Jul/2025:19:23:05 +0000] "GET /?x=34830436041800&mod=91394d0f&uri=itm.php%3Fid%3D1162519-739%26name%3Dhobie+el+capitan+sunglasses HTTP/1.1" 200 21278 "-" "Mozilla/5.0 (Linux; Android 6.0.1; Nexus 5X Build/MMB29P) AppleWebKit/537.36 (KHTML, like Gecko) Chrome/137.0.7151.103 Mobile Safari/537.36 (compatible; Googlebot/2.1; +http://www.google.com/bot.html)"
66.249.65.35 - - [13/Jul/2025:19:23:08 +0000] "GET /?x=34961017091800&mod=b98249b3&uri=brands.php%3Fid%3D1166879-328%26name%3Dwalkx+gummistiefel+gef%C3%83%C2%BCttert HTTP/1.1" 200 22320 "-" "Mozilla/5.0 (Linux; Android 6.0.1; Nexus 5X Build/MMB29P) AppleWebKit/537.36 (KHTML, like Gecko) Chrome/137.0.7151.103 Mobile Safari/537.36 (compatible; Googlebot/2.1; +http://www.google.com/bot.html)"
66.249.65.35 - - [13/Jul/2025:19:23:10 +0000] "GET /?x=34955745031800&mod=b98249b3&uri=article.php%3Fid%3D1166703-328%26name%3Datlas+arbeitsschuhe+s3+gore+tex HTTP/1.1" 200 22255 "-" "Mozilla/5.0 (Linux; Android 6.0.1; Nexus 5X Build/MMB29P) AppleWebKit/537.36 (KHTML, like Gecko) Chrome/137.0.7151.103 Mobile Safari/537.36 (compatible; Googlebot/2.1; +http://www.google.com/bot.html)"
66.249.65.35 - - [13/Jul/2025:19:23:10 +0000] "POST /get-message-notify HTTP/1.1" 200 21860 "https://kraft-court.cafe/?x=34963897001800&mod=f08b7ac8&uri=blog.php%3Fid%3D1166975-463%26name%3Dathlon+445" "Mozilla/5.0 (Linux; Android 6.0.1; Nexus 5X Build/MMB29P) AppleWebKit/537.36 (KHTML, like Gecko) Chrome/137.0.7151.119 Mobile Safari/537.36 (compatible; Googlebot/2.1; +http://www.google.com/bot.html)"
66.249.65.35 - - [13/Jul/2025:19:23:13 +0000] "GET /?x=34955505031800&mod=b98249b3&uri=shared.php%3Fid%3D1166695-328%26name%3Dstylische+motorradschuhe HTTP/1.1" 200 22020 "-" "Mozilla/5.0 (Linux; Android 6.0.1; Nexus 5X Build/MMB29P) AppleWebKit/537.36 (KHTML, like Gecko) Chrome/137.0.7151.103 Mobile Safari/537.36 (compatible; Googlebot/2.1; +http://www.google.com/bot.html)"
66.249.65.35 - - [13/Jul/2025:19:23:13 +0000] "POST /get-message-notify HTTP/1.1" 200 21870 "https://kraft-court.cafe/?x=34830436041800&mod=91394d0f&uri=itm.php%3Fid%3D1162519-739%26name%3Dhobie+el+capitan+sunglasses" "Mozilla/5.0 (Linux; Android 6.0.1; Nexus 5X Build/MMB29P) AppleWebKit/537.36 (KHTML, like Gecko) Chrome/137.0.7151.119 Mobile Safari/537.36 (compatible; Googlebot/2.1; +http://www.google.com/bot.html)"
66.249.65.35 - - [13/Jul/2025:19:23:16 +0000] "GET /?x=34935963081800&mod=e88f243b&uri=goods.php%3Fid%3D1166038-481%26name%3Dvivo+v1+pro+back+cover HTTP/1.1" 200 21258 "-" "Mozilla/5.0 (Linux; Android 6.0.1; Nexus 5X Build/MMB29P) AppleWebKit/537.36 (KHTML, like Gecko) Chrome/137.0.7151.103 Mobile Safari/537.36 (compatible; Googlebot/2.1; +http://www.google.com/bot.html)"
66.249.65.35 - - [13/Jul/2025:19:23:17 +0000] "POST /get-message-notify HTTP/1.1" 200 21876 "https://kraft-court.cafe/?x=34961017091800&mod=b98249b3&uri=brands.php%3Fid%3D1166879-328%26name%3Dwalkx+gummistiefel+gef%C3%83%C2%BCttert" "Mozilla/5.0 (Linux; Android 6.0.1; Nexus 5X Build/MMB29P) AppleWebKit/537.36 (KHTML, like Gecko) Chrome/137.0.7151.119 Mobile Safari/537.36 (compatible; Googlebot/2.1; +http://www.google.com/bot.html)"
66.249.65.35 - - [13/Jul/2025:19:23:19 +0000] "GET /?x=34970610011800&mod=f08b7ac8&uri=product.php%3Fid%3D1167199-463%26name%3Damd+athlon+core HTTP/1.1" 200 22190 "-" "Mozilla/5.0 (Linux; Android 6.0.1; Nexus 5X Build/MMB29P) AppleWebKit/537.36 (KHTML, like Gecko) Chrome/137.0.7151.103 Mobile Safari/537.36 (compatible; Googlebot/2.1; +http://www.google.com/bot.html)"
66.249.65.35 - - [13/Jul/2025:19:23:22 +0000] "GET /?x=34922763081800&mod=0e9fa1f3&uri=shop.php%3Fid%3D1165598-128%26name%3Dspare+rib+tips+recipe HTTP/1.1" 200 21370 "-" "Mozilla/5.0 (Linux; Android 6.0.1; Nexus 5X Build/MMB29P) AppleWebKit/537.36 (KHTML, like Gecko) Chrome/137.0.7151.103 Mobile Safari/537.36 (compatible; Googlebot/2.1; +http://www.google.com/bot.html)"
66.249.65.35 - - [13/Jul/2025:19:23:24 +0000] "GET /?x=34961257071800&mod=f08b7ac8&uri=product.php%3Fid%3D1166887-463%26name%3Damd+athlon+645 HTTP/1.1" 200 21540 "-" "Mozilla/5.0 (Linux; Android 6.0.1; Nexus 5X Build/MMB29P) AppleWebKit/537.36 (KHTML, like Gecko) Chrome/137.0.7151.103 Mobile Safari/537.36 (compatible; Googlebot/2.1; +http://www.google.com/bot.html)"
66.249.65.35 - - [13/Jul/2025:19:23:26 +0000] "GET /?x=34967730031800&mod=f08b7ac8&uri=shared.php%3Fid%3D1167103-463%26name%3Dmini+forum+ryzen HTTP/1.1" 200 22236 "-" "Mozilla/5.0 (Linux; Android 6.0.1; Nexus 5X Build/MMB29P) AppleWebKit/537.36 (KHTML, like Gecko) Chrome/137.0.7151.103 Mobile Safari/537.36 (compatible; Googlebot/2.1; +http://www.google.com/bot.html)"
66.249.65.35 - - [13/Jul/2025:19:23:29 +0000] "GET /?x=34961977011800&mod=f08b7ac8&uri=products.php%3Fid%3D1166911-463%26name%3Damd+athlon+x2+215+ghz HTTP/1.1" 200 22294 "-" "Mozilla/5.0 (Linux; Android 6.0.1; Nexus 5X Build/MMB29P) AppleWebKit/537.36 (KHTML, like Gecko) Chrome/137.0.7151.103 Mobile Safari/537.36 (compatible; Googlebot/2.1; +http://www.google.com/bot.html)"
66.249.65.35 - - [13/Jul/2025:19:23:31 +0000] "POST /get-message-notify HTTP/1.1" 200 21872 "https://kraft-court.cafe/?x=34922763081800&mod=0e9fa1f3&uri=shop.php%3Fid%3D1165598-128%26name%3Dspare+rib+tips+recipe" "Mozilla/5.0 (Linux; Android 6.0.1; Nexus 5X Build/MMB29P) AppleWebKit/537.36 (KHTML, like Gecko) Chrome/137.0.7151.119 Mobile Safari/537.36 (compatible; Googlebot/2.1; +http://www.google.com/bot.html)"
66.249.74.67 - - [13/Jul/2025:19:23:32 +0000] "GET /?x=34956943011800&mod=b98249b3&uri=info.php%3Fid%3D1166743-328%26name%3Dchurch%27s+chelsea+boots+damen HTTP/1.1" 200 22080 "-" "Mozilla/5.0 (Linux; Android 6.0.1; Nexus 5X Build/MMB29P) AppleWebKit/537.36 (KHTML, like Gecko) Chrome/137.0.7151.103 Mobile Safari/537.36 (compatible; Googlebot/2.1; +http://www.google.com/bot.html)"
66.249.73.4 - - [13/Jul/2025:19:23:35 +0000] "GET /?x=109378153001800&mod=91394d0f&uri=shop.php%3Fid%3D3650292-739%26name%3Dkilly+sunglasses HTTP/1.1" 200 22352 "-" "Mozilla/5.0 (Linux; Android 6.0.1; Nexus 5X Build/MMB29P) AppleWebKit/537.36 (KHTML, like Gecko) Chrome/137.0.7151.103 Mobile Safari/537.36 (compatible; Googlebot/2.1; +http://www.google.com/bot.html)"
66.249.74.169 - - [13/Jul/2025:19:23:38 +0000] "GET /?x=34962217031800&mod=f08b7ac8&uri=brands.php%3Fid%3D1166919-463%26name%3Dathlon+x4+740 HTTP/1.1" 200 22131 "-" "Mozilla/5.0 (Linux; Android 6.0.1; Nexus 5X Build/MMB29P) AppleWebKit/537.36 (KHTML, like Gecko) Chrome/137.0.7151.103 Mobile Safari/537.36 (compatible; Googlebot/2.1; +http://www.google.com/bot.html)"
66.249.65.36 - - [13/Jul/2025:19:23:40 +0000] "GET /?x=34971570031800&mod=f8e91848&uri=product.php%3Fid%3D1167231-802%26name%3Dcomo+eliminar+el+vello+de+las+piernas+para+siempre+naturalmente HTTP/1.1" 200 21916 "-" "Mozilla/5.0 (Linux; Android 6.0.1; Nexus 5X Build/MMB29P) AppleWebKit/537.36 (KHTML, like Gecko) Chrome/137.0.7151.103 Mobile Safari/537.36 (compatible; Googlebot/2.1; +http://www.google.com/bot.html)"
66.249.65.36 - - [13/Jul/2025:19:23:43 +0000] "GET /?x=34958623091800&mod=b98249b3&uri=article.php%3Fid%3D1166799-328%26name%3Dbiker+boots+damen+40 HTTP/1.1" 200 21473 "-" "Mozilla/5.0 (Linux; Android 6.0.1; Nexus 5X Build/MMB29P) AppleWebKit/537.36 (KHTML, like Gecko) Chrome/137.0.7151.103 Mobile Safari/537.36 (compatible; Googlebot/2.1; +http://www.google.com/bot.html)"
66.249.65.35 - - [13/Jul/2025:19:23:46 +0000] "GET /?x=34896387031800&mod=3d489341&uri=info.php%3Fid%3D1164718-699%26name%3Dbraided+line+scissors HTTP/1.1" 200 22462 "-" "Mozilla/5.0 (Linux; Android 6.0.1; Nexus 5X Build/MMB29P) AppleWebKit/537.36 (KHTML, like Gecko) Chrome/137.0.7151.103 Mobile Safari/537.36 (compatible; Googlebot/2.1; +http://www.google.com/bot.html)"
66.249.65.36 - - [13/Jul/2025:19:23:49 +0000] "GET /?x=5799128001800&mod=165a59f7&uri=dp.php%3Fid%3D193658-336%26name%3Dmichael+kors+borse+selma HTTP/1.1" 200 22239 "-" "Mozilla/5.0 (Linux; Android 6.0.1; Nexus 5X Build/MMB29P) AppleWebKit/537.36 (KHTML, like Gecko) Chrome/137.0.7151.103 Mobile Safari/537.36 (compatible; Googlebot/2.1; +http://www.google.com/bot.html)"
66.249.65.35 - - [13/Jul/2025:19:23:51 +0000] "GET /?x=34957423031800&mod=b98249b3&uri=shop.php%3Fid%3D1166759-328%26name%3Dhoher+hausschuh HTTP/1.1" 200 22216 "-" "Mozilla/5.0 (Linux; Android 6.0.1; Nexus 5X Build/MMB29P) AppleWebKit/537.36 (KHTML, like Gecko) Chrome/137.0.7151.103 Mobile Safari/537.36 (compatible; Googlebot/2.1; +http://www.google.com/bot.html)"
66.249.65.35 - - [13/Jul/2025:19:23:54 +0000] "GET /?x=34968930081800&mod=f08b7ac8&uri=goods.php%3Fid%3D1167143-463%26name%3Dsilverstone+380 HTTP/1.1" 200 21579 "-" "Mozilla/5.0 (Linux; Android 6.0.1; Nexus 5X Build/MMB29P) AppleWebKit/537.36 (KHTML, like Gecko) Chrome/137.0.7151.103 Mobile Safari/537.36 (compatible; Googlebot/2.1; +http://www.google.com/bot.html)"
66.249.65.35 - - [13/Jul/2025:19:24:00 +0000] "GET /?x=34956703031800&mod=b98249b3&uri=dp.php%3Fid%3D1166735-328%26name%3Dles+tropeziennes+sandalen+sale HTTP/1.1" 200 21880 "-" "Mozilla/5.0 (Linux; Android 6.0.1; Nexus 5X Build/MMB29P) AppleWebKit/537.36 (KHTML, like Gecko) Chrome/137.0.7151.103 Mobile Safari/537.36 (compatible; Googlebot/2.1; +http://www.google.com/bot.html)"
66.249.65.35 - - [13/Jul/2025:19:23:57 +0000] "GET /?x=118431203031800&mod=91394d0f&uri=goods.php%3Fid%3D3952428-739%26name%3Dmake+sunglasses+prescription HTTP/1.1" 200 21673 "-" "Mozilla/5.0 (Linux; Android 6.0.1; Nexus 5X Build/MMB29P) AppleWebKit/537.36 (KHTML, like Gecko) Chrome/137.0.7151.103 Mobile Safari/537.36 (compatible; Googlebot/2.1; +http://www.google.com/bot.html)"
66.249.65.35 - - [13/Jul/2025:19:24:04 +0000] "GET /?x=34959583011800&mod=b98249b3&uri=us.php%3Fid%3D1166831-328%26name%3Dmeindl+damen+wasserdicht HTTP/1.1" 200 22250 "-" "Mozilla/5.0 (Linux; Android 6.0.1; Nexus 5X Build/MMB29P) AppleWebKit/537.36 (KHTML, like Gecko) Chrome/137.0.7151.103 Mobile Safari/537.36 (compatible; Googlebot/2.1; +http://www.google.com/bot.html)"
66.249.65.37 - - [13/Jul/2025:19:24:06 +0000] "GET /?x=34964137031800&mod=f08b7ac8&uri=search.php%3Fid%3D1166983-463%26name%3Dsilverstone+ml09b HTTP/1.1" 200 21658 "-" "Mozilla/5.0 (Linux; Android 6.0.1; Nexus 5X Build/MMB29P) AppleWebKit/537.36 (KHTML, like Gecko) Chrome/137.0.7151.103 Mobile Safari/537.36 (compatible; Googlebot/2.1; +http://www.google.com/bot.html)"
66.249.65.36 - - [13/Jul/2025:19:24:10 +0000] "GET /?x=34968450071800&mod=f08b7ac8&uri=goods.php%3Fid%3D1167127-463%26name%3Do11+dynamic+mini+amazon HTTP/1.1" 200 21881 "-" "Mozilla/5.0 (Linux; Android 6.0.1; Nexus 5X Build/MMB29P) AppleWebKit/537.36 (KHTML, like Gecko) Chrome/137.0.7151.103 Mobile Safari/537.36 (compatible; Googlebot/2.1; +http://www.google.com/bot.html)"
66.249.65.35 - - [13/Jul/2025:19:24:15 +0000] "GET /?x=77782721071800&mod=333cb763&uri=news.php%3Fid%3D2595695-334%26name%3Dwizards+of+waverly+place+s1+e1 HTTP/1.1" 200 21761 "-" "Mozilla/5.0 (Linux; Android 6.0.1; Nexus 5X Build/MMB29P) AppleWebKit/537.36 (KHTML, like Gecko) Chrome/137.0.7151.103 Mobile Safari/537.36 (compatible; Googlebot/2.1; +http://www.google.com/bot.html)"
66.249.65.35 - - [13/Jul/2025:19:24:13 +0000] "GET /?x=34966297101800&mod=f08b7ac8&uri=products.php%3Fid%3D1167055-463%26name%3Dld03+case HTTP/1.1" 200 21520 "-" "Mozilla/5.0 (Linux; Android 6.0.1; Nexus 5X Build/MMB29P) AppleWebKit/537.36 (KHTML, like Gecko) Chrome/137.0.7151.103 Mobile Safari/537.36 (compatible; Googlebot/2.1; +http://www.google.com/bot.html)"
66.249.65.35 - - [13/Jul/2025:19:24:18 +0000] "GET /?x=34687303001800&mod=040a99f2&uri=brands.php%3Fid%3D1157742-322%26name%3Dsamsung+dishwasher+sale HTTP/1.1" 200 21912 "-" "Mozilla/5.0 (Linux; Android 6.0.1; Nexus 5X Build/MMB29P) AppleWebKit/537.36 (KHTML, like Gecko) Chrome/137.0.7151.103 Mobile Safari/537.36 (compatible; Googlebot/2.1; +http://www.google.com/bot.html)"
66.249.65.35 - - [13/Jul/2025:19:24:19 +0000] "GET /?x=34963177011800&mod=f08b7ac8&uri=search.php%3Fid%3D1166951-463%26name%3Dadx435wfk32gi HTTP/1.1" 200 22418 "-" "Mozilla/5.0 (Linux; Android 6.0.1; Nexus 5X Build/MMB29P) AppleWebKit/537.36 (KHTML, like Gecko) Chrome/137.0.7151.103 Mobile Safari/537.36 (compatible; Googlebot/2.1; +http://www.google.com/bot.html)"
66.249.65.35 - - [13/Jul/2025:19:24:22 +0000] "GET /?x=34601089051800&mod=f17a7558&uri=dp.php%3Fid%3D1154867-1079%26name%3Dair+max+96+evolve+on+feet HTTP/1.1" 200 21095 "-" "Mozilla/5.0 (Linux; Android 6.0.1; Nexus 5X Build/MMB29P) AppleWebKit/537.36 (KHTML, like Gecko) Chrome/137.0.7151.103 Mobile Safari/537.36 (compatible; Googlebot/2.1; +http://www.google.com/bot.html)"
66.249.65.35 - - [13/Jul/2025:19:24:25 +0000] "GET /?x=34968210141800&mod=f08b7ac8&uri=products.php%3Fid%3D1167119-463%26name%3Dphenom+x2 HTTP/1.1" 200 21642 "-" "Mozilla/5.0 (Linux; Android 6.0.1; Nexus 5X Build/MMB29P) AppleWebKit/537.36 (KHTML, like Gecko) Chrome/137.0.7151.103 Mobile Safari/537.36 (compatible; Googlebot/2.1; +http://www.google.com/bot.html)"
66.249.65.35 - - [13/Jul/2025:19:24:28 +0000] "GET /?x=34599919111800&mod=fb6e7c39&uri=itm.php%3Fid%3D1154828-1081%26name%3Dwashington+redskins+shirt HTTP/1.1" 200 21155 "-" "Mozilla/5.0 (Linux; Android 6.0.1; Nexus 5X Build/MMB29P) AppleWebKit/537.36 (KHTML, like Gecko) Chrome/137.0.7151.103 Mobile Safari/537.36 (compatible; Googlebot/2.1; +http://www.google.com/bot.html)"
66.249.65.35 - - [13/Jul/2025:19:24:28 +0000] "POST /get-message-notify HTTP/1.1" 200 21863 "https://kraft-court.cafe/?x=77782721071800&mod=333cb763&uri=news.php%3Fid%3D2595695-334%26name%3Dwizards+of+waverly+place+s1+e1" "Mozilla/5.0 (Linux; Android 6.0.1; Nexus 5X Build/MMB29P) AppleWebKit/537.36 (KHTML, like Gecko) Chrome/137.0.7151.119 Mobile Safari/537.36 (compatible; Googlebot/2.1; +http://www.google.com/bot.html)"
66.249.74.67 - - [13/Jul/2025:19:24:30 +0000] "GET /?x=34601119041800&mod=c64e7fcb&uri=dp.php%3Fid%3D1154868-1080%26name%3Dwhite+low+top+converse+kohl%27s HTTP/1.1" 200 21000 "-" "Mozilla/5.0 (Linux; Android 6.0.1; Nexus 5X Build/MMB29P) AppleWebKit/537.36 (KHTML, like Gecko) Chrome/137.0.7151.103 Mobile Safari/537.36 (compatible; Googlebot/2.1; +http://www.google.com/bot.html)"
209.74.77.214 - - [13/Jul/2025:19:24:31 +0000] "POST /wp-cron.php?doing_wp_cron=1752434671.6199240684509277343750 HTTP/1.1" 200 - "-" "WordPress/6.8.1; https://kraft-court.cafe"
51.222.253.3 - - [13/Jul/2025:19:24:31 +0000] "GET /?x=25646711001800&uri=dp.php%3Fid%3D855978-158%26name%3Dwhat%20is%20a%20september%20birthstone HTTP/1.1" 200 1928 "-" "Mozilla/5.0 (compatible; AhrefsBot/7.0; +http://ahrefs.com/robot/)"
66.249.65.35 - - [13/Jul/2025:19:24:33 +0000] "GET /?x=34609399001800&mod=c64e7fcb&uri=dp.php%3Fid%3D1155144-1080%26name%3Dred+converse+kids+shoes HTTP/1.1" 200 20991 "-" "Mozilla/5.0 (Linux; Android 6.0.1; Nexus 5X Build/MMB29P) AppleWebKit/537.36 (KHTML, like Gecko) Chrome/137.0.7151.103 Mobile Safari/537.36 (compatible; Googlebot/2.1; +http://www.google.com/bot.html)"
66.249.65.36 - - [13/Jul/2025:19:24:36 +0000] "GET /?x=34973002031800&mod=f08b7ac8&uri=dp.php%3Fid%3D1167279-463%26name%3Damd+athlon+adx2600ck23gm HTTP/1.1" 200 22060 "-" "Mozilla/5.0 (Linux; Android 6.0.1; Nexus 5X Build/MMB29P) AppleWebKit/537.36 (KHTML, like Gecko) Chrome/137.0.7151.103 Mobile Safari/537.36 (compatible; Googlebot/2.1; +http://www.google.com/bot.html)"
66.249.65.36 - - [13/Jul/2025:19:24:39 +0000] "GET /?x=34962697031800&mod=b98249b3&uri=category-info.php%3Fid%3D1166935-328%26name%3Dfinn+comfort+herren+sandalen+sale HTTP/1.1" 200 21991 "-" "Mozilla/5.0 (Linux; Android 6.0.1; Nexus 5X Build/MMB29P) AppleWebKit/537.36 (KHTML, like Gecko) Chrome/137.0.7151.103 Mobile Safari/537.36 (compatible; Googlebot/2.1; +http://www.google.com/bot.html)"
66.249.65.35 - - [13/Jul/2025:19:24:41 +0000] "POST /get-message-notify HTTP/1.1" 200 21862 "https://kraft-court.cafe/?x=34809406031800&mod=fa84632d&uri=category-info.php%3Fid%3D1161818-329%26name%3Dlululemon+track+pants+womens" "Mozilla/5.0 (Linux; Android 6.0.1; Nexus 5X Build/MMB29P) AppleWebKit/537.36 (KHTML, like Gecko) Chrome/137.0.7151.119 Mobile Safari/537.36 (compatible; Googlebot/2.1; +http://www.google.com/bot.html)"
66.249.65.36 - - [13/Jul/2025:19:24:41 +0000] "GET /?x=34599949031800&mod=cc360b61&uri=shared.php%3Fid%3D1154829-729%26name%3Dskechers+air+cooled+memory+foam+2017 HTTP/1.1" 200 21676 "-" "Mozilla/5.0 (Linux; Android 6.0.1; Nexus 5X Build/MMB29P) AppleWebKit/537.36 (KHTML, like Gecko) Chrome/137.0.7151.103 Mobile Safari/537.36 (compatible; Googlebot/2.1; +http://www.google.com/bot.html)"
66.249.65.36 - - [13/Jul/2025:19:24:44 +0000] "GET /?x=34964617091800&mod=b98249b3&uri=form.php%3Fid%3D1166999-328%26name%3Dmotorradschuhe+schwarz HTTP/1.1" 200 21969 "-" "Mozilla/5.0 (Linux; Android 6.0.1; Nexus 5X Build/MMB29P) AppleWebKit/537.36 (KHTML, like Gecko) Chrome/137.0.7151.103 Mobile Safari/537.36 (compatible; Googlebot/2.1; +http://www.google.com/bot.html)"
66.249.65.36 - - [13/Jul/2025:19:24:47 +0000] "GET /?x=34959343031800&mod=b98249b3&uri=product.php%3Fid%3D1166823-328%26name%3Dbequeme+motorradstiefel HTTP/1.1" 200 22300 "-" "Mozilla/5.0 (Linux; Android 6.0.1; Nexus 5X Build/MMB29P) AppleWebKit/537.36 (KHTML, like Gecko) Chrome/137.0.7151.103 Mobile Safari/537.36 (compatible; Googlebot/2.1; +http://www.google.com/bot.html)"
66.249.65.35 - - [13/Jul/2025:19:24:50 +0000] "GET /?x=34965337051800&mod=f08b7ac8&uri=itm.php%3Fid%3D1167023-463%26name%3Dgtx+1070+ti+vs+1080ti HTTP/1.1" 200 21626 "-" "Mozilla/5.0 (Linux; Android 6.0.1; Nexus 5X Build/MMB29P) AppleWebKit/537.36 (KHTML, like Gecko) Chrome/137.0.7151.103 Mobile Safari/537.36 (compatible; Googlebot/2.1; +http://www.google.com/bot.html)"
66.249.65.35 - - [13/Jul/2025:19:24:54 +0000] "GET /?x=34961737051800&mod=b98249b3&uri=dp.php%3Fid%3D1166903-328%26name%3Dmotorradstiefel+falco HTTP/1.1" 200 22037 "-" "Mozilla/5.0 (Linux; Android 6.0.1; Nexus 5X Build/MMB29P) AppleWebKit/537.36 (KHTML, like Gecko) Chrome/137.0.7151.103 Mobile Safari/537.36 (compatible; Googlebot/2.1; +http://www.google.com/bot.html)"
66.249.65.35 - - [13/Jul/2025:19:24:56 +0000] "GET /?x=34960303051800&mod=b98249b3&uri=product.php%3Fid%3D1166855-328%26name%3Dpanama+jack+g%C3%83%C2%BCnstig HTTP/1.1" 200 21865 "-" "Mozilla/5.0 (Linux; Android 6.0.1; Nexus 5X Build/MMB29P) AppleWebKit/537.36 (KHTML, like Gecko) Chrome/137.0.7151.103 Mobile Safari/537.36 (compatible; Googlebot/2.1; +http://www.google.com/bot.html)"
66.249.65.36 - - [13/Jul/2025:19:24:58 +0000] "POST /get-message-notify HTTP/1.1" 200 21860 "https://kraft-court.cafe/?x=34599949031800&mod=cc360b61&uri=shared.php%3Fid%3D1154829-729%26name%3Dskechers+air+cooled+memory+foam+2017" "Mozilla/5.0 (Linux; Android 6.0.1; Nexus 5X Build/MMB29P) AppleWebKit/537.36 (KHTML, like Gecko) Chrome/137.0.7151.119 Mobile Safari/537.36 (compatible; Googlebot/2.1; +http://www.google.com/bot.html)"
66.249.65.36 - - [13/Jul/2025:19:24:58 +0000] "POST /get-message-notify HTTP/1.1" 200 21870 "https://kraft-court.cafe/?x=34965337051800&mod=f08b7ac8&uri=itm.php%3Fid%3D1167023-463%26name%3Dgtx+1070+ti+vs+1080ti" "Mozilla/5.0 (Linux; Android 6.0.1; Nexus 5X Build/MMB29P) AppleWebKit/537.36 (KHTML, like Gecko) Chrome/137.0.7151.119 Mobile Safari/537.36 (compatible; Googlebot/2.1; +http://www.google.com/bot.html)"
66.249.65.35 - - [13/Jul/2025:19:25:00 +0000] "GET /?x=34599319061800&mod=c64e7fcb&uri=search.php%3Fid%3D1154808-1080%26name%3Dred+converse+for+men HTTP/1.1" 200 20359 "-" "Mozilla/5.0 (Linux; Android 6.0.1; Nexus 5X Build/MMB29P) AppleWebKit/537.36 (KHTML, like Gecko) Chrome/137.0.7151.103 Mobile Safari/537.36 (compatible; Googlebot/2.1; +http://www.google.com/bot.html)"
66.249.65.35 - - [13/Jul/2025:19:25:01 +0000] "GET /?x=34599499061800&mod=cc360b61&uri=blog.php%3Fid%3D1154814-729%26name%3Dsepatu+skechers+original HTTP/1.1" 200 21074 "-" "Mozilla/5.0 (Linux; Android 6.0.1; Nexus 5X Build/MMB29P) AppleWebKit/537.36 (KHTML, like Gecko) Chrome/137.0.7151.103 Mobile Safari/537.36 (compatible; Googlebot/2.1; +http://www.google.com/bot.html)"
66.249.65.36 - - [13/Jul/2025:19:25:04 +0000] "GET /?x=34964857011800&mod=f08b7ac8&uri=form.php%3Fid%3D1167007-463%26name%3Damd+athlon+x4+630 HTTP/1.1" 200 22035 "-" "Mozilla/5.0 (Linux; Android 6.0.1; Nexus 5X Build/MMB29P) AppleWebKit/537.36 (KHTML, like Gecko) Chrome/137.0.7151.103 Mobile Safari/537.36 (compatible; Googlebot/2.1; +http://www.google.com/bot.html)"
66.249.65.36 - - [13/Jul/2025:19:25:09 +0000] "GET /?x=34974202011800&mod=f08b7ac8&uri=products.php%3Fid%3D1167319-463%26name%3Dcm+elite+120 HTTP/1.1" 200 21901 "-" "Mozilla/5.0 (Linux; Android 6.0.1; Nexus 5X Build/MMB29P) AppleWebKit/537.36 (KHTML, like Gecko) Chrome/137.0.7151.103 Mobile Safari/537.36 (compatible; Googlebot/2.1; +http://www.google.com/bot.html)"
66.249.65.35 - - [13/Jul/2025:19:25:11 +0000] "GET /?x=34972290031800&mod=f08b7ac8&uri=search.php%3Fid%3D1167255-463%26name%3Damd+athlon+x2+b24 HTTP/1.1" 200 22120 "-" "Mozilla/5.0 (Linux; Android 6.0.1; Nexus 5X Build/MMB29P) AppleWebKit/537.36 (KHTML, like Gecko) Chrome/137.0.7151.103 Mobile Safari/537.36 (compatible; Googlebot/2.1; +http://www.google.com/bot.html)"
66.249.65.36 - - [13/Jul/2025:19:25:12 +0000] "POST /get-message-notify HTTP/1.1" 200 21863 "https://kraft-court.cafe/?x=34964857011800&mod=f08b7ac8&uri=form.php%3Fid%3D1167007-463%26name%3Damd+athlon+x4+630" "Mozilla/5.0 (Linux; Android 6.0.1; Nexus 5X Build/MMB29P) AppleWebKit/537.36 (KHTML, like Gecko) Chrome/137.0.7151.119 Mobile Safari/537.36 (compatible; Googlebot/2.1; +http://www.google.com/bot.html)"
66.249.65.35 - - [13/Jul/2025:19:25:14 +0000] "POST /get-message-notify HTTP/1.1" 200 21858 "https://kraft-court.cafe/?x=34974202011800&mod=f08b7ac8&uri=products.php%3Fid%3D1167319-463%26name%3Dcm+elite+120" "Mozilla/5.0 (Linux; Android 6.0.1; Nexus 5X Build/MMB29P) AppleWebKit/537.36 (KHTML, like Gecko) Chrome/137.0.7151.119 Mobile Safari/537.36 (compatible; Googlebot/2.1; +http://www.google.com/bot.html)"
66.249.65.35 - - [13/Jul/2025:19:25:28 +0000] "POST /get-message-notify HTTP/1.1" 200 21861 "https://kraft-court.cafe/?x=34825906061800&mod=91394d0f&uri=goods.php%3Fid%3D1162368-739%26name%3Dcosta+del+mar+harpoon+580g+sunglasses" "Mozilla/5.0 (Linux; Android 6.0.1; Nexus 5X Build/MMB29P) AppleWebKit/537.36 (KHTML, like Gecko) Chrome/137.0.7151.119 Mobile Safari/537.36 (compatible; Googlebot/2.1; +http://www.google.com/bot.html)"
66.249.65.35 - - [13/Jul/2025:19:25:44 +0000] "GET /?x=34599589011800&mod=ad68473a&uri=brands.php%3Fid%3D1154817-407%26name%3Divy+park+pink+hoodie HTTP/1.1" 200 21826 "-" "Mozilla/5.0 (Linux; Android 6.0.1; Nexus 5X Build/MMB29P) AppleWebKit/537.36 (KHTML, like Gecko) Chrome/137.0.7151.103 Mobile Safari/537.36 (compatible; Googlebot/2.1; +http://www.google.com/bot.html)"
66.249.65.35 - - [13/Jul/2025:19:25:46 +0000] "POST /get-message-notify HTTP/1.1" 200 21875 "https://kraft-court.cafe/?x=34824106081800&mod=91394d0f&uri=form.php%3Fid%3D1162308-739%26name%3Didee+men%27s+polarized+sunglasses" "Mozilla/5.0 (Linux; Android 6.0.1; Nexus 5X Build/MMB29P) AppleWebKit/537.36 (KHTML, like Gecko) Chrome/137.0.7151.119 Mobile Safari/537.36 (compatible; Googlebot/2.1; +http://www.google.com/bot.html)"
66.249.65.35 - - [13/Jul/2025:19:25:46 +0000] "GET /?x=34599769031800&mod=73c14008&uri=goods.php%3Fid%3D1154823-408%26name%3Dkappa+yellow+sweatshirt HTTP/1.1" 200 20885 "-" "Mozilla/5.0 (Linux; Android 6.0.1; Nexus 5X Build/MMB29P) AppleWebKit/537.36 (KHTML, like Gecko) Chrome/137.0.7151.103 Mobile Safari/537.36 (compatible; Googlebot/2.1; +http://www.google.com/bot.html)"
66.249.65.35 - - [13/Jul/2025:19:25:48 +0000] "GET /?x=34955985011800&mod=b98249b3&uri=pin.php%3Fid%3D1166711-328%26name%3Dkavat+gummistiefel+gef%C3%83%C2%BCttert+26 HTTP/1.1" 200 22056 "-" "Mozilla/5.0 (Linux; Android 6.0.1; Nexus 5X Build/MMB29P) AppleWebKit/537.36 (KHTML, like Gecko) Chrome/137.0.7151.103 Mobile Safari/537.36 (compatible; Googlebot/2.1; +http://www.google.com/bot.html)"
66.249.65.35 - - [13/Jul/2025:19:25:51 +0000] "GET /?x=34601059041800&mod=cc360b61&uri=form.php%3Fid%3D1154866-729%26name%3Dshape+up+sandals+skechers HTTP/1.1" 200 21285 "-" "Mozilla/5.0 (Linux; Android 6.0.1; Nexus 5X Build/MMB29P) AppleWebKit/537.36 (KHTML, like Gecko) Chrome/137.0.7151.103 Mobile Safari/537.36 (compatible; Googlebot/2.1; +http://www.google.com/bot.html)"
66.249.65.35 - - [13/Jul/2025:19:25:54 +0000] "GET /?x=34601329031800&mod=cc360b61&uri=info.php%3Fid%3D1154875-729%26name%3Dskechers+air+memory+foam+reviews HTTP/1.1" 200 22044 "-" "Mozilla/5.0 (Linux; Android 6.0.1; Nexus 5X Build/MMB29P) AppleWebKit/537.36 (KHTML, like Gecko) Chrome/137.0.7151.103 Mobile Safari/537.36 (compatible; Googlebot/2.1; +http://www.google.com/bot.html)"
66.249.65.35 - - [13/Jul/2025:19:25:57 +0000] "GET /?x=34957183031800&mod=b98249b3&uri=blog.php%3Fid%3D1166751-328%26name%3Dfake+uggs+damen HTTP/1.1" 200 22012 "-" "Mozilla/5.0 (Linux; Android 6.0.1; Nexus 5X Build/MMB29P) AppleWebKit/537.36 (KHTML, like Gecko) Chrome/137.0.7151.103 Mobile Safari/537.36 (compatible; Googlebot/2.1; +http://www.google.com/bot.html)"
66.249.65.35 - - [13/Jul/2025:19:26:02 +0000] "GET /?x=34599619011800&mod=fb6e7c39&uri=form.php%3Fid%3D1154818-1081%26name%3Dhome+bengals+shirt HTTP/1.1" 200 20949 "-" "Mozilla/5.0 (Linux; Android 6.0.1; Nexus 5X Build/MMB29P) AppleWebKit/537.36 (KHTML, like Gecko) Chrome/137.0.7151.103 Mobile Safari/537.36 (compatible; Googlebot/2.1; +http://www.google.com/bot.html)"
66.249.65.37 - - [13/Jul/2025:19:26:05 +0000] "GET /?x=34599859091800&mod=c64e7fcb&uri=brands.php%3Fid%3D1154826-1080%26name%3Dwomens+red+converse+low+tops HTTP/1.1" 200 20774 "-" "Mozilla/5.0 (Linux; Android 6.0.1; Nexus 5X Build/MMB29P) AppleWebKit/537.36 (KHTML, like Gecko) Chrome/137.0.7151.103 Mobile Safari/537.36 (compatible; Googlebot/2.1; +http://www.google.com/bot.html)"
66.249.65.35 - - [13/Jul/2025:19:25:59 +0000] "GET /?x=34661342041800&mod=9854d7af&uri=article.php%3Fid%3D1156876-387%26name%3Drubber+flooring+for+home+gym+near+me HTTP/1.1" 200 22509 "-" "Mozilla/5.0 (Linux; Android 6.0.1; Nexus 5X Build/MMB29P) AppleWebKit/537.36 (KHTML, like Gecko) Chrome/137.0.7151.103 Mobile Safari/537.36 (compatible; Googlebot/2.1; +http://www.google.com/bot.html)"
66.249.65.37 - - [13/Jul/2025:19:26:09 +0000] "GET /?x=34599979081800&mod=51200d29&uri=dp.php%3Fid%3D1154830-1052%26name%3Dstanley+cup+blackhawks+jersey HTTP/1.1" 200 21826 "-" "Mozilla/5.0 (Linux; Android 6.0.1; Nexus 5X Build/MMB29P) AppleWebKit/537.36 (KHTML, like Gecko) Chrome/137.0.7151.103 Mobile Safari/537.36 (compatible; Googlebot/2.1; +http://www.google.com/bot.html)"
66.249.65.35 - - [13/Jul/2025:19:26:11 +0000] "GET /?x=34601299021800&mod=c64e7fcb&uri=products.php%3Fid%3D1154874-1080%26name%3Dwomens+converse+sale+size HTTP/1.1" 200 20678 "-" "Mozilla/5.0 (Linux; Android 6.0.1; Nexus 5X Build/MMB29P) AppleWebKit/537.36 (KHTML, like Gecko) Chrome/137.0.7151.103 Mobile Safari/537.36 (compatible; Googlebot/2.1; +http://www.google.com/bot.html)"
66.249.65.36 - - [13/Jul/2025:19:26:13 +0000] "POST /get-message-notify HTTP/1.1" 200 21863 "https://kraft-court.cafe/?x=34599979081800&mod=51200d29&uri=dp.php%3Fid%3D1154830-1052%26name%3Dstanley+cup+blackhawks+jersey" "Mozilla/5.0 (Linux; Android 6.0.1; Nexus 5X Build/MMB29P) AppleWebKit/537.36 (KHTML, like Gecko) Chrome/137.0.7151.119 Mobile Safari/537.36 (compatible; Googlebot/2.1; +http://www.google.com/bot.html)"
66.249.65.35 - - [13/Jul/2025:19:26:13 +0000] "GET /?x=34966057031800&mod=f08b7ac8&uri=info.php%3Fid%3D1167047-463%26name%3Datx+psu+itx+case HTTP/1.1" 200 21672 "-" "Mozilla/5.0 (Linux; Android 6.0.1; Nexus 5X Build/MMB29P) AppleWebKit/537.36 (KHTML, like Gecko) Chrome/137.0.7151.103 Mobile Safari/537.36 (compatible; Googlebot/2.1; +http://www.google.com/bot.html)"
66.249.65.35 - - [13/Jul/2025:19:26:16 +0000] "GET /?x=34960777031800&mod=f08b7ac8&uri=dp.php%3Fid%3D1166871-463%26name%3Damd+athlon+620 HTTP/1.1" 200 22163 "-" "Mozilla/5.0 (Linux; Android 6.0.1; Nexus 5X Build/MMB29P) AppleWebKit/537.36 (KHTML, like Gecko) Chrome/137.0.7151.103 Mobile Safari/537.36 (compatible; Googlebot/2.1; +http://www.google.com/bot.html)"
66.249.65.35 - - [13/Jul/2025:19:26:19 +0000] "POST /get-message-notify HTTP/1.1" 200 21865 "https://kraft-court.cafe/?x=34960777031800&mod=f08b7ac8&uri=dp.php%3Fid%3D1166871-463%26name%3Damd+athlon+620" "Mozilla/5.0 (Linux; Android 6.0.1; Nexus 5X Build/MMB29P) AppleWebKit/537.36 (KHTML, like Gecko) Chrome/137.0.7151.119 Mobile Safari/537.36 (compatible; Googlebot/2.1; +http://www.google.com/bot.html)"
66.249.65.35 - - [13/Jul/2025:19:26:19 +0000] "GET /?x=34967017011800&mod=b98249b3&uri=article.php%3Fid%3D1167079-328%26name%3Djolly+motorradstiefel HTTP/1.1" 200 22076 "-" "Mozilla/5.0 (Linux; Android 6.0.1; Nexus 5X Build/MMB29P) AppleWebKit/537.36 (KHTML, like Gecko) Chrome/137.0.7151.103 Mobile Safari/537.36 (compatible; Googlebot/2.1; +http://www.google.com/bot.html)"
66.249.65.35 - - [13/Jul/2025:19:26:22 +0000] "GET /?x=34599439001800&mod=f17a7558&uri=pin.php%3Fid%3D1154812-1079%26name%3Dair+max+2016+womens+black HTTP/1.1" 200 21271 "-" "Mozilla/5.0 (Linux; Android 6.0.1; Nexus 5X Build/MMB29P) AppleWebKit/537.36 (KHTML, like Gecko) Chrome/137.0.7151.103 Mobile Safari/537.36 (compatible; Googlebot/2.1; +http://www.google.com/bot.html)"
66.249.65.35 - - [13/Jul/2025:19:26:25 +0000] "GET /?x=34674329021800&mod=9854d7af&uri=pin.php%3Fid%3D1157309-387%26name%3Dgym+flooring+costco HTTP/1.1" 200 22550 "-" "Mozilla/5.0 (Linux; Android 6.0.1; Nexus 5X Build/MMB29P) AppleWebKit/537.36 (KHTML, like Gecko) Chrome/137.0.7151.103 Mobile Safari/537.36 (compatible; Googlebot/2.1; +http://www.google.com/bot.html)"
66.249.65.35 - - [13/Jul/2025:19:26:26 +0000] "POST /get-message-notify HTTP/1.1" 200 21851 "https://kraft-court.cafe/?x=34964617091800&mod=b98249b3&uri=form.php%3Fid%3D1166999-328%26name%3Dmotorradschuhe+schwarz" "Mozilla/5.0 (Linux; Android 6.0.1; Nexus 5X Build/MMB29P) AppleWebKit/537.36 (KHTML, like Gecko) Chrome/137.0.7151.119 Mobile Safari/537.36 (compatible; Googlebot/2.1; +http://www.google.com/bot.html)"
66.249.65.35 - - [13/Jul/2025:19:26:27 +0000] "GET /?x=34966777051800&mod=f08b7ac8&uri=form.php%3Fid%3D1167071-463%26name%3Damd+athlon+ii+x2+4450e HTTP/1.1" 200 21884 "-" "Mozilla/5.0 (Linux; Android 6.0.1; Nexus 5X Build/MMB29P) AppleWebKit/537.36 (KHTML, like Gecko) Chrome/137.0.7151.103 Mobile Safari/537.36 (compatible; Googlebot/2.1; +http://www.google.com/bot.html)"
66.249.65.35 - - [13/Jul/2025:19:26:33 +0000] "GET /?x=34958143031800&mod=b98249b3&uri=brands.php%3Fid%3D1166783-328%26name%3Dwinterschuhe+ausverkauf HTTP/1.1" 200 22161 "-" "Mozilla/5.0 (Linux; Android 6.0.1; Nexus 5X Build/MMB29P) AppleWebKit/537.36 (KHTML, like Gecko) Chrome/137.0.7151.103 Mobile Safari/537.36 (compatible; Googlebot/2.1; +http://www.google.com/bot.html)"
66.249.65.35 - - [13/Jul/2025:19:26:30 +0000] "GET /?x=34957903031800&mod=b98249b3&uri=info.php%3Fid%3D1166775-328%26name%3Del+naturalista+sale+herren HTTP/1.1" 200 22374 "-" "Mozilla/5.0 (Linux; Android 6.0.1; Nexus 5X Build/MMB29P) AppleWebKit/537.36 (KHTML, like Gecko) Chrome/137.0.7151.103 Mobile Safari/537.36 (compatible; Googlebot/2.1; +http://www.google.com/bot.html)"
66.249.65.36 - - [13/Jul/2025:19:26:36 +0000] "GET /?x=34599469051800&mod=fb6e7c39&uri=brands.php%3Fid%3D1154813-1081%26name%3Dmens+panthers+shirt HTTP/1.1" 200 21296 "-" "Mozilla/5.0 (Linux; Android 6.0.1; Nexus 5X Build/MMB29P) AppleWebKit/537.36 (KHTML, like Gecko) Chrome/137.0.7151.103 Mobile Safari/537.36 (compatible; Googlebot/2.1; +http://www.google.com/bot.html)"
66.249.65.36 - - [13/Jul/2025:19:26:38 +0000] "POST /get-message-notify HTTP/1.1" 200 21870 "https://kraft-court.cafe/?x=34966777051800&mod=f08b7ac8&uri=form.php%3Fid%3D1167071-463%26name%3Damd+athlon+ii+x2+4450e" "Mozilla/5.0 (Linux; Android 6.0.1; Nexus 5X Build/MMB29P) AppleWebKit/537.36 (KHTML, like Gecko) Chrome/137.0.7151.119 Mobile Safari/537.36 (compatible; Googlebot/2.1; +http://www.google.com/bot.html)"
66.249.65.35 - - [13/Jul/2025:19:26:39 +0000] "GET /?x=34956223031800&mod=b98249b3&uri=itm.php%3Fid%3D1166719-328%26name%3Dbillige+hausschuhe HTTP/1.1" 200 21949 "-" "Mozilla/5.0 (Linux; Android 6.0.1; Nexus 5X Build/MMB29P) AppleWebKit/537.36 (KHTML, like Gecko) Chrome/137.0.7151.103 Mobile Safari/537.36 (compatible; Googlebot/2.1; +http://www.google.com/bot.html)"
66.249.65.36 - - [13/Jul/2025:19:26:40 +0000] "POST /get-message-notify HTTP/1.1" 200 21867 "https://kraft-court.cafe/?x=34967017011800&mod=b98249b3&uri=article.php%3Fid%3D1167079-328%26name%3Djolly+motorradstiefel" "Mozilla/5.0 (Linux; Android 6.0.1; Nexus 5X Build/MMB29P) AppleWebKit/537.36 (KHTML, like Gecko) Chrome/137.0.7151.119 Mobile Safari/537.36 (compatible; Googlebot/2.1; +http://www.google.com/bot.html)"
66.249.65.35 - - [13/Jul/2025:19:26:41 +0000] "GET /?x=34967257031800&mod=f08b7ac8&uri=news.php%3Fid%3D1167087-463%26name%3Damd+athlon+270 HTTP/1.1" 200 21957 "-" "Mozilla/5.0 (Linux; Android 6.0.1; Nexus 5X Build/MMB29P) AppleWebKit/537.36 (KHTML, like Gecko) Chrome/137.0.7151.103 Mobile Safari/537.36 (compatible; Googlebot/2.1; +http://www.google.com/bot.html)"
66.249.65.35 - - [13/Jul/2025:19:26:47 +0000] "GET /?x=34601029031800&mod=fb6e7c39&uri=category-info.php%3Fid%3D1154865-1081%26name%3Dcarolina+panthers+grey+jersey HTTP/1.1" 200 21216 "-" "Mozilla/5.0 (Linux; Android 6.0.1; Nexus 5X Build/MMB29P) AppleWebKit/537.36 (KHTML, like Gecko) Chrome/137.0.7151.103 Mobile Safari/537.36 (compatible; Googlebot/2.1; +http://www.google.com/bot.html)"
66.249.65.36 - - [13/Jul/2025:19:26:44 +0000] "GET /?x=34960537131800&mod=b98249b3&uri=article.php%3Fid%3D1166863-328%26name%3Dliebeskind+chelsea+boots+damen HTTP/1.1" 200 21456 "-" "Mozilla/5.0 (Linux; Android 6.0.1; Nexus 5X Build/MMB29P) AppleWebKit/537.36 (KHTML, like Gecko) Chrome/137.0.7151.103 Mobile Safari/537.36 (compatible; Googlebot/2.1; +http://www.google.com/bot.html)"
66.249.65.36 - - [13/Jul/2025:19:26:50 +0000] "GET /?x=34600909051800&mod=cc360b61&uri=shared.php%3Fid%3D1154861-729%26name%3Dskechers+63385 HTTP/1.1" 200 20881 "-" "Mozilla/5.0 (Linux; Android 6.0.1; Nexus 5X Build/MMB29P) AppleWebKit/537.36 (KHTML, like Gecko) Chrome/137.0.7151.103 Mobile Safari/537.36 (compatible; Googlebot/2.1; +http://www.google.com/bot.html)"
66.249.65.36 - - [13/Jul/2025:19:26:53 +0000] "GET /?x=102304248011800&mod=2de7cf20&uri=news.php%3Fid%3D3414183-333%26name%3Dgold+and+jewelry+direct HTTP/1.1" 200 22421 "-" "Mozilla/5.0 (Linux; Android 6.0.1; Nexus 5X Build/MMB29P) AppleWebKit/537.36 (KHTML, like Gecko) Chrome/137.0.7151.103 Mobile Safari/537.36 (compatible; Googlebot/2.1; +http://www.google.com/bot.html)"
66.249.65.36 - - [13/Jul/2025:19:26:56 +0000] "GET /?x=110657947061800&mod=2de7cf20&uri=pin.php%3Fid%3D3693008-333%26name%3Dpandora+14k+gold+snake+chain+necklace HTTP/1.1" 200 21258 "-" "Mozilla/5.0 (Linux; Android 6.0.1; Nexus 5X Build/MMB29P) AppleWebKit/537.36 (KHTML, like Gecko) Chrome/137.0.7151.103 Mobile Safari/537.36 (compatible; Googlebot/2.1; +http://www.google.com/bot.html)"
66.249.65.35 - - [13/Jul/2025:19:26:59 +0000] "POST /get-message-notify HTTP/1.1" 200 21879 "https://kraft-court.cafe/?x=110657947061800&mod=2de7cf20&uri=pin.php%3Fid%3D3693008-333%26name%3Dpandora+14k+gold+snake+chain+necklace" "Mozilla/5.0 (Linux; Android 6.0.1; Nexus 5X Build/MMB29P) AppleWebKit/537.36 (KHTML, like Gecko) Chrome/137.0.7151.119 Mobile Safari/537.36 (compatible; Googlebot/2.1; +http://www.google.com/bot.html)"
43.157.156.190 - - [13/Jul/2025:19:27:05 +0000] "GET / HTTP/1.1" 200 1851 "http://kraft-court.cafe" "Mozilla/5.0 (iPhone; CPU iPhone OS 13_2_3 like Mac OS X) AppleWebKit/605.1.15 (KHTML, like Gecko) Version/13.0.3 Mobile/15E148 Safari/604.1"
66.249.65.35 - - [13/Jul/2025:19:27:37 +0000] "GET /?x=34819336031800&mod=91394d0f&uri=products.php%3Fid%3D1162149-739%26name%3Dcrazy+looking+sunglasses HTTP/1.1" 200 21185 "-" "Mozilla/5.0 (Linux; Android 6.0.1; Nexus 5X Build/MMB29P) AppleWebKit/537.36 (KHTML, like Gecko) Chrome/137.0.7151.103 Mobile Safari/537.36 (compatible; Googlebot/2.1; +http://www.google.com/bot.html)"
66.249.65.35 - - [13/Jul/2025:19:27:40 +0000] "GET /?x=90540783031800&mod=b448d829&uri=goods.php%3Fid%3D3021491-580%26name%3Duggs+quincy+boots HTTP/1.1" 200 22172 "-" "Mozilla/5.0 (Linux; Android 6.0.1; Nexus 5X Build/MMB29P) AppleWebKit/537.36 (KHTML, like Gecko) Chrome/137.0.7151.103 Mobile Safari/537.36 (compatible; Googlebot/2.1; +http://www.google.com/bot.html)"
66.249.65.35 - - [13/Jul/2025:19:27:42 +0000] "GET /?x=109894271011800&mod=2de7cf20&uri=product.php%3Fid%3D3667508-333%26name%3Dnew+mom+locket HTTP/1.1" 200 22075 "-" "Mozilla/5.0 (Linux; Android 6.0.1; Nexus 5X Build/MMB29P) AppleWebKit/537.36 (KHTML, like Gecko) Chrome/137.0.7151.103 Mobile Safari/537.36 (compatible; Googlebot/2.1; +http://www.google.com/bot.html)"
66.249.65.35 - - [13/Jul/2025:19:27:48 +0000] "GET /?x=102319066001800&mod=2de7cf20&uri=category-info.php%3Fid%3D3414678-333%26name%3Dplaces+that+fix+gold+chains+near+me HTTP/1.1" 200 22123 "-" "Mozilla/5.0 (Linux; Android 6.0.1; Nexus 5X Build/MMB29P) AppleWebKit/537.36 (KHTML, like Gecko) Chrome/137.0.7151.103 Mobile Safari/537.36 (compatible; Googlebot/2.1; +http://www.google.com/bot.html)"
