66.249.65.35 - - [13/Jul/2025:18:10:52 +0000] "GET /?x=45425460041800&mod=c4b43ae0&uri=product.php%3Fid%3D1515985-330%26name%3Dheating+on+but+no+hot+water+from+taps HTTP/1.1" 200 22296 "-" "Mozilla/5.0 (Linux; Android 6.0.1; Nexus 5X Build/MMB29P) AppleWebKit/537.36 (KHTML, like Gecko) Chrome/137.0.7151.103 Mobile Safari/537.36 (compatible; Googlebot/2.1; +http://www.google.com/bot.html)"
66.249.65.35 - - [13/Jul/2025:18:10:55 +0000] "GET /?x=23973272011800&mod=c4b43ae0&uri=category-info.php%3Fid%3D800162-330%26name%3Dtench+float+rigs HTTP/1.1" 200 22307 "-" "Mozilla/5.0 (Linux; Android 6.0.1; Nexus 5X Build/MMB29P) AppleWebKit/537.36 (KHTML, like Gecko) Chrome/137.0.7151.103 Mobile Safari/537.36 (compatible; Googlebot/2.1; +http://www.google.com/bot.html)"
66.249.65.35 - - [13/Jul/2025:18:10:57 +0000] "POST /get-message-notify HTTP/1.1" 200 21866 "https://kraft-court.cafe/?x=6105695071800&mod=0d0fd7c6&uri=info.php%3Fid%3D203891-40%26name%3Dmilwaukee+12v+battery+home+depot" "Mozilla/5.0 (Linux; Android 6.0.1; Nexus 5X Build/MMB29P) AppleWebKit/537.36 (KHTML, like Gecko) Chrome/137.0.7151.119 Mobile Safari/537.36 (compatible; Googlebot/2.1; +http://www.google.com/bot.html)"
66.249.65.35 - - [13/Jul/2025:18:10:58 +0000] "GET /?x=6155945001800&mod=5401acfe&uri=pin.php%3Fid%3D205566-351%26name%3Dbasket+blanche+femme+tendance+2019 HTTP/1.1" 200 20657 "-" "Mozilla/5.0 (Linux; Android 6.0.1; Nexus 5X Build/MMB29P) AppleWebKit/537.36 (KHTML, like Gecko) Chrome/137.0.7151.103 Mobile Safari/537.36 (compatible; Googlebot/2.1; +http://www.google.com/bot.html)"
66.249.65.35 - - [13/Jul/2025:18:11:00 +0000] "POST /get-message-notify HTTP/1.1" 200 21858 "https://kraft-court.cafe/?x=6174115021800&mod=62da8c91&uri=search.php%3Fid%3D206178-296%26name%3Dpunjabi+songs+2018+mp3" "Mozilla/5.0 (Linux; Android 6.0.1; Nexus 5X Build/MMB29P) AppleWebKit/537.36 (KHTML, like Gecko) Chrome/137.0.7151.119 Mobile Safari/537.36 (compatible; Googlebot/2.1; +http://www.google.com/bot.html)"
66.249.65.36 - - [13/Jul/2025:18:11:01 +0000] "POST /get-message-notify HTTP/1.1" 200 21856 "https://kraft-court.cafe/?x=6155945001800&mod=5401acfe&uri=pin.php%3Fid%3D205566-351%26name%3Dbasket+blanche+femme+tendance+2019" "Mozilla/5.0 (Linux; Android 6.0.1; Nexus 5X Build/MMB29P) AppleWebKit/537.36 (KHTML, like Gecko) Chrome/137.0.7151.119 Mobile Safari/537.36 (compatible; Googlebot/2.1; +http://www.google.com/bot.html)"
66.249.65.36 - - [13/Jul/2025:18:11:01 +0000] "GET /?x=6160522031800&mod=5401acfe&uri=shared.php%3Fid%3D205719-351%26name%3Dpaire+de+basket+chanel+femme HTTP/1.1" 200 20564 "-" "Mozilla/5.0 (Linux; Android 6.0.1; Nexus 5X Build/MMB29P) AppleWebKit/537.36 (KHTML, like Gecko) Chrome/137.0.7151.103 Mobile Safari/537.36 (compatible; Googlebot/2.1; +http://www.google.com/bot.html)"
66.249.65.35 - - [13/Jul/2025:18:11:04 +0000] "GET /?x=6064552011800&mod=fd9dcf1d&uri=product.php%3Fid%3D202517-349%26name%3Djesus+pendentif HTTP/1.1" 200 21096 "-" "Mozilla/5.0 (Linux; Android 6.0.1; Nexus 5X Build/MMB29P) AppleWebKit/537.36 (KHTML, like Gecko) Chrome/137.0.7151.103 Mobile Safari/537.36 (compatible; Googlebot/2.1; +http://www.google.com/bot.html)"
66.249.65.35 - - [13/Jul/2025:18:11:06 +0000] "GET /?x=6165093011800&mod=c2964caa&uri=us.php%3Fid%3D205872-358%26name%3Dreggiseno+fascia+trasparente HTTP/1.1" 200 21677 "-" "Mozilla/5.0 (Linux; Android 6.0.1; Nexus 5X Build/MMB29P) AppleWebKit/537.36 (KHTML, like Gecko) Chrome/137.0.7151.103 Mobile Safari/537.36 (compatible; Googlebot/2.1; +http://www.google.com/bot.html)"
66.249.65.35 - - [13/Jul/2025:18:11:11 +0000] "GET /?x=6014049051800&mod=c4b43ae0&uri=products.php%3Fid%3D200831-330%26name%3Dbrondell+hot+cold+mixing+valve HTTP/1.1" 200 22023 "-" "Mozilla/5.0 (Linux; Android 6.0.1; Nexus 5X Build/MMB29P) AppleWebKit/537.36 (KHTML, like Gecko) Chrome/137.0.7151.103 Mobile Safari/537.36 (compatible; Googlebot/2.1; +http://www.google.com/bot.html)"
66.249.65.35 - - [13/Jul/2025:18:11:13 +0000] "GET /?x=6155135031800&mod=1458e750&uri=itm.php%3Fid%3D205539-353%26name%3Dsneakers+velcro+homme HTTP/1.1" 200 21564 "-" "Mozilla/5.0 (Linux; Android 6.0.1; Nexus 5X Build/MMB29P) AppleWebKit/537.36 (KHTML, like Gecko) Chrome/137.0.7151.103 Mobile Safari/537.36 (compatible; Googlebot/2.1; +http://www.google.com/bot.html)"
66.249.65.35 - - [13/Jul/2025:18:11:16 +0000] "GET /?x=5948231051800&mod=c5bbd980&uri=blog.php%3Fid%3D198633-344%26name%3Dsize+39+in+us HTTP/1.1" 200 21885 "-" "Mozilla/5.0 (Linux; Android 6.0.1; Nexus 5X Build/MMB29P) AppleWebKit/537.36 (KHTML, like Gecko) Chrome/137.0.7151.103 Mobile Safari/537.36 (compatible; Googlebot/2.1; +http://www.google.com/bot.html)"
66.249.65.35 - - [13/Jul/2025:18:11:21 +0000] "GET /?x=107489193071800&mod=4eff0720&uri=pin.php%3Fid%3D3587267-510%26name%3Dcuisinart+burner+gas+grill HTTP/1.1" 200 22272 "-" "Mozilla/5.0 (Linux; Android 6.0.1; Nexus 5X Build/MMB29P) AppleWebKit/537.36 (KHTML, like Gecko) Chrome/137.0.7151.103 Mobile Safari/537.36 (compatible; Googlebot/2.1; +http://www.google.com/bot.html)"
66.249.65.35 - - [13/Jul/2025:18:11:21 +0000] "GET /?x=31856266011800&mod=42e77b63&uri=pin.php%3Fid%3D1063249-62%26name%3Dwatch+nhl+network+online HTTP/1.1" 200 22058 "-" "Mozilla/5.0 (Linux; Android 6.0.1; Nexus 5X Build/MMB29P) AppleWebKit/537.36 (KHTML, like Gecko) Chrome/137.0.7151.103 Mobile Safari/537.36 (compatible; Googlebot/2.1; +http://www.google.com/bot.html)"
66.249.65.35 - - [13/Jul/2025:18:11:18 +0000] "GET /?x=107368223031800&mod=29921001&uri=blog.php%3Fid%3D3583233-155%26name%3Dflip+zap HTTP/1.1" 200 21449 "-" "Mozilla/5.0 (Linux; Android 6.0.1; Nexus 5X Build/MMB29P) AppleWebKit/537.36 (KHTML, like Gecko) Chrome/137.0.7151.103 Mobile Safari/537.36 (compatible; Googlebot/2.1; +http://www.google.com/bot.html)"
66.249.65.35 - - [13/Jul/2025:18:11:25 +0000] "GET /?x=107496393021800&mod=4eff0720&uri=goods.php%3Fid%3D3587507-510%26name%3Dgriddle+grill+indoor HTTP/1.1" 200 22339 "-" "Mozilla/5.0 (Linux; Android 6.0.1; Nexus 5X Build/MMB29P) AppleWebKit/537.36 (KHTML, like Gecko) Chrome/137.0.7151.103 Mobile Safari/537.36 (compatible; Googlebot/2.1; +http://www.google.com/bot.html)"
66.249.65.35 - - [13/Jul/2025:18:11:29 +0000] "GET /?x=58674151021800&mod=29921001&uri=form.php%3Fid%3D1957982-155%26name%3Djbl+xtreme+watt HTTP/1.1" 200 22215 "-" "Mozilla/5.0 (Linux; Android 6.0.1; Nexus 5X Build/MMB29P) AppleWebKit/537.36 (KHTML, like Gecko) Chrome/137.0.7151.103 Mobile Safari/537.36 (compatible; Googlebot/2.1; +http://www.google.com/bot.html)"
66.249.65.35 - - [13/Jul/2025:18:11:31 +0000] "GET /?x=107503833001800&mod=36165c62&uri=category-info.php%3Fid%3D3587755-570%26name%3Dtata+voltas+air+cooler HTTP/1.1" 200 22281 "-" "Mozilla/5.0 (Linux; Android 6.0.1; Nexus 5X Build/MMB29P) AppleWebKit/537.36 (KHTML, like Gecko) Chrome/137.0.7151.103 Mobile Safari/537.36 (compatible; Googlebot/2.1; +http://www.google.com/bot.html)"
66.249.65.36 - - [13/Jul/2025:18:11:34 +0000] "GET /?x=107487993071800&mod=4eff0720&uri=article.php%3Fid%3D3587227-510%26name%3Dgrill+propane+tank+refill+near+me HTTP/1.1" 200 22073 "-" "Mozilla/5.0 (Linux; Android 6.0.1; Nexus 5X Build/MMB29P) AppleWebKit/537.36 (KHTML, like Gecko) Chrome/137.0.7151.103 Mobile Safari/537.36 (compatible; Googlebot/2.1; +http://www.google.com/bot.html)"
66.249.65.36 - - [13/Jul/2025:18:11:39 +0000] "GET /?x=107502633001800&mod=4d6da0c3&uri=shop.php%3Fid%3D3587715-941%26name%3Dcricket+world+cup+final+live+stream HTTP/1.1" 200 22355 "-" "Mozilla/5.0 (Linux; Android 6.0.1; Nexus 5X Build/MMB29P) AppleWebKit/537.36 (KHTML, like Gecko) Chrome/137.0.7151.103 Mobile Safari/537.36 (compatible; Googlebot/2.1; +http://www.google.com/bot.html)"
66.249.65.35 - - [13/Jul/2025:18:11:42 +0000] "GET /?x=107497833051800&mod=4ea01965&uri=goods.php%3Fid%3D3587555-1656%26name%3Dnutribullet+600+graphite HTTP/1.1" 200 22145 "-" "Mozilla/5.0 (Linux; Android 6.0.1; Nexus 5X Build/MMB29P) AppleWebKit/537.36 (KHTML, like Gecko) Chrome/137.0.7151.103 Mobile Safari/537.36 (compatible; Googlebot/2.1; +http://www.google.com/bot.html)"
66.249.65.35 - - [13/Jul/2025:18:11:45 +0000] "GET /?x=107499513051800&mod=4eff0720&uri=search.php%3Fid%3D3587611-510%26name%3Dnexgrill+infrared+grill HTTP/1.1" 200 21652 "-" "Mozilla/5.0 (Linux; Android 6.0.1; Nexus 5X Build/MMB29P) AppleWebKit/537.36 (KHTML, like Gecko) Chrome/137.0.7151.103 Mobile Safari/537.36 (compatible; Googlebot/2.1; +http://www.google.com/bot.html)"
66.249.65.36 - - [13/Jul/2025:18:11:45 +0000] "GET /?x=119707963021800&mod=faefec47&uri=search.php%3Fid%3D3995019-539%26name%3Dhow+to+factory+reset+airpods+without+iphone HTTP/1.1" 200 22052 "-" "Mozilla/5.0 (Linux; Android 6.0.1; Nexus 5X Build/MMB29P) AppleWebKit/537.36 (KHTML, like Gecko) Chrome/137.0.7151.103 Mobile Safari/537.36 (compatible; Googlebot/2.1; +http://www.google.com/bot.html)"
66.249.65.36 - - [13/Jul/2025:18:11:48 +0000] "GET /?x=107497353091800&mod=4eff0720&uri=search.php%3Fid%3D3587539-510%26name%3Dmaster+forge+burner+grill HTTP/1.1" 200 20997 "-" "Mozilla/5.0 (Linux; Android 6.0.1; Nexus 5X Build/MMB29P) AppleWebKit/537.36 (KHTML, like Gecko) Chrome/137.0.7151.103 Mobile Safari/537.36 (compatible; Googlebot/2.1; +http://www.google.com/bot.html)"
66.249.65.35 - - [13/Jul/2025:18:11:49 +0000] "GET /?x=107488473011800&mod=4ea01965&uri=news.php%3Fid%3D3587243-1656%26name%3Dexplorian+vitamix HTTP/1.1" 200 21515 "-" "Mozilla/5.0 (Linux; Android 6.0.1; Nexus 5X Build/MMB29P) AppleWebKit/537.36 (KHTML, like Gecko) Chrome/137.0.7151.103 Mobile Safari/537.36 (compatible; Googlebot/2.1; +http://www.google.com/bot.html)"
66.249.65.36 - - [13/Jul/2025:18:11:51 +0000] "GET /?x=107497113051800&mod=4eff0720&uri=form.php%3Fid%3D3587531-510%26name%3Dhamilton+beach+electric+indoor+searing+grill HTTP/1.1" 200 21320 "-" "Mozilla/5.0 (Linux; Android 6.0.1; Nexus 5X Build/MMB29P) AppleWebKit/537.36 (KHTML, like Gecko) Chrome/137.0.7151.103 Mobile Safari/537.36 (compatible; Googlebot/2.1; +http://www.google.com/bot.html)"
66.249.65.36 - - [13/Jul/2025:18:11:53 +0000] "POST /get-message-notify HTTP/1.1" 200 21865 "https://kraft-court.cafe/?x=107499513051800&mod=4eff0720&uri=search.php%3Fid%3D3587611-510%26name%3Dnexgrill+infrared+grill" "Mozilla/5.0 (Linux; Android 6.0.1; Nexus 5X Build/MMB29P) AppleWebKit/537.36 (KHTML, like Gecko) Chrome/137.0.7151.119 Mobile Safari/537.36 (compatible; Googlebot/2.1; +http://www.google.com/bot.html)"
66.249.65.36 - - [13/Jul/2025:18:11:55 +0000] "GET /?x=56609128141800&mod=29921001&uri=pin.php%3Fid%3D1889079-155%26name%3Delegiant+midas+soundbar HTTP/1.1" 200 21756 "-" "Mozilla/5.0 (Linux; Android 6.0.1; Nexus 5X Build/MMB29P) AppleWebKit/537.36 (KHTML, like Gecko) Chrome/137.0.7151.103 Mobile Safari/537.36 (compatible; Googlebot/2.1; +http://www.google.com/bot.html)"
66.249.65.35 - - [13/Jul/2025:18:11:59 +0000] "GET /?x=53765758041800&mod=29921001&uri=article.php%3Fid%3D1794206-155%26name%3Dsmart+tube+light+alexa HTTP/1.1" 200 22242 "-" "Mozilla/5.0 (Linux; Android 6.0.1; Nexus 5X Build/MMB29P) AppleWebKit/537.36 (KHTML, like Gecko) Chrome/137.0.7151.103 Mobile Safari/537.36 (compatible; Googlebot/2.1; +http://www.google.com/bot.html)"
66.249.65.37 - - [13/Jul/2025:18:12:04 +0000] "GET /?x=107493033001800&mod=4eff0720&uri=search.php%3Fid%3D3587395-510%26name%3Ddeep+clean+grill HTTP/1.1" 200 21670 "-" "Mozilla/5.0 (Linux; Android 6.0.1; Nexus 5X Build/MMB29P) AppleWebKit/537.36 (KHTML, like Gecko) Chrome/137.0.7151.103 Mobile Safari/537.36 (compatible; Googlebot/2.1; +http://www.google.com/bot.html)"
66.249.65.36 - - [13/Jul/2025:18:12:02 +0000] "GET /?x=107498793071800&mod=4ea01965&uri=goods.php%3Fid%3D3587587-1656%26name%3Dbrazilian+blowout+hair+dryer HTTP/1.1" 200 21255 "-" "Mozilla/5.0 (Linux; Android 6.0.1; Nexus 5X Build/MMB29P) AppleWebKit/537.36 (KHTML, like Gecko) Chrome/137.0.7151.103 Mobile Safari/537.36 (compatible; Googlebot/2.1; +http://www.google.com/bot.html)"
66.249.65.35 - - [13/Jul/2025:18:12:07 +0000] "GET /?x=107499993011800&mod=4ea01965&uri=goods.php%3Fid%3D3587627-1656%26name%3Dilly+francis+francis+iperespresso+machine HTTP/1.1" 200 21589 "-" "Mozilla/5.0 (Linux; Android 6.0.1; Nexus 5X Build/MMB29P) AppleWebKit/537.36 (KHTML, like Gecko) Chrome/137.0.7151.103 Mobile Safari/537.36 (compatible; Googlebot/2.1; +http://www.google.com/bot.html)"
66.249.65.35 - - [13/Jul/2025:18:12:11 +0000] "POST /get-message-notify HTTP/1.1" 200 21863 "https://kraft-court.cafe/?x=23973272011800&mod=c4b43ae0&uri=category-info.php%3Fid%3D800162-330%26name%3Dtench+float+rigs" "Mozilla/5.0 (Linux; Android 6.0.1; Nexus 5X Build/MMB29P) AppleWebKit/537.36 (KHTML, like Gecko) Chrome/137.0.7151.119 Mobile Safari/537.36 (compatible; Googlebot/2.1; +http://www.google.com/bot.html)"
66.249.65.35 - - [13/Jul/2025:18:12:11 +0000] "GET /?x=107499753051800&mod=4ea01965&uri=itm.php%3Fid%3D3587619-1656%26name%3Dmind+reader+k+cup+holder HTTP/1.1" 200 21041 "-" "Mozilla/5.0 (Linux; Android 6.0.1; Nexus 5X Build/MMB29P) AppleWebKit/537.36 (KHTML, like Gecko) Chrome/137.0.7151.103 Mobile Safari/537.36 (compatible; Googlebot/2.1; +http://www.google.com/bot.html)"
66.249.65.35 - - [13/Jul/2025:18:12:14 +0000] "GET /?x=107375867021800&mod=9d068c86&uri=form.php%3Fid%3D3583488-371%26name%3Doakley+sutro+purple HTTP/1.1" 200 22266 "-" "Mozilla/5.0 (Linux; Android 6.0.1; Nexus 5X Build/MMB29P) AppleWebKit/537.36 (KHTML, like Gecko) Chrome/137.0.7151.103 Mobile Safari/537.36 (compatible; Googlebot/2.1; +http://www.google.com/bot.html)"
66.249.74.168 - - [13/Jul/2025:18:12:16 +0000] "GET /?x=107489433051800&mod=4eff0720&uri=brands.php%3Fid%3D3587275-510%26name%3Dsmall+gas+grill+for+balcony HTTP/1.1" 200 21441 "-" "Mozilla/5.0 (Linux; Android 6.0.1; Nexus 5X Build/MMB29P) AppleWebKit/537.36 (KHTML, like Gecko) Chrome/137.0.7151.103 Mobile Safari/537.36 (compatible; Googlebot/2.1; +http://www.google.com/bot.html)"
66.249.73.131 - - [13/Jul/2025:18:12:19 +0000] "GET /?x=107495433051800&mod=4eff0720&uri=search.php%3Fid%3D3587475-510%26name%3Dninja+indoor+grill+and+air+fryer HTTP/1.1" 200 21056 "-" "Mozilla/5.0 (Linux; Android 6.0.1; Nexus 5X Build/MMB29P) AppleWebKit/537.36 (KHTML, like Gecko) Chrome/137.0.7151.103 Mobile Safari/537.36 (compatible; Googlebot/2.1; +http://www.google.com/bot.html)"
66.249.74.67 - - [13/Jul/2025:18:12:21 +0000] "GET /?x=107488953041800&mod=4ea01965&uri=brands.php%3Fid%3D3587259-1656%26name%3Dround+wedding+cake+stand HTTP/1.1" 200 22084 "-" "Mozilla/5.0 (Linux; Android 6.0.1; Nexus 5X Build/MMB29P) AppleWebKit/537.36 (KHTML, like Gecko) Chrome/137.0.7151.103 Mobile Safari/537.36 (compatible; Googlebot/2.1; +http://www.google.com/bot.html)"
66.249.74.4 - - [13/Jul/2025:18:12:24 +0000] "POST /get-message-notify HTTP/1.1" 200 21862 "https://kraft-court.cafe/?x=32101385041800&mod=c4b43ae0&uri=form.php%3Fid%3D1071430-330%26name%3Dfish+hook+barb+protector" "Mozilla/5.0 (Linux; Android 6.0.1; Nexus 5X Build/MMB29P) AppleWebKit/537.36 (KHTML, like Gecko) Chrome/137.0.7151.119 Mobile Safari/537.36 (compatible; Googlebot/2.1; +http://www.google.com/bot.html)"
66.249.65.70 - - [13/Jul/2025:18:12:24 +0000] "GET /?x=107486793021800&mod=36165c62&uri=pin.php%3Fid%3D3587187-570%26name%3Dturbo+air+cooler HTTP/1.1" 200 22292 "-" "Mozilla/5.0 (Linux; Android 6.0.1; Nexus 5X Build/MMB29P) AppleWebKit/537.36 (KHTML, like Gecko) Chrome/137.0.7151.103 Mobile Safari/537.36 (compatible; Googlebot/2.1; +http://www.google.com/bot.html)"
66.249.74.136 - - [13/Jul/2025:18:12:27 +0000] "GET /?x=107499273031800&mod=4eff0720&uri=dp.php%3Fid%3D3587603-510%26name%3Dgrill+station+diy HTTP/1.1" 200 22304 "-" "Mozilla/5.0 (Linux; Android 6.0.1; Nexus 5X Build/MMB29P) AppleWebKit/537.36 (KHTML, like Gecko) Chrome/137.0.7151.103 Mobile Safari/537.36 (compatible; Googlebot/2.1; +http://www.google.com/bot.html)"
66.249.73.227 - - [13/Jul/2025:18:12:28 +0000] "POST /get-message-notify HTTP/1.1" 200 21855 "https://kraft-court.cafe/?x=53765758041800&mod=29921001&uri=article.php%3Fid%3D1794206-155%26name%3Dsmart+tube+light+alexa" "Mozilla/5.0 (Linux; Android 6.0.1; Nexus 5X Build/MMB29P) AppleWebKit/537.36 (KHTML, like Gecko) Chrome/137.0.7151.119 Mobile Safari/537.36 (compatible; Googlebot/2.1; +http://www.google.com/bot.html)"
66.249.65.70 - - [13/Jul/2025:18:12:30 +0000] "GET /?x=107493993051800&mod=4eff0720&uri=category-info.php%3Fid%3D3587427-510%26name%3Dweber+genesis+gas+grill+parts HTTP/1.1" 200 21753 "-" "Mozilla/5.0 (Linux; Android 6.0.1; Nexus 5X Build/MMB29P) AppleWebKit/537.36 (KHTML, like Gecko) Chrome/137.0.7151.103 Mobile Safari/537.36 (compatible; Googlebot/2.1; +http://www.google.com/bot.html)"
66.249.74.136 - - [13/Jul/2025:18:12:34 +0000] "POST /get-message-notify HTTP/1.1" 200 21859 "https://kraft-court.cafe/?x=107499273031800&mod=4eff0720&uri=dp.php%3Fid%3D3587603-510%26name%3Dgrill+station+diy" "Mozilla/5.0 (Linux; Android 6.0.1; Nexus 5X Build/MMB29P) AppleWebKit/537.36 (KHTML, like Gecko) Chrome/137.0.7151.119 Mobile Safari/537.36 (compatible; Googlebot/2.1; +http://www.google.com/bot.html)"
66.249.73.72 - - [13/Jul/2025:18:12:35 +0000] "GET /?x=107495193031800&mod=4eff0720&uri=dp.php%3Fid%3D3587467-510%26name%3Dchefman+smokeless+indoor+grill HTTP/1.1" 200 21521 "-" "Mozilla/5.0 (Linux; Android 6.0.1; Nexus 5X Build/MMB29P) AppleWebKit/537.36 (KHTML, like Gecko) Chrome/137.0.7151.103 Mobile Safari/537.36 (compatible; Googlebot/2.1; +http://www.google.com/bot.html)"
66.249.74.136 - - [13/Jul/2025:18:12:36 +0000] "POST /get-message-notify HTTP/1.1" 200 21865 "https://kraft-court.cafe/?x=107486793021800&mod=36165c62&uri=pin.php%3Fid%3D3587187-570%26name%3Dturbo+air+cooler" "Mozilla/5.0 (Linux; Android 6.0.1; Nexus 5X Build/MMB29P) AppleWebKit/537.36 (KHTML, like Gecko) Chrome/137.0.7151.119 Mobile Safari/537.36 (compatible; Googlebot/2.1; +http://www.google.com/bot.html)"
66.249.65.71 - - [13/Jul/2025:18:12:39 +0000] "GET /?x=107491833051800&mod=4eff0720&uri=us.php%3Fid%3D3587355-510%26name%3Dweber+grill+snake+method HTTP/1.1" 200 21701 "-" "Mozilla/5.0 (Linux; Android 6.0.1; Nexus 5X Build/MMB29P) AppleWebKit/537.36 (KHTML, like Gecko) Chrome/137.0.7151.103 Mobile Safari/537.36 (compatible; Googlebot/2.1; +http://www.google.com/bot.html)"
66.249.74.99 - - [13/Jul/2025:18:12:42 +0000] "GET /?x=5965931111800&mod=03fa2f75&uri=dp.php%3Fid%3D199223-270%26name%3Dcross+century+ii+lustrous+chrome+ballpoint+pen HTTP/1.1" 200 22076 "-" "Mozilla/5.0 (Linux; Android 6.0.1; Nexus 5X Build/MMB29P) AppleWebKit/537.36 (KHTML, like Gecko) Chrome/137.0.7151.103 Mobile Safari/537.36 (compatible; Googlebot/2.1; +http://www.google.com/bot.html)"
66.249.73.132 - - [13/Jul/2025:18:12:46 +0000] "GET /?x=119140019021800&mod=6a0724f1&uri=product.php%3Fid%3D3976074-879%26name%3Dpanchdhatu+ring+metals HTTP/1.1" 200 21883 "-" "Mozilla/5.0 (Linux; Android 6.0.1; Nexus 5X Build/MMB29P) AppleWebKit/537.36 (KHTML, like Gecko) Chrome/137.0.7151.103 Mobile Safari/537.36 (compatible; Googlebot/2.1; +http://www.google.com/bot.html)"
66.249.65.104 - - [13/Jul/2025:18:12:49 +0000] "GET /?x=119795338021800&mod=7648557e&uri=itm.php%3Fid%3D3997934-878%26name%3Dtas+mk+tote HTTP/1.1" 200 22488 "-" "Mozilla/5.0 (Linux; Android 6.0.1; Nexus 5X Build/MMB29P) AppleWebKit/537.36 (KHTML, like Gecko) Chrome/137.0.7151.103 Mobile Safari/537.36 (compatible; Googlebot/2.1; +http://www.google.com/bot.html)"
66.249.65.192 - - [13/Jul/2025:18:12:52 +0000] "GET /?x=6036894051800&mod=b071cfa8&uri=itm.php%3Fid%3D201593-347%26name%3Dpull+col+v+bleu HTTP/1.1" 200 21061 "-" "Mozilla/5.0 (Linux; Android 6.0.1; Nexus 5X Build/MMB29P) AppleWebKit/537.36 (KHTML, like Gecko) Chrome/137.0.7151.103 Mobile Safari/537.36 (compatible; Googlebot/2.1; +http://www.google.com/bot.html)"
66.249.73.73 - - [13/Jul/2025:18:12:46 +0000] "GET /?x=6224304021800&mod=6a450490&uri=news.php%3Fid%3D207880-359%26name%3Dnew+balance+791+47 HTTP/1.1" 200 22138 "-" "Mozilla/5.0 (Linux; Android 6.0.1; Nexus 5X Build/MMB29P) AppleWebKit/537.36 (KHTML, like Gecko) Chrome/137.0.7151.103 Mobile Safari/537.36 (compatible; Googlebot/2.1; +http://www.google.com/bot.html)"
66.249.73.102 - - [13/Jul/2025:18:12:58 +0000] "GET /?x=6039864041800&mod=c7b90b0f&uri=brands.php%3Fid%3D201692-348%26name%3Drobe+de+chambre+satin%C3%83%C2%A9e HTTP/1.1" 200 20628 "-" "Mozilla/5.0 (Linux; Android 6.0.1; Nexus 5X Build/MMB29P) AppleWebKit/537.36 (KHTML, like Gecko) Chrome/137.0.7151.103 Mobile Safari/537.36 (compatible; Googlebot/2.1; +http://www.google.com/bot.html)"
66.249.74.4 - - [13/Jul/2025:18:13:00 +0000] "GET /?x=6037284031800&mod=b071cfa8&uri=news.php%3Fid%3D201606-347%26name%3Dla+halle+sweat+femme HTTP/1.1" 200 20588 "-" "Mozilla/5.0 (Linux; Android 6.0.1; Nexus 5X Build/MMB29P) AppleWebKit/537.36 (KHTML, like Gecko) Chrome/137.0.7151.103 Mobile Safari/537.36 (compatible; Googlebot/2.1; +http://www.google.com/bot.html)"
66.249.65.104 - - [13/Jul/2025:18:13:03 +0000] "GET /?x=6040164001800&mod=b071cfa8&uri=product.php%3Fid%3D201702-347%26name%3Dpull+bleu+marine+col+v HTTP/1.1" 200 21651 "-" "Mozilla/5.0 (Linux; Android 6.0.1; Nexus 5X Build/MMB29P) AppleWebKit/537.36 (KHTML, like Gecko) Chrome/137.0.7151.103 Mobile Safari/537.36 (compatible; Googlebot/2.1; +http://www.google.com/bot.html)"
66.249.73.131 - - [13/Jul/2025:18:13:04 +0000] "POST /get-message-notify HTTP/1.1" 200 21852 "https://kraft-court.cafe/?x=6224304021800&mod=6a450490&uri=news.php%3Fid%3D207880-359%26name%3Dnew+balance+791+47" "Mozilla/5.0 (Linux; Android 6.0.1; Nexus 5X Build/MMB29P) AppleWebKit/537.36 (KHTML, like Gecko) Chrome/137.0.7151.119 Mobile Safari/537.36 (compatible; Googlebot/2.1; +http://www.google.com/bot.html)"
66.249.74.4 - - [13/Jul/2025:18:13:05 +0000] "POST /get-message-notify HTTP/1.1" 200 21869 "https://kraft-court.cafe/?x=6037284031800&mod=b071cfa8&uri=news.php%3Fid%3D201606-347%26name%3Dla+halle+sweat+femme" "Mozilla/5.0 (Linux; Android 6.0.1; Nexus 5X Build/MMB29P) AppleWebKit/537.36 (KHTML, like Gecko) Chrome/137.0.7151.119 Mobile Safari/537.36 (compatible; Googlebot/2.1; +http://www.google.com/bot.html)"
66.249.65.204 - - [13/Jul/2025:18:13:07 +0000] "GET /?x=6040584031800&mod=b071cfa8&uri=product.php%3Fid%3D201716-347%26name%3Dsweat+picture+organic+homme HTTP/1.1" 200 21522 "-" "Mozilla/5.0 (Linux; Android 6.0.1; Nexus 5X Build/MMB29P) AppleWebKit/537.36 (KHTML, like Gecko) Chrome/137.0.7151.103 Mobile Safari/537.36 (compatible; Googlebot/2.1; +http://www.google.com/bot.html)"
66.249.65.104 - - [13/Jul/2025:18:13:10 +0000] "GET /?x=6041124061800&mod=b071cfa8&uri=shop.php%3Fid%3D201734-347%26name%3Dsweat+bugs+bunny+h%26m HTTP/1.1" 200 20550 "-" "Mozilla/5.0 (Linux; Android 6.0.1; Nexus 5X Build/MMB29P) AppleWebKit/537.36 (KHTML, like Gecko) Chrome/137.0.7151.103 Mobile Safari/537.36 (compatible; Googlebot/2.1; +http://www.google.com/bot.html)"
66.249.73.4 - - [13/Jul/2025:18:13:13 +0000] "GET /?x=38161207031800&mod=322f6246&uri=brands.php%3Fid%3D1273645-346%26name%3Dpetronas+official+merchandise HTTP/1.1" 200 22637 "-" "Mozilla/5.0 (Linux; Android 6.0.1; Nexus 5X Build/MMB29P) AppleWebKit/537.36 (KHTML, like Gecko) Chrome/137.0.7151.103 Mobile Safari/537.36 (compatible; Googlebot/2.1; +http://www.google.com/bot.html)"
66.249.65.204 - - [13/Jul/2025:18:13:15 +0000] "GET /?x=33396127001800&mod=322f6246&uri=dp.php%3Fid%3D1114633-346%26name%3Ddropshipping+cycling+clothing HTTP/1.1" 200 21293 "-" "Mozilla/5.0 (Linux; Android 6.0.1; Nexus 5X Build/MMB29P) AppleWebKit/537.36 (KHTML, like Gecko) Chrome/137.0.7151.103 Mobile Safari/537.36 (compatible; Googlebot/2.1; +http://www.google.com/bot.html)"
66.249.73.4 - - [13/Jul/2025:18:13:19 +0000] "GET /?x=70154578041800&mod=45a766fa&uri=info.php%3Fid%3D2341134-649%26name%3Dfloor+clothes+dryers+artmoon HTTP/1.1" 200 22448 "-" "Mozilla/5.0 (Linux; Android 6.0.1; Nexus 5X Build/MMB29P) AppleWebKit/537.36 (KHTML, like Gecko) Chrome/137.0.7151.103 Mobile Safari/537.36 (compatible; Googlebot/2.1; +http://www.google.com/bot.html)"
66.249.65.35 - - [13/Jul/2025:18:13:20 +0000] "GET /?x=38155391031800&mod=322f6246&uri=shop.php%3Fid%3D1273451-346%26name%3Dtexas+longhorns+mens+jersey HTTP/1.1" 200 22213 "-" "Mozilla/5.0 (Linux; Android 6.0.1; Nexus 5X Build/MMB29P) AppleWebKit/537.36 (KHTML, like Gecko) Chrome/137.0.7151.103 Mobile Safari/537.36 (compatible; Googlebot/2.1; +http://www.google.com/bot.html)"
66.249.65.204 - - [13/Jul/2025:18:13:23 +0000] "POST /get-message-notify HTTP/1.1" 200 21872 "https://kraft-court.cafe/?x=33396127001800&mod=322f6246&uri=dp.php%3Fid%3D1114633-346%26name%3Ddropshipping+cycling+clothing" "Mozilla/5.0 (Linux; Android 6.0.1; Nexus 5X Build/MMB29P) AppleWebKit/537.36 (KHTML, like Gecko) Chrome/137.0.7151.119 Mobile Safari/537.36 (compatible; Googlebot/2.1; +http://www.google.com/bot.html)"
66.249.73.194 - - [13/Jul/2025:18:13:23 +0000] "GET /?x=6040944061800&mod=b071cfa8&uri=itm.php%3Fid%3D201728-347%26name%3Dpull+isabelle+marant+etoile HTTP/1.1" 200 21183 "-" "Mozilla/5.0 (Linux; Android 6.0.1; Nexus 5X Build/MMB29P) AppleWebKit/537.36 (KHTML, like Gecko) Chrome/137.0.7151.103 Mobile Safari/537.36 (compatible; Googlebot/2.1; +http://www.google.com/bot.html)"
66.249.65.163 - - [13/Jul/2025:18:13:26 +0000] "GET /?x=6037344001800&mod=b071cfa8&uri=shared.php%3Fid%3D201608-347%26name%3Dsweat+fila+noir+homme HTTP/1.1" 200 21623 "-" "Mozilla/5.0 (Linux; Android 6.0.1; Nexus 5X Build/MMB29P) AppleWebKit/537.36 (KHTML, like Gecko) Chrome/137.0.7151.103 Mobile Safari/537.36 (compatible; Googlebot/2.1; +http://www.google.com/bot.html)"
66.249.74.38 - - [13/Jul/2025:18:13:34 +0000] "GET /?x=40124034011800&mod=42a3ddf2&uri=news.php%3Fid%3D1339129-1145%26name%3Dj+crew+black+sequin+skirt HTTP/1.1" 200 21523 "-" "Mozilla/5.0 (Linux; Android 6.0.1; Nexus 5X Build/MMB29P) AppleWebKit/537.36 (KHTML, like Gecko) Chrome/137.0.7151.103 Mobile Safari/537.36 (compatible; Googlebot/2.1; +http://www.google.com/bot.html)"
66.249.73.131 - - [13/Jul/2025:18:13:32 +0000] "GET /?x=40112274141800&mod=76cf99d3&uri=shop.php%3Fid%3D1338737-131%26name%3Ddesigner+gg+belt HTTP/1.1" 200 22146 "-" "Mozilla/5.0 (Linux; Android 6.0.1; Nexus 5X Build/MMB29P) AppleWebKit/537.36 (KHTML, like Gecko) Chrome/137.0.7151.103 Mobile Safari/537.36 (compatible; Googlebot/2.1; +http://www.google.com/bot.html)"
66.249.65.35 - - [13/Jul/2025:18:13:29 +0000] "GET /?x=40118754051800&mod=42a3ddf2&uri=search.php%3Fid%3D1338953-1145%26name%3Dpetite+skirts+for+older+ladies HTTP/1.1" 200 21112 "-" "Mozilla/5.0 (Linux; Android 6.0.1; Nexus 5X Build/MMB29P) AppleWebKit/537.36 (KHTML, like Gecko) Chrome/137.0.7151.103 Mobile Safari/537.36 (compatible; Googlebot/2.1; +http://www.google.com/bot.html)"
66.249.65.36 - - [13/Jul/2025:18:13:42 +0000] "GET /?x=40117554011800&mod=42a3ddf2&uri=dp.php%3Fid%3D1338913-1145%26name%3Dmarks+and+spencer+women%27s+maxi+skirts HTTP/1.1" 200 21009 "-" "Mozilla/5.0 (Linux; Android 6.0.1; Nexus 5X Build/MMB29P) AppleWebKit/537.36 (KHTML, like Gecko) Chrome/137.0.7151.103 Mobile Safari/537.36 (compatible; Googlebot/2.1; +http://www.google.com/bot.html)"
66.249.65.35 - - [13/Jul/2025:18:13:42 +0000] "GET /?x=40045193121800&mod=a8849b05&uri=news.php%3Fid%3D1336500-57%26name%3Dbest+desktop+mic+for+gaming HTTP/1.1" 200 21653 "-" "Mozilla/5.0 (Linux; Android 6.0.1; Nexus 5X Build/MMB29P) AppleWebKit/537.36 (KHTML, like Gecko) Chrome/137.0.7151.103 Mobile Safari/537.36 (compatible; Googlebot/2.1; +http://www.google.com/bot.html)"
66.249.74.39 - - [13/Jul/2025:18:13:44 +0000] "GET /?x=39985814011800&mod=a8849b05&uri=search.php%3Fid%3D1334520-57%26name%3Dpair+airpods+to+tv HTTP/1.1" 200 21917 "-" "Mozilla/5.0 (Linux; Android 6.0.1; Nexus 5X Build/MMB29P) AppleWebKit/537.36 (KHTML, like Gecko) Chrome/137.0.7151.103 Mobile Safari/537.36 (compatible; Googlebot/2.1; +http://www.google.com/bot.html)"
66.249.65.35 - - [13/Jul/2025:18:13:46 +0000] "GET /?x=40118034011800&mod=5cbba2d0&uri=blog.php%3Fid%3D1338929-494%26name%3Dlong+black+summer+maxi+skirt HTTP/1.1" 200 20930 "-" "Mozilla/5.0 (Linux; Android 6.0.1; Nexus 5X Build/MMB29P) AppleWebKit/537.36 (KHTML, like Gecko) Chrome/137.0.7151.103 Mobile Safari/537.36 (compatible; Googlebot/2.1; +http://www.google.com/bot.html)"
66.249.65.36 - - [13/Jul/2025:18:13:49 +0000] "POST /get-message-notify HTTP/1.1" 200 21862 "https://kraft-court.cafe/?x=40045193121800&mod=a8849b05&uri=news.php%3Fid%3D1336500-57%26name%3Dbest+desktop+mic+for+gaming" "Mozilla/5.0 (Linux; Android 6.0.1; Nexus 5X Build/MMB29P) AppleWebKit/537.36 (KHTML, like Gecko) Chrome/137.0.7151.119 Mobile Safari/537.36 (compatible; Googlebot/2.1; +http://www.google.com/bot.html)"
66.249.65.36 - - [13/Jul/2025:18:13:50 +0000] "GET /?x=40113234011800&mod=76cf99d3&uri=us.php%3Fid%3D1338769-131%26name%3Dpin+on+indo+western+dress HTTP/1.1" 200 21707 "-" "Mozilla/5.0 (Linux; Android 6.0.1; Nexus 5X Build/MMB29P) AppleWebKit/537.36 (KHTML, like Gecko) Chrome/137.0.7151.103 Mobile Safari/537.36 (compatible; Googlebot/2.1; +http://www.google.com/bot.html)"
66.249.65.35 - - [13/Jul/2025:18:13:51 +0000] "GET /?x=40127874051800&mod=42a3ddf2&uri=pin.php%3Fid%3D1339257-1145%26name%3Dbohemian+peasant+skirt HTTP/1.1" 200 20998 "-" "Mozilla/5.0 (Linux; Android 6.0.1; Nexus 5X Build/MMB29P) AppleWebKit/537.36 (KHTML, like Gecko) Chrome/137.0.7151.103 Mobile Safari/537.36 (compatible; Googlebot/2.1; +http://www.google.com/bot.html)"
66.249.65.36 - - [13/Jul/2025:18:13:55 +0000] "GET /?x=40129794031800&mod=5cbba2d0&uri=article.php%3Fid%3D1339321-494%26name%3Dblack+velvet+skirt+long HTTP/1.1" 200 21637 "-" "Mozilla/5.0 (Linux; Android 6.0.1; Nexus 5X Build/MMB29P) AppleWebKit/537.36 (KHTML, like Gecko) Chrome/137.0.7151.103 Mobile Safari/537.36 (compatible; Googlebot/2.1; +http://www.google.com/bot.html)"
66.249.65.36 - - [13/Jul/2025:18:14:00 +0000] "POST /get-message-notify HTTP/1.1" 200 21876 "https://kraft-court.cafe/?x=40129794031800&mod=5cbba2d0&uri=article.php%3Fid%3D1339321-494%26name%3Dblack+velvet+skirt+long" "Mozilla/5.0 (Linux; Android 6.0.1; Nexus 5X Build/MMB29P) AppleWebKit/537.36 (KHTML, like Gecko) Chrome/137.0.7151.119 Mobile Safari/537.36 (compatible; Googlebot/2.1; +http://www.google.com/bot.html)"
66.249.65.35 - - [13/Jul/2025:18:14:02 +0000] "GET /?x=40116114071800&mod=42a3ddf2&uri=us.php%3Fid%3D1338865-1145%26name%3Djcp+petite+skirts HTTP/1.1" 200 20259 "-" "Mozilla/5.0 (Linux; Android 6.0.1; Nexus 5X Build/MMB29P) AppleWebKit/537.36 (KHTML, like Gecko) Chrome/137.0.7151.103 Mobile Safari/537.36 (compatible; Googlebot/2.1; +http://www.google.com/bot.html)"
66.249.65.36 - - [13/Jul/2025:18:14:05 +0000] "GET /?x=40128354051800&mod=42a3ddf2&uri=shop.php%3Fid%3D1339273-1145%26name%3Dgold+sequin+maxi+skirt+uk HTTP/1.1" 200 21118 "-" "Mozilla/5.0 (Linux; Android 6.0.1; Nexus 5X Build/MMB29P) AppleWebKit/537.36 (KHTML, like Gecko) Chrome/137.0.7151.103 Mobile Safari/537.36 (compatible; Googlebot/2.1; +http://www.google.com/bot.html)"
66.249.65.35 - - [13/Jul/2025:18:14:08 +0000] "GET /?x=40119474051800&mod=76cf99d3&uri=dp.php%3Fid%3D1338977-131%26name%3Doscar+de+la+renta+accessories HTTP/1.1" 200 22461 "-" "Mozilla/5.0 (Linux; Android 6.0.1; Nexus 5X Build/MMB29P) AppleWebKit/537.36 (KHTML, like Gecko) Chrome/137.0.7151.103 Mobile Safari/537.36 (compatible; Googlebot/2.1; +http://www.google.com/bot.html)"
209.74.77.214 - - [13/Jul/2025:18:14:09 +0000] "POST /wp-cron.php?doing_wp_cron=1752430449.9196989536285400390625 HTTP/1.1" 200 - "-" "WordPress/6.8.1; https://kraft-court.cafe"
51.222.253.10 - - [13/Jul/2025:18:14:09 +0000] "GET /?x=62086128031800&uri=dp.php%3Fid%3D2071883-3%26name%3Dderm%20caps%20es%20for%20dogs HTTP/1.1" 200 1919 "-" "Mozilla/5.0 (compatible; AhrefsBot/7.0; +http://ahrefs.com/robot/)"
66.249.65.35 - - [13/Jul/2025:18:14:11 +0000] "GET /?x=40116834011800&mod=42a3ddf2&uri=search.php%3Fid%3D1338889-1145%26name%3Dnavy+and+green+plaid+skirt HTTP/1.1" 200 21273 "-" "Mozilla/5.0 (Linux; Android 6.0.1; Nexus 5X Build/MMB29P) AppleWebKit/537.36 (KHTML, like Gecko) Chrome/137.0.7151.103 Mobile Safari/537.36 (compatible; Googlebot/2.1; +http://www.google.com/bot.html)"
66.249.65.35 - - [13/Jul/2025:18:14:13 +0000] "GET /?x=40123074051800&mod=76cf99d3&uri=itm.php%3Fid%3D1339097-131%26name%3Dheadband+fashion+male HTTP/1.1" 200 21769 "-" "Mozilla/5.0 (Linux; Android 6.0.1; Nexus 5X Build/MMB29P) AppleWebKit/537.36 (KHTML, like Gecko) Chrome/137.0.7151.103 Mobile Safari/537.36 (compatible; Googlebot/2.1; +http://www.google.com/bot.html)"
66.249.65.35 - - [13/Jul/2025:18:14:16 +0000] "GET /?x=40113474031800&mod=76cf99d3&uri=article.php%3Fid%3D1338777-131%26name%3Dg+belt+women%27s HTTP/1.1" 200 21780 "-" "Mozilla/5.0 (Linux; Android 6.0.1; Nexus 5X Build/MMB29P) AppleWebKit/537.36 (KHTML, like Gecko) Chrome/137.0.7151.103 Mobile Safari/537.36 (compatible; Googlebot/2.1; +http://www.google.com/bot.html)"
66.249.65.35 - - [13/Jul/2025:18:14:17 +0000] "POST /get-message-notify HTTP/1.1" 200 21865 "https://kraft-court.cafe/?x=40123074051800&mod=76cf99d3&uri=itm.php%3Fid%3D1339097-131%26name%3Dheadband+fashion+male" "Mozilla/5.0 (Linux; Android 6.0.1; Nexus 5X Build/MMB29P) AppleWebKit/537.36 (KHTML, like Gecko) Chrome/137.0.7151.119 Mobile Safari/537.36 (compatible; Googlebot/2.1; +http://www.google.com/bot.html)"
66.249.65.35 - - [13/Jul/2025:18:14:22 +0000] "GET /?x=40112034011800&mod=76cf99d3&uri=product.php%3Fid%3D1338729-131%26name%3Dikat+shawl+online HTTP/1.1" 200 21853 "-" "Mozilla/5.0 (Linux; Android 6.0.1; Nexus 5X Build/MMB29P) AppleWebKit/537.36 (KHTML, like Gecko) Chrome/137.0.7151.103 Mobile Safari/537.36 (compatible; Googlebot/2.1; +http://www.google.com/bot.html)"
66.249.65.35 - - [13/Jul/2025:18:14:23 +0000] "GET /?x=40112994031800&mod=76cf99d3&uri=product.php%3Fid%3D1338761-131%26name%3Dbest+frozen+teething+toys HTTP/1.1" 200 21526 "-" "Mozilla/5.0 (Linux; Android 6.0.1; Nexus 5X Build/MMB29P) AppleWebKit/537.36 (KHTML, like Gecko) Chrome/137.0.7151.103 Mobile Safari/537.36 (compatible; Googlebot/2.1; +http://www.google.com/bot.html)"
66.249.65.35 - - [13/Jul/2025:18:14:26 +0000] "GET /?x=40121394031800&mod=5cbba2d0&uri=shared.php%3Fid%3D1339041-494%26name%3Dneon+long+tutu+skirt HTTP/1.1" 200 21027 "-" "Mozilla/5.0 (Linux; Android 6.0.1; Nexus 5X Build/MMB29P) AppleWebKit/537.36 (KHTML, like Gecko) Chrome/137.0.7151.103 Mobile Safari/537.36 (compatible; Googlebot/2.1; +http://www.google.com/bot.html)"
66.249.65.35 - - [13/Jul/2025:18:14:29 +0000] "GET /?x=40124274091800&mod=5cbba2d0&uri=shared.php%3Fid%3D1339137-494%26name%3Dlong+casual+skirts+plus+size HTTP/1.1" 200 21839 "-" "Mozilla/5.0 (Linux; Android 6.0.1; Nexus 5X Build/MMB29P) AppleWebKit/537.36 (KHTML, like Gecko) Chrome/137.0.7151.103 Mobile Safari/537.36 (compatible; Googlebot/2.1; +http://www.google.com/bot.html)"
66.249.65.35 - - [13/Jul/2025:18:14:32 +0000] "POST /get-message-notify HTTP/1.1" 200 21880 "https://kraft-court.cafe/?x=40121394031800&mod=5cbba2d0&uri=shared.php%3Fid%3D1339041-494%26name%3Dneon+long+tutu+skirt" "Mozilla/5.0 (Linux; Android 6.0.1; Nexus 5X Build/MMB29P) AppleWebKit/537.36 (KHTML, like Gecko) Chrome/137.0.7151.119 Mobile Safari/537.36 (compatible; Googlebot/2.1; +http://www.google.com/bot.html)"
66.249.65.35 - - [13/Jul/2025:18:14:32 +0000] "GET /?x=40114674041800&mod=76cf99d3&uri=us.php%3Fid%3D1338817-131%26name%3Dpink+scarves+amazon HTTP/1.1" 200 21758 "-" "Mozilla/5.0 (Linux; Android 6.0.1; Nexus 5X Build/MMB29P) AppleWebKit/537.36 (KHTML, like Gecko) Chrome/137.0.7151.103 Mobile Safari/537.36 (compatible; Googlebot/2.1; +http://www.google.com/bot.html)"
66.249.65.35 - - [13/Jul/2025:18:14:36 +0000] "GET /?x=9535949041800&mod=a8849b05&uri=dp.php%3Fid%3D318400-57%26name%3Doem+apple+airpods HTTP/1.1" 200 22011 "-" "Mozilla/5.0 (Linux; Android 6.0.1; Nexus 5X Build/MMB29P) AppleWebKit/537.36 (KHTML, like Gecko) Chrome/137.0.7151.103 Mobile Safari/537.36 (compatible; Googlebot/2.1; +http://www.google.com/bot.html)"
66.249.65.35 - - [13/Jul/2025:18:14:36 +0000] "GET /?x=5804978041800&mod=165a59f7&uri=news.php%3Fid%3D193853-336%26name%3Dfoto+borse+prada HTTP/1.1" 200 20476 "-" "Mozilla/5.0 (Linux; Android 6.0.1; Nexus 5X Build/MMB29P) AppleWebKit/537.36 (KHTML, like Gecko) Chrome/137.0.7151.103 Mobile Safari/537.36 (compatible; Googlebot/2.1; +http://www.google.com/bot.html)"
66.249.65.36 - - [13/Jul/2025:18:14:37 +0000] "POST /get-message-notify HTTP/1.1" 200 21867 "https://kraft-court.cafe/?x=40114674041800&mod=76cf99d3&uri=us.php%3Fid%3D1338817-131%26name%3Dpink+scarves+amazon" "Mozilla/5.0 (Linux; Android 6.0.1; Nexus 5X Build/MMB29P) AppleWebKit/537.36 (KHTML, like Gecko) Chrome/137.0.7151.119 Mobile Safari/537.36 (compatible; Googlebot/2.1; +http://www.google.com/bot.html)"
66.249.65.35 - - [13/Jul/2025:18:14:37 +0000] "GET /?x=40015514021800&mod=7a544863&uri=form.php%3Fid%3D1335510-454%26name%3Ddobot+cost HTTP/1.1" 200 21727 "-" "Mozilla/5.0 (Linux; Android 6.0.1; Nexus 5X Build/MMB29P) AppleWebKit/537.36 (KHTML, like Gecko) Chrome/137.0.7151.103 Mobile Safari/537.36 (compatible; Googlebot/2.1; +http://www.google.com/bot.html)"
66.249.65.36 - - [13/Jul/2025:18:14:38 +0000] "POST /get-message-notify HTTP/1.1" 200 21861 "https://kraft-court.cafe/?x=45341390001800&mod=b7b16ecf&uri=itm.php%3Fid%3D1513182-39%26name%3Dhalf+moon+table+and+chairs" "Mozilla/5.0 (Linux; Android 6.0.1; Nexus 5X Build/MMB29P) AppleWebKit/537.36 (KHTML, like Gecko) Chrome/137.0.7151.119 Mobile Safari/537.36 (compatible; Googlebot/2.1; +http://www.google.com/bot.html)"
66.249.65.35 - - [13/Jul/2025:18:14:38 +0000] "GET /?x=40125234051800&mod=42a3ddf2&uri=goods.php%3Fid%3D1339169-1145%26name%3Dcotton+skirt+hs+code HTTP/1.1" 200 21247 "-" "Mozilla/5.0 (Linux; Android 6.0.1; Nexus 5X Build/MMB29P) AppleWebKit/537.36 (KHTML, like Gecko) Chrome/137.0.7151.103 Mobile Safari/537.36 (compatible; Googlebot/2.1; +http://www.google.com/bot.html)"
66.249.65.35 - - [13/Jul/2025:18:14:44 +0000] "GET /?x=40116594051800&mod=5cbba2d0&uri=info.php%3Fid%3D1338881-494%26name%3Dcolorful+long+summer+skirts HTTP/1.1" 200 22111 "-" "Mozilla/5.0 (Linux; Android 6.0.1; Nexus 5X Build/MMB29P) AppleWebKit/537.36 (KHTML, like Gecko) Chrome/137.0.7151.103 Mobile Safari/537.36 (compatible; Googlebot/2.1; +http://www.google.com/bot.html)"
66.249.65.36 - - [13/Jul/2025:18:14:51 +0000] "POST /get-message-notify HTTP/1.1" 200 21868 "https://kraft-court.cafe/?x=40116594051800&mod=5cbba2d0&uri=info.php%3Fid%3D1338881-494%26name%3Dcolorful+long+summer+skirts" "Mozilla/5.0 (Linux; Android 6.0.1; Nexus 5X Build/MMB29P) AppleWebKit/537.36 (KHTML, like Gecko) Chrome/137.0.7151.119 Mobile Safari/537.36 (compatible; Googlebot/2.1; +http://www.google.com/bot.html)"
66.249.65.35 - - [13/Jul/2025:18:14:46 +0000] "GET /?x=40115154051800&mod=42a3ddf2&uri=us.php%3Fid%3D1338833-1145%26name%3Dpetite+travel+skirts HTTP/1.1" 200 21053 "-" "Mozilla/5.0 (Linux; Android 6.0.1; Nexus 5X Build/MMB29P) AppleWebKit/537.36 (KHTML, like Gecko) Chrome/137.0.7151.103 Mobile Safari/537.36 (compatible; Googlebot/2.1; +http://www.google.com/bot.html)"
66.249.65.35 - - [13/Jul/2025:18:14:49 +0000] "GET /?x=40114914031800&mod=5cbba2d0&uri=blog.php%3Fid%3D1338825-494%26name%3Dswing+skirt+long HTTP/1.1" 200 21971 "-" "Mozilla/5.0 (Linux; Android 6.0.1; Nexus 5X Build/MMB29P) AppleWebKit/537.36 (KHTML, like Gecko) Chrome/137.0.7151.103 Mobile Safari/537.36 (compatible; Googlebot/2.1; +http://www.google.com/bot.html)"
66.249.65.35 - - [13/Jul/2025:18:14:53 +0000] "GET /?x=40119714011800&mod=5cbba2d0&uri=products.php%3Fid%3D1338985-494%26name%3Dlong+flowy+skirts+xl HTTP/1.1" 200 22193 "-" "Mozilla/5.0 (Linux; Android 6.0.1; Nexus 5X Build/MMB29P) AppleWebKit/537.36 (KHTML, like Gecko) Chrome/137.0.7151.103 Mobile Safari/537.36 (compatible; Googlebot/2.1; +http://www.google.com/bot.html)"
66.249.65.35 - - [13/Jul/2025:18:14:54 +0000] "GET /?x=6065637061800&mod=fd9dcf1d&uri=shared.php%3Fid%3D202554-349%26name%3Dbijoux+argent+massif+pas+cher HTTP/1.1" 200 21558 "-" "Mozilla/5.0 (Linux; Android 6.0.1; Nexus 5X Build/MMB29P) AppleWebKit/537.36 (KHTML, like Gecko) Chrome/137.0.7151.103 Mobile Safari/537.36 (compatible; Googlebot/2.1; +http://www.google.com/bot.html)"
66.249.65.35 - - [13/Jul/2025:18:14:56 +0000] "GET /?x=40128594031800&mod=5cbba2d0&uri=category-info.php%3Fid%3D1339281-494%26name%3Dlong+tutu+skirt HTTP/1.1" 200 21354 "-" "Mozilla/5.0 (Linux; Android 6.0.1; Nexus 5X Build/MMB29P) AppleWebKit/537.36 (KHTML, like Gecko) Chrome/137.0.7151.103 Mobile Safari/537.36 (compatible; Googlebot/2.1; +http://www.google.com/bot.html)"
66.249.65.35 - - [13/Jul/2025:18:15:00 +0000] "POST /get-message-notify HTTP/1.1" 200 21867 "https://kraft-court.cafe/?x=40119714011800&mod=5cbba2d0&uri=products.php%3Fid%3D1338985-494%26name%3Dlong+flowy+skirts+xl" "Mozilla/5.0 (Linux; Android 6.0.1; Nexus 5X Build/MMB29P) AppleWebKit/537.36 (KHTML, like Gecko) Chrome/137.0.7151.119 Mobile Safari/537.36 (compatible; Googlebot/2.1; +http://www.google.com/bot.html)"
66.249.65.36 - - [13/Jul/2025:18:15:00 +0000] "GET /?x=40122114021800&mod=42a3ddf2&uri=dp.php%3Fid%3D1339065-1145%26name%3Dcotton+in+skirt HTTP/1.1" 200 21158 "-" "Mozilla/5.0 (Linux; Android 6.0.1; Nexus 5X Build/MMB29P) AppleWebKit/537.36 (KHTML, like Gecko) Chrome/137.0.7151.103 Mobile Safari/537.36 (compatible; Googlebot/2.1; +http://www.google.com/bot.html)"
66.249.65.37 - - [13/Jul/2025:18:15:02 +0000] "POST /get-message-notify HTTP/1.1" 200 21861 "https://kraft-court.cafe/?x=107493033001800&mod=4eff0720&uri=search.php%3Fid%3D3587395-510%26name%3Ddeep+clean+grill" "Mozilla/5.0 (Linux; Android 6.0.1; Nexus 5X Build/MMB29P) AppleWebKit/537.36 (KHTML, like Gecko) Chrome/137.0.7151.119 Mobile Safari/537.36 (compatible; Googlebot/2.1; +http://www.google.com/bot.html)"
66.249.65.36 - - [13/Jul/2025:18:15:03 +0000] "GET /?x=40030346021800&mod=7a544863&uri=dp.php%3Fid%3D1336005-454%26name%3Dgeorge+francis+robot+wars HTTP/1.1" 200 22116 "-" "Mozilla/5.0 (Linux; Android 6.0.1; Nexus 5X Build/MMB29P) AppleWebKit/537.36 (KHTML, like Gecko) Chrome/137.0.7151.103 Mobile Safari/537.36 (compatible; Googlebot/2.1; +http://www.google.com/bot.html)"
66.249.65.35 - - [13/Jul/2025:18:15:06 +0000] "POST /get-message-notify HTTP/1.1" 200 21870 "https://kraft-court.cafe/?x=40030346021800&mod=7a544863&uri=dp.php%3Fid%3D1336005-454%26name%3Dgeorge+francis+robot+wars" "Mozilla/5.0 (Linux; Android 6.0.1; Nexus 5X Build/MMB29P) AppleWebKit/537.36 (KHTML, like Gecko) Chrome/137.0.7151.119 Mobile Safari/537.36 (compatible; Googlebot/2.1; +http://www.google.com/bot.html)"
66.249.65.35 - - [13/Jul/2025:18:15:06 +0000] "GET /?x=5556934041800&mod=cd3afef9&uri=dp.php%3Fid%3D185511-220%26name%3Dus+polo+association+jackets HTTP/1.1" 200 22303 "-" "Mozilla/5.0 (Linux; Android 6.0.1; Nexus 5X Build/MMB29P) AppleWebKit/537.36 (KHTML, like Gecko) Chrome/137.0.7151.103 Mobile Safari/537.36 (compatible; Googlebot/2.1; +http://www.google.com/bot.html)"
66.249.65.35 - - [13/Jul/2025:18:15:12 +0000] "POST /get-message-notify HTTP/1.1" 200 21862 "https://kraft-court.cafe/?x=107503113051800&mod=4eff0720&uri=shared.php%3Fid%3D3587731-510%26name%3Dcamp+chef+outdoor+grills" "Mozilla/5.0 (Linux; Android 6.0.1; Nexus 5X Build/MMB29P) AppleWebKit/537.36 (KHTML, like Gecko) Chrome/137.0.7151.119 Mobile Safari/537.36 (compatible; Googlebot/2.1; +http://www.google.com/bot.html)"
66.249.65.35 - - [13/Jul/2025:18:15:09 +0000] "GET /?x=5622129011800&mod=e94fe9ac&uri=us.php%3Fid%3D187716-332%26name%3Dwhat%27s+the+day+and+date HTTP/1.1" 200 22270 "-" "Mozilla/5.0 (Linux; Android 6.0.1; Nexus 5X Build/MMB29P) AppleWebKit/537.36 (KHTML, like Gecko) Chrome/137.0.7151.103 Mobile Safari/537.36 (compatible; Googlebot/2.1; +http://www.google.com/bot.html)"
66.249.65.35 - - [13/Jul/2025:18:15:11 +0000] "GET /?x=6436856011800&mod=cd3afef9&uri=blog.php%3Fid%3D214991-220%26name%3Dhow+should+a+trench+coat+fit HTTP/1.1" 200 22117 "-" "Mozilla/5.0 (Linux; Android 6.0.1; Nexus 5X Build/MMB29P) AppleWebKit/537.36 (KHTML, like Gecko) Chrome/137.0.7151.103 Mobile Safari/537.36 (compatible; Googlebot/2.1; +http://www.google.com/bot.html)"
66.249.65.35 - - [13/Jul/2025:18:15:17 +0000] "GET /?x=5618970021800&mod=e94fe9ac&uri=products.php%3Fid%3D187608-332%26name%3Dtelstra+garmin+watch HTTP/1.1" 200 22611 "-" "Mozilla/5.0 (Linux; Android 6.0.1; Nexus 5X Build/MMB29P) AppleWebKit/537.36 (KHTML, like Gecko) Chrome/137.0.7151.103 Mobile Safari/537.36 (compatible; Googlebot/2.1; +http://www.google.com/bot.html)"
66.249.65.35 - - [13/Jul/2025:18:15:18 +0000] "GET /?x=5589035031800&mod=c4b43ae0&uri=dp.php%3Fid%3D186583-330%26name%3Dsmart+heating+edinburgh HTTP/1.1" 200 21808 "-" "Mozilla/5.0 (Linux; Android 6.0.1; Nexus 5X Build/MMB29P) AppleWebKit/537.36 (KHTML, like Gecko) Chrome/137.0.7151.103 Mobile Safari/537.36 (compatible; Googlebot/2.1; +http://www.google.com/bot.html)"
66.249.65.35 - - [13/Jul/2025:18:15:19 +0000] "POST /get-message-notify HTTP/1.1" 200 21859 "https://kraft-court.cafe/?x=47745510101800&mod=c73dfe6c&uri=products.php%3Fid%3D1593381-134%26name%3Dlatest+best+web+series+to+watch" "Mozilla/5.0 (Linux; Android 6.0.1; Nexus 5X Build/MMB29P) AppleWebKit/537.36 (KHTML, like Gecko) Chrome/137.0.7151.119 Mobile Safari/537.36 (compatible; Googlebot/2.1; +http://www.google.com/bot.html)"
66.249.65.35 - - [13/Jul/2025:18:15:20 +0000] "POST /get-message-notify HTTP/1.1" 200 21865 "https://kraft-court.cafe/?x=6436856011800&mod=cd3afef9&uri=blog.php%3Fid%3D214991-220%26name%3Dhow+should+a+trench+coat+fit" "Mozilla/5.0 (Linux; Android 6.0.1; Nexus 5X Build/MMB29P) AppleWebKit/537.36 (KHTML, like Gecko) Chrome/137.0.7151.119 Mobile Safari/537.36 (compatible; Googlebot/2.1; +http://www.google.com/bot.html)"
66.249.65.35 - - [13/Jul/2025:18:15:20 +0000] "GET /?x=5622841021800&mod=e94fe9ac&uri=dp.php%3Fid%3D187740-332%26name%3Dkaramsani+bhajan HTTP/1.1" 200 22020 "-" "Mozilla/5.0 (Linux; Android 6.0.1; Nexus 5X Build/MMB29P) AppleWebKit/537.36 (KHTML, like Gecko) Chrome/137.0.7151.103 Mobile Safari/537.36 (compatible; Googlebot/2.1; +http://www.google.com/bot.html)"
66.249.65.35 - - [13/Jul/2025:18:15:24 +0000] "POST /get-message-notify HTTP/1.1" 200 21867 "https://kraft-court.cafe/?x=5622841021800&mod=e94fe9ac&uri=dp.php%3Fid%3D187740-332%26name%3Dkaramsani+bhajan" "Mozilla/5.0 (Linux; Android 6.0.1; Nexus 5X Build/MMB29P) AppleWebKit/537.36 (KHTML, like Gecko) Chrome/137.0.7151.119 Mobile Safari/537.36 (compatible; Googlebot/2.1; +http://www.google.com/bot.html)"
197.59.181.12 - - [13/Jul/2025:18:15:25 +0000] "GET /?x=5723604011800&mod=333cb763&uri=goods.php%3Fid%3D191129-334%26name%3Dwong+wien+hua+jai+2021+eng+sub HTTP/1.1" 200 194 "https://www.google.com/" "Mozilla/5.0 (Linux; Android 10; K) AppleWebKit/537.36 (KHTML, like Gecko) Chrome/138.0.0.0 Mobile Safari/537.36"
66.249.65.35 - - [13/Jul/2025:18:15:25 +0000] "GET /?x=5621177091800&mod=e94fe9ac&uri=article.php%3Fid%3D187684-332%26name%3Dsubscribe+and+bell+green+screen HTTP/1.1" 200 21515 "-" "Mozilla/5.0 (Linux; Android 6.0.1; Nexus 5X Build/MMB29P) AppleWebKit/537.36 (KHTML, like Gecko) Chrome/137.0.7151.103 Mobile Safari/537.36 (compatible; Googlebot/2.1; +http://www.google.com/bot.html)"
66.249.65.35 - - [13/Jul/2025:18:15:31 +0000] "GET /?x=5620840121800&mod=e94fe9ac&uri=search.php%3Fid%3D187672-332%26name%3Dtruswing+training+aid HTTP/1.1" 200 21530 "-" "Mozilla/5.0 (Linux; Android 6.0.1; Nexus 5X Build/MMB29P) AppleWebKit/537.36 (KHTML, like Gecko) Chrome/137.0.7151.103 Mobile Safari/537.36 (compatible; Googlebot/2.1; +http://www.google.com/bot.html)"
66.249.65.35 - - [13/Jul/2025:18:15:39 +0000] "GET /?x=5622361021800&mod=e94fe9ac&uri=itm.php%3Fid%3D187724-332%26name%3Dabout+mantu+chhuria HTTP/1.1" 200 22534 "-" "Mozilla/5.0 (Linux; Android 6.0.1; Nexus 5X Build/MMB29P) AppleWebKit/537.36 (KHTML, like Gecko) Chrome/137.0.7151.103 Mobile Safari/537.36 (compatible; Googlebot/2.1; +http://www.google.com/bot.html)"
66.249.65.35 - - [13/Jul/2025:18:15:34 +0000] "GET /?x=5548804101800&mod=cd3afef9&uri=shop.php%3Fid%3D185240-220%26name%3Dzara+bomber+man HTTP/1.1" 200 21369 "-" "Mozilla/5.0 (Linux; Android 6.0.1; Nexus 5X Build/MMB29P) AppleWebKit/537.36 (KHTML, like Gecko) Chrome/137.0.7151.103 Mobile Safari/537.36 (compatible; Googlebot/2.1; +http://www.google.com/bot.html)"
66.249.65.36 - - [13/Jul/2025:18:15:28 +0000] "GET /?x=5621535061800&mod=e94fe9ac&uri=shared.php%3Fid%3D187696-332%26name%3Dsteinhart+quality HTTP/1.1" 200 21524 "-" "Mozilla/5.0 (Linux; Android 6.0.1; Nexus 5X Build/MMB29P) AppleWebKit/537.36 (KHTML, like Gecko) Chrome/137.0.7151.103 Mobile Safari/537.36 (compatible; Googlebot/2.1; +http://www.google.com/bot.html)"
66.249.65.36 - - [13/Jul/2025:18:15:42 +0000] "GET /?x=5622721011800&mod=e94fe9ac&uri=news.php%3Fid%3D187736-332%26name%3Dwhat+was+the+date+41+weeks+ago HTTP/1.1" 200 21424 "-" "Mozilla/5.0 (Linux; Android 6.0.1; Nexus 5X Build/MMB29P) AppleWebKit/537.36 (KHTML, like Gecko) Chrome/137.0.7151.103 Mobile Safari/537.36 (compatible; Googlebot/2.1; +http://www.google.com/bot.html)"
66.249.65.35 - - [13/Jul/2025:18:15:45 +0000] "GET /?x=40643285071800&mod=333cb763&uri=form.php%3Fid%3D1356449-334%26name%3Dvulgar+shayari+for+friends HTTP/1.1" 200 21551 "-" "Mozilla/5.0 (Linux; Android 6.0.1; Nexus 5X Build/MMB29P) AppleWebKit/537.36 (KHTML, like Gecko) Chrome/137.0.7151.103 Mobile Safari/537.36 (compatible; Googlebot/2.1; +http://www.google.com/bot.html)"
66.249.65.35 - - [13/Jul/2025:18:15:45 +0000] "POST /get-message-notify HTTP/1.1" 200 21864 "https://kraft-court.cafe/?x=5621535061800&mod=e94fe9ac&uri=shared.php%3Fid%3D187696-332%26name%3Dsteinhart+quality" "Mozilla/5.0 (Linux; Android 6.0.1; Nexus 5X Build/MMB29P) AppleWebKit/537.36 (KHTML, like Gecko) Chrome/137.0.7151.119 Mobile Safari/537.36 (compatible; Googlebot/2.1; +http://www.google.com/bot.html)"
