66.249.65.36 - - [13/Jul/2025:17:50:08 +0000] "GET /?x=61313369021800&mod=322f6246&uri=article.php%3Fid%3D2046080-346%26name%3Dtiger+store+clemson HTTP/1.1" 200 22267 "-" "Mozilla/5.0 (Linux; Android 6.0.1; Nexus 5X Build/MMB29P) AppleWebKit/537.36 (KHTML, like Gecko) Chrome/137.0.7151.103 Mobile Safari/537.36 (compatible; Googlebot/2.1; +http://www.google.com/bot.html)"
66.249.65.35 - - [13/Jul/2025:17:50:11 +0000] "GET /?x=6121235071800&mod=d3a7f48c&uri=brands.php%3Fid%3D204409-208%26name%3Dnikon+coolpix+p900+amazon HTTP/1.1" 200 19236 "-" "Mozilla/5.0 (Linux; Android 6.0.1; Nexus 5X Build/MMB29P) AppleWebKit/537.36 (KHTML, like Gecko) Chrome/137.0.7151.103 Mobile Safari/537.36 (compatible; Googlebot/2.1; +http://www.google.com/bot.html)"
66.249.65.35 - - [13/Jul/2025:17:50:18 +0000] "POST /get-message-notify HTTP/1.1" 200 21870 "https://kraft-court.cafe/?x=24108927001800&mod=257deb66&uri=itm.php%3Fid%3D804690-840%26name%3Dmulti+sapphire+necklace" "Mozilla/5.0 (Linux; Android 6.0.1; Nexus 5X Build/MMB29P) AppleWebKit/537.36 (KHTML, like Gecko) Chrome/137.0.7151.119 Mobile Safari/537.36 (compatible; Googlebot/2.1; +http://www.google.com/bot.html)"
66.249.65.35 - - [13/Jul/2025:17:50:19 +0000] "POST /get-message-notify HTTP/1.1" 200 21861 "https://kraft-court.cafe/?x=40125714121800&mod=5cbba2d0&uri=shared.php%3Fid%3D1339185-494%26name%3Dlong+tutu+skirt+for+sale" "Mozilla/5.0 (Linux; Android 6.0.1; Nexus 5X Build/MMB29P) AppleWebKit/537.36 (KHTML, like Gecko) Chrome/137.0.7151.119 Mobile Safari/537.36 (compatible; Googlebot/2.1; +http://www.google.com/bot.html)"
66.249.65.35 - - [13/Jul/2025:17:50:21 +0000] "GET /?x=5934791031800&mod=4500e403&uri=pin.php%3Fid%3D198185-342%26name%3Dbelly+down+baby+rocker HTTP/1.1" 200 21114 "-" "Mozilla/5.0 (Linux; Android 6.0.1; Nexus 5X Build/MMB29P) AppleWebKit/537.36 (KHTML, like Gecko) Chrome/137.0.7151.103 Mobile Safari/537.36 (compatible; Googlebot/2.1; +http://www.google.com/bot.html)"
66.249.65.35 - - [13/Jul/2025:17:50:17 +0000] "GET /?x=6020915091800&mod=322f6246&uri=blog.php%3Fid%3D201060-346%26name%3Dengland+euro+92+shirt HTTP/1.1" 200 21603 "-" "Mozilla/5.0 (Linux; Android 6.0.1; Nexus 5X Build/MMB29P) AppleWebKit/537.36 (KHTML, like Gecko) Chrome/137.0.7151.103 Mobile Safari/537.36 (compatible; Googlebot/2.1; +http://www.google.com/bot.html)"
66.249.65.35 - - [13/Jul/2025:17:50:23 +0000] "GET /?x=36370780011800&mod=dc6a7e65&uri=info.php%3Fid%3D1213901-308%26name%3Dboys+pjs+george HTTP/1.1" 200 22111 "-" "Mozilla/5.0 (Linux; Android 6.0.1; Nexus 5X Build/MMB29P) AppleWebKit/537.36 (KHTML, like Gecko) Chrome/137.0.7151.103 Mobile Safari/537.36 (compatible; Googlebot/2.1; +http://www.google.com/bot.html)"
66.249.65.35 - - [13/Jul/2025:17:50:26 +0000] "GET /?x=5682270021800&mod=dc6a7e65&uri=itm.php%3Fid%3D189730-308%26name%3Dfrank+and+eileen+sweatshirt HTTP/1.1" 200 22212 "-" "Mozilla/5.0 (Linux; Android 6.0.1; Nexus 5X Build/MMB29P) AppleWebKit/537.36 (KHTML, like Gecko) Chrome/137.0.7151.103 Mobile Safari/537.36 (compatible; Googlebot/2.1; +http://www.google.com/bot.html)"
66.249.65.35 - - [13/Jul/2025:17:50:29 +0000] "POST /get-message-notify HTTP/1.1" 200 21861 "https://kraft-court.cafe/?x=61313369021800&mod=322f6246&uri=article.php%3Fid%3D2046080-346%26name%3Dtiger+store+clemson" "Mozilla/5.0 (Linux; Android 6.0.1; Nexus 5X Build/MMB29P) AppleWebKit/537.36 (KHTML, like Gecko) Chrome/137.0.7151.119 Mobile Safari/537.36 (compatible; Googlebot/2.1; +http://www.google.com/bot.html)"
66.249.65.35 - - [13/Jul/2025:17:50:30 +0000] "GET /?x=37150807021800&mod=dc6a7e65&uri=article.php%3Fid%3D1239940-308%26name%3Dtie+dye+sweater+walmart HTTP/1.1" 200 22564 "-" "Mozilla/5.0 (Linux; Android 6.0.1; Nexus 5X Build/MMB29P) AppleWebKit/537.36 (KHTML, like Gecko) Chrome/137.0.7151.103 Mobile Safari/537.36 (compatible; Googlebot/2.1; +http://www.google.com/bot.html)"
66.249.65.35 - - [13/Jul/2025:17:50:33 +0000] "GET /?x=5684040011800&mod=55d99a37&uri=pin.php%3Fid%3D189789-315%26name%3Ddufa+uhren+alt HTTP/1.1" 200 21958 "-" "Mozilla/5.0 (Linux; Android 6.0.1; Nexus 5X Build/MMB29P) AppleWebKit/537.36 (KHTML, like Gecko) Chrome/137.0.7151.103 Mobile Safari/537.36 (compatible; Googlebot/2.1; +http://www.google.com/bot.html)"
66.249.65.35 - - [13/Jul/2025:17:50:36 +0000] "GET /?x=5683410041800&mod=2de7cf20&uri=shop.php%3Fid%3D189768-333%26name%3Dstaten+island+mall+jewelry+stores HTTP/1.1" 200 21076 "-" "Mozilla/5.0 (Linux; Android 6.0.1; Nexus 5X Build/MMB29P) AppleWebKit/537.36 (KHTML, like Gecko) Chrome/137.0.7151.103 Mobile Safari/537.36 (compatible; Googlebot/2.1; +http://www.google.com/bot.html)"
66.249.65.36 - - [13/Jul/2025:17:50:44 +0000] "GET /?x=37160197001800&mod=dc6a7e65&uri=shop.php%3Fid%3D1240253-308%26name%3Ditachi+tie+dye+hoodie HTTP/1.1" 200 22385 "-" "Mozilla/5.0 (Linux; Android 6.0.1; Nexus 5X Build/MMB29P) AppleWebKit/537.36 (KHTML, like Gecko) Chrome/137.0.7151.103 Mobile Safari/537.36 (compatible; Googlebot/2.1; +http://www.google.com/bot.html)"
66.249.65.35 - - [13/Jul/2025:17:50:45 +0000] "GET /?x=5682780041800&mod=2de7cf20&uri=product.php%3Fid%3D189747-333%26name%3Dpersonalized+name+bracelets+gold HTTP/1.1" 200 21774 "-" "Mozilla/5.0 (Linux; Android 6.0.1; Nexus 5X Build/MMB29P) AppleWebKit/537.36 (KHTML, like Gecko) Chrome/137.0.7151.103 Mobile Safari/537.36 (compatible; Googlebot/2.1; +http://www.google.com/bot.html)"
66.249.65.35 - - [13/Jul/2025:17:50:46 +0000] "GET /?x=5683320011800&mod=2de7cf20&uri=itm.php%3Fid%3D189765-333%26name%3Dfinger+splints HTTP/1.1" 200 20838 "-" "Mozilla/5.0 (Linux; Android 6.0.1; Nexus 5X Build/MMB29P) AppleWebKit/537.36 (KHTML, like Gecko) Chrome/137.0.7151.103 Mobile Safari/537.36 (compatible; Googlebot/2.1; +http://www.google.com/bot.html)"
66.249.65.36 - - [13/Jul/2025:17:50:48 +0000] "GET /?x=37163287001800&mod=dc6a7e65&uri=pin.php%3Fid%3D1240356-308%26name%3Dpink+floyd+tie+dye+sweatshirt HTTP/1.1" 200 21933 "-" "Mozilla/5.0 (Linux; Android 6.0.1; Nexus 5X Build/MMB29P) AppleWebKit/537.36 (KHTML, like Gecko) Chrome/137.0.7151.103 Mobile Safari/537.36 (compatible; Googlebot/2.1; +http://www.google.com/bot.html)"
66.249.65.35 - - [13/Jul/2025:17:50:50 +0000] "GET /?x=107493753051800&mod=4eff0720&uri=goods.php%3Fid%3D3587419-510%26name%3Dbackyard+grill+burner+gas+grill HTTP/1.1" 200 21306 "-" "Mozilla/5.0 (Linux; Android 6.0.1; Nexus 5X Build/MMB29P) AppleWebKit/537.36 (KHTML, like Gecko) Chrome/137.0.7151.103 Mobile Safari/537.36 (compatible; Googlebot/2.1; +http://www.google.com/bot.html)"
66.249.65.35 - - [13/Jul/2025:17:50:50 +0000] "POST /get-message-notify HTTP/1.1" 200 21859 "https://kraft-court.cafe/?x=6031054011800&mod=b071cfa8&uri=info.php%3Fid%3D201398-347%26name%3Dpull+a+la+mode+ado" "Mozilla/5.0 (Linux; Android 6.0.1; Nexus 5X Build/MMB29P) AppleWebKit/537.36 (KHTML, like Gecko) Chrome/137.0.7151.119 Mobile Safari/537.36 (compatible; Googlebot/2.1; +http://www.google.com/bot.html)"
66.249.65.36 - - [13/Jul/2025:17:50:54 +0000] "GET /?x=5812358071800&mod=165a59f7&uri=info.php%3Fid%3D194099-336%26name%3Dzanellato+postina+cachemire+blandine HTTP/1.1" 200 21535 "-" "Mozilla/5.0 (Linux; Android 6.0.1; Nexus 5X Build/MMB29P) AppleWebKit/537.36 (KHTML, like Gecko) Chrome/137.0.7151.103 Mobile Safari/537.36 (compatible; Googlebot/2.1; +http://www.google.com/bot.html)"
66.249.65.36 - - [13/Jul/2025:17:50:54 +0000] "GET /?x=107498313011800&mod=4eff0720&uri=dp.php%3Fid%3D3587571-510%26name%3Dchar+grill+smoker+attachment HTTP/1.1" 200 22252 "-" "Mozilla/5.0 (Linux; Android 6.0.1; Nexus 5X Build/MMB29P) AppleWebKit/537.36 (KHTML, like Gecko) Chrome/137.0.7151.103 Mobile Safari/537.36 (compatible; Googlebot/2.1; +http://www.google.com/bot.html)"
66.249.65.36 - - [13/Jul/2025:17:50:56 +0000] "GET /?x=107503593071800&mod=4ea01965&uri=news.php%3Fid%3D3587747-1656%26name%3Dc3+mix+go HTTP/1.1" 200 20737 "-" "Mozilla/5.0 (Linux; Android 6.0.1; Nexus 5X Build/MMB29P) AppleWebKit/537.36 (KHTML, like Gecko) Chrome/137.0.7151.103 Mobile Safari/537.36 (compatible; Googlebot/2.1; +http://www.google.com/bot.html)"
66.249.65.36 - - [13/Jul/2025:17:50:57 +0000] "POST /get-message-notify HTTP/1.1" 200 21849 "https://kraft-court.cafe/?x=6121235071800&mod=d3a7f48c&uri=brands.php%3Fid%3D204409-208%26name%3Dnikon+coolpix+p900+amazon" "Mozilla/5.0 (Linux; Android 6.0.1; Nexus 5X Build/MMB29P) AppleWebKit/537.36 (KHTML, like Gecko) Chrome/137.0.7151.119 Mobile Safari/537.36 (compatible; Googlebot/2.1; +http://www.google.com/bot.html)"
66.249.65.36 - - [13/Jul/2025:17:51:01 +0000] "GET /?x=107494473031800&mod=4ea01965&uri=search.php%3Fid%3D3587443-1656%26name%3Dblendtec+juice HTTP/1.1" 200 21027 "-" "Mozilla/5.0 (Linux; Android 6.0.1; Nexus 5X Build/MMB29P) AppleWebKit/537.36 (KHTML, like Gecko) Chrome/137.0.7151.103 Mobile Safari/537.36 (compatible; Googlebot/2.1; +http://www.google.com/bot.html)"
66.249.65.35 - - [13/Jul/2025:17:51:04 +0000] "GET /?x=107492793071800&mod=4eff0720&uri=us.php%3Fid%3D3587387-510%26name%3Dgrill+tool+hanger HTTP/1.1" 200 22006 "-" "Mozilla/5.0 (Linux; Android 6.0.1; Nexus 5X Build/MMB29P) AppleWebKit/537.36 (KHTML, like Gecko) Chrome/137.0.7151.103 Mobile Safari/537.36 (compatible; Googlebot/2.1; +http://www.google.com/bot.html)"
66.249.65.36 - - [13/Jul/2025:17:51:05 +0000] "POST /get-message-notify HTTP/1.1" 200 21868 "https://kraft-court.cafe/?x=107494473031800&mod=4ea01965&uri=search.php%3Fid%3D3587443-1656%26name%3Dblendtec+juice" "Mozilla/5.0 (Linux; Android 6.0.1; Nexus 5X Build/MMB29P) AppleWebKit/537.36 (KHTML, like Gecko) Chrome/137.0.7151.119 Mobile Safari/537.36 (compatible; Googlebot/2.1; +http://www.google.com/bot.html)"
66.249.65.35 - - [13/Jul/2025:17:51:06 +0000] "POST /get-message-notify HTTP/1.1" 200 21863 "https://kraft-court.cafe/?x=53781357041800&mod=29921001&uri=form.php%3Fid%3D1794729-155%26name%3Ddynaudio+esotar+1200" "Mozilla/5.0 (Linux; Android 6.0.1; Nexus 5X Build/MMB29P) AppleWebKit/537.36 (KHTML, like Gecko) Chrome/137.0.7151.119 Mobile Safari/537.36 (compatible; Googlebot/2.1; +http://www.google.com/bot.html)"
66.249.65.35 - - [13/Jul/2025:17:51:07 +0000] "GET /?x=107494233101800&mod=4eff0720&uri=us.php%3Fid%3D3587435-510%26name%3Dgas+grill+tank+refill HTTP/1.1" 200 20764 "-" "Mozilla/5.0 (Linux; Android 6.0.1; Nexus 5X Build/MMB29P) AppleWebKit/537.36 (KHTML, like Gecko) Chrome/137.0.7151.103 Mobile Safari/537.36 (compatible; Googlebot/2.1; +http://www.google.com/bot.html)"
66.249.65.35 - - [13/Jul/2025:17:51:10 +0000] "GET /?x=56593659051800&mod=29921001&uri=search.php%3Fid%3D1888563-155%26name%3Djbl+xtreme+sound+quality HTTP/1.1" 200 21926 "-" "Mozilla/5.0 (Linux; Android 6.0.1; Nexus 5X Build/MMB29P) AppleWebKit/537.36 (KHTML, like Gecko) Chrome/137.0.7151.103 Mobile Safari/537.36 (compatible; Googlebot/2.1; +http://www.google.com/bot.html)"
66.249.65.35 - - [13/Jul/2025:17:51:12 +0000] "GET /?x=107503353141800&mod=4d6da0c3&uri=shared.php%3Fid%3D3587739-941%26name%3Despn%2B+free+online HTTP/1.1" 200 21585 "-" "Mozilla/5.0 (Linux; Android 6.0.1; Nexus 5X Build/MMB29P) AppleWebKit/537.36 (KHTML, like Gecko) Chrome/137.0.7151.103 Mobile Safari/537.36 (compatible; Googlebot/2.1; +http://www.google.com/bot.html)"
66.249.65.35 - - [13/Jul/2025:17:51:15 +0000] "GET /?x=54351408001800&mod=29921001&uri=article.php%3Fid%3D1813760-155%26name%3Dhow+to+connect+tv+to+google+home+hub HTTP/1.1" 200 22296 "-" "Mozilla/5.0 (Linux; Android 6.0.1; Nexus 5X Build/MMB29P) AppleWebKit/537.36 (KHTML, like Gecko) Chrome/137.0.7151.103 Mobile Safari/537.36 (compatible; Googlebot/2.1; +http://www.google.com/bot.html)"
66.249.65.35 - - [13/Jul/2025:17:51:18 +0000] "GET /?x=107487753091800&mod=4eff0720&uri=category-info.php%3Fid%3D3587219-510%26name%3Drangemaster+grill+parts HTTP/1.1" 200 21127 "-" "Mozilla/5.0 (Linux; Android 6.0.1; Nexus 5X Build/MMB29P) AppleWebKit/537.36 (KHTML, like Gecko) Chrome/137.0.7151.103 Mobile Safari/537.36 (compatible; Googlebot/2.1; +http://www.google.com/bot.html)"
66.249.65.35 - - [13/Jul/2025:17:51:21 +0000] "POST /get-message-notify HTTP/1.1" 200 21855 "https://kraft-court.cafe/?x=5812358071800&mod=165a59f7&uri=info.php%3Fid%3D194099-336%26name%3Dzanellato+postina+cachemire+blandine" "Mozilla/5.0 (Linux; Android 6.0.1; Nexus 5X Build/MMB29P) AppleWebKit/537.36 (KHTML, like Gecko) Chrome/137.0.7151.119 Mobile Safari/537.36 (compatible; Googlebot/2.1; +http://www.google.com/bot.html)"
66.249.65.35 - - [13/Jul/2025:17:51:25 +0000] "GET /?x=107491353041800&mod=4eff0720&uri=us.php%3Fid%3D3587339-510%26name%3Dcuisinart+in+stainless+five+burner+gas+grill HTTP/1.1" 200 22019 "-" "Mozilla/5.0 (Linux; Android 6.0.1; Nexus 5X Build/MMB29P) AppleWebKit/537.36 (KHTML, like Gecko) Chrome/137.0.7151.103 Mobile Safari/537.36 (compatible; Googlebot/2.1; +http://www.google.com/bot.html)"
66.249.65.35 - - [13/Jul/2025:17:51:29 +0000] "GET /?x=107502873031800&mod=4eff0720&uri=itm.php%3Fid%3D3587723-510%26name%3Dgrease+mat+for+grill HTTP/1.1" 200 21163 "-" "Mozilla/5.0 (Linux; Android 6.0.1; Nexus 5X Build/MMB29P) AppleWebKit/537.36 (KHTML, like Gecko) Chrome/137.0.7151.103 Mobile Safari/537.36 (compatible; Googlebot/2.1; +http://www.google.com/bot.html)"
66.249.65.35 - - [13/Jul/2025:17:51:32 +0000] "GET /?x=107500713011800&mod=4eff0720&uri=news.php%3Fid%3D3587651-510%26name%3Dgeorge+foreman+indoor+outdoor+grill+red HTTP/1.1" 200 21321 "-" "Mozilla/5.0 (Linux; Android 6.0.1; Nexus 5X Build/MMB29P) AppleWebKit/537.36 (KHTML, like Gecko) Chrome/137.0.7151.103 Mobile Safari/537.36 (compatible; Googlebot/2.1; +http://www.google.com/bot.html)"
66.249.65.35 - - [13/Jul/2025:17:51:35 +0000] "GET /?x=107497593071800&mod=4eff0720&uri=blog.php%3Fid%3D3587547-510%26name%3Dbrinkmann+smoke+and+grill HTTP/1.1" 200 22042 "-" "Mozilla/5.0 (Linux; Android 6.0.1; Nexus 5X Build/MMB29P) AppleWebKit/537.36 (KHTML, like Gecko) Chrome/137.0.7151.103 Mobile Safari/537.36 (compatible; Googlebot/2.1; +http://www.google.com/bot.html)"
66.249.65.35 - - [13/Jul/2025:17:51:38 +0000] "GET /?x=107501913051800&mod=4eff0720&uri=goods.php%3Fid%3D3587691-510%26name%3Dexpert+grill+burner+gas+grill HTTP/1.1" 200 22799 "-" "Mozilla/5.0 (Linux; Android 6.0.1; Nexus 5X Build/MMB29P) AppleWebKit/537.36 (KHTML, like Gecko) Chrome/137.0.7151.103 Mobile Safari/537.36 (compatible; Googlebot/2.1; +http://www.google.com/bot.html)"
66.249.65.35 - - [13/Jul/2025:17:51:38 +0000] "GET /?x=5833014021800&mod=384babc3&uri=shared.php%3Fid%3D194789-339%26name%3Dadidas+deerupt+negras+ni%C3%83%C2%B1o HTTP/1.1" 200 20664 "-" "Mozilla/5.0 (Linux; Android 6.0.1; Nexus 5X Build/MMB29P) AppleWebKit/537.36 (KHTML, like Gecko) Chrome/137.0.7151.103 Mobile Safari/537.36 (compatible; Googlebot/2.1; +http://www.google.com/bot.html)"
66.249.65.36 - - [13/Jul/2025:17:51:41 +0000] "GET /?x=107500233051800&mod=4eff0720&uri=dp.php%3Fid%3D3587635-510%26name%3Dgas+grill+parts HTTP/1.1" 200 21338 "-" "Mozilla/5.0 (Linux; Android 6.0.1; Nexus 5X Build/MMB29P) AppleWebKit/537.36 (KHTML, like Gecko) Chrome/137.0.7151.103 Mobile Safari/537.36 (compatible; Googlebot/2.1; +http://www.google.com/bot.html)"
66.249.65.35 - - [13/Jul/2025:17:51:42 +0000] "POST /get-message-notify HTTP/1.1" 200 21862 "https://kraft-court.cafe/?x=107502873031800&mod=4eff0720&uri=itm.php%3Fid%3D3587723-510%26name%3Dgrease+mat+for+grill" "Mozilla/5.0 (Linux; Android 6.0.1; Nexus 5X Build/MMB29P) AppleWebKit/537.36 (KHTML, like Gecko) Chrome/137.0.7151.119 Mobile Safari/537.36 (compatible; Googlebot/2.1; +http://www.google.com/bot.html)"
66.249.65.36 - - [13/Jul/2025:17:51:47 +0000] "POST /get-message-notify HTTP/1.1" 200 21850 "https://kraft-court.cafe/?x=32111274001800&mod=c4b43ae0&uri=article.php%3Fid%3D1071761-330%26name%3Dscotty+downrigger+base+plate" "Mozilla/5.0 (Linux; Android 6.0.1; Nexus 5X Build/MMB29P) AppleWebKit/537.36 (KHTML, like Gecko) Chrome/137.0.7151.119 Mobile Safari/537.36 (compatible; Googlebot/2.1; +http://www.google.com/bot.html)"
66.249.65.35 - - [13/Jul/2025:17:51:47 +0000] "GET /?x=107489673031800&mod=4eff0720&uri=product.php%3Fid%3D3587283-510%26name%3Droyal+gourmet+grill+cover HTTP/1.1" 200 21230 "-" "Mozilla/5.0 (Linux; Android 6.0.1; Nexus 5X Build/MMB29P) AppleWebKit/537.36 (KHTML, like Gecko) Chrome/137.0.7151.103 Mobile Safari/537.36 (compatible; Googlebot/2.1; +http://www.google.com/bot.html)"
66.249.65.35 - - [13/Jul/2025:17:51:47 +0000] "GET /?x=47663016021800&mod=3a835d32&uri=search.php%3Fid%3D1590624-76%26name%3Dphilips+bri+958 HTTP/1.1" 200 20711 "-" "Mozilla/5.0 (Linux; Android 6.0.1; Nexus 5X Build/MMB29P) AppleWebKit/537.36 (KHTML, like Gecko) Chrome/137.0.7151.103 Mobile Safari/537.36 (compatible; Googlebot/2.1; +http://www.google.com/bot.html)"
66.249.65.35 - - [13/Jul/2025:17:51:50 +0000] "GET /?x=107496153141800&mod=4eff0720&uri=us.php%3Fid%3D3587499-510%26name%3Dbest+indoor+grill+for+chicken HTTP/1.1" 200 21427 "-" "Mozilla/5.0 (Linux; Android 6.0.1; Nexus 5X Build/MMB29P) AppleWebKit/537.36 (KHTML, like Gecko) Chrome/137.0.7151.103 Mobile Safari/537.36 (compatible; Googlebot/2.1; +http://www.google.com/bot.html)"
66.249.65.36 - - [13/Jul/2025:17:51:53 +0000] "GET /?x=107490873051800&mod=4ea01965&uri=shared.php%3Fid%3D3587323-1656%26name%3Dstarbucks+caramel+macchiato+k+cups HTTP/1.1" 200 20932 "-" "Mozilla/5.0 (Linux; Android 6.0.1; Nexus 5X Build/MMB29P) AppleWebKit/537.36 (KHTML, like Gecko) Chrome/137.0.7151.103 Mobile Safari/537.36 (compatible; Googlebot/2.1; +http://www.google.com/bot.html)"
66.249.65.35 - - [13/Jul/2025:17:51:56 +0000] "POST /get-message-notify HTTP/1.1" 200 21863 "https://kraft-court.cafe/?x=5684040011800&mod=55d99a37&uri=pin.php%3Fid%3D189789-315%26name%3Ddufa+uhren+alt" "Mozilla/5.0 (Linux; Android 6.0.1; Nexus 5X Build/MMB29P) AppleWebKit/537.36 (KHTML, like Gecko) Chrome/137.0.7151.119 Mobile Safari/537.36 (compatible; Googlebot/2.1; +http://www.google.com/bot.html)"
66.249.65.35 - - [13/Jul/2025:17:51:56 +0000] "GET /?x=107360625031800&mod=29921001&uri=form.php%3Fid%3D3582977-155%26name%3Ddva+mini+line+array HTTP/1.1" 200 22280 "-" "Mozilla/5.0 (Linux; Android 6.0.1; Nexus 5X Build/MMB29P) AppleWebKit/537.36 (KHTML, like Gecko) Chrome/137.0.7151.103 Mobile Safari/537.36 (compatible; Googlebot/2.1; +http://www.google.com/bot.html)"
66.249.65.36 - - [13/Jul/2025:17:52:00 +0000] "POST /get-message-notify HTTP/1.1" 200 21865 "https://kraft-court.cafe/?x=107360625031800&mod=29921001&uri=form.php%3Fid%3D3582977-155%26name%3Ddva+mini+line+array" "Mozilla/5.0 (Linux; Android 6.0.1; Nexus 5X Build/MMB29P) AppleWebKit/537.36 (KHTML, like Gecko) Chrome/137.0.7151.119 Mobile Safari/537.36 (compatible; Googlebot/2.1; +http://www.google.com/bot.html)"
66.249.65.36 - - [13/Jul/2025:17:52:00 +0000] "GET /?x=107487273031800&mod=4eff0720&uri=pin.php%3Fid%3D3587203-510%26name%3Dgrill+stove+combo HTTP/1.1" 200 21299 "-" "Mozilla/5.0 (Linux; Android 6.0.1; Nexus 5X Build/MMB29P) AppleWebKit/537.36 (KHTML, like Gecko) Chrome/137.0.7151.103 Mobile Safari/537.36 (compatible; Googlebot/2.1; +http://www.google.com/bot.html)"
66.249.65.36 - - [13/Jul/2025:17:52:03 +0000] "GET /?x=107490153051800&mod=4eff0720&uri=products.php%3Fid%3D3587299-510%26name%3Dcosmogrill+bbq HTTP/1.1" 200 20786 "-" "Mozilla/5.0 (Linux; Android 6.0.1; Nexus 5X Build/MMB29P) AppleWebKit/537.36 (KHTML, like Gecko) Chrome/137.0.7151.103 Mobile Safari/537.36 (compatible; Googlebot/2.1; +http://www.google.com/bot.html)"
66.249.65.35 - - [13/Jul/2025:17:52:07 +0000] "GET /?x=107491593021800&mod=4ea01965&uri=form.php%3Fid%3D3587347-1656%26name%3Drose+gold+dessert+plates HTTP/1.1" 200 21987 "-" "Mozilla/5.0 (Linux; Android 6.0.1; Nexus 5X Build/MMB29P) AppleWebKit/537.36 (KHTML, like Gecko) Chrome/137.0.7151.103 Mobile Safari/537.36 (compatible; Googlebot/2.1; +http://www.google.com/bot.html)"
66.249.65.35 - - [13/Jul/2025:17:52:10 +0000] "GET /?x=107488713031800&mod=4eff0720&uri=goods.php%3Fid%3D3587251-510%26name%3Dsmall+outdoor+gas+grill HTTP/1.1" 200 21760 "-" "Mozilla/5.0 (Linux; Android 6.0.1; Nexus 5X Build/MMB29P) AppleWebKit/537.36 (KHTML, like Gecko) Chrome/137.0.7151.103 Mobile Safari/537.36 (compatible; Googlebot/2.1; +http://www.google.com/bot.html)"
66.249.65.35 - - [13/Jul/2025:17:52:13 +0000] "GET /?x=107501433001800&mod=4eff0720&uri=itm.php%3Fid%3D3587675-510%26name%3Ddyna+glo+grill+accessories HTTP/1.1" 200 22559 "-" "Mozilla/5.0 (Linux; Android 6.0.1; Nexus 5X Build/MMB29P) AppleWebKit/537.36 (KHTML, like Gecko) Chrome/137.0.7151.103 Mobile Safari/537.36 (compatible; Googlebot/2.1; +http://www.google.com/bot.html)"
66.249.65.35 - - [13/Jul/2025:17:52:13 +0000] "POST /get-message-notify HTTP/1.1" 200 21852 "https://kraft-court.cafe/?x=107488713031800&mod=4eff0720&uri=goods.php%3Fid%3D3587251-510%26name%3Dsmall+outdoor+gas+grill" "Mozilla/5.0 (Linux; Android 6.0.1; Nexus 5X Build/MMB29P) AppleWebKit/537.36 (KHTML, like Gecko) Chrome/137.0.7151.119 Mobile Safari/537.36 (compatible; Googlebot/2.1; +http://www.google.com/bot.html)"
66.249.65.35 - - [13/Jul/2025:17:52:14 +0000] "GET /?x=107503113051800&mod=4eff0720&uri=shared.php%3Fid%3D3587731-510%26name%3Dcamp+chef+outdoor+grills HTTP/1.1" 200 21816 "-" "Mozilla/5.0 (Linux; Android 6.0.1; Nexus 5X Build/MMB29P) AppleWebKit/537.36 (KHTML, like Gecko) Chrome/137.0.7151.103 Mobile Safari/537.36 (compatible; Googlebot/2.1; +http://www.google.com/bot.html)"
66.249.65.35 - - [13/Jul/2025:17:52:16 +0000] "GET /?x=5984478071800&mod=e3ea3396&uri=products.php%3Fid%3D199843-345%26name%3Dropa+de+casa+europea+por+fardos HTTP/1.1" 200 20360 "-" "Mozilla/5.0 (Linux; Android 6.0.1; Nexus 5X Build/MMB29P) AppleWebKit/537.36 (KHTML, like Gecko) Chrome/137.0.7151.103 Mobile Safari/537.36 (compatible; Googlebot/2.1; +http://www.google.com/bot.html)"
66.249.65.35 - - [13/Jul/2025:17:52:17 +0000] "GET /?x=6041694051800&mod=b071cfa8&uri=pin.php%3Fid%3D201753-347%26name%3Dsweat+imprim%C3%83%C2%A9+dos HTTP/1.1" 200 21416 "-" "Mozilla/5.0 (Linux; Android 6.0.1; Nexus 5X Build/MMB29P) AppleWebKit/537.36 (KHTML, like Gecko) Chrome/137.0.7151.103 Mobile Safari/537.36 (compatible; Googlebot/2.1; +http://www.google.com/bot.html)"
66.249.65.35 - - [13/Jul/2025:17:52:19 +0000] "GET /?x=6043254031800&mod=b071cfa8&uri=shop.php%3Fid%3D201805-347%26name%3Dpull+volkswagen+homme HTTP/1.1" 200 20769 "-" "Mozilla/5.0 (Linux; Android 6.0.1; Nexus 5X Build/MMB29P) AppleWebKit/537.36 (KHTML, like Gecko) Chrome/137.0.7151.103 Mobile Safari/537.36 (compatible; Googlebot/2.1; +http://www.google.com/bot.html)"
66.249.65.35 - - [13/Jul/2025:17:52:22 +0000] "GET /?x=6037374021800&mod=b071cfa8&uri=brands.php%3Fid%3D201609-347%26name%3Dsweat+ralph+lauren+homme+bleu+marine HTTP/1.1" 200 20465 "-" "Mozilla/5.0 (Linux; Android 6.0.1; Nexus 5X Build/MMB29P) AppleWebKit/537.36 (KHTML, like Gecko) Chrome/137.0.7151.103 Mobile Safari/537.36 (compatible; Googlebot/2.1; +http://www.google.com/bot.html)"
66.249.65.35 - - [13/Jul/2025:17:52:26 +0000] "POST /get-message-notify HTTP/1.1" 200 21863 "https://kraft-court.cafe/?x=6041694051800&mod=b071cfa8&uri=pin.php%3Fid%3D201753-347%26name%3Dsweat+imprim%C3%83%C2%A9+dos" "Mozilla/5.0 (Linux; Android 6.0.1; Nexus 5X Build/MMB29P) AppleWebKit/537.36 (KHTML, like Gecko) Chrome/137.0.7151.119 Mobile Safari/537.36 (compatible; Googlebot/2.1; +http://www.google.com/bot.html)"
66.249.65.35 - - [13/Jul/2025:17:52:29 +0000] "GET /?x=5972075011800&mod=e3ea3396&uri=pin.php%3Fid%3D199428-345%26name%3Dtejanos+azules HTTP/1.1" 200 21027 "-" "Mozilla/5.0 (Linux; Android 6.0.1; Nexus 5X Build/MMB29P) AppleWebKit/537.36 (KHTML, like Gecko) Chrome/137.0.7151.103 Mobile Safari/537.36 (compatible; Googlebot/2.1; +http://www.google.com/bot.html)"
66.249.65.35 - - [13/Jul/2025:17:52:32 +0000] "GET /?x=6043014051800&mod=b071cfa8&uri=itm.php%3Fid%3D201797-347%26name%3Dgo+sport+sweat HTTP/1.1" 200 20979 "-" "Mozilla/5.0 (Linux; Android 6.0.1; Nexus 5X Build/MMB29P) AppleWebKit/537.36 (KHTML, like Gecko) Chrome/137.0.7151.103 Mobile Safari/537.36 (compatible; Googlebot/2.1; +http://www.google.com/bot.html)"
66.249.65.35 - - [13/Jul/2025:17:52:34 +0000] "POST /get-message-notify HTTP/1.1" 200 21860 "https://kraft-court.cafe/?x=5972075011800&mod=e3ea3396&uri=pin.php%3Fid%3D199428-345%26name%3Dtejanos+azules" "Mozilla/5.0 (Linux; Android 6.0.1; Nexus 5X Build/MMB29P) AppleWebKit/537.36 (KHTML, like Gecko) Chrome/137.0.7151.119 Mobile Safari/537.36 (compatible; Googlebot/2.1; +http://www.google.com/bot.html)"
66.249.65.35 - - [13/Jul/2025:17:52:35 +0000] "GET /?x=6040134041800&mod=b071cfa8&uri=info.php%3Fid%3D201701-347%26name%3Dlacoste+pull+col+roul%C3%83%C2%A9 HTTP/1.1" 200 20627 "-" "Mozilla/5.0 (Linux; Android 6.0.1; Nexus 5X Build/MMB29P) AppleWebKit/537.36 (KHTML, like Gecko) Chrome/137.0.7151.103 Mobile Safari/537.36 (compatible; Googlebot/2.1; +http://www.google.com/bot.html)"
66.249.65.36 - - [13/Jul/2025:17:52:38 +0000] "GET /?x=6038694011800&mod=c7b90b0f&uri=info.php%3Fid%3D201653-348%26name%3Dmanteau+style+peignoir HTTP/1.1" 200 20620 "-" "Mozilla/5.0 (Linux; Android 6.0.1; Nexus 5X Build/MMB29P) AppleWebKit/537.36 (KHTML, like Gecko) Chrome/137.0.7151.103 Mobile Safari/537.36 (compatible; Googlebot/2.1; +http://www.google.com/bot.html)"
66.249.65.36 - - [13/Jul/2025:17:52:40 +0000] "POST /get-message-notify HTTP/1.1" 200 21865 "https://kraft-court.cafe/?x=6043014051800&mod=b071cfa8&uri=itm.php%3Fid%3D201797-347%26name%3Dgo+sport+sweat" "Mozilla/5.0 (Linux; Android 6.0.1; Nexus 5X Build/MMB29P) AppleWebKit/537.36 (KHTML, like Gecko) Chrome/137.0.7151.119 Mobile Safari/537.36 (compatible; Googlebot/2.1; +http://www.google.com/bot.html)"
66.249.65.35 - - [13/Jul/2025:17:52:41 +0000] "GET /?x=6043134051800&mod=c7b90b0f&uri=goods.php%3Fid%3D201801-348%26name%3Dbolero+chic+pour+ceremonie HTTP/1.1" 200 20780 "-" "Mozilla/5.0 (Linux; Android 6.0.1; Nexus 5X Build/MMB29P) AppleWebKit/537.36 (KHTML, like Gecko) Chrome/137.0.7151.103 Mobile Safari/537.36 (compatible; Googlebot/2.1; +http://www.google.com/bot.html)"
66.249.65.35 - - [13/Jul/2025:17:52:44 +0000] "GET /?x=6037974071800&mod=b071cfa8&uri=goods.php%3Fid%3D201629-347%26name%3Dpull+vert+champion HTTP/1.1" 200 20633 "-" "Mozilla/5.0 (Linux; Android 6.0.1; Nexus 5X Build/MMB29P) AppleWebKit/537.36 (KHTML, like Gecko) Chrome/137.0.7151.103 Mobile Safari/537.36 (compatible; Googlebot/2.1; +http://www.google.com/bot.html)"
66.249.65.35 - - [13/Jul/2025:17:52:45 +0000] "POST /get-message-notify HTTP/1.1" 200 21867 "https://kraft-court.cafe/?x=5934791031800&mod=4500e403&uri=pin.php%3Fid%3D198185-342%26name%3Dbelly+down+baby+rocker" "Mozilla/5.0 (Linux; Android 6.0.1; Nexus 5X Build/MMB29P) AppleWebKit/537.36 (KHTML, like Gecko) Chrome/137.0.7151.119 Mobile Safari/537.36 (compatible; Googlebot/2.1; +http://www.google.com/bot.html)"
66.249.65.36 - - [13/Jul/2025:17:52:47 +0000] "GET /?x=6035334091800&mod=b071cfa8&uri=products.php%3Fid%3D201541-347%26name%3Dsweat+a+capuche+adidas+rouge+homme HTTP/1.1" 200 20470 "-" "Mozilla/5.0 (Linux; Android 6.0.1; Nexus 5X Build/MMB29P) AppleWebKit/537.36 (KHTML, like Gecko) Chrome/137.0.7151.103 Mobile Safari/537.36 (compatible; Googlebot/2.1; +http://www.google.com/bot.html)"
66.249.65.36 - - [13/Jul/2025:17:52:51 +0000] "GET /?x=6039534141800&mod=b071cfa8&uri=category-info.php%3Fid%3D201681-347%26name%3Dsweat+levis+gris HTTP/1.1" 200 20689 "-" "Mozilla/5.0 (Linux; Android 6.0.1; Nexus 5X Build/MMB29P) AppleWebKit/537.36 (KHTML, like Gecko) Chrome/137.0.7151.103 Mobile Safari/537.36 (compatible; Googlebot/2.1; +http://www.google.com/bot.html)"
66.249.65.35 - - [13/Jul/2025:17:52:57 +0000] "GET /?x=6034494111800&mod=b071cfa8&uri=news.php%3Fid%3D201513-347%26name%3Dsous+pull+col+v HTTP/1.1" 200 20920 "-" "Mozilla/5.0 (Linux; Android 6.0.1; Nexus 5X Build/MMB29P) AppleWebKit/537.36 (KHTML, like Gecko) Chrome/137.0.7151.103 Mobile Safari/537.36 (compatible; Googlebot/2.1; +http://www.google.com/bot.html)"
66.249.65.36 - - [13/Jul/2025:17:53:00 +0000] "GET /?x=6039294061800&mod=b071cfa8&uri=brands.php%3Fid%3D201673-347%26name%3Dhoodie+lacoste+homme HTTP/1.1" 200 20321 "-" "Mozilla/5.0 (Linux; Android 6.0.1; Nexus 5X Build/MMB29P) AppleWebKit/537.36 (KHTML, like Gecko) Chrome/137.0.7151.103 Mobile Safari/537.36 (compatible; Googlebot/2.1; +http://www.google.com/bot.html)"
66.249.65.37 - - [13/Jul/2025:17:53:02 +0000] "GET /?x=40038263031800&mod=a8849b05&uri=search.php%3Fid%3D1336269-57%26name%3Dsteelseries+rival+650 HTTP/1.1" 200 21709 "-" "Mozilla/5.0 (Linux; Android 6.0.1; Nexus 5X Build/MMB29P) AppleWebKit/537.36 (KHTML, like Gecko) Chrome/137.0.7151.103 Mobile Safari/537.36 (compatible; Googlebot/2.1; +http://www.google.com/bot.html)"
66.249.65.35 - - [13/Jul/2025:17:53:04 +0000] "GET /?x=40156254011800&mod=f4612859&uri=form.php%3Fid%3D1340203-536%26name%3Drachel+zoe+suzette+lace+dress HTTP/1.1" 200 21285 "-" "Mozilla/5.0 (Linux; Android 6.0.1; Nexus 5X Build/MMB29P) AppleWebKit/537.36 (KHTML, like Gecko) Chrome/137.0.7151.103 Mobile Safari/537.36 (compatible; Googlebot/2.1; +http://www.google.com/bot.html)"
66.249.65.36 - - [13/Jul/2025:17:53:06 +0000] "GET /?x=40150374031800&mod=543e8374&uri=pin.php%3Fid%3D1340007-537%26name%3Dretrofete+white+dress HTTP/1.1" 200 20916 "-" "Mozilla/5.0 (Linux; Android 6.0.1; Nexus 5X Build/MMB29P) AppleWebKit/537.36 (KHTML, like Gecko) Chrome/137.0.7151.103 Mobile Safari/537.36 (compatible; Googlebot/2.1; +http://www.google.com/bot.html)"
66.249.65.35 - - [13/Jul/2025:17:53:08 +0000] "GET /?x=40158774131800&mod=f4612859&uri=us.php%3Fid%3D1340287-536%26name%3Dshort+lace+dress+styles+2018 HTTP/1.1" 200 20789 "-" "Mozilla/5.0 (Linux; Android 6.0.1; Nexus 5X Build/MMB29P) AppleWebKit/537.36 (KHTML, like Gecko) Chrome/137.0.7151.103 Mobile Safari/537.36 (compatible; Googlebot/2.1; +http://www.google.com/bot.html)"
66.249.65.35 - - [13/Jul/2025:17:53:12 +0000] "POST /get-message-notify HTTP/1.1" 200 21859 "https://kraft-court.cafe/?x=6166680041800&mod=5481b2f3&uri=form.php%3Fid%3D205926-356%26name%3Dserafini+blanche" "Mozilla/5.0 (Linux; Android 6.0.1; Nexus 5X Build/MMB29P) AppleWebKit/537.36 (KHTML, like Gecko) Chrome/137.0.7151.119 Mobile Safari/537.36 (compatible; Googlebot/2.1; +http://www.google.com/bot.html)"
66.249.65.35 - - [13/Jul/2025:17:53:15 +0000] "GET /?x=40152894121800&mod=543e8374&uri=blog.php%3Fid%3D1340091-537%26name%3Dshein+fringe+dress HTTP/1.1" 200 20922 "-" "Mozilla/5.0 (Linux; Android 6.0.1; Nexus 5X Build/MMB29P) AppleWebKit/537.36 (KHTML, like Gecko) Chrome/137.0.7151.103 Mobile Safari/537.36 (compatible; Googlebot/2.1; +http://www.google.com/bot.html)"
66.249.65.35 - - [13/Jul/2025:17:53:16 +0000] "POST /get-message-notify HTTP/1.1" 200 21861 "https://kraft-court.cafe/?x=107489673031800&mod=4eff0720&uri=product.php%3Fid%3D3587283-510%26name%3Droyal+gourmet+grill+cover" "Mozilla/5.0 (Linux; Android 6.0.1; Nexus 5X Build/MMB29P) AppleWebKit/537.36 (KHTML, like Gecko) Chrome/137.0.7151.119 Mobile Safari/537.36 (compatible; Googlebot/2.1; +http://www.google.com/bot.html)"
66.249.65.35 - - [13/Jul/2025:17:53:16 +0000] "POST /get-message-notify HTTP/1.1" 200 21870 "https://kraft-court.cafe/?x=6031054011800&mod=b071cfa8&uri=info.php%3Fid%3D201398-347%26name%3Dpull+a+la+mode+ado" "Mozilla/5.0 (Linux; Android 6.0.1; Nexus 5X Build/MMB29P) AppleWebKit/537.36 (KHTML, like Gecko) Chrome/137.0.7151.119 Mobile Safari/537.36 (compatible; Googlebot/2.1; +http://www.google.com/bot.html)"
66.249.65.35 - - [13/Jul/2025:17:53:17 +0000] "GET /?x=11454215011800&mod=a8849b05&uri=info.php%3Fid%3D382431-57%26name%3Dreview+jbl+free HTTP/1.1" 200 22107 "-" "Mozilla/5.0 (Linux; Android 6.0.1; Nexus 5X Build/MMB29P) AppleWebKit/537.36 (KHTML, like Gecko) Chrome/137.0.7151.103 Mobile Safari/537.36 (compatible; Googlebot/2.1; +http://www.google.com/bot.html)"
66.249.65.35 - - [13/Jul/2025:17:53:20 +0000] "POST /get-message-notify HTTP/1.1" 200 21864 "https://kraft-court.cafe/?x=37150807021800&mod=dc6a7e65&uri=article.php%3Fid%3D1239940-308%26name%3Dtie+dye+sweater+walmart" "Mozilla/5.0 (Linux; Android 6.0.1; Nexus 5X Build/MMB29P) AppleWebKit/537.36 (KHTML, like Gecko) Chrome/137.0.7151.119 Mobile Safari/537.36 (compatible; Googlebot/2.1; +http://www.google.com/bot.html)"
66.249.65.35 - - [13/Jul/2025:17:53:20 +0000] "GET /?x=40151214011800&mod=543e8374&uri=dp.php%3Fid%3D1340035-537%26name%3Dbabydoll+dress+shein HTTP/1.1" 200 21938 "-" "Mozilla/5.0 (Linux; Android 6.0.1; Nexus 5X Build/MMB29P) AppleWebKit/537.36 (KHTML, like Gecko) Chrome/137.0.7151.103 Mobile Safari/537.36 (compatible; Googlebot/2.1; +http://www.google.com/bot.html)"
66.249.65.35 - - [13/Jul/2025:17:53:24 +0000] "GET /?x=47656000001800&mod=3a835d32&uri=news.php%3Fid%3D1590390-76%26name%3Dblue+adolfo+dominguez+amazon HTTP/1.1" 200 21165 "-" "Mozilla/5.0 (Linux; Android 6.0.1; Nexus 5X Build/MMB29P) AppleWebKit/537.36 (KHTML, like Gecko) Chrome/137.0.7151.103 Mobile Safari/537.36 (compatible; Googlebot/2.1; +http://www.google.com/bot.html)"
66.249.65.35 - - [13/Jul/2025:17:53:24 +0000] "GET /?x=40150794071800&mod=543e8374&uri=us.php%3Fid%3D1340021-537%26name%3Dgirls+fringe+dress HTTP/1.1" 200 21487 "-" "Mozilla/5.0 (Linux; Android 6.0.1; Nexus 5X Build/MMB29P) AppleWebKit/537.36 (KHTML, like Gecko) Chrome/137.0.7151.103 Mobile Safari/537.36 (compatible; Googlebot/2.1; +http://www.google.com/bot.html)"
66.249.65.35 - - [13/Jul/2025:17:53:26 +0000] "GET /?x=40151424081800&mod=f4612859&uri=brands.php%3Fid%3D1340042-536%26name%3Dtie+around+neck+halter+dress HTTP/1.1" 200 21503 "-" "Mozilla/5.0 (Linux; Android 6.0.1; Nexus 5X Build/MMB29P) AppleWebKit/537.36 (KHTML, like Gecko) Chrome/137.0.7151.103 Mobile Safari/537.36 (compatible; Googlebot/2.1; +http://www.google.com/bot.html)"
66.249.65.35 - - [13/Jul/2025:17:53:29 +0000] "GET /?x=40160664011800&mod=f4612859&uri=us.php%3Fid%3D1340350-536%26name%3Ddress+fashion+design+2018 HTTP/1.1" 200 21479 "-" "Mozilla/5.0 (Linux; Android 6.0.1; Nexus 5X Build/MMB29P) AppleWebKit/537.36 (KHTML, like Gecko) Chrome/137.0.7151.103 Mobile Safari/537.36 (compatible; Googlebot/2.1; +http://www.google.com/bot.html)"
66.249.65.35 - - [13/Jul/2025:17:53:33 +0000] "GET /?x=40052903071800&mod=a8849b05&uri=us.php%3Fid%3D1336757-57%26name%3Dwhat%27s+the+latest+airpod+model HTTP/1.1" 200 21866 "-" "Mozilla/5.0 (Linux; Android 6.0.1; Nexus 5X Build/MMB29P) AppleWebKit/537.36 (KHTML, like Gecko) Chrome/137.0.7151.103 Mobile Safari/537.36 (compatible; Googlebot/2.1; +http://www.google.com/bot.html)"
66.249.65.36 - - [13/Jul/2025:17:53:35 +0000] "POST /get-message-notify HTTP/1.1" 200 21861 "https://kraft-court.cafe/?x=40052903071800&mod=a8849b05&uri=us.php%3Fid%3D1336757-57%26name%3Dwhat%27s+the+latest+airpod+model" "Mozilla/5.0 (Linux; Android 6.0.1; Nexus 5X Build/MMB29P) AppleWebKit/537.36 (KHTML, like Gecko) Chrome/137.0.7151.119 Mobile Safari/537.36 (compatible; Googlebot/2.1; +http://www.google.com/bot.html)"
66.249.65.36 - - [13/Jul/2025:17:53:36 +0000] "GET /?x=40157934031800&mod=543e8374&uri=goods.php%3Fid%3D1340259-537%26name%3Dbabydoll+slip+dress HTTP/1.1" 200 21384 "-" "Mozilla/5.0 (Linux; Android 6.0.1; Nexus 5X Build/MMB29P) AppleWebKit/537.36 (KHTML, like Gecko) Chrome/137.0.7151.103 Mobile Safari/537.36 (compatible; Googlebot/2.1; +http://www.google.com/bot.html)"
66.249.65.35 - - [13/Jul/2025:17:53:37 +0000] "POST /get-message-notify HTTP/1.1" 200 21863 "https://kraft-court.cafe/?x=107503353141800&mod=4d6da0c3&uri=shared.php%3Fid%3D3587739-941%26name%3Despn%2B+free+online" "Mozilla/5.0 (Linux; Android 6.0.1; Nexus 5X Build/MMB29P) AppleWebKit/537.36 (KHTML, like Gecko) Chrome/137.0.7151.119 Mobile Safari/537.36 (compatible; Googlebot/2.1; +http://www.google.com/bot.html)"
66.249.65.35 - - [13/Jul/2025:17:53:38 +0000] "POST /get-message-notify HTTP/1.1" 200 21868 "https://kraft-court.cafe/?x=40160664011800&mod=f4612859&uri=us.php%3Fid%3D1340350-536%26name%3Ddress+fashion+design+2018" "Mozilla/5.0 (Linux; Android 6.0.1; Nexus 5X Build/MMB29P) AppleWebKit/537.36 (KHTML, like Gecko) Chrome/137.0.7151.119 Mobile Safari/537.36 (compatible; Googlebot/2.1; +http://www.google.com/bot.html)"
66.249.65.35 - - [13/Jul/2025:17:53:42 +0000] "POST /get-message-notify HTTP/1.1" 200 21865 "https://kraft-court.cafe/?x=40038263031800&mod=a8849b05&uri=search.php%3Fid%3D1336269-57%26name%3Dsteelseries+rival+650" "Mozilla/5.0 (Linux; Android 6.0.1; Nexus 5X Build/MMB29P) AppleWebKit/537.36 (KHTML, like Gecko) Chrome/137.0.7151.119 Mobile Safari/537.36 (compatible; Googlebot/2.1; +http://www.google.com/bot.html)"
66.249.65.35 - - [13/Jul/2025:17:53:43 +0000] "GET /?x=40111554031800&mod=76cf99d3&uri=info.php%3Fid%3D1338713-131%26name%3Dganni+beanie+hat+sale HTTP/1.1" 200 21714 "-" "Mozilla/5.0 (Linux; Android 6.0.1; Nexus 5X Build/MMB29P) AppleWebKit/537.36 (KHTML, like Gecko) Chrome/137.0.7151.103 Mobile Safari/537.36 (compatible; Googlebot/2.1; +http://www.google.com/bot.html)"
66.249.65.35 - - [13/Jul/2025:17:53:44 +0000] "POST /get-message-notify HTTP/1.1" 200 21861 "https://kraft-court.cafe/?x=107497593071800&mod=4eff0720&uri=blog.php%3Fid%3D3587547-510%26name%3Dbrinkmann+smoke+and+grill" "Mozilla/5.0 (Linux; Android 6.0.1; Nexus 5X Build/MMB29P) AppleWebKit/537.36 (KHTML, like Gecko) Chrome/137.0.7151.119 Mobile Safari/537.36 (compatible; Googlebot/2.1; +http://www.google.com/bot.html)"
66.249.65.36 - - [13/Jul/2025:17:53:47 +0000] "GET /?x=40131744071800&mod=42a3ddf2&uri=product.php%3Fid%3D1339386-1145%26name%3Dblack+sequin+skirt+h%26m HTTP/1.1" 200 20544 "-" "Mozilla/5.0 (Linux; Android 6.0.1; Nexus 5X Build/MMB29P) AppleWebKit/537.36 (KHTML, like Gecko) Chrome/137.0.7151.103 Mobile Safari/537.36 (compatible; Googlebot/2.1; +http://www.google.com/bot.html)"
66.249.65.35 - - [13/Jul/2025:17:53:50 +0000] "POST /get-message-notify HTTP/1.1" 200 21897 "https://kraft-court.cafe/?x=40131744071800&mod=42a3ddf2&uri=product.php%3Fid%3D1339386-1145%26name%3Dblack+sequin+skirt+h%26m" "Mozilla/5.0 (Linux; Android 6.0.1; Nexus 5X Build/MMB29P) AppleWebKit/537.36 (KHTML, like Gecko) Chrome/137.0.7151.119 Mobile Safari/537.36 (compatible; Googlebot/2.1; +http://www.google.com/bot.html)"
66.249.65.36 - - [13/Jul/2025:17:53:50 +0000] "GET /?x=40134984001800&mod=42a3ddf2&uri=article.php%3Fid%3D1339494-1145%26name%3Dpetite+green+skirts HTTP/1.1" 200 21007 "-" "Mozilla/5.0 (Linux; Android 6.0.1; Nexus 5X Build/MMB29P) AppleWebKit/537.36 (KHTML, like Gecko) Chrome/137.0.7151.103 Mobile Safari/537.36 (compatible; Googlebot/2.1; +http://www.google.com/bot.html)"
66.249.65.35 - - [13/Jul/2025:17:53:50 +0000] "POST /get-message-notify HTTP/1.1" 200 21867 "https://kraft-court.cafe/?x=40157934031800&mod=543e8374&uri=goods.php%3Fid%3D1340259-537%26name%3Dbabydoll+slip+dress" "Mozilla/5.0 (Linux; Android 6.0.1; Nexus 5X Build/MMB29P) AppleWebKit/537.36 (KHTML, like Gecko) Chrome/137.0.7151.119 Mobile Safari/537.36 (compatible; Googlebot/2.1; +http://www.google.com/bot.html)"
66.249.65.36 - - [13/Jul/2025:17:53:51 +0000] "POST /get-message-notify HTTP/1.1" 200 21872 "https://kraft-court.cafe/?x=40111554031800&mod=76cf99d3&uri=info.php%3Fid%3D1338713-131%26name%3Dganni+beanie+hat+sale" "Mozilla/5.0 (Linux; Android 6.0.1; Nexus 5X Build/MMB29P) AppleWebKit/537.36 (KHTML, like Gecko) Chrome/137.0.7151.119 Mobile Safari/537.36 (compatible; Googlebot/2.1; +http://www.google.com/bot.html)"
66.249.65.35 - - [13/Jul/2025:17:53:53 +0000] "GET /?x=40137144001800&mod=42a3ddf2&uri=info.php%3Fid%3D1339566-1145%26name%3Dlulus+gold+sequin+skirt HTTP/1.1" 200 20938 "-" "Mozilla/5.0 (Linux; Android 6.0.1; Nexus 5X Build/MMB29P) AppleWebKit/537.36 (KHTML, like Gecko) Chrome/137.0.7151.103 Mobile Safari/537.36 (compatible; Googlebot/2.1; +http://www.google.com/bot.html)"
66.249.65.35 - - [13/Jul/2025:17:53:55 +0000] "GET /?x=40143354041800&mod=5cbba2d0&uri=category-info.php%3Fid%3D1339773-494%26name%3Dplus+size+long+black+tutu HTTP/1.1" 200 20607 "-" "Mozilla/5.0 (Linux; Android 6.0.1; Nexus 5X Build/MMB29P) AppleWebKit/537.36 (KHTML, like Gecko) Chrome/137.0.7151.103 Mobile Safari/537.36 (compatible; Googlebot/2.1; +http://www.google.com/bot.html)"
66.249.65.37 - - [13/Jul/2025:17:53:58 +0000] "GET /?x=40144434051800&mod=5cbba2d0&uri=blog.php%3Fid%3D1339809-494%26name%3Dlong+pink+summer+skirts HTTP/1.1" 200 20905 "-" "Mozilla/5.0 (Linux; Android 6.0.1; Nexus 5X Build/MMB29P) AppleWebKit/537.36 (KHTML, like Gecko) Chrome/137.0.7151.103 Mobile Safari/537.36 (compatible; Googlebot/2.1; +http://www.google.com/bot.html)"
209.74.77.214 - - [13/Jul/2025:17:54:02 +0000] "POST /wp-cron.php?doing_wp_cron=1752429242.1300759315490722656250 HTTP/1.1" 200 - "-" "WordPress/6.8.1; https://kraft-court.cafe"
51.222.253.20 - - [13/Jul/2025:17:54:01 +0000] "GET /?x=64344662021800&uri=info.php%3Fid%3D2147234-1394%26name%3Dkyrie%20low%20white%20gum HTTP/1.1" 200 1923 "-" "Mozilla/5.0 (compatible; AhrefsBot/7.0; +http://ahrefs.com/robot/)"
66.249.65.35 - - [13/Jul/2025:17:54:02 +0000] "POST /get-message-notify HTTP/1.1" 200 21868 "https://kraft-court.cafe/?x=107491353041800&mod=4eff0720&uri=us.php%3Fid%3D3587339-510%26name%3Dcuisinart+in+stainless+five+burner+gas+grill" "Mozilla/5.0 (Linux; Android 6.0.1; Nexus 5X Build/MMB29P) AppleWebKit/537.36 (KHTML, like Gecko) Chrome/137.0.7151.119 Mobile Safari/537.36 (compatible; Googlebot/2.1; +http://www.google.com/bot.html)"
66.249.65.37 - - [13/Jul/2025:17:54:04 +0000] "GET /?x=40130934001800&mod=42a3ddf2&uri=product.php%3Fid%3D1339359-1145%26name%3Dpinafore+skirt+uk HTTP/1.1" 200 21015 "-" "Mozilla/5.0 (Linux; Android 6.0.1; Nexus 5X Build/MMB29P) AppleWebKit/537.36 (KHTML, like Gecko) Chrome/137.0.7151.103 Mobile Safari/537.36 (compatible; Googlebot/2.1; +http://www.google.com/bot.html)"
66.249.65.36 - - [13/Jul/2025:17:54:06 +0000] "POST /get-message-notify HTTP/1.1" 200 21858 "https://kraft-court.cafe/?x=6043254031800&mod=b071cfa8&uri=shop.php%3Fid%3D201805-347%26name%3Dpull+volkswagen+homme" "Mozilla/5.0 (Linux; Android 6.0.1; Nexus 5X Build/MMB29P) AppleWebKit/537.36 (KHTML, like Gecko) Chrome/137.0.7151.119 Mobile Safari/537.36 (compatible; Googlebot/2.1; +http://www.google.com/bot.html)"
66.249.65.35 - - [13/Jul/2025:17:54:07 +0000] "GET /?x=40040273021800&mod=a8849b05&uri=pin.php%3Fid%3D1336336-57%26name%3Dastro+headset+a40+cord HTTP/1.1" 200 22388 "-" "Mozilla/5.0 (Linux; Android 6.0.1; Nexus 5X Build/MMB29P) AppleWebKit/537.36 (KHTML, like Gecko) Chrome/137.0.7151.103 Mobile Safari/537.36 (compatible; Googlebot/2.1; +http://www.google.com/bot.html)"
4.227.36.58 - - [13/Jul/2025:17:54:09 +0000] "GET /robots.txt HTTP/1.1" 200 86 "-" "Mozilla/5.0 AppleWebKit/537.36 (KHTML, like Gecko; compatible; GPTBot/1.2; +https://openai.com/gptbot)"
66.249.65.36 - - [13/Jul/2025:17:54:09 +0000] "POST /get-message-notify HTTP/1.1" 200 21869 "https://kraft-court.cafe/?x=107491593021800&mod=4ea01965&uri=form.php%3Fid%3D3587347-1656%26name%3Drose+gold+dessert+plates" "Mozilla/5.0 (Linux; Android 6.0.1; Nexus 5X Build/MMB29P) AppleWebKit/537.36 (KHTML, like Gecko) Chrome/137.0.7151.119 Mobile Safari/537.36 (compatible; Googlebot/2.1; +http://www.google.com/bot.html)"
66.249.65.35 - - [13/Jul/2025:17:54:11 +0000] "GET /?x=9514263081800&mod=a8849b05&uri=news.php%3Fid%3D317677-57%26name%3Djohn+lewis+beats+solo HTTP/1.1" 200 21763 "-" "Mozilla/5.0 (Linux; Android 6.0.1; Nexus 5X Build/MMB29P) AppleWebKit/537.36 (KHTML, like Gecko) Chrome/137.0.7151.103 Mobile Safari/537.36 (compatible; Googlebot/2.1; +http://www.google.com/bot.html)"
20.171.207.55 - - [13/Jul/2025:17:54:13 +0000] "GET / HTTP/1.1" 200 1851 "-" "Mozilla/5.0 AppleWebKit/537.36 (KHTML, like Gecko; compatible; GPTBot/1.2; +https://openai.com/gptbot)"
66.249.65.35 - - [13/Jul/2025:17:54:14 +0000] "GET /?x=40135524131800&mod=42a3ddf2&uri=blog.php%3Fid%3D1339512-1145%26name%3Dasos+black+sequin+skirt HTTP/1.1" 200 20585 "-" "Mozilla/5.0 (Linux; Android 6.0.1; Nexus 5X Build/MMB29P) AppleWebKit/537.36 (KHTML, like Gecko) Chrome/137.0.7151.103 Mobile Safari/537.36 (compatible; Googlebot/2.1; +http://www.google.com/bot.html)"
66.249.65.35 - - [13/Jul/2025:17:54:15 +0000] "GET /?x=40134714011800&mod=5cbba2d0&uri=shared.php%3Fid%3D1339485-494%26name%3Dlong+fall+skirts+2018 HTTP/1.1" 200 20699 "-" "Mozilla/5.0 (Linux; Android 6.0.1; Nexus 5X Build/MMB29P) AppleWebKit/537.36 (KHTML, like Gecko) Chrome/137.0.7151.103 Mobile Safari/537.36 (compatible; Googlebot/2.1; +http://www.google.com/bot.html)"
66.249.65.35 - - [13/Jul/2025:17:54:19 +0000] "GET /?x=40137684041800&mod=42a3ddf2&uri=shared.php%3Fid%3D1339584-1145%26name%3Dgreen+plaid+skirt+ideas HTTP/1.1" 200 21835 "-" "Mozilla/5.0 (Linux; Android 6.0.1; Nexus 5X Build/MMB29P) AppleWebKit/537.36 (KHTML, like Gecko) Chrome/137.0.7151.103 Mobile Safari/537.36 (compatible; Googlebot/2.1; +http://www.google.com/bot.html)"
66.249.65.35 - - [13/Jul/2025:17:54:19 +0000] "GET /?x=5734993011800&mod=333cb763&uri=products.php%3Fid%3D191519-334%26name%3Ddramacool+my+girlfriend+is+alien HTTP/1.1" 200 21613 "-" "Mozilla/5.0 (Linux; Android 6.0.1; Nexus 5X Build/MMB29P) AppleWebKit/537.36 (KHTML, like Gecko) Chrome/137.0.7151.103 Mobile Safari/537.36 (compatible; Googlebot/2.1; +http://www.google.com/bot.html)"
66.249.65.35 - - [13/Jul/2025:17:54:22 +0000] "GET /?x=40129314011800&mod=5cbba2d0&uri=itm.php%3Fid%3D1339305-494%26name%3Dlong+summer+skirts+australia HTTP/1.1" 200 21435 "-" "Mozilla/5.0 (Linux; Android 6.0.1; Nexus 5X Build/MMB29P) AppleWebKit/537.36 (KHTML, like Gecko) Chrome/137.0.7151.103 Mobile Safari/537.36 (compatible; Googlebot/2.1; +http://www.google.com/bot.html)"
66.249.65.35 - - [13/Jul/2025:17:54:26 +0000] "GET /?x=6110495051800&mod=0d0fd7c6&uri=shared.php%3Fid%3D204051-40%26name%3Dmakita+blowers+bunnings HTTP/1.1" 200 22291 "-" "Mozilla/5.0 (Linux; Android 6.0.1; Nexus 5X Build/MMB29P) AppleWebKit/537.36 (KHTML, like Gecko) Chrome/137.0.7151.103 Mobile Safari/537.36 (compatible; Googlebot/2.1; +http://www.google.com/bot.html)"
66.249.65.35 - - [13/Jul/2025:17:54:30 +0000] "POST /get-message-notify HTTP/1.1" 200 21871 "https://kraft-court.cafe/?x=40130934001800&mod=42a3ddf2&uri=product.php%3Fid%3D1339359-1145%26name%3Dpinafore+skirt+uk" "Mozilla/5.0 (Linux; Android 6.0.1; Nexus 5X Build/MMB29P) AppleWebKit/537.36 (KHTML, like Gecko) Chrome/137.0.7151.119 Mobile Safari/537.36 (compatible; Googlebot/2.1; +http://www.google.com/bot.html)"
66.249.65.35 - - [13/Jul/2025:17:54:31 +0000] "GET /?x=6099947021800&mod=0d0fd7c6&uri=category-info.php%3Fid%3D203699-40%26name%3Dultimate+airless+handheld+graco HTTP/1.1" 200 21844 "-" "Mozilla/5.0 (Linux; Android 6.0.1; Nexus 5X Build/MMB29P) AppleWebKit/537.36 (KHTML, like Gecko) Chrome/137.0.7151.103 Mobile Safari/537.36 (compatible; Googlebot/2.1; +http://www.google.com/bot.html)"
66.249.65.35 - - [13/Jul/2025:17:54:31 +0000] "GET /?x=5702877131800&mod=2de7cf20&uri=article.php%3Fid%3D190417-333%26name%3Dfair+oaks+mall+jewelry+stores HTTP/1.1" 200 22020 "-" "Mozilla/5.0 (Linux; Android 6.0.1; Nexus 5X Build/MMB29P) AppleWebKit/537.36 (KHTML, like Gecko) Chrome/137.0.7151.103 Mobile Safari/537.36 (compatible; Googlebot/2.1; +http://www.google.com/bot.html)"
66.249.65.35 - - [13/Jul/2025:17:54:32 +0000] "GET /?x=6098027031800&mod=0d0fd7c6&uri=itm.php%3Fid%3D203635-40%26name%3Dhome+depot+18v+dewalt+battery HTTP/1.1" 200 22054 "-" "Mozilla/5.0 (Linux; Android 6.0.1; Nexus 5X Build/MMB29P) AppleWebKit/537.36 (KHTML, like Gecko) Chrome/137.0.7151.103 Mobile Safari/537.36 (compatible; Googlebot/2.1; +http://www.google.com/bot.html)"
66.249.65.35 - - [13/Jul/2025:17:54:33 +0000] "GET /?x=6105695071800&mod=0d0fd7c6&uri=info.php%3Fid%3D203891-40%26name%3Dmilwaukee+12v+battery+home+depot HTTP/1.1" 200 21911 "-" "Mozilla/5.0 (Linux; Android 6.0.1; Nexus 5X Build/MMB29P) AppleWebKit/537.36 (KHTML, like Gecko) Chrome/137.0.7151.103 Mobile Safari/537.36 (compatible; Googlebot/2.1; +http://www.google.com/bot.html)"
66.249.65.36 - - [13/Jul/2025:17:54:35 +0000] "POST /get-message-notify HTTP/1.1" 200 21859 "https://kraft-court.cafe/?x=6099947021800&mod=0d0fd7c6&uri=category-info.php%3Fid%3D203699-40%26name%3Dultimate+airless+handheld+graco" "Mozilla/5.0 (Linux; Android 6.0.1; Nexus 5X Build/MMB29P) AppleWebKit/537.36 (KHTML, like Gecko) Chrome/137.0.7151.119 Mobile Safari/537.36 (compatible; Googlebot/2.1; +http://www.google.com/bot.html)"
66.249.65.36 - - [13/Jul/2025:17:54:36 +0000] "GET /?x=6103535071800&mod=0d0fd7c6&uri=article.php%3Fid%3D203819-40%26name%3Dmakita+18v+buffer HTTP/1.1" 200 21948 "-" "Mozilla/5.0 (Linux; Android 6.0.1; Nexus 5X Build/MMB29P) AppleWebKit/537.36 (KHTML, like Gecko) Chrome/137.0.7151.103 Mobile Safari/537.36 (compatible; Googlebot/2.1; +http://www.google.com/bot.html)"
66.249.65.36 - - [13/Jul/2025:17:54:38 +0000] "GET /?x=119570947041800&mod=55d99a37&uri=brands.php%3Fid%3D3990448-315%26name%3Dice+watch+rot HTTP/1.1" 200 22727 "-" "Mozilla/5.0 (Linux; Android 6.0.1; Nexus 5X Build/MMB29P) AppleWebKit/537.36 (KHTML, like Gecko) Chrome/137.0.7151.103 Mobile Safari/537.36 (compatible; Googlebot/2.1; +http://www.google.com/bot.html)"
66.249.65.35 - - [13/Jul/2025:17:54:35 +0000] "GET /?x=6106415011800&mod=0d0fd7c6&uri=shop.php%3Fid%3D203915-40%26name%3Dryobi+airstrike+crown+stapler HTTP/1.1" 200 22656 "-" "Mozilla/5.0 (Linux; Android 6.0.1; Nexus 5X Build/MMB29P) AppleWebKit/537.36 (KHTML, like Gecko) Chrome/137.0.7151.103 Mobile Safari/537.36 (compatible; Googlebot/2.1; +http://www.google.com/bot.html)"
66.249.65.36 - - [13/Jul/2025:17:54:44 +0000] "GET /?x=6038964041800&mod=b071cfa8&uri=itm.php%3Fid%3D201662-347%26name%3Dpull+a+col+femme HTTP/1.1" 200 20640 "-" "Mozilla/5.0 (Linux; Android 6.0.1; Nexus 5X Build/MMB29P) AppleWebKit/537.36 (KHTML, like Gecko) Chrome/137.0.7151.103 Mobile Safari/537.36 (compatible; Googlebot/2.1; +http://www.google.com/bot.html)"
66.249.65.35 - - [13/Jul/2025:17:54:46 +0000] "GET /?x=6102816031800&mod=0d0fd7c6&uri=pin.php%3Fid%3D203795-40%26name%3Dsds+hammer+drills+for+sale HTTP/1.1" 200 21813 "-" "Mozilla/5.0 (Linux; Android 6.0.1; Nexus 5X Build/MMB29P) AppleWebKit/537.36 (KHTML, like Gecko) Chrome/137.0.7151.103 Mobile Safari/537.36 (compatible; Googlebot/2.1; +http://www.google.com/bot.html)"
