185.241.208.229 - - [13/Jul/2025:21:50:53 +0000] "POST /wp-login.php HTTP/1.1" 200 5725 "https://kraft-court.cafe/wp-login.php" "Mozilla/5.0 (Windows NT 10.0; Win64; x64) AppleWebKit/537.36 (KHTML, like Gecko) Chrome/131.0.0.0 Safari/537.36"
185.241.208.229 - - [13/Jul/2025:21:50:53 +0000] "POST /wp-login.php HTTP/1.1" 200 5725 "https://kraft-court.cafe/wp-login.php" "Mozilla/5.0 (Windows NT 10.0; Win64; x64) AppleWebKit/537.36 (KHTML, like Gecko) Chrome/131.0.0.0 Safari/537.36"
185.241.208.229 - - [13/Jul/2025:21:50:53 +0000] "POST /wp-login.php HTTP/1.1" 200 5725 "https://kraft-court.cafe/wp-login.php" "Mozilla/5.0 (Windows NT 10.0; Win64; x64) AppleWebKit/537.36 (KHTML, like Gecko) Chrome/131.0.0.0 Safari/537.36"
185.241.208.229 - - [13/Jul/2025:21:50:53 +0000] "POST /wp-login.php HTTP/1.1" 200 5725 "https://kraft-court.cafe/wp-login.php" "Mozilla/5.0 (Windows NT 10.0; Win64; x64) AppleWebKit/537.36 (KHTML, like Gecko) Chrome/131.0.0.0 Safari/537.36"
185.241.208.229 - - [13/Jul/2025:21:50:54 +0000] "POST /wp-login.php HTTP/1.1" 200 5725 "https://kraft-court.cafe/wp-login.php" "Mozilla/5.0 (Windows NT 10.0; Win64; x64) AppleWebKit/537.36 (KHTML, like Gecko) Chrome/131.0.0.0 Safari/537.36"
185.241.208.229 - - [13/Jul/2025:21:50:54 +0000] "POST /wp-login.php HTTP/1.1" 200 5725 "https://kraft-court.cafe/wp-login.php" "Mozilla/5.0 (Windows NT 10.0; Win64; x64) AppleWebKit/537.36 (KHTML, like Gecko) Chrome/131.0.0.0 Safari/537.36"
185.241.208.229 - - [13/Jul/2025:21:50:54 +0000] "POST /wp-login.php HTTP/1.1" 200 5725 "https://kraft-court.cafe/wp-login.php" "Mozilla/5.0 (Windows NT 10.0; Win64; x64) AppleWebKit/537.36 (KHTML, like Gecko) Chrome/131.0.0.0 Safari/537.36"
185.241.208.229 - - [13/Jul/2025:21:50:54 +0000] "POST /wp-login.php HTTP/1.1" 200 5725 "https://kraft-court.cafe/wp-login.php" "Mozilla/5.0 (Windows NT 10.0; Win64; x64) AppleWebKit/537.36 (KHTML, like Gecko) Chrome/131.0.0.0 Safari/537.36"
185.241.208.229 - - [13/Jul/2025:21:50:54 +0000] "POST /wp-login.php HTTP/1.1" 200 5725 "https://kraft-court.cafe/wp-login.php" "Mozilla/5.0 (Windows NT 10.0; Win64; x64) AppleWebKit/537.36 (KHTML, like Gecko) Chrome/131.0.0.0 Safari/537.36"
66.249.65.37 - - [13/Jul/2025:21:51:02 +0000] "POST /get-message-notify HTTP/1.1" 200 21870 "https://kraft-court.cafe/?x=5887565021800&mod=29921001&uri=category-info.php%3Fid%3D196610-155%26name%3Dpolk+db521" "Mozilla/5.0 (Linux; Android 6.0.1; Nexus 5X Build/MMB29P) AppleWebKit/537.36 (KHTML, like Gecko) Chrome/137.0.7151.119 Mobile Safari/537.36 (compatible; Googlebot/2.1; +http://www.google.com/bot.html)"
209.74.77.214 - - [13/Jul/2025:21:51:35 +0000] "POST /wp-cron.php?doing_wp_cron=1752443495.0244059562683105468750 HTTP/1.1" 200 - "-" "WordPress/6.8.1; https://kraft-court.cafe"
66.249.65.36 - - [13/Jul/2025:21:51:33 +0000] "GET /?x=5712210001800&mod=333cb763&uri=dp.php%3Fid%3D190734-334%26name%3Ddragon+ball+z+super+dub HTTP/1.1" 301 - "-" "Mozilla/5.0 (Linux; Android 6.0.1; Nexus 5X Build/MMB29P) AppleWebKit/537.36 (KHTML, like Gecko) Chrome/137.0.7151.103 Mobile Safari/537.36 (compatible; GoogleOther)"
66.249.65.35 - - [13/Jul/2025:21:51:35 +0000] "GET /?x=5712210001800&mod=333cb763&uri=dp.php%3Fid%3D190734-334%26name%3Ddragon%20ball%20z%20super%20dub HTTP/1.1" 200 1935 "-" "Mozilla/5.0 (Linux; Android 6.0.1; Nexus 5X Build/MMB29P) AppleWebKit/537.36 (KHTML, like Gecko) Chrome/137.0.7151.103 Mobile Safari/537.36 (compatible; GoogleOther)"
66.249.65.35 - - [13/Jul/2025:21:53:16 +0000] "GET /?x=119588535001800&mod=55d99a37&uri=product.php%3Fid%3D3991036-315%26name%3Damazone+michael+kors+uhren HTTP/1.1" 200 22210 "-" "Mozilla/5.0 (Linux; Android 6.0.1; Nexus 5X Build/MMB29P) AppleWebKit/537.36 (KHTML, like Gecko) Chrome/137.0.7151.103 Mobile Safari/537.36 (compatible; Googlebot/2.1; +http://www.google.com/bot.html)"
66.249.65.35 - - [13/Jul/2025:21:53:17 +0000] "GET /?x=40000514041800&mod=a8849b05&uri=search.php%3Fid%3D1335010-57%26name%3Dboat+rockerz+255+battery+price HTTP/1.1" 200 22612 "-" "Mozilla/5.0 (Linux; Android 6.0.1; Nexus 5X Build/MMB29P) AppleWebKit/537.36 (KHTML, like Gecko) Chrome/137.0.7151.103 Mobile Safari/537.36 (compatible; Googlebot/2.1; +http://www.google.com/bot.html)"
66.249.65.35 - - [13/Jul/2025:21:53:58 +0000] "GET /?x=5774187041800&mod=a8849b05&uri=goods.php%3Fid%3D192826-57%26name%3Dbest+bluetooth+sleep+headband HTTP/1.1" 200 22398 "-" "Mozilla/5.0 (Linux; Android 6.0.1; Nexus 5X Build/MMB29P) AppleWebKit/537.36 (KHTML, like Gecko) Chrome/137.0.7151.103 Mobile Safari/537.36 (compatible; Googlebot/2.1; +http://www.google.com/bot.html)"
66.249.65.36 - - [13/Jul/2025:21:55:53 +0000] "GET /?x=6123695111800&mod=d3a7f48c&uri=form.php%3Fid%3D204491-208%26name%3Dplayer+hi8 HTTP/1.1" 200 20988 "-" "Mozilla/5.0 (Linux; Android 6.0.1; Nexus 5X Build/MMB29P) AppleWebKit/537.36 (KHTML, like Gecko) Chrome/137.0.7151.103 Mobile Safari/537.36 (compatible; Googlebot/2.1; +http://www.google.com/bot.html)"
66.249.65.36 - - [13/Jul/2025:21:55:54 +0000] "GET /?x=5594105041800&mod=831b1ac5&uri=dp.php%3Fid%3D186752-331%26name%3Dprada+leather+brogues HTTP/1.1" 200 20258 "-" "Mozilla/5.0 (Linux; Android 6.0.1; Nexus 5X Build/MMB29P) AppleWebKit/537.36 (KHTML, like Gecko) Chrome/137.0.7151.103 Mobile Safari/537.36 (compatible; Googlebot/2.1; +http://www.google.com/bot.html)"
66.249.65.37 - - [13/Jul/2025:21:56:18 +0000] "GET /?x=5634217061800&mod=55d99a37&uri=category-info.php%3Fid%3D188123-315%26name%3Daviator+uhr HTTP/1.1" 200 20648 "-" "Mozilla/5.0 (Linux; Android 6.0.1; Nexus 5X Build/MMB29P) AppleWebKit/537.36 (KHTML, like Gecko) Chrome/137.0.7151.103 Mobile Safari/537.36 (compatible; Googlebot/2.1; +http://www.google.com/bot.html)"
66.249.65.37 - - [13/Jul/2025:21:57:32 +0000] "GET /?x=5680071001800&mod=dc6a7e65&uri=search.php%3Fid%3D189656-308%26name%3Dhoodie+everlast+original HTTP/1.1" 200 22054 "-" "Mozilla/5.0 (Linux; Android 6.0.1; Nexus 5X Build/MMB29P) AppleWebKit/537.36 (KHTML, like Gecko) Chrome/137.0.7151.103 Mobile Safari/537.36 (compatible; Googlebot/2.1; +http://www.google.com/bot.html)"
209.74.77.214 - - [13/Jul/2025:21:57:55 +0000] "POST /wp-cron.php?doing_wp_cron=1752443875.3080790042877197265625 HTTP/1.1" 200 - "-" "WordPress/6.8.1; https://kraft-court.cafe"
66.249.65.35 - - [13/Jul/2025:21:57:54 +0000] "GET /?x=119815711061800&mod=3f78fa1c&uri=goods.php%3Fid%3D3998614-679%26name%3Dmoondog+labs+anamorphic HTTP/1.1" 301 - "-" "Mozilla/5.0 (Linux; Android 6.0.1; Nexus 5X Build/MMB29P) AppleWebKit/537.36 (KHTML, like Gecko) Chrome/137.0.7151.103 Mobile Safari/537.36 (compatible; GoogleOther)"
66.249.65.35 - - [13/Jul/2025:21:57:56 +0000] "GET /?x=119815711061800&mod=3f78fa1c&uri=goods.php%3Fid%3D3998614-679%26name%3Dmoondog%20labs%20anamorphic HTTP/1.1" 200 1936 "-" "Mozilla/5.0 (Linux; Android 6.0.1; Nexus 5X Build/MMB29P) AppleWebKit/537.36 (KHTML, like Gecko) Chrome/137.0.7151.103 Mobile Safari/537.36 (compatible; GoogleOther)"
66.249.65.37 - - [13/Jul/2025:21:58:38 +0000] "GET /?x=5700477031800&mod=2de7cf20&uri=brands.php%3Fid%3D190337-333%26name%3Dlouis+vuitton+padlock+necklace+asos HTTP/1.1" 200 22345 "-" "Mozilla/5.0 (Linux; Android 6.0.1; Nexus 5X Build/MMB29P) AppleWebKit/537.36 (KHTML, like Gecko) Chrome/137.0.7151.103 Mobile Safari/537.36 (compatible; Googlebot/2.1; +http://www.google.com/bot.html)"
209.74.77.214 - - [13/Jul/2025:21:59:41 +0000] "POST /wp-cron.php?doing_wp_cron=1752443981.2920050621032714843750 HTTP/1.1" 200 - "-" "WordPress/6.8.1; https://kraft-court.cafe"
66.249.65.37 - - [13/Jul/2025:21:59:40 +0000] "GET /?x=5877588001800&mod=d594b1a9&uri=itm.php%3Fid%3D196277-341%26name%3Dtuina+masaje+chino+pdf HTTP/1.1" 301 - "-" "Mozilla/5.0 (Linux; Android 6.0.1; Nexus 5X Build/MMB29P) AppleWebKit/537.36 (KHTML, like Gecko) Chrome/137.0.7151.103 Mobile Safari/537.36 (compatible; GoogleOther)"
66.249.65.35 - - [13/Jul/2025:21:59:41 +0000] "GET /?x=5877588001800&mod=d594b1a9&uri=itm.php%3Fid%3D196277-341%26name%3Dtuina%20masaje%20chino%20pdf HTTP/1.1" 200 1933 "-" "Mozilla/5.0 (Linux; Android 6.0.1; Nexus 5X Build/MMB29P) AppleWebKit/537.36 (KHTML, like Gecko) Chrome/137.0.7151.103 Mobile Safari/537.36 (compatible; GoogleOther)"
66.249.65.37 - - [13/Jul/2025:21:59:43 +0000] "POST /get-message-notify HTTP/1.1" 200 21853 "https://kraft-court.cafe/?x=119588535001800&mod=55d99a37&uri=product.php%3Fid%3D3991036-315%26name%3Damazone+michael+kors+uhren" "Mozilla/5.0 (Linux; Android 6.0.1; Nexus 5X Build/MMB29P) AppleWebKit/537.36 (KHTML, like Gecko) Chrome/137.0.7151.119 Mobile Safari/537.36 (compatible; Googlebot/2.1; +http://www.google.com/bot.html)"
209.74.77.214 - - [13/Jul/2025:22:01:01 +0000] "POST /wp-cron.php?doing_wp_cron=1752444060.9705939292907714843750 HTTP/1.1" 200 - "-" "WordPress/6.8.1; https://kraft-court.cafe"
51.222.253.12 - - [13/Jul/2025:22:00:59 +0000] "GET /?x=21307522021800&uri=product.php%3Fid%3D711241-317%26name%3Damerican%20eagle%20slip%20on HTTP/1.1" 200 1924 "-" "Mozilla/5.0 (compatible; AhrefsBot/7.0; +http://ahrefs.com/robot/)"
209.74.77.214 - - [13/Jul/2025:22:01:40 +0000] "POST /wp-cron.php?doing_wp_cron=1752444100.7460570335388183593750 HTTP/1.1" 200 - "-" "WordPress/6.8.1; https://kraft-court.cafe"
66.249.65.35 - - [13/Jul/2025:22:01:39 +0000] "GET /?x=5728958071800&mod=333cb763&uri=search.php%3Fid%3D191315-334%26name%3Ddragon+ball+z+kai+the+final+chapters HTTP/1.1" 301 - "-" "Mozilla/5.0 (Linux; Android 6.0.1; Nexus 5X Build/MMB29P) AppleWebKit/537.36 (KHTML, like Gecko) Chrome/137.0.7151.103 Mobile Safari/537.36 (compatible; GoogleOther)"
66.249.65.36 - - [13/Jul/2025:22:01:41 +0000] "GET /?x=5728958071800&mod=333cb763&uri=search.php%3Fid%3D191315-334%26name%3Ddragon%20ball%20z%20kai%20the%20final%20chapters HTTP/1.1" 200 1949 "-" "Mozilla/5.0 (Linux; Android 6.0.1; Nexus 5X Build/MMB29P) AppleWebKit/537.36 (KHTML, like Gecko) Chrome/137.0.7151.103 Mobile Safari/537.36 (compatible; GoogleOther)"
66.249.65.36 - - [13/Jul/2025:22:02:26 +0000] "GET /?x=5693700001800&mod=2de7cf20&uri=info.php%3Fid%3D190111-333%26name%3Dnapier+jewelry HTTP/1.1" 200 22412 "-" "Mozilla/5.0 (Linux; Android 6.0.1; Nexus 5X Build/MMB29P) AppleWebKit/537.36 (KHTML, like Gecko) Chrome/137.0.7151.103 Mobile Safari/537.36 (compatible; Googlebot/2.1; +http://www.google.com/bot.html)"
66.249.65.35 - - [13/Jul/2025:22:03:18 +0000] "POST /get-message-notify HTTP/1.1" 200 21863 "https://kraft-court.cafe/?x=5634217061800&mod=55d99a37&uri=category-info.php%3Fid%3D188123-315%26name%3Daviator+uhr" "Mozilla/5.0 (Linux; Android 6.0.1; Nexus 5X Build/MMB29P) AppleWebKit/537.36 (KHTML, like Gecko) Chrome/137.0.7151.119 Mobile Safari/537.36 (compatible; Googlebot/2.1; +http://www.google.com/bot.html)"
66.249.65.35 - - [13/Jul/2025:22:03:57 +0000] "GET /?x=42018616101800&mod=a8849b05&uri=news.php%3Fid%3D1402343-57%26name%3Dlogitech+headset+for+xbox+series+x HTTP/1.1" 200 21931 "-" "Mozilla/5.0 (Linux; Android 6.0.1; Nexus 5X Build/MMB29P) AppleWebKit/537.36 (KHTML, like Gecko) Chrome/137.0.7151.103 Mobile Safari/537.36 (compatible; Googlebot/2.1; +http://www.google.com/bot.html)"
66.249.65.35 - - [13/Jul/2025:22:03:58 +0000] "GET /?x=5546524031800&mod=cd3afef9&uri=us.php%3Fid%3D185164-220%26name%3Dtommy+jeans+sweatshirt+black HTTP/1.1" 200 21435 "-" "Mozilla/5.0 (Linux; Android 6.0.1; Nexus 5X Build/MMB29P) AppleWebKit/537.36 (KHTML, like Gecko) Chrome/137.0.7151.103 Mobile Safari/537.36 (compatible; Googlebot/2.1; +http://www.google.com/bot.html)"
66.249.65.37 - - [13/Jul/2025:22:06:37 +0000] "GET /?x=119596870041800&mod=1f49216e&uri=category-info.php%3Fid%3D3991314-1698%26name%3Dpiumone+matrimoniale+oro HTTP/1.1" 200 21276 "-" "Mozilla/5.0 (Linux; Android 6.0.1; Nexus 5X Build/MMB29P) AppleWebKit/537.36 (KHTML, like Gecko) Chrome/137.0.7151.103 Mobile Safari/537.36 (compatible; Googlebot/2.1; +http://www.google.com/bot.html)"
66.249.65.36 - - [13/Jul/2025:22:06:39 +0000] "GET /?x=5639760011800&mod=55d99a37&uri=shop.php%3Fid%3D188309-315%26name%3Dtitan+vs+edelstahl+uhr HTTP/1.1" 200 22197 "-" "Mozilla/5.0 (Linux; Android 6.0.1; Nexus 5X Build/MMB29P) AppleWebKit/537.36 (KHTML, like Gecko) Chrome/137.0.7151.103 Mobile Safari/537.36 (compatible; Googlebot/2.1; +http://www.google.com/bot.html)"
66.249.65.36 - - [13/Jul/2025:22:08:57 +0000] "GET /?x=119635945021800&mod=42e77b63&uri=info.php%3Fid%3D3992618-62%26name%3Dapple+watch+series+38mm+lcd+screen HTTP/1.1" 200 20574 "-" "Mozilla/5.0 (Linux; Android 6.0.1; Nexus 5X Build/MMB29P) AppleWebKit/537.36 (KHTML, like Gecko) Chrome/137.0.7151.103 Mobile Safari/537.36 (compatible; Googlebot/2.1; +http://www.google.com/bot.html)"
66.249.65.37 - - [13/Jul/2025:22:09:24 +0000] "GET /?x=34600999021800&mod=c64e7fcb&uri=shared.php%3Fid%3D1154864-1080%26name%3Dpurple+flower+converse HTTP/1.1" 200 20499 "-" "Mozilla/5.0 (Linux; Android 6.0.1; Nexus 5X Build/MMB29P) AppleWebKit/537.36 (KHTML, like Gecko) Chrome/137.0.7151.103 Mobile Safari/537.36 (compatible; Googlebot/2.1; +http://www.google.com/bot.html)"
209.74.77.214 - - [13/Jul/2025:22:09:43 +0000] "POST /wp-cron.php?doing_wp_cron=1752444583.6076979637145996093750 HTTP/1.1" 200 - "-" "WordPress/6.8.1; https://kraft-court.cafe"
51.222.253.12 - - [13/Jul/2025:22:09:42 +0000] "GET /?x=23291084061800&mod=3d489341&uri=brands.php%3Fid%3D777412-699%26name%3Dlasko+cyclone+20+inch+fan HTTP/1.1" 301 - "-" "Mozilla/5.0 (compatible; AhrefsBot/7.0; +http://ahrefs.com/robot/)"
66.249.65.37 - - [13/Jul/2025:22:10:58 +0000] "GET /?x=5612022041800&mod=e94fe9ac&uri=product.php%3Fid%3D187367-332%26name%3Dsamsung+galaxy+watch+active+bateria HTTP/1.1" 200 22819 "-" "Mozilla/5.0 (Linux; Android 6.0.1; Nexus 5X Build/MMB29P) AppleWebKit/537.36 (KHTML, like Gecko) Chrome/137.0.7151.103 Mobile Safari/537.36 (compatible; Googlebot/2.1; +http://www.google.com/bot.html)"
66.249.73.100 - - [13/Jul/2025:22:11:05 +0000] "GET /robots.txt HTTP/1.1" 200 90 "-" "Mozilla/5.0 (compatible; Googlebot/2.1; +http://www.google.com/bot.html)"
66.249.73.100 - - [13/Jul/2025:22:11:05 +0000] "GET /cgi-bin/ HTTP/1.1" 403 21726 "-" "Mozilla/5.0 (Linux; Android 6.0.1; Nexus 5X Build/MMB29P) AppleWebKit/537.36 (KHTML, like Gecko) Chrome/137.0.7151.103 Mobile Safari/537.36 (compatible; Googlebot/2.1; +http://www.google.com/bot.html)"
66.249.65.37 - - [13/Jul/2025:22:11:59 +0000] "GET /?x=34653422081800&mod=9854d7af&uri=brands.php%3Fid%3D1156612-387%26name%3Dbest+rubber+gym+mats HTTP/1.1" 200 21676 "-" "Mozilla/5.0 (Linux; Android 6.0.1; Nexus 5X Build/MMB29P) AppleWebKit/537.36 (KHTML, like Gecko) Chrome/137.0.7151.103 Mobile Safari/537.36 (compatible; Googlebot/2.1; +http://www.google.com/bot.html)"
66.249.65.35 - - [13/Jul/2025:22:13:44 +0000] "GET /?x=5623529031800&mod=e94fe9ac&uri=shop.php%3Fid%3D187763-332%26name%3Dsambalpuri+laxmi+purana HTTP/1.1" 200 21674 "-" "Mozilla/5.0 (Linux; Android 6.0.1; Nexus 5X Build/MMB29P) AppleWebKit/537.36 (KHTML, like Gecko) Chrome/137.0.7151.103 Mobile Safari/537.36 (compatible; Googlebot/2.1; +http://www.google.com/bot.html)"
209.74.77.214 - - [13/Jul/2025:22:14:27 +0000] "POST /wp-cron.php?doing_wp_cron=1752444867.3045749664306640625000 HTTP/1.1" 200 - "-" "WordPress/6.8.1; https://kraft-court.cafe"
51.222.253.10 - - [13/Jul/2025:22:14:26 +0000] "GET /?x=32740081021800&mod=3f67fd97&uri=brands.php%3Fid%3D1092732-121%26name%3Dnike+dunk+low+purple+pulse+date+de+sortie HTTP/1.1" 301 - "-" "Mozilla/5.0 (compatible; AhrefsBot/7.0; +http://ahrefs.com/robot/)"
66.249.65.36 - - [13/Jul/2025:22:14:33 +0000] "GET /?x=5716861021800&mod=333cb763&uri=shared.php%3Fid%3D190896-334%26name%3Dbaal+veer+returns+223 HTTP/1.1" 200 22758 "-" "Mozilla/5.0 (Linux; Android 6.0.1; Nexus 5X Build/MMB29P) AppleWebKit/537.36 (KHTML, like Gecko) Chrome/137.0.7151.103 Mobile Safari/537.36 (compatible; Googlebot/2.1; +http://www.google.com/bot.html)"
66.249.65.35 - - [13/Jul/2025:22:14:49 +0000] "GET /?x=104128942021800&mod=29921001&uri=pin.php%3Fid%3D3475106-155%26name%3Dihip+mini+bar+speaker HTTP/1.1" 200 22077 "-" "Mozilla/5.0 (Linux; Android 6.0.1; Nexus 5X Build/MMB29P) AppleWebKit/537.36 (KHTML, like Gecko) Chrome/137.0.7151.103 Mobile Safari/537.36 (compatible; Googlebot/2.1; +http://www.google.com/bot.html)"
66.249.65.35 - - [13/Jul/2025:22:15:22 +0000] "GET /?x=5653221051800&mod=55d99a37&uri=products.php%3Fid%3D188761-315%26name%3Dsolaruhr+holz HTTP/1.1" 200 20796 "-" "Mozilla/5.0 (Linux; Android 6.0.1; Nexus 5X Build/MMB29P) AppleWebKit/537.36 (KHTML, like Gecko) Chrome/137.0.7151.103 Mobile Safari/537.36 (compatible; Googlebot/2.1; +http://www.google.com/bot.html)"
66.249.65.37 - - [13/Jul/2025:22:17:22 +0000] "GET /?x=5892234041800&mod=29921001&uri=itm.php%3Fid%3D196766-155%26name%3Dpeavey+black+widow+12 HTTP/1.1" 200 22413 "-" "Mozilla/5.0 (Linux; Android 6.0.1; Nexus 5X Build/MMB29P) AppleWebKit/537.36 (KHTML, like Gecko) Chrome/137.0.7151.103 Mobile Safari/537.36 (compatible; Googlebot/2.1; +http://www.google.com/bot.html)"
66.249.65.35 - - [13/Jul/2025:22:18:45 +0000] "GET /?x=5832624001800&mod=384babc3&uri=category-info.php%3Fid%3D194776-339%26name%3Dcanada+goose+7950l+opiniones HTTP/1.1" 200 21340 "-" "Mozilla/5.0 (Linux; Android 6.0.1; Nexus 5X Build/MMB29P) AppleWebKit/537.36 (KHTML, like Gecko) Chrome/137.0.7151.103 Mobile Safari/537.36 (compatible; Googlebot/2.1; +http://www.google.com/bot.html)"
209.74.77.214 - - [13/Jul/2025:22:18:45 +0000] "POST /wp-cron.php?doing_wp_cron=1752445125.6393699645996093750000 HTTP/1.1" 200 - "-" "WordPress/6.8.1; https://kraft-court.cafe"
51.222.253.5 - - [13/Jul/2025:22:18:44 +0000] "GET /?x=34331120051800&mod=65684369&uri=products.php%3Fid%3D1145844-1071%26name%3Drolex+1992+24 HTTP/1.1" 301 - "-" "Mozilla/5.0 (compatible; AhrefsBot/7.0; +http://ahrefs.com/robot/)"
66.249.65.35 - - [13/Jul/2025:22:20:21 +0000] "GET /?x=5950091051800&mod=4500e403&uri=search.php%3Fid%3D198695-342%26name%3Dchicco+balloon+bouncer+aster HTTP/1.1" 200 21263 "-" "Mozilla/5.0 (Linux; Android 6.0.1; Nexus 5X Build/MMB29P) AppleWebKit/537.36 (KHTML, like Gecko) Chrome/137.0.7151.103 Mobile Safari/537.36 (compatible; Googlebot/2.1; +http://www.google.com/bot.html)"
209.74.77.214 - - [13/Jul/2025:22:22:49 +0000] "POST /wp-cron.php?doing_wp_cron=1752445369.0782461166381835937500 HTTP/1.1" 200 - "-" "WordPress/6.8.1; https://kraft-court.cafe"
51.222.253.5 - - [13/Jul/2025:22:22:47 +0000] "GET /?x=36811741091800&mod=0e44b9ca&uri=product.php%3Fid%3D1228629-1084%26name%3Dcostco+dental+chews+recall HTTP/1.1" 301 - "-" "Mozilla/5.0 (compatible; AhrefsBot/7.0; +http://ahrefs.com/robot/)"
66.249.65.35 - - [13/Jul/2025:22:23:26 +0000] "GET /?x=5880635031800&mod=d594b1a9&uri=products.php%3Fid%3D196379-341%26name%3Dlicuado+de+manzana+y HTTP/1.1" 200 22572 "-" "Mozilla/5.0 (Linux; Android 6.0.1; Nexus 5X Build/MMB29P) AppleWebKit/537.36 (KHTML, like Gecko) Chrome/137.0.7151.103 Mobile Safari/537.36 (compatible; Googlebot/2.1; +http://www.google.com/bot.html)"
66.249.65.35 - - [13/Jul/2025:22:23:27 +0000] "GET /?x=5650351091800&mod=55d99a37&uri=brands.php%3Fid%3D188665-315%26name%3Darmband+f%C3%83%C2%BCr+skagen+armbanduhr HTTP/1.1" 200 21542 "-" "Mozilla/5.0 (Linux; Android 6.0.1; Nexus 5X Build/MMB29P) AppleWebKit/537.36 (KHTML, like Gecko) Chrome/137.0.7151.103 Mobile Safari/537.36 (compatible; Googlebot/2.1; +http://www.google.com/bot.html)"
66.249.65.37 - - [13/Jul/2025:22:24:40 +0000] "GET /?x=5585502041800&mod=c4b43ae0&uri=article.php%3Fid%3D186465-330%26name%3Dsalus+rt510bc%2B HTTP/1.1" 200 21791 "-" "Mozilla/5.0 (Linux; Android 6.0.1; Nexus 5X Build/MMB29P) AppleWebKit/537.36 (KHTML, like Gecko) Chrome/137.0.7151.103 Mobile Safari/537.36 (compatible; Googlebot/2.1; +http://www.google.com/bot.html)"
66.249.65.37 - - [13/Jul/2025:22:25:54 +0000] "GET /?x=5717149041800&mod=333cb763&uri=info.php%3Fid%3D190906-334%26name%3Dbigg+boss+13+22nd+dec+2019 HTTP/1.1" 200 23273 "-" "Mozilla/5.0 (Linux; Android 6.0.1; Nexus 5X Build/MMB29P) AppleWebKit/537.36 (KHTML, like Gecko) Chrome/137.0.7151.103 Mobile Safari/537.36 (compatible; Googlebot/2.1; +http://www.google.com/bot.html)"
66.249.65.36 - - [13/Jul/2025:22:25:56 +0000] "POST /get-message-notify HTTP/1.1" 200 21865 "https://kraft-court.cafe/?x=5717149041800&mod=333cb763&uri=info.php%3Fid%3D190906-334%26name%3Dbigg+boss+13+22nd+dec+2019" "Mozilla/5.0 (Linux; Android 6.0.1; Nexus 5X Build/MMB29P) AppleWebKit/537.36 (KHTML, like Gecko) Chrome/137.0.7151.119 Mobile Safari/537.36 (compatible; Googlebot/2.1; +http://www.google.com/bot.html)"
209.74.77.214 - - [13/Jul/2025:22:25:58 +0000] "POST /wp-cron.php?doing_wp_cron=1752445558.6277320384979248046875 HTTP/1.1" 200 - "-" "WordPress/6.8.1; https://kraft-court.cafe"
66.249.65.37 - - [13/Jul/2025:22:25:57 +0000] "GET /?x=48077970121800&mod=d594b1a9&uri=blog.php%3Fid%3D1604475-341%26name%3Dvideos+mavic+air HTTP/1.1" 301 - "-" "Mozilla/5.0 (Linux; Android 6.0.1; Nexus 5X Build/MMB29P) AppleWebKit/537.36 (KHTML, like Gecko) Chrome/137.0.7151.103 Mobile Safari/537.36 (compatible; GoogleOther)"
66.249.65.35 - - [13/Jul/2025:22:26:00 +0000] "GET /?x=48077970121800&mod=d594b1a9&uri=blog.php%3Fid%3D1604475-341%26name%3Dvideos%20mavic%20air HTTP/1.1" 200 1932 "-" "Mozilla/5.0 (Linux; Android 6.0.1; Nexus 5X Build/MMB29P) AppleWebKit/537.36 (KHTML, like Gecko) Chrome/137.0.7151.103 Mobile Safari/537.36 (compatible; GoogleOther)"
66.249.65.35 - - [13/Jul/2025:22:26:32 +0000] "GET /wp-content/plugins/maintenance/load/css/style.css?ver=1615078706 HTTP/1.1" 200 3400 "https://kraft-court.cafe/?x=48077970121800&mod=d594b1a9&uri=blog.php%3Fid%3D1604475-341%26name%3Dvideos%20mavic%20air" "Mozilla/5.0 (Linux; Android 6.0.1; Nexus 5X Build/MMB29P) AppleWebKit/537.36 (KHTML, like Gecko) Chrome/137.0.7151.119 Mobile Safari/537.36 (compatible; Googlebot/2.1; +http://www.google.com/bot.html)"
209.74.77.214 - - [13/Jul/2025:22:27:22 +0000] "POST /wp-cron.php?doing_wp_cron=1752445642.4390690326690673828125 HTTP/1.1" 200 - "-" "WordPress/6.8.1; https://kraft-court.cafe"
51.222.253.13 - - [13/Jul/2025:22:27:21 +0000] "GET /?x=38253448031800&mod=f8e91848&uri=news.php%3Fid%3D1276720-802%26name%3Dperfumes+oriflame+hombre+precios HTTP/1.1" 301 - "-" "Mozilla/5.0 (compatible; AhrefsBot/7.0; +http://ahrefs.com/robot/)"
209.74.77.214 - - [13/Jul/2025:22:31:52 +0000] "POST /wp-cron.php?doing_wp_cron=1752445912.3885629177093505859375 HTTP/1.1" 200 - "-" "WordPress/6.8.1; https://kraft-court.cafe"
51.222.253.2 - - [13/Jul/2025:22:31:51 +0000] "GET /?x=38390863041800&uri=us.php%3Fid%3D1281306-1125%26name%3Dvans%20chanel%20shoes HTTP/1.1" 200 1921 "-" "Mozilla/5.0 (compatible; AhrefsBot/7.0; +http://ahrefs.com/robot/)"
66.249.65.37 - - [13/Jul/2025:22:33:44 +0000] "GET /?x=5713089101800&mod=333cb763&uri=pin.php%3Fid%3D190766-334%26name%3Dhamari+wali+good+news+on+zee5 HTTP/1.1" 200 21961 "-" "Mozilla/5.0 (Linux; Android 6.0.1; Nexus 5X Build/MMB29P) AppleWebKit/537.36 (KHTML, like Gecko) Chrome/137.0.7151.103 Mobile Safari/537.36 (compatible; Googlebot/2.1; +http://www.google.com/bot.html)"
66.249.65.35 - - [13/Jul/2025:22:34:40 +0000] "GET /?x=5700897011800&mod=2de7cf20&uri=us.php%3Fid%3D190351-333%26name%3Dwest+county+mall+jewelry+stores HTTP/1.1" 200 22322 "-" "Mozilla/5.0 (Linux; Android 6.0.1; Nexus 5X Build/MMB29P) AppleWebKit/537.36 (KHTML, like Gecko) Chrome/137.0.7151.103 Mobile Safari/537.36 (compatible; Googlebot/2.1; +http://www.google.com/bot.html)"
66.249.65.37 - - [13/Jul/2025:22:36:53 +0000] "GET /?x=5747487061800&mod=97108695&uri=itm.php%3Fid%3D191936-335%26name%3Dat+home+mario+kart HTTP/1.1" 200 21973 "-" "Mozilla/5.0 (Linux; Android 6.0.1; Nexus 5X Build/MMB29P) AppleWebKit/537.36 (KHTML, like Gecko) Chrome/137.0.7151.103 Mobile Safari/537.36 (compatible; Googlebot/2.1; +http://www.google.com/bot.html)"
66.249.65.36 - - [13/Jul/2025:22:37:41 +0000] "GET /?x=5800328021800&mod=165a59f7&uri=pin.php%3Fid%3D193698-336%26name%3Dborse+mare+effek+scontate HTTP/1.1" 200 20817 "-" "Mozilla/5.0 (Linux; Android 6.0.1; Nexus 5X Build/MMB29P) AppleWebKit/537.36 (KHTML, like Gecko) Chrome/137.0.7151.103 Mobile Safari/537.36 (compatible; Googlebot/2.1; +http://www.google.com/bot.html)"
66.249.65.37 - - [13/Jul/2025:22:39:53 +0000] "GET /?x=5727184021800&mod=333cb763&uri=category-info.php%3Fid%3D191255-334%26name%3Dspongebob+squarepants+s1+ep1 HTTP/1.1" 200 23162 "-" "Mozilla/5.0 (Linux; Android 6.0.1; Nexus 5X Build/MMB29P) AppleWebKit/537.36 (KHTML, like Gecko) Chrome/137.0.7151.103 Mobile Safari/537.36 (compatible; Googlebot/2.1; +http://www.google.com/bot.html)"
66.249.65.37 - - [13/Jul/2025:22:41:34 +0000] "GET /?x=34560201021800&mod=e94fe9ac&uri=shared.php%3Fid%3D1153504-332%26name%3Dponmagal+vanthal+release+date+in+prime HTTP/1.1" 200 21490 "-" "Mozilla/5.0 (Linux; Android 6.0.1; Nexus 5X Build/MMB29P) AppleWebKit/537.36 (KHTML, like Gecko) Chrome/137.0.7151.103 Mobile Safari/537.36 (compatible; Googlebot/2.1; +http://www.google.com/bot.html)"
66.249.65.35 - - [13/Jul/2025:22:42:06 +0000] "GET /?x=5773767021800&mod=a8849b05&uri=info.php%3Fid%3D192812-57%26name%3Dmd+gold+earphones+price HTTP/1.1" 200 22481 "-" "Mozilla/5.0 (Linux; Android 6.0.1; Nexus 5X Build/MMB29P) AppleWebKit/537.36 (KHTML, like Gecko) Chrome/137.0.7151.103 Mobile Safari/537.36 (compatible; Googlebot/2.1; +http://www.google.com/bot.html)"
209.74.77.214 - - [13/Jul/2025:22:43:09 +0000] "POST /wp-cron.php?doing_wp_cron=1752446589.7563059329986572265625 HTTP/1.1" 200 - "-" "WordPress/6.8.1; https://kraft-court.cafe"
103.167.89.11 - - [13/Jul/2025:22:43:08 +0000] "POST /xmlrpc.php HTTP/1.1" 200 403 "-" "Mozilla/5.0 (Windows NT 5.1) AppleWebKit/537.36 (KHTML, like Gecko) Chrome/46.0.2490.71 Safari/537.36"
203.205.32.65 - - [13/Jul/2025:22:43:10 +0000] "POST /xmlrpc.php HTTP/1.1" 200 403 "-" "Mozilla/5.0 (Windows NT 10.0; Win64; x64) AppleWebKit/537.36 (KHTML, like Gecko) Chrome/88.0.4324.104 Safari/537.36"
103.231.40.216 - - [13/Jul/2025:22:43:15 +0000] "POST /xmlrpc.php HTTP/1.1" 200 403 "-" "Mozilla/5.0 (Windows NT 6.1; WOW64; rv:17.0) Gecko/20100101 Firefox/17.0"
77.68.2.28 - - [13/Jul/2025:22:43:17 +0000] "POST /xmlrpc.php HTTP/1.1" 200 403 "-" "Mozilla/5.0 (Windows NT 10.0; Win64; x64) AppleWebKit/537.36 (KHTML, like Gecko) Chrome/84.0.4147.105 Safari/537.36"
15.204.132.37 - - [13/Jul/2025:22:43:21 +0000] "POST /xmlrpc.php HTTP/1.1" 200 403 "-" "Mozilla/5.0 (Windows NT 6.1; WOW64; rv:45.0) Gecko/20100101 Firefox/45.0"
47.118.49.124 - - [13/Jul/2025:22:43:22 +0000] "POST /xmlrpc.php HTTP/1.1" 200 403 "-" "Mozilla/5.0 (Macintosh; Intel Mac OS X 11_4) AppleWebKit/537.36 (KHTML, like Gecko) Chrome/91.0.4472.114 Safari/537.36"
66.249.65.35 - - [13/Jul/2025:22:43:22 +0000] "GET /?x=5649871031800&mod=55d99a37&uri=us.php%3Fid%3D188649-315%26name%3Dlederarmband+k%C3%83%C2%BCrzen+fossil HTTP/1.1" 200 21474 "-" "Mozilla/5.0 (Linux; Android 6.0.1; Nexus 5X Build/MMB29P) AppleWebKit/537.36 (KHTML, like Gecko) Chrome/137.0.7151.103 Mobile Safari/537.36 (compatible; Googlebot/2.1; +http://www.google.com/bot.html)"
47.252.24.100 - - [13/Jul/2025:22:43:30 +0000] "POST /xmlrpc.php HTTP/1.1" 200 403 "-" "Mozilla/5.0 (Windows NT 10.0; Win64; x64) AppleWebKit/537.36 (KHTML, like Gecko) Chrome/85.0.4183.121 Safari/537.36"
209.74.77.214 - - [13/Jul/2025:22:43:37 +0000] "POST /wp-cron.php?doing_wp_cron=1752446617.9844241142272949218750 HTTP/1.1" 200 - "-" "WordPress/6.8.1; https://kraft-court.cafe"
148.66.147.188 - - [13/Jul/2025:22:43:37 +0000] "POST /xmlrpc.php HTTP/1.1" 200 403 "-" "Mozilla/5.0 (Windows NT 5.1; rv:7.0.1) Gecko/20100101 Firefox/7.0.1"
209.74.77.214 - - [13/Jul/2025:22:43:50 +0000] "POST /wp-cron.php?doing_wp_cron=1752446629.9919710159301757812500 HTTP/1.1" 200 - "-" "WordPress/6.8.1; https://kraft-court.cafe"
66.29.141.128 - - [13/Jul/2025:22:43:49 +0000] "POST /xmlrpc.php HTTP/1.1" 200 403 "-" "Mozilla/5.0 (Windows NT 10.0; Win64; x64; rv:63.0) Gecko/20100101 Firefox/63.0"
92.205.170.60 - - [13/Jul/2025:22:43:53 +0000] "POST /xmlrpc.php HTTP/1.1" 200 403 "-" "Mozilla/5.0 (Windows NT 10.0; Win64; x64) AppleWebKit/537.36 (KHTML, like Gecko) Chrome/83.0.4103.116 Safari/537.36"
66.249.65.36 - - [13/Jul/2025:22:44:38 +0000] "GET /?x=5782675051800&mod=a8849b05&uri=dp.php%3Fid%3D193109-57%26name%3Dwireless+earbuds+good+for+running HTTP/1.1" 200 22772 "-" "Mozilla/5.0 (Linux; Android 6.0.1; Nexus 5X Build/MMB29P) AppleWebKit/537.36 (KHTML, like Gecko) Chrome/137.0.7151.103 Mobile Safari/537.36 (compatible; Googlebot/2.1; +http://www.google.com/bot.html)"
66.249.65.35 - - [13/Jul/2025:22:45:38 +0000] "GET /?x=5750607041800&mod=97108695&uri=itm.php%3Fid%3D192040-335%26name%3Dsonos+arc+mounting+height HTTP/1.1" 200 21887 "-" "Mozilla/5.0 (Linux; Android 6.0.1; Nexus 5X Build/MMB29P) AppleWebKit/537.36 (KHTML, like Gecko) Chrome/137.0.7151.103 Mobile Safari/537.36 (compatible; Googlebot/2.1; +http://www.google.com/bot.html)"
209.74.77.214 - - [13/Jul/2025:22:45:41 +0000] "POST /wp-cron.php?doing_wp_cron=1752446741.5580430030822753906250 HTTP/1.1" 200 - "-" "WordPress/6.8.1; https://kraft-court.cafe"
51.222.253.19 - - [13/Jul/2025:22:45:40 +0000] "GET /?x=4311803141800&mod=48c3ec5c&uri=search.php%3Fid%3D143912-256%26name%3Dblack+service+dog+vest HTTP/1.1" 301 - "-" "Mozilla/5.0 (compatible; AhrefsBot/7.0; +http://ahrefs.com/robot/)"
66.249.65.36 - - [13/Jul/2025:22:47:33 +0000] "GET /?x=5780785111800&mod=a8849b05&uri=shared.php%3Fid%3D193046-57%26name%3Dmicrophone+headset+for+zoom+meetings HTTP/1.1" 200 21876 "-" "Mozilla/5.0 (Linux; Android 6.0.1; Nexus 5X Build/MMB29P) AppleWebKit/537.36 (KHTML, like Gecko) Chrome/137.0.7151.103 Mobile Safari/537.36 (compatible; Googlebot/2.1; +http://www.google.com/bot.html)"
66.249.65.36 - - [13/Jul/2025:22:47:48 +0000] "POST /get-message-notify HTTP/1.1" 200 21863 "https://kraft-court.cafe/?x=5780785111800&mod=a8849b05&uri=shared.php%3Fid%3D193046-57%26name%3Dmicrophone+headset+for+zoom+meetings" "Mozilla/5.0 (Linux; Android 6.0.1; Nexus 5X Build/MMB29P) AppleWebKit/537.36 (KHTML, like Gecko) Chrome/137.0.7151.119 Mobile Safari/537.36 (compatible; Googlebot/2.1; +http://www.google.com/bot.html)"
66.249.65.37 - - [13/Jul/2025:22:48:53 +0000] "GET /?x=5696067091800&mod=2de7cf20&uri=us.php%3Fid%3D190190-333%26name%3Dwedding+date+ring+tattoo HTTP/1.1" 200 21622 "-" "Mozilla/5.0 (Linux; Android 6.0.1; Nexus 5X Build/MMB29P) AppleWebKit/537.36 (KHTML, like Gecko) Chrome/137.0.7151.103 Mobile Safari/537.36 (compatible; Googlebot/2.1; +http://www.google.com/bot.html)"
66.249.65.36 - - [13/Jul/2025:22:49:55 +0000] "GET /?x=5648431051800&mod=55d99a37&uri=brands.php%3Fid%3D188601-315%26name%3Dbreitling+navitimer+edelstahl HTTP/1.1" 200 21497 "-" "Mozilla/5.0 (Linux; Android 6.0.1; Nexus 5X Build/MMB29P) AppleWebKit/537.36 (KHTML, like Gecko) Chrome/137.0.7151.103 Mobile Safari/537.36 (compatible; Googlebot/2.1; +http://www.google.com/bot.html)"
209.74.77.214 - - [13/Jul/2025:22:50:42 +0000] "POST /wp-cron.php?doing_wp_cron=1752447042.3826389312744140625000 HTTP/1.1" 200 - "-" "WordPress/6.8.1; https://kraft-court.cafe"
51.222.253.1 - - [13/Jul/2025:22:50:41 +0000] "GET /?x=46307414001800&mod=14ea12a8&uri=category-info.php%3Fid%3D1545409-1228%26name%3Dtoddler+girl+pink+vans HTTP/1.1" 301 - "-" "Mozilla/5.0 (compatible; AhrefsBot/7.0; +http://ahrefs.com/robot/)"
66.249.65.35 - - [13/Jul/2025:22:50:39 +0000] "GET /?x=6036654051800&mod=b071cfa8&uri=search.php%3Fid%3D201585-347%26name%3Dsweat+homme+abercrombie HTTP/1.1" 200 20798 "-" "Mozilla/5.0 (Linux; Android 6.0.1; Nexus 5X Build/MMB29P) AppleWebKit/537.36 (KHTML, like Gecko) Chrome/137.0.7151.103 Mobile Safari/537.36 (compatible; Googlebot/2.1; +http://www.google.com/bot.html)"
66.249.65.35 - - [13/Jul/2025:22:52:46 +0000] "GET /?x=5670321031800&mod=dc6a7e65&uri=shared.php%3Fid%3D189331-308%26name%3Dthrasher+sweatshirt+black HTTP/1.1" 200 22357 "-" "Mozilla/5.0 (Linux; Android 6.0.1; Nexus 5X Build/MMB29P) AppleWebKit/537.36 (KHTML, like Gecko) Chrome/137.0.7151.103 Mobile Safari/537.36 (compatible; Googlebot/2.1; +http://www.google.com/bot.html)"
66.249.65.36 - - [13/Jul/2025:22:53:00 +0000] "POST /get-message-notify HTTP/1.1" 200 21862 "https://kraft-court.cafe/?x=6036654051800&mod=b071cfa8&uri=search.php%3Fid%3D201585-347%26name%3Dsweat+homme+abercrombie" "Mozilla/5.0 (Linux; Android 6.0.1; Nexus 5X Build/MMB29P) AppleWebKit/537.36 (KHTML, like Gecko) Chrome/137.0.7151.119 Mobile Safari/537.36 (compatible; Googlebot/2.1; +http://www.google.com/bot.html)"
66.249.65.37 - - [13/Jul/2025:22:53:01 +0000] "GET /?x=5750817011800&mod=97108695&uri=goods.php%3Fid%3D192047-335%26name%3Dnintendo+switch+lite+case+kawaii HTTP/1.1" 200 22234 "-" "Mozilla/5.0 (Linux; Android 6.0.1; Nexus 5X Build/MMB29P) AppleWebKit/537.36 (KHTML, like Gecko) Chrome/137.0.7151.103 Mobile Safari/537.36 (compatible; Googlebot/2.1; +http://www.google.com/bot.html)"
66.249.65.35 - - [13/Jul/2025:22:56:33 +0000] "GET /?x=70154788011800&mod=50a074e6&uri=search.php%3Fid%3D2341141-437%26name%3Dvia+spiga+calandre+sandal HTTP/1.1" 200 21866 "-" "Mozilla/5.0 (Linux; Android 6.0.1; Nexus 5X Build/MMB29P) AppleWebKit/537.36 (KHTML, like Gecko) Chrome/137.0.7151.103 Mobile Safari/537.36 (compatible; Googlebot/2.1; +http://www.google.com/bot.html)"
66.249.65.37 - - [13/Jul/2025:22:56:36 +0000] "POST /get-message-notify HTTP/1.1" 200 21870 "https://kraft-court.cafe/?x=70154788011800&mod=50a074e6&uri=search.php%3Fid%3D2341141-437%26name%3Dvia+spiga+calandre+sandal" "Mozilla/5.0 (Linux; Android 6.0.1; Nexus 5X Build/MMB29P) AppleWebKit/537.36 (KHTML, like Gecko) Chrome/137.0.7151.119 Mobile Safari/537.36 (compatible; Googlebot/2.1; +http://www.google.com/bot.html)"
66.249.65.35 - - [13/Jul/2025:22:56:49 +0000] "GET /?x=5525614011800&mod=ffbd6cbb&uri=shop.php%3Fid%3D184467-310%26name%3Dslot+graphics+card HTTP/1.1" 200 22442 "-" "Mozilla/5.0 (Linux; Android 6.0.1; Nexus 5X Build/MMB29P) AppleWebKit/537.36 (KHTML, like Gecko) Chrome/137.0.7151.103 Mobile Safari/537.36 (compatible; Googlebot/2.1; +http://www.google.com/bot.html)"
66.249.65.36 - - [13/Jul/2025:22:56:53 +0000] "POST /get-message-notify HTTP/1.1" 200 21859 "https://kraft-court.cafe/?x=5525614011800&mod=ffbd6cbb&uri=shop.php%3Fid%3D184467-310%26name%3Dslot+graphics+card" "Mozilla/5.0 (Linux; Android 6.0.1; Nexus 5X Build/MMB29P) AppleWebKit/537.36 (KHTML, like Gecko) Chrome/137.0.7151.119 Mobile Safari/537.36 (compatible; Googlebot/2.1; +http://www.google.com/bot.html)"
66.249.65.35 - - [13/Jul/2025:22:58:28 +0000] "GET /?x=34955265021800&mod=b98249b3&uri=article.php%3Fid%3D1166687-328%26name%3Ddamen+schuhe+schwarz+mit+nieten HTTP/1.1" 200 21664 "-" "Mozilla/5.0 (Linux; Android 6.0.1; Nexus 5X Build/MMB29P) AppleWebKit/537.36 (KHTML, like Gecko) Chrome/137.0.7151.103 Mobile Safari/537.36 (compatible; Googlebot/2.1; +http://www.google.com/bot.html)"
209.74.77.214 - - [13/Jul/2025:22:59:58 +0000] "POST /wp-cron.php?doing_wp_cron=1752447598.9674239158630371093750 HTTP/1.1" 200 - "-" "WordPress/6.8.1; https://kraft-court.cafe"
51.222.253.8 - - [13/Jul/2025:22:59:57 +0000] "GET /?x=7343599011800&mod=23755432&uri=pin.php%3Fid%3D245260-406%26name%3Dblack+patent+leather+pumps+inch+heels HTTP/1.1" 301 - "-" "Mozilla/5.0 (compatible; AhrefsBot/7.0; +http://ahrefs.com/robot/)"
66.249.65.35 - - [13/Jul/2025:23:00:35 +0000] "GET /?x=5569924061800&mod=cd3afef9&uri=search.php%3Fid%3D185944-220%26name%3Dpaint+splatter+denim+shorts HTTP/1.1" 200 21964 "-" "Mozilla/5.0 (Linux; Android 6.0.1; Nexus 5X Build/MMB29P) AppleWebKit/537.36 (KHTML, like Gecko) Chrome/137.0.7151.103 Mobile Safari/537.36 (compatible; Googlebot/2.1; +http://www.google.com/bot.html)"
66.249.65.37 - - [13/Jul/2025:23:01:00 +0000] "GET /?x=40096884001800&mod=193002e6&uri=shop.php%3Fid%3D1338224-126%26name%3Dindigo+extra+baggage+student HTTP/1.1" 200 21680 "-" "Mozilla/5.0 (Linux; Android 6.0.1; Nexus 5X Build/MMB29P) AppleWebKit/537.36 (KHTML, like Gecko) Chrome/137.0.7151.103 Mobile Safari/537.36 (compatible; Googlebot/2.1; +http://www.google.com/bot.html)"
66.249.65.35 - - [13/Jul/2025:23:03:43 +0000] "GET /?x=5541064011800&mod=ffbd6cbb&uri=news.php%3Fid%3D184982-310%26name%3D1440p+144hz+best+gpu HTTP/1.1" 200 21674 "-" "Mozilla/5.0 (Linux; Android 6.0.1; Nexus 5X Build/MMB29P) AppleWebKit/537.36 (KHTML, like Gecko) Chrome/137.0.7151.103 Mobile Safari/537.36 (compatible; Googlebot/2.1; +http://www.google.com/bot.html)"
66.249.65.35 - - [13/Jul/2025:23:03:44 +0000] "GET /?x=3475714001800&mod=cd3afef9&uri=brands.php%3Fid%3D116016-220%26name%3Dplus+size+faux+leather+joggers HTTP/1.1" 200 22375 "-" "Mozilla/5.0 (Linux; Android 6.0.1; Nexus 5X Build/MMB29P) AppleWebKit/537.36 (KHTML, like Gecko) Chrome/137.0.7151.103 Mobile Safari/537.36 (compatible; Googlebot/2.1; +http://www.google.com/bot.html)"
66.249.65.35 - - [13/Jul/2025:23:04:13 +0000] "GET /?x=5639730061800&mod=55d99a37&uri=shared.php%3Fid%3D188308-315%26name%3Djunghans+mega+funkuhr HTTP/1.1" 200 21203 "-" "Mozilla/5.0 (Linux; Android 6.0.1; Nexus 5X Build/MMB29P) AppleWebKit/537.36 (KHTML, like Gecko) Chrome/137.0.7151.103 Mobile Safari/537.36 (compatible; Googlebot/2.1; +http://www.google.com/bot.html)"
209.74.77.214 - - [13/Jul/2025:23:04:57 +0000] "POST /wp-cron.php?doing_wp_cron=1752447897.9149119853973388671875 HTTP/1.1" 200 - "-" "WordPress/6.8.1; https://kraft-court.cafe"
51.222.253.11 - - [13/Jul/2025:23:04:56 +0000] "GET /?x=74818183001800&mod=8a5d3252&uri=article.php%3Fid%3D2496735-1465%26name%3Dnike+air+max+blue+force HTTP/1.1" 301 - "-" "Mozilla/5.0 (compatible; AhrefsBot/7.0; +http://ahrefs.com/robot/)"
66.249.65.36 - - [13/Jul/2025:23:06:39 +0000] "GET /?x=119618080111800&mod=80b618eb&uri=category-info.php%3Fid%3D3992021-572%26name%3Dnike+tanjun+sneakers+kids HTTP/1.1" 200 20578 "-" "Mozilla/5.0 (Linux; Android 6.0.1; Nexus 5X Build/MMB29P) AppleWebKit/537.36 (KHTML, like Gecko) Chrome/137.0.7151.103 Mobile Safari/537.36 (compatible; Googlebot/2.1; +http://www.google.com/bot.html)"
66.249.65.37 - - [13/Jul/2025:23:07:00 +0000] "POST /get-message-notify HTTP/1.1" 200 21868 "https://kraft-court.cafe/?x=119618080111800&mod=80b618eb&uri=category-info.php%3Fid%3D3992021-572%26name%3Dnike+tanjun+sneakers+kids" "Mozilla/5.0 (Linux; Android 6.0.1; Nexus 5X Build/MMB29P) AppleWebKit/537.36 (KHTML, like Gecko) Chrome/137.0.7151.119 Mobile Safari/537.36 (compatible; Googlebot/2.1; +http://www.google.com/bot.html)"
66.249.65.36 - - [13/Jul/2025:23:08:03 +0000] "GET /?x=5603886051800&mod=e94fe9ac&uri=category-info.php%3Fid%3D187087-332%26name%3Dsamsung+galaxy+fit+functions HTTP/1.1" 200 21528 "-" "Mozilla/5.0 (Linux; Android 6.0.1; Nexus 5X Build/MMB29P) AppleWebKit/537.36 (KHTML, like Gecko) Chrome/137.0.7151.103 Mobile Safari/537.36 (compatible; Googlebot/2.1; +http://www.google.com/bot.html)"
66.249.65.36 - - [13/Jul/2025:23:09:11 +0000] "GET /?x=6581785011800&mod=2151b4c7&uri=product.php%3Fid%3D219823-367%26name%3Dhammock+bunk+bed HTTP/1.1" 200 21127 "-" "Mozilla/5.0 (Linux; Android 6.0.1; Nexus 5X Build/MMB29P) AppleWebKit/537.36 (KHTML, like Gecko) Chrome/137.0.7151.103 Mobile Safari/537.36 (compatible; Googlebot/2.1; +http://www.google.com/bot.html)"
209.74.77.214 - - [13/Jul/2025:23:09:59 +0000] "POST /wp-cron.php?doing_wp_cron=1752448199.0895290374755859375000 HTTP/1.1" 200 - "-" "WordPress/6.8.1; https://kraft-court.cafe"
51.222.253.4 - - [13/Jul/2025:23:09:57 +0000] "GET /?x=78015386001800&mod=c42af2fa&uri=info.php%3Fid%3D2603465-838%26name%3Dnike+af1+duckboot+low HTTP/1.1" 301 - "-" "Mozilla/5.0 (compatible; AhrefsBot/7.0; +http://ahrefs.com/robot/)"
66.249.65.35 - - [13/Jul/2025:23:10:40 +0000] "GET /?x=5608431031800&mod=e94fe9ac&uri=brands.php%3Fid%3D187243-332%26name%3Drasarkeli+go HTTP/1.1" 200 21416 "-" "Mozilla/5.0 (Linux; Android 6.0.1; Nexus 5X Build/MMB29P) AppleWebKit/537.36 (KHTML, like Gecko) Chrome/137.0.7151.103 Mobile Safari/537.36 (compatible; Googlebot/2.1; +http://www.google.com/bot.html)"
66.249.65.37 - - [13/Jul/2025:23:11:53 +0000] "GET /?x=54196948031800&mod=ffbd6cbb&uri=blog.php%3Fid%3D1808603-310%26name%3Dnzxt+n7+b550 HTTP/1.1" 200 21247 "-" "Mozilla/5.0 (Linux; Android 6.0.1; Nexus 5X Build/MMB29P) AppleWebKit/537.36 (KHTML, like Gecko) Chrome/137.0.7151.103 Mobile Safari/537.36 (compatible; Googlebot/2.1; +http://www.google.com/bot.html)"
66.249.65.37 - - [13/Jul/2025:23:11:54 +0000] "GET /?x=5950391051800&mod=c5bbd980&uri=product.php%3Fid%3D198705-344%26name%3Duk5+to+us HTTP/1.1" 200 21793 "-" "Mozilla/5.0 (Linux; Android 6.0.1; Nexus 5X Build/MMB29P) AppleWebKit/537.36 (KHTML, like Gecko) Chrome/137.0.7151.103 Mobile Safari/537.36 (compatible; Googlebot/2.1; +http://www.google.com/bot.html)"
66.249.65.35 - - [13/Jul/2025:23:14:12 +0000] "GET /?x=119849216071800&mod=528aecdf&uri=itm.php%3Fid%3D3999731-323%26name%3Dfalcons+yeti+cup HTTP/1.1" 200 20472 "-" "Mozilla/5.0 (Linux; Android 6.0.1; Nexus 5X Build/MMB29P) AppleWebKit/537.36 (KHTML, like Gecko) Chrome/137.0.7151.103 Mobile Safari/537.36 (compatible; Googlebot/2.1; +http://www.google.com/bot.html)"
209.74.77.214 - - [13/Jul/2025:23:14:26 +0000] "POST /wp-cron.php?doing_wp_cron=1752448466.2882599830627441406250 HTTP/1.1" 200 - "-" "WordPress/6.8.1; https://kraft-court.cafe"
51.222.253.6 - - [13/Jul/2025:23:14:25 +0000] "GET /?x=78133014051800&mod=52dfa8e7&uri=shop.php%3Fid%3D2607388-930%26name%3Dchaussure+andre+femme HTTP/1.1" 301 - "-" "Mozilla/5.0 (compatible; AhrefsBot/7.0; +http://ahrefs.com/robot/)"
66.249.65.36 - - [13/Jul/2025:23:15:02 +0000] "GET /?x=5825269001800&mod=384babc3&uri=goods.php%3Fid%3D194530-339%26name%3Dadidas+yeezy+boost+peru HTTP/1.1" 200 20918 "-" "Mozilla/5.0 (Linux; Android 6.0.1; Nexus 5X Build/MMB29P) AppleWebKit/537.36 (KHTML, like Gecko) Chrome/137.0.7151.103 Mobile Safari/537.36 (compatible; Googlebot/2.1; +http://www.google.com/bot.html)"
66.249.65.35 - - [13/Jul/2025:23:15:44 +0000] "GET /?x=5642972071800&mod=55d99a37&uri=article.php%3Fid%3D188417-315%26name%3Djunghans+uhr+edelstahl HTTP/1.1" 200 20610 "-" "Mozilla/5.0 (Linux; Android 6.0.1; Nexus 5X Build/MMB29P) AppleWebKit/537.36 (KHTML, like Gecko) Chrome/137.0.7151.103 Mobile Safari/537.36 (compatible; Googlebot/2.1; +http://www.google.com/bot.html)"
66.249.65.37 - - [13/Jul/2025:23:17:21 +0000] "GET /?x=34570699031800&mod=ad68473a&uri=goods.php%3Fid%3D1153854-407%26name%3Dhuggle+hoodie+australia HTTP/1.1" 200 22158 "-" "Mozilla/5.0 (Linux; Android 6.0.1; Nexus 5X Build/MMB29P) AppleWebKit/537.36 (KHTML, like Gecko) Chrome/137.0.7151.103 Mobile Safari/537.36 (compatible; Googlebot/2.1; +http://www.google.com/bot.html)"
66.249.65.36 - - [13/Jul/2025:23:17:34 +0000] "GET /?x=5630491031800&mod=55d99a37&uri=products.php%3Fid%3D187998-315%26name%3Dtutima+military+chronograph+titan HTTP/1.1" 200 21220 "-" "Mozilla/5.0 (Linux; Android 6.0.1; Nexus 5X Build/MMB29P) AppleWebKit/537.36 (KHTML, like Gecko) Chrome/137.0.7151.103 Mobile Safari/537.36 (compatible; Googlebot/2.1; +http://www.google.com/bot.html)"
66.249.65.37 - - [13/Jul/2025:23:18:49 +0000] "POST /get-message-notify HTTP/1.1" 200 21870 "https://kraft-court.cafe/?x=5541064011800&mod=ffbd6cbb&uri=news.php%3Fid%3D184982-310%26name%3D1440p+144hz+best+gpu" "Mozilla/5.0 (Linux; Android 6.0.1; Nexus 5X Build/MMB29P) AppleWebKit/537.36 (KHTML, like Gecko) Chrome/137.0.7151.119 Mobile Safari/537.36 (compatible; Googlebot/2.1; +http://www.google.com/bot.html)"
66.249.65.35 - - [13/Jul/2025:23:19:36 +0000] "GET /?x=5566414131800&mod=fa84632d&uri=article.php%3Fid%3D185827-329%26name%3Dlululemon+women%27s+camo+leggings HTTP/1.1" 200 21810 "-" "Mozilla/5.0 (Linux; Android 6.0.1; Nexus 5X Build/MMB29P) AppleWebKit/537.36 (KHTML, like Gecko) Chrome/137.0.7151.103 Mobile Safari/537.36 (compatible; Googlebot/2.1; +http://www.google.com/bot.html)"
66.249.65.37 - - [13/Jul/2025:23:20:04 +0000] "GET /?x=5861560051800&mod=d594b1a9&uri=brands.php%3Fid%3D195741-341%26name%3Dlicuado+de+platano+papaya+y+avena HTTP/1.1" 200 22008 "-" "Mozilla/5.0 (Linux; Android 6.0.1; Nexus 5X Build/MMB29P) AppleWebKit/537.36 (KHTML, like Gecko) Chrome/137.0.7151.103 Mobile Safari/537.36 (compatible; Googlebot/2.1; +http://www.google.com/bot.html)"
66.249.65.35 - - [13/Jul/2025:23:20:19 +0000] "POST /get-message-notify HTTP/1.1" 200 21868 "https://kraft-court.cafe/?x=5642972071800&mod=55d99a37&uri=article.php%3Fid%3D188417-315%26name%3Djunghans+uhr+edelstahl" "Mozilla/5.0 (Linux; Android 6.0.1; Nexus 5X Build/MMB29P) AppleWebKit/537.36 (KHTML, like Gecko) Chrome/137.0.7151.119 Mobile Safari/537.36 (compatible; Googlebot/2.1; +http://www.google.com/bot.html)"
66.249.65.37 - - [13/Jul/2025:23:21:41 +0000] "POST /get-message-notify HTTP/1.1" 200 21850 "https://kraft-court.cafe/?x=34570699031800&mod=ad68473a&uri=goods.php%3Fid%3D1153854-407%26name%3Dhuggle+hoodie+australia" "Mozilla/5.0 (Linux; Android 6.0.1; Nexus 5X Build/MMB29P) AppleWebKit/537.36 (KHTML, like Gecko) Chrome/137.0.7151.119 Mobile Safari/537.36 (compatible; Googlebot/2.1; +http://www.google.com/bot.html)"
66.249.65.36 - - [13/Jul/2025:23:22:48 +0000] "GET /?x=5776107041800&mod=a8849b05&uri=itm.php%3Fid%3D192890-57%26name%3Dlazada+inpods HTTP/1.1" 200 22171 "-" "Mozilla/5.0 (Linux; Android 6.0.1; Nexus 5X Build/MMB29P) AppleWebKit/537.36 (KHTML, like Gecko) Chrome/137.0.7151.103 Mobile Safari/537.36 (compatible; Googlebot/2.1; +http://www.google.com/bot.html)"
66.249.65.37 - - [13/Jul/2025:23:23:12 +0000] "POST /get-message-notify HTTP/1.1" 200 21865 "https://kraft-court.cafe/?x=5566414131800&mod=fa84632d&uri=article.php%3Fid%3D185827-329%26name%3Dlululemon+women%27s+camo+leggings" "Mozilla/5.0 (Linux; Android 6.0.1; Nexus 5X Build/MMB29P) AppleWebKit/537.36 (KHTML, like Gecko) Chrome/137.0.7151.119 Mobile Safari/537.36 (compatible; Googlebot/2.1; +http://www.google.com/bot.html)"
66.249.65.35 - - [13/Jul/2025:23:23:23 +0000] "GET /?x=5701827041800&mod=2de7cf20&uri=us.php%3Fid%3D190382-333%26name%3Dpointer+finger+rings+gold HTTP/1.1" 200 21937 "-" "Mozilla/5.0 (Linux; Android 6.0.1; Nexus 5X Build/MMB29P) AppleWebKit/537.36 (KHTML, like Gecko) Chrome/137.0.7151.103 Mobile Safari/537.36 (compatible; Googlebot/2.1; +http://www.google.com/bot.html)"
209.74.77.214 - - [13/Jul/2025:23:24:07 +0000] "POST /wp-cron.php?doing_wp_cron=1752449047.1539819240570068359375 HTTP/1.1" 200 - "-" "WordPress/6.8.1; https://kraft-court.cafe"
51.222.253.12 - - [13/Jul/2025:23:24:05 +0000] "GET /?x=81821191011800&mod=ddd65013&uri=itm.php%3Fid%3D2730517-1105%26name%3Dcrease+protector+air+force HTTP/1.1" 301 - "-" "Mozilla/5.0 (compatible; AhrefsBot/7.0; +http://ahrefs.com/robot/)"
66.249.65.37 - - [13/Jul/2025:23:24:30 +0000] "GET /?x=5718991011800&mod=333cb763&uri=dp.php%3Fid%3D190971-334%26name%3Dbigg+boss+13+17+january+2021 HTTP/1.1" 200 22899 "-" "Mozilla/5.0 (Linux; Android 6.0.1; Nexus 5X Build/MMB29P) AppleWebKit/537.36 (KHTML, like Gecko) Chrome/137.0.7151.103 Mobile Safari/537.36 (compatible; Googlebot/2.1; +http://www.google.com/bot.html)"
66.249.65.37 - - [13/Jul/2025:23:25:31 +0000] "GET /?x=5709294061800&mod=2de7cf20&uri=pin.php%3Fid%3D190634-333%26name%3D999+silver+kada HTTP/1.1" 200 22540 "-" "Mozilla/5.0 (Linux; Android 6.0.1; Nexus 5X Build/MMB29P) AppleWebKit/537.36 (KHTML, like Gecko) Chrome/137.0.7151.103 Mobile Safari/537.36 (compatible; Googlebot/2.1; +http://www.google.com/bot.html)"
66.249.65.37 - - [13/Jul/2025:23:27:13 +0000] "GET /?x=5602780031800&mod=e94fe9ac&uri=shop.php%3Fid%3D187049-332%26name%3Dhow+to+get+ecg+on+apple+watch HTTP/1.1" 200 21443 "-" "Mozilla/5.0 (Linux; Android 6.0.1; Nexus 5X Build/MMB29P) AppleWebKit/537.36 (KHTML, like Gecko) Chrome/137.0.7151.103 Mobile Safari/537.36 (compatible; Googlebot/2.1; +http://www.google.com/bot.html)"
66.249.65.36 - - [13/Jul/2025:23:28:16 +0000] "GET /?x=47271152101800&mod=ffbd6cbb&uri=products.php%3Fid%3D1577554-310%26name%3D480+gpu+price HTTP/1.1" 200 21300 "-" "Mozilla/5.0 (Linux; Android 6.0.1; Nexus 5X Build/MMB29P) AppleWebKit/537.36 (KHTML, like Gecko) Chrome/137.0.7151.103 Mobile Safari/537.36 (compatible; Googlebot/2.1; +http://www.google.com/bot.html)"
66.249.65.35 - - [13/Jul/2025:23:28:36 +0000] "POST /get-message-notify HTTP/1.1" 200 21873 "https://kraft-court.cafe/?x=5776107041800&mod=a8849b05&uri=itm.php%3Fid%3D192890-57%26name%3Dlazada+inpods" "Mozilla/5.0 (Linux; Android 6.0.1; Nexus 5X Build/MMB29P) AppleWebKit/537.36 (KHTML, like Gecko) Chrome/137.0.7151.119 Mobile Safari/537.36 (compatible; Googlebot/2.1; +http://www.google.com/bot.html)"
209.74.77.214 - - [13/Jul/2025:23:29:32 +0000] "POST /wp-cron.php?doing_wp_cron=1752449372.5993649959564208984375 HTTP/1.1" 200 - "-" "WordPress/6.8.1; https://kraft-court.cafe"
51.222.253.13 - - [13/Jul/2025:23:29:31 +0000] "GET /?x=83106503141800&mod=24389bfe&uri=info.php%3Fid%3D2773417-777%26name%3Dtraje+azul+pajarita+rosa HTTP/1.1" 301 - "-" "Mozilla/5.0 (compatible; AhrefsBot/7.0; +http://ahrefs.com/robot/)"
66.249.65.37 - - [13/Jul/2025:23:30:52 +0000] "GET /?x=6445016031800&mod=cd3afef9&uri=itm.php%3Fid%3D215263-220%26name%3Darmy+gortex+jacket HTTP/1.1" 200 21363 "-" "Mozilla/5.0 (Linux; Android 6.0.1; Nexus 5X Build/MMB29P) AppleWebKit/537.36 (KHTML, like Gecko) Chrome/137.0.7151.103 Mobile Safari/537.36 (compatible; Googlebot/2.1; +http://www.google.com/bot.html)"
66.249.65.37 - - [13/Jul/2025:23:31:00 +0000] "GET /?x=5824729091800&mod=384babc3&uri=category-info.php%3Fid%3D194512-339%26name%3Dnike+nightgazer+37 HTTP/1.1" 200 22006 "-" "Mozilla/5.0 (Linux; Android 6.0.1; Nexus 5X Build/MMB29P) AppleWebKit/537.36 (KHTML, like Gecko) Chrome/137.0.7151.103 Mobile Safari/537.36 (compatible; Googlebot/2.1; +http://www.google.com/bot.html)"
66.249.65.35 - - [13/Jul/2025:23:31:01 +0000] "POST /get-message-notify HTTP/1.1" 200 21869 "https://kraft-court.cafe/?x=6445016031800&mod=cd3afef9&uri=itm.php%3Fid%3D215263-220%26name%3Darmy+gortex+jacket" "Mozilla/5.0 (Linux; Android 6.0.1; Nexus 5X Build/MMB29P) AppleWebKit/537.36 (KHTML, like Gecko) Chrome/137.0.7151.119 Mobile Safari/537.36 (compatible; Googlebot/2.1; +http://www.google.com/bot.html)"
