66.249.65.35 - - [13/Jul/2025:14:39:47 +0000] "GET /?x=111254155021800&mod=f08b7ac8&uri=us.php%3Fid%3D3712920-463%26name%3Dmini+dvi+mac HTTP/1.1" 200 22175 "-" "Mozilla/5.0 (Linux; Android 6.0.1; Nexus 5X Build/MMB29P) AppleWebKit/537.36 (KHTML, like Gecko) Chrome/137.0.7151.103 Mobile Safari/537.36 (compatible; Googlebot/2.1; +http://www.google.com/bot.html)"
209.74.77.214 - - [13/Jul/2025:14:39:49 +0000] "POST /wp-cron.php?doing_wp_cron=1752417589.5846209526062011718750 HTTP/1.1" 200 - "-" "WordPress/6.8.1; https://kraft-court.cafe"
51.222.253.17 - - [13/Jul/2025:14:39:48 +0000] "GET /?x=64877831041800&mod=a08fe31c&uri=pin.php%3Fid%3D2165016-1400%26name%3Dasics+sportstyle+gel-kayano+360+x+gore-tex HTTP/1.1" 301 - "-" "Mozilla/5.0 (compatible; AhrefsBot/7.0; +http://ahrefs.com/robot/)"
66.249.65.35 - - [13/Jul/2025:14:40:00 +0000] "GET /?x=18025423021800&mod=6e616e79&uri=dp.php%3Fid%3D601724-492%26name%3Dsun+meri+sahjadi+dj+ringtone HTTP/1.1" 200 22121 "-" "Mozilla/5.0 (Linux; Android 6.0.1; Nexus 5X Build/MMB29P) AppleWebKit/537.36 (KHTML, like Gecko) Chrome/137.0.7151.103 Mobile Safari/537.36 (compatible; Googlebot/2.1; +http://www.google.com/bot.html)"
66.249.65.35 - - [13/Jul/2025:14:40:28 +0000] "GET /?x=111255325071800&mod=f08b7ac8&uri=article.php%3Fid%3D3712959-463%26name%3Datomos+ninja+v+hdmi+output HTTP/1.1" 200 21520 "-" "Mozilla/5.0 (Linux; Android 6.0.1; Nexus 5X Build/MMB29P) AppleWebKit/537.36 (KHTML, like Gecko) Chrome/137.0.7151.103 Mobile Safari/537.36 (compatible; Googlebot/2.1; +http://www.google.com/bot.html)"
66.249.65.35 - - [13/Jul/2025:14:40:42 +0000] "GET /?x=111255235041800&mod=f08b7ac8&uri=category-info.php%3Fid%3D3712956-463%26name%3Dhdmi+to+vga+nintendo+switch HTTP/1.1" 200 22452 "-" "Mozilla/5.0 (Linux; Android 6.0.1; Nexus 5X Build/MMB29P) AppleWebKit/537.36 (KHTML, like Gecko) Chrome/137.0.7151.103 Mobile Safari/537.36 (compatible; Googlebot/2.1; +http://www.google.com/bot.html)"
66.249.65.35 - - [13/Jul/2025:14:40:50 +0000] "GET /?x=111253525011800&mod=f08b7ac8&uri=products.php%3Fid%3D3712899-463%26name%3Dapple+displayport+to+hdmi HTTP/1.1" 200 22317 "-" "Mozilla/5.0 (Linux; Android 6.0.1; Nexus 5X Build/MMB29P) AppleWebKit/537.36 (KHTML, like Gecko) Chrome/137.0.7151.103 Mobile Safari/537.36 (compatible; Googlebot/2.1; +http://www.google.com/bot.html)"
66.249.65.35 - - [13/Jul/2025:14:41:06 +0000] "POST /get-message-notify HTTP/1.1" 200 21874 "https://kraft-court.cafe/?x=111255325071800&mod=f08b7ac8&uri=article.php%3Fid%3D3712959-463%26name%3Datomos+ninja+v+hdmi+output" "Mozilla/5.0 (Linux; Android 6.0.1; Nexus 5X Build/MMB29P) AppleWebKit/537.36 (KHTML, like Gecko) Chrome/137.0.7151.119 Mobile Safari/537.36 (compatible; Googlebot/2.1; +http://www.google.com/bot.html)"
66.249.65.37 - - [13/Jul/2025:14:41:03 +0000] "GET /?x=111252445031800&mod=f08b7ac8&uri=products.php%3Fid%3D3712863-463%26name%3D069r2v HTTP/1.1" 200 21831 "-" "Mozilla/5.0 (Linux; Android 6.0.1; Nexus 5X Build/MMB29P) AppleWebKit/537.36 (KHTML, like Gecko) Chrome/137.0.7151.103 Mobile Safari/537.36 (compatible; Googlebot/2.1; +http://www.google.com/bot.html)"
66.249.65.35 - - [13/Jul/2025:14:41:17 +0000] "GET /?x=111255595001800&mod=f08b7ac8&uri=products.php%3Fid%3D3712968-463%26name%3Dgofanco+usb+to+hdmi HTTP/1.1" 200 21834 "-" "Mozilla/5.0 (Linux; Android 6.0.1; Nexus 5X Build/MMB29P) AppleWebKit/537.36 (KHTML, like Gecko) Chrome/137.0.7151.103 Mobile Safari/537.36 (compatible; Googlebot/2.1; +http://www.google.com/bot.html)"
66.249.65.35 - - [13/Jul/2025:14:41:29 +0000] "GET /?x=111253615061800&mod=f08b7ac8&uri=news.php%3Fid%3D3712902-463%26name%3Dnvidia+driver+downloads+page HTTP/1.1" 200 22252 "-" "Mozilla/5.0 (Linux; Android 6.0.1; Nexus 5X Build/MMB29P) AppleWebKit/537.36 (KHTML, like Gecko) Chrome/137.0.7151.103 Mobile Safari/537.36 (compatible; Googlebot/2.1; +http://www.google.com/bot.html)"
66.249.65.35 - - [13/Jul/2025:14:41:44 +0000] "GET /?x=111253705011800&mod=f08b7ac8&uri=search.php%3Fid%3D3712905-463%26name%3Dblackmagic+capture+card+driver+download HTTP/1.1" 200 21950 "-" "Mozilla/5.0 (Linux; Android 6.0.1; Nexus 5X Build/MMB29P) AppleWebKit/537.36 (KHTML, like Gecko) Chrome/137.0.7151.103 Mobile Safari/537.36 (compatible; Googlebot/2.1; +http://www.google.com/bot.html)"
66.249.65.35 - - [13/Jul/2025:14:41:48 +0000] "POST /get-message-notify HTTP/1.1" 200 21861 "https://kraft-court.cafe/?x=111255595001800&mod=f08b7ac8&uri=products.php%3Fid%3D3712968-463%26name%3Dgofanco+usb+to+hdmi" "Mozilla/5.0 (Linux; Android 6.0.1; Nexus 5X Build/MMB29P) AppleWebKit/537.36 (KHTML, like Gecko) Chrome/137.0.7151.119 Mobile Safari/537.36 (compatible; Googlebot/2.1; +http://www.google.com/bot.html)"
66.249.65.35 - - [13/Jul/2025:14:41:58 +0000] "GET /?x=111261085031800&mod=f08b7ac8&uri=product.php%3Fid%3D3713151-463%26name%3Dc2g+vga+to+hdmi HTTP/1.1" 200 21873 "-" "Mozilla/5.0 (Linux; Android 6.0.1; Nexus 5X Build/MMB29P) AppleWebKit/537.36 (KHTML, like Gecko) Chrome/137.0.7151.103 Mobile Safari/537.36 (compatible; Googlebot/2.1; +http://www.google.com/bot.html)"
66.249.65.37 - - [13/Jul/2025:14:42:17 +0000] "GET /?x=111264621011800&mod=f08b7ac8&uri=dp.php%3Fid%3D3713269-463%26name%3Damd+firepro+d500+vs+gtx+1080 HTTP/1.1" 200 22651 "-" "Mozilla/5.0 (Linux; Android 6.0.1; Nexus 5X Build/MMB29P) AppleWebKit/537.36 (KHTML, like Gecko) Chrome/137.0.7151.103 Mobile Safari/537.36 (compatible; Googlebot/2.1; +http://www.google.com/bot.html)"
66.249.65.36 - - [13/Jul/2025:14:42:27 +0000] "GET /?x=111252895061800&mod=f08b7ac8&uri=goods.php%3Fid%3D3712878-463%26name%3Dthe+best+graphics+game+for+android HTTP/1.1" 200 19613 "-" "Mozilla/5.0 (Linux; Android 6.0.1; Nexus 5X Build/MMB29P) AppleWebKit/537.36 (KHTML, like Gecko) Chrome/137.0.7151.103 Mobile Safari/537.36 (compatible; Googlebot/2.1; +http://www.google.com/bot.html)"
66.249.65.35 - - [13/Jul/2025:14:42:32 +0000] "POST /get-message-notify HTTP/1.1" 200 21865 "https://kraft-court.cafe/?x=111252895061800&mod=f08b7ac8&uri=goods.php%3Fid%3D3712878-463%26name%3Dthe+best+graphics+game+for+android" "Mozilla/5.0 (Linux; Android 6.0.1; Nexus 5X Build/MMB29P) AppleWebKit/537.36 (KHTML, like Gecko) Chrome/137.0.7151.119 Mobile Safari/537.36 (compatible; Googlebot/2.1; +http://www.google.com/bot.html)"
66.249.65.35 - - [13/Jul/2025:14:42:34 +0000] "GET /?x=111252715091800&mod=f08b7ac8&uri=article.php%3Fid%3D3712872-463%26name%3Dg+sync+amd HTTP/1.1" 200 21794 "-" "Mozilla/5.0 (Linux; Android 6.0.1; Nexus 5X Build/MMB29P) AppleWebKit/537.36 (KHTML, like Gecko) Chrome/137.0.7151.103 Mobile Safari/537.36 (compatible; Googlebot/2.1; +http://www.google.com/bot.html)"
66.249.65.35 - - [13/Jul/2025:14:42:47 +0000] "POST /get-message-notify HTTP/1.1" 200 21861 "https://kraft-court.cafe/?x=111252715091800&mod=f08b7ac8&uri=article.php%3Fid%3D3712872-463%26name%3Dg+sync+amd" "Mozilla/5.0 (Linux; Android 6.0.1; Nexus 5X Build/MMB29P) AppleWebKit/537.36 (KHTML, like Gecko) Chrome/137.0.7151.119 Mobile Safari/537.36 (compatible; Googlebot/2.1; +http://www.google.com/bot.html)"
66.249.65.35 - - [13/Jul/2025:14:42:58 +0000] "GET /?x=111255055061800&mod=f08b7ac8&uri=us.php%3Fid%3D3712950-463%26name%3Datem+mini+iso+recording HTTP/1.1" 200 22152 "-" "Mozilla/5.0 (Linux; Android 6.0.1; Nexus 5X Build/MMB29P) AppleWebKit/537.36 (KHTML, like Gecko) Chrome/137.0.7151.103 Mobile Safari/537.36 (compatible; Googlebot/2.1; +http://www.google.com/bot.html)"
66.249.65.35 - - [13/Jul/2025:14:43:00 +0000] "POST /get-message-notify HTTP/1.1" 200 21870 "https://kraft-court.cafe/?x=111255055061800&mod=f08b7ac8&uri=us.php%3Fid%3D3712950-463%26name%3Datem+mini+iso+recording" "Mozilla/5.0 (Linux; Android 6.0.1; Nexus 5X Build/MMB29P) AppleWebKit/537.36 (KHTML, like Gecko) Chrome/137.0.7151.119 Mobile Safari/537.36 (compatible; Googlebot/2.1; +http://www.google.com/bot.html)"
66.249.65.35 - - [13/Jul/2025:14:43:11 +0000] "GET /?x=111254335031800&mod=c164bbc9&uri=blog.php%3Fid%3D3712926-186%26name%3Dgucci+backpack+for+girls HTTP/1.1" 200 21272 "-" "Mozilla/5.0 (Linux; Android 6.0.1; Nexus 5X Build/MMB29P) AppleWebKit/537.36 (KHTML, like Gecko) Chrome/137.0.7151.103 Mobile Safari/537.36 (compatible; Googlebot/2.1; +http://www.google.com/bot.html)"
66.249.65.35 - - [13/Jul/2025:14:43:31 +0000] "GET /?x=111261355001800&mod=f08b7ac8&uri=us.php%3Fid%3D3713160-463%26name%3D3080+manufacturer+comparison HTTP/1.1" 200 22423 "-" "Mozilla/5.0 (Linux; Android 6.0.1; Nexus 5X Build/MMB29P) AppleWebKit/537.36 (KHTML, like Gecko) Chrome/137.0.7151.103 Mobile Safari/537.36 (compatible; Googlebot/2.1; +http://www.google.com/bot.html)"
66.249.65.35 - - [13/Jul/2025:14:43:38 +0000] "GET /?x=111262075011800&mod=f08b7ac8&uri=dp.php%3Fid%3D3713184-463%26name%3Dcost+of+a+high+end+gaming+pc HTTP/1.1" 200 22671 "-" "Mozilla/5.0 (Linux; Android 6.0.1; Nexus 5X Build/MMB29P) AppleWebKit/537.36 (KHTML, like Gecko) Chrome/137.0.7151.103 Mobile Safari/537.36 (compatible; Googlebot/2.1; +http://www.google.com/bot.html)"
66.249.65.35 - - [13/Jul/2025:14:43:52 +0000] "GET /?x=111253885071800&mod=f08b7ac8&uri=goods.php%3Fid%3D3712911-463%26name%3Dhow+to+change+what+graphics+card+is+used HTTP/1.1" 200 22050 "-" "Mozilla/5.0 (Linux; Android 6.0.1; Nexus 5X Build/MMB29P) AppleWebKit/537.36 (KHTML, like Gecko) Chrome/137.0.7151.103 Mobile Safari/537.36 (compatible; Googlebot/2.1; +http://www.google.com/bot.html)"
209.74.77.214 - - [13/Jul/2025:14:44:09 +0000] "POST /wp-cron.php?doing_wp_cron=1752417849.3305160999298095703125 HTTP/1.1" 200 - "-" "WordPress/6.8.1; https://kraft-court.cafe"
51.222.253.2 - - [13/Jul/2025:14:44:07 +0000] "GET /?x=65423863071800&mod=91836ea2&uri=shared.php%3Fid%3D2183240-1405%26name%3Dojotas+adidas+talle+46 HTTP/1.1" 301 - "-" "Mozilla/5.0 (compatible; AhrefsBot/7.0; +http://ahrefs.com/robot/)"
66.249.65.35 - - [13/Jul/2025:14:44:06 +0000] "GET /?x=111261175011800&mod=f08b7ac8&uri=products.php%3Fid%3D3713154-463%26name%3Dnvidia+netflix+4k HTTP/1.1" 200 22475 "-" "Mozilla/5.0 (Linux; Android 6.0.1; Nexus 5X Build/MMB29P) AppleWebKit/537.36 (KHTML, like Gecko) Chrome/137.0.7151.103 Mobile Safari/537.36 (compatible; Googlebot/2.1; +http://www.google.com/bot.html)"
66.249.65.35 - - [13/Jul/2025:14:44:24 +0000] "GET /?x=111335051011800&mod=5f245ebe&uri=products.php%3Fid%3D3715619-424%26name%3Dapartments+that+take+big+dogs HTTP/1.1" 200 21669 "-" "Mozilla/5.0 (Linux; Android 6.0.1; Nexus 5X Build/MMB29P) AppleWebKit/537.36 (KHTML, like Gecko) Chrome/137.0.7151.103 Mobile Safari/537.36 (compatible; Googlebot/2.1; +http://www.google.com/bot.html)"
66.249.65.35 - - [13/Jul/2025:14:44:25 +0000] "POST /get-message-notify HTTP/1.1" 200 21869 "https://kraft-court.cafe/?x=111261085031800&mod=f08b7ac8&uri=product.php%3Fid%3D3713151-463%26name%3Dc2g+vga+to+hdmi" "Mozilla/5.0 (Linux; Android 6.0.1; Nexus 5X Build/MMB29P) AppleWebKit/537.36 (KHTML, like Gecko) Chrome/137.0.7151.119 Mobile Safari/537.36 (compatible; Googlebot/2.1; +http://www.google.com/bot.html)"
66.249.65.35 - - [13/Jul/2025:14:44:31 +0000] "GET /?x=111260725011800&mod=f08b7ac8&uri=info.php%3Fid%3D3713139-463%26name%3Dbest+ultra+graphics+android+games HTTP/1.1" 200 22003 "-" "Mozilla/5.0 (Linux; Android 6.0.1; Nexus 5X Build/MMB29P) AppleWebKit/537.36 (KHTML, like Gecko) Chrome/137.0.7151.103 Mobile Safari/537.36 (compatible; Googlebot/2.1; +http://www.google.com/bot.html)"
66.249.65.35 - - [13/Jul/2025:14:44:36 +0000] "POST /get-message-notify HTTP/1.1" 200 21880 "https://kraft-court.cafe/?x=111254335031800&mod=c164bbc9&uri=blog.php%3Fid%3D3712926-186%26name%3Dgucci+backpack+for+girls" "Mozilla/5.0 (Linux; Android 6.0.1; Nexus 5X Build/MMB29P) AppleWebKit/537.36 (KHTML, like Gecko) Chrome/137.0.7151.119 Mobile Safari/537.36 (compatible; Googlebot/2.1; +http://www.google.com/bot.html)"
66.249.65.35 - - [13/Jul/2025:14:44:58 +0000] "GET /?x=111251995001800&mod=f08b7ac8&uri=product.php%3Fid%3D3712848-463%26name%3Drtx+3060+12gb+vs+rtx+3060+ti+8gb HTTP/1.1" 200 21543 "-" "Mozilla/5.0 (Linux; Android 6.0.1; Nexus 5X Build/MMB29P) AppleWebKit/537.36 (KHTML, like Gecko) Chrome/137.0.7151.103 Mobile Safari/537.36 (compatible; Googlebot/2.1; +http://www.google.com/bot.html)"
66.249.65.35 - - [13/Jul/2025:14:44:52 +0000] "GET /?x=111261625011800&mod=f08b7ac8&uri=article.php%3Fid%3D3713169-463%26name%3Dgraphics+card+rater HTTP/1.1" 200 21800 "-" "Mozilla/5.0 (Linux; Android 6.0.1; Nexus 5X Build/MMB29P) AppleWebKit/537.36 (KHTML, like Gecko) Chrome/137.0.7151.103 Mobile Safari/537.36 (compatible; Googlebot/2.1; +http://www.google.com/bot.html)"
66.249.65.37 - - [13/Jul/2025:14:45:06 +0000] "GET /?x=111252535031800&mod=f08b7ac8&uri=shop.php%3Fid%3D3712866-463%26name%3Ddp+adapter HTTP/1.1" 200 22380 "-" "Mozilla/5.0 (Linux; Android 6.0.1; Nexus 5X Build/MMB29P) AppleWebKit/537.36 (KHTML, like Gecko) Chrome/137.0.7151.103 Mobile Safari/537.36 (compatible; Googlebot/2.1; +http://www.google.com/bot.html)"
66.249.65.36 - - [13/Jul/2025:14:45:18 +0000] "GET /?x=111262165031800&mod=f08b7ac8&uri=goods.php%3Fid%3D3713187-463%26name%3Dminimum+gpu+for+mining HTTP/1.1" 200 22416 "-" "Mozilla/5.0 (Linux; Android 6.0.1; Nexus 5X Build/MMB29P) AppleWebKit/537.36 (KHTML, like Gecko) Chrome/137.0.7151.103 Mobile Safari/537.36 (compatible; Googlebot/2.1; +http://www.google.com/bot.html)"
66.249.65.35 - - [13/Jul/2025:14:45:34 +0000] "GET /?x=111260005031800&mod=f08b7ac8&uri=itm.php%3Fid%3D3713115-463%26name%3Dgtx+1030+vs+gtx+960 HTTP/1.1" 200 22081 "-" "Mozilla/5.0 (Linux; Android 6.0.1; Nexus 5X Build/MMB29P) AppleWebKit/537.36 (KHTML, like Gecko) Chrome/137.0.7151.103 Mobile Safari/537.36 (compatible; Googlebot/2.1; +http://www.google.com/bot.html)"
66.249.65.35 - - [13/Jul/2025:14:45:37 +0000] "POST /get-message-notify HTTP/1.1" 200 21870 "https://kraft-court.cafe/?x=111252535031800&mod=f08b7ac8&uri=shop.php%3Fid%3D3712866-463%26name%3Ddp+adapter" "Mozilla/5.0 (Linux; Android 6.0.1; Nexus 5X Build/MMB29P) AppleWebKit/537.36 (KHTML, like Gecko) Chrome/137.0.7151.119 Mobile Safari/537.36 (compatible; Googlebot/2.1; +http://www.google.com/bot.html)"
66.249.65.35 - - [13/Jul/2025:14:45:44 +0000] "GET /?x=69090427071800&mod=6e616e79&uri=article.php%3Fid%3D2305631-492%26name%3Daltaf+raja+gane HTTP/1.1" 200 21741 "-" "Mozilla/5.0 (Linux; Android 6.0.1; Nexus 5X Build/MMB29P) AppleWebKit/537.36 (KHTML, like Gecko) Chrome/137.0.7151.103 Mobile Safari/537.36 (compatible; Googlebot/2.1; +http://www.google.com/bot.html)"
66.249.65.35 - - [13/Jul/2025:14:45:46 +0000] "POST /get-message-notify HTTP/1.1" 200 21859 "https://kraft-court.cafe/?x=111261625011800&mod=f08b7ac8&uri=article.php%3Fid%3D3713169-463%26name%3Dgraphics+card+rater" "Mozilla/5.0 (Linux; Android 6.0.1; Nexus 5X Build/MMB29P) AppleWebKit/537.36 (KHTML, like Gecko) Chrome/137.0.7151.119 Mobile Safari/537.36 (compatible; Googlebot/2.1; +http://www.google.com/bot.html)"
66.249.65.35 - - [13/Jul/2025:14:45:57 +0000] "GET /?x=5940011031800&mod=c5bbd980&uri=news.php%3Fid%3D198359-344%26name%3Dapache+tiles+tutorial HTTP/1.1" 200 22052 "-" "Mozilla/5.0 (Linux; Android 6.0.1; Nexus 5X Build/MMB29P) AppleWebKit/537.36 (KHTML, like Gecko) Chrome/137.0.7151.103 Mobile Safari/537.36 (compatible; Googlebot/2.1; +http://www.google.com/bot.html)"
49.51.72.76 - - [13/Jul/2025:14:46:04 +0000] "GET / HTTP/1.1" 200 1851 "http://www.kraft-court.cafe" "Mozilla/5.0 (iPhone; CPU iPhone OS 13_2_3 like Mac OS X) AppleWebKit/605.1.15 (KHTML, like Gecko) Version/13.0.3 Mobile/15E148 Safari/604.1"
66.249.65.35 - - [13/Jul/2025:14:46:11 +0000] "GET /?x=5942741001800&mod=c5bbd980&uri=form.php%3Fid%3D198450-344%26name%3Divy+sneakers HTTP/1.1" 200 22064 "-" "Mozilla/5.0 (Linux; Android 6.0.1; Nexus 5X Build/MMB29P) AppleWebKit/537.36 (KHTML, like Gecko) Chrome/137.0.7151.103 Mobile Safari/537.36 (compatible; Googlebot/2.1; +http://www.google.com/bot.html)"
66.249.65.36 - - [13/Jul/2025:14:46:24 +0000] "GET /?x=5967785051800&mod=e3ea3396&uri=goods.php%3Fid%3D199285-345%26name%3Dropa+de+hombre+rockera HTTP/1.1" 200 21226 "-" "Mozilla/5.0 (Linux; Android 6.0.1; Nexus 5X Build/MMB29P) AppleWebKit/537.36 (KHTML, like Gecko) Chrome/137.0.7151.103 Mobile Safari/537.36 (compatible; Googlebot/2.1; +http://www.google.com/bot.html)"
66.249.65.35 - - [13/Jul/2025:14:46:38 +0000] "GET /?x=119468702111800&mod=9854d7af&uri=us.php%3Fid%3D3987036-387%26name%3Dpink+exercise+mat HTTP/1.1" 200 21751 "-" "Mozilla/5.0 (Linux; Android 6.0.1; Nexus 5X Build/MMB29P) AppleWebKit/537.36 (KHTML, like Gecko) Chrome/137.0.7151.103 Mobile Safari/537.36 (compatible; Googlebot/2.1; +http://www.google.com/bot.html)"
66.249.65.35 - - [13/Jul/2025:14:46:51 +0000] "GET /?x=5942441001800&mod=c5bbd980&uri=goods.php%3Fid%3D198440-344%26name%3Dtekkies+at+tekkie+town HTTP/1.1" 200 21932 "-" "Mozilla/5.0 (Linux; Android 6.0.1; Nexus 5X Build/MMB29P) AppleWebKit/537.36 (KHTML, like Gecko) Chrome/137.0.7151.103 Mobile Safari/537.36 (compatible; Googlebot/2.1; +http://www.google.com/bot.html)"
66.249.65.37 - - [13/Jul/2025:14:47:16 +0000] "GET /?x=6006654041800&mod=c4b43ae0&uri=shared.php%3Fid%3D200584-330%26name%3Dcombi+slip+d+rig HTTP/1.1" 200 21447 "-" "Mozilla/5.0 (Linux; Android 6.0.1; Nexus 5X Build/MMB29P) AppleWebKit/537.36 (KHTML, like Gecko) Chrome/137.0.7151.103 Mobile Safari/537.36 (compatible; Googlebot/2.1; +http://www.google.com/bot.html)"
66.249.65.36 - - [13/Jul/2025:14:47:25 +0000] "GET /?x=5968025051800&mod=c5bbd980&uri=category-info.php%3Fid%3D199293-344%26name%3Deuropean+shoe+sizes+to+us+sizes HTTP/1.1" 200 21739 "-" "Mozilla/5.0 (Linux; Android 6.0.1; Nexus 5X Build/MMB29P) AppleWebKit/537.36 (KHTML, like Gecko) Chrome/137.0.7151.103 Mobile Safari/537.36 (compatible; Googlebot/2.1; +http://www.google.com/bot.html)"
66.249.65.35 - - [13/Jul/2025:14:47:34 +0000] "POST /get-message-notify HTTP/1.1" 200 21867 "https://kraft-court.cafe/?x=5968025051800&mod=c5bbd980&uri=category-info.php%3Fid%3D199293-344%26name%3Deuropean+shoe+sizes+to+us+sizes" "Mozilla/5.0 (Linux; Android 6.0.1; Nexus 5X Build/MMB29P) AppleWebKit/537.36 (KHTML, like Gecko) Chrome/137.0.7151.119 Mobile Safari/537.36 (compatible; Googlebot/2.1; +http://www.google.com/bot.html)"
66.249.65.35 - - [13/Jul/2025:14:47:40 +0000] "GET /?x=5967365071800&mod=e3ea3396&uri=search.php%3Fid%3D199271-345%26name%3Dchaqueta+snow+billabong+mujer HTTP/1.1" 200 21645 "-" "Mozilla/5.0 (Linux; Android 6.0.1; Nexus 5X Build/MMB29P) AppleWebKit/537.36 (KHTML, like Gecko) Chrome/137.0.7151.103 Mobile Safari/537.36 (compatible; Googlebot/2.1; +http://www.google.com/bot.html)"
66.249.65.35 - - [13/Jul/2025:14:47:54 +0000] "GET /?x=5969465051800&mod=c5bbd980&uri=search.php%3Fid%3D199341-344%26name%3Dfinn+comfort+official+website HTTP/1.1" 200 22082 "-" "Mozilla/5.0 (Linux; Android 6.0.1; Nexus 5X Build/MMB29P) AppleWebKit/537.36 (KHTML, like Gecko) Chrome/137.0.7151.103 Mobile Safari/537.36 (compatible; Googlebot/2.1; +http://www.google.com/bot.html)"
66.249.65.35 - - [13/Jul/2025:14:48:07 +0000] "GET /?x=5966771031800&mod=e3ea3396&uri=product.php%3Fid%3D199251-345%26name%3Dvestidos+raffaello+2019 HTTP/1.1" 200 20835 "-" "Mozilla/5.0 (Linux; Android 6.0.1; Nexus 5X Build/MMB29P) AppleWebKit/537.36 (KHTML, like Gecko) Chrome/137.0.7151.103 Mobile Safari/537.36 (compatible; Googlebot/2.1; +http://www.google.com/bot.html)"
66.249.65.36 - - [13/Jul/2025:14:48:20 +0000] "GET /?x=5969525131800&mod=e3ea3396&uri=product.php%3Fid%3D199343-345%26name%3Dtiendas+de+vestidos+para+fiestas+near+me HTTP/1.1" 200 21071 "-" "Mozilla/5.0 (Linux; Android 6.0.1; Nexus 5X Build/MMB29P) AppleWebKit/537.36 (KHTML, like Gecko) Chrome/137.0.7151.103 Mobile Safari/537.36 (compatible; Googlebot/2.1; +http://www.google.com/bot.html)"
66.249.65.35 - - [13/Jul/2025:14:48:28 +0000] "GET /?x=5966531031800&mod=c5bbd980&uri=news.php%3Fid%3D199243-344%26name%3Djun+takahashi+shoes HTTP/1.1" 200 21768 "-" "Mozilla/5.0 (Linux; Android 6.0.1; Nexus 5X Build/MMB29P) AppleWebKit/537.36 (KHTML, like Gecko) Chrome/137.0.7151.103 Mobile Safari/537.36 (compatible; Googlebot/2.1; +http://www.google.com/bot.html)"
66.249.65.35 - - [13/Jul/2025:14:48:31 +0000] "POST /get-message-notify HTTP/1.1" 200 21861 "https://kraft-court.cafe/?x=5966531031800&mod=c5bbd980&uri=news.php%3Fid%3D199243-344%26name%3Djun+takahashi+shoes" "Mozilla/5.0 (Linux; Android 6.0.1; Nexus 5X Build/MMB29P) AppleWebKit/537.36 (KHTML, like Gecko) Chrome/137.0.7151.119 Mobile Safari/537.36 (compatible; Googlebot/2.1; +http://www.google.com/bot.html)"
66.249.65.35 - - [13/Jul/2025:14:48:43 +0000] "GET /?x=5967251031800&mod=e3ea3396&uri=article.php%3Fid%3D199267-345%26name%3Dvestidos+liz+minelli+plaza+del+sol HTTP/1.1" 200 21845 "-" "Mozilla/5.0 (Linux; Android 6.0.1; Nexus 5X Build/MMB29P) AppleWebKit/537.36 (KHTML, like Gecko) Chrome/137.0.7151.103 Mobile Safari/537.36 (compatible; Googlebot/2.1; +http://www.google.com/bot.html)"
66.249.65.35 - - [13/Jul/2025:14:48:46 +0000] "POST /get-message-notify HTTP/1.1" 200 21850 "https://kraft-court.cafe/?x=5967251031800&mod=e3ea3396&uri=article.php%3Fid%3D199267-345%26name%3Dvestidos+liz+minelli+plaza+del+sol" "Mozilla/5.0 (Linux; Android 6.0.1; Nexus 5X Build/MMB29P) AppleWebKit/537.36 (KHTML, like Gecko) Chrome/137.0.7151.119 Mobile Safari/537.36 (compatible; Googlebot/2.1; +http://www.google.com/bot.html)"
66.249.65.35 - - [13/Jul/2025:14:48:57 +0000] "GET /?x=5965871111800&mod=e3ea3396&uri=form.php%3Fid%3D199221-345%26name%3Dvestidos+madrina+raffaello+2017 HTTP/1.1" 200 20528 "-" "Mozilla/5.0 (Linux; Android 6.0.1; Nexus 5X Build/MMB29P) AppleWebKit/537.36 (KHTML, like Gecko) Chrome/137.0.7151.103 Mobile Safari/537.36 (compatible; Googlebot/2.1; +http://www.google.com/bot.html)"
66.249.65.35 - - [13/Jul/2025:14:49:10 +0000] "GET /?x=5967965061800&mod=c5bbd980&uri=news.php%3Fid%3D199291-344%26name%3Dus HTTP/1.1" 200 21168 "-" "Mozilla/5.0 (Linux; Android 6.0.1; Nexus 5X Build/MMB29P) AppleWebKit/537.36 (KHTML, like Gecko) Chrome/137.0.7151.103 Mobile Safari/537.36 (compatible; Googlebot/2.1; +http://www.google.com/bot.html)"
66.249.65.35 - - [13/Jul/2025:14:49:24 +0000] "GET /?x=5786065111800&mod=a8849b05&uri=dp.php%3Fid%3D193222-57%26name%3Dvivo+earphone+bluetooth+price HTTP/1.1" 200 21884 "-" "Mozilla/5.0 (Linux; Android 6.0.1; Nexus 5X Build/MMB29P) AppleWebKit/537.36 (KHTML, like Gecko) Chrome/137.0.7151.103 Mobile Safari/537.36 (compatible; Googlebot/2.1; +http://www.google.com/bot.html)"
66.249.65.35 - - [13/Jul/2025:14:49:31 +0000] "GET /?x=5779585001800&mod=a8849b05&uri=shared.php%3Fid%3D193006-57%26name%3Dbest+bluetooth+headset+below+2000 HTTP/1.1" 200 21938 "-" "Mozilla/5.0 (Linux; Android 6.0.1; Nexus 5X Build/MMB29P) AppleWebKit/537.36 (KHTML, like Gecko) Chrome/137.0.7151.103 Mobile Safari/537.36 (compatible; Googlebot/2.1; +http://www.google.com/bot.html)"
66.249.65.35 - - [13/Jul/2025:14:49:44 +0000] "GET /?x=5710757041800&mod=333cb763&uri=products.php%3Fid%3D190683-334%26name%3Dnagin+mx HTTP/1.1" 200 22168 "-" "Mozilla/5.0 (Linux; Android 6.0.1; Nexus 5X Build/MMB29P) AppleWebKit/537.36 (KHTML, like Gecko) Chrome/137.0.7151.103 Mobile Safari/537.36 (compatible; Googlebot/2.1; +http://www.google.com/bot.html)"
66.249.65.35 - - [13/Jul/2025:14:50:02 +0000] "GET /?x=5780665041800&mod=a8849b05&uri=dp.php%3Fid%3D193042-57%26name%3Djnix+gold+earphones+price HTTP/1.1" 200 21735 "-" "Mozilla/5.0 (Linux; Android 6.0.1; Nexus 5X Build/MMB29P) AppleWebKit/537.36 (KHTML, like Gecko) Chrome/137.0.7151.103 Mobile Safari/537.36 (compatible; Googlebot/2.1; +http://www.google.com/bot.html)"
66.249.65.35 - - [13/Jul/2025:14:50:09 +0000] "GET /?x=5966471011800&mod=c5bbd980&uri=pin.php%3Fid%3D199241-344%26name%3Dsize+in+eu+size HTTP/1.1" 200 22312 "-" "Mozilla/5.0 (Linux; Android 6.0.1; Nexus 5X Build/MMB29P) AppleWebKit/537.36 (KHTML, like Gecko) Chrome/137.0.7151.103 Mobile Safari/537.36 (compatible; Googlebot/2.1; +http://www.google.com/bot.html)"
66.249.65.35 - - [13/Jul/2025:14:50:36 +0000] "GET /?x=5967071011800&mod=c5bbd980&uri=shared.php%3Fid%3D199261-344%26name%3Dvision+street+wear+hi+tops HTTP/1.1" 200 22336 "-" "Mozilla/5.0 (Linux; Android 6.0.1; Nexus 5X Build/MMB29P) AppleWebKit/537.36 (KHTML, like Gecko) Chrome/137.0.7151.103 Mobile Safari/537.36 (compatible; Googlebot/2.1; +http://www.google.com/bot.html)"
66.249.65.35 - - [13/Jul/2025:14:50:49 +0000] "GET /?x=37160527041800&mod=dc6a7e65&uri=goods.php%3Fid%3D1240264-308%26name%3Dtie+dye+yellow+hoodie HTTP/1.1" 200 22100 "-" "Mozilla/5.0 (Linux; Android 6.0.1; Nexus 5X Build/MMB29P) AppleWebKit/537.36 (KHTML, like Gecko) Chrome/137.0.7151.103 Mobile Safari/537.36 (compatible; Googlebot/2.1; +http://www.google.com/bot.html)"
66.249.65.37 - - [13/Jul/2025:14:51:03 +0000] "GET /?x=5966051021800&mod=c5bbd980&uri=news.php%3Fid%3D199227-344%26name%3Dsalomon+xa+pro+3d+women%27s+sale HTTP/1.1" 200 21624 "-" "Mozilla/5.0 (Linux; Android 6.0.1; Nexus 5X Build/MMB29P) AppleWebKit/537.36 (KHTML, like Gecko) Chrome/137.0.7151.103 Mobile Safari/537.36 (compatible; Googlebot/2.1; +http://www.google.com/bot.html)"
66.249.65.35 - - [13/Jul/2025:14:51:10 +0000] "POST /get-message-notify HTTP/1.1" 200 21866 "https://kraft-court.cafe/?x=5966051021800&mod=c5bbd980&uri=news.php%3Fid%3D199227-344%26name%3Dsalomon+xa+pro+3d+women%27s+sale" "Mozilla/5.0 AppleWebKit/537.36 (KHTML, like Gecko; compatible; Googlebot/2.1; +http://www.google.com/bot.html) Chrome/137.0.7151.119 Safari/537.36"
66.249.65.35 - - [13/Jul/2025:14:51:15 +0000] "GET /?x=5965931131800&mod=03fa2f75&uri=article.php%3Fid%3D199223-270%26name%3Dcross+century+ii+lustrous+chrome+ballpoint+pen HTTP/1.1" 200 22322 "-" "Mozilla/5.0 (Linux; Android 6.0.1; Nexus 5X Build/MMB29P) AppleWebKit/537.36 (KHTML, like Gecko) Chrome/137.0.7151.103 Mobile Safari/537.36 (compatible; Googlebot/2.1; +http://www.google.com/bot.html)"
66.249.65.35 - - [13/Jul/2025:14:51:20 +0000] "POST /get-message-notify HTTP/1.1" 200 21868 "https://kraft-court.cafe/?x=5965931131800&mod=03fa2f75&uri=article.php%3Fid%3D199223-270%26name%3Dcross+century+ii+lustrous+chrome+ballpoint+pen" "Mozilla/5.0 (Linux; Android 6.0.1; Nexus 5X Build/MMB29P) AppleWebKit/537.36 (KHTML, like Gecko) Chrome/137.0.7151.119 Mobile Safari/537.36 (compatible; Googlebot/2.1; +http://www.google.com/bot.html)"
66.249.65.35 - - [13/Jul/2025:14:51:32 +0000] "GET /?x=5966291101800&mod=e3ea3396&uri=shared.php%3Fid%3D199235-345%26name%3Dcazadoras+para+esquiar HTTP/1.1" 200 20592 "-" "Mozilla/5.0 (Linux; Android 6.0.1; Nexus 5X Build/MMB29P) AppleWebKit/537.36 (KHTML, like Gecko) Chrome/137.0.7151.103 Mobile Safari/537.36 (compatible; Googlebot/2.1; +http://www.google.com/bot.html)"
66.249.65.35 - - [13/Jul/2025:14:51:39 +0000] "GET /?x=5966111041800&mod=c5bbd980&uri=blog.php%3Fid%3D199229-344%26name%3Dfirewheel+mall+shoe+stores HTTP/1.1" 200 22303 "-" "Mozilla/5.0 (Linux; Android 6.0.1; Nexus 5X Build/MMB29P) AppleWebKit/537.36 (KHTML, like Gecko) Chrome/137.0.7151.103 Mobile Safari/537.36 (compatible; Googlebot/2.1; +http://www.google.com/bot.html)"
66.249.65.35 - - [13/Jul/2025:14:51:46 +0000] "POST /get-message-notify HTTP/1.1" 200 21865 "https://kraft-court.cafe/?x=5966291101800&mod=e3ea3396&uri=shared.php%3Fid%3D199235-345%26name%3Dcazadoras+para+esquiar" "Mozilla/5.0 (Linux; Android 6.0.1; Nexus 5X Build/MMB29P) AppleWebKit/537.36 (KHTML, like Gecko) Chrome/137.0.7151.119 Mobile Safari/537.36 (compatible; Googlebot/2.1; +http://www.google.com/bot.html)"
66.249.65.35 - - [13/Jul/2025:14:51:56 +0000] "GET /?x=5783185001800&mod=a8849b05&uri=news.php%3Fid%3D193126-57%26name%3Djbl650bt+review HTTP/1.1" 200 21616 "-" "Mozilla/5.0 (Linux; Android 6.0.1; Nexus 5X Build/MMB29P) AppleWebKit/537.36 (KHTML, like Gecko) Chrome/137.0.7151.103 Mobile Safari/537.36 (compatible; Googlebot/2.1; +http://www.google.com/bot.html)"
66.249.65.35 - - [13/Jul/2025:14:52:07 +0000] "GET /?x=5966831051800&mod=e3ea3396&uri=shop.php%3Fid%3D199253-345%26name%3Dvestidos+madrina+madison+2021 HTTP/1.1" 200 21340 "-" "Mozilla/5.0 (Linux; Android 6.0.1; Nexus 5X Build/MMB29P) AppleWebKit/537.36 (KHTML, like Gecko) Chrome/137.0.7151.103 Mobile Safari/537.36 (compatible; Googlebot/2.1; +http://www.google.com/bot.html)"
66.249.65.35 - - [13/Jul/2025:14:52:35 +0000] "GET /?x=5982588001800&mod=e3ea3396&uri=article.php%3Fid%3D199780-345%26name%3Dspyder+ropa+nieve HTTP/1.1" 200 20627 "-" "Mozilla/5.0 (Linux; Android 6.0.1; Nexus 5X Build/MMB29P) AppleWebKit/537.36 (KHTML, like Gecko) Chrome/137.0.7151.103 Mobile Safari/537.36 (compatible; Googlebot/2.1; +http://www.google.com/bot.html)"
66.249.65.35 - - [13/Jul/2025:14:52:43 +0000] "GET /?x=5969705051800&mod=e3ea3396&uri=itm.php%3Fid%3D199349-345%26name%3Dvestidos+madrina+conchita+saiz HTTP/1.1" 200 20880 "-" "Mozilla/5.0 (Linux; Android 6.0.1; Nexus 5X Build/MMB29P) AppleWebKit/537.36 (KHTML, like Gecko) Chrome/137.0.7151.103 Mobile Safari/537.36 (compatible; Googlebot/2.1; +http://www.google.com/bot.html)"
66.249.65.35 - - [13/Jul/2025:14:52:57 +0000] "GET /?x=5966951021800&mod=c5bbd980&uri=pin.php%3Fid%3D199257-344%26name%3Dsize+in+eu HTTP/1.1" 200 21901 "-" "Mozilla/5.0 (Linux; Android 6.0.1; Nexus 5X Build/MMB29P) AppleWebKit/537.36 (KHTML, like Gecko) Chrome/137.0.7151.103 Mobile Safari/537.36 (compatible; Googlebot/2.1; +http://www.google.com/bot.html)"
209.74.77.214 - - [13/Jul/2025:14:53:06 +0000] "POST /wp-cron.php?doing_wp_cron=1752418386.8809831142425537109375 HTTP/1.1" 200 - "-" "WordPress/6.8.1; https://kraft-court.cafe"
51.222.253.19 - - [13/Jul/2025:14:53:06 +0000] "GET /?x=69108956091800&mod=1bff3f64&uri=news.php%3Fid%3D2306251-1264%26name%3Dsupermoto+girl HTTP/1.1" 301 - "-" "Mozilla/5.0 (compatible; AhrefsBot/7.0; +http://ahrefs.com/robot/)"
66.249.65.37 - - [13/Jul/2025:14:53:10 +0000] "GET /?x=5780785001800&mod=a8849b05&uri=dp.php%3Fid%3D193046-57%26name%3Dmicrophone+headset+for+zoom+meetings HTTP/1.1" 200 21776 "-" "Mozilla/5.0 (Linux; Android 6.0.1; Nexus 5X Build/MMB29P) AppleWebKit/537.36 (KHTML, like Gecko) Chrome/137.0.7151.103 Mobile Safari/537.36 (compatible; Googlebot/2.1; +http://www.google.com/bot.html)"
66.249.65.36 - - [13/Jul/2025:14:53:23 +0000] "GET /?x=5969585001800&mod=e3ea3396&uri=us.php%3Fid%3D199345-345%26name%3Dhm+vestido+sudadera HTTP/1.1" 200 20593 "-" "Mozilla/5.0 (Linux; Android 6.0.1; Nexus 5X Build/MMB29P) AppleWebKit/537.36 (KHTML, like Gecko) Chrome/137.0.7151.103 Mobile Safari/537.36 (compatible; Googlebot/2.1; +http://www.google.com/bot.html)"
66.249.65.35 - - [13/Jul/2025:14:53:37 +0000] "GET /?x=5965691071800&mod=c5bbd980&uri=goods.php%3Fid%3D199215-344%26name%3D38+in+american+shoe+size HTTP/1.1" 200 21218 "-" "Mozilla/5.0 (Linux; Android 6.0.1; Nexus 5X Build/MMB29P) AppleWebKit/537.36 (KHTML, like Gecko) Chrome/137.0.7151.103 Mobile Safari/537.36 (compatible; Googlebot/2.1; +http://www.google.com/bot.html)"
66.249.65.35 - - [13/Jul/2025:14:53:57 +0000] "GET /?x=5841501031800&mod=621fbd17&uri=info.php%3Fid%3D195072-338%26name%3Dkenzo+flower+precio+honduras HTTP/1.1" 200 20775 "-" "Mozilla/5.0 (Linux; Android 6.0.1; Nexus 5X Build/MMB29P) AppleWebKit/537.36 (KHTML, like Gecko) Chrome/137.0.7151.103 Mobile Safari/537.36 (compatible; Googlebot/2.1; +http://www.google.com/bot.html)"
66.249.65.36 - - [13/Jul/2025:14:54:04 +0000] "GET /?x=36365020001800&mod=dc6a7e65&uri=dp.php%3Fid%3D1213709-308%26name%3Dblue+pyjamas+womens HTTP/1.1" 200 22379 "-" "Mozilla/5.0 (Linux; Android 6.0.1; Nexus 5X Build/MMB29P) AppleWebKit/537.36 (KHTML, like Gecko) Chrome/137.0.7151.103 Mobile Safari/537.36 (compatible; Googlebot/2.1; +http://www.google.com/bot.html)"
66.249.65.35 - - [13/Jul/2025:14:54:11 +0000] "GET /?x=5844801081800&mod=621fbd17&uri=article.php%3Fid%3D195182-338%26name%3Dhugo+boss+hugo+iced+edt+125+ml HTTP/1.1" 200 20496 "-" "Mozilla/5.0 (Linux; Android 6.0.1; Nexus 5X Build/MMB29P) AppleWebKit/537.36 (KHTML, like Gecko) Chrome/137.0.7151.103 Mobile Safari/537.36 (compatible; Googlebot/2.1; +http://www.google.com/bot.html)"
66.249.65.35 - - [13/Jul/2025:14:54:14 +0000] "POST /get-message-notify HTTP/1.1" 200 21864 "https://kraft-court.cafe/?x=5844801081800&mod=621fbd17&uri=article.php%3Fid%3D195182-338%26name%3Dhugo+boss+hugo+iced+edt+125+ml" "Mozilla/5.0 (Linux; Android 6.0.1; Nexus 5X Build/MMB29P) AppleWebKit/537.36 (KHTML, like Gecko) Chrome/137.0.7151.119 Mobile Safari/537.36 (compatible; Googlebot/2.1; +http://www.google.com/bot.html)"
66.249.65.35 - - [13/Jul/2025:14:54:24 +0000] "GET /?x=5739973041800&mod=97108695&uri=product.php%3Fid%3D191685-335%26name%3Dsharp+washing+machine+single+tub+price HTTP/1.1" 200 21672 "-" "Mozilla/5.0 (Linux; Android 6.0.1; Nexus 5X Build/MMB29P) AppleWebKit/537.36 (KHTML, like Gecko) Chrome/137.0.7151.103 Mobile Safari/537.36 (compatible; Googlebot/2.1; +http://www.google.com/bot.html)"
66.249.65.35 - - [13/Jul/2025:14:54:38 +0000] "GET /?x=5828328031800&mod=384babc3&uri=pin.php%3Fid%3D194632-339%26name%3Dkenzo+sushi+pontevedra HTTP/1.1" 200 21610 "-" "Mozilla/5.0 (Linux; Android 6.0.1; Nexus 5X Build/MMB29P) AppleWebKit/537.36 (KHTML, like Gecko) Chrome/137.0.7151.103 Mobile Safari/537.36 (compatible; Googlebot/2.1; +http://www.google.com/bot.html)"
66.249.65.35 - - [13/Jul/2025:14:54:45 +0000] "GET /?x=6580825021800&mod=34ffeb35&uri=info.php%3Fid%3D219791-370%26name%3Dtom+ford+tf5304 HTTP/1.1" 200 21011 "-" "Mozilla/5.0 (Linux; Android 6.0.1; Nexus 5X Build/MMB29P) AppleWebKit/537.36 (KHTML, like Gecko) Chrome/137.0.7151.103 Mobile Safari/537.36 (compatible; Googlebot/2.1; +http://www.google.com/bot.html)"
66.249.65.35 - - [13/Jul/2025:14:54:50 +0000] "POST /get-message-notify HTTP/1.1" 200 21854 "https://kraft-court.cafe/?x=6580825021800&mod=34ffeb35&uri=info.php%3Fid%3D219791-370%26name%3Dtom+ford+tf5304" "Mozilla/5.0 (Linux; Android 6.0.1; Nexus 5X Build/MMB29P) AppleWebKit/537.36 (KHTML, like Gecko) Chrome/137.0.7151.119 Mobile Safari/537.36 (compatible; Googlebot/2.1; +http://www.google.com/bot.html)"
66.249.65.35 - - [13/Jul/2025:14:54:53 +0000] "GET /?x=5830116041800&mod=384babc3&uri=itm.php%3Fid%3D194692-339%26name%3Dadidas+deerupt+china+ni%C3%83%C2%B1o HTTP/1.1" 200 21180 "-" "Mozilla/5.0 (Linux; Android 6.0.1; Nexus 5X Build/MMB29P) AppleWebKit/537.36 (KHTML, like Gecko) Chrome/137.0.7151.103 Mobile Safari/537.36 (compatible; Googlebot/2.1; +http://www.google.com/bot.html)"
66.249.65.37 - - [13/Jul/2025:14:55:07 +0000] "GET /?x=38743314071800&mod=dc6a7e65&uri=product.php%3Fid%3D1293061-308%26name%3Doversized+zip+front+hoodie HTTP/1.1" 200 21929 "-" "Mozilla/5.0 (Linux; Android 6.0.1; Nexus 5X Build/MMB29P) AppleWebKit/537.36 (KHTML, like Gecko) Chrome/137.0.7151.103 Mobile Safari/537.36 (compatible; Googlebot/2.1; +http://www.google.com/bot.html)"
66.249.65.35 - - [13/Jul/2025:14:55:20 +0000] "GET /?x=5837901031800&mod=384babc3&uri=goods.php%3Fid%3D194952-339%26name%3Ddoc+martens+80s+fashion HTTP/1.1" 200 21138 "-" "Mozilla/5.0 (Linux; Android 6.0.1; Nexus 5X Build/MMB29P) AppleWebKit/537.36 (KHTML, like Gecko) Chrome/137.0.7151.103 Mobile Safari/537.36 (compatible; Googlebot/2.1; +http://www.google.com/bot.html)"
66.249.65.35 - - [13/Jul/2025:14:55:28 +0000] "GET /?x=5831904131800&mod=621fbd17&uri=article.php%3Fid%3D194752-338%26name%3Dnew+balance+fuelcell+rebel+india HTTP/1.1" 200 20608 "-" "Mozilla/5.0 (Linux; Android 6.0.1; Nexus 5X Build/MMB29P) AppleWebKit/537.36 (KHTML, like Gecko) Chrome/137.0.7151.103 Mobile Safari/537.36 (compatible; Googlebot/2.1; +http://www.google.com/bot.html)"
66.249.65.35 - - [13/Jul/2025:14:55:29 +0000] "POST /get-message-notify HTTP/1.1" 200 21874 "https://kraft-court.cafe/?x=5837901031800&mod=384babc3&uri=goods.php%3Fid%3D194952-339%26name%3Ddoc+martens+80s+fashion" "Mozilla/5.0 (Linux; Android 6.0.1; Nexus 5X Build/MMB29P) AppleWebKit/537.36 (KHTML, like Gecko) Chrome/137.0.7151.119 Mobile Safari/537.36 (compatible; Googlebot/2.1; +http://www.google.com/bot.html)"
66.249.65.35 - - [13/Jul/2025:14:55:34 +0000] "POST /get-message-notify HTTP/1.1" 200 21877 "https://kraft-court.cafe/?x=5967965061800&mod=c5bbd980&uri=news.php%3Fid%3D199291-344%26name%3Dus" "Mozilla/5.0 (Linux; Android 6.0.1; Nexus 5X Build/MMB29P) AppleWebKit/537.36 (KHTML, like Gecko) Chrome/137.0.7151.119 Mobile Safari/537.36 (compatible; Googlebot/2.1; +http://www.google.com/bot.html)"
66.249.65.35 - - [13/Jul/2025:14:55:42 +0000] "GET /?x=5785105041800&mod=a8849b05&uri=news.php%3Fid%3D193190-57%26name%3Dbeats+over+ear+noise+cancelling HTTP/1.1" 200 21900 "-" "Mozilla/5.0 (Linux; Android 6.0.1; Nexus 5X Build/MMB29P) AppleWebKit/537.36 (KHTML, like Gecko) Chrome/137.0.7151.103 Mobile Safari/537.36 (compatible; Googlebot/2.1; +http://www.google.com/bot.html)"
66.249.65.36 - - [13/Jul/2025:14:56:29 +0000] "GET /?x=6011589011800&mod=c4b43ae0&uri=product.php%3Fid%3D200749-330%26name%3Dworm+hooks+for+bass HTTP/1.1" 200 21652 "-" "Mozilla/5.0 (Linux; Android 6.0.1; Nexus 5X Build/MMB29P) AppleWebKit/537.36 (KHTML, like Gecko) Chrome/137.0.7151.103 Mobile Safari/537.36 (compatible; Googlebot/2.1; +http://www.google.com/bot.html)"
66.249.65.36 - - [13/Jul/2025:14:56:32 +0000] "POST /get-message-notify HTTP/1.1" 200 21846 "https://kraft-court.cafe/?x=6011589011800&mod=c4b43ae0&uri=product.php%3Fid%3D200749-330%26name%3Dworm+hooks+for+bass" "Mozilla/5.0 (Linux; Android 6.0.1; Nexus 5X Build/MMB29P) AppleWebKit/537.36 (KHTML, like Gecko) Chrome/137.0.7151.119 Mobile Safari/537.36 (compatible; Googlebot/2.1; +http://www.google.com/bot.html)"
66.249.65.36 - - [13/Jul/2025:14:56:49 +0000] "GET /?x=5670921041800&mod=dc6a7e65&uri=form.php%3Fid%3D189351-308%26name%3Darmy+green+puma+hoodie HTTP/1.1" 200 22524 "-" "Mozilla/5.0 (Linux; Android 6.0.1; Nexus 5X Build/MMB29P) AppleWebKit/537.36 (KHTML, like Gecko) Chrome/137.0.7151.103 Mobile Safari/537.36 (compatible; Googlebot/2.1; +http://www.google.com/bot.html)"
66.249.65.35 - - [13/Jul/2025:14:56:53 +0000] "POST /get-message-notify HTTP/1.1" 200 21869 "https://kraft-court.cafe/?x=5670921041800&mod=dc6a7e65&uri=form.php%3Fid%3D189351-308%26name%3Darmy+green+puma+hoodie" "Mozilla/5.0 (Linux; Android 6.0.1; Nexus 5X Build/MMB29P) AppleWebKit/537.36 (KHTML, like Gecko) Chrome/137.0.7151.119 Mobile Safari/537.36 (compatible; Googlebot/2.1; +http://www.google.com/bot.html)"
66.249.65.35 - - [13/Jul/2025:14:56:56 +0000] "GET /?x=38320386021800&mod=dc6a7e65&uri=product.php%3Fid%3D1278956-308%26name%3Dmens+north+face+black+puffer HTTP/1.1" 200 22038 "-" "Mozilla/5.0 (Linux; Android 6.0.1; Nexus 5X Build/MMB29P) AppleWebKit/537.36 (KHTML, like Gecko) Chrome/137.0.7151.103 Mobile Safari/537.36 (compatible; Googlebot/2.1; +http://www.google.com/bot.html)"
66.249.65.36 - - [13/Jul/2025:14:57:09 +0000] "GET /?x=37170577001800&mod=dc6a7e65&uri=category-info.php%3Fid%3D1240599-308%26name%3Djuicy+couture+black+zip+up+hoodie HTTP/1.1" 200 22446 "-" "Mozilla/5.0 (Linux; Android 6.0.1; Nexus 5X Build/MMB29P) AppleWebKit/537.36 (KHTML, like Gecko) Chrome/137.0.7151.103 Mobile Safari/537.36 (compatible; Googlebot/2.1; +http://www.google.com/bot.html)"
209.74.77.214 - - [13/Jul/2025:14:57:49 +0000] "POST /wp-cron.php?doing_wp_cron=1752418669.7024550437927246093750 HTTP/1.1" 200 - "-" "WordPress/6.8.1; https://kraft-court.cafe"
51.222.253.1 - - [13/Jul/2025:14:57:48 +0000] "GET /?x=70825652031800&mod=02f063c2&uri=category-info.php%3Fid%3D2363514-621%26name%3Dbreathable+baby+stuffed+animals HTTP/1.1" 301 - "-" "Mozilla/5.0 (compatible; AhrefsBot/7.0; +http://ahrefs.com/robot/)"
66.249.65.37 - - [13/Jul/2025:14:58:10 +0000] "POST /get-message-notify HTTP/1.1" 200 21855 "https://kraft-court.cafe/?x=38320386021800&mod=dc6a7e65&uri=product.php%3Fid%3D1278956-308%26name%3Dmens+north+face+black+puffer" "Mozilla/5.0 (Linux; Android 6.0.1; Nexus 5X Build/MMB29P) AppleWebKit/537.36 (KHTML, like Gecko) Chrome/137.0.7151.119 Mobile Safari/537.36 (compatible; Googlebot/2.1; +http://www.google.com/bot.html)"
66.249.65.36 - - [13/Jul/2025:14:58:19 +0000] "POST /get-message-notify HTTP/1.1" 200 21864 "https://kraft-court.cafe/?x=37170577001800&mod=dc6a7e65&uri=category-info.php%3Fid%3D1240599-308%26name%3Djuicy+couture+black+zip+up+hoodie" "Mozilla/5.0 (Linux; Android 6.0.1; Nexus 5X Build/MMB29P) AppleWebKit/537.36 (KHTML, like Gecko) Chrome/137.0.7151.119 Mobile Safari/537.36 (compatible; Googlebot/2.1; +http://www.google.com/bot.html)"
66.249.65.37 - - [13/Jul/2025:14:59:09 +0000] "GET /?x=5783425131800&mod=a8849b05&uri=blog.php%3Fid%3D193134-57%26name%3Dbest+headset+for+watching+tv HTTP/1.1" 200 21908 "-" "Mozilla/5.0 (Linux; Android 6.0.1; Nexus 5X Build/MMB29P) AppleWebKit/537.36 (KHTML, like Gecko) Chrome/137.0.7151.103 Mobile Safari/537.36 (compatible; Googlebot/2.1; +http://www.google.com/bot.html)"
66.249.65.36 - - [13/Jul/2025:14:59:16 +0000] "GET /?x=5843901081800&mod=621fbd17&uri=info.php%3Fid%3D195152-338%26name%3Dnew+balance+624v4+%282e%29 HTTP/1.1" 200 21261 "-" "Mozilla/5.0 (Linux; Android 6.0.1; Nexus 5X Build/MMB29P) AppleWebKit/537.36 (KHTML, like Gecko) Chrome/137.0.7151.103 Mobile Safari/537.36 (compatible; Googlebot/2.1; +http://www.google.com/bot.html)"
66.249.65.35 - - [13/Jul/2025:14:59:28 +0000] "GET /?x=38733031001800&mod=dc6a7e65&uri=search.php%3Fid%3D1292718-308%26name%3Dnike+mini+swoosh+oversized+cropped+sweatshirt+in+light+gray HTTP/1.1" 200 22441 "-" "Mozilla/5.0 (Linux; Android 6.0.1; Nexus 5X Build/MMB29P) AppleWebKit/537.36 (KHTML, like Gecko) Chrome/137.0.7151.103 Mobile Safari/537.36 (compatible; Googlebot/2.1; +http://www.google.com/bot.html)"
66.249.65.35 - - [13/Jul/2025:14:59:42 +0000] "GET /?x=5826229031800&mod=384babc3&uri=info.php%3Fid%3D194562-339%26name%3Dnike+force+levis HTTP/1.1" 200 21849 "-" "Mozilla/5.0 (Linux; Android 6.0.1; Nexus 5X Build/MMB29P) AppleWebKit/537.36 (KHTML, like Gecko) Chrome/137.0.7151.103 Mobile Safari/537.36 (compatible; Googlebot/2.1; +http://www.google.com/bot.html)"
66.249.65.35 - - [13/Jul/2025:14:59:49 +0000] "GET /?x=5661741031800&mod=dc6a7e65&uri=brands.php%3Fid%3D189045-308%26name%3Dmodanisa+everyday+basic+sweatshirt HTTP/1.1" 200 22164 "-" "Mozilla/5.0 (Linux; Android 6.0.1; Nexus 5X Build/MMB29P) AppleWebKit/537.36 (KHTML, like Gecko) Chrome/137.0.7151.103 Mobile Safari/537.36 (compatible; Googlebot/2.1; +http://www.google.com/bot.html)"
66.249.65.35 - - [13/Jul/2025:14:59:56 +0000] "GET /?x=37150147001800&mod=dc6a7e65&uri=news.php%3Fid%3D1239918-308%26name%3Dzip+up+jean+dress HTTP/1.1" 200 22723 "-" "Mozilla/5.0 (Linux; Android 6.0.1; Nexus 5X Build/MMB29P) AppleWebKit/537.36 (KHTML, like Gecko) Chrome/137.0.7151.103 Mobile Safari/537.36 (compatible; Googlebot/2.1; +http://www.google.com/bot.html)"
66.249.65.36 - - [13/Jul/2025:15:00:09 +0000] "GET /?x=5784865011800&mod=a8849b05&uri=itm.php%3Fid%3D193182-57%26name%3Dbest+headphones+for+working+out+over+ear HTTP/1.1" 200 22036 "-" "Mozilla/5.0 (Linux; Android 6.0.1; Nexus 5X Build/MMB29P) AppleWebKit/537.36 (KHTML, like Gecko) Chrome/137.0.7151.103 Mobile Safari/537.36 (compatible; Googlebot/2.1; +http://www.google.com/bot.html)"
66.249.65.36 - - [13/Jul/2025:15:00:29 +0000] "GET /?x=5838201001800&mod=384babc3&uri=news.php%3Fid%3D194962-339%26name%3Dzapatos+vans+cucuta+facebook HTTP/1.1" 200 20961 "-" "Mozilla/5.0 (Linux; Android 6.0.1; Nexus 5X Build/MMB29P) AppleWebKit/537.36 (KHTML, like Gecko) Chrome/137.0.7151.103 Mobile Safari/537.36 (compatible; Googlebot/2.1; +http://www.google.com/bot.html)"
66.249.65.35 - - [13/Jul/2025:15:00:38 +0000] "GET /?x=5828028031800&mod=384babc3&uri=form.php%3Fid%3D194622-339%26name%3Dhugo+boss+60+ml+50 HTTP/1.1" 200 20988 "-" "Mozilla/5.0 (Linux; Android 6.0.1; Nexus 5X Build/MMB29P) AppleWebKit/537.36 (KHTML, like Gecko) Chrome/137.0.7151.103 Mobile Safari/537.36 (compatible; Googlebot/2.1; +http://www.google.com/bot.html)"
66.249.65.35 - - [13/Jul/2025:15:00:44 +0000] "GET /?x=119076419021800&mod=8f4576ad&uri=pin.php%3Fid%3D3973954-464%26name%3Dgtx+1650+iracing HTTP/1.1" 200 21568 "-" "Mozilla/5.0 (Linux; Android 6.0.1; Nexus 5X Build/MMB29P) AppleWebKit/537.36 (KHTML, like Gecko) Chrome/137.0.7151.103 Mobile Safari/537.36 (compatible; Googlebot/2.1; +http://www.google.com/bot.html)"
66.249.65.35 - - [13/Jul/2025:15:00:48 +0000] "POST /get-message-notify HTTP/1.1" 200 21853 "https://kraft-court.cafe/?x=119076419021800&mod=8f4576ad&uri=pin.php%3Fid%3D3973954-464%26name%3Dgtx+1650+iracing" "Mozilla/5.0 (Linux; Android 6.0.1; Nexus 5X Build/MMB29P) AppleWebKit/537.36 (KHTML, like Gecko) Chrome/137.0.7151.119 Mobile Safari/537.36 (compatible; Googlebot/2.1; +http://www.google.com/bot.html)"
66.249.65.37 - - [13/Jul/2025:15:01:03 +0000] "GET /?x=5834604131800&mod=384babc3&uri=shop.php%3Fid%3D194842-339%26name%3Dkenzo+chile+instagram HTTP/1.1" 200 21000 "-" "Mozilla/5.0 (Linux; Android 6.0.1; Nexus 5X Build/MMB29P) AppleWebKit/537.36 (KHTML, like Gecko) Chrome/137.0.7151.103 Mobile Safari/537.36 (compatible; Googlebot/2.1; +http://www.google.com/bot.html)"
66.249.65.36 - - [13/Jul/2025:15:01:16 +0000] "GET /?x=5782465111800&mod=a8849b05&uri=blog.php%3Fid%3D193102-57%26name%3Dq10+soundcore HTTP/1.1" 200 21504 "-" "Mozilla/5.0 (Linux; Android 6.0.1; Nexus 5X Build/MMB29P) AppleWebKit/537.36 (KHTML, like Gecko) Chrome/137.0.7151.103 Mobile Safari/537.36 (compatible; Googlebot/2.1; +http://www.google.com/bot.html)"
66.249.65.35 - - [13/Jul/2025:15:01:23 +0000] "GET /?x=119621170001800&mod=770c0e7e&uri=product.php%3Fid%3D3992124-412%26name%3Dejercicios+para+barra+de+puerta HTTP/1.1" 200 20762 "-" "Mozilla/5.0 (Linux; Android 6.0.1; Nexus 5X Build/MMB29P) AppleWebKit/537.36 (KHTML, like Gecko) Chrome/137.0.7151.103 Mobile Safari/537.36 (compatible; Googlebot/2.1; +http://www.google.com/bot.html)"
66.249.65.35 - - [13/Jul/2025:15:01:35 +0000] "GET /?x=5784625031800&mod=a8849b05&uri=news.php%3Fid%3D193174-57%26name%3Dbest+earbuds+for+online+teaching HTTP/1.1" 200 21945 "-" "Mozilla/5.0 (Linux; Android 6.0.1; Nexus 5X Build/MMB29P) AppleWebKit/537.36 (KHTML, like Gecko) Chrome/137.0.7151.103 Mobile Safari/537.36 (compatible; Googlebot/2.1; +http://www.google.com/bot.html)"
66.249.65.35 - - [13/Jul/2025:15:01:53 +0000] "GET /?x=5838801031800&mod=734e6bfc&uri=itm.php%3Fid%3D194982-340%26name%3Dkenzo+68+xonacatepec HTTP/1.1" 200 20738 "-" "Mozilla/5.0 (Linux; Android 6.0.1; Nexus 5X Build/MMB29P) AppleWebKit/537.36 (KHTML, like Gecko) Chrome/137.0.7151.103 Mobile Safari/537.36 (compatible; Googlebot/2.1; +http://www.google.com/bot.html)"
66.249.65.35 - - [13/Jul/2025:15:02:00 +0000] "POST /get-message-notify HTTP/1.1" 200 21876 "https://kraft-court.cafe/?x=5784625031800&mod=a8849b05&uri=news.php%3Fid%3D193174-57%26name%3Dbest+earbuds+for+online+teaching" "Mozilla/5.0 (Linux; Android 6.0.1; Nexus 5X Build/MMB29P) AppleWebKit/537.36 (KHTML, like Gecko) Chrome/137.0.7151.119 Mobile Safari/537.36 (compatible; Googlebot/2.1; +http://www.google.com/bot.html)"
66.249.65.37 - - [13/Jul/2025:15:02:02 +0000] "POST /get-message-notify HTTP/1.1" 200 21876 "https://kraft-court.cafe/?x=5782465111800&mod=a8849b05&uri=blog.php%3Fid%3D193102-57%26name%3Dq10+soundcore" "Mozilla/5.0 (Linux; Android 6.0.1; Nexus 5X Build/MMB29P) AppleWebKit/537.36 (KHTML, like Gecko) Chrome/137.0.7151.119 Mobile Safari/537.36 (compatible; Googlebot/2.1; +http://www.google.com/bot.html)"
66.249.65.35 - - [13/Jul/2025:15:02:06 +0000] "GET /?x=5835501131800&mod=384babc3&uri=product.php%3Fid%3D194872-339%26name%3Dzapatos+skechers+amazon+new+york+ingles HTTP/1.1" 200 21136 "-" "Mozilla/5.0 (Linux; Android 6.0.1; Nexus 5X Build/MMB29P) AppleWebKit/537.36 (KHTML, like Gecko) Chrome/137.0.7151.103 Mobile Safari/537.36 (compatible; Googlebot/2.1; +http://www.google.com/bot.html)"
66.249.65.35 - - [13/Jul/2025:15:02:14 +0000] "POST /get-message-notify HTTP/1.1" 200 21856 "https://kraft-court.cafe/?x=5835501131800&mod=384babc3&uri=product.php%3Fid%3D194872-339%26name%3Dzapatos+skechers+amazon+new+york+ingles" "Mozilla/5.0 (Linux; Android 6.0.1; Nexus 5X Build/MMB29P) AppleWebKit/537.36 (KHTML, like Gecko) Chrome/137.0.7151.119 Mobile Safari/537.36 (compatible; Googlebot/2.1; +http://www.google.com/bot.html)"
66.249.65.35 - - [13/Jul/2025:15:02:20 +0000] "GET /?x=5805188131800&mod=165a59f7&uri=shared.php%3Fid%3D193860-336%26name%3Dtutorial+uncinetto+pochette+shellina HTTP/1.1" 200 20914 "-" "Mozilla/5.0 (Linux; Android 6.0.1; Nexus 5X Build/MMB29P) AppleWebKit/537.36 (KHTML, like Gecko) Chrome/137.0.7151.103 Mobile Safari/537.36 (compatible; Googlebot/2.1; +http://www.google.com/bot.html)"
209.74.77.214 - - [13/Jul/2025:15:02:21 +0000] "POST /wp-cron.php?doing_wp_cron=1752418941.8380990028381347656250 HTTP/1.1" 200 - "-" "WordPress/6.8.1; https://kraft-court.cafe"
51.222.253.19 - - [13/Jul/2025:15:02:20 +0000] "GET /?x=71552421041800&uri=blog.php%3Fid%3D2387775-1309%26name%3Dstate%20championship%20ring%20cost HTTP/1.1" 200 1929 "-" "Mozilla/5.0 (compatible; AhrefsBot/7.0; +http://ahrefs.com/robot/)"
66.249.65.35 - - [13/Jul/2025:15:02:26 +0000] "GET /?x=90303275041800&mod=c4b43ae0&uri=search.php%3Fid%3D3013556-330%26name%3Dsolar+water+pump+for+garden+hose HTTP/1.1" 200 22987 "-" "Mozilla/5.0 (Linux; Android 6.0.1; Nexus 5X Build/MMB29P) AppleWebKit/537.36 (KHTML, like Gecko) Chrome/137.0.7151.103 Mobile Safari/537.36 (compatible; Googlebot/2.1; +http://www.google.com/bot.html)"
66.249.65.35 - - [13/Jul/2025:15:02:28 +0000] "POST /get-message-notify HTTP/1.1" 200 21881 "https://kraft-court.cafe/?x=90303275041800&mod=c4b43ae0&uri=search.php%3Fid%3D3013556-330%26name%3Dsolar+water+pump+for+garden+hose" "Mozilla/5.0 AppleWebKit/537.36 (KHTML, like Gecko; compatible; Googlebot/2.1; +http://www.google.com/bot.html) Chrome/137.0.7151.119 Safari/537.36"
66.249.65.35 - - [13/Jul/2025:15:02:29 +0000] "POST /get-message-notify HTTP/1.1" 200 21868 "https://kraft-court.cafe/?x=5805188131800&mod=165a59f7&uri=shared.php%3Fid%3D193860-336%26name%3Dtutorial+uncinetto+pochette+shellina" "Mozilla/5.0 (Linux; Android 6.0.1; Nexus 5X Build/MMB29P) AppleWebKit/537.36 (KHTML, like Gecko) Chrome/137.0.7151.119 Mobile Safari/537.36 (compatible; Googlebot/2.1; +http://www.google.com/bot.html)"
