66.249.65.35 - - [13/Jul/2025:16:42:21 +0000] "GET /?x=5717299011800&mod=2de7cf20&uri=pin.php%3Fid%3D190911-333%26name%3Ddiamond+ring+with+ashes HTTP/1.1" 200 21968 "-" "Mozilla/5.0 (Linux; Android 6.0.1; Nexus 5X Build/MMB29P) AppleWebKit/537.36 (KHTML, like Gecko) Chrome/137.0.7151.103 Mobile Safari/537.36 (compatible; Googlebot/2.1; +http://www.google.com/bot.html)"
209.74.77.214 - - [13/Jul/2025:16:42:36 +0000] "POST /wp-cron.php?doing_wp_cron=1752424956.4336810111999511718750 HTTP/1.1" 200 - "-" "WordPress/6.8.1; https://kraft-court.cafe"
54.81.10.164 - - [13/Jul/2025:16:42:35 +0000] "GET / HTTP/1.1" 200 5435 "-" "Mozilla/5.0 (X11; Linux x86_64) AppleWebKit/537.36 (KHTML, like Gecko) Chrome/58.0.3029.110 Safari/537.36"
66.249.65.36 - - [13/Jul/2025:16:43:56 +0000] "GET /?x=27998278081800&mod=d594b1a9&uri=brands.php%3Fid%3D934456-341%26name%3Dcable+rca+as+video HTTP/1.1" 200 21900 "-" "Mozilla/5.0 (Linux; Android 6.0.1; Nexus 5X Build/MMB29P) AppleWebKit/537.36 (KHTML, like Gecko) Chrome/137.0.7151.103 Mobile Safari/537.36 (compatible; Googlebot/2.1; +http://www.google.com/bot.html)"
66.249.65.36 - - [13/Jul/2025:16:44:31 +0000] "GET /?x=47561110041800&mod=b7b16ecf&uri=brands.php%3Fid%3D1587226-39%26name%3Dwhite+dresser+chair HTTP/1.1" 200 22148 "-" "Mozilla/5.0 (Linux; Android 6.0.1; Nexus 5X Build/MMB29P) AppleWebKit/537.36 (KHTML, like Gecko) Chrome/137.0.7151.103 Mobile Safari/537.36 (compatible; Googlebot/2.1; +http://www.google.com/bot.html)"
66.249.65.35 - - [13/Jul/2025:16:44:57 +0000] "GET /?x=40149954091800&mod=f4612859&uri=dp.php%3Fid%3D1339993-536%26name%3Dshiny+off+shoulder+dress HTTP/1.1" 200 20831 "-" "Mozilla/5.0 (Linux; Android 6.0.1; Nexus 5X Build/MMB29P) AppleWebKit/537.36 (KHTML, like Gecko) Chrome/137.0.7151.103 Mobile Safari/537.36 (compatible; Googlebot/2.1; +http://www.google.com/bot.html)"
66.249.65.35 - - [13/Jul/2025:16:45:52 +0000] "GET /?x=5582502071800&mod=c4b43ae0&uri=shop.php%3Fid%3D186365-330%26name%3Dinkbird+dual+stage+digital+temperature+controller HTTP/1.1" 200 21439 "-" "Mozilla/5.0 (Linux; Android 6.0.1; Nexus 5X Build/MMB29P) AppleWebKit/537.36 (KHTML, like Gecko) Chrome/137.0.7151.103 Mobile Safari/537.36 (compatible; Googlebot/2.1; +http://www.google.com/bot.html)"
66.249.65.36 - - [13/Jul/2025:16:47:05 +0000] "GET /?x=5575024031800&mod=831b1ac5&uri=pin.php%3Fid%3D186115-331%26name%3Dprada+patent+leather+mules HTTP/1.1" 200 20531 "-" "Mozilla/5.0 (Linux; Android 6.0.1; Nexus 5X Build/MMB29P) AppleWebKit/537.36 (KHTML, like Gecko) Chrome/137.0.7151.103 Mobile Safari/537.36 (compatible; Googlebot/2.1; +http://www.google.com/bot.html)"
66.249.65.37 - - [13/Jul/2025:16:48:04 +0000] "GET /?x=6612835021800&mod=1e056d2b&uri=article.php%3Fid%3D220858-91%26name%3Dhookworm+26 HTTP/1.1" 200 22142 "-" "Mozilla/5.0 (Linux; Android 6.0.1; Nexus 5X Build/MMB29P) AppleWebKit/537.36 (KHTML, like Gecko) Chrome/137.0.7151.103 Mobile Safari/537.36 (compatible; Googlebot/2.1; +http://www.google.com/bot.html)"
66.249.65.36 - - [13/Jul/2025:16:48:10 +0000] "GET /?x=107408504081800&mod=29921001&uri=products.php%3Fid%3D3584576-155%26name%3Dmarshall+stockwell+2019 HTTP/1.1" 200 21951 "-" "Mozilla/5.0 (Linux; Android 6.0.1; Nexus 5X Build/MMB29P) AppleWebKit/537.36 (KHTML, like Gecko) Chrome/137.0.7151.103 Mobile Safari/537.36 (compatible; Googlebot/2.1; +http://www.google.com/bot.html)"
209.74.77.214 - - [13/Jul/2025:16:48:32 +0000] "POST /wp-cron.php?doing_wp_cron=1752425312.4198589324951171875000 HTTP/1.1" 200 - "-" "WordPress/6.8.1; https://kraft-court.cafe"
51.222.253.6 - - [13/Jul/2025:16:48:31 +0000] "GET /?x=90658545051800&mod=193002e6&uri=shop.php%3Fid%3D3025418-126%26name%3Dclassic+channels HTTP/1.1" 301 - "-" "Mozilla/5.0 (compatible; AhrefsBot/7.0; +http://ahrefs.com/robot/)"
66.249.65.35 - - [13/Jul/2025:16:48:44 +0000] "GET /?x=5884535071800&mod=29921001&uri=article.php%3Fid%3D196509-155%26name%3Dpolk+audio+tsx+330t HTTP/1.1" 200 21772 "-" "Mozilla/5.0 (Linux; Android 6.0.1; Nexus 5X Build/MMB29P) AppleWebKit/537.36 (KHTML, like Gecko) Chrome/137.0.7151.103 Mobile Safari/537.36 (compatible; Googlebot/2.1; +http://www.google.com/bot.html)"
66.249.65.35 - - [13/Jul/2025:16:49:23 +0000] "GET /?x=111125371061800&mod=2de7cf20&uri=form.php%3Fid%3D3708604-333%26name%3Dtungsten+rings+with+diamonds HTTP/1.1" 200 20682 "-" "Mozilla/5.0 (Linux; Android 6.0.1; Nexus 5X Build/MMB29P) AppleWebKit/537.36 (KHTML, like Gecko) Chrome/137.0.7151.103 Mobile Safari/537.36 (compatible; Googlebot/2.1; +http://www.google.com/bot.html)"
66.249.65.35 - - [13/Jul/2025:16:50:16 +0000] "POST /get-message-notify HTTP/1.1" 200 21868 "https://kraft-court.cafe/?x=6612835021800&mod=1e056d2b&uri=article.php%3Fid%3D220858-91%26name%3Dhookworm+26" "Mozilla/5.0 (Linux; Android 6.0.1; Nexus 5X Build/MMB29P) AppleWebKit/537.36 (KHTML, like Gecko) Chrome/137.0.7151.119 Mobile Safari/537.36 (compatible; Googlebot/2.1; +http://www.google.com/bot.html)"
66.249.65.35 - - [13/Jul/2025:16:50:30 +0000] "GET /?x=5632734051800&mod=55d99a37&uri=category-info.php%3Fid%3D188073-315%26name%3Dpulsar+solar+uhr HTTP/1.1" 200 21320 "-" "Mozilla/5.0 (Linux; Android 6.0.1; Nexus 5X Build/MMB29P) AppleWebKit/537.36 (KHTML, like Gecko) Chrome/137.0.7151.103 Mobile Safari/537.36 (compatible; Googlebot/2.1; +http://www.google.com/bot.html)"
66.249.65.36 - - [13/Jul/2025:16:51:25 +0000] "GET /?x=5647326061800&mod=55d99a37&uri=shared.php%3Fid%3D188563-315%26name%3Dshepherd+keramik+uhren HTTP/1.1" 200 20752 "-" "Mozilla/5.0 (Linux; Android 6.0.1; Nexus 5X Build/MMB29P) AppleWebKit/537.36 (KHTML, like Gecko) Chrome/137.0.7151.103 Mobile Safari/537.36 (compatible; Googlebot/2.1; +http://www.google.com/bot.html)"
66.249.65.36 - - [13/Jul/2025:16:51:53 +0000] "POST /get-message-notify HTTP/1.1" 200 21871 "https://kraft-court.cafe/?x=5647326061800&mod=55d99a37&uri=shared.php%3Fid%3D188563-315%26name%3Dshepherd+keramik+uhren" "Mozilla/5.0 (Linux; Android 6.0.1; Nexus 5X Build/MMB29P) AppleWebKit/537.36 (KHTML, like Gecko) Chrome/137.0.7151.119 Mobile Safari/537.36 (compatible; Googlebot/2.1; +http://www.google.com/bot.html)"
66.249.65.37 - - [13/Jul/2025:16:52:49 +0000] "GET /?x=5643632051800&mod=55d99a37&uri=goods.php%3Fid%3D188439-315%26name%3Dburberry+watch+herren HTTP/1.1" 200 21533 "-" "Mozilla/5.0 (Linux; Android 6.0.1; Nexus 5X Build/MMB29P) AppleWebKit/537.36 (KHTML, like Gecko) Chrome/137.0.7151.103 Mobile Safari/537.36 (compatible; Googlebot/2.1; +http://www.google.com/bot.html)"
66.249.65.36 - - [13/Jul/2025:16:52:53 +0000] "POST /get-message-notify HTTP/1.1" 200 21870 "https://kraft-court.cafe/?x=5643632051800&mod=55d99a37&uri=goods.php%3Fid%3D188439-315%26name%3Dburberry+watch+herren" "Mozilla/5.0 (Linux; Android 6.0.1; Nexus 5X Build/MMB29P) AppleWebKit/537.36 (KHTML, like Gecko) Chrome/137.0.7151.119 Mobile Safari/537.36 (compatible; Googlebot/2.1; +http://www.google.com/bot.html)"
209.74.77.214 - - [13/Jul/2025:16:52:56 +0000] "POST /wp-cron.php?doing_wp_cron=1752425576.8608050346374511718750 HTTP/1.1" 200 - "-" "WordPress/6.8.1; https://kraft-court.cafe"
51.222.253.14 - - [13/Jul/2025:16:52:55 +0000] "GET /?x=91848862031800&mod=e9798609&uri=brands.php%3Fid%3D3065173-803%26name%3Dcatene+bici+decathlon HTTP/1.1" 301 - "-" "Mozilla/5.0 (compatible; AhrefsBot/7.0; +http://ahrefs.com/robot/)"
66.249.65.36 - - [13/Jul/2025:16:52:54 +0000] "GET /?x=5854937001800&mod=d594b1a9&uri=us.php%3Fid%3D195520-341%26name%3Dvaso+para+nutribullet+precio HTTP/1.1" 200 22179 "-" "Mozilla/5.0 (Linux; Android 6.0.1; Nexus 5X Build/MMB29P) AppleWebKit/537.36 (KHTML, like Gecko) Chrome/137.0.7151.103 Mobile Safari/537.36 (compatible; Googlebot/2.1; +http://www.google.com/bot.html)"
66.249.65.35 - - [13/Jul/2025:16:53:47 +0000] "GET /?x=5824279031800&mod=384babc3&uri=us.php%3Fid%3D194497-339%26name%3Dadidas+shoes+online+lowest+price+64gb HTTP/1.1" 200 21214 "-" "Mozilla/5.0 (Linux; Android 6.0.1; Nexus 5X Build/MMB29P) AppleWebKit/537.36 (KHTML, like Gecko) Chrome/137.0.7151.103 Mobile Safari/537.36 (compatible; Googlebot/2.1; +http://www.google.com/bot.html)"
66.249.65.37 - - [13/Jul/2025:16:54:06 +0000] "GET /?x=5708304051800&mod=2de7cf20&uri=pin.php%3Fid%3D190601-333%26name%3Dpandora+rose+collection HTTP/1.1" 200 22267 "-" "Mozilla/5.0 (Linux; Android 6.0.1; Nexus 5X Build/MMB29P) AppleWebKit/537.36 (KHTML, like Gecko) Chrome/137.0.7151.103 Mobile Safari/537.36 (compatible; Googlebot/2.1; +http://www.google.com/bot.html)"
66.249.65.35 - - [13/Jul/2025:16:54:30 +0000] "GET /?x=47265002011800&mod=ffbd6cbb&uri=shared.php%3Fid%3D1577349-310%26name%3Dacer+v17+nitro+black+edition+960m HTTP/1.1" 200 21663 "-" "Mozilla/5.0 (Linux; Android 6.0.1; Nexus 5X Build/MMB29P) AppleWebKit/537.36 (KHTML, like Gecko) Chrome/137.0.7151.103 Mobile Safari/537.36 (compatible; Googlebot/2.1; +http://www.google.com/bot.html)"
66.249.65.35 - - [13/Jul/2025:16:54:31 +0000] "POST /get-message-notify HTTP/1.1" 200 21867 "https://kraft-court.cafe/?x=5824279031800&mod=384babc3&uri=us.php%3Fid%3D194497-339%26name%3Dadidas+shoes+online+lowest+price+64gb" "Mozilla/5.0 (Linux; Android 6.0.1; Nexus 5X Build/MMB29P) AppleWebKit/537.36 (KHTML, like Gecko) Chrome/137.0.7151.119 Mobile Safari/537.36 (compatible; Googlebot/2.1; +http://www.google.com/bot.html)"
66.249.65.35 - - [13/Jul/2025:16:55:00 +0000] "GET /?x=99301989091800&mod=29921001&uri=brands.php%3Fid%3D3313962-155%26name%3Dbt+sound+bar HTTP/1.1" 200 21819 "-" "Mozilla/5.0 (Linux; Android 6.0.1; Nexus 5X Build/MMB29P) AppleWebKit/537.36 (KHTML, like Gecko) Chrome/137.0.7151.103 Mobile Safari/537.36 (compatible; Googlebot/2.1; +http://www.google.com/bot.html)"
66.249.65.35 - - [13/Jul/2025:16:56:19 +0000] "GET /?x=5776587021800&mod=a8849b05&uri=form.php%3Fid%3D192906-57%26name%3Dsentry+true+wireless+earbuds+bt998 HTTP/1.1" 200 22111 "-" "Mozilla/5.0 (Linux; Android 6.0.1; Nexus 5X Build/MMB29P) AppleWebKit/537.36 (KHTML, like Gecko) Chrome/137.0.7151.103 Mobile Safari/537.36 (compatible; Googlebot/2.1; +http://www.google.com/bot.html)"
66.249.65.35 - - [13/Jul/2025:16:56:24 +0000] "GET /?x=5801048001800&mod=165a59f7&uri=category-info.php%3Fid%3D193722-336%26name%3Dborse+con+fettuccia+ai+ferri+tutorial HTTP/1.1" 200 21107 "-" "Mozilla/5.0 (Linux; Android 6.0.1; Nexus 5X Build/MMB29P) AppleWebKit/537.36 (KHTML, like Gecko) Chrome/137.0.7151.103 Mobile Safari/537.36 (compatible; Googlebot/2.1; +http://www.google.com/bot.html)"
66.249.65.35 - - [13/Jul/2025:16:57:35 +0000] "GET /?x=47556730001800&mod=b7b16ecf&uri=dp.php%3Fid%3D1587080-39%26name%3Dbest+rated+desk+chairs+2021 HTTP/1.1" 200 22064 "-" "Mozilla/5.0 (Linux; Android 6.0.1; Nexus 5X Build/MMB29P) AppleWebKit/537.36 (KHTML, like Gecko) Chrome/137.0.7151.103 Mobile Safari/537.36 (compatible; Googlebot/2.1; +http://www.google.com/bot.html)"
66.249.65.36 - - [13/Jul/2025:16:57:46 +0000] "POST /get-message-notify HTTP/1.1" 200 21871 "https://kraft-court.cafe/?x=47556730001800&mod=b7b16ecf&uri=dp.php%3Fid%3D1587080-39%26name%3Dbest+rated+desk+chairs+2021" "Mozilla/5.0 (Linux; Android 6.0.1; Nexus 5X Build/MMB29P) AppleWebKit/537.36 (KHTML, like Gecko) Chrome/137.0.7151.119 Mobile Safari/537.36 (compatible; Googlebot/2.1; +http://www.google.com/bot.html)"
209.74.77.214 - - [13/Jul/2025:16:57:51 +0000] "POST /wp-cron.php?doing_wp_cron=1752425871.3733410835266113281250 HTTP/1.1" 200 - "-" "WordPress/6.8.1; https://kraft-court.cafe"
51.222.253.13 - - [13/Jul/2025:16:57:50 +0000] "GET /?x=8748563031800&uri=us.php%3Fid%3D292128-447%26name%3Dzeblaze%20thor%204g%20smartwatch HTTP/1.1" 200 1925 "-" "Mozilla/5.0 (compatible; AhrefsBot/7.0; +http://ahrefs.com/robot/)"
66.249.65.37 - - [13/Jul/2025:16:58:02 +0000] "GET /?x=47529730041800&mod=0d2922ee&uri=goods.php%3Fid%3D1586180-1246%26name%3Dgucci+embossed+leather HTTP/1.1" 200 21514 "-" "Mozilla/5.0 (Linux; Android 6.0.1; Nexus 5X Build/MMB29P) AppleWebKit/537.36 (KHTML, like Gecko) Chrome/137.0.7151.103 Mobile Safari/537.36 (compatible; Googlebot/2.1; +http://www.google.com/bot.html)"
66.249.65.36 - - [13/Jul/2025:16:58:10 +0000] "GET /?x=5636517071800&mod=55d99a37&uri=info.php%3Fid%3D188200-315%26name%3Dseiko+alte+uhren HTTP/1.1" 200 21105 "-" "Mozilla/5.0 (Linux; Android 6.0.1; Nexus 5X Build/MMB29P) AppleWebKit/537.36 (KHTML, like Gecko) Chrome/137.0.7151.103 Mobile Safari/537.36 (compatible; Googlebot/2.1; +http://www.google.com/bot.html)"
43.153.102.82 - - [13/Jul/2025:16:58:18 +0000] "POST /xmlrpc.php HTTP/1.1" 200 403 "-" "Mozilla/5.0 (Windows NT 5.1; rv:7.0.1) Gecko/20100101 Firefox/7.0.1"
62.72.46.56 - - [13/Jul/2025:16:58:26 +0000] "POST /xmlrpc.php HTTP/1.1" 200 403 "-" "Mozilla/5.0 (X11; Linux x86_64) AppleWebKit/537.36 (KHTML, like Gecko) Chrome/91.0.4472.114 Safari/537.36"
172.202.248.103 - - [13/Jul/2025:16:58:28 +0000] "POST /xmlrpc.php HTTP/1.1" 200 403 "-" "Mozilla/5.0 (Windows NT 6.1; Win64; x64) AppleWebKit/537.36 (KHTML, like Gecko) Chrome/63.0.3239.132 Safari/537.36"
209.74.77.214 - - [13/Jul/2025:16:58:33 +0000] "POST /wp-cron.php?doing_wp_cron=1752425913.0385470390319824218750 HTTP/1.1" 200 - "-" "WordPress/6.8.1; https://kraft-court.cafe"
103.92.235.5 - - [13/Jul/2025:16:58:32 +0000] "POST /xmlrpc.php HTTP/1.1" 200 403 "-" "Mozilla/5.0 (Windows NT 10.0; Win64; x64; rv:66.0) Gecko/20100101 Firefox/66.0"
52.15.199.151 - - [13/Jul/2025:16:58:38 +0000] "POST /xmlrpc.php HTTP/1.1" 200 403 "-" "Mozilla/5.0 (Windows NT 10.0; Win64; x64) AppleWebKit/537.36 (KHTML, like Gecko) Chrome/60.0.3112.113 Safari/537.36"
209.74.77.214 - - [13/Jul/2025:16:59:00 +0000] "POST /wp-cron.php?doing_wp_cron=1752425940.8947761058807373046875 HTTP/1.1" 200 - "-" "WordPress/6.8.1; https://kraft-court.cafe"
199.188.200.121 - - [13/Jul/2025:16:59:00 +0000] "POST /xmlrpc.php HTTP/1.1" 200 403 "-" "Mozilla/5.0 (Windows NT 10.0; Win64; x64) AppleWebKit/537.36 (KHTML, like Gecko) Chrome/88.0.4324.190 Safari/537.36"
66.23.236.61 - - [13/Jul/2025:16:59:09 +0000] "POST /xmlrpc.php HTTP/1.1" 200 403 "-" "Mozilla/5.0 (Windows NT 10.0; Win64; x64) AppleWebKit/537.36 (KHTML, like Gecko) Chrome/90.0.4430.212 Safari/537.36"
66.249.65.35 - - [13/Jul/2025:16:59:24 +0000] "GET /?x=5850827011800&mod=15c00b52&uri=us.php%3Fid%3D195383-294%26name%3D10000+price+gold+ring HTTP/1.1" 200 21607 "-" "Mozilla/5.0 (Linux; Android 6.0.1; Nexus 5X Build/MMB29P) AppleWebKit/537.36 (KHTML, like Gecko) Chrome/137.0.7151.103 Mobile Safari/537.36 (compatible; Googlebot/2.1; +http://www.google.com/bot.html)"
66.249.65.36 - - [13/Jul/2025:17:00:31 +0000] "GET /?x=59671625001800&mod=41e7637e&uri=itm.php%3Fid%3D1991290-216%26name%3Dboohoo+crochet+top HTTP/1.1" 200 21743 "-" "Mozilla/5.0 (Linux; Android 6.0.1; Nexus 5X Build/MMB29P) AppleWebKit/537.36 (KHTML, like Gecko) Chrome/137.0.7151.103 Mobile Safari/537.36 (compatible; Googlebot/2.1; +http://www.google.com/bot.html)"
66.249.65.36 - - [13/Jul/2025:17:01:07 +0000] "GET /?x=5718585001800&mod=333cb763&uri=article.php%3Fid%3D190957-334%26name%3Dbaal+veer+returns+265 HTTP/1.1" 200 22670 "-" "Mozilla/5.0 (Linux; Android 6.0.1; Nexus 5X Build/MMB29P) AppleWebKit/537.36 (KHTML, like Gecko) Chrome/137.0.7151.103 Mobile Safari/537.36 (compatible; Googlebot/2.1; +http://www.google.com/bot.html)"
66.249.65.35 - - [13/Jul/2025:17:01:30 +0000] "GET /?x=5639760031800&mod=55d99a37&uri=us.php%3Fid%3D188309-315%26name%3Dtitan+vs+edelstahl+uhr HTTP/1.1" 200 21235 "-" "Mozilla/5.0 (Linux; Android 6.0.1; Nexus 5X Build/MMB29P) AppleWebKit/537.36 (KHTML, like Gecko) Chrome/137.0.7151.103 Mobile Safari/537.36 (compatible; Googlebot/2.1; +http://www.google.com/bot.html)"
66.249.65.35 - - [13/Jul/2025:17:02:01 +0000] "GET /?x=5712240011800&mod=2de7cf20&uri=article.php%3Fid%3D190735-333%26name%3Dwife+necklace+argos HTTP/1.1" 200 22342 "-" "Mozilla/5.0 (Linux; Android 6.0.1; Nexus 5X Build/MMB29P) AppleWebKit/537.36 (KHTML, like Gecko) Chrome/137.0.7151.103 Mobile Safari/537.36 (compatible; Googlebot/2.1; +http://www.google.com/bot.html)"
66.249.65.35 - - [13/Jul/2025:17:02:24 +0000] "GET /?x=5768607001800&mod=a8849b05&uri=article.php%3Fid%3D192640-57%26name%3D450bt+sony HTTP/1.1" 200 22247 "-" "Mozilla/5.0 (Linux; Android 6.0.1; Nexus 5X Build/MMB29P) AppleWebKit/537.36 (KHTML, like Gecko) Chrome/137.0.7151.103 Mobile Safari/537.36 (compatible; Googlebot/2.1; +http://www.google.com/bot.html)"
66.249.65.35 - - [13/Jul/2025:17:02:50 +0000] "GET /?x=24802849001800&mod=c4b43ae0&uri=goods.php%3Fid%3D827831-330%26name%3Dfurnace+not+heating+up HTTP/1.1" 200 22476 "-" "Mozilla/5.0 (Linux; Android 6.0.1; Nexus 5X Build/MMB29P) AppleWebKit/537.36 (KHTML, like Gecko) Chrome/137.0.7151.103 Mobile Safari/537.36 (compatible; Googlebot/2.1; +http://www.google.com/bot.html)"
209.74.77.214 - - [13/Jul/2025:17:03:42 +0000] "POST /wp-cron.php?doing_wp_cron=1752426222.7902588844299316406250 HTTP/1.1" 200 - "-" "WordPress/6.8.1; https://kraft-court.cafe"
51.222.253.8 - - [13/Jul/2025:17:03:38 +0000] "GET /?x=86599872001800&uri=us.php%3Fid%3D2889969-542%26name%3Dzara%20home%20edredon%20nordico HTTP/1.1" 200 1925 "-" "Mozilla/5.0 (compatible; AhrefsBot/7.0; +http://ahrefs.com/robot/)"
66.249.65.36 - - [13/Jul/2025:17:03:42 +0000] "POST /get-message-notify HTTP/1.1" 200 21860 "https://kraft-court.cafe/?x=5718585001800&mod=333cb763&uri=article.php%3Fid%3D190957-334%26name%3Dbaal+veer+returns+265" "Mozilla/5.0 (Linux; Android 6.0.1; Nexus 5X Build/MMB29P) AppleWebKit/537.36 (KHTML, like Gecko) Chrome/137.0.7151.119 Mobile Safari/537.36 (compatible; Googlebot/2.1; +http://www.google.com/bot.html)"
66.249.65.35 - - [13/Jul/2025:17:04:07 +0000] "GET /?x=5706303041800&mod=2de7cf20&uri=info.php%3Fid%3D190532-333%26name%3Dmary+kay+jewelry+bracelet HTTP/1.1" 200 21993 "-" "Mozilla/5.0 (Linux; Android 6.0.1; Nexus 5X Build/MMB29P) AppleWebKit/537.36 (KHTML, like Gecko) Chrome/137.0.7151.103 Mobile Safari/537.36 (compatible; Googlebot/2.1; +http://www.google.com/bot.html)"
66.249.65.35 - - [13/Jul/2025:17:05:24 +0000] "GET /?x=5986499041800&mod=e3ea3396&uri=itm.php%3Fid%3D199911-345%26name%3Dmadrinas+elegantes+sin+mantilla HTTP/1.1" 200 20351 "-" "Mozilla/5.0 (Linux; Android 6.0.1; Nexus 5X Build/MMB29P) AppleWebKit/537.36 (KHTML, like Gecko) Chrome/137.0.7151.103 Mobile Safari/537.36 (compatible; Googlebot/2.1; +http://www.google.com/bot.html)"
66.249.65.35 - - [13/Jul/2025:17:05:34 +0000] "GET /?x=77776921051800&mod=333cb763&uri=blog.php%3Fid%3D2595497-334%26name%3Dvivo+ipl+2021+toss+time HTTP/1.1" 200 20259 "-" "Mozilla/5.0 (Linux; Android 6.0.1; Nexus 5X Build/MMB29P) AppleWebKit/537.36 (KHTML, like Gecko) Chrome/137.0.7151.103 Mobile Safari/537.36 (compatible; Googlebot/2.1; +http://www.google.com/bot.html)"
66.249.65.37 - - [13/Jul/2025:17:07:02 +0000] "GET /?x=5576335051800&mod=c4b43ae0&uri=product.php%3Fid%3D186159-330%26name%3Dhoneywell+th6110d1021+focuspro+6000+programmable+thermostat HTTP/1.1" 200 22598 "-" "Mozilla/5.0 (Linux; Android 6.0.1; Nexus 5X Build/MMB29P) AppleWebKit/537.36 (KHTML, like Gecko) Chrome/137.0.7151.103 Mobile Safari/537.36 (compatible; Googlebot/2.1; +http://www.google.com/bot.html)"
66.249.65.36 - - [13/Jul/2025:17:07:45 +0000] "GET /?x=6117815001800&mod=0d0fd7c6&uri=news.php%3Fid%3D204295-40%26name%3Ddewalt+54v+hoover HTTP/1.1" 200 22036 "-" "Mozilla/5.0 (Linux; Android 6.0.1; Nexus 5X Build/MMB29P) AppleWebKit/537.36 (KHTML, like Gecko) Chrome/137.0.7151.103 Mobile Safari/537.36 (compatible; Googlebot/2.1; +http://www.google.com/bot.html)"
66.249.65.35 - - [13/Jul/2025:17:09:00 +0000] "GET /?x=5637327001800&mod=55d99a37&uri=us.php%3Fid%3D188227-315%26name%3Dbvb+uhr+puma HTTP/1.1" 200 21289 "-" "Mozilla/5.0 (Linux; Android 6.0.1; Nexus 5X Build/MMB29P) AppleWebKit/537.36 (KHTML, like Gecko) Chrome/137.0.7151.103 Mobile Safari/537.36 (compatible; Googlebot/2.1; +http://www.google.com/bot.html)"
209.74.77.214 - - [13/Jul/2025:17:09:04 +0000] "POST /wp-cron.php?doing_wp_cron=1752426544.3545680046081542968750 HTTP/1.1" 200 - "-" "WordPress/6.8.1; https://kraft-court.cafe"
51.222.253.16 - - [13/Jul/2025:17:09:02 +0000] "GET /?x=82070327021800&uri=category-info.php%3Fid%3D2738841-1515%26name%3Dpink%20lacoste%20jumper HTTP/1.1" 200 1929 "-" "Mozilla/5.0 (compatible; AhrefsBot/7.0; +http://ahrefs.com/robot/)"
66.249.65.35 - - [13/Jul/2025:17:09:14 +0000] "POST /get-message-notify HTTP/1.1" 200 21871 "https://kraft-court.cafe/?x=5637327001800&mod=55d99a37&uri=us.php%3Fid%3D188227-315%26name%3Dbvb+uhr+puma" "Mozilla/5.0 (Linux; Android 6.0.1; Nexus 5X Build/MMB29P) AppleWebKit/537.36 (KHTML, like Gecko) Chrome/137.0.7151.119 Mobile Safari/537.36 (compatible; Googlebot/2.1; +http://www.google.com/bot.html)"
66.249.65.35 - - [13/Jul/2025:17:09:20 +0000] "GET /?x=110616945081800&mod=2de7cf20&uri=product.php%3Fid%3D3691641-333%26name%3Dquilling+paper+jewellery+set HTTP/1.1" 200 21757 "-" "Mozilla/5.0 (Linux; Android 6.0.1; Nexus 5X Build/MMB29P) AppleWebKit/537.36 (KHTML, like Gecko) Chrome/137.0.7151.103 Mobile Safari/537.36 (compatible; Googlebot/2.1; +http://www.google.com/bot.html)"
66.249.65.35 - - [13/Jul/2025:17:09:21 +0000] "GET /?x=40269200041800&mod=170f22f2&uri=shared.php%3Fid%3D1343970-1146%26name%3Dflipkart+paper+courier+bags HTTP/1.1" 200 22043 "-" "Mozilla/5.0 (Linux; Android 6.0.1; Nexus 5X Build/MMB29P) AppleWebKit/537.36 (KHTML, like Gecko) Chrome/137.0.7151.103 Mobile Safari/537.36 (compatible; Googlebot/2.1; +http://www.google.com/bot.html)"
66.249.65.35 - - [13/Jul/2025:17:09:42 +0000] "GET /?x=5881895091800&mod=29921001&uri=itm.php%3Fid%3D196421-155%26name%3Dcelestion+15i HTTP/1.1" 200 22085 "-" "Mozilla/5.0 (Linux; Android 6.0.1; Nexus 5X Build/MMB29P) AppleWebKit/537.36 (KHTML, like Gecko) Chrome/137.0.7151.103 Mobile Safari/537.36 (compatible; Googlebot/2.1; +http://www.google.com/bot.html)"
66.249.65.35 - - [13/Jul/2025:17:10:03 +0000] "POST /get-message-notify HTTP/1.1" 200 21877 "https://kraft-court.cafe/?x=5881895091800&mod=29921001&uri=itm.php%3Fid%3D196421-155%26name%3Dcelestion+15i" "Mozilla/5.0 (Linux; Android 6.0.1; Nexus 5X Build/MMB29P) AppleWebKit/537.36 (KHTML, like Gecko) Chrome/137.0.7151.119 Mobile Safari/537.36 (compatible; Googlebot/2.1; +http://www.google.com/bot.html)"
66.249.65.35 - - [13/Jul/2025:17:10:17 +0000] "GET /?x=5696877031800&mod=2de7cf20&uri=category-info.php%3Fid%3D190217-333%26name%3Dsterling+silver+wide+band+rings+for+ladies HTTP/1.1" 200 22541 "-" "Mozilla/5.0 (Linux; Android 6.0.1; Nexus 5X Build/MMB29P) AppleWebKit/537.36 (KHTML, like Gecko) Chrome/137.0.7151.103 Mobile Safari/537.36 (compatible; Googlebot/2.1; +http://www.google.com/bot.html)"
66.249.65.37 - - [13/Jul/2025:17:11:28 +0000] "GET /?x=5642636051800&mod=55d99a37&uri=goods.php%3Fid%3D188405-315%26name%3D10+atm+wasserdicht+uhr HTTP/1.1" 200 21395 "-" "Mozilla/5.0 (Linux; Android 6.0.1; Nexus 5X Build/MMB29P) AppleWebKit/537.36 (KHTML, like Gecko) Chrome/137.0.7151.103 Mobile Safari/537.36 (compatible; Googlebot/2.1; +http://www.google.com/bot.html)"
66.249.65.36 - - [13/Jul/2025:17:11:39 +0000] "GET /?x=5791525061800&mod=a8849b05&uri=shop.php%3Fid%3D193404-57%26name%3Dbest+wireless+earbuds+under+%2450+2019 HTTP/1.1" 200 21827 "-" "Mozilla/5.0 (Linux; Android 6.0.1; Nexus 5X Build/MMB29P) AppleWebKit/537.36 (KHTML, like Gecko) Chrome/137.0.7151.103 Mobile Safari/537.36 (compatible; Googlebot/2.1; +http://www.google.com/bot.html)"
66.249.65.35 - - [13/Jul/2025:17:11:55 +0000] "GET /?x=5717179051800&mod=333cb763&uri=pin.php%3Fid%3D190907-334%26name%3Dwatch+new+law+and+order+svu HTTP/1.1" 200 22256 "-" "Mozilla/5.0 (Linux; Android 6.0.1; Nexus 5X Build/MMB29P) AppleWebKit/537.36 (KHTML, like Gecko) Chrome/137.0.7151.103 Mobile Safari/537.36 (compatible; Googlebot/2.1; +http://www.google.com/bot.html)"
66.249.65.35 - - [13/Jul/2025:17:11:59 +0000] "POST /get-message-notify HTTP/1.1" 200 21862 "https://kraft-court.cafe/?x=5717179051800&mod=333cb763&uri=pin.php%3Fid%3D190907-334%26name%3Dwatch+new+law+and+order+svu" "Mozilla/5.0 (Linux; Android 6.0.1; Nexus 5X Build/MMB29P) AppleWebKit/537.36 (KHTML, like Gecko) Chrome/137.0.7151.119 Mobile Safari/537.36 (compatible; Googlebot/2.1; +http://www.google.com/bot.html)"
66.249.65.35 - - [13/Jul/2025:17:12:02 +0000] "GET /?x=6109535121800&mod=0d0fd7c6&uri=product.php%3Fid%3D204019-40%26name%3Dmakita+dlx+set HTTP/1.1" 200 21782 "-" "Mozilla/5.0 (Linux; Android 6.0.1; Nexus 5X Build/MMB29P) AppleWebKit/537.36 (KHTML, like Gecko) Chrome/137.0.7151.103 Mobile Safari/537.36 (compatible; Googlebot/2.1; +http://www.google.com/bot.html)"
66.249.65.35 - - [13/Jul/2025:17:12:13 +0000] "GET /?x=5801768101800&mod=165a59f7&uri=category-info.php%3Fid%3D193746-336%26name%3Dborsone+armani+palestra HTTP/1.1" 200 20874 "-" "Mozilla/5.0 (Linux; Android 6.0.1; Nexus 5X Build/MMB29P) AppleWebKit/537.36 (KHTML, like Gecko) Chrome/137.0.7151.103 Mobile Safari/537.36 (compatible; Googlebot/2.1; +http://www.google.com/bot.html)"
66.249.65.35 - - [13/Jul/2025:17:12:28 +0000] "GET /?x=5644619021800&mod=55d99a37&uri=itm.php%3Fid%3D188472-315%26name%3Dbergmann+uhren+edelstahl HTTP/1.1" 200 20977 "-" "Mozilla/5.0 (Linux; Android 6.0.1; Nexus 5X Build/MMB29P) AppleWebKit/537.36 (KHTML, like Gecko) Chrome/137.0.7151.103 Mobile Safari/537.36 (compatible; Googlebot/2.1; +http://www.google.com/bot.html)"
66.249.65.35 - - [13/Jul/2025:17:12:32 +0000] "POST /get-message-notify HTTP/1.1" 200 21866 "https://kraft-court.cafe/?x=5644619021800&mod=55d99a37&uri=itm.php%3Fid%3D188472-315%26name%3Dbergmann+uhren+edelstahl" "Mozilla/5.0 (Linux; Android 6.0.1; Nexus 5X Build/MMB29P) AppleWebKit/537.36 (KHTML, like Gecko) Chrome/137.0.7151.119 Mobile Safari/537.36 (compatible; Googlebot/2.1; +http://www.google.com/bot.html)"
66.249.65.35 - - [13/Jul/2025:17:13:49 +0000] "GET /?x=119676973061800&mod=cd61a580&uri=itm.php%3Fid%3D3993986-465%26name%3Dnike+team+women%27s+training+duffel+bag HTTP/1.1" 200 22586 "-" "Mozilla/5.0 (Linux; Android 6.0.1; Nexus 5X Build/MMB29P) AppleWebKit/537.36 (KHTML, like Gecko) Chrome/137.0.7151.103 Mobile Safari/537.36 (compatible; Googlebot/2.1; +http://www.google.com/bot.html)"
209.74.77.214 - - [13/Jul/2025:17:14:16 +0000] "POST /wp-cron.php?doing_wp_cron=1752426856.1976840496063232421875 HTTP/1.1" 200 - "-" "WordPress/6.8.1; https://kraft-court.cafe"
51.222.253.20 - - [13/Jul/2025:17:14:15 +0000] "GET /?x=79549790011800&uri=itm.php%3Fid%3D2654680-1424%26name%3Dpale%20pink%20ballet%20flats HTTP/1.1" 200 1926 "-" "Mozilla/5.0 (compatible; AhrefsBot/7.0; +http://ahrefs.com/robot/)"
66.249.65.37 - - [13/Jul/2025:17:14:22 +0000] "GET /?x=115120517011800&mod=4500e403&uri=form.php%3Fid%3D3841991-342%26name%3Dcheap+baby+walkers+ireland HTTP/1.1" 200 21822 "-" "Mozilla/5.0 (Linux; Android 6.0.1; Nexus 5X Build/MMB29P) AppleWebKit/537.36 (KHTML, like Gecko) Chrome/137.0.7151.103 Mobile Safari/537.36 (compatible; Googlebot/2.1; +http://www.google.com/bot.html)"
66.249.65.36 - - [13/Jul/2025:17:15:00 +0000] "GET /?x=5636367051800&mod=55d99a37&uri=blog.php%3Fid%3D188195-315%26name%3Duhr+mit+anker HTTP/1.1" 200 21108 "-" "Mozilla/5.0 (Linux; Android 6.0.1; Nexus 5X Build/MMB29P) AppleWebKit/537.36 (KHTML, like Gecko) Chrome/137.0.7151.103 Mobile Safari/537.36 (compatible; Googlebot/2.1; +http://www.google.com/bot.html)"
66.249.65.36 - - [13/Jul/2025:17:15:41 +0000] "GET /?x=5641890071800&mod=55d99a37&uri=blog.php%3Fid%3D188380-315%26name%3Droyal+spencer+uhr+preis HTTP/1.1" 200 21075 "-" "Mozilla/5.0 (Linux; Android 6.0.1; Nexus 5X Build/MMB29P) AppleWebKit/537.36 (KHTML, like Gecko) Chrome/137.0.7151.103 Mobile Safari/537.36 (compatible; Googlebot/2.1; +http://www.google.com/bot.html)"
66.249.65.35 - - [13/Jul/2025:17:15:46 +0000] "GET /?x=5801648061800&mod=2e2c080d&uri=goods.php%3Fid%3D193742-337%26name%3Djeans+sueltos+con+rotos HTTP/1.1" 200 20786 "-" "Mozilla/5.0 (Linux; Android 6.0.1; Nexus 5X Build/MMB29P) AppleWebKit/537.36 (KHTML, like Gecko) Chrome/137.0.7151.103 Mobile Safari/537.36 (compatible; Googlebot/2.1; +http://www.google.com/bot.html)"
66.249.65.36 - - [13/Jul/2025:17:16:47 +0000] "GET /?x=34718110011800&mod=e3019767&uri=shop.php%3Fid%3D1158771-712%26name%3Dcascos+gaming+hyperx HTTP/1.1" 200 21632 "-" "Mozilla/5.0 (Linux; Android 6.0.1; Nexus 5X Build/MMB29P) AppleWebKit/537.36 (KHTML, like Gecko) Chrome/137.0.7151.103 Mobile Safari/537.36 (compatible; Googlebot/2.1; +http://www.google.com/bot.html)"
66.249.65.36 - - [13/Jul/2025:17:17:05 +0000] "POST /get-message-notify HTTP/1.1" 200 21868 "https://kraft-court.cafe/?x=34718110011800&mod=e3019767&uri=shop.php%3Fid%3D1158771-712%26name%3Dcascos+gaming+hyperx" "Mozilla/5.0 (Linux; Android 6.0.1; Nexus 5X Build/MMB29P) AppleWebKit/537.36 (KHTML, like Gecko) Chrome/137.0.7151.119 Mobile Safari/537.36 (compatible; Googlebot/2.1; +http://www.google.com/bot.html)"
66.249.65.36 - - [13/Jul/2025:17:17:57 +0000] "GET /?x=5853827111800&mod=d594b1a9&uri=dp.php%3Fid%3D195483-341%26name%3Dclinica+de+masajes+terapeuticos+y+deportivos HTTP/1.1" 200 21683 "-" "Mozilla/5.0 (Linux; Android 6.0.1; Nexus 5X Build/MMB29P) AppleWebKit/537.36 (KHTML, like Gecko) Chrome/137.0.7151.103 Mobile Safari/537.36 (compatible; Googlebot/2.1; +http://www.google.com/bot.html)"
66.249.65.37 - - [13/Jul/2025:17:18:04 +0000] "GET /?x=5603375031800&mod=e94fe9ac&uri=search.php%3Fid%3D187069-332%26name%3Ds60+garmin HTTP/1.1" 200 22024 "-" "Mozilla/5.0 (Linux; Android 6.0.1; Nexus 5X Build/MMB29P) AppleWebKit/537.36 (KHTML, like Gecko) Chrome/137.0.7151.103 Mobile Safari/537.36 (compatible; Googlebot/2.1; +http://www.google.com/bot.html)"
66.249.65.36 - - [13/Jul/2025:17:18:13 +0000] "POST /get-message-notify HTTP/1.1" 200 21851 "https://kraft-court.cafe/?x=5603375031800&mod=e94fe9ac&uri=search.php%3Fid%3D187069-332%26name%3Ds60+garmin" "Mozilla/5.0 (Linux; Android 6.0.1; Nexus 5X Build/MMB29P) AppleWebKit/537.36 (KHTML, like Gecko) Chrome/137.0.7151.119 Mobile Safari/537.36 (compatible; Googlebot/2.1; +http://www.google.com/bot.html)"
66.249.65.35 - - [13/Jul/2025:17:18:28 +0000] "GET /?x=5702577031800&mod=2de7cf20&uri=blog.php%3Fid%3D190407-333%26name%3Dpersonalized+gold+bar+necklace HTTP/1.1" 200 22197 "-" "Mozilla/5.0 (Linux; Android 6.0.1; Nexus 5X Build/MMB29P) AppleWebKit/537.36 (KHTML, like Gecko) Chrome/137.0.7151.103 Mobile Safari/537.36 (compatible; Googlebot/2.1; +http://www.google.com/bot.html)"
66.249.65.36 - - [13/Jul/2025:17:19:19 +0000] "GET /?x=5728434141800&mod=333cb763&uri=blog.php%3Fid%3D191297-334%26name%3Ddailymotion+barrister+babu HTTP/1.1" 200 21505 "-" "Mozilla/5.0 (Linux; Android 6.0.1; Nexus 5X Build/MMB29P) AppleWebKit/537.36 (KHTML, like Gecko) Chrome/137.0.7151.103 Mobile Safari/537.36 (compatible; Googlebot/2.1; +http://www.google.com/bot.html)"
66.249.65.36 - - [13/Jul/2025:17:19:28 +0000] "GET /?x=5621445041800&mod=e94fe9ac&uri=info.php%3Fid%3D187693-332%26name%3Dsambalpuri+2021+dj HTTP/1.1" 200 21585 "-" "Mozilla/5.0 (Linux; Android 6.0.1; Nexus 5X Build/MMB29P) AppleWebKit/537.36 (KHTML, like Gecko) Chrome/137.0.7151.103 Mobile Safari/537.36 (compatible; Googlebot/2.1; +http://www.google.com/bot.html)"
66.249.65.35 - - [13/Jul/2025:17:19:38 +0000] "GET /?x=70265006011800&mod=561e7e7d&uri=news.php%3Fid%3D2344815-1090%26name%3Dnike+sportswear+heritage+femme HTTP/1.1" 200 21616 "-" "Mozilla/5.0 (Linux; Android 6.0.1; Nexus 5X Build/MMB29P) AppleWebKit/537.36 (KHTML, like Gecko) Chrome/137.0.7151.103 Mobile Safari/537.36 (compatible; Googlebot/2.1; +http://www.google.com/bot.html)"
209.74.77.214 - - [13/Jul/2025:17:19:46 +0000] "POST /wp-cron.php?doing_wp_cron=1752427186.3613929748535156250000 HTTP/1.1" 200 - "-" "WordPress/6.8.1; https://kraft-court.cafe"
51.222.253.13 - - [13/Jul/2025:17:19:45 +0000] "GET /?x=79190363031800&uri=info.php%3Fid%3D2642681-1498%26name%3Dchevy%20silverado%20rst%20price HTTP/1.1" 200 1926 "-" "Mozilla/5.0 (compatible; AhrefsBot/7.0; +http://ahrefs.com/robot/)"
66.249.65.36 - - [13/Jul/2025:17:21:13 +0000] "GET /?x=47519465011800&mod=0d2922ee&uri=blog.php%3Fid%3D1585837-1246%26name%3Dhelly+hansen+men%27s+blizzard+insulated+pants HTTP/1.1" 200 21419 "-" "Mozilla/5.0 (Linux; Android 6.0.1; Nexus 5X Build/MMB29P) AppleWebKit/537.36 (KHTML, like Gecko) Chrome/137.0.7151.103 Mobile Safari/537.36 (compatible; Googlebot/2.1; +http://www.google.com/bot.html)"
66.249.65.36 - - [13/Jul/2025:17:21:26 +0000] "GET /?x=5702277051800&mod=2de7cf20&uri=pin.php%3Fid%3D190397-333%26name%3Dgold+valley+eastdale+mall HTTP/1.1" 200 21874 "-" "Mozilla/5.0 (Linux; Android 6.0.1; Nexus 5X Build/MMB29P) AppleWebKit/537.36 (KHTML, like Gecko) Chrome/137.0.7151.103 Mobile Safari/537.36 (compatible; Googlebot/2.1; +http://www.google.com/bot.html)"
66.249.65.35 - - [13/Jul/2025:17:21:47 +0000] "GET /?x=13324112081800&mod=9854d7af&uri=blog.php%3Fid%3D444858-387%26name%3Dlose+weight+with+rope+jumping HTTP/1.1" 200 22165 "-" "Mozilla/5.0 (Linux; Android 6.0.1; Nexus 5X Build/MMB29P) AppleWebKit/537.36 (KHTML, like Gecko) Chrome/137.0.7151.103 Mobile Safari/537.36 (compatible; Googlebot/2.1; +http://www.google.com/bot.html)"
66.249.65.36 - - [13/Jul/2025:17:22:22 +0000] "GET /?x=5897424021800&mod=29921001&uri=article.php%3Fid%3D196939-155%26name%3Dlatest+stereo+systems+for+a+can+am+spyder HTTP/1.1" 200 22431 "-" "Mozilla/5.0 (Linux; Android 6.0.1; Nexus 5X Build/MMB29P) AppleWebKit/537.36 (KHTML, like Gecko) Chrome/137.0.7151.103 Mobile Safari/537.36 (compatible; Googlebot/2.1; +http://www.google.com/bot.html)"
66.249.65.36 - - [13/Jul/2025:17:22:30 +0000] "GET /?x=5722546051800&mod=333cb763&uri=shop.php%3Fid%3D191093-334%26name%3Dfillers+de+bleach HTTP/1.1" 200 21911 "-" "Mozilla/5.0 (Linux; Android 6.0.1; Nexus 5X Build/MMB29P) AppleWebKit/537.36 (KHTML, like Gecko) Chrome/137.0.7151.103 Mobile Safari/537.36 (compatible; Googlebot/2.1; +http://www.google.com/bot.html)"
66.249.65.36 - - [13/Jul/2025:17:23:17 +0000] "GET /?x=119775102051800&mod=cc099134&uri=us.php%3Fid%3D3997259-242%26name%3Dbreville+bes870+harvey+norman HTTP/1.1" 200 22308 "-" "Mozilla/5.0 (Linux; Android 6.0.1; Nexus 5X Build/MMB29P) AppleWebKit/537.36 (KHTML, like Gecko) Chrome/137.0.7151.103 Mobile Safari/537.36 (compatible; Googlebot/2.1; +http://www.google.com/bot.html)"
66.249.65.36 - - [13/Jul/2025:17:23:21 +0000] "POST /get-message-notify HTTP/1.1" 200 21880 "https://kraft-court.cafe/?x=119775102051800&mod=cc099134&uri=us.php%3Fid%3D3997259-242%26name%3Dbreville+bes870+harvey+norman" "Mozilla/5.0 (Linux; Android 6.0.1; Nexus 5X Build/MMB29P) AppleWebKit/537.36 (KHTML, like Gecko) Chrome/137.0.7151.119 Mobile Safari/537.36 (compatible; Googlebot/2.1; +http://www.google.com/bot.html)"
66.249.65.37 - - [13/Jul/2025:17:24:45 +0000] "GET /?x=5801708031800&mod=165a59f7&uri=products.php%3Fid%3D193744-336%26name%3Dmanici+per+borse+in+fettuccia HTTP/1.1" 200 21560 "-" "Mozilla/5.0 (Linux; Android 6.0.1; Nexus 5X Build/MMB29P) AppleWebKit/537.36 (KHTML, like Gecko) Chrome/137.0.7151.103 Mobile Safari/537.36 (compatible; Googlebot/2.1; +http://www.google.com/bot.html)"
209.74.77.214 - - [13/Jul/2025:17:24:51 +0000] "POST /wp-cron.php?doing_wp_cron=1752427491.6326169967651367187500 HTTP/1.1" 200 - "-" "WordPress/6.8.1; https://kraft-court.cafe"
51.222.253.3 - - [13/Jul/2025:17:24:50 +0000] "GET /?x=79107895071800&uri=category-info.php%3Fid%3D2639930-97%26name%3Dwomens%20leather%20weekender%20bag HTTP/1.1" 200 1933 "-" "Mozilla/5.0 (compatible; AhrefsBot/7.0; +http://ahrefs.com/robot/)"
66.249.65.36 - - [13/Jul/2025:17:24:59 +0000] "GET /?x=54182963041800&mod=ffbd6cbb&uri=us.php%3Fid%3D1808136-310%26name%3Dfallout+76+gtx+1070 HTTP/1.1" 200 21622 "-" "Mozilla/5.0 (Linux; Android 6.0.1; Nexus 5X Build/MMB29P) AppleWebKit/537.36 (KHTML, like Gecko) Chrome/137.0.7151.103 Mobile Safari/537.36 (compatible; Googlebot/2.1; +http://www.google.com/bot.html)"
66.249.65.35 - - [13/Jul/2025:17:25:03 +0000] "POST /get-message-notify HTTP/1.1" 200 21862 "https://kraft-court.cafe/?x=5801708031800&mod=165a59f7&uri=products.php%3Fid%3D193744-336%26name%3Dmanici+per+borse+in+fettuccia" "Mozilla/5.0 (Linux; Android 6.0.1; Nexus 5X Build/MMB29P) AppleWebKit/537.36 (KHTML, like Gecko) Chrome/137.0.7151.119 Mobile Safari/537.36 (compatible; Googlebot/2.1; +http://www.google.com/bot.html)"
66.249.65.35 - - [13/Jul/2025:17:25:46 +0000] "GET /?x=34810906031800&mod=3e524bf7&uri=news.php%3Fid%3D1161868-362%26name%3Dpetite+cotton+capris HTTP/1.1" 200 22735 "-" "Mozilla/5.0 (Linux; Android 6.0.1; Nexus 5X Build/MMB29P) AppleWebKit/537.36 (KHTML, like Gecko) Chrome/137.0.7151.103 Mobile Safari/537.36 (compatible; Googlebot/2.1; +http://www.google.com/bot.html)"
66.249.65.35 - - [13/Jul/2025:17:25:47 +0000] "GET /?x=47270072021800&mod=ffbd6cbb&uri=shared.php%3Fid%3D1577518-310%26name%3Drx+570+mac HTTP/1.1" 200 22288 "-" "Mozilla/5.0 (Linux; Android 6.0.1; Nexus 5X Build/MMB29P) AppleWebKit/537.36 (KHTML, like Gecko) Chrome/137.0.7151.103 Mobile Safari/537.36 (compatible; Googlebot/2.1; +http://www.google.com/bot.html)"
66.249.65.36 - - [13/Jul/2025:17:27:25 +0000] "GET /?x=5740033051800&mod=97108695&uri=info.php%3Fid%3D191687-335%26name%3Dhdmi+earc+cable+for+soundbar HTTP/1.1" 200 22260 "-" "Mozilla/5.0 (Linux; Android 6.0.1; Nexus 5X Build/MMB29P) AppleWebKit/537.36 (KHTML, like Gecko) Chrome/137.0.7151.103 Mobile Safari/537.36 (compatible; Googlebot/2.1; +http://www.google.com/bot.html)"
66.249.65.35 - - [13/Jul/2025:17:27:29 +0000] "POST /get-message-notify HTTP/1.1" 200 21858 "https://kraft-court.cafe/?x=5740033051800&mod=97108695&uri=info.php%3Fid%3D191687-335%26name%3Dhdmi+earc+cable+for+soundbar" "Mozilla/5.0 (Linux; Android 6.0.1; Nexus 5X Build/MMB29P) AppleWebKit/537.36 (KHTML, like Gecko) Chrome/137.0.7151.119 Mobile Safari/537.36 (compatible; Googlebot/2.1; +http://www.google.com/bot.html)"
209.74.77.214 - - [13/Jul/2025:17:30:08 +0000] "POST /wp-cron.php?doing_wp_cron=1752427808.5993850231170654296875 HTTP/1.1" 200 - "-" "WordPress/6.8.1; https://kraft-court.cafe"
51.222.253.16 - - [13/Jul/2025:17:30:06 +0000] "GET /?x=78172432091800&uri=blog.php%3Fid%3D2608702-665%26name%3Dretro%2011%20pink HTTP/1.1" 200 1918 "-" "Mozilla/5.0 (compatible; AhrefsBot/7.0; +http://ahrefs.com/robot/)"
66.249.65.35 - - [13/Jul/2025:17:30:18 +0000] "GET /?x=34819906001800&mod=91394d0f&uri=product.php%3Fid%3D1162168-739%26name%3Dbrad+pitt+sunglasses+2016 HTTP/1.1" 200 21654 "-" "Mozilla/5.0 (Linux; Android 6.0.1; Nexus 5X Build/MMB29P) AppleWebKit/537.36 (KHTML, like Gecko) Chrome/137.0.7151.103 Mobile Safari/537.36 (compatible; Googlebot/2.1; +http://www.google.com/bot.html)"
66.249.65.35 - - [13/Jul/2025:17:30:44 +0000] "GET /?x=39994274001800&mod=a8849b05&uri=article.php%3Fid%3D1334802-57%26name%3Dcheap+headset+with+noise+cancelling+mic HTTP/1.1" 200 21894 "-" "Mozilla/5.0 (Linux; Android 6.0.1; Nexus 5X Build/MMB29P) AppleWebKit/537.36 (KHTML, like Gecko) Chrome/137.0.7151.103 Mobile Safari/537.36 (compatible; Googlebot/2.1; +http://www.google.com/bot.html)"
66.249.65.37 - - [13/Jul/2025:17:31:38 +0000] "POST /get-message-notify HTTP/1.1" 200 21863 "https://kraft-court.cafe/?x=39994274001800&mod=a8849b05&uri=article.php%3Fid%3D1334802-57%26name%3Dcheap+headset+with+noise+cancelling+mic" "Mozilla/5.0 (Linux; Android 6.0.1; Nexus 5X Build/MMB29P) AppleWebKit/537.36 (KHTML, like Gecko) Chrome/137.0.7151.119 Mobile Safari/537.36 (compatible; Googlebot/2.1; +http://www.google.com/bot.html)"
209.74.77.214 - - [13/Jul/2025:17:34:53 +0000] "POST /wp-cron.php?doing_wp_cron=1752428093.0333390235900878906250 HTTP/1.1" 200 - "-" "WordPress/6.8.1; https://kraft-court.cafe"
51.222.253.14 - - [13/Jul/2025:17:34:50 +0000] "GET /?x=75073069041800&uri=shop.php%3Fid%3D2505236-736%26name%3Dkalenji%20kiprun%20fast%20men%27s%20running%20shoes HTTP/1.1" 200 1937 "-" "Mozilla/5.0 (compatible; AhrefsBot/7.0; +http://ahrefs.com/robot/)"
66.249.65.35 - - [13/Jul/2025:17:34:55 +0000] "GET /?x=47523095001800&mod=0d2922ee&uri=dp.php%3Fid%3D1585958-1246%26name%3Dmango+faux+leather+dress HTTP/1.1" 200 22295 "-" "Mozilla/5.0 (Linux; Android 6.0.1; Nexus 5X Build/MMB29P) AppleWebKit/537.36 (KHTML, like Gecko) Chrome/137.0.7151.103 Mobile Safari/537.36 (compatible; Googlebot/2.1; +http://www.google.com/bot.html)"
66.249.65.36 - - [13/Jul/2025:17:35:10 +0000] "GET /?x=5744315141800&mod=333cb763&uri=goods.php%3Fid%3D191830-334%26name%3Dbigg+boss+23+january+2021 HTTP/1.1" 200 22082 "-" "Mozilla/5.0 (Linux; Android 6.0.1; Nexus 5X Build/MMB29P) AppleWebKit/537.36 (KHTML, like Gecko) Chrome/137.0.7151.103 Mobile Safari/537.36 (compatible; Googlebot/2.1; +http://www.google.com/bot.html)"
66.249.65.35 - - [13/Jul/2025:17:35:18 +0000] "GET /?x=34600639051800&mod=c64e7fcb&uri=article.php%3Fid%3D1154852-1080%26name%3Dpurple+high+top+converse+shoes HTTP/1.1" 200 20619 "-" "Mozilla/5.0 (Linux; Android 6.0.1; Nexus 5X Build/MMB29P) AppleWebKit/537.36 (KHTML, like Gecko) Chrome/137.0.7151.103 Mobile Safari/537.36 (compatible; Googlebot/2.1; +http://www.google.com/bot.html)"
66.249.65.35 - - [13/Jul/2025:17:35:26 +0000] "GET /?x=5805908001800&mod=165a59f7&uri=goods.php%3Fid%3D193884-336%26name%3Dborse+grandi+uncinetto HTTP/1.1" 200 21183 "-" "Mozilla/5.0 (Linux; Android 6.0.1; Nexus 5X Build/MMB29P) AppleWebKit/537.36 (KHTML, like Gecko) Chrome/137.0.7151.103 Mobile Safari/537.36 (compatible; Googlebot/2.1; +http://www.google.com/bot.html)"
66.249.65.35 - - [13/Jul/2025:17:35:28 +0000] "POST /get-message-notify HTTP/1.1" 200 21854 "https://kraft-court.cafe/?x=5744315141800&mod=333cb763&uri=goods.php%3Fid%3D191830-334%26name%3Dbigg+boss+23+january+2021" "Mozilla/5.0 (Linux; Android 6.0.1; Nexus 5X Build/MMB29P) AppleWebKit/537.36 (KHTML, like Gecko) Chrome/137.0.7151.119 Mobile Safari/537.36 (compatible; Googlebot/2.1; +http://www.google.com/bot.html)"
66.249.65.35 - - [13/Jul/2025:17:35:28 +0000] "POST /get-message-notify HTTP/1.1" 200 21864 "https://kraft-court.cafe/?x=5805908001800&mod=165a59f7&uri=goods.php%3Fid%3D193884-336%26name%3Dborse+grandi+uncinetto" "Mozilla/5.0 (Linux; Android 6.0.1; Nexus 5X Build/MMB29P) AppleWebKit/537.36 (KHTML, like Gecko) Chrome/137.0.7151.119 Mobile Safari/537.36 (compatible; Googlebot/2.1; +http://www.google.com/bot.html)"
66.249.65.35 - - [13/Jul/2025:17:35:38 +0000] "GET /?x=6873534041800&mod=50dd7100&uri=form.php%3Fid%3D229556-385%26name%3D2019+golfers+to+watch HTTP/1.1" 200 22357 "-" "Mozilla/5.0 (Linux; Android 6.0.1; Nexus 5X Build/MMB29P) AppleWebKit/537.36 (KHTML, like Gecko) Chrome/137.0.7151.103 Mobile Safari/537.36 (compatible; Googlebot/2.1; +http://www.google.com/bot.html)"
66.249.65.35 - - [13/Jul/2025:17:35:41 +0000] "GET /?x=6873414001800&mod=70162fe6&uri=shop.php%3Fid%3D229552-386%26name%3Dold+fashioned+golf+hat HTTP/1.1" 200 22078 "-" "Mozilla/5.0 (Linux; Android 6.0.1; Nexus 5X Build/MMB29P) AppleWebKit/537.36 (KHTML, like Gecko) Chrome/137.0.7151.103 Mobile Safari/537.36 (compatible; Googlebot/2.1; +http://www.google.com/bot.html)"
66.249.65.35 - - [13/Jul/2025:17:35:44 +0000] "GET /?x=6873354061800&mod=50dd7100&uri=shared.php%3Fid%3D229550-385%26name%3Damazfit+vs+mi+band HTTP/1.1" 200 21353 "-" "Mozilla/5.0 (Linux; Android 6.0.1; Nexus 5X Build/MMB29P) AppleWebKit/537.36 (KHTML, like Gecko) Chrome/137.0.7151.103 Mobile Safari/537.36 (compatible; Googlebot/2.1; +http://www.google.com/bot.html)"
66.249.65.35 - - [13/Jul/2025:17:35:45 +0000] "GET /?x=111286633111800&mod=5c376f6d&uri=category-info.php%3Fid%3D3714003-863%26name%3Dpiede+danza+classica HTTP/1.1" 200 21766 "-" "Mozilla/5.0 (Linux; Android 6.0.1; Nexus 5X Build/MMB29P) AppleWebKit/537.36 (KHTML, like Gecko) Chrome/137.0.7151.103 Mobile Safari/537.36 (compatible; Googlebot/2.1; +http://www.google.com/bot.html)"
66.249.65.35 - - [13/Jul/2025:17:35:50 +0000] "GET /?x=111297414031800&mod=3e5190ee&uri=pin.php%3Fid%3D3714363-797%26name%3Dwide+leg+tracksuit+pants HTTP/1.1" 200 22448 "-" "Mozilla/5.0 (Linux; Android 6.0.1; Nexus 5X Build/MMB29P) AppleWebKit/537.36 (KHTML, like Gecko) Chrome/137.0.7151.103 Mobile Safari/537.36 (compatible; Googlebot/2.1; +http://www.google.com/bot.html)"
66.249.65.35 - - [13/Jul/2025:17:35:51 +0000] "GET /?x=111288433111800&mod=790ed1be&uri=goods.php%3Fid%3D3714063-1442%26name%3Drolex+rivenditori HTTP/1.1" 200 21495 "-" "Mozilla/5.0 (Linux; Android 6.0.1; Nexus 5X Build/MMB29P) AppleWebKit/537.36 (KHTML, like Gecko) Chrome/137.0.7151.103 Mobile Safari/537.36 (compatible; Googlebot/2.1; +http://www.google.com/bot.html)"
66.249.65.35 - - [13/Jul/2025:17:35:52 +0000] "GET /?x=111287533011800&mod=790ed1be&uri=blog.php%3Fid%3D3714033-1442%26name%3Dorologi+swatch+2019 HTTP/1.1" 200 21972 "-" "Mozilla/5.0 (Linux; Android 6.0.1; Nexus 5X Build/MMB29P) AppleWebKit/537.36 (KHTML, like Gecko) Chrome/137.0.7151.103 Mobile Safari/537.36 (compatible; Googlebot/2.1; +http://www.google.com/bot.html)"
66.249.65.35 - - [13/Jul/2025:17:35:53 +0000] "GET /?x=111281833011800&mod=790ed1be&uri=category-info.php%3Fid%3D3713843-1442%26name%3Dorologio+diamanti HTTP/1.1" 200 22104 "-" "Mozilla/5.0 (Linux; Android 6.0.1; Nexus 5X Build/MMB29P) AppleWebKit/537.36 (KHTML, like Gecko) Chrome/137.0.7151.103 Mobile Safari/537.36 (compatible; Googlebot/2.1; +http://www.google.com/bot.html)"
66.249.65.35 - - [13/Jul/2025:17:35:55 +0000] "POST /get-message-notify HTTP/1.1" 200 21863 "https://kraft-court.cafe/?x=6873354061800&mod=50dd7100&uri=shared.php%3Fid%3D229550-385%26name%3Damazfit+vs+mi+band" "Mozilla/5.0 (Linux; Android 6.0.1; Nexus 5X Build/MMB29P) AppleWebKit/537.36 (KHTML, like Gecko) Chrome/137.0.7151.119 Mobile Safari/537.36 (compatible; Googlebot/2.1; +http://www.google.com/bot.html)"
66.249.65.35 - - [13/Jul/2025:17:35:56 +0000] "GET /?x=111135511061800&mod=a6db4ed0&uri=category-info.php%3Fid%3D3708942-287%26name%3Dcamera+swivel+mount HTTP/1.1" 200 22061 "-" "Mozilla/5.0 (Linux; Android 6.0.1; Nexus 5X Build/MMB29P) AppleWebKit/537.36 (KHTML, like Gecko) Chrome/137.0.7151.103 Mobile Safari/537.36 (compatible; Googlebot/2.1; +http://www.google.com/bot.html)"
66.249.65.35 - - [13/Jul/2025:17:35:58 +0000] "GET /?x=111295033011800&mod=790ed1be&uri=shared.php%3Fid%3D3714283-1442%26name%3Dpryngeps+orologio HTTP/1.1" 200 21612 "-" "Mozilla/5.0 (Linux; Android 6.0.1; Nexus 5X Build/MMB29P) AppleWebKit/537.36 (KHTML, like Gecko) Chrome/137.0.7151.103 Mobile Safari/537.36 (compatible; Googlebot/2.1; +http://www.google.com/bot.html)"
66.249.65.37 - - [13/Jul/2025:17:36:00 +0000] "GET /?x=111289933011800&mod=790ed1be&uri=shared.php%3Fid%3D3714113-1442%26name%3Dpatek+philippe+pi%C3%83%C2%B9+costoso HTTP/1.1" 200 22140 "-" "Mozilla/5.0 (Linux; Android 6.0.1; Nexus 5X Build/MMB29P) AppleWebKit/537.36 (KHTML, like Gecko) Chrome/137.0.7151.103 Mobile Safari/537.36 (compatible; Googlebot/2.1; +http://www.google.com/bot.html)"
66.249.65.36 - - [13/Jul/2025:17:36:03 +0000] "GET /?x=111280333011800&mod=5c376f6d&uri=brands.php%3Fid%3D3713793-863%26name%3Dtaglie+scarpe+americane+donne HTTP/1.1" 200 21534 "-" "Mozilla/5.0 (Linux; Android 6.0.1; Nexus 5X Build/MMB29P) AppleWebKit/537.36 (KHTML, like Gecko) Chrome/137.0.7151.103 Mobile Safari/537.36 (compatible; Googlebot/2.1; +http://www.google.com/bot.html)"
66.249.65.35 - - [13/Jul/2025:17:36:05 +0000] "GET /?x=111279733031800&mod=5c376f6d&uri=category-info.php%3Fid%3D3713773-863%26name%3Dpiumini+adidas+donna HTTP/1.1" 200 22214 "-" "Mozilla/5.0 (Linux; Android 6.0.1; Nexus 5X Build/MMB29P) AppleWebKit/537.36 (KHTML, like Gecko) Chrome/137.0.7151.103 Mobile Safari/537.36 (compatible; Googlebot/2.1; +http://www.google.com/bot.html)"
66.249.65.36 - - [13/Jul/2025:17:36:07 +0000] "GET /?x=111296833011800&mod=790ed1be&uri=product.php%3Fid%3D3714343-1442%26name%3Dorologi+in+legno+da+polso HTTP/1.1" 200 21476 "-" "Mozilla/5.0 (Linux; Android 6.0.1; Nexus 5X Build/MMB29P) AppleWebKit/537.36 (KHTML, like Gecko) Chrome/137.0.7151.103 Mobile Safari/537.36 (compatible; Googlebot/2.1; +http://www.google.com/bot.html)"
66.249.65.35 - - [13/Jul/2025:17:36:09 +0000] "POST /get-message-notify HTTP/1.1" 200 21859 "https://kraft-court.cafe/?x=6873414001800&mod=70162fe6&uri=shop.php%3Fid%3D229552-386%26name%3Dold+fashioned+golf+hat" "Mozilla/5.0 (Linux; Android 6.0.1; Nexus 5X Build/MMB29P) AppleWebKit/537.36 (KHTML, like Gecko) Chrome/137.0.7151.119 Mobile Safari/537.36 (compatible; Googlebot/2.1; +http://www.google.com/bot.html)"
66.249.65.35 - - [13/Jul/2025:17:36:10 +0000] "GET /?x=111129991061800&mod=a6db4ed0&uri=blog.php%3Fid%3D3708758-287%26name%3Damazon+dji+ronin+s HTTP/1.1" 200 22285 "-" "Mozilla/5.0 (Linux; Android 6.0.1; Nexus 5X Build/MMB29P) AppleWebKit/537.36 (KHTML, like Gecko) Chrome/137.0.7151.103 Mobile Safari/537.36 (compatible; Googlebot/2.1; +http://www.google.com/bot.html)"
66.249.65.35 - - [13/Jul/2025:17:36:12 +0000] "GET /?x=111280033011800&mod=5c376f6d&uri=products.php%3Fid%3D3713783-863%26name%3Darmata+di+mare+mutande HTTP/1.1" 200 22046 "-" "Mozilla/5.0 (Linux; Android 6.0.1; Nexus 5X Build/MMB29P) AppleWebKit/537.36 (KHTML, like Gecko) Chrome/137.0.7151.103 Mobile Safari/537.36 (compatible; Googlebot/2.1; +http://www.google.com/bot.html)"
66.249.65.35 - - [13/Jul/2025:17:36:17 +0000] "GET /?x=111300114051800&mod=5c376f6d&uri=form.php%3Fid%3D3714453-863%26name%3Dovs+mutande+uomo HTTP/1.1" 200 21783 "-" "Mozilla/5.0 (Linux; Android 6.0.1; Nexus 5X Build/MMB29P) AppleWebKit/537.36 (KHTML, like Gecko) Chrome/137.0.7151.103 Mobile Safari/537.36 (compatible; Googlebot/2.1; +http://www.google.com/bot.html)"
66.249.65.35 - - [13/Jul/2025:17:36:15 +0000] "GET /?x=111297114011800&mod=3e5190ee&uri=category-info.php%3Fid%3D3714353-797%26name%3Dblack+wax+coated+skinny+jeans HTTP/1.1" 200 22907 "-" "Mozilla/5.0 (Linux; Android 6.0.1; Nexus 5X Build/MMB29P) AppleWebKit/537.36 (KHTML, like Gecko) Chrome/137.0.7151.103 Mobile Safari/537.36 (compatible; Googlebot/2.1; +http://www.google.com/bot.html)"
66.249.65.35 - - [13/Jul/2025:17:36:21 +0000] "GET /?x=111289333051800&mod=790ed1be&uri=news.php%3Fid%3D3714093-1442%26name%3Dvendita+orologi+usati HTTP/1.1" 200 21455 "-" "Mozilla/5.0 (Linux; Android 6.0.1; Nexus 5X Build/MMB29P) AppleWebKit/537.36 (KHTML, like Gecko) Chrome/137.0.7151.103 Mobile Safari/537.36 (compatible; Googlebot/2.1; +http://www.google.com/bot.html)"
