66.249.65.36 - - [13/Jul/2025:21:02:32 +0000] "GET /?x=6432506031800&mod=cd3afef9&uri=us.php%3Fid%3D214846-220%26name%3Driverdale+jacket+amazon HTTP/1.1" 200 21916 "-" "Mozilla/5.0 (Linux; Android 6.0.1; Nexus 5X Build/MMB29P) AppleWebKit/537.36 (KHTML, like Gecko) Chrome/137.0.7151.103 Mobile Safari/537.36 (compatible; Googlebot/2.1; +http://www.google.com/bot.html)"
66.249.65.35 - - [13/Jul/2025:21:04:55 +0000] "GET /?x=5719684061800&mod=333cb763&uri=news.php%3Fid%3D190995-334%26name%3Dbigg+boss+14+4th+nov+2021 HTTP/1.1" 200 21745 "-" "Mozilla/5.0 (Linux; Android 6.0.1; Nexus 5X Build/MMB29P) AppleWebKit/537.36 (KHTML, like Gecko) Chrome/137.0.7151.103 Mobile Safari/537.36 (compatible; Googlebot/2.1; +http://www.google.com/bot.html)"
209.74.77.214 - - [13/Jul/2025:21:07:56 +0000] "POST /wp-cron.php?doing_wp_cron=1752440876.4917271137237548828125 HTTP/1.1" 200 - "-" "WordPress/6.8.1; https://kraft-court.cafe"
51.222.253.20 - - [13/Jul/2025:21:07:55 +0000] "GET /?x=108386010001800&mod=2307ac1c&uri=shop.php%3Fid%3D3617193-1031%26name%3Dnike+air+force+pixel+white+orange HTTP/1.1" 301 - "-" "Mozilla/5.0 (compatible; AhrefsBot/7.0; +http://ahrefs.com/robot/)"
66.249.65.35 - - [13/Jul/2025:21:07:57 +0000] "GET /?x=5692920031800&mod=2de7cf20&uri=dp.php%3Fid%3D190085-333%26name%3Don+which+hand+to+wear+an+engagement+ring HTTP/1.1" 200 21818 "-" "Mozilla/5.0 (Linux; Android 6.0.1; Nexus 5X Build/MMB29P) AppleWebKit/537.36 (KHTML, like Gecko) Chrome/137.0.7151.103 Mobile Safari/537.36 (compatible; Googlebot/2.1; +http://www.google.com/bot.html)"
66.249.65.36 - - [13/Jul/2025:21:10:15 +0000] "GET /?x=5689440121800&mod=2de7cf20&uri=news.php%3Fid%3D189969-333%26name%3Dmickey+mouse+necklace+kay+jewelers HTTP/1.1" 200 21746 "-" "Mozilla/5.0 (Linux; Android 6.0.1; Nexus 5X Build/MMB29P) AppleWebKit/537.36 (KHTML, like Gecko) Chrome/137.0.7151.103 Mobile Safari/537.36 (compatible; Googlebot/2.1; +http://www.google.com/bot.html)"
66.249.65.35 - - [13/Jul/2025:21:10:15 +0000] "GET /?x=5543254011800&mod=ffbd6cbb&uri=dp.php%3Fid%3D185055-310%26name%3Dlaptops+with+gtx+1050 HTTP/1.1" 200 21397 "-" "Mozilla/5.0 (Linux; Android 6.0.1; Nexus 5X Build/MMB29P) AppleWebKit/537.36 (KHTML, like Gecko) Chrome/137.0.7151.103 Mobile Safari/537.36 (compatible; Googlebot/2.1; +http://www.google.com/bot.html)"
66.249.65.37 - - [13/Jul/2025:21:10:22 +0000] "GET /?x=5795678131800&mod=165a59f7&uri=dp.php%3Fid%3D193543-336%26name%3Dbauletto+kors HTTP/1.1" 200 21571 "-" "Mozilla/5.0 (Linux; Android 6.0.1; Nexus 5X Build/MMB29P) AppleWebKit/537.36 (KHTML, like Gecko) Chrome/137.0.7151.103 Mobile Safari/537.36 (compatible; Googlebot/2.1; +http://www.google.com/bot.html)"
66.249.65.35 - - [13/Jul/2025:21:10:26 +0000] "POST /get-message-notify HTTP/1.1" 200 21866 "https://kraft-court.cafe/?x=5689440121800&mod=2de7cf20&uri=news.php%3Fid%3D189969-333%26name%3Dmickey+mouse+necklace+kay+jewelers" "Mozilla/5.0 (Linux; Android 6.0.1; Nexus 5X Build/MMB29P) AppleWebKit/537.36 (KHTML, like Gecko) Chrome/137.0.7151.119 Mobile Safari/537.36 (compatible; Googlebot/2.1; +http://www.google.com/bot.html)"
66.249.65.37 - - [13/Jul/2025:21:12:53 +0000] "GET /?x=5886665001800&mod=29921001&uri=form.php%3Fid%3D196580-155%26name%3Dvizio+10602140241 HTTP/1.1" 200 21787 "-" "Mozilla/5.0 (Linux; Android 6.0.1; Nexus 5X Build/MMB29P) AppleWebKit/537.36 (KHTML, like Gecko) Chrome/137.0.7151.103 Mobile Safari/537.36 (compatible; Googlebot/2.1; +http://www.google.com/bot.html)"
66.249.65.35 - - [13/Jul/2025:21:12:55 +0000] "GET /?x=119753435041800&mod=309928d4&uri=form.php%3Fid%3D3996535-141%26name%3Dvestido+novia HTTP/1.1" 200 21639 "-" "Mozilla/5.0 (Linux; Android 6.0.1; Nexus 5X Build/MMB29P) AppleWebKit/537.36 (KHTML, like Gecko) Chrome/137.0.7151.103 Mobile Safari/537.36 (compatible; Googlebot/2.1; +http://www.google.com/bot.html)"
209.74.77.214 - - [13/Jul/2025:21:13:09 +0000] "POST /wp-cron.php?doing_wp_cron=1752441189.4379670619964599609375 HTTP/1.1" 200 - "-" "WordPress/6.8.1; https://kraft-court.cafe"
51.222.253.6 - - [13/Jul/2025:21:13:08 +0000] "GET /?x=109697990001800&mod=6934456f&uri=blog.php%3Fid%3D3660960-1119%26name%3Dpolyurethane+paint+colours HTTP/1.1" 301 - "-" "Mozilla/5.0 (compatible; AhrefsBot/7.0; +http://ahrefs.com/robot/)"
66.249.65.36 - - [13/Jul/2025:21:15:34 +0000] "GET /?x=5968655041800&mod=e3ea3396&uri=blog.php%3Fid%3D199314-345%26name%3Doutfits+chamarra+de+piel+negra HTTP/1.1" 200 20891 "-" "Mozilla/5.0 (Linux; Android 6.0.1; Nexus 5X Build/MMB29P) AppleWebKit/537.36 (KHTML, like Gecko) Chrome/137.0.7151.103 Mobile Safari/537.36 (compatible; Googlebot/2.1; +http://www.google.com/bot.html)"
66.249.65.36 - - [13/Jul/2025:21:15:48 +0000] "GET /?x=5576035051800&mod=831b1ac5&uri=search.php%3Fid%3D186149-331%26name%3Ddouble+wheel+nylon+gabardine+sneakers HTTP/1.1" 200 21002 "-" "Mozilla/5.0 (Linux; Android 6.0.1; Nexus 5X Build/MMB29P) AppleWebKit/537.36 (KHTML, like Gecko) Chrome/137.0.7151.103 Mobile Safari/537.36 (compatible; Googlebot/2.1; +http://www.google.com/bot.html)"
66.249.65.35 - - [13/Jul/2025:21:18:35 +0000] "GET /?x=5676261011800&mod=dc6a7e65&uri=product.php%3Fid%3D189529-308%26name%3Demp+slipknot+hoodie HTTP/1.1" 200 22401 "-" "Mozilla/5.0 (Linux; Android 6.0.1; Nexus 5X Build/MMB29P) AppleWebKit/537.36 (KHTML, like Gecko) Chrome/137.0.7151.103 Mobile Safari/537.36 (compatible; Googlebot/2.1; +http://www.google.com/bot.html)"
66.249.65.36 - - [13/Jul/2025:21:19:58 +0000] "GET /?x=34670639001800&mod=9854d7af&uri=article.php%3Fid%3D1157186-387%26name%3Dessential+items+for+home+gym HTTP/1.1" 200 22203 "-" "Mozilla/5.0 (Linux; Android 6.0.1; Nexus 5X Build/MMB29P) AppleWebKit/537.36 (KHTML, like Gecko) Chrome/137.0.7151.103 Mobile Safari/537.36 (compatible; Googlebot/2.1; +http://www.google.com/bot.html)"
66.249.65.36 - - [13/Jul/2025:21:20:57 +0000] "GET /?x=5922941111800&mod=4500e403&uri=news.php%3Fid%3D197790-342%26name%3Dikea+tovig+review HTTP/1.1" 200 21600 "-" "Mozilla/5.0 (Linux; Android 6.0.1; Nexus 5X Build/MMB29P) AppleWebKit/537.36 (KHTML, like Gecko) Chrome/137.0.7151.103 Mobile Safari/537.36 (compatible; Googlebot/2.1; +http://www.google.com/bot.html)"
66.249.65.37 - - [13/Jul/2025:21:20:56 +0000] "GET /?x=5863810001800&mod=d594b1a9&uri=blog.php%3Fid%3D195816-341%26name%3Dcable+rojo+blanco+amarillo+audio HTTP/1.1" 200 22642 "-" "Mozilla/5.0 (Linux; Android 6.0.1; Nexus 5X Build/MMB29P) AppleWebKit/537.36 (KHTML, like Gecko) Chrome/137.0.7151.103 Mobile Safari/537.36 (compatible; Googlebot/2.1; +http://www.google.com/bot.html)"
66.249.65.37 - - [13/Jul/2025:21:21:12 +0000] "GET /?x=5701737031800&mod=2de7cf20&uri=goods.php%3Fid%3D190379-333%26name%3Dmejuri+ring+stack HTTP/1.1" 200 22184 "-" "Mozilla/5.0 (Linux; Android 6.0.1; Nexus 5X Build/MMB29P) AppleWebKit/537.36 (KHTML, like Gecko) Chrome/137.0.7151.103 Mobile Safari/537.36 (compatible; Googlebot/2.1; +http://www.google.com/bot.html)"
66.249.65.35 - - [13/Jul/2025:21:21:26 +0000] "POST /get-message-notify HTTP/1.1" 200 21855 "https://kraft-court.cafe/?x=5922941111800&mod=4500e403&uri=news.php%3Fid%3D197790-342%26name%3Dikea+tovig+review" "Mozilla/5.0 (Linux; Android 6.0.1; Nexus 5X Build/MMB29P) AppleWebKit/537.36 (KHTML, like Gecko) Chrome/137.0.7151.119 Mobile Safari/537.36 (compatible; Googlebot/2.1; +http://www.google.com/bot.html)"
66.249.65.35 - - [13/Jul/2025:21:21:27 +0000] "GET /?x=5769087061800&mod=97108695&uri=shop.php%3Fid%3D192656-335%26name%3Ddragon+ball+xenoverse+switch+review HTTP/1.1" 200 21978 "-" "Mozilla/5.0 (Linux; Android 6.0.1; Nexus 5X Build/MMB29P) AppleWebKit/537.36 (KHTML, like Gecko) Chrome/137.0.7151.103 Mobile Safari/537.36 (compatible; Googlebot/2.1; +http://www.google.com/bot.html)"
66.249.65.35 - - [13/Jul/2025:21:22:29 +0000] "POST /get-message-notify HTTP/1.1" 200 21869 "https://kraft-court.cafe/?x=5769087061800&mod=97108695&uri=shop.php%3Fid%3D192656-335%26name%3Ddragon+ball+xenoverse+switch+review" "Mozilla/5.0 (Linux; Android 6.0.1; Nexus 5X Build/MMB29P) AppleWebKit/537.36 (KHTML, like Gecko) Chrome/137.0.7151.119 Mobile Safari/537.36 (compatible; Googlebot/2.1; +http://www.google.com/bot.html)"
66.249.65.35 - - [13/Jul/2025:21:23:43 +0000] "GET /?x=5637602071800&mod=55d99a37&uri=us.php%3Fid%3D188237-315%26name%3Ddelorean+uhren HTTP/1.1" 200 21209 "-" "Mozilla/5.0 (Linux; Android 6.0.1; Nexus 5X Build/MMB29P) AppleWebKit/537.36 (KHTML, like Gecko) Chrome/137.0.7151.103 Mobile Safari/537.36 (compatible; Googlebot/2.1; +http://www.google.com/bot.html)"
66.249.65.35 - - [13/Jul/2025:21:23:55 +0000] "GET /?x=119814301071800&mod=a51fb975&uri=search.php%3Fid%3D3998567-129%26name%3Dcompare+iphone+x+to+12+mini HTTP/1.1" 200 20274 "-" "Mozilla/5.0 (Linux; Android 6.0.1; Nexus 5X Build/MMB29P) AppleWebKit/537.36 (KHTML, like Gecko) Chrome/137.0.7151.103 Mobile Safari/537.36 (compatible; Googlebot/2.1; +http://www.google.com/bot.html)"
66.249.65.36 - - [13/Jul/2025:21:26:24 +0000] "GET /?x=102322336011800&mod=2de7cf20&uri=products.php%3Fid%3D3414787-333%26name%3Dsona+jewellers+edison HTTP/1.1" 200 22291 "-" "Mozilla/5.0 (Linux; Android 6.0.1; Nexus 5X Build/MMB29P) AppleWebKit/537.36 (KHTML, like Gecko) Chrome/137.0.7151.103 Mobile Safari/537.36 (compatible; Googlebot/2.1; +http://www.google.com/bot.html)"
66.249.65.36 - - [13/Jul/2025:21:26:35 +0000] "GET /?x=5714201111800&mod=333cb763&uri=brands.php%3Fid%3D190805-334%26name%3Dkumkum+bhagya+10th+nov+2021 HTTP/1.1" 200 21531 "-" "Mozilla/5.0 (Linux; Android 6.0.1; Nexus 5X Build/MMB29P) AppleWebKit/537.36 (KHTML, like Gecko) Chrome/137.0.7151.103 Mobile Safari/537.36 (compatible; Googlebot/2.1; +http://www.google.com/bot.html)"
66.249.65.35 - - [13/Jul/2025:21:26:43 +0000] "POST /get-message-notify HTTP/1.1" 200 21855 "https://kraft-court.cafe/?x=5714201111800&mod=333cb763&uri=brands.php%3Fid%3D190805-334%26name%3Dkumkum+bhagya+10th+nov+2021" "Mozilla/5.0 (Linux; Android 6.0.1; Nexus 5X Build/MMB29P) AppleWebKit/537.36 (KHTML, like Gecko) Chrome/137.0.7151.119 Mobile Safari/537.36 (compatible; Googlebot/2.1; +http://www.google.com/bot.html)"
209.74.77.214 - - [13/Jul/2025:21:27:56 +0000] "POST /wp-cron.php?doing_wp_cron=1752442076.8157789707183837890625 HTTP/1.1" 200 - "-" "WordPress/6.8.1; https://kraft-court.cafe"
51.222.253.4 - - [13/Jul/2025:21:27:55 +0000] "GET /?x=111654509001800&mod=484e0151&uri=shared.php%3Fid%3D3726286-1674%26name%3Dle+coq+sportif+slimset+cvs+france HTTP/1.1" 301 - "-" "Mozilla/5.0 (compatible; AhrefsBot/7.0; +http://ahrefs.com/robot/)"
66.249.65.37 - - [13/Jul/2025:21:29:02 +0000] "GET /?x=5915711011800&mod=4500e403&uri=blog.php%3Fid%3D197549-342%26name%3Dcomfy+time+bouncer HTTP/1.1" 200 21766 "-" "Mozilla/5.0 (Linux; Android 6.0.1; Nexus 5X Build/MMB29P) AppleWebKit/537.36 (KHTML, like Gecko) Chrome/137.0.7151.103 Mobile Safari/537.36 (compatible; Googlebot/2.1; +http://www.google.com/bot.html)"
66.249.65.36 - - [13/Jul/2025:21:29:04 +0000] "GET /?x=5687760071800&mod=2de7cf20&uri=article.php%3Fid%3D189913-333%26name%3Dsterling+silver+flower+band+ring HTTP/1.1" 200 21618 "-" "Mozilla/5.0 (Linux; Android 6.0.1; Nexus 5X Build/MMB29P) AppleWebKit/537.36 (KHTML, like Gecko) Chrome/137.0.7151.103 Mobile Safari/537.36 (compatible; Googlebot/2.1; +http://www.google.com/bot.html)"
66.249.65.36 - - [13/Jul/2025:21:29:05 +0000] "POST /get-message-notify HTTP/1.1" 200 21867 "https://kraft-court.cafe/?x=5915711011800&mod=4500e403&uri=blog.php%3Fid%3D197549-342%26name%3Dcomfy+time+bouncer" "Mozilla/5.0 (Linux; Android 6.0.1; Nexus 5X Build/MMB29P) AppleWebKit/537.36 (KHTML, like Gecko) Chrome/137.0.7151.119 Mobile Safari/537.36 (compatible; Googlebot/2.1; +http://www.google.com/bot.html)"
66.249.65.35 - - [13/Jul/2025:21:31:53 +0000] "GET /?x=5533474031800&mod=ffbd6cbb&uri=blog.php%3Fid%3D184729-310%26name%3Dnvidia+3090+laptop HTTP/1.1" 200 22157 "-" "Mozilla/5.0 (Linux; Android 6.0.1; Nexus 5X Build/MMB29P) AppleWebKit/537.36 (KHTML, like Gecko) Chrome/137.0.7151.103 Mobile Safari/537.36 (compatible; Googlebot/2.1; +http://www.google.com/bot.html)"
66.249.65.36 - - [13/Jul/2025:21:31:53 +0000] "GET /?x=5710577051800&mod=2de7cf20&uri=blog.php%3Fid%3D190677-333%26name%3Dlouis+vuitton+lock+necklace+amazon HTTP/1.1" 200 22084 "-" "Mozilla/5.0 (Linux; Android 6.0.1; Nexus 5X Build/MMB29P) AppleWebKit/537.36 (KHTML, like Gecko) Chrome/137.0.7151.103 Mobile Safari/537.36 (compatible; Googlebot/2.1; +http://www.google.com/bot.html)"
209.74.77.214 - - [13/Jul/2025:21:33:12 +0000] "POST /wp-cron.php?doing_wp_cron=1752442392.6396110057830810546875 HTTP/1.1" 200 - "-" "WordPress/6.8.1; https://kraft-court.cafe"
51.222.253.6 - - [13/Jul/2025:21:33:09 +0000] "GET /?x=113744958001800&mod=41be6965&uri=article.php%3Fid%3D3796079-1605%26name%3Dretro+fila HTTP/1.1" 301 - "-" "Mozilla/5.0 (compatible; AhrefsBot/7.0; +http://ahrefs.com/robot/)"
66.249.65.35 - - [13/Jul/2025:21:33:06 +0000] "GET /?x=5672721011800&mod=dc6a7e65&uri=products.php%3Fid%3D189411-308%26name%3Darmy+hoodie+sweatshirt HTTP/1.1" 200 22135 "-" "Mozilla/5.0 (Linux; Android 6.0.1; Nexus 5X Build/MMB29P) AppleWebKit/537.36 (KHTML, like Gecko) Chrome/137.0.7151.103 Mobile Safari/537.36 (compatible; Googlebot/2.1; +http://www.google.com/bot.html)"
66.249.65.36 - - [13/Jul/2025:21:33:41 +0000] "GET /?x=5730711071800&mod=333cb763&uri=article.php%3Fid%3D191375-334%26name%3Dnaagini+mx+player HTTP/1.1" 200 21756 "-" "Mozilla/5.0 (Linux; Android 6.0.1; Nexus 5X Build/MMB29P) AppleWebKit/537.36 (KHTML, like Gecko) Chrome/137.0.7151.103 Mobile Safari/537.36 (compatible; Googlebot/2.1; +http://www.google.com/bot.html)"
66.249.65.36 - - [13/Jul/2025:21:34:16 +0000] "POST /get-message-notify HTTP/1.1" 200 21871 "https://kraft-court.cafe/?x=5533474031800&mod=ffbd6cbb&uri=blog.php%3Fid%3D184729-310%26name%3Dnvidia+3090+laptop" "Mozilla/5.0 (Linux; Android 6.0.1; Nexus 5X Build/MMB29P) AppleWebKit/537.36 (KHTML, like Gecko) Chrome/137.0.7151.119 Mobile Safari/537.36 (compatible; Googlebot/2.1; +http://www.google.com/bot.html)"
66.249.65.36 - - [13/Jul/2025:21:34:22 +0000] "GET /?x=25100792011800&mod=0e65972d&uri=category-info.php%3Fid%3D837766-19%26name%3Dwatters+and+watters+wedding+dress HTTP/1.1" 200 21589 "-" "Mozilla/5.0 (Linux; Android 6.0.1; Nexus 5X Build/MMB29P) AppleWebKit/537.36 (KHTML, like Gecko) Chrome/137.0.7151.103 Mobile Safari/537.36 (compatible; Googlebot/2.1; +http://www.google.com/bot.html)"
66.249.65.35 - - [13/Jul/2025:21:34:27 +0000] "POST /get-message-notify HTTP/1.1" 200 21873 "https://kraft-court.cafe/?x=25100792011800&mod=0e65972d&uri=category-info.php%3Fid%3D837766-19%26name%3Dwatters+and+watters+wedding+dress" "Mozilla/5.0 (Linux; Android 6.0.1; Nexus 5X Build/MMB29P) AppleWebKit/537.36 (KHTML, like Gecko) Chrome/137.0.7151.119 Mobile Safari/537.36 (compatible; Googlebot/2.1; +http://www.google.com/bot.html)"
66.249.65.35 - - [13/Jul/2025:21:34:36 +0000] "GET /?x=5659221001800&mod=dc6a7e65&uri=news.php%3Fid%3D188961-308%26name%3Dsweatshirt+velvet HTTP/1.1" 200 22597 "-" "Mozilla/5.0 (Linux; Android 6.0.1; Nexus 5X Build/MMB29P) AppleWebKit/537.36 (KHTML, like Gecko) Chrome/137.0.7151.103 Mobile Safari/537.36 (compatible; Googlebot/2.1; +http://www.google.com/bot.html)"
66.249.65.35 - - [13/Jul/2025:21:37:01 +0000] "GET /?x=5642070071800&mod=55d99a37&uri=goods.php%3Fid%3D188386-315%26name%3Dice+watch+wei%C3%83%C2%9F+rot HTTP/1.1" 200 21034 "-" "Mozilla/5.0 (Linux; Android 6.0.1; Nexus 5X Build/MMB29P) AppleWebKit/537.36 (KHTML, like Gecko) Chrome/137.0.7151.103 Mobile Safari/537.36 (compatible; Googlebot/2.1; +http://www.google.com/bot.html)"
66.249.65.37 - - [13/Jul/2025:21:37:05 +0000] "GET /?x=25099352041800&mod=0e65972d&uri=article.php%3Fid%3D837718-19%26name%3Dbest+wedding+gowns+of+all+time HTTP/1.1" 200 21957 "-" "Mozilla/5.0 (Linux; Android 6.0.1; Nexus 5X Build/MMB29P) AppleWebKit/537.36 (KHTML, like Gecko) Chrome/137.0.7151.103 Mobile Safari/537.36 (compatible; Googlebot/2.1; +http://www.google.com/bot.html)"
66.249.65.36 - - [13/Jul/2025:21:37:10 +0000] "GET /?x=5625147001800&mod=e94fe9ac&uri=pin.php%3Fid%3D187818-332%26name%3Dthe+day+of+the+month HTTP/1.1" 200 22469 "-" "Mozilla/5.0 (Linux; Android 6.0.1; Nexus 5X Build/MMB29P) AppleWebKit/537.36 (KHTML, like Gecko) Chrome/137.0.7151.103 Mobile Safari/537.36 (compatible; Googlebot/2.1; +http://www.google.com/bot.html)"
66.249.65.36 - - [13/Jul/2025:21:37:13 +0000] "POST /get-message-notify HTTP/1.1" 200 21866 "https://kraft-court.cafe/?x=5642070071800&mod=55d99a37&uri=goods.php%3Fid%3D188386-315%26name%3Dice+watch+wei%C3%83%C2%9F+rot" "Mozilla/5.0 (Linux; Android 6.0.1; Nexus 5X Build/MMB29P) AppleWebKit/537.36 (KHTML, like Gecko) Chrome/137.0.7151.119 Mobile Safari/537.36 (compatible; Googlebot/2.1; +http://www.google.com/bot.html)"
209.74.77.214 - - [13/Jul/2025:21:38:10 +0000] "POST /wp-cron.php?doing_wp_cron=1752442690.1691460609436035156250 HTTP/1.1" 200 - "-" "WordPress/6.8.1; https://kraft-court.cafe"
51.222.253.8 - - [13/Jul/2025:21:38:08 +0000] "GET /?x=114233537141800&mod=3ce3bd30&uri=form.php%3Fid%3D3812398-1520%26name%3Descarpins+ouverts+blancs HTTP/1.1" 301 - "-" "Mozilla/5.0 (compatible; AhrefsBot/7.0; +http://ahrefs.com/robot/)"
54.160.228.218 - - [13/Jul/2025:21:38:30 +0000] "GET /?x=59634359011800&mod=20c9f570&uri=dp.php%3Fid%3D1990047-234%26name%3Dengelbert+strauss+in+funktionsjacke+test HTTP/1.1" 301 - "-" "Mozilla/5.0 (Windows NT 10.0; Win64; x64) AppleWebKit/537.36 (KHTML, like Gecko) Chrome/92.0.4515.107 Safari/537.36"
209.74.77.214 - - [13/Jul/2025:21:38:34 +0000] "POST /wp-cron.php?doing_wp_cron=1752442714.4731099605560302734375 HTTP/1.1" 200 - "-" "WordPress/6.8.1; https://kraft-court.cafe"
54.160.228.218 - - [13/Jul/2025:21:38:32 +0000] "GET /?x=59634359011800&mod=20c9f570&uri=dp.php%3Fid%3D1990047-234%26name%3Dengelbert%20strauss%20in%20funktionsjacke%20test HTTP/1.1" 200 1947 "-" "Apache-HttpClient/4.5.14 (Java/17.0.9)"
54.160.228.218 - - [13/Jul/2025:21:38:38 +0000] "GET /wp-content/uploads/2024/12/mt-sample-background.jpg HTTP/1.1" 200 217593 "-" "Apache-HttpClient/4.5.14 (Java/17.0.12)"
209.74.77.214 - - [13/Jul/2025:21:38:54 +0000] "POST /wp-cron.php?doing_wp_cron=1752442734.5104260444641113281250 HTTP/1.1" 200 - "-" "WordPress/6.8.1; https://kraft-court.cafe"
66.249.65.35 - - [13/Jul/2025:21:38:54 +0000] "GET /?x=5711692051800&mod=333cb763&uri=product.php%3Fid%3D190715-334%26name%3Ddragon+ball+z+what+order+to+watch HTTP/1.1" 301 - "-" "Mozilla/5.0 (Linux; Android 6.0.1; Nexus 5X Build/MMB29P) AppleWebKit/537.36 (KHTML, like Gecko) Chrome/137.0.7151.103 Mobile Safari/537.36 (compatible; GoogleOther)"
66.249.65.35 - - [13/Jul/2025:21:38:54 +0000] "GET /?x=5711692051800&mod=333cb763&uri=product.php%3Fid%3D190715-334%26name%3Ddragon%20ball%20z%20what%20order%20to%20watch HTTP/1.1" 200 1945 "-" "Mozilla/5.0 (Linux; Android 6.0.1; Nexus 5X Build/MMB29P) AppleWebKit/537.36 (KHTML, like Gecko) Chrome/137.0.7151.103 Mobile Safari/537.36 (compatible; GoogleOther)"
66.249.65.35 - - [13/Jul/2025:21:38:58 +0000] "GET /wp-content/plugins/maintenance/load/js/jquery.frontend.js?ver=1615078706 HTTP/1.1" 200 638 "https://kraft-court.cafe/?x=5711692051800&mod=333cb763&uri=product.php%3Fid%3D190715-334%26name%3Ddragon%20ball%20z%20what%20order%20to%20watch" "Mozilla/5.0 (Linux; Android 6.0.1; Nexus 5X Build/MMB29P) AppleWebKit/537.36 (KHTML, like Gecko) Chrome/137.0.7151.119 Mobile Safari/537.36 (compatible; Googlebot/2.1; +http://www.google.com/bot.html)"
66.249.65.35 - - [13/Jul/2025:21:38:58 +0000] "GET /wp-content/plugins/maintenance/load/css/style.css?ver=1615078706 HTTP/1.1" 200 3400 "https://kraft-court.cafe/?x=5711692051800&mod=333cb763&uri=product.php%3Fid%3D190715-334%26name%3Ddragon%20ball%20z%20what%20order%20to%20watch" "Mozilla/5.0 (Linux; Android 6.0.1; Nexus 5X Build/MMB29P) AppleWebKit/537.36 (KHTML, like Gecko) Chrome/137.0.7151.119 Mobile Safari/537.36 (compatible; Googlebot/2.1; +http://www.google.com/bot.html)"
66.249.65.35 - - [13/Jul/2025:21:38:58 +0000] "GET /wp-content/plugins/maintenance/load/css/fonts.css?ver=1566425282 HTTP/1.1" 200 10398 "https://kraft-court.cafe/?x=5711692051800&mod=333cb763&uri=product.php%3Fid%3D190715-334%26name%3Ddragon%20ball%20z%20what%20order%20to%20watch" "Mozilla/5.0 (Linux; Android 6.0.1; Nexus 5X Build/MMB29P) AppleWebKit/537.36 (KHTML, like Gecko) Chrome/137.0.7151.119 Mobile Safari/537.36 (compatible; Googlebot/2.1; +http://www.google.com/bot.html)"
66.249.65.36 - - [13/Jul/2025:21:38:58 +0000] "GET /wp-includes/js/jquery/jquery-migrate.min.js?ver=3.4.1 HTTP/1.1" 200 4872 "https://kraft-court.cafe/?x=5711692051800&mod=333cb763&uri=product.php%3Fid%3D190715-334%26name%3Ddragon%20ball%20z%20what%20order%20to%20watch" "Mozilla/5.0 (Linux; Android 6.0.1; Nexus 5X Build/MMB29P) AppleWebKit/537.36 (KHTML, like Gecko) Chrome/137.0.7151.119 Mobile Safari/537.36 (compatible; Googlebot/2.1; +http://www.google.com/bot.html)"
66.249.65.35 - - [13/Jul/2025:21:39:50 +0000] "GET /?x=5661381021800&mod=dc6a7e65&uri=itm.php%3Fid%3D189033-308%26name%3Dcool+graphic+hoodies+women%27s HTTP/1.1" 200 22544 "-" "Mozilla/5.0 (Linux; Android 6.0.1; Nexus 5X Build/MMB29P) AppleWebKit/537.36 (KHTML, like Gecko) Chrome/137.0.7151.103 Mobile Safari/537.36 (compatible; Googlebot/2.1; +http://www.google.com/bot.html)"
66.249.65.35 - - [13/Jul/2025:21:39:52 +0000] "GET /?x=79036466061800&mod=97108695&uri=search.php%3Fid%3D2637548-335%26name%3Dmegaman+ds HTTP/1.1" 200 21427 "-" "Mozilla/5.0 (Linux; Android 6.0.1; Nexus 5X Build/MMB29P) AppleWebKit/537.36 (KHTML, like Gecko) Chrome/137.0.7151.103 Mobile Safari/537.36 (compatible; Googlebot/2.1; +http://www.google.com/bot.html)"
66.249.65.37 - - [13/Jul/2025:21:40:25 +0000] "POST /get-message-notify HTTP/1.1" 200 21870 "https://kraft-court.cafe/?x=79036466061800&mod=97108695&uri=search.php%3Fid%3D2637548-335%26name%3Dmegaman+ds" "Mozilla/5.0 (Linux; Android 6.0.1; Nexus 5X Build/MMB29P) AppleWebKit/537.36 (KHTML, like Gecko) Chrome/137.0.7151.119 Mobile Safari/537.36 (compatible; Googlebot/2.1; +http://www.google.com/bot.html)"
66.249.65.36 - - [13/Jul/2025:21:40:27 +0000] "GET /?x=5641650131800&mod=55d99a37&uri=brands.php%3Fid%3D188372-315%26name%3Dverr%C3%83%C2%BCckte+herrenuhren HTTP/1.1" 200 20826 "-" "Mozilla/5.0 (Linux; Android 6.0.1; Nexus 5X Build/MMB29P) AppleWebKit/537.36 (KHTML, like Gecko) Chrome/137.0.7151.103 Mobile Safari/537.36 (compatible; Googlebot/2.1; +http://www.google.com/bot.html)"
162.14.210.15 - - [13/Jul/2025:21:40:29 +0000] "GET / HTTP/1.1" 200 1851 "http://kraft-court.cafe" "Mozilla/5.0 (iPhone; CPU iPhone OS 13_2_3 like Mac OS X) AppleWebKit/605.1.15 (KHTML, like Gecko) Version/13.0.3 Mobile/15E148 Safari/604.1"
66.249.65.35 - - [13/Jul/2025:21:42:35 +0000] "GET /?x=119808292021800&mod=a51fb975&uri=pin.php%3Fid%3D3998366-129%26name%3Diphone+battery+5000mah HTTP/1.1" 200 20246 "-" "Mozilla/5.0 (Linux; Android 6.0.1; Nexus 5X Build/MMB29P) AppleWebKit/537.36 (KHTML, like Gecko) Chrome/137.0.7151.103 Mobile Safari/537.36 (compatible; Googlebot/2.1; +http://www.google.com/bot.html)"
209.74.77.214 - - [13/Jul/2025:21:42:40 +0000] "POST /wp-cron.php?doing_wp_cron=1752442960.3439590930938720703125 HTTP/1.1" 200 - "-" "WordPress/6.8.1; https://kraft-court.cafe"
66.249.65.37 - - [13/Jul/2025:21:42:39 +0000] "GET /?x=5728344021800&mod=333cb763&uri=itm.php%3Fid%3D191294-334%26name%3Done+piece+arcs+in+order HTTP/1.1" 301 - "-" "Mozilla/5.0 (Linux; Android 6.0.1; Nexus 5X Build/MMB29P) AppleWebKit/537.36 (KHTML, like Gecko) Chrome/137.0.7151.103 Mobile Safari/537.36 (compatible; GoogleOther)"
66.249.65.36 - - [13/Jul/2025:21:42:40 +0000] "GET /?x=5728344021800&mod=333cb763&uri=itm.php%3Fid%3D191294-334%26name%3Done%20piece%20arcs%20in%20order HTTP/1.1" 200 1932 "-" "Mozilla/5.0 (Linux; Android 6.0.1; Nexus 5X Build/MMB29P) AppleWebKit/537.36 (KHTML, like Gecko) Chrome/137.0.7151.103 Mobile Safari/537.36 (compatible; GoogleOther)"
66.249.65.36 - - [13/Jul/2025:21:42:32 +0000] "GET /?x=91465573041800&mod=165a59f7&uri=itm.php%3Fid%3D3052375-336%26name%3Dlongchamp+le+pliage+n%C3%83%C2%A9o+tote+bag HTTP/1.1" 200 22008 "-" "Mozilla/5.0 (Linux; Android 6.0.1; Nexus 5X Build/MMB29P) AppleWebKit/537.36 (KHTML, like Gecko) Chrome/137.0.7151.103 Mobile Safari/537.36 (compatible; Googlebot/2.1; +http://www.google.com/bot.html)"
66.249.65.36 - - [13/Jul/2025:21:43:51 +0000] "GET /?x=5569984001800&mod=cd3afef9&uri=info.php%3Fid%3D185946-220%26name%3Dgraffiti+painted+jeans HTTP/1.1" 200 22217 "-" "Mozilla/5.0 (Linux; Android 6.0.1; Nexus 5X Build/MMB29P) AppleWebKit/537.36 (KHTML, like Gecko) Chrome/137.0.7151.103 Mobile Safari/537.36 (compatible; Googlebot/2.1; +http://www.google.com/bot.html)"
66.249.65.36 - - [13/Jul/2025:21:44:41 +0000] "GET /?x=5546254031800&mod=cd3afef9&uri=dp.php%3Fid%3D185155-220%26name%3Dnike+tech+crew HTTP/1.1" 200 22765 "-" "Mozilla/5.0 (Linux; Android 6.0.1; Nexus 5X Build/MMB29P) AppleWebKit/537.36 (KHTML, like Gecko) Chrome/137.0.7151.103 Mobile Safari/537.36 (compatible; Googlebot/2.1; +http://www.google.com/bot.html)"
66.249.65.37 - - [13/Jul/2025:21:45:13 +0000] "GET /?x=34546452121800&mod=e94fe9ac&uri=news.php%3Fid%3D1153036-332%26name%3Dbest+iphone+pulse+oximeter+app HTTP/1.1" 200 22068 "-" "Mozilla/5.0 (Linux; Android 6.0.1; Nexus 5X Build/MMB29P) AppleWebKit/537.36 (KHTML, like Gecko) Chrome/137.0.7151.103 Mobile Safari/537.36 (compatible; Googlebot/2.1; +http://www.google.com/bot.html)"
66.249.65.35 - - [13/Jul/2025:21:45:25 +0000] "GET /?x=5619886001800&mod=e94fe9ac&uri=dp.php%3Fid%3D187640-332%26name%3Dwhat+day+is+the HTTP/1.1" 200 22188 "-" "Mozilla/5.0 (Linux; Android 6.0.1; Nexus 5X Build/MMB29P) AppleWebKit/537.36 (KHTML, like Gecko) Chrome/137.0.7151.103 Mobile Safari/537.36 (compatible; Googlebot/2.1; +http://www.google.com/bot.html)"
66.249.65.36 - - [13/Jul/2025:21:47:17 +0000] "GET /?x=59501927051800&mod=e94fe9ac&uri=us.php%3Fid%3D1985615-332%26name%3Dcinnamontoastken+dogs HTTP/1.1" 200 21535 "-" "Mozilla/5.0 (Linux; Android 6.0.1; Nexus 5X Build/MMB29P) AppleWebKit/537.36 (KHTML, like Gecko) Chrome/137.0.7151.103 Mobile Safari/537.36 (compatible; Googlebot/2.1; +http://www.google.com/bot.html)"
66.249.65.35 - - [13/Jul/2025:21:47:28 +0000] "POST /get-message-notify HTTP/1.1" 200 21869 "https://kraft-court.cafe/?x=34546452121800&mod=e94fe9ac&uri=news.php%3Fid%3D1153036-332%26name%3Dbest+iphone+pulse+oximeter+app" "Mozilla/5.0 (Linux; Android 6.0.1; Nexus 5X Build/MMB29P) AppleWebKit/537.36 (KHTML, like Gecko) Chrome/137.0.7151.119 Mobile Safari/537.36 (compatible; Googlebot/2.1; +http://www.google.com/bot.html)"
209.74.77.214 - - [13/Jul/2025:21:47:49 +0000] "POST /wp-cron.php?doing_wp_cron=1752443269.0487120151519775390625 HTTP/1.1" 200 - "-" "WordPress/6.8.1; https://kraft-court.cafe"
66.249.65.35 - - [13/Jul/2025:21:47:48 +0000] "GET /?x=5730531011800&mod=333cb763&uri=shop.php%3Fid%3D191369-334%26name%3Dblack+clover+filler HTTP/1.1" 301 - "-" "Mozilla/5.0 (Linux; Android 6.0.1; Nexus 5X Build/MMB29P) AppleWebKit/537.36 (KHTML, like Gecko) Chrome/137.0.7151.103 Mobile Safari/537.36 (compatible; GoogleOther)"
66.249.65.35 - - [13/Jul/2025:21:47:48 +0000] "GET /?x=5626641041800&mod=55d99a37&uri=shared.php%3Fid%3D187868-315%26name%3Dseiko+presage+gebraucht HTTP/1.1" 200 21361 "-" "Mozilla/5.0 (Linux; Android 6.0.1; Nexus 5X Build/MMB29P) AppleWebKit/537.36 (KHTML, like Gecko) Chrome/137.0.7151.103 Mobile Safari/537.36 (compatible; Googlebot/2.1; +http://www.google.com/bot.html)"
66.249.65.35 - - [13/Jul/2025:21:47:49 +0000] "GET /?x=5730531011800&mod=333cb763&uri=shop.php%3Fid%3D191369-334%26name%3Dblack%20clover%20filler HTTP/1.1" 200 1932 "-" "Mozilla/5.0 (Linux; Android 6.0.1; Nexus 5X Build/MMB29P) AppleWebKit/537.36 (KHTML, like Gecko) Chrome/137.0.7151.103 Mobile Safari/537.36 (compatible; GoogleOther)"
66.249.65.35 - - [13/Jul/2025:21:47:50 +0000] "GET /?x=96242635031800&mod=831b1ac5&uri=category-info.php%3Fid%3D3211831-331%26name%3Dnike+revolution+women%27s+running HTTP/1.1" 200 22611 "-" "Mozilla/5.0 (Linux; Android 6.0.1; Nexus 5X Build/MMB29P) AppleWebKit/537.36 (KHTML, like Gecko) Chrome/137.0.7151.103 Mobile Safari/537.36 (compatible; Googlebot/2.1; +http://www.google.com/bot.html)"
209.74.77.214 - - [13/Jul/2025:21:49:29 +0000] "POST /wp-cron.php?doing_wp_cron=1752443369.6746358871459960937500 HTTP/1.1" 200 - "-" "WordPress/6.8.1; https://kraft-court.cafe"
185.241.208.229 - - [13/Jul/2025:21:49:28 +0000] "GET / HTTP/1.1" 200 5435 "https://jmsthemes.com/wp-login.php" "Mozilla/5.0 (Windows NT 10.0; Win64; x64) AppleWebKit/537.36 (KHTML, like Gecko) Chrome/131.0.0.0 Safari/537.36"
185.241.208.229 - - [13/Jul/2025:21:49:29 +0000] "GET /xmlrpc.php?rsd HTTP/1.1" 200 810 "https://jmsthemes.com/wp-login.php" "Mozilla/5.0 (Windows NT 10.0; Win64; x64) AppleWebKit/537.36 (KHTML, like Gecko) Chrome/131.0.0.0 Safari/537.36"
185.241.208.229 - - [13/Jul/2025:21:49:30 +0000] "GET /wp-json/wp/v2/users/ HTTP/1.1" 200 830 "https://jmsthemes.com/wp-login.php" "Mozilla/5.0 (Windows NT 10.0; Win64; x64) AppleWebKit/537.36 (KHTML, like Gecko) Chrome/131.0.0.0 Safari/537.36"
185.241.208.229 - - [13/Jul/2025:21:49:30 +0000] "GET /?author=1 HTTP/1.1" 301 - "https://jmsthemes.com/wp-login.php" "Mozilla/5.0 (Windows NT 10.0; Win64; x64) AppleWebKit/537.36 (KHTML, like Gecko) Chrome/131.0.0.0 Safari/537.36"
185.241.208.229 - - [13/Jul/2025:21:49:31 +0000] "POST /xmlrpc.php HTTP/1.1" 200 401 "-" "Mozilla/5.0 (Windows NT 10.0; Win64; x64) AppleWebKit/537.36 (KHTML, like Gecko) Chrome/131.0.0.0 Safari/537.36"
185.241.208.229 - - [13/Jul/2025:21:49:31 +0000] "POST /xmlrpc.php HTTP/1.1" 200 401 "-" "Mozilla/5.0 (Windows NT 10.0; Win64; x64) AppleWebKit/537.36 (KHTML, like Gecko) Chrome/131.0.0.0 Safari/537.36"
185.241.208.229 - - [13/Jul/2025:21:49:32 +0000] "POST /xmlrpc.php HTTP/1.1" 200 401 "-" "Mozilla/5.0 (Windows NT 10.0; Win64; x64) AppleWebKit/537.36 (KHTML, like Gecko) Chrome/131.0.0.0 Safari/537.36"
209.74.77.214 - - [13/Jul/2025:21:49:36 +0000] "POST /wp-cron.php?doing_wp_cron=1752443376.7357089519500732421875 HTTP/1.1" 200 - "-" "WordPress/6.8.1; https://kraft-court.cafe"
185.241.208.229 - - [13/Jul/2025:21:49:36 +0000] "POST /xmlrpc.php HTTP/1.1" 200 401 "-" "Mozilla/5.0 (Windows NT 10.0; Win64; x64) AppleWebKit/537.36 (KHTML, like Gecko) Chrome/131.0.0.0 Safari/537.36"
185.241.208.229 - - [13/Jul/2025:21:49:37 +0000] "POST /xmlrpc.php HTTP/1.1" 200 401 "-" "Mozilla/5.0 (Windows NT 10.0; Win64; x64) AppleWebKit/537.36 (KHTML, like Gecko) Chrome/131.0.0.0 Safari/537.36"
185.241.208.229 - - [13/Jul/2025:21:49:38 +0000] "POST /xmlrpc.php HTTP/1.1" 200 401 "-" "Mozilla/5.0 (Windows NT 10.0; Win64; x64) AppleWebKit/537.36 (KHTML, like Gecko) Chrome/131.0.0.0 Safari/537.36"
185.241.208.229 - - [13/Jul/2025:21:49:38 +0000] "POST /xmlrpc.php HTTP/1.1" 200 401 "-" "Mozilla/5.0 (Windows NT 10.0; Win64; x64) AppleWebKit/537.36 (KHTML, like Gecko) Chrome/131.0.0.0 Safari/537.36"
185.241.208.229 - - [13/Jul/2025:21:49:39 +0000] "POST /xmlrpc.php HTTP/1.1" 200 401 "-" "Mozilla/5.0 (Windows NT 10.0; Win64; x64) AppleWebKit/537.36 (KHTML, like Gecko) Chrome/131.0.0.0 Safari/537.36"
185.241.208.229 - - [13/Jul/2025:21:49:40 +0000] "POST /xmlrpc.php HTTP/1.1" 200 401 "-" "Mozilla/5.0 (Windows NT 10.0; Win64; x64) AppleWebKit/537.36 (KHTML, like Gecko) Chrome/131.0.0.0 Safari/537.36"
185.241.208.229 - - [13/Jul/2025:21:49:41 +0000] "POST /xmlrpc.php HTTP/1.1" 200 401 "-" "Mozilla/5.0 (Windows NT 10.0; Win64; x64) AppleWebKit/537.36 (KHTML, like Gecko) Chrome/131.0.0.0 Safari/537.36"
185.241.208.229 - - [13/Jul/2025:21:49:41 +0000] "POST /xmlrpc.php HTTP/1.1" 200 401 "-" "Mozilla/5.0 (Windows NT 10.0; Win64; x64) AppleWebKit/537.36 (KHTML, like Gecko) Chrome/131.0.0.0 Safari/537.36"
185.241.208.229 - - [13/Jul/2025:21:49:42 +0000] "POST /xmlrpc.php HTTP/1.1" 200 401 "-" "Mozilla/5.0 (Windows NT 10.0; Win64; x64) AppleWebKit/537.36 (KHTML, like Gecko) Chrome/131.0.0.0 Safari/537.36"
185.241.208.229 - - [13/Jul/2025:21:49:43 +0000] "POST /xmlrpc.php HTTP/1.1" 200 401 "-" "Mozilla/5.0 (Windows NT 10.0; Win64; x64) AppleWebKit/537.36 (KHTML, like Gecko) Chrome/131.0.0.0 Safari/537.36"
209.74.77.214 - - [13/Jul/2025:21:49:44 +0000] "POST /wp-cron.php?doing_wp_cron=1752443384.3179690837860107421875 HTTP/1.1" 200 - "-" "WordPress/6.8.1; https://kraft-court.cafe"
185.241.208.229 - - [13/Jul/2025:21:49:44 +0000] "POST /xmlrpc.php HTTP/1.1" 200 401 "-" "Mozilla/5.0 (Windows NT 10.0; Win64; x64) AppleWebKit/537.36 (KHTML, like Gecko) Chrome/131.0.0.0 Safari/537.36"
185.241.208.229 - - [13/Jul/2025:21:49:45 +0000] "POST /xmlrpc.php HTTP/1.1" 200 401 "-" "Mozilla/5.0 (Windows NT 10.0; Win64; x64) AppleWebKit/537.36 (KHTML, like Gecko) Chrome/131.0.0.0 Safari/537.36"
185.241.208.229 - - [13/Jul/2025:21:49:48 +0000] "POST /xmlrpc.php HTTP/1.1" 200 401 "-" "Mozilla/5.0 (Windows NT 10.0; Win64; x64) AppleWebKit/537.36 (KHTML, like Gecko) Chrome/131.0.0.0 Safari/537.36"
185.241.208.229 - - [13/Jul/2025:21:49:49 +0000] "POST /xmlrpc.php HTTP/1.1" 200 401 "-" "Mozilla/5.0 (Windows NT 10.0; Win64; x64) AppleWebKit/537.36 (KHTML, like Gecko) Chrome/131.0.0.0 Safari/537.36"
185.241.208.229 - - [13/Jul/2025:21:49:53 +0000] "POST /xmlrpc.php HTTP/1.1" 200 401 "-" "Mozilla/5.0 (Windows NT 10.0; Win64; x64) AppleWebKit/537.36 (KHTML, like Gecko) Chrome/131.0.0.0 Safari/537.36"
185.241.208.229 - - [13/Jul/2025:21:49:59 +0000] "POST /xmlrpc.php HTTP/1.1" 200 401 "-" "Mozilla/5.0 (Windows NT 10.0; Win64; x64) AppleWebKit/537.36 (KHTML, like Gecko) Chrome/131.0.0.0 Safari/537.36"
185.241.208.229 - - [13/Jul/2025:21:50:00 +0000] "POST /xmlrpc.php HTTP/1.1" 200 401 "-" "Mozilla/5.0 (Windows NT 10.0; Win64; x64) AppleWebKit/537.36 (KHTML, like Gecko) Chrome/131.0.0.0 Safari/537.36"
185.241.208.229 - - [13/Jul/2025:21:50:01 +0000] "POST /xmlrpc.php HTTP/1.1" 200 401 "-" "Mozilla/5.0 (Windows NT 10.0; Win64; x64) AppleWebKit/537.36 (KHTML, like Gecko) Chrome/131.0.0.0 Safari/537.36"
185.241.208.229 - - [13/Jul/2025:21:50:02 +0000] "POST /xmlrpc.php HTTP/1.1" 200 401 "-" "Mozilla/5.0 (Windows NT 10.0; Win64; x64) AppleWebKit/537.36 (KHTML, like Gecko) Chrome/131.0.0.0 Safari/537.36"
185.241.208.229 - - [13/Jul/2025:21:50:04 +0000] "POST /xmlrpc.php HTTP/1.1" 200 401 "-" "Mozilla/5.0 (Windows NT 10.0; Win64; x64) AppleWebKit/537.36 (KHTML, like Gecko) Chrome/131.0.0.0 Safari/537.36"
185.241.208.229 - - [13/Jul/2025:21:50:05 +0000] "POST /xmlrpc.php HTTP/1.1" 200 401 "-" "Mozilla/5.0 (Windows NT 10.0; Win64; x64) AppleWebKit/537.36 (KHTML, like Gecko) Chrome/131.0.0.0 Safari/537.36"
185.241.208.229 - - [13/Jul/2025:21:50:09 +0000] "POST /xmlrpc.php HTTP/1.1" 200 401 "-" "Mozilla/5.0 (Windows NT 10.0; Win64; x64) AppleWebKit/537.36 (KHTML, like Gecko) Chrome/131.0.0.0 Safari/537.36"
185.241.208.229 - - [13/Jul/2025:21:50:10 +0000] "POST /xmlrpc.php HTTP/1.1" 200 401 "-" "Mozilla/5.0 (Windows NT 10.0; Win64; x64) AppleWebKit/537.36 (KHTML, like Gecko) Chrome/131.0.0.0 Safari/537.36"
185.241.208.229 - - [13/Jul/2025:21:50:14 +0000] "POST /xmlrpc.php HTTP/1.1" 200 401 "-" "Mozilla/5.0 (Windows NT 10.0; Win64; x64) AppleWebKit/537.36 (KHTML, like Gecko) Chrome/131.0.0.0 Safari/537.36"
185.241.208.229 - - [13/Jul/2025:21:50:14 +0000] "POST /xmlrpc.php HTTP/1.1" 200 401 "-" "Mozilla/5.0 (Windows NT 10.0; Win64; x64) AppleWebKit/537.36 (KHTML, like Gecko) Chrome/131.0.0.0 Safari/537.36"
185.241.208.229 - - [13/Jul/2025:21:50:16 +0000] "POST /xmlrpc.php HTTP/1.1" 200 401 "-" "Mozilla/5.0 (Windows NT 10.0; Win64; x64) AppleWebKit/537.36 (KHTML, like Gecko) Chrome/131.0.0.0 Safari/537.36"
185.241.208.229 - - [13/Jul/2025:21:50:18 +0000] "POST /xmlrpc.php HTTP/1.1" 200 401 "-" "Mozilla/5.0 (Windows NT 10.0; Win64; x64) AppleWebKit/537.36 (KHTML, like Gecko) Chrome/131.0.0.0 Safari/537.36"
185.241.208.229 - - [13/Jul/2025:21:50:20 +0000] "POST /xmlrpc.php HTTP/1.1" 200 401 "-" "Mozilla/5.0 (Windows NT 10.0; Win64; x64) AppleWebKit/537.36 (KHTML, like Gecko) Chrome/131.0.0.0 Safari/537.36"
185.241.208.229 - - [13/Jul/2025:21:50:21 +0000] "POST /xmlrpc.php HTTP/1.1" 200 401 "-" "Mozilla/5.0 (Windows NT 10.0; Win64; x64) AppleWebKit/537.36 (KHTML, like Gecko) Chrome/131.0.0.0 Safari/537.36"
185.241.208.229 - - [13/Jul/2025:21:50:21 +0000] "POST /xmlrpc.php HTTP/1.1" 200 401 "-" "Mozilla/5.0 (Windows NT 10.0; Win64; x64) AppleWebKit/537.36 (KHTML, like Gecko) Chrome/131.0.0.0 Safari/537.36"
185.241.208.229 - - [13/Jul/2025:21:50:22 +0000] "POST /xmlrpc.php HTTP/1.1" 200 401 "-" "Mozilla/5.0 (Windows NT 10.0; Win64; x64) AppleWebKit/537.36 (KHTML, like Gecko) Chrome/131.0.0.0 Safari/537.36"
185.241.208.229 - - [13/Jul/2025:21:50:26 +0000] "POST /xmlrpc.php HTTP/1.1" 200 401 "-" "Mozilla/5.0 (Windows NT 10.0; Win64; x64) AppleWebKit/537.36 (KHTML, like Gecko) Chrome/131.0.0.0 Safari/537.36"
185.241.208.229 - - [13/Jul/2025:21:50:27 +0000] "POST /xmlrpc.php HTTP/1.1" 200 401 "-" "Mozilla/5.0 (Windows NT 10.0; Win64; x64) AppleWebKit/537.36 (KHTML, like Gecko) Chrome/131.0.0.0 Safari/537.36"
185.241.208.229 - - [13/Jul/2025:21:50:28 +0000] "POST /xmlrpc.php HTTP/1.1" 200 401 "-" "Mozilla/5.0 (Windows NT 10.0; Win64; x64) AppleWebKit/537.36 (KHTML, like Gecko) Chrome/131.0.0.0 Safari/537.36"
185.241.208.229 - - [13/Jul/2025:21:50:30 +0000] "POST /xmlrpc.php HTTP/1.1" 200 401 "-" "Mozilla/5.0 (Windows NT 10.0; Win64; x64) AppleWebKit/537.36 (KHTML, like Gecko) Chrome/131.0.0.0 Safari/537.36"
66.249.65.36 - - [13/Jul/2025:21:50:32 +0000] "GET /?x=5887565021800&mod=29921001&uri=category-info.php%3Fid%3D196610-155%26name%3Dpolk+db521 HTTP/1.1" 200 21467 "-" "Mozilla/5.0 (Linux; Android 6.0.1; Nexus 5X Build/MMB29P) AppleWebKit/537.36 (KHTML, like Gecko) Chrome/137.0.7151.103 Mobile Safari/537.36 (compatible; Googlebot/2.1; +http://www.google.com/bot.html)"
66.249.65.37 - - [13/Jul/2025:21:50:33 +0000] "GET /?x=5642216071800&mod=55d99a37&uri=search.php%3Fid%3D188391-315%26name%3Darmband+holzuhren HTTP/1.1" 200 20755 "-" "Mozilla/5.0 (Linux; Android 6.0.1; Nexus 5X Build/MMB29P) AppleWebKit/537.36 (KHTML, like Gecko) Chrome/137.0.7151.103 Mobile Safari/537.36 (compatible; Googlebot/2.1; +http://www.google.com/bot.html)"
209.74.77.214 - - [13/Jul/2025:21:50:34 +0000] "POST /wp-cron.php?doing_wp_cron=1752443434.4805920124053955078125 HTTP/1.1" 200 - "-" "WordPress/6.8.1; https://kraft-court.cafe"
185.241.208.229 - - [13/Jul/2025:21:50:34 +0000] "POST /xmlrpc.php HTTP/1.1" 200 401 "-" "Mozilla/5.0 (Windows NT 10.0; Win64; x64) AppleWebKit/537.36 (KHTML, like Gecko) Chrome/131.0.0.0 Safari/537.36"
66.249.65.35 - - [13/Jul/2025:21:50:35 +0000] "GET /?x=5721629031800&mod=333cb763&uri=shop.php%3Fid%3D191061-334%26name%3D121045+the+promised+neverland HTTP/1.1" 200 22533 "-" "Mozilla/5.0 (Linux; Android 6.0.1; Nexus 5X Build/MMB29P) AppleWebKit/537.36 (KHTML, like Gecko) Chrome/137.0.7151.103 Mobile Safari/537.36 (compatible; Googlebot/2.1; +http://www.google.com/bot.html)"
185.241.208.229 - - [13/Jul/2025:21:50:36 +0000] "POST /xmlrpc.php HTTP/1.1" 200 401 "-" "Mozilla/5.0 (Windows NT 10.0; Win64; x64) AppleWebKit/537.36 (KHTML, like Gecko) Chrome/131.0.0.0 Safari/537.36"
185.241.208.229 - - [13/Jul/2025:21:50:36 +0000] "POST /xmlrpc.php HTTP/1.1" 200 401 "-" "Mozilla/5.0 (Windows NT 10.0; Win64; x64) AppleWebKit/537.36 (KHTML, like Gecko) Chrome/131.0.0.0 Safari/537.36"
185.241.208.229 - - [13/Jul/2025:21:50:37 +0000] "POST /xmlrpc.php HTTP/1.1" 200 401 "-" "Mozilla/5.0 (Windows NT 10.0; Win64; x64) AppleWebKit/537.36 (KHTML, like Gecko) Chrome/131.0.0.0 Safari/537.36"
185.241.208.229 - - [13/Jul/2025:21:50:39 +0000] "POST /xmlrpc.php HTTP/1.1" 200 401 "-" "Mozilla/5.0 (Windows NT 10.0; Win64; x64) AppleWebKit/537.36 (KHTML, like Gecko) Chrome/131.0.0.0 Safari/537.36"
185.241.208.229 - - [13/Jul/2025:21:50:40 +0000] "POST /xmlrpc.php HTTP/1.1" 200 401 "-" "Mozilla/5.0 (Windows NT 10.0; Win64; x64) AppleWebKit/537.36 (KHTML, like Gecko) Chrome/131.0.0.0 Safari/537.36"
185.241.208.229 - - [13/Jul/2025:21:50:40 +0000] "POST /xmlrpc.php HTTP/1.1" 200 401 "-" "Mozilla/5.0 (Windows NT 10.0; Win64; x64) AppleWebKit/537.36 (KHTML, like Gecko) Chrome/131.0.0.0 Safari/537.36"
66.249.65.35 - - [13/Jul/2025:21:50:42 +0000] "POST /get-message-notify HTTP/1.1" 200 21863 "https://kraft-court.cafe/?x=5721629031800&mod=333cb763&uri=shop.php%3Fid%3D191061-334%26name%3D121045+the+promised+neverland" "Mozilla/5.0 (Linux; Android 6.0.1; Nexus 5X Build/MMB29P) AppleWebKit/537.36 (KHTML, like Gecko) Chrome/137.0.7151.119 Mobile Safari/537.36 (compatible; Googlebot/2.1; +http://www.google.com/bot.html)"
185.241.208.229 - - [13/Jul/2025:21:50:42 +0000] "POST /xmlrpc.php HTTP/1.1" 200 401 "-" "Mozilla/5.0 (Windows NT 10.0; Win64; x64) AppleWebKit/537.36 (KHTML, like Gecko) Chrome/131.0.0.0 Safari/537.36"
209.74.77.214 - - [13/Jul/2025:21:50:44 +0000] "POST /wp-cron.php?doing_wp_cron=1752443444.5519831180572509765625 HTTP/1.1" 200 - "-" "WordPress/6.8.1; https://kraft-court.cafe"
185.241.208.229 - - [13/Jul/2025:21:50:44 +0000] "POST /wp-login.php HTTP/1.1" 200 5725 "https://kraft-court.cafe/wp-login.php" "Mozilla/5.0 (Windows NT 10.0; Win64; x64) AppleWebKit/537.36 (KHTML, like Gecko) Chrome/131.0.0.0 Safari/537.36"
185.241.208.229 - - [13/Jul/2025:21:50:44 +0000] "POST /wp-login.php HTTP/1.1" 200 5725 "https://kraft-court.cafe/wp-login.php" "Mozilla/5.0 (Windows NT 10.0; Win64; x64) AppleWebKit/537.36 (KHTML, like Gecko) Chrome/131.0.0.0 Safari/537.36"
185.241.208.229 - - [13/Jul/2025:21:50:44 +0000] "POST /wp-login.php HTTP/1.1" 200 5725 "https://kraft-court.cafe/wp-login.php" "Mozilla/5.0 (Windows NT 10.0; Win64; x64) AppleWebKit/537.36 (KHTML, like Gecko) Chrome/131.0.0.0 Safari/537.36"
185.241.208.229 - - [13/Jul/2025:21:50:45 +0000] "POST /wp-login.php HTTP/1.1" 200 5725 "https://kraft-court.cafe/wp-login.php" "Mozilla/5.0 (Windows NT 10.0; Win64; x64) AppleWebKit/537.36 (KHTML, like Gecko) Chrome/131.0.0.0 Safari/537.36"
185.241.208.229 - - [13/Jul/2025:21:50:45 +0000] "POST /wp-login.php HTTP/1.1" 200 5725 "https://kraft-court.cafe/wp-login.php" "Mozilla/5.0 (Windows NT 10.0; Win64; x64) AppleWebKit/537.36 (KHTML, like Gecko) Chrome/131.0.0.0 Safari/537.36"
185.241.208.229 - - [13/Jul/2025:21:50:45 +0000] "POST /wp-login.php HTTP/1.1" 200 5725 "https://kraft-court.cafe/wp-login.php" "Mozilla/5.0 (Windows NT 10.0; Win64; x64) AppleWebKit/537.36 (KHTML, like Gecko) Chrome/131.0.0.0 Safari/537.36"
185.241.208.229 - - [13/Jul/2025:21:50:45 +0000] "POST /wp-login.php HTTP/1.1" 200 5725 "https://kraft-court.cafe/wp-login.php" "Mozilla/5.0 (Windows NT 10.0; Win64; x64) AppleWebKit/537.36 (KHTML, like Gecko) Chrome/131.0.0.0 Safari/537.36"
185.241.208.229 - - [13/Jul/2025:21:50:46 +0000] "POST /wp-login.php HTTP/1.1" 200 5725 "https://kraft-court.cafe/wp-login.php" "Mozilla/5.0 (Windows NT 10.0; Win64; x64) AppleWebKit/537.36 (KHTML, like Gecko) Chrome/131.0.0.0 Safari/537.36"
185.241.208.229 - - [13/Jul/2025:21:50:46 +0000] "POST /wp-login.php HTTP/1.1" 200 5725 "https://kraft-court.cafe/wp-login.php" "Mozilla/5.0 (Windows NT 10.0; Win64; x64) AppleWebKit/537.36 (KHTML, like Gecko) Chrome/131.0.0.0 Safari/537.36"
185.241.208.229 - - [13/Jul/2025:21:50:46 +0000] "POST /wp-login.php HTTP/1.1" 200 5725 "https://kraft-court.cafe/wp-login.php" "Mozilla/5.0 (Windows NT 10.0; Win64; x64) AppleWebKit/537.36 (KHTML, like Gecko) Chrome/131.0.0.0 Safari/537.36"
185.241.208.229 - - [13/Jul/2025:21:50:46 +0000] "POST /wp-login.php HTTP/1.1" 200 5725 "https://kraft-court.cafe/wp-login.php" "Mozilla/5.0 (Windows NT 10.0; Win64; x64) AppleWebKit/537.36 (KHTML, like Gecko) Chrome/131.0.0.0 Safari/537.36"
185.241.208.229 - - [13/Jul/2025:21:50:47 +0000] "POST /wp-login.php HTTP/1.1" 200 5725 "https://kraft-court.cafe/wp-login.php" "Mozilla/5.0 (Windows NT 10.0; Win64; x64) AppleWebKit/537.36 (KHTML, like Gecko) Chrome/131.0.0.0 Safari/537.36"
185.241.208.229 - - [13/Jul/2025:21:50:47 +0000] "POST /wp-login.php HTTP/1.1" 200 5725 "https://kraft-court.cafe/wp-login.php" "Mozilla/5.0 (Windows NT 10.0; Win64; x64) AppleWebKit/537.36 (KHTML, like Gecko) Chrome/131.0.0.0 Safari/537.36"
185.241.208.229 - - [13/Jul/2025:21:50:47 +0000] "POST /wp-login.php HTTP/1.1" 200 5725 "https://kraft-court.cafe/wp-login.php" "Mozilla/5.0 (Windows NT 10.0; Win64; x64) AppleWebKit/537.36 (KHTML, like Gecko) Chrome/131.0.0.0 Safari/537.36"
185.241.208.229 - - [13/Jul/2025:21:50:47 +0000] "POST /wp-login.php HTTP/1.1" 200 5725 "https://kraft-court.cafe/wp-login.php" "Mozilla/5.0 (Windows NT 10.0; Win64; x64) AppleWebKit/537.36 (KHTML, like Gecko) Chrome/131.0.0.0 Safari/537.36"
185.241.208.229 - - [13/Jul/2025:21:50:47 +0000] "POST /wp-login.php HTTP/1.1" 200 5725 "https://kraft-court.cafe/wp-login.php" "Mozilla/5.0 (Windows NT 10.0; Win64; x64) AppleWebKit/537.36 (KHTML, like Gecko) Chrome/131.0.0.0 Safari/537.36"
185.241.208.229 - - [13/Jul/2025:21:50:48 +0000] "POST /wp-login.php HTTP/1.1" 200 5725 "https://kraft-court.cafe/wp-login.php" "Mozilla/5.0 (Windows NT 10.0; Win64; x64) AppleWebKit/537.36 (KHTML, like Gecko) Chrome/131.0.0.0 Safari/537.36"
185.241.208.229 - - [13/Jul/2025:21:50:48 +0000] "POST /wp-login.php HTTP/1.1" 200 5725 "https://kraft-court.cafe/wp-login.php" "Mozilla/5.0 (Windows NT 10.0; Win64; x64) AppleWebKit/537.36 (KHTML, like Gecko) Chrome/131.0.0.0 Safari/537.36"
185.241.208.229 - - [13/Jul/2025:21:50:48 +0000] "POST /wp-login.php HTTP/1.1" 200 5725 "https://kraft-court.cafe/wp-login.php" "Mozilla/5.0 (Windows NT 10.0; Win64; x64) AppleWebKit/537.36 (KHTML, like Gecko) Chrome/131.0.0.0 Safari/537.36"
185.241.208.229 - - [13/Jul/2025:21:50:48 +0000] "POST /wp-login.php HTTP/1.1" 200 5725 "https://kraft-court.cafe/wp-login.php" "Mozilla/5.0 (Windows NT 10.0; Win64; x64) AppleWebKit/537.36 (KHTML, like Gecko) Chrome/131.0.0.0 Safari/537.36"
185.241.208.229 - - [13/Jul/2025:21:50:49 +0000] "POST /wp-login.php HTTP/1.1" 200 5725 "https://kraft-court.cafe/wp-login.php" "Mozilla/5.0 (Windows NT 10.0; Win64; x64) AppleWebKit/537.36 (KHTML, like Gecko) Chrome/131.0.0.0 Safari/537.36"
185.241.208.229 - - [13/Jul/2025:21:50:49 +0000] "POST /wp-login.php HTTP/1.1" 200 5725 "https://kraft-court.cafe/wp-login.php" "Mozilla/5.0 (Windows NT 10.0; Win64; x64) AppleWebKit/537.36 (KHTML, like Gecko) Chrome/131.0.0.0 Safari/537.36"
185.241.208.229 - - [13/Jul/2025:21:50:49 +0000] "POST /wp-login.php HTTP/1.1" 200 5725 "https://kraft-court.cafe/wp-login.php" "Mozilla/5.0 (Windows NT 10.0; Win64; x64) AppleWebKit/537.36 (KHTML, like Gecko) Chrome/131.0.0.0 Safari/537.36"
185.241.208.229 - - [13/Jul/2025:21:50:49 +0000] "POST /wp-login.php HTTP/1.1" 200 5725 "https://kraft-court.cafe/wp-login.php" "Mozilla/5.0 (Windows NT 10.0; Win64; x64) AppleWebKit/537.36 (KHTML, like Gecko) Chrome/131.0.0.0 Safari/537.36"
185.241.208.229 - - [13/Jul/2025:21:50:50 +0000] "POST /wp-login.php HTTP/1.1" 200 5725 "https://kraft-court.cafe/wp-login.php" "Mozilla/5.0 (Windows NT 10.0; Win64; x64) AppleWebKit/537.36 (KHTML, like Gecko) Chrome/131.0.0.0 Safari/537.36"
185.241.208.229 - - [13/Jul/2025:21:50:50 +0000] "POST /wp-login.php HTTP/1.1" 200 5725 "https://kraft-court.cafe/wp-login.php" "Mozilla/5.0 (Windows NT 10.0; Win64; x64) AppleWebKit/537.36 (KHTML, like Gecko) Chrome/131.0.0.0 Safari/537.36"
185.241.208.229 - - [13/Jul/2025:21:50:50 +0000] "POST /wp-login.php HTTP/1.1" 200 5725 "https://kraft-court.cafe/wp-login.php" "Mozilla/5.0 (Windows NT 10.0; Win64; x64) AppleWebKit/537.36 (KHTML, like Gecko) Chrome/131.0.0.0 Safari/537.36"
185.241.208.229 - - [13/Jul/2025:21:50:50 +0000] "POST /wp-login.php HTTP/1.1" 200 5725 "https://kraft-court.cafe/wp-login.php" "Mozilla/5.0 (Windows NT 10.0; Win64; x64) AppleWebKit/537.36 (KHTML, like Gecko) Chrome/131.0.0.0 Safari/537.36"
185.241.208.229 - - [13/Jul/2025:21:50:51 +0000] "POST /wp-login.php HTTP/1.1" 200 5725 "https://kraft-court.cafe/wp-login.php" "Mozilla/5.0 (Windows NT 10.0; Win64; x64) AppleWebKit/537.36 (KHTML, like Gecko) Chrome/131.0.0.0 Safari/537.36"
185.241.208.229 - - [13/Jul/2025:21:50:51 +0000] "POST /wp-login.php HTTP/1.1" 200 5725 "https://kraft-court.cafe/wp-login.php" "Mozilla/5.0 (Windows NT 10.0; Win64; x64) AppleWebKit/537.36 (KHTML, like Gecko) Chrome/131.0.0.0 Safari/537.36"
185.241.208.229 - - [13/Jul/2025:21:50:51 +0000] "POST /wp-login.php HTTP/1.1" 200 5725 "https://kraft-court.cafe/wp-login.php" "Mozilla/5.0 (Windows NT 10.0; Win64; x64) AppleWebKit/537.36 (KHTML, like Gecko) Chrome/131.0.0.0 Safari/537.36"
185.241.208.229 - - [13/Jul/2025:21:50:51 +0000] "POST /wp-login.php HTTP/1.1" 200 5725 "https://kraft-court.cafe/wp-login.php" "Mozilla/5.0 (Windows NT 10.0; Win64; x64) AppleWebKit/537.36 (KHTML, like Gecko) Chrome/131.0.0.0 Safari/537.36"
185.241.208.229 - - [13/Jul/2025:21:50:51 +0000] "POST /wp-login.php HTTP/1.1" 200 5725 "https://kraft-court.cafe/wp-login.php" "Mozilla/5.0 (Windows NT 10.0; Win64; x64) AppleWebKit/537.36 (KHTML, like Gecko) Chrome/131.0.0.0 Safari/537.36"
185.241.208.229 - - [13/Jul/2025:21:50:52 +0000] "POST /wp-login.php HTTP/1.1" 200 5725 "https://kraft-court.cafe/wp-login.php" "Mozilla/5.0 (Windows NT 10.0; Win64; x64) AppleWebKit/537.36 (KHTML, like Gecko) Chrome/131.0.0.0 Safari/537.36"
185.241.208.229 - - [13/Jul/2025:21:50:52 +0000] "POST /wp-login.php HTTP/1.1" 200 5725 "https://kraft-court.cafe/wp-login.php" "Mozilla/5.0 (Windows NT 10.0; Win64; x64) AppleWebKit/537.36 (KHTML, like Gecko) Chrome/131.0.0.0 Safari/537.36"
185.241.208.229 - - [13/Jul/2025:21:50:52 +0000] "POST /wp-login.php HTTP/1.1" 200 5725 "https://kraft-court.cafe/wp-login.php" "Mozilla/5.0 (Windows NT 10.0; Win64; x64) AppleWebKit/537.36 (KHTML, like Gecko) Chrome/131.0.0.0 Safari/537.36"
185.241.208.229 - - [13/Jul/2025:21:50:52 +0000] "POST /wp-login.php HTTP/1.1" 200 5725 "https://kraft-court.cafe/wp-login.php" "Mozilla/5.0 (Windows NT 10.0; Win64; x64) AppleWebKit/537.36 (KHTML, like Gecko) Chrome/131.0.0.0 Safari/537.36"
