66.249.65.36 - - [13/Jul/2025:15:52:39 +0000] "GET /?x=111296233011800&mod=790ed1be&uri=dp.php%3Fid%3D3714323-1442%26name%3Dorologi+barbosa HTTP/1.1" 200 21050 "-" "Mozilla/5.0 (Linux; Android 6.0.1; Nexus 5X Build/MMB29P) AppleWebKit/537.36 (KHTML, like Gecko) Chrome/137.0.7151.103 Mobile Safari/537.36 (compatible; Googlebot/2.1; +http://www.google.com/bot.html)"
66.249.65.35 - - [13/Jul/2025:15:52:41 +0000] "GET /?x=111121711001800&mod=2de7cf20&uri=info.php%3Fid%3D3708482-333%26name%3Dpandora+moments+pave+padlock HTTP/1.1" 200 21190 "-" "Mozilla/5.0 (Linux; Android 6.0.1; Nexus 5X Build/MMB29P) AppleWebKit/537.36 (KHTML, like Gecko) Chrome/137.0.7151.103 Mobile Safari/537.36 (compatible; Googlebot/2.1; +http://www.google.com/bot.html)"
66.249.65.35 - - [13/Jul/2025:15:52:44 +0000] "GET /?x=111280633061800&mod=790ed1be&uri=news.php%3Fid%3D3713803-1442%26name%3Dorologi+stuhrling HTTP/1.1" 200 20659 "-" "Mozilla/5.0 (Linux; Android 6.0.1; Nexus 5X Build/MMB29P) AppleWebKit/537.36 (KHTML, like Gecko) Chrome/137.0.7151.103 Mobile Safari/537.36 (compatible; Googlebot/2.1; +http://www.google.com/bot.html)"
66.249.65.36 - - [13/Jul/2025:15:52:46 +0000] "GET /?x=111285433031800&mod=790ed1be&uri=blog.php%3Fid%3D3713963-1442%26name%3Ddatejust+oro HTTP/1.1" 200 21465 "-" "Mozilla/5.0 (Linux; Android 6.0.1; Nexus 5X Build/MMB29P) AppleWebKit/537.36 (KHTML, like Gecko) Chrome/137.0.7151.103 Mobile Safari/537.36 (compatible; Googlebot/2.1; +http://www.google.com/bot.html)"
66.249.65.35 - - [13/Jul/2025:15:52:49 +0000] "GET /?x=111288733011800&mod=790ed1be&uri=goods.php%3Fid%3D3714073-1442%26name%3Dbracciali+rolex HTTP/1.1" 200 20974 "-" "Mozilla/5.0 (Linux; Android 6.0.1; Nexus 5X Build/MMB29P) AppleWebKit/537.36 (KHTML, like Gecko) Chrome/137.0.7151.103 Mobile Safari/537.36 (compatible; Googlebot/2.1; +http://www.google.com/bot.html)"
66.249.65.35 - - [13/Jul/2025:15:52:51 +0000] "GET /?x=111284233031800&mod=5c376f6d&uri=search.php%3Fid%3D3713923-863%26name%3Dfelpa+gosha+x+adidas HTTP/1.1" 200 22476 "-" "Mozilla/5.0 (Linux; Android 6.0.1; Nexus 5X Build/MMB29P) AppleWebKit/537.36 (KHTML, like Gecko) Chrome/137.0.7151.103 Mobile Safari/537.36 (compatible; Googlebot/2.1; +http://www.google.com/bot.html)"
66.249.65.35 - - [13/Jul/2025:15:52:54 +0000] "GET /?x=111121741031800&mod=2de7cf20&uri=search.php%3Fid%3D3708483-333%26name%3Dpandora+moments+pave+heart HTTP/1.1" 200 21165 "-" "Mozilla/5.0 (Linux; Android 6.0.1; Nexus 5X Build/MMB29P) AppleWebKit/537.36 (KHTML, like Gecko) Chrome/137.0.7151.103 Mobile Safari/537.36 (compatible; Googlebot/2.1; +http://www.google.com/bot.html)"
66.249.65.35 - - [13/Jul/2025:15:52:55 +0000] "GET /?x=111141018041800&mod=a6db4ed0&uri=pin.php%3Fid%3D3709126-287%26name%3Dgimbal+smooth HTTP/1.1" 200 21906 "-" "Mozilla/5.0 (Linux; Android 6.0.1; Nexus 5X Build/MMB29P) AppleWebKit/537.36 (KHTML, like Gecko) Chrome/137.0.7151.103 Mobile Safari/537.36 (compatible; Googlebot/2.1; +http://www.google.com/bot.html)"
66.249.65.36 - - [13/Jul/2025:15:52:56 +0000] "GET /?x=111285733051800&mod=5c376f6d&uri=shared.php%3Fid%3D3713973-863%26name%3Dtabella+scarpe+fila HTTP/1.1" 200 21808 "-" "Mozilla/5.0 (Linux; Android 6.0.1; Nexus 5X Build/MMB29P) AppleWebKit/537.36 (KHTML, like Gecko) Chrome/137.0.7151.103 Mobile Safari/537.36 (compatible; Googlebot/2.1; +http://www.google.com/bot.html)"
66.249.65.35 - - [13/Jul/2025:15:52:57 +0000] "POST /get-message-notify HTTP/1.1" 200 21863 "https://kraft-court.cafe/?x=111121741031800&mod=2de7cf20&uri=search.php%3Fid%3D3708483-333%26name%3Dpandora+moments+pave+heart" "Mozilla/5.0 (Linux; Android 6.0.1; Nexus 5X Build/MMB29P) AppleWebKit/537.36 (KHTML, like Gecko) Chrome/137.0.7151.119 Mobile Safari/537.36 (compatible; Googlebot/2.1; +http://www.google.com/bot.html)"
66.249.65.36 - - [13/Jul/2025:15:52:58 +0000] "GET /?x=110613165031800&mod=2de7cf20&uri=pin.php%3Fid%3D3691515-333%26name%3Db+pop+arty+beads+target HTTP/1.1" 200 21795 "-" "Mozilla/5.0 (Linux; Android 6.0.1; Nexus 5X Build/MMB29P) AppleWebKit/537.36 (KHTML, like Gecko) Chrome/137.0.7151.103 Mobile Safari/537.36 (compatible; Googlebot/2.1; +http://www.google.com/bot.html)"
66.249.65.36 - - [13/Jul/2025:15:52:59 +0000] "POST /get-message-notify HTTP/1.1" 200 21868 "https://kraft-court.cafe/?x=111285733051800&mod=5c376f6d&uri=shared.php%3Fid%3D3713973-863%26name%3Dtabella+scarpe+fila" "Mozilla/5.0 (Linux; Android 6.0.1; Nexus 5X Build/MMB29P) AppleWebKit/537.36 (KHTML, like Gecko) Chrome/137.0.7151.119 Mobile Safari/537.36 (compatible; Googlebot/2.1; +http://www.google.com/bot.html)"
66.249.65.35 - - [13/Jul/2025:15:53:01 +0000] "GET /?x=111292333031800&mod=5c376f6d&uri=pin.php%3Fid%3D3714193-863%26name%3Dfelpa+a+zip+adidas HTTP/1.1" 200 22325 "-" "Mozilla/5.0 (Linux; Android 6.0.1; Nexus 5X Build/MMB29P) AppleWebKit/537.36 (KHTML, like Gecko) Chrome/137.0.7151.103 Mobile Safari/537.36 (compatible; Googlebot/2.1; +http://www.google.com/bot.html)"
66.249.65.36 - - [13/Jul/2025:15:53:02 +0000] "GET /?x=111286033061800&mod=790ed1be&uri=goods.php%3Fid%3D3713983-1442%26name%3Dorologio+michael+kors+oro+rosa HTTP/1.1" 200 21505 "-" "Mozilla/5.0 (Linux; Android 6.0.1; Nexus 5X Build/MMB29P) AppleWebKit/537.36 (KHTML, like Gecko) Chrome/137.0.7151.103 Mobile Safari/537.36 (compatible; Googlebot/2.1; +http://www.google.com/bot.html)"
66.249.65.35 - - [13/Jul/2025:15:53:03 +0000] "GET /?x=111295933011800&mod=5c376f6d&uri=shop.php%3Fid%3D3714313-863%26name%3Dgrisport+72003 HTTP/1.1" 200 21632 "-" "Mozilla/5.0 (Linux; Android 6.0.1; Nexus 5X Build/MMB29P) AppleWebKit/537.36 (KHTML, like Gecko) Chrome/137.0.7151.103 Mobile Safari/537.36 (compatible; Googlebot/2.1; +http://www.google.com/bot.html)"
66.249.65.35 - - [13/Jul/2025:15:53:04 +0000] "GET /?x=111298614031800&mod=3e5190ee&uri=brands.php%3Fid%3D3714403-797%26name%3Dkappa+training+pants HTTP/1.1" 200 21782 "-" "Mozilla/5.0 (Linux; Android 6.0.1; Nexus 5X Build/MMB29P) AppleWebKit/537.36 (KHTML, like Gecko) Chrome/137.0.7151.103 Mobile Safari/537.36 (compatible; Googlebot/2.1; +http://www.google.com/bot.html)"
66.249.65.35 - - [13/Jul/2025:15:53:08 +0000] "POST /get-message-notify HTTP/1.1" 200 21864 "https://kraft-court.cafe/?x=111298614031800&mod=3e5190ee&uri=brands.php%3Fid%3D3714403-797%26name%3Dkappa+training+pants" "Mozilla/5.0 (Linux; Android 6.0.1; Nexus 5X Build/MMB29P) AppleWebKit/537.36 (KHTML, like Gecko) Chrome/137.0.7151.119 Mobile Safari/537.36 (compatible; Googlebot/2.1; +http://www.google.com/bot.html)"
66.249.65.35 - - [13/Jul/2025:15:53:08 +0000] "GET /?x=111292033071800&mod=790ed1be&uri=article.php%3Fid%3D3714183-1442%26name%3Dorologi+lorenz+oro+18k HTTP/1.1" 200 21356 "-" "Mozilla/5.0 (Linux; Android 6.0.1; Nexus 5X Build/MMB29P) AppleWebKit/537.36 (KHTML, like Gecko) Chrome/137.0.7151.103 Mobile Safari/537.36 (compatible; Googlebot/2.1; +http://www.google.com/bot.html)"
66.249.65.35 - - [13/Jul/2025:15:53:11 +0000] "GET /?x=111301014051800&mod=c793b3be&uri=shared.php%3Fid%3D3714483-440%26name%3Dgarmin+vivoactive+men HTTP/1.1" 200 21295 "-" "Mozilla/5.0 (Linux; Android 6.0.1; Nexus 5X Build/MMB29P) AppleWebKit/537.36 (KHTML, like Gecko) Chrome/137.0.7151.103 Mobile Safari/537.36 (compatible; Googlebot/2.1; +http://www.google.com/bot.html)"
66.249.65.35 - - [13/Jul/2025:15:53:13 +0000] "GET /?x=111292633011800&mod=790ed1be&uri=blog.php%3Fid%3D3714203-1442%26name%3Dorologio+bulova+prezzo HTTP/1.1" 200 21478 "-" "Mozilla/5.0 (Linux; Android 6.0.1; Nexus 5X Build/MMB29P) AppleWebKit/537.36 (KHTML, like Gecko) Chrome/137.0.7151.103 Mobile Safari/537.36 (compatible; Googlebot/2.1; +http://www.google.com/bot.html)"
66.249.65.35 - - [13/Jul/2025:15:53:18 +0000] "GET /?x=111283033011800&mod=5c376f6d&uri=article.php%3Fid%3D3713883-863%26name%3Dtuta+grigia+adidas+donna HTTP/1.1" 200 22364 "-" "Mozilla/5.0 (Linux; Android 6.0.1; Nexus 5X Build/MMB29P) AppleWebKit/537.36 (KHTML, like Gecko) Chrome/137.0.7151.103 Mobile Safari/537.36 (compatible; Googlebot/2.1; +http://www.google.com/bot.html)"
66.249.65.35 - - [13/Jul/2025:15:53:20 +0000] "GET /?x=111298914051800&mod=7d806ddd&uri=us.php%3Fid%3D3714413-1299%26name%3Dluxury+parfum+lidl+dupe HTTP/1.1" 200 21322 "-" "Mozilla/5.0 (Linux; Android 6.0.1; Nexus 5X Build/MMB29P) AppleWebKit/537.36 (KHTML, like Gecko) Chrome/137.0.7151.103 Mobile Safari/537.36 (compatible; Googlebot/2.1; +http://www.google.com/bot.html)"
66.249.65.35 - - [13/Jul/2025:15:53:22 +0000] "POST /get-message-notify HTTP/1.1" 200 21872 "https://kraft-court.cafe/?x=111292633011800&mod=790ed1be&uri=blog.php%3Fid%3D3714203-1442%26name%3Dorologio+bulova+prezzo" "Mozilla/5.0 (Linux; Android 6.0.1; Nexus 5X Build/MMB29P) AppleWebKit/537.36 (KHTML, like Gecko) Chrome/137.0.7151.119 Mobile Safari/537.36 (compatible; Googlebot/2.1; +http://www.google.com/bot.html)"
66.249.65.35 - - [13/Jul/2025:15:53:23 +0000] "GET /?x=111281233051800&mod=790ed1be&uri=brands.php%3Fid%3D3713823-1442%26name%3Dorologio+maurice+lacroix HTTP/1.1" 200 21722 "-" "Mozilla/5.0 (Linux; Android 6.0.1; Nexus 5X Build/MMB29P) AppleWebKit/537.36 (KHTML, like Gecko) Chrome/137.0.7151.103 Mobile Safari/537.36 (compatible; Googlebot/2.1; +http://www.google.com/bot.html)"
66.249.65.35 - - [13/Jul/2025:15:53:25 +0000] "GET /?x=111294433011800&mod=790ed1be&uri=pin.php%3Fid%3D3714263-1442%26name%3Dsector+anni+90 HTTP/1.1" 200 21089 "-" "Mozilla/5.0 (Linux; Android 6.0.1; Nexus 5X Build/MMB29P) AppleWebKit/537.36 (KHTML, like Gecko) Chrome/137.0.7151.103 Mobile Safari/537.36 (compatible; Googlebot/2.1; +http://www.google.com/bot.html)"
66.249.65.35 - - [13/Jul/2025:15:53:28 +0000] "GET /?x=110610195041800&mod=2de7cf20&uri=news.php%3Fid%3D3691416-333%26name%3Dflipkart+neck+choker HTTP/1.1" 200 22986 "-" "Mozilla/5.0 (Linux; Android 6.0.1; Nexus 5X Build/MMB29P) AppleWebKit/537.36 (KHTML, like Gecko) Chrome/137.0.7151.103 Mobile Safari/537.36 (compatible; Googlebot/2.1; +http://www.google.com/bot.html)"
66.249.65.35 - - [13/Jul/2025:15:53:29 +0000] "POST /get-message-notify HTTP/1.1" 200 21868 "https://kraft-court.cafe/?x=111294433011800&mod=790ed1be&uri=pin.php%3Fid%3D3714263-1442%26name%3Dsector+anni+90" "Mozilla/5.0 (Linux; Android 6.0.1; Nexus 5X Build/MMB29P) AppleWebKit/537.36 (KHTML, like Gecko) Chrome/137.0.7151.119 Mobile Safari/537.36 (compatible; Googlebot/2.1; +http://www.google.com/bot.html)"
66.249.65.35 - - [13/Jul/2025:15:53:30 +0000] "GET /?x=111298314011800&mod=790ed1be&uri=article.php%3Fid%3D3714393-1442%26name%3Dblack+friday+orologi HTTP/1.1" 200 21054 "-" "Mozilla/5.0 (Linux; Android 6.0.1; Nexus 5X Build/MMB29P) AppleWebKit/537.36 (KHTML, like Gecko) Chrome/137.0.7151.103 Mobile Safari/537.36 (compatible; Googlebot/2.1; +http://www.google.com/bot.html)"
66.249.65.35 - - [13/Jul/2025:15:53:30 +0000] "GET /?x=34670819061800&mod=9854d7af&uri=brands.php%3Fid%3D1157192-387%26name%3Dcrossfit+gym+floor+mats HTTP/1.1" 200 21472 "-" "Mozilla/5.0 (Linux; Android 6.0.1; Nexus 5X Build/MMB29P) AppleWebKit/537.36 (KHTML, like Gecko) Chrome/137.0.7151.103 Mobile Safari/537.36 (compatible; Googlebot/2.1; +http://www.google.com/bot.html)"
66.249.65.35 - - [13/Jul/2025:15:53:32 +0000] "GET /?x=111282733011800&mod=5c376f6d&uri=us.php%3Fid%3D3713873-863%26name%3Dadidas+tuta+completa+uomo HTTP/1.1" 200 21842 "-" "Mozilla/5.0 (Linux; Android 6.0.1; Nexus 5X Build/MMB29P) AppleWebKit/537.36 (KHTML, like Gecko) Chrome/137.0.7151.103 Mobile Safari/537.36 (compatible; Googlebot/2.1; +http://www.google.com/bot.html)"
66.249.65.35 - - [13/Jul/2025:15:53:36 +0000] "GET /?x=111294733011800&mod=5c376f6d&uri=itm.php%3Fid%3D3714273-863%26name%3Dadidas+giubbino+estivo HTTP/1.1" 200 22168 "-" "Mozilla/5.0 (Linux; Android 6.0.1; Nexus 5X Build/MMB29P) AppleWebKit/537.36 (KHTML, like Gecko) Chrome/137.0.7151.103 Mobile Safari/537.36 (compatible; Googlebot/2.1; +http://www.google.com/bot.html)"
66.249.65.36 - - [13/Jul/2025:15:53:34 +0000] "GET /?x=111277333011800&mod=790ed1be&uri=blog.php%3Fid%3D3713693-1442%26name%3Dorologio+a+cipolla HTTP/1.1" 200 21759 "-" "Mozilla/5.0 (Linux; Android 6.0.1; Nexus 5X Build/MMB29P) AppleWebKit/537.36 (KHTML, like Gecko) Chrome/137.0.7151.103 Mobile Safari/537.36 (compatible; Googlebot/2.1; +http://www.google.com/bot.html)"
66.249.65.36 - - [13/Jul/2025:15:53:41 +0000] "GET /?x=111289033011800&mod=5c376f6d&uri=form.php%3Fid%3D3714083-863%26name%3Dmutande+rosse+per+capodanno+divertenti HTTP/1.1" 200 22219 "-" "Mozilla/5.0 (Linux; Android 6.0.1; Nexus 5X Build/MMB29P) AppleWebKit/537.36 (KHTML, like Gecko) Chrome/137.0.7151.103 Mobile Safari/537.36 (compatible; Googlebot/2.1; +http://www.google.com/bot.html)"
66.249.65.35 - - [13/Jul/2025:15:53:45 +0000] "POST /get-message-notify HTTP/1.1" 200 21863 "https://kraft-court.cafe/?x=111281233051800&mod=790ed1be&uri=brands.php%3Fid%3D3713823-1442%26name%3Dorologio+maurice+lacroix" "Mozilla/5.0 (Linux; Android 6.0.1; Nexus 5X Build/MMB29P) AppleWebKit/537.36 (KHTML, like Gecko) Chrome/137.0.7151.119 Mobile Safari/537.36 (compatible; Googlebot/2.1; +http://www.google.com/bot.html)"
66.249.65.35 - - [13/Jul/2025:15:53:45 +0000] "GET /?x=5725084031800&mod=333cb763&uri=shop.php%3Fid%3D191180-334%26name%3Dlaw+and+order+svu+producer%27s+backend HTTP/1.1" 200 22096 "-" "Mozilla/5.0 (Linux; Android 6.0.1; Nexus 5X Build/MMB29P) AppleWebKit/537.36 (KHTML, like Gecko) Chrome/137.0.7151.103 Mobile Safari/537.36 (compatible; Googlebot/2.1; +http://www.google.com/bot.html)"
66.249.65.35 - - [13/Jul/2025:15:53:46 +0000] "GET /?x=5722846011800&mod=333cb763&uri=category-info.php%3Fid%3D191103-334%26name%3Dlove+island+uk+watch HTTP/1.1" 200 22898 "-" "Mozilla/5.0 (Linux; Android 6.0.1; Nexus 5X Build/MMB29P) AppleWebKit/537.36 (KHTML, like Gecko) Chrome/137.0.7151.103 Mobile Safari/537.36 (compatible; Googlebot/2.1; +http://www.google.com/bot.html)"
66.249.65.36 - - [13/Jul/2025:15:53:47 +0000] "GET /?x=59806514091800&mod=0459f8eb&uri=info.php%3Fid%3D1995791-775%26name%3Dgoogle+nest+wireless+doorbell HTTP/1.1" 200 21507 "-" "Mozilla/5.0 (Linux; Android 6.0.1; Nexus 5X Build/MMB29P) AppleWebKit/537.36 (KHTML, like Gecko) Chrome/137.0.7151.103 Mobile Safari/537.36 (compatible; Googlebot/2.1; +http://www.google.com/bot.html)"
66.249.65.35 - - [13/Jul/2025:15:53:49 +0000] "GET /?x=59804718091800&mod=0459f8eb&uri=brands.php%3Fid%3D1995731-775%26name%3Deufy+wireless+doorbell+2k HTTP/1.1" 200 22078 "-" "Mozilla/5.0 (Linux; Android 6.0.1; Nexus 5X Build/MMB29P) AppleWebKit/537.36 (KHTML, like Gecko) Chrome/137.0.7151.103 Mobile Safari/537.36 (compatible; Googlebot/2.1; +http://www.google.com/bot.html)"
66.249.65.35 - - [13/Jul/2025:15:53:53 +0000] "POST /get-message-notify HTTP/1.1" 200 21863 "https://kraft-court.cafe/?x=59806514091800&mod=0459f8eb&uri=info.php%3Fid%3D1995791-775%26name%3Dgoogle+nest+wireless+doorbell" "Mozilla/5.0 (Linux; Android 6.0.1; Nexus 5X Build/MMB29P) AppleWebKit/537.36 (KHTML, like Gecko) Chrome/137.0.7151.119 Mobile Safari/537.36 (compatible; Googlebot/2.1; +http://www.google.com/bot.html)"
66.249.65.36 - - [13/Jul/2025:15:53:54 +0000] "GET /?x=59807714011800&mod=0459f8eb&uri=products.php%3Fid%3D1995831-775%26name%3Dbluetooth+security+system HTTP/1.1" 200 22325 "-" "Mozilla/5.0 (Linux; Android 6.0.1; Nexus 5X Build/MMB29P) AppleWebKit/537.36 (KHTML, like Gecko) Chrome/137.0.7151.103 Mobile Safari/537.36 (compatible; Googlebot/2.1; +http://www.google.com/bot.html)"
66.249.65.35 - - [13/Jul/2025:15:53:55 +0000] "GET /?x=5667321031800&mod=dc6a7e65&uri=category-info.php%3Fid%3D189231-308%26name%3Dswiss+military+sweatshirt HTTP/1.1" 200 22076 "-" "Mozilla/5.0 (Linux; Android 6.0.1; Nexus 5X Build/MMB29P) AppleWebKit/537.36 (KHTML, like Gecko) Chrome/137.0.7151.103 Mobile Safari/537.36 (compatible; Googlebot/2.1; +http://www.google.com/bot.html)"
66.249.65.35 - - [13/Jul/2025:15:53:59 +0000] "GET /?x=6047964061800&mod=b071cfa8&uri=brands.php%3Fid%3D201962-347%26name%3Dsweat+adidas+rose+homme HTTP/1.1" 200 21434 "-" "Mozilla/5.0 (Linux; Android 6.0.1; Nexus 5X Build/MMB29P) AppleWebKit/537.36 (KHTML, like Gecko) Chrome/137.0.7151.103 Mobile Safari/537.36 (compatible; Googlebot/2.1; +http://www.google.com/bot.html)"
66.249.65.35 - - [13/Jul/2025:15:54:02 +0000] "GET /?x=104428111001800&mod=c5bbd980&uri=goods.php%3Fid%3D3485084-344%26name%3Dshoe+warehouse+customer+service HTTP/1.1" 200 22054 "-" "Mozilla/5.0 (Linux; Android 6.0.1; Nexus 5X Build/MMB29P) AppleWebKit/537.36 (KHTML, like Gecko) Chrome/137.0.7151.103 Mobile Safari/537.36 (compatible; Googlebot/2.1; +http://www.google.com/bot.html)"
66.249.65.35 - - [13/Jul/2025:15:54:04 +0000] "GET /?x=6051564071800&mod=c7b90b0f&uri=blog.php%3Fid%3D202082-348%26name%3Drobes+en+mousseline+fleurie HTTP/1.1" 200 21392 "-" "Mozilla/5.0 (Linux; Android 6.0.1; Nexus 5X Build/MMB29P) AppleWebKit/537.36 (KHTML, like Gecko) Chrome/137.0.7151.103 Mobile Safari/537.36 (compatible; Googlebot/2.1; +http://www.google.com/bot.html)"
66.249.65.36 - - [13/Jul/2025:15:54:07 +0000] "GET /?x=6050124041800&mod=b071cfa8&uri=blog.php%3Fid%3D202034-347%26name%3Dpull+a+fermeture+eclair+femme HTTP/1.1" 200 22362 "-" "Mozilla/5.0 (Linux; Android 6.0.1; Nexus 5X Build/MMB29P) AppleWebKit/537.36 (KHTML, like Gecko) Chrome/137.0.7151.103 Mobile Safari/537.36 (compatible; Googlebot/2.1; +http://www.google.com/bot.html)"
66.249.65.35 - - [13/Jul/2025:15:54:10 +0000] "GET /?x=107682964001800&mod=b7b16ecf&uri=news.php%3Fid%3D3593738-39%26name%3Dseater+garden+patio+set HTTP/1.1" 200 22149 "-" "Mozilla/5.0 (Linux; Android 6.0.1; Nexus 5X Build/MMB29P) AppleWebKit/537.36 (KHTML, like Gecko) Chrome/137.0.7151.103 Mobile Safari/537.36 (compatible; Googlebot/2.1; +http://www.google.com/bot.html)"
66.249.65.35 - - [13/Jul/2025:15:54:12 +0000] "GET /?x=102375496041800&mod=c5bbd980&uri=shared.php%3Fid%3D3416559-344%26name%3Dthe+cutest+shoes+in+the+world HTTP/1.1" 200 22646 "-" "Mozilla/5.0 (Linux; Android 6.0.1; Nexus 5X Build/MMB29P) AppleWebKit/537.36 (KHTML, like Gecko) Chrome/137.0.7151.103 Mobile Safari/537.36 (compatible; Googlebot/2.1; +http://www.google.com/bot.html)"
66.249.65.35 - - [13/Jul/2025:15:54:15 +0000] "GET /?x=5971805141800&mod=e3ea3396&uri=news.php%3Fid%3D199419-345%26name%3Dtiendas+ropa+fiesta+salamanca HTTP/1.1" 200 20507 "-" "Mozilla/5.0 (Linux; Android 6.0.1; Nexus 5X Build/MMB29P) AppleWebKit/537.36 (KHTML, like Gecko) Chrome/137.0.7151.103 Mobile Safari/537.36 (compatible; Googlebot/2.1; +http://www.google.com/bot.html)"
66.249.65.35 - - [13/Jul/2025:15:54:16 +0000] "POST /get-message-notify HTTP/1.1" 200 21867 "https://kraft-court.cafe/?x=6051564071800&mod=c7b90b0f&uri=blog.php%3Fid%3D202082-348%26name%3Drobes+en+mousseline+fleurie" "Mozilla/5.0 (Linux; Android 6.0.1; Nexus 5X Build/MMB29P) AppleWebKit/537.36 (KHTML, like Gecko) Chrome/137.0.7151.119 Mobile Safari/537.36 (compatible; Googlebot/2.1; +http://www.google.com/bot.html)"
66.249.65.35 - - [13/Jul/2025:15:54:17 +0000] "GET /?x=6046164071800&mod=b071cfa8&uri=info.php%3Fid%3D201902-347%26name%3Dsweat+tendance+ado+fille HTTP/1.1" 200 20170 "-" "Mozilla/5.0 (Linux; Android 6.0.1; Nexus 5X Build/MMB29P) AppleWebKit/537.36 (KHTML, like Gecko) Chrome/137.0.7151.103 Mobile Safari/537.36 (compatible; Googlebot/2.1; +http://www.google.com/bot.html)"
66.249.65.35 - - [13/Jul/2025:15:54:20 +0000] "GET /?x=107837541041800&mod=e7e8f8e5&uri=goods.php%3Fid%3D3598895-491%26name%3Dsac+a+dos+nike+prix HTTP/1.1" 200 22771 "-" "Mozilla/5.0 (Linux; Android 6.0.1; Nexus 5X Build/MMB29P) AppleWebKit/537.36 (KHTML, like Gecko) Chrome/137.0.7151.103 Mobile Safari/537.36 (compatible; Googlebot/2.1; +http://www.google.com/bot.html)"
66.249.65.35 - - [13/Jul/2025:15:54:20 +0000] "GET /?x=40114194031800&mod=dc6a7e65&uri=us.php%3Fid%3D1338801-308%26name%3Dtummy+control+lounge+pants HTTP/1.1" 200 22030 "-" "Mozilla/5.0 (Linux; Android 6.0.1; Nexus 5X Build/MMB29P) AppleWebKit/537.36 (KHTML, like Gecko) Chrome/137.0.7151.103 Mobile Safari/537.36 (compatible; Googlebot/2.1; +http://www.google.com/bot.html)"
66.249.65.35 - - [13/Jul/2025:15:54:23 +0000] "POST /get-message-notify HTTP/1.1" 200 21866 "https://kraft-court.cafe/?x=6047964061800&mod=b071cfa8&uri=brands.php%3Fid%3D201962-347%26name%3Dsweat+adidas+rose+homme" "Mozilla/5.0 (Linux; Android 6.0.1; Nexus 5X Build/MMB29P) AppleWebKit/537.36 (KHTML, like Gecko) Chrome/137.0.7151.119 Mobile Safari/537.36 (compatible; Googlebot/2.1; +http://www.google.com/bot.html)"
66.249.65.35 - - [13/Jul/2025:15:54:25 +0000] "GET /?x=6046524041800&mod=b071cfa8&uri=form.php%3Fid%3D201914-347%26name%3Dsweat+tout+doux HTTP/1.1" 200 22157 "-" "Mozilla/5.0 (Linux; Android 6.0.1; Nexus 5X Build/MMB29P) AppleWebKit/537.36 (KHTML, like Gecko) Chrome/137.0.7151.103 Mobile Safari/537.36 (compatible; Googlebot/2.1; +http://www.google.com/bot.html)"
66.249.65.35 - - [13/Jul/2025:15:54:29 +0000] "GET /?x=45344720071800&mod=b7b16ecf&uri=dp.php%3Fid%3D1513293-39%26name%3Dlowes+concrete+bench HTTP/1.1" 200 21907 "-" "Mozilla/5.0 (Linux; Android 6.0.1; Nexus 5X Build/MMB29P) AppleWebKit/537.36 (KHTML, like Gecko) Chrome/137.0.7151.103 Mobile Safari/537.36 (compatible; Googlebot/2.1; +http://www.google.com/bot.html)"
66.249.65.35 - - [13/Jul/2025:15:54:31 +0000] "GET /?x=45247948081800&mod=b7b16ecf&uri=article.php%3Fid%3D1510064-39%26name%3Dluraco HTTP/1.1" 200 21845 "-" "Mozilla/5.0 (Linux; Android 6.0.1; Nexus 5X Build/MMB29P) AppleWebKit/537.36 (KHTML, like Gecko) Chrome/137.0.7151.103 Mobile Safari/537.36 (compatible; Googlebot/2.1; +http://www.google.com/bot.html)"
66.249.65.35 - - [13/Jul/2025:15:54:33 +0000] "GET /?x=104450256081800&mod=c5bbd980&uri=products.php%3Fid%3D3485823-344%26name%3Dmezlan+warehouse+promo+code HTTP/1.1" 200 21184 "-" "Mozilla/5.0 (Linux; Android 6.0.1; Nexus 5X Build/MMB29P) AppleWebKit/537.36 (KHTML, like Gecko) Chrome/137.0.7151.103 Mobile Safari/537.36 (compatible; Googlebot/2.1; +http://www.google.com/bot.html)"
66.249.65.35 - - [13/Jul/2025:15:54:34 +0000] "GET /?x=6044184011800&mod=b071cfa8&uri=article.php%3Fid%3D201836-347%26name%3Dpull+raiders+homme HTTP/1.1" 200 20867 "-" "Mozilla/5.0 (Linux; Android 6.0.1; Nexus 5X Build/MMB29P) AppleWebKit/537.36 (KHTML, like Gecko) Chrome/137.0.7151.103 Mobile Safari/537.36 (compatible; Googlebot/2.1; +http://www.google.com/bot.html)"
66.249.65.35 - - [13/Jul/2025:15:54:35 +0000] "GET /?x=6052824001800&mod=a4d92e2c&uri=dp.php%3Fid%3D202124-326%26name%3Dm60026 HTTP/1.1" 200 22481 "-" "Mozilla/5.0 (Linux; Android 6.0.1; Nexus 5X Build/MMB29P) AppleWebKit/537.36 (KHTML, like Gecko) Chrome/137.0.7151.103 Mobile Safari/537.36 (compatible; Googlebot/2.1; +http://www.google.com/bot.html)"
66.249.65.35 - - [13/Jul/2025:15:54:38 +0000] "GET /?x=107837241091800&mod=e7e8f8e5&uri=dp.php%3Fid%3D3598885-491%26name%3Dbottine+rieker+femme HTTP/1.1" 200 20843 "-" "Mozilla/5.0 (Linux; Android 6.0.1; Nexus 5X Build/MMB29P) AppleWebKit/537.36 (KHTML, like Gecko) Chrome/137.0.7151.103 Mobile Safari/537.36 (compatible; Googlebot/2.1; +http://www.google.com/bot.html)"
66.249.65.36 - - [13/Jul/2025:15:54:42 +0000] "GET /?x=45337820071800&mod=b7b16ecf&uri=pin.php%3Fid%3D1513063-39%26name%3Dmarble+nest+of+coffee+tables HTTP/1.1" 200 21829 "-" "Mozilla/5.0 (Linux; Android 6.0.1; Nexus 5X Build/MMB29P) AppleWebKit/537.36 (KHTML, like Gecko) Chrome/137.0.7151.103 Mobile Safari/537.36 (compatible; Googlebot/2.1; +http://www.google.com/bot.html)"
66.249.65.36 - - [13/Jul/2025:15:54:47 +0000] "POST /get-message-notify HTTP/1.1" 200 21868 "https://kraft-court.cafe/?x=47661216121800&mod=3a835d32&uri=shared.php%3Fid%3D1590564-76%26name%3Dbarra+pesas+para+sentadillas" "Mozilla/5.0 (Linux; Android 6.0.1; Nexus 5X Build/MMB29P) AppleWebKit/537.36 (KHTML, like Gecko) Chrome/137.0.7151.119 Mobile Safari/537.36 (compatible; Googlebot/2.1; +http://www.google.com/bot.html)"
66.249.65.35 - - [13/Jul/2025:15:54:48 +0000] "POST /get-message-notify HTTP/1.1" 200 21860 "https://kraft-court.cafe/?x=110610195041800&mod=2de7cf20&uri=news.php%3Fid%3D3691416-333%26name%3Dflipkart+neck+choker" "Mozilla/5.0 (Linux; Android 6.0.1; Nexus 5X Build/MMB29P) AppleWebKit/537.36 (KHTML, like Gecko) Chrome/137.0.7151.119 Mobile Safari/537.36 (compatible; Googlebot/2.1; +http://www.google.com/bot.html)"
66.249.65.36 - - [13/Jul/2025:15:54:55 +0000] "POST /get-message-notify HTTP/1.1" 200 21864 "https://kraft-court.cafe/?x=107682964001800&mod=b7b16ecf&uri=news.php%3Fid%3D3593738-39%26name%3Dseater+garden+patio+set" "Mozilla/5.0 (Linux; Android 6.0.1; Nexus 5X Build/MMB29P) AppleWebKit/537.36 (KHTML, like Gecko) Chrome/137.0.7151.119 Mobile Safari/537.36 (compatible; Googlebot/2.1; +http://www.google.com/bot.html)"
66.249.65.35 - - [13/Jul/2025:15:55:05 +0000] "POST /get-message-notify HTTP/1.1" 200 21863 "https://kraft-court.cafe/?x=111292333031800&mod=5c376f6d&uri=pin.php%3Fid%3D3714193-863%26name%3Dfelpa+a+zip+adidas" "Mozilla/5.0 (Linux; Android 6.0.1; Nexus 5X Build/MMB29P) AppleWebKit/537.36 (KHTML, like Gecko) Chrome/137.0.7151.119 Mobile Safari/537.36 (compatible; Googlebot/2.1; +http://www.google.com/bot.html)"
66.249.65.36 - - [13/Jul/2025:15:56:17 +0000] "POST /get-message-notify HTTP/1.1" 200 21872 "https://kraft-court.cafe/?x=119798992041800&mod=a51fb975&uri=info.php%3Fid%3D3998056-129%26name%3Diphone+battery+health+82" "Mozilla/5.0 (Linux; Android 6.0.1; Nexus 5X Build/MMB29P) AppleWebKit/537.36 (KHTML, like Gecko) Chrome/137.0.7151.119 Mobile Safari/537.36 (compatible; Googlebot/2.1; +http://www.google.com/bot.html)"
66.249.65.35 - - [13/Jul/2025:15:57:25 +0000] "GET /?x=5608606011800&mod=e94fe9ac&uri=itm.php%3Fid%3D187249-332%26name%3Dgitsambalpuri HTTP/1.1" 200 22007 "-" "Mozilla/5.0 (Linux; Android 6.0.1; Nexus 5X Build/MMB29P) AppleWebKit/537.36 (KHTML, like Gecko) Chrome/137.0.7151.103 Mobile Safari/537.36 (compatible; Googlebot/2.1; +http://www.google.com/bot.html)"
66.249.65.36 - - [13/Jul/2025:15:57:29 +0000] "POST /get-message-notify HTTP/1.1" 200 21882 "https://kraft-court.cafe/?x=5971805141800&mod=e3ea3396&uri=news.php%3Fid%3D199419-345%26name%3Dtiendas+ropa+fiesta+salamanca" "Mozilla/5.0 (Linux; Android 6.0.1; Nexus 5X Build/MMB29P) AppleWebKit/537.36 (KHTML, like Gecko) Chrome/137.0.7151.119 Mobile Safari/537.36 (compatible; Googlebot/2.1; +http://www.google.com/bot.html)"
66.249.65.36 - - [13/Jul/2025:15:57:35 +0000] "POST /get-message-notify HTTP/1.1" 200 21851 "https://kraft-court.cafe/?x=104450256081800&mod=c5bbd980&uri=products.php%3Fid%3D3485823-344%26name%3Dmezlan+warehouse+promo+code" "Mozilla/5.0 (Linux; Android 6.0.1; Nexus 5X Build/MMB29P) AppleWebKit/537.36 (KHTML, like Gecko) Chrome/137.0.7151.119 Mobile Safari/537.36 (compatible; Googlebot/2.1; +http://www.google.com/bot.html)"
66.249.65.36 - - [13/Jul/2025:15:59:47 +0000] "POST /get-message-notify HTTP/1.1" 200 21864 "https://kraft-court.cafe/?x=47665356001800&mod=ad067202&uri=itm.php%3Fid%3D1590702-669%26name%3Dpower+motion+sofa" "Mozilla/5.0 (Linux; Android 6.0.1; Nexus 5X Build/MMB29P) AppleWebKit/537.36 (KHTML, like Gecko) Chrome/137.0.7151.119 Mobile Safari/537.36 (compatible; Googlebot/2.1; +http://www.google.com/bot.html)"
209.74.77.214 - - [13/Jul/2025:15:59:54 +0000] "POST /wp-cron.php?doing_wp_cron=1752422394.0681049823760986328125 HTTP/1.1" 200 - "-" "WordPress/6.8.1; https://kraft-court.cafe"
51.222.253.2 - - [13/Jul/2025:15:59:52 +0000] "GET /?x=82070327021800&mod=b555da9b&uri=category-info.php%3Fid%3D2738841-1515%26name%3Dpink+lacoste+jumper HTTP/1.1" 301 - "-" "Mozilla/5.0 (compatible; AhrefsBot/7.0; +http://ahrefs.com/robot/)"
66.249.65.36 - - [13/Jul/2025:16:01:07 +0000] "GET /?x=5566624001800&mod=fa84632d&uri=category-info.php%3Fid%3D185834-329%26name%3Dmoss+rain+coat HTTP/1.1" 200 22515 "-" "Mozilla/5.0 (Linux; Android 6.0.1; Nexus 5X Build/MMB29P) AppleWebKit/537.36 (KHTML, like Gecko) Chrome/137.0.7151.103 Mobile Safari/537.36 (compatible; Googlebot/2.1; +http://www.google.com/bot.html)"
66.249.65.35 - - [13/Jul/2025:16:01:15 +0000] "POST /get-message-notify HTTP/1.1" 200 21868 "https://kraft-court.cafe/?x=5566624001800&mod=fa84632d&uri=category-info.php%3Fid%3D185834-329%26name%3Dmoss+rain+coat" "Mozilla/5.0 (Linux; Android 6.0.1; Nexus 5X Build/MMB29P) AppleWebKit/537.36 (KHTML, like Gecko) Chrome/137.0.7151.119 Mobile Safari/537.36 (compatible; Googlebot/2.1; +http://www.google.com/bot.html)"
66.249.65.35 - - [13/Jul/2025:16:01:29 +0000] "POST /get-message-notify HTTP/1.1" 200 21865 "https://kraft-court.cafe/?x=5652201061800&mod=55d99a37&uri=goods.php%3Fid%3D188727-315%26name%3Dexklusive+uhren+24" "Mozilla/5.0 (Linux; Android 6.0.1; Nexus 5X Build/MMB29P) AppleWebKit/537.36 (KHTML, like Gecko) Chrome/137.0.7151.119 Mobile Safari/537.36 (compatible; Googlebot/2.1; +http://www.google.com/bot.html)"
66.249.65.35 - - [13/Jul/2025:16:01:54 +0000] "POST /get-message-notify HTTP/1.1" 200 21870 "https://kraft-court.cafe/?x=111286033061800&mod=790ed1be&uri=goods.php%3Fid%3D3713983-1442%26name%3Dorologio+michael+kors+oro+rosa" "Mozilla/5.0 (Linux; Android 6.0.1; Nexus 5X Build/MMB29P) AppleWebKit/537.36 (KHTML, like Gecko) Chrome/137.0.7151.119 Mobile Safari/537.36 (compatible; Googlebot/2.1; +http://www.google.com/bot.html)"
66.249.65.36 - - [13/Jul/2025:16:04:42 +0000] "GET /?x=5704016031800&mod=2de7cf20&uri=category-info.php%3Fid%3D190455-333%26name%3Dblue+sapphire+necklace+kay+jewelers HTTP/1.1" 200 22141 "-" "Mozilla/5.0 (Linux; Android 6.0.1; Nexus 5X Build/MMB29P) AppleWebKit/537.36 (KHTML, like Gecko) Chrome/137.0.7151.103 Mobile Safari/537.36 (compatible; Googlebot/2.1; +http://www.google.com/bot.html)"
209.74.77.214 - - [13/Jul/2025:16:04:56 +0000] "POST /wp-cron.php?doing_wp_cron=1752422696.8334779739379882812500 HTTP/1.1" 200 - "-" "WordPress/6.8.1; https://kraft-court.cafe"
51.222.253.7 - - [13/Jul/2025:16:04:55 +0000] "GET /?x=82468964131800&uri=pin.php%3Fid%3D2752136-1518%26name%3Dair%20force%201s%20and%20jeans HTTP/1.1" 200 1925 "-" "Mozilla/5.0 (compatible; AhrefsBot/7.0; +http://ahrefs.com/robot/)"
66.249.65.35 - - [13/Jul/2025:16:08:21 +0000] "GET /?x=5714781011800&mod=333cb763&uri=shop.php%3Fid%3D190825-334%26name%3Dfire+force+s01 HTTP/1.1" 200 22051 "-" "Mozilla/5.0 (Linux; Android 6.0.1; Nexus 5X Build/MMB29P) AppleWebKit/537.36 (KHTML, like Gecko) Chrome/137.0.7151.103 Mobile Safari/537.36 (compatible; Googlebot/2.1; +http://www.google.com/bot.html)"
209.74.77.214 - - [13/Jul/2025:16:09:27 +0000] "POST /wp-cron.php?doing_wp_cron=1752422967.9344649314880371093750 HTTP/1.1" 200 - "-" "WordPress/6.8.1; https://kraft-court.cafe"
51.222.253.3 - - [13/Jul/2025:16:09:26 +0000] "GET /?x=84847174001800&mod=a58149d3&uri=category-info.php%3Fid%3D2831493-120%26name%3Dbotas+nieve+oferta HTTP/1.1" 301 - "-" "Mozilla/5.0 (compatible; AhrefsBot/7.0; +http://ahrefs.com/robot/)"
4.227.36.30 - - [13/Jul/2025:16:09:33 +0000] "GET /robots.txt HTTP/1.1" 200 86 "-" "Mozilla/5.0 AppleWebKit/537.36 (KHTML, like Gecko; compatible; GPTBot/1.2; +https://openai.com/gptbot)"
66.249.65.35 - - [13/Jul/2025:16:09:43 +0000] "GET /?x=5947571131800&mod=c5bbd980&uri=article.php%3Fid%3D198611-344%26name%3Dzapateria+payless+shoes HTTP/1.1" 200 21519 "-" "Mozilla/5.0 (Linux; Android 6.0.1; Nexus 5X Build/MMB29P) AppleWebKit/537.36 (KHTML, like Gecko) Chrome/137.0.7151.103 Mobile Safari/537.36 (compatible; Googlebot/2.1; +http://www.google.com/bot.html)"
20.171.207.69 - - [13/Jul/2025:16:10:04 +0000] "GET /sitemap.xml HTTP/1.1" 200 67162 "-" "Mozilla/5.0 AppleWebKit/537.36 (KHTML, like Gecko; compatible; GPTBot/1.2; +https://openai.com/gptbot)"
66.249.65.35 - - [13/Jul/2025:16:11:40 +0000] "GET /?x=5693430061800&mod=2de7cf20&uri=product.php%3Fid%3D190102-333%26name%3Dflipkart+bangles+below+100 HTTP/1.1" 200 22125 "-" "Mozilla/5.0 (Linux; Android 6.0.1; Nexus 5X Build/MMB29P) AppleWebKit/537.36 (KHTML, like Gecko) Chrome/137.0.7151.103 Mobile Safari/537.36 (compatible; Googlebot/2.1; +http://www.google.com/bot.html)"
66.249.65.35 - - [13/Jul/2025:16:11:53 +0000] "POST /get-message-notify HTTP/1.1" 200 21857 "https://kraft-court.cafe/?x=5922941041800&mod=4500e403&uri=goods.php%3Fid%3D197790-342%26name%3Dikea+tovig+review" "Mozilla/5.0 (Linux; Android 6.0.1; Nexus 5X Build/MMB29P) AppleWebKit/537.36 (KHTML, like Gecko) Chrome/137.0.7151.119 Mobile Safari/537.36 (compatible; Googlebot/2.1; +http://www.google.com/bot.html)"
66.249.65.35 - - [13/Jul/2025:16:12:51 +0000] "GET /?x=6030514131800&mod=b071cfa8&uri=dp.php%3Fid%3D201380-347%26name%3Dcapuche+supreme HTTP/1.1" 200 20701 "-" "Mozilla/5.0 (Linux; Android 6.0.1; Nexus 5X Build/MMB29P) AppleWebKit/537.36 (KHTML, like Gecko) Chrome/137.0.7151.103 Mobile Safari/537.36 (compatible; Googlebot/2.1; +http://www.google.com/bot.html)"
209.74.77.214 - - [13/Jul/2025:16:14:23 +0000] "POST /wp-cron.php?doing_wp_cron=1752423263.6133229732513427734375 HTTP/1.1" 200 - "-" "WordPress/6.8.1; https://kraft-court.cafe"
51.222.253.13 - - [13/Jul/2025:16:14:22 +0000] "GET /?x=86599872001800&mod=609c5e50&uri=us.php%3Fid%3D2889969-542%26name%3Dzara+home+edredon+nordico HTTP/1.1" 301 - "-" "Mozilla/5.0 (compatible; AhrefsBot/7.0; +http://ahrefs.com/robot/)"
66.249.65.36 - - [13/Jul/2025:16:15:13 +0000] "GET /?x=5543524001800&mod=ffbd6cbb&uri=pin.php%3Fid%3D185064-310%26name%3Dlenovo+ideapad+320+nvidia+geforce HTTP/1.1" 200 22234 "-" "Mozilla/5.0 (Linux; Android 6.0.1; Nexus 5X Build/MMB29P) AppleWebKit/537.36 (KHTML, like Gecko) Chrome/137.0.7151.103 Mobile Safari/537.36 (compatible; Googlebot/2.1; +http://www.google.com/bot.html)"
66.249.65.36 - - [13/Jul/2025:16:15:58 +0000] "GET /?x=5699187021800&mod=2de7cf20&uri=products.php%3Fid%3D190294-333%26name%3Daventura+mall+jewelry+stores HTTP/1.1" 200 21689 "-" "Mozilla/5.0 (Linux; Android 6.0.1; Nexus 5X Build/MMB29P) AppleWebKit/537.36 (KHTML, like Gecko) Chrome/137.0.7151.103 Mobile Safari/537.36 (compatible; Googlebot/2.1; +http://www.google.com/bot.html)"
66.249.65.35 - - [13/Jul/2025:16:17:04 +0000] "GET /?x=5825509071800&mod=621fbd17&uri=product.php%3Fid%3D194538-338%26name%3Dcanada+goose+6pm+argentina HTTP/1.1" 200 20739 "-" "Mozilla/5.0 (Linux; Android 6.0.1; Nexus 5X Build/MMB29P) AppleWebKit/537.36 (KHTML, like Gecko) Chrome/137.0.7151.103 Mobile Safari/537.36 (compatible; Googlebot/2.1; +http://www.google.com/bot.html)"
66.249.65.35 - - [13/Jul/2025:16:17:05 +0000] "GET /?x=5949251091800&mod=c5bbd980&uri=product.php%3Fid%3D198667-344%26name%3Dminelli+mens+shoes HTTP/1.1" 200 21643 "-" "Mozilla/5.0 (Linux; Android 6.0.1; Nexus 5X Build/MMB29P) AppleWebKit/537.36 (KHTML, like Gecko) Chrome/137.0.7151.103 Mobile Safari/537.36 (compatible; Googlebot/2.1; +http://www.google.com/bot.html)"
209.74.77.214 - - [13/Jul/2025:16:18:30 +0000] "POST /wp-cron.php?doing_wp_cron=1752423510.8561549186706542968750 HTTP/1.1" 200 - "-" "WordPress/6.8.1; https://kraft-court.cafe"
51.222.253.5 - - [13/Jul/2025:16:18:29 +0000] "GET /?x=8748563031800&mod=2d3b0291&uri=us.php%3Fid%3D292128-447%26name%3Dzeblaze+thor+4g+smartwatch HTTP/1.1" 301 - "-" "Mozilla/5.0 (compatible; AhrefsBot/7.0; +http://ahrefs.com/robot/)"
66.249.65.37 - - [13/Jul/2025:16:18:42 +0000] "GET /?x=6827971031800&mod=f26df67e&uri=pin.php%3Fid%3D228037-383%26name%3Dextratropical+maxi+dress+free+people HTTP/1.1" 200 21227 "-" "Mozilla/5.0 (Linux; Android 6.0.1; Nexus 5X Build/MMB29P) AppleWebKit/537.36 (KHTML, like Gecko) Chrome/137.0.7151.103 Mobile Safari/537.36 (compatible; Googlebot/2.1; +http://www.google.com/bot.html)"
66.249.65.37 - - [13/Jul/2025:16:19:18 +0000] "GET /?x=5584002011800&mod=c4b43ae0&uri=dp.php%3Fid%3D186415-330%26name%3Dnest+thermostat+wire+system HTTP/1.1" 200 22034 "-" "Mozilla/5.0 (Linux; Android 6.0.1; Nexus 5X Build/MMB29P) AppleWebKit/537.36 (KHTML, like Gecko) Chrome/137.0.7151.103 Mobile Safari/537.36 (compatible; Googlebot/2.1; +http://www.google.com/bot.html)"
66.249.65.36 - - [13/Jul/2025:16:21:20 +0000] "GET /?x=6158101001800&mod=5401acfe&uri=news.php%3Fid%3D205638-351%26name%3Dbaskets+montante+femme HTTP/1.1" 200 21091 "-" "Mozilla/5.0 (Linux; Android 6.0.1; Nexus 5X Build/MMB29P) AppleWebKit/537.36 (KHTML, like Gecko) Chrome/137.0.7151.103 Mobile Safari/537.36 (compatible; Googlebot/2.1; +http://www.google.com/bot.html)"
66.249.65.35 - - [13/Jul/2025:16:21:31 +0000] "GET /?x=47276642011800&mod=ffbd6cbb&uri=pin.php%3Fid%3D1577737-310%26name%3Dhandbrake+use+nvidia+gpu HTTP/1.1" 200 22187 "-" "Mozilla/5.0 (Linux; Android 6.0.1; Nexus 5X Build/MMB29P) AppleWebKit/537.36 (KHTML, like Gecko) Chrome/137.0.7151.103 Mobile Safari/537.36 (compatible; Googlebot/2.1; +http://www.google.com/bot.html)"
66.249.65.37 - - [13/Jul/2025:16:22:24 +0000] "GET /?x=5723274021800&mod=333cb763&uri=news.php%3Fid%3D191118-334%26name%3Dfamily+series+to+watch+in+hindi HTTP/1.1" 200 22110 "-" "Mozilla/5.0 (Linux; Android 6.0.1; Nexus 5X Build/MMB29P) AppleWebKit/537.36 (KHTML, like Gecko) Chrome/137.0.7151.103 Mobile Safari/537.36 (compatible; Googlebot/2.1; +http://www.google.com/bot.html)"
66.249.65.36 - - [13/Jul/2025:16:22:40 +0000] "GET /?x=6612295001800&mod=1e056d2b&uri=blog.php%3Fid%3D220840-91%26name%3Dchain+reaction+cycles+bike+bag HTTP/1.1" 200 21885 "-" "Mozilla/5.0 (Linux; Android 6.0.1; Nexus 5X Build/MMB29P) AppleWebKit/537.36 (KHTML, like Gecko) Chrome/137.0.7151.103 Mobile Safari/537.36 (compatible; Googlebot/2.1; +http://www.google.com/bot.html)"
209.74.77.214 - - [13/Jul/2025:16:22:44 +0000] "POST /wp-cron.php?doing_wp_cron=1752423764.4338951110839843750000 HTTP/1.1" 200 - "-" "WordPress/6.8.1; https://kraft-court.cafe"
51.222.253.3 - - [13/Jul/2025:16:22:43 +0000] "GET /?x=88294596021800&uri=itm.php%3Fid%3D2946535-1540%26name%3Dguess%20stivali HTTP/1.1" 200 1916 "-" "Mozilla/5.0 (compatible; AhrefsBot/7.0; +http://ahrefs.com/robot/)"
66.249.65.35 - - [13/Jul/2025:16:22:50 +0000] "POST /get-message-notify HTTP/1.1" 200 21856 "https://kraft-court.cafe/?x=6612295001800&mod=1e056d2b&uri=blog.php%3Fid%3D220840-91%26name%3Dchain+reaction+cycles+bike+bag" "Mozilla/5.0 (Linux; Android 6.0.1; Nexus 5X Build/MMB29P) AppleWebKit/537.36 (KHTML, like Gecko) Chrome/137.0.7151.119 Mobile Safari/537.36 (compatible; Googlebot/2.1; +http://www.google.com/bot.html)"
66.249.65.37 - - [13/Jul/2025:16:23:49 +0000] "GET /?x=5824399091800&mod=384babc3&uri=article.php%3Fid%3D194501-339%26name%3Dburberry+xxl+original HTTP/1.1" 200 20604 "-" "Mozilla/5.0 (Linux; Android 6.0.1; Nexus 5X Build/MMB29P) AppleWebKit/537.36 (KHTML, like Gecko) Chrome/137.0.7151.103 Mobile Safari/537.36 (compatible; Googlebot/2.1; +http://www.google.com/bot.html)"
66.249.65.36 - - [13/Jul/2025:16:24:12 +0000] "POST /get-message-notify HTTP/1.1" 200 21879 "https://kraft-court.cafe/?x=6827971031800&mod=f26df67e&uri=pin.php%3Fid%3D228037-383%26name%3Dextratropical+maxi+dress+free+people" "Mozilla/5.0 (Linux; Android 6.0.1; Nexus 5X Build/MMB29P) AppleWebKit/537.36 (KHTML, like Gecko) Chrome/137.0.7151.119 Mobile Safari/537.36 (compatible; Googlebot/2.1; +http://www.google.com/bot.html)"
66.249.65.35 - - [13/Jul/2025:16:24:44 +0000] "GET /?x=5981958011800&mod=c5bbd980&uri=blog.php%3Fid%3D199759-344%26name%3Dwhite+nike+kicks HTTP/1.1" 200 21726 "-" "Mozilla/5.0 (Linux; Android 6.0.1; Nexus 5X Build/MMB29P) AppleWebKit/537.36 (KHTML, like Gecko) Chrome/137.0.7151.103 Mobile Safari/537.36 (compatible; Googlebot/2.1; +http://www.google.com/bot.html)"
66.249.65.35 - - [13/Jul/2025:16:25:57 +0000] "GET /?x=6616015051800&mod=1e056d2b&uri=us.php%3Fid%3D220964-91%26name%3Dostroy+bibs HTTP/1.1" 200 21449 "-" "Mozilla/5.0 (Linux; Android 6.0.1; Nexus 5X Build/MMB29P) AppleWebKit/537.36 (KHTML, like Gecko) Chrome/137.0.7151.103 Mobile Safari/537.36 (compatible; Googlebot/2.1; +http://www.google.com/bot.html)"
66.249.65.35 - - [13/Jul/2025:16:26:20 +0000] "POST /get-message-notify HTTP/1.1" 200 21854 "https://kraft-court.cafe/?x=6158101001800&mod=5401acfe&uri=news.php%3Fid%3D205638-351%26name%3Dbaskets+montante+femme" "Mozilla/5.0 (Linux; Android 6.0.1; Nexus 5X Build/MMB29P) AppleWebKit/537.36 (KHTML, like Gecko) Chrome/137.0.7151.119 Mobile Safari/537.36 (compatible; Googlebot/2.1; +http://www.google.com/bot.html)"
66.249.65.36 - - [13/Jul/2025:16:26:40 +0000] "POST /get-message-notify HTTP/1.1" 200 21854 "https://kraft-court.cafe/?x=5981958011800&mod=c5bbd980&uri=blog.php%3Fid%3D199759-344%26name%3Dwhite+nike+kicks" "Mozilla/5.0 (Linux; Android 6.0.1; Nexus 5X Build/MMB29P) AppleWebKit/537.36 (KHTML, like Gecko) Chrome/137.0.7151.119 Mobile Safari/537.36 (compatible; Googlebot/2.1; +http://www.google.com/bot.html)"
209.74.77.214 - - [13/Jul/2025:16:27:15 +0000] "POST /wp-cron.php?doing_wp_cron=1752424035.1801180839538574218750 HTTP/1.1" 200 - "-" "WordPress/6.8.1; https://kraft-court.cafe"
51.222.253.15 - - [13/Jul/2025:16:27:13 +0000] "GET /?x=89510296031800&mod=a19599d6&uri=dp.php%3Fid%3D2987095-1548%26name%3Dadidas+trainer+colorate HTTP/1.1" 301 - "-" "Mozilla/5.0 (compatible; AhrefsBot/7.0; +http://ahrefs.com/robot/)"
66.249.65.36 - - [13/Jul/2025:16:27:46 +0000] "GET /?x=111290533011800&mod=790ed1be&uri=brands.php%3Fid%3D3714133-1442%26name%3Dlorenz+automatico HTTP/1.1" 200 22007 "-" "Mozilla/5.0 (Linux; Android 6.0.1; Nexus 5X Build/MMB29P) AppleWebKit/537.36 (KHTML, like Gecko) Chrome/137.0.7151.103 Mobile Safari/537.36 (compatible; Googlebot/2.1; +http://www.google.com/bot.html)"
66.249.65.36 - - [13/Jul/2025:16:29:21 +0000] "GET /?x=3465724051800&mod=cd3afef9&uri=us.php%3Fid%3D115683-220%26name%3Dburgundy+leather+look+trousers HTTP/1.1" 200 22318 "-" "Mozilla/5.0 (Linux; Android 6.0.1; Nexus 5X Build/MMB29P) AppleWebKit/537.36 (KHTML, like Gecko) Chrome/137.0.7151.103 Mobile Safari/537.36 (compatible; Googlebot/2.1; +http://www.google.com/bot.html)"
66.249.65.35 - - [13/Jul/2025:16:29:59 +0000] "POST /get-message-notify HTTP/1.1" 200 21874 "https://kraft-court.cafe/?x=3465724051800&mod=cd3afef9&uri=us.php%3Fid%3D115683-220%26name%3Dburgundy+leather+look+trousers" "Mozilla/5.0 (Linux; Android 6.0.1; Nexus 5X Build/MMB29P) AppleWebKit/537.36 (KHTML, like Gecko) Chrome/137.0.7151.119 Mobile Safari/537.36 (compatible; Googlebot/2.1; +http://www.google.com/bot.html)"
66.249.65.36 - - [13/Jul/2025:16:31:27 +0000] "GET /?x=107492553051800&mod=4eff0720&uri=blog.php%3Fid%3D3587379-510%26name%3Dburner+bbq+grill HTTP/1.1" 200 22015 "-" "Mozilla/5.0 (Linux; Android 6.0.1; Nexus 5X Build/MMB29P) AppleWebKit/537.36 (KHTML, like Gecko) Chrome/137.0.7151.103 Mobile Safari/537.36 (compatible; Googlebot/2.1; +http://www.google.com/bot.html)"
209.74.77.214 - - [13/Jul/2025:16:31:40 +0000] "POST /wp-cron.php?doing_wp_cron=1752424300.2947039604187011718750 HTTP/1.1" 200 - "-" "WordPress/6.8.1; https://kraft-court.cafe"
51.222.253.17 - - [13/Jul/2025:16:31:39 +0000] "GET /?x=89797842031800&mod=e6a4f65e&uri=pin.php%3Fid%3D2996691-624%26name%3Dcandy+grey+chacos HTTP/1.1" 301 - "-" "Mozilla/5.0 (compatible; AhrefsBot/7.0; +http://ahrefs.com/robot/)"
66.249.65.36 - - [13/Jul/2025:16:31:52 +0000] "GET /?x=11464295041800&mod=a8849b05&uri=goods.php%3Fid%3D382767-57%26name%3D3d+pulse+headset+buy HTTP/1.1" 200 22136 "-" "Mozilla/5.0 (Linux; Android 6.0.1; Nexus 5X Build/MMB29P) AppleWebKit/537.36 (KHTML, like Gecko) Chrome/137.0.7151.103 Mobile Safari/537.36 (compatible; Googlebot/2.1; +http://www.google.com/bot.html)"
66.249.65.37 - - [13/Jul/2025:16:32:22 +0000] "GET /?x=6172274031800&mod=62da8c91&uri=blog.php%3Fid%3D206115-296%26name%3Dbroadcast+hr+garmin HTTP/1.1" 200 22146 "-" "Mozilla/5.0 (Linux; Android 6.0.1; Nexus 5X Build/MMB29P) AppleWebKit/537.36 (KHTML, like Gecko) Chrome/137.0.7151.103 Mobile Safari/537.36 (compatible; Googlebot/2.1; +http://www.google.com/bot.html)"
66.249.65.36 - - [13/Jul/2025:16:32:27 +0000] "POST /get-message-notify HTTP/1.1" 200 21863 "https://kraft-court.cafe/?x=11464295041800&mod=a8849b05&uri=goods.php%3Fid%3D382767-57%26name%3D3d+pulse+headset+buy" "Mozilla/5.0 (Linux; Android 6.0.1; Nexus 5X Build/MMB29P) AppleWebKit/537.36 (KHTML, like Gecko) Chrome/137.0.7151.119 Mobile Safari/537.36 (compatible; Googlebot/2.1; +http://www.google.com/bot.html)"
66.249.65.36 - - [13/Jul/2025:16:32:31 +0000] "GET /?x=34606189001800&mod=f17a7558&uri=news.php%3Fid%3D1155037-1079%26name%3Dair+max+97+south+beach+size HTTP/1.1" 200 21189 "-" "Mozilla/5.0 (Linux; Android 6.0.1; Nexus 5X Build/MMB29P) AppleWebKit/537.36 (KHTML, like Gecko) Chrome/137.0.7151.103 Mobile Safari/537.36 (compatible; Googlebot/2.1; +http://www.google.com/bot.html)"
66.249.65.35 - - [13/Jul/2025:16:32:41 +0000] "POST /get-message-notify HTTP/1.1" 200 21865 "https://kraft-court.cafe/?x=34606189001800&mod=f17a7558&uri=news.php%3Fid%3D1155037-1079%26name%3Dair+max+97+south+beach+size" "Mozilla/5.0 (Linux; Android 6.0.1; Nexus 5X Build/MMB29P) AppleWebKit/537.36 (KHTML, like Gecko) Chrome/137.0.7151.119 Mobile Safari/537.36 (compatible; Googlebot/2.1; +http://www.google.com/bot.html)"
66.249.65.35 - - [13/Jul/2025:16:32:52 +0000] "GET /?x=34583449021800&mod=73c14008&uri=products.php%3Fid%3D1154279-408%26name%3Dgoal+digger+hoodie+h%26m HTTP/1.1" 200 20768 "-" "Mozilla/5.0 (Linux; Android 6.0.1; Nexus 5X Build/MMB29P) AppleWebKit/537.36 (KHTML, like Gecko) Chrome/137.0.7151.103 Mobile Safari/537.36 (compatible; Googlebot/2.1; +http://www.google.com/bot.html)"
66.249.65.35 - - [13/Jul/2025:16:34:58 +0000] "GET /?x=40126674091800&mod=42a3ddf2&uri=info.php%3Fid%3D1339217-1145%26name%3Dcotton+skirt+ribbon HTTP/1.1" 200 21139 "-" "Mozilla/5.0 (Linux; Android 6.0.1; Nexus 5X Build/MMB29P) AppleWebKit/537.36 (KHTML, like Gecko) Chrome/137.0.7151.103 Mobile Safari/537.36 (compatible; Googlebot/2.1; +http://www.google.com/bot.html)"
209.74.77.214 - - [13/Jul/2025:16:35:44 +0000] "POST /wp-cron.php?doing_wp_cron=1752424544.0267360210418701171875 HTTP/1.1" 200 - "-" "WordPress/6.8.1; https://kraft-court.cafe"
51.222.253.5 - - [13/Jul/2025:16:35:42 +0000] "GET /?x=89957012131800&mod=9c19a2aa&uri=shop.php%3Fid%3D3002001-159%26name%3Dysl+3d+radiant+shaper HTTP/1.1" 301 - "-" "Mozilla/5.0 (compatible; AhrefsBot/7.0; +http://ahrefs.com/robot/)"
66.249.65.36 - - [13/Jul/2025:16:35:49 +0000] "GET /?x=70157728091800&mod=45a766fa&uri=brands.php%3Fid%3D2341239-649%26name%3Daddis+10m+slimline+tier+airer HTTP/1.1" 200 21864 "-" "Mozilla/5.0 (Linux; Android 6.0.1; Nexus 5X Build/MMB29P) AppleWebKit/537.36 (KHTML, like Gecko) Chrome/137.0.7151.103 Mobile Safari/537.36 (compatible; Googlebot/2.1; +http://www.google.com/bot.html)"
66.249.65.36 - - [13/Jul/2025:16:36:22 +0000] "GET /?x=101685974041800&mod=29921001&uri=goods.php%3Fid%3D3393552-155%26name%3Dvintage+onkyo+stereo+system HTTP/1.1" 200 21939 "-" "Mozilla/5.0 (Linux; Android 6.0.1; Nexus 5X Build/MMB29P) AppleWebKit/537.36 (KHTML, like Gecko) Chrome/137.0.7151.103 Mobile Safari/537.36 (compatible; Googlebot/2.1; +http://www.google.com/bot.html)"
66.249.65.36 - - [13/Jul/2025:16:38:24 +0000] "GET /?x=88856519011800&mod=76309eaf&uri=pin.php%3Fid%3D2965277-1018%26name%3Dunique+initial+necklace HTTP/1.1" 200 20676 "-" "Mozilla/5.0 (Linux; Android 6.0.1; Nexus 5X Build/MMB29P) AppleWebKit/537.36 (KHTML, like Gecko) Chrome/137.0.7151.103 Mobile Safari/537.36 (compatible; Googlebot/2.1; +http://www.google.com/bot.html)"
66.249.65.35 - - [13/Jul/2025:16:39:23 +0000] "GET /?x=5575744071800&mod=831b1ac5&uri=article.php%3Fid%3D186139-331%26name%3Dmens+black+nike+react+element+55 HTTP/1.1" 200 21099 "-" "Mozilla/5.0 (Linux; Android 6.0.1; Nexus 5X Build/MMB29P) AppleWebKit/537.36 (KHTML, like Gecko) Chrome/137.0.7151.103 Mobile Safari/537.36 (compatible; Googlebot/2.1; +http://www.google.com/bot.html)"
66.249.65.36 - - [13/Jul/2025:16:40:23 +0000] "GET /?x=5954471081800&mod=c5bbd980&uri=info.php%3Fid%3D198841-344%26name%3Dwomens+to+mens+shoe+size HTTP/1.1" 200 21593 "-" "Mozilla/5.0 (Linux; Android 6.0.1; Nexus 5X Build/MMB29P) AppleWebKit/537.36 (KHTML, like Gecko) Chrome/137.0.7151.103 Mobile Safari/537.36 (compatible; Googlebot/2.1; +http://www.google.com/bot.html)"
66.249.65.35 - - [13/Jul/2025:16:40:40 +0000] "POST /get-message-notify HTTP/1.1" 200 21876 "https://kraft-court.cafe/?x=5954471081800&mod=c5bbd980&uri=info.php%3Fid%3D198841-344%26name%3Dwomens+to+mens+shoe+size" "Mozilla/5.0 (Linux; Android 6.0.1; Nexus 5X Build/MMB29P) AppleWebKit/537.36 (KHTML, like Gecko) Chrome/137.0.7151.119 Mobile Safari/537.36 (compatible; Googlebot/2.1; +http://www.google.com/bot.html)"
66.249.65.35 - - [13/Jul/2025:16:40:42 +0000] "GET /?x=5798048041800&mod=a8849b05&uri=article.php%3Fid%3D193622-57%26name%3Dover+the+ear+wireless+microphone HTTP/1.1" 200 22128 "-" "Mozilla/5.0 (Linux; Android 6.0.1; Nexus 5X Build/MMB29P) AppleWebKit/537.36 (KHTML, like Gecko) Chrome/137.0.7151.103 Mobile Safari/537.36 (compatible; Googlebot/2.1; +http://www.google.com/bot.html)"
66.249.65.35 - - [13/Jul/2025:16:40:57 +0000] "POST /get-message-notify HTTP/1.1" 200 21865 "https://kraft-court.cafe/?x=5798048041800&mod=a8849b05&uri=article.php%3Fid%3D193622-57%26name%3Dover+the+ear+wireless+microphone" "Mozilla/5.0 (Linux; Android 6.0.1; Nexus 5X Build/MMB29P) AppleWebKit/537.36 (KHTML, like Gecko) Chrome/137.0.7151.119 Mobile Safari/537.36 (compatible; Googlebot/2.1; +http://www.google.com/bot.html)"
66.249.65.36 - - [13/Jul/2025:16:41:57 +0000] "GET /?x=6117995011800&mod=d3a7f48c&uri=article.php%3Fid%3D204301-208%26name%3Dsony+1500 HTTP/1.1" 200 20654 "-" "Mozilla/5.0 (Linux; Android 6.0.1; Nexus 5X Build/MMB29P) AppleWebKit/537.36 (KHTML, like Gecko) Chrome/137.0.7151.103 Mobile Safari/537.36 (compatible; Googlebot/2.1; +http://www.google.com/bot.html)"
66.249.65.37 - - [13/Jul/2025:16:42:00 +0000] "POST /get-message-notify HTTP/1.1" 200 21863 "https://kraft-court.cafe/?x=6117995011800&mod=d3a7f48c&uri=article.php%3Fid%3D204301-208%26name%3Dsony+1500" "Mozilla/5.0 (Linux; Android 6.0.1; Nexus 5X Build/MMB29P) AppleWebKit/537.36 (KHTML, like Gecko) Chrome/137.0.7151.119 Mobile Safari/537.36 (compatible; Googlebot/2.1; +http://www.google.com/bot.html)"
