66.249.65.35 - - [13/Jul/2025:15:02:45 +0000] "GET /?x=5668551091800&mod=dc6a7e65&uri=us.php%3Fid%3D189272-308%26name%3Dmarilyn+manson+merch+hoodie HTTP/1.1" 200 21779 "-" "Mozilla/5.0 (Linux; Android 6.0.1; Nexus 5X Build/MMB29P) AppleWebKit/537.36 (KHTML, like Gecko) Chrome/137.0.7151.103 Mobile Safari/537.36 (compatible; Googlebot/2.1; +http://www.google.com/bot.html)"
66.249.65.35 - - [13/Jul/2025:15:02:52 +0000] "GET /?x=90305435001800&mod=c4b43ae0&uri=search.php%3Fid%3D3013628-330%26name%3Dsolar+well+pump+amazon HTTP/1.1" 200 21677 "-" "Mozilla/5.0 (Linux; Android 6.0.1; Nexus 5X Build/MMB29P) AppleWebKit/537.36 (KHTML, like Gecko) Chrome/137.0.7151.103 Mobile Safari/537.36 (compatible; Googlebot/2.1; +http://www.google.com/bot.html)"
66.249.65.35 - - [13/Jul/2025:15:02:54 +0000] "POST /get-message-notify HTTP/1.1" 200 21863 "https://kraft-court.cafe/?x=5668551091800&mod=dc6a7e65&uri=us.php%3Fid%3D189272-308%26name%3Dmarilyn+manson+merch+hoodie" "Mozilla/5.0 (Linux; Android 6.0.1; Nexus 5X Build/MMB29P) AppleWebKit/537.36 (KHTML, like Gecko) Chrome/137.0.7151.119 Mobile Safari/537.36 (compatible; Googlebot/2.1; +http://www.google.com/bot.html)"
66.249.65.35 - - [13/Jul/2025:15:03:05 +0000] "GET /?x=94662871081800&mod=e94fe9ac&uri=form.php%3Fid%3D3159111-332%26name%3Dpinjara+khubsurti+ka HTTP/1.1" 200 21459 "-" "Mozilla/5.0 (Linux; Android 6.0.1; Nexus 5X Build/MMB29P) AppleWebKit/537.36 (KHTML, like Gecko) Chrome/137.0.7151.103 Mobile Safari/537.36 (compatible; Googlebot/2.1; +http://www.google.com/bot.html)"
66.249.65.36 - - [13/Jul/2025:15:03:12 +0000] "GET /?x=6183060091800&mod=62da8c91&uri=shop.php%3Fid%3D206491-296%26name%3Dkumar+sanu+tumse+milne+ko+dil HTTP/1.1" 200 22191 "-" "Mozilla/5.0 (Linux; Android 6.0.1; Nexus 5X Build/MMB29P) AppleWebKit/537.36 (KHTML, like Gecko) Chrome/137.0.7151.103 Mobile Safari/537.36 (compatible; Googlebot/2.1; +http://www.google.com/bot.html)"
66.249.65.35 - - [13/Jul/2025:15:03:19 +0000] "GET /?x=5664591021800&mod=55d99a37&uri=info.php%3Fid%3D189140-315%26name%3Duhrenarmband+f%C3%83%C2%BCr+junghans+mega HTTP/1.1" 200 22564 "-" "Mozilla/5.0 (Linux; Android 6.0.1; Nexus 5X Build/MMB29P) AppleWebKit/537.36 (KHTML, like Gecko) Chrome/137.0.7151.103 Mobile Safari/537.36 (compatible; Googlebot/2.1; +http://www.google.com/bot.html)"
66.249.65.35 - - [13/Jul/2025:15:03:33 +0000] "GET /?x=94649918071800&mod=e94fe9ac&uri=form.php%3Fid%3D3158653-332%26name%3Dmolkki+26+feb HTTP/1.1" 200 21282 "-" "Mozilla/5.0 (Linux; Android 6.0.1; Nexus 5X Build/MMB29P) AppleWebKit/537.36 (KHTML, like Gecko) Chrome/137.0.7151.103 Mobile Safari/537.36 (compatible; Googlebot/2.1; +http://www.google.com/bot.html)"
66.249.65.35 - - [13/Jul/2025:15:03:46 +0000] "GET /?x=119806852041800&mod=a51fb975&uri=category-info.php%3Fid%3D3998318-129%26name%3Dlatest+infinix+phone+with+6000mah+battery HTTP/1.1" 200 20662 "-" "Mozilla/5.0 (Linux; Android 6.0.1; Nexus 5X Build/MMB29P) AppleWebKit/537.36 (KHTML, like Gecko) Chrome/137.0.7151.103 Mobile Safari/537.36 (compatible; Googlebot/2.1; +http://www.google.com/bot.html)"
66.249.65.35 - - [13/Jul/2025:15:03:59 +0000] "GET /?x=88885186031800&mod=e94fe9ac&uri=brands.php%3Fid%3D2966233-332%26name%3Dget+peacock+with+xfinity HTTP/1.1" 200 22481 "-" "Mozilla/5.0 (Linux; Android 6.0.1; Nexus 5X Build/MMB29P) AppleWebKit/537.36 (KHTML, like Gecko) Chrome/137.0.7151.103 Mobile Safari/537.36 (compatible; Googlebot/2.1; +http://www.google.com/bot.html)"
66.249.65.35 - - [13/Jul/2025:15:04:13 +0000] "GET /?x=88897354021800&mod=e94fe9ac&uri=news.php%3Fid%3D2966640-332%26name%3Ddoes+sling+have+fox HTTP/1.1" 200 22008 "-" "Mozilla/5.0 (Linux; Android 6.0.1; Nexus 5X Build/MMB29P) AppleWebKit/537.36 (KHTML, like Gecko) Chrome/137.0.7151.103 Mobile Safari/537.36 (compatible; Googlebot/2.1; +http://www.google.com/bot.html)"
66.249.65.35 - - [13/Jul/2025:15:04:20 +0000] "GET /?x=59498718001800&mod=e94fe9ac&uri=blog.php%3Fid%3D1985508-332%26name%3Dsamsung+galaxy+xcover+tablet HTTP/1.1" 200 21870 "-" "Mozilla/5.0 (Linux; Android 6.0.1; Nexus 5X Build/MMB29P) AppleWebKit/537.36 (KHTML, like Gecko) Chrome/137.0.7151.103 Mobile Safari/537.36 (compatible; Googlebot/2.1; +http://www.google.com/bot.html)"
66.249.65.35 - - [13/Jul/2025:15:04:36 +0000] "GET /?x=59510581041800&mod=e94fe9ac&uri=search.php%3Fid%3D1985906-332%26name%3Dgarmin+venu+komoot HTTP/1.1" 200 22040 "-" "Mozilla/5.0 (Linux; Android 6.0.1; Nexus 5X Build/MMB29P) AppleWebKit/537.36 (KHTML, like Gecko) Chrome/137.0.7151.103 Mobile Safari/537.36 (compatible; Googlebot/2.1; +http://www.google.com/bot.html)"
66.249.65.35 - - [13/Jul/2025:15:04:49 +0000] "GET /?x=86775263021800&mod=e94fe9ac&uri=brands.php%3Fid%3D2895820-332%26name%3Dyeh+rishta+kya+kehlata+hai+29+october+2021 HTTP/1.1" 200 21658 "-" "Mozilla/5.0 (Linux; Android 6.0.1; Nexus 5X Build/MMB29P) AppleWebKit/537.36 (KHTML, like Gecko) Chrome/137.0.7151.103 Mobile Safari/537.36 (compatible; Googlebot/2.1; +http://www.google.com/bot.html)"
66.249.65.35 - - [13/Jul/2025:15:04:59 +0000] "GET /?x=34559828081800&mod=e94fe9ac&uri=products.php%3Fid%3D1153491-332%26name%3Dthe+wilds+amazon+prime HTTP/1.1" 200 21115 "-" "Mozilla/5.0 (Linux; Android 6.0.1; Nexus 5X Build/MMB29P) AppleWebKit/537.36 (KHTML, like Gecko) Chrome/137.0.7151.103 Mobile Safari/537.36 (compatible; Googlebot/2.1; +http://www.google.com/bot.html)"
66.249.65.37 - - [13/Jul/2025:15:05:14 +0000] "GET /?x=59519308001800&mod=d868f39a&uri=us.php%3Fid%3D1986198-1362%26name%3Dmickey+mouse+supreme+shirt HTTP/1.1" 200 21423 "-" "Mozilla/5.0 (Linux; Android 6.0.1; Nexus 5X Build/MMB29P) AppleWebKit/537.36 (KHTML, like Gecko) Chrome/137.0.7151.103 Mobile Safari/537.36 (compatible; Googlebot/2.1; +http://www.google.com/bot.html)"
66.249.65.36 - - [13/Jul/2025:15:05:30 +0000] "GET /?x=59522338011800&mod=487648b2&uri=us.php%3Fid%3D1986299-1360%26name%3Dsupreme+backpack+grailed HTTP/1.1" 200 21215 "-" "Mozilla/5.0 (Linux; Android 6.0.1; Nexus 5X Build/MMB29P) AppleWebKit/537.36 (KHTML, like Gecko) Chrome/137.0.7151.103 Mobile Safari/537.36 (compatible; Googlebot/2.1; +http://www.google.com/bot.html)"
66.249.65.35 - - [13/Jul/2025:15:05:33 +0000] "POST /get-message-notify HTTP/1.1" 200 21854 "https://kraft-court.cafe/?x=59519308001800&mod=d868f39a&uri=us.php%3Fid%3D1986198-1362%26name%3Dmickey+mouse+supreme+shirt" "Mozilla/5.0 (Linux; Android 6.0.1; Nexus 5X Build/MMB29P) AppleWebKit/537.36 (KHTML, like Gecko) Chrome/137.0.7151.119 Mobile Safari/537.36 (compatible; Googlebot/2.1; +http://www.google.com/bot.html)"
66.249.65.35 - - [13/Jul/2025:15:05:39 +0000] "GET /?x=5841411011800&mod=384babc3&uri=itm.php%3Fid%3D195069-339%26name%3Dzapatos+puma+turin+denim HTTP/1.1" 200 20960 "-" "Mozilla/5.0 (Linux; Android 6.0.1; Nexus 5X Build/MMB29P) AppleWebKit/537.36 (KHTML, like Gecko) Chrome/137.0.7151.103 Mobile Safari/537.36 (compatible; Googlebot/2.1; +http://www.google.com/bot.html)"
66.249.65.35 - - [13/Jul/2025:15:05:49 +0000] "GET /?x=40646840001800&mod=333cb763&uri=pin.php%3Fid%3D1356568-334%26name%3Dwatch+olympus+has+fallen+123 HTTP/1.1" 200 22479 "-" "Mozilla/5.0 (Linux; Android 6.0.1; Nexus 5X Build/MMB29P) AppleWebKit/537.36 (KHTML, like Gecko) Chrome/137.0.7151.103 Mobile Safari/537.36 (compatible; Googlebot/2.1; +http://www.google.com/bot.html)"
66.249.65.35 - - [13/Jul/2025:15:06:02 +0000] "GET /?x=40635986051800&mod=333cb763&uri=goods.php%3Fid%3D1356203-334%26name%3Dkatrathu+tamil+mp3+songs HTTP/1.1" 200 22136 "-" "Mozilla/5.0 (Linux; Android 6.0.1; Nexus 5X Build/MMB29P) AppleWebKit/537.36 (KHTML, like Gecko) Chrome/137.0.7151.103 Mobile Safari/537.36 (compatible; Googlebot/2.1; +http://www.google.com/bot.html)"
66.249.65.35 - - [13/Jul/2025:15:06:15 +0000] "GET /?x=5850287071800&mod=384babc3&uri=brands.php%3Fid%3D195365-339%26name%3Dcomme+des+garcons+997+00 HTTP/1.1" 200 20969 "-" "Mozilla/5.0 (Linux; Android 6.0.1; Nexus 5X Build/MMB29P) AppleWebKit/537.36 (KHTML, like Gecko) Chrome/137.0.7151.103 Mobile Safari/537.36 (compatible; Googlebot/2.1; +http://www.google.com/bot.html)"
66.249.65.35 - - [13/Jul/2025:15:06:15 +0000] "GET /?x=6123215051800&mod=d3a7f48c&uri=search.php%3Fid%3D204475-208%26name%3Dinstax+mini+film+square HTTP/1.1" 200 20838 "-" "Mozilla/5.0 (Linux; Android 6.0.1; Nexus 5X Build/MMB29P) AppleWebKit/537.36 (KHTML, like Gecko) Chrome/137.0.7151.103 Mobile Safari/537.36 (compatible; Googlebot/2.1; +http://www.google.com/bot.html)"
66.249.65.35 - - [13/Jul/2025:15:06:28 +0000] "GET /?x=40639723051800&mod=333cb763&uri=news.php%3Fid%3D1356329-334%26name%3Dfree+amazon+account+login HTTP/1.1" 200 22323 "-" "Mozilla/5.0 (Linux; Android 6.0.1; Nexus 5X Build/MMB29P) AppleWebKit/537.36 (KHTML, like Gecko) Chrome/137.0.7151.103 Mobile Safari/537.36 (compatible; Googlebot/2.1; +http://www.google.com/bot.html)"
66.249.65.35 - - [13/Jul/2025:15:06:40 +0000] "GET /?x=29473585041800&mod=333cb763&uri=search.php%3Fid%3D983722-334%26name%3Dayutha+ezhuthu+mp3 HTTP/1.1" 200 22022 "-" "Mozilla/5.0 (Linux; Android 6.0.1; Nexus 5X Build/MMB29P) AppleWebKit/537.36 (KHTML, like Gecko) Chrome/137.0.7151.103 Mobile Safari/537.36 (compatible; Googlebot/2.1; +http://www.google.com/bot.html)"
66.249.65.35 - - [13/Jul/2025:15:06:43 +0000] "POST /get-message-notify HTTP/1.1" 200 21874 "https://kraft-court.cafe/?x=5850287071800&mod=384babc3&uri=brands.php%3Fid%3D195365-339%26name%3Dcomme+des+garcons+997+00" "Mozilla/5.0 (Linux; Android 6.0.1; Nexus 5X Build/MMB29P) AppleWebKit/537.36 (KHTML, like Gecko) Chrome/137.0.7151.119 Mobile Safari/537.36 (compatible; Googlebot/2.1; +http://www.google.com/bot.html)"
66.249.65.35 - - [13/Jul/2025:15:06:53 +0000] "GET /?x=5845971031800&mod=384babc3&uri=article.php%3Fid%3D195221-339%26name%3Dchampion+sweater+lilac+undertaker HTTP/1.1" 200 20766 "-" "Mozilla/5.0 (Linux; Android 6.0.1; Nexus 5X Build/MMB29P) AppleWebKit/537.36 (KHTML, like Gecko) Chrome/137.0.7151.103 Mobile Safari/537.36 (compatible; Googlebot/2.1; +http://www.google.com/bot.html)"
66.249.65.35 - - [13/Jul/2025:15:06:53 +0000] "POST /get-message-notify HTTP/1.1" 200 21873 "https://kraft-court.cafe/?x=5967365071800&mod=e3ea3396&uri=search.php%3Fid%3D199271-345%26name%3Dchaqueta+snow+billabong+mujer" "Mozilla/5.0 (Linux; Android 6.0.1; Nexus 5X Build/MMB29P) AppleWebKit/537.36 (KHTML, like Gecko) Chrome/137.0.7151.119 Mobile Safari/537.36 (compatible; Googlebot/2.1; +http://www.google.com/bot.html)"
66.249.65.37 - - [13/Jul/2025:15:07:06 +0000] "GET /?x=119694343011800&mod=3e9f0fc9&uri=brands.php%3Fid%3D3994565-484%26name%3Dnoppies+tankini HTTP/1.1" 200 21515 "-" "Mozilla/5.0 (Linux; Android 6.0.1; Nexus 5X Build/MMB29P) AppleWebKit/537.36 (KHTML, like Gecko) Chrome/137.0.7151.103 Mobile Safari/537.36 (compatible; Googlebot/2.1; +http://www.google.com/bot.html)"
209.74.77.214 - - [13/Jul/2025:15:07:11 +0000] "POST /wp-cron.php?doing_wp_cron=1752419231.3008749485015869140625 HTTP/1.1" 200 - "-" "WordPress/6.8.1; https://kraft-court.cafe"
51.222.253.1 - - [13/Jul/2025:15:07:10 +0000] "GET /?x=73411491011800&mod=773fc301&uri=brands.php%3Fid%3D2449809-559%26name%3Dtk+maxx+christmas+jumpers+ladies HTTP/1.1" 301 - "-" "Mozilla/5.0 (compatible; AhrefsBot/7.0; +http://ahrefs.com/robot/)"
66.249.65.35 - - [13/Jul/2025:15:07:12 +0000] "POST /get-message-notify HTTP/1.1" 200 21858 "https://kraft-court.cafe/?x=5845971031800&mod=384babc3&uri=article.php%3Fid%3D195221-339%26name%3Dchampion+sweater+lilac+undertaker" "Mozilla/5.0 (Linux; Android 6.0.1; Nexus 5X Build/MMB29P) AppleWebKit/537.36 (KHTML, like Gecko) Chrome/137.0.7151.119 Mobile Safari/537.36 (compatible; Googlebot/2.1; +http://www.google.com/bot.html)"
66.249.65.35 - - [13/Jul/2025:15:07:20 +0000] "GET /?x=117743650081800&mod=55d99a37&uri=dp.php%3Fid%3D3929502-315%26name%3Dporsche+uhr+911+turbo HTTP/1.1" 200 21498 "-" "Mozilla/5.0 (Linux; Android 6.0.1; Nexus 5X Build/MMB29P) AppleWebKit/537.36 (KHTML, like Gecko) Chrome/137.0.7151.103 Mobile Safari/537.36 (compatible; Googlebot/2.1; +http://www.google.com/bot.html)"
66.249.65.35 - - [13/Jul/2025:15:07:21 +0000] "GET /?x=6108635031800&mod=0d0fd7c6&uri=form.php%3Fid%3D203989-40%26name%3Dbattery+powered+pipe+cutter HTTP/1.1" 200 22500 "-" "Mozilla/5.0 (Linux; Android 6.0.1; Nexus 5X Build/MMB29P) AppleWebKit/537.36 (KHTML, like Gecko) Chrome/137.0.7151.103 Mobile Safari/537.36 (compatible; Googlebot/2.1; +http://www.google.com/bot.html)"
66.249.65.35 - - [13/Jul/2025:15:07:25 +0000] "POST /get-message-notify HTTP/1.1" 200 21862 "https://kraft-court.cafe/?x=6123215051800&mod=d3a7f48c&uri=search.php%3Fid%3D204475-208%26name%3Dinstax+mini+film+square" "Mozilla/5.0 (Linux; Android 6.0.1; Nexus 5X Build/MMB29P) AppleWebKit/537.36 (KHTML, like Gecko) Chrome/137.0.7151.119 Mobile Safari/537.36 (compatible; Googlebot/2.1; +http://www.google.com/bot.html)"
66.249.65.35 - - [13/Jul/2025:15:07:34 +0000] "GET /?x=119690923031800&mod=3e9f0fc9&uri=products.php%3Fid%3D3994451-484%26name%3Dbecca+by+rebecca+virtue+one+piece HTTP/1.1" 200 21390 "-" "Mozilla/5.0 (Linux; Android 6.0.1; Nexus 5X Build/MMB29P) AppleWebKit/537.36 (KHTML, like Gecko) Chrome/137.0.7151.103 Mobile Safari/537.36 (compatible; Googlebot/2.1; +http://www.google.com/bot.html)"
66.249.65.35 - - [13/Jul/2025:15:07:47 +0000] "GET /?x=110140402081800&mod=55d99a37&uri=itm.php%3Fid%3D3675727-315%26name%3Dopel+mokka+uhr+einstellen HTTP/1.1" 200 21149 "-" "Mozilla/5.0 (Linux; Android 6.0.1; Nexus 5X Build/MMB29P) AppleWebKit/537.36 (KHTML, like Gecko) Chrome/137.0.7151.103 Mobile Safari/537.36 (compatible; Googlebot/2.1; +http://www.google.com/bot.html)"
66.249.65.35 - - [13/Jul/2025:15:07:56 +0000] "GET /?x=119685703031800&mod=3e9f0fc9&uri=dp.php%3Fid%3D3994277-484%26name%3Dfreya+tankini+sale HTTP/1.1" 200 21484 "-" "Mozilla/5.0 (Linux; Android 6.0.1; Nexus 5X Build/MMB29P) AppleWebKit/537.36 (KHTML, like Gecko) Chrome/137.0.7151.103 Mobile Safari/537.36 (compatible; Googlebot/2.1; +http://www.google.com/bot.html)"
66.249.65.35 - - [13/Jul/2025:15:08:12 +0000] "GET /?x=119692003031800&mod=3e9f0fc9&uri=info.php%3Fid%3D3994487-484%26name%3Dbonprix+tankini+top HTTP/1.1" 200 20467 "-" "Mozilla/5.0 (Linux; Android 6.0.1; Nexus 5X Build/MMB29P) AppleWebKit/537.36 (KHTML, like Gecko) Chrome/137.0.7151.103 Mobile Safari/537.36 (compatible; Googlebot/2.1; +http://www.google.com/bot.html)"
66.249.65.36 - - [13/Jul/2025:15:08:26 +0000] "GET /?x=119697043031800&mod=3e9f0fc9&uri=products.php%3Fid%3D3994655-484%26name%3Dana+tankini HTTP/1.1" 200 21760 "-" "Mozilla/5.0 (Linux; Android 6.0.1; Nexus 5X Build/MMB29P) AppleWebKit/537.36 (KHTML, like Gecko) Chrome/137.0.7151.103 Mobile Safari/537.36 (compatible; Googlebot/2.1; +http://www.google.com/bot.html)"
66.249.65.35 - - [13/Jul/2025:15:08:40 +0000] "GET /?x=119690563001800&mod=3e9f0fc9&uri=info.php%3Fid%3D3994439-484%26name%3Dtie+dye+underwire+top+with+high+waist+bikini HTTP/1.1" 200 20986 "-" "Mozilla/5.0 (Linux; Android 6.0.1; Nexus 5X Build/MMB29P) AppleWebKit/537.36 (KHTML, like Gecko) Chrome/137.0.7151.103 Mobile Safari/537.36 (compatible; Googlebot/2.1; +http://www.google.com/bot.html)"
66.249.65.35 - - [13/Jul/2025:15:08:56 +0000] "GET /?x=119688043011800&mod=3e9f0fc9&uri=pin.php%3Fid%3D3994355-484%26name%3Dfluffy+bikini+set HTTP/1.1" 200 20737 "-" "Mozilla/5.0 (Linux; Android 6.0.1; Nexus 5X Build/MMB29P) AppleWebKit/537.36 (KHTML, like Gecko) Chrome/137.0.7151.103 Mobile Safari/537.36 (compatible; Googlebot/2.1; +http://www.google.com/bot.html)"
66.249.65.37 - - [13/Jul/2025:15:09:03 +0000] "GET /?x=119570767031800&mod=55d99a37&uri=shop.php%3Fid%3D3990442-315%26name%3Deurotops+uhr+stainless+steel HTTP/1.1" 200 21977 "-" "Mozilla/5.0 (Linux; Android 6.0.1; Nexus 5X Build/MMB29P) AppleWebKit/537.36 (KHTML, like Gecko) Chrome/137.0.7151.103 Mobile Safari/537.36 (compatible; Googlebot/2.1; +http://www.google.com/bot.html)"
66.249.65.35 - - [13/Jul/2025:15:09:03 +0000] "POST /get-message-notify HTTP/1.1" 200 21869 "https://kraft-court.cafe/?x=119692003031800&mod=3e9f0fc9&uri=info.php%3Fid%3D3994487-484%26name%3Dbonprix+tankini+top" "Mozilla/5.0 (Linux; Android 6.0.1; Nexus 5X Build/MMB29P) AppleWebKit/537.36 (KHTML, like Gecko) Chrome/137.0.7151.119 Mobile Safari/537.36 (compatible; Googlebot/2.1; +http://www.google.com/bot.html)"
66.249.65.36 - - [13/Jul/2025:15:09:16 +0000] "GET /?x=119692903031800&mod=3e9f0fc9&uri=article.php%3Fid%3D3994517-484%26name%3Dbest+underwire+swimsuits+2020 HTTP/1.1" 200 20872 "-" "Mozilla/5.0 (Linux; Android 6.0.1; Nexus 5X Build/MMB29P) AppleWebKit/537.36 (KHTML, like Gecko) Chrome/137.0.7151.103 Mobile Safari/537.36 (compatible; Googlebot/2.1; +http://www.google.com/bot.html)"
66.249.65.35 - - [13/Jul/2025:15:09:29 +0000] "GET /?x=119693803031800&mod=3e9f0fc9&uri=form.php%3Fid%3D3994547-484%26name%3Dbikini+hot+2020 HTTP/1.1" 200 20806 "-" "Mozilla/5.0 (Linux; Android 6.0.1; Nexus 5X Build/MMB29P) AppleWebKit/537.36 (KHTML, like Gecko) Chrome/137.0.7151.103 Mobile Safari/537.36 (compatible; Googlebot/2.1; +http://www.google.com/bot.html)"
66.249.65.35 - - [13/Jul/2025:15:09:42 +0000] "GET /?x=110132504051800&mod=55d99a37&uri=info.php%3Fid%3D3675463-315%26name%3Dseiko+lassale+damenuhr HTTP/1.1" 200 21741 "-" "Mozilla/5.0 (Linux; Android 6.0.1; Nexus 5X Build/MMB29P) AppleWebKit/537.36 (KHTML, like Gecko) Chrome/137.0.7151.103 Mobile Safari/537.36 (compatible; Googlebot/2.1; +http://www.google.com/bot.html)"
66.249.65.35 - - [13/Jul/2025:15:09:58 +0000] "GET /?x=119686243011800&mod=3e9f0fc9&uri=blog.php%3Fid%3D3994295-484%26name%3Dtankini+tropical HTTP/1.1" 200 21011 "-" "Mozilla/5.0 (Linux; Android 6.0.1; Nexus 5X Build/MMB29P) AppleWebKit/537.36 (KHTML, like Gecko) Chrome/137.0.7151.103 Mobile Safari/537.36 (compatible; Googlebot/2.1; +http://www.google.com/bot.html)"
66.249.65.35 - - [13/Jul/2025:15:10:04 +0000] "GET /?x=119621590041800&mod=80b618eb&uri=products.php%3Fid%3D3992138-572%26name%3Dmens+nike+free+tr+v8 HTTP/1.1" 200 21040 "-" "Mozilla/5.0 (Linux; Android 6.0.1; Nexus 5X Build/MMB29P) AppleWebKit/537.36 (KHTML, like Gecko) Chrome/137.0.7151.103 Mobile Safari/537.36 (compatible; Googlebot/2.1; +http://www.google.com/bot.html)"
66.249.65.35 - - [13/Jul/2025:15:10:05 +0000] "GET /?x=6115775051800&mod=d3a7f48c&uri=dp.php%3Fid%3D204227-208%26name%3Dsony+mirror+lens HTTP/1.1" 200 21234 "-" "Mozilla/5.0 (Linux; Android 6.0.1; Nexus 5X Build/MMB29P) AppleWebKit/537.36 (KHTML, like Gecko) Chrome/137.0.7151.103 Mobile Safari/537.36 (compatible; Googlebot/2.1; +http://www.google.com/bot.html)"
66.249.65.36 - - [13/Jul/2025:15:10:18 +0000] "GET /?x=119693263051800&mod=3e9f0fc9&uri=blog.php%3Fid%3D3994529-484%26name%3Dgold+metallic+bikini+set HTTP/1.1" 200 21252 "-" "Mozilla/5.0 (Linux; Android 6.0.1; Nexus 5X Build/MMB29P) AppleWebKit/537.36 (KHTML, like Gecko) Chrome/137.0.7151.103 Mobile Safari/537.36 (compatible; Googlebot/2.1; +http://www.google.com/bot.html)"
66.249.65.35 - - [13/Jul/2025:15:10:31 +0000] "GET /?x=119697583091800&mod=3e9f0fc9&uri=shared.php%3Fid%3D3994673-484%26name%3Dtanlines+one+piece+swim HTTP/1.1" 200 21285 "-" "Mozilla/5.0 (Linux; Android 6.0.1; Nexus 5X Build/MMB29P) AppleWebKit/537.36 (KHTML, like Gecko) Chrome/137.0.7151.103 Mobile Safari/537.36 (compatible; Googlebot/2.1; +http://www.google.com/bot.html)"
66.249.65.35 - - [13/Jul/2025:15:10:46 +0000] "GET /?x=119695243011800&mod=3e9f0fc9&uri=search.php%3Fid%3D3994595-484%26name%3Dtankini+122 HTTP/1.1" 200 21167 "-" "Mozilla/5.0 (Linux; Android 6.0.1; Nexus 5X Build/MMB29P) AppleWebKit/537.36 (KHTML, like Gecko) Chrome/137.0.7151.103 Mobile Safari/537.36 (compatible; Googlebot/2.1; +http://www.google.com/bot.html)"
66.249.65.35 - - [13/Jul/2025:15:10:50 +0000] "POST /get-message-notify HTTP/1.1" 200 21861 "https://kraft-court.cafe/?x=119697583091800&mod=3e9f0fc9&uri=shared.php%3Fid%3D3994673-484%26name%3Dtanlines+one+piece+swim" "Mozilla/5.0 (Linux; Android 6.0.1; Nexus 5X Build/MMB29P) AppleWebKit/537.36 (KHTML, like Gecko) Chrome/137.0.7151.119 Mobile Safari/537.36 (compatible; Googlebot/2.1; +http://www.google.com/bot.html)"
66.249.65.35 - - [13/Jul/2025:15:10:59 +0000] "GET /?x=119694163001800&mod=3e9f0fc9&uri=shop.php%3Fid%3D3994559-484%26name%3Dotto+tankini+sale HTTP/1.1" 200 21596 "-" "Mozilla/5.0 (Linux; Android 6.0.1; Nexus 5X Build/MMB29P) AppleWebKit/537.36 (KHTML, like Gecko) Chrome/137.0.7151.103 Mobile Safari/537.36 (compatible; Googlebot/2.1; +http://www.google.com/bot.html)"
66.249.65.35 - - [13/Jul/2025:15:11:13 +0000] "GET /?x=119685343011800&mod=3e9f0fc9&uri=product.php%3Fid%3D3994265-484%26name%3Dcoco+reef+plus+size HTTP/1.1" 200 20729 "-" "Mozilla/5.0 (Linux; Android 6.0.1; Nexus 5X Build/MMB29P) AppleWebKit/537.36 (KHTML, like Gecko) Chrome/137.0.7151.103 Mobile Safari/537.36 (compatible; Googlebot/2.1; +http://www.google.com/bot.html)"
66.249.65.35 - - [13/Jul/2025:15:11:20 +0000] "GET /?x=5969765061800&mod=e3ea3396&uri=products.php%3Fid%3D199351-345%26name%3Dropas+americanas+sonya HTTP/1.1" 200 20986 "-" "Mozilla/5.0 (Linux; Android 6.0.1; Nexus 5X Build/MMB29P) AppleWebKit/537.36 (KHTML, like Gecko) Chrome/137.0.7151.103 Mobile Safari/537.36 (compatible; Googlebot/2.1; +http://www.google.com/bot.html)"
66.249.65.35 - - [13/Jul/2025:15:11:20 +0000] "GET /?x=119694523121800&mod=3e9f0fc9&uri=brands.php%3Fid%3D3994571-484%26name%3Dbody+shaping+swimwear HTTP/1.1" 200 20856 "-" "Mozilla/5.0 (Linux; Android 6.0.1; Nexus 5X Build/MMB29P) AppleWebKit/537.36 (KHTML, like Gecko) Chrome/137.0.7151.103 Mobile Safari/537.36 (compatible; Googlebot/2.1; +http://www.google.com/bot.html)"
66.249.65.35 - - [13/Jul/2025:15:11:34 +0000] "GET /?x=119692543011800&mod=3e9f0fc9&uri=goods.php%3Fid%3D3994505-484%26name%3Dzipper+bikini+bottom HTTP/1.1" 200 20606 "-" "Mozilla/5.0 (Linux; Android 6.0.1; Nexus 5X Build/MMB29P) AppleWebKit/537.36 (KHTML, like Gecko) Chrome/137.0.7151.103 Mobile Safari/537.36 (compatible; Googlebot/2.1; +http://www.google.com/bot.html)"
66.249.65.35 - - [13/Jul/2025:15:11:47 +0000] "GET /?x=119697403011800&mod=3e9f0fc9&uri=brands.php%3Fid%3D3994667-484%26name%3Djoe+fresh+tankini HTTP/1.1" 200 22070 "-" "Mozilla/5.0 (Linux; Android 6.0.1; Nexus 5X Build/MMB29P) AppleWebKit/537.36 (KHTML, like Gecko) Chrome/137.0.7151.103 Mobile Safari/537.36 (compatible; Googlebot/2.1; +http://www.google.com/bot.html)"
66.249.65.35 - - [13/Jul/2025:15:12:00 +0000] "GET /?x=119697943031800&mod=3e9f0fc9&uri=dp.php%3Fid%3D3994685-484%26name%3Dhalter+tankini+swimwear HTTP/1.1" 200 21295 "-" "Mozilla/5.0 (Linux; Android 6.0.1; Nexus 5X Build/MMB29P) AppleWebKit/537.36 (KHTML, like Gecko) Chrome/137.0.7151.103 Mobile Safari/537.36 (compatible; Googlebot/2.1; +http://www.google.com/bot.html)"
209.74.77.214 - - [13/Jul/2025:15:12:09 +0000] "POST /wp-cron.php?doing_wp_cron=1752419529.0137770175933837890625 HTTP/1.1" 200 - "-" "WordPress/6.8.1; https://kraft-court.cafe"
51.222.253.14 - - [13/Jul/2025:15:12:08 +0000] "GET /?x=74820013011800&mod=4f868165&uri=category-info.php%3Fid%3D2496796-1464%26name%3Dn+ike HTTP/1.1" 301 - "-" "Mozilla/5.0 (compatible; AhrefsBot/7.0; +http://ahrefs.com/robot/)"
66.249.65.36 - - [13/Jul/2025:15:12:11 +0000] "GET /?x=119591200011800&mod=55d99a37&uri=pin.php%3Fid%3D3991125-315%26name%3Dbreitling+uhr+gr%C3%83%C2%BCn HTTP/1.1" 200 22442 "-" "Mozilla/5.0 (Linux; Android 6.0.1; Nexus 5X Build/MMB29P) AppleWebKit/537.36 (KHTML, like Gecko) Chrome/137.0.7151.103 Mobile Safari/537.36 (compatible; Googlebot/2.1; +http://www.google.com/bot.html)"
66.249.65.35 - - [13/Jul/2025:15:12:27 +0000] "GET /?x=119698483031800&mod=3e9f0fc9&uri=itm.php%3Fid%3D3994703-484%26name%3Danthropologie+peplum+tankini HTTP/1.1" 200 21158 "-" "Mozilla/5.0 (Linux; Android 6.0.1; Nexus 5X Build/MMB29P) AppleWebKit/537.36 (KHTML, like Gecko) Chrome/137.0.7151.103 Mobile Safari/537.36 (compatible; Googlebot/2.1; +http://www.google.com/bot.html)"
66.249.65.35 - - [13/Jul/2025:15:12:46 +0000] "GET /?x=119691103071800&mod=3e9f0fc9&uri=brands.php%3Fid%3D3994457-484%26name%3Dplus+size+tankini+sets+with+underwire HTTP/1.1" 200 20694 "-" "Mozilla/5.0 (Linux; Android 6.0.1; Nexus 5X Build/MMB29P) AppleWebKit/537.36 (KHTML, like Gecko) Chrome/137.0.7151.103 Mobile Safari/537.36 (compatible; Googlebot/2.1; +http://www.google.com/bot.html)"
66.249.65.35 - - [13/Jul/2025:15:12:48 +0000] "POST /get-message-notify HTTP/1.1" 200 21858 "https://kraft-court.cafe/?x=119691103071800&mod=3e9f0fc9&uri=brands.php%3Fid%3D3994457-484%26name%3Dplus+size+tankini+sets+with+underwire" "Mozilla/5.0 (Linux; Android 6.0.1; Nexus 5X Build/MMB29P) AppleWebKit/537.36 (KHTML, like Gecko) Chrome/137.0.7151.119 Mobile Safari/537.36 (compatible; Googlebot/2.1; +http://www.google.com/bot.html)"
66.249.65.35 - - [13/Jul/2025:15:12:53 +0000] "GET /?x=119691463001800&mod=3e9f0fc9&uri=article.php%3Fid%3D3994469-484%26name%3D24th+and+ocean+swimsuits HTTP/1.1" 200 20419 "-" "Mozilla/5.0 (Linux; Android 6.0.1; Nexus 5X Build/MMB29P) AppleWebKit/537.36 (KHTML, like Gecko) Chrome/137.0.7151.103 Mobile Safari/537.36 (compatible; Googlebot/2.1; +http://www.google.com/bot.html)"
66.249.65.36 - - [13/Jul/2025:15:13:01 +0000] "GET /?x=119685523021800&mod=3e9f0fc9&uri=search.php%3Fid%3D3994271-484%26name%3D4th+of+july+tankini HTTP/1.1" 200 21221 "-" "Mozilla/5.0 (Linux; Android 6.0.1; Nexus 5X Build/MMB29P) AppleWebKit/537.36 (KHTML, like Gecko) Chrome/137.0.7151.103 Mobile Safari/537.36 (compatible; Googlebot/2.1; +http://www.google.com/bot.html)"
66.249.65.36 - - [13/Jul/2025:15:13:15 +0000] "GET /?x=119582239041800&mod=55d99a37&uri=itm.php%3Fid%3D3990826-315%26name%3Drainbow+emotion+uhr HTTP/1.1" 200 22344 "-" "Mozilla/5.0 (Linux; Android 6.0.1; Nexus 5X Build/MMB29P) AppleWebKit/537.36 (KHTML, like Gecko) Chrome/137.0.7151.103 Mobile Safari/537.36 (compatible; Googlebot/2.1; +http://www.google.com/bot.html)"
66.249.65.35 - - [13/Jul/2025:15:13:24 +0000] "POST /get-message-notify HTTP/1.1" 200 21874 "https://kraft-court.cafe/?x=119582239041800&mod=55d99a37&uri=itm.php%3Fid%3D3990826-315%26name%3Drainbow+emotion+uhr" "Mozilla/5.0 (Linux; Android 6.0.1; Nexus 5X Build/MMB29P) AppleWebKit/537.36 (KHTML, like Gecko) Chrome/137.0.7151.119 Mobile Safari/537.36 (compatible; Googlebot/2.1; +http://www.google.com/bot.html)"
66.249.65.35 - - [13/Jul/2025:15:13:31 +0000] "GET /?x=5657421051800&mod=55d99a37&uri=pin.php%3Fid%3D188901-315%26name%3Dmeister+anker+glash%C3%83%C2%BCtte HTTP/1.1" 200 20978 "-" "Mozilla/5.0 (Linux; Android 6.0.1; Nexus 5X Build/MMB29P) AppleWebKit/537.36 (KHTML, like Gecko) Chrome/137.0.7151.103 Mobile Safari/537.36 (compatible; Googlebot/2.1; +http://www.google.com/bot.html)"
66.249.65.35 - - [13/Jul/2025:15:13:35 +0000] "POST /get-message-notify HTTP/1.1" 200 21866 "https://kraft-court.cafe/?x=5657421051800&mod=55d99a37&uri=pin.php%3Fid%3D188901-315%26name%3Dmeister+anker+glash%C3%83%C2%BCtte" "Mozilla/5.0 (Linux; Android 6.0.1; Nexus 5X Build/MMB29P) AppleWebKit/537.36 (KHTML, like Gecko) Chrome/137.0.7151.119 Mobile Safari/537.36 (compatible; Googlebot/2.1; +http://www.google.com/bot.html)"
66.249.65.35 - - [13/Jul/2025:15:13:32 +0000] "GET /?x=5790385001800&mod=a8849b05&uri=brands.php%3Fid%3D193366-57%26name%3Dbest+budget+wireless+earphones+with+mic HTTP/1.1" 200 22728 "-" "Mozilla/5.0 (Linux; Android 6.0.1; Nexus 5X Build/MMB29P) AppleWebKit/537.36 (KHTML, like Gecko) Chrome/137.0.7151.103 Mobile Safari/537.36 (compatible; Googlebot/2.1; +http://www.google.com/bot.html)"
66.249.65.35 - - [13/Jul/2025:15:13:39 +0000] "GET /?x=119578274021800&mod=55d99a37&uri=article.php%3Fid%3D3990693-315%26name%3Dglash%C3%83%C2%BCtte+uhren+gebraucht+ddr HTTP/1.1" 200 22181 "-" "Mozilla/5.0 (Linux; Android 6.0.1; Nexus 5X Build/MMB29P) AppleWebKit/537.36 (KHTML, like Gecko) Chrome/137.0.7151.103 Mobile Safari/537.36 (compatible; Googlebot/2.1; +http://www.google.com/bot.html)"
66.249.65.35 - - [13/Jul/2025:15:13:55 +0000] "GET /?x=5656341031800&mod=dc6a7e65&uri=products.php%3Fid%3D188865-308%26name%3Dnext+level+8221 HTTP/1.1" 200 22521 "-" "Mozilla/5.0 (Linux; Android 6.0.1; Nexus 5X Build/MMB29P) AppleWebKit/537.36 (KHTML, like Gecko) Chrome/137.0.7151.103 Mobile Safari/537.36 (compatible; Googlebot/2.1; +http://www.google.com/bot.html)"
66.249.65.35 - - [13/Jul/2025:15:14:07 +0000] "GET /?x=5656311081800&mod=dc6a7e65&uri=pin.php%3Fid%3D188864-308%26name%3Dnasa+grey+sweatshirt HTTP/1.1" 200 21397 "-" "Mozilla/5.0 (Linux; Android 6.0.1; Nexus 5X Build/MMB29P) AppleWebKit/537.36 (KHTML, like Gecko) Chrome/137.0.7151.103 Mobile Safari/537.36 (compatible; Googlebot/2.1; +http://www.google.com/bot.html)"
66.249.65.35 - - [13/Jul/2025:15:14:09 +0000] "POST /get-message-notify HTTP/1.1" 200 21865 "https://kraft-court.cafe/?x=119695243011800&mod=3e9f0fc9&uri=search.php%3Fid%3D3994595-484%26name%3Dtankini+122" "Mozilla/5.0 (Linux; Android 6.0.1; Nexus 5X Build/MMB29P) AppleWebKit/537.36 (KHTML, like Gecko) Chrome/137.0.7151.119 Mobile Safari/537.36 (compatible; Googlebot/2.1; +http://www.google.com/bot.html)"
66.249.65.35 - - [13/Jul/2025:15:14:21 +0000] "GET /?x=5652201061800&mod=55d99a37&uri=goods.php%3Fid%3D188727-315%26name%3Dexklusive+uhren+24 HTTP/1.1" 200 20942 "-" "Mozilla/5.0 (Linux; Android 6.0.1; Nexus 5X Build/MMB29P) AppleWebKit/537.36 (KHTML, like Gecko) Chrome/137.0.7151.103 Mobile Safari/537.36 (compatible; Googlebot/2.1; +http://www.google.com/bot.html)"
66.249.65.35 - - [13/Jul/2025:15:14:31 +0000] "GET /?x=5657601061800&mod=dc6a7e65&uri=form.php%3Fid%3D188907-308%26name%3Dlooney+tunes+black+hoodie HTTP/1.1" 200 21986 "-" "Mozilla/5.0 (Linux; Android 6.0.1; Nexus 5X Build/MMB29P) AppleWebKit/537.36 (KHTML, like Gecko) Chrome/137.0.7151.103 Mobile Safari/537.36 (compatible; Googlebot/2.1; +http://www.google.com/bot.html)"
66.249.65.35 - - [13/Jul/2025:15:14:34 +0000] "POST /get-message-notify HTTP/1.1" 200 21872 "https://kraft-court.cafe/?x=119693803031800&mod=3e9f0fc9&uri=form.php%3Fid%3D3994547-484%26name%3Dbikini+hot+2020" "Mozilla/5.0 (Linux; Android 6.0.1; Nexus 5X Build/MMB29P) AppleWebKit/537.36 (KHTML, like Gecko) Chrome/137.0.7151.119 Mobile Safari/537.36 (compatible; Googlebot/2.1; +http://www.google.com/bot.html)"
66.249.65.35 - - [13/Jul/2025:15:14:44 +0000] "GET /?x=5656161031800&mod=dc6a7e65&uri=form.php%3Fid%3D188859-308%26name%3Dmonki+soft+drawstring+hoodie HTTP/1.1" 200 22604 "-" "Mozilla/5.0 (Linux; Android 6.0.1; Nexus 5X Build/MMB29P) AppleWebKit/537.36 (KHTML, like Gecko) Chrome/137.0.7151.103 Mobile Safari/537.36 (compatible; Googlebot/2.1; +http://www.google.com/bot.html)"
66.249.65.35 - - [13/Jul/2025:15:14:57 +0000] "GET /?x=5658111081800&mod=dc6a7e65&uri=dp.php%3Fid%3D188924-308%26name%3Dnext+sweatshirts+and+hoodies HTTP/1.1" 200 21999 "-" "Mozilla/5.0 (Linux; Android 6.0.1; Nexus 5X Build/MMB29P) AppleWebKit/537.36 (KHTML, like Gecko) Chrome/137.0.7151.103 Mobile Safari/537.36 (compatible; Googlebot/2.1; +http://www.google.com/bot.html)"
66.249.65.36 - - [13/Jul/2025:15:15:10 +0000] "GET /?x=5657841091800&mod=dc6a7e65&uri=us.php%3Fid%3D188915-308%26name%3Dbackwoods+hoodie+bart+simpson HTTP/1.1" 200 22010 "-" "Mozilla/5.0 (Linux; Android 6.0.1; Nexus 5X Build/MMB29P) AppleWebKit/537.36 (KHTML, like Gecko) Chrome/137.0.7151.103 Mobile Safari/537.36 (compatible; Googlebot/2.1; +http://www.google.com/bot.html)"
66.249.65.36 - - [13/Jul/2025:15:15:15 +0000] "POST /get-message-notify HTTP/1.1" 200 21875 "https://kraft-court.cafe/?x=5790385001800&mod=a8849b05&uri=brands.php%3Fid%3D193366-57%26name%3Dbest+budget+wireless+earphones+with+mic" "Mozilla/5.0 (Linux; Android 6.0.1; Nexus 5X Build/MMB29P) AppleWebKit/537.36 (KHTML, like Gecko) Chrome/137.0.7151.119 Mobile Safari/537.36 (compatible; Googlebot/2.1; +http://www.google.com/bot.html)"
66.249.65.35 - - [13/Jul/2025:15:15:25 +0000] "GET /?x=5657931021800&mod=dc6a7e65&uri=goods.php%3Fid%3D188918-308%26name%3Dtk+maxx+hoodies+mens HTTP/1.1" 200 21813 "-" "Mozilla/5.0 (Linux; Android 6.0.1; Nexus 5X Build/MMB29P) AppleWebKit/537.36 (KHTML, like Gecko) Chrome/137.0.7151.103 Mobile Safari/537.36 (compatible; Googlebot/2.1; +http://www.google.com/bot.html)"
66.249.65.35 - - [13/Jul/2025:15:15:25 +0000] "GET /?x=5630281011800&mod=55d99a37&uri=news.php%3Fid%3D187991-315%26name%3Droyal+uhr+46595 HTTP/1.1" 200 21712 "-" "Mozilla/5.0 (Linux; Android 6.0.1; Nexus 5X Build/MMB29P) AppleWebKit/537.36 (KHTML, like Gecko) Chrome/137.0.7151.103 Mobile Safari/537.36 (compatible; Googlebot/2.1; +http://www.google.com/bot.html)"
66.249.65.35 - - [13/Jul/2025:15:15:37 +0000] "POST /get-message-notify HTTP/1.1" 200 21856 "https://kraft-court.cafe/?x=5657841091800&mod=dc6a7e65&uri=us.php%3Fid%3D188915-308%26name%3Dbackwoods+hoodie+bart+simpson" "Mozilla/5.0 (Linux; Android 6.0.1; Nexus 5X Build/MMB29P) AppleWebKit/537.36 (KHTML, like Gecko) Chrome/137.0.7151.119 Mobile Safari/537.36 (compatible; Googlebot/2.1; +http://www.google.com/bot.html)"
66.249.65.35 - - [13/Jul/2025:15:15:38 +0000] "GET /?x=5648260091800&mod=55d99a37&uri=news.php%3Fid%3D188595-315%26name%3Daldi+s%C3%83%C2%BCd+watch+uhr HTTP/1.1" 200 20934 "-" "Mozilla/5.0 (Linux; Android 6.0.1; Nexus 5X Build/MMB29P) AppleWebKit/537.36 (KHTML, like Gecko) Chrome/137.0.7151.103 Mobile Safari/537.36 (compatible; Googlebot/2.1; +http://www.google.com/bot.html)"
66.249.65.35 - - [13/Jul/2025:15:15:51 +0000] "GET /?x=5640420061800&mod=55d99a37&uri=dp.php%3Fid%3D188331-315%26name%3Darmbanduhr+wasserdicht+20+bar HTTP/1.1" 200 21219 "-" "Mozilla/5.0 (Linux; Android 6.0.1; Nexus 5X Build/MMB29P) AppleWebKit/537.36 (KHTML, like Gecko) Chrome/137.0.7151.103 Mobile Safari/537.36 (compatible; Googlebot/2.1; +http://www.google.com/bot.html)"
66.249.65.35 - - [13/Jul/2025:15:15:55 +0000] "POST /get-message-notify HTTP/1.1" 200 21867 "https://kraft-court.cafe/?x=5630281011800&mod=55d99a37&uri=news.php%3Fid%3D187991-315%26name%3Droyal+uhr+46595" "Mozilla/5.0 (Linux; Android 6.0.1; Nexus 5X Build/MMB29P) AppleWebKit/537.36 (KHTML, like Gecko) Chrome/137.0.7151.119 Mobile Safari/537.36 (compatible; Googlebot/2.1; +http://www.google.com/bot.html)"
66.249.65.36 - - [13/Jul/2025:15:16:05 +0000] "GET /?x=5656701031800&mod=dc6a7e65&uri=blog.php%3Fid%3D188877-308%26name%3Dhalf+blue+half+black+hoodie HTTP/1.1" 200 22388 "-" "Mozilla/5.0 (Linux; Android 6.0.1; Nexus 5X Build/MMB29P) AppleWebKit/537.36 (KHTML, like Gecko) Chrome/137.0.7151.103 Mobile Safari/537.36 (compatible; Googlebot/2.1; +http://www.google.com/bot.html)"
66.249.65.35 - - [13/Jul/2025:15:16:18 +0000] "GET /?x=119574285141800&mod=55d99a37&uri=dp.php%3Fid%3D3990560-315%26name%3Dgruen+armbanduhr HTTP/1.1" 200 21491 "-" "Mozilla/5.0 (Linux; Android 6.0.1; Nexus 5X Build/MMB29P) AppleWebKit/537.36 (KHTML, like Gecko) Chrome/137.0.7151.103 Mobile Safari/537.36 (compatible; Googlebot/2.1; +http://www.google.com/bot.html)"
66.249.65.35 - - [13/Jul/2025:15:16:25 +0000] "GET /?x=119456042031800&mod=9854d7af&uri=products.php%3Fid%3D3986614-387%26name%3Dday+dumbbell+workout+plan HTTP/1.1" 200 21978 "-" "Mozilla/5.0 (Linux; Android 6.0.1; Nexus 5X Build/MMB29P) AppleWebKit/537.36 (KHTML, like Gecko) Chrome/137.0.7151.103 Mobile Safari/537.36 (compatible; Googlebot/2.1; +http://www.google.com/bot.html)"
66.249.65.35 - - [13/Jul/2025:15:16:25 +0000] "GET /?x=5751147031800&mod=97108695&uri=itm.php%3Fid%3D192058-335%26name%3Dpokemon+pokeball+switch HTTP/1.1" 200 21516 "-" "Mozilla/5.0 (Linux; Android 6.0.1; Nexus 5X Build/MMB29P) AppleWebKit/537.36 (KHTML, like Gecko) Chrome/137.0.7151.103 Mobile Safari/537.36 (compatible; Googlebot/2.1; +http://www.google.com/bot.html)"
66.249.65.35 - - [13/Jul/2025:15:16:27 +0000] "POST /get-message-notify HTTP/1.1" 200 21865 "https://kraft-court.cafe/?x=5657601061800&mod=dc6a7e65&uri=form.php%3Fid%3D188907-308%26name%3Dlooney+tunes+black+hoodie" "Mozilla/5.0 (Linux; Android 6.0.1; Nexus 5X Build/MMB29P) AppleWebKit/537.36 (KHTML, like Gecko) Chrome/137.0.7151.119 Mobile Safari/537.36 (compatible; Googlebot/2.1; +http://www.google.com/bot.html)"
66.249.65.35 - - [13/Jul/2025:15:16:39 +0000] "GET /?x=5619300051800&mod=e94fe9ac&uri=itm.php%3Fid%3D187619-332%26name%3Dgarmin+store+central+park HTTP/1.1" 200 21964 "-" "Mozilla/5.0 (Linux; Android 6.0.1; Nexus 5X Build/MMB29P) AppleWebKit/537.36 (KHTML, like Gecko) Chrome/137.0.7151.103 Mobile Safari/537.36 (compatible; Googlebot/2.1; +http://www.google.com/bot.html)"
209.74.77.214 - - [13/Jul/2025:15:16:55 +0000] "POST /wp-cron.php?doing_wp_cron=1752419815.5296180248260498046875 HTTP/1.1" 200 - "-" "WordPress/6.8.1; https://kraft-court.cafe"
51.222.253.9 - - [13/Jul/2025:15:16:55 +0000] "GET /?x=75073069041800&mod=94aada62&uri=shop.php%3Fid%3D2505236-736%26name%3Dkalenji+kiprun+fast+men%27s+running+shoes HTTP/1.1" 301 - "-" "Mozilla/5.0 (compatible; AhrefsBot/7.0; +http://ahrefs.com/robot/)"
66.249.65.35 - - [13/Jul/2025:15:16:56 +0000] "GET /?x=5571174001800&mod=cd3afef9&uri=news.php%3Fid%3D185986-220%26name%3Dzaful+denim+jackets HTTP/1.1" 200 22099 "-" "Mozilla/5.0 (Linux; Android 6.0.1; Nexus 5X Build/MMB29P) AppleWebKit/537.36 (KHTML, like Gecko) Chrome/137.0.7151.103 Mobile Safari/537.36 (compatible; Googlebot/2.1; +http://www.google.com/bot.html)"
66.249.65.36 - - [13/Jul/2025:15:17:04 +0000] "GET /?x=18528487041800&mod=cd3afef9&uri=category-info.php%3Fid%3D618514-220%26name%3Damul+macho+sporto HTTP/1.1" 200 22227 "-" "Mozilla/5.0 (Linux; Android 6.0.1; Nexus 5X Build/MMB29P) AppleWebKit/537.36 (KHTML, like Gecko) Chrome/137.0.7151.103 Mobile Safari/537.36 (compatible; Googlebot/2.1; +http://www.google.com/bot.html)"
66.249.65.36 - - [13/Jul/2025:15:17:07 +0000] "POST /get-message-notify HTTP/1.1" 200 21861 "https://kraft-court.cafe/?x=18528487041800&mod=cd3afef9&uri=category-info.php%3Fid%3D618514-220%26name%3Damul+macho+sporto" "Mozilla/5.0 (Linux; Android 6.0.1; Nexus 5X Build/MMB29P) AppleWebKit/537.36 (KHTML, like Gecko) Chrome/137.0.7151.119 Mobile Safari/537.36 (compatible; Googlebot/2.1; +http://www.google.com/bot.html)"
66.249.65.35 - - [13/Jul/2025:15:17:18 +0000] "GET /?x=5618227051800&mod=e94fe9ac&uri=blog.php%3Fid%3D187583-332%26name%3Dwatch+clock+timer HTTP/1.1" 200 21457 "-" "Mozilla/5.0 (Linux; Android 6.0.1; Nexus 5X Build/MMB29P) AppleWebKit/537.36 (KHTML, like Gecko) Chrome/137.0.7151.103 Mobile Safari/537.36 (compatible; Googlebot/2.1; +http://www.google.com/bot.html)"
66.249.65.35 - - [13/Jul/2025:15:17:31 +0000] "POST /get-message-notify HTTP/1.1" 200 21862 "https://kraft-court.cafe/?x=5618227051800&mod=e94fe9ac&uri=blog.php%3Fid%3D187583-332%26name%3Dwatch+clock+timer" "Mozilla/5.0 (Linux; Android 6.0.1; Nexus 5X Build/MMB29P) AppleWebKit/537.36 (KHTML, like Gecko) Chrome/137.0.7151.119 Mobile Safari/537.36 (compatible; Googlebot/2.1; +http://www.google.com/bot.html)"
66.249.65.35 - - [13/Jul/2025:15:17:34 +0000] "GET /?x=5657301111800&mod=dc6a7e65&uri=search.php%3Fid%3D188897-308%26name%3Dps+by+paul+smith+logo+zip+hoodie HTTP/1.1" 200 21966 "-" "Mozilla/5.0 (Linux; Android 6.0.1; Nexus 5X Build/MMB29P) AppleWebKit/537.36 (KHTML, like Gecko) Chrome/137.0.7151.103 Mobile Safari/537.36 (compatible; Googlebot/2.1; +http://www.google.com/bot.html)"
66.249.65.35 - - [13/Jul/2025:15:17:41 +0000] "GET /?x=5658021051800&mod=dc6a7e65&uri=shared.php%3Fid%3D188921-308%26name%3Dsoft+nike+hoodie HTTP/1.1" 200 21959 "-" "Mozilla/5.0 (Linux; Android 6.0.1; Nexus 5X Build/MMB29P) AppleWebKit/537.36 (KHTML, like Gecko) Chrome/137.0.7151.103 Mobile Safari/537.36 (compatible; Googlebot/2.1; +http://www.google.com/bot.html)"
66.249.65.35 - - [13/Jul/2025:15:17:55 +0000] "GET /?x=119590150041800&mod=55d99a37&uri=search.php%3Fid%3D3991090-315%26name%3Dtouchscreen+uhren+damen HTTP/1.1" 200 22483 "-" "Mozilla/5.0 (Linux; Android 6.0.1; Nexus 5X Build/MMB29P) AppleWebKit/537.36 (KHTML, like Gecko) Chrome/137.0.7151.103 Mobile Safari/537.36 (compatible; Googlebot/2.1; +http://www.google.com/bot.html)"
66.249.65.37 - - [13/Jul/2025:15:18:08 +0000] "GET /?x=5657391041800&mod=dc6a7e65&uri=info.php%3Fid%3D188900-308%26name%3Dbrent+rivera+relatable+hoodie HTTP/1.1" 200 22106 "-" "Mozilla/5.0 (Linux; Android 6.0.1; Nexus 5X Build/MMB29P) AppleWebKit/537.36 (KHTML, like Gecko) Chrome/137.0.7151.103 Mobile Safari/537.36 (compatible; Googlebot/2.1; +http://www.google.com/bot.html)"
66.249.65.36 - - [13/Jul/2025:15:18:21 +0000] "GET /?x=18516157051800&mod=cd3afef9&uri=shared.php%3Fid%3D618103-220%26name%3Dst%C3%83%C2%BCssy+windbreaker HTTP/1.1" 200 21184 "-" "Mozilla/5.0 (Linux; Android 6.0.1; Nexus 5X Build/MMB29P) AppleWebKit/537.36 (KHTML, like Gecko) Chrome/137.0.7151.103 Mobile Safari/537.36 (compatible; Googlebot/2.1; +http://www.google.com/bot.html)"
66.249.65.35 - - [13/Jul/2025:15:18:32 +0000] "GET /?x=86373854051800&mod=97108695&uri=product.php%3Fid%3D2882427-335%26name%3Dhuawei+nintendo+switch HTTP/1.1" 200 22228 "-" "Mozilla/5.0 (Linux; Android 6.0.1; Nexus 5X Build/MMB29P) AppleWebKit/537.36 (KHTML, like Gecko) Chrome/137.0.7151.103 Mobile Safari/537.36 (compatible; Googlebot/2.1; +http://www.google.com/bot.html)"
66.249.65.35 - - [13/Jul/2025:15:18:46 +0000] "GET /?x=5860660031800&mod=d594b1a9&uri=blog.php%3Fid%3D195711-341%26name%3Dmejor+perfume+mont+blanc HTTP/1.1" 200 22557 "-" "Mozilla/5.0 (Linux; Android 6.0.1; Nexus 5X Build/MMB29P) AppleWebKit/537.36 (KHTML, like Gecko) Chrome/137.0.7151.103 Mobile Safari/537.36 (compatible; Googlebot/2.1; +http://www.google.com/bot.html)"
66.249.65.35 - - [13/Jul/2025:15:18:46 +0000] "GET /?x=5713119041800&mod=333cb763&uri=product.php%3Fid%3D190767-334%26name%3Dthe+legend+of+korra+s04e11 HTTP/1.1" 200 23044 "-" "Mozilla/5.0 (Linux; Android 6.0.1; Nexus 5X Build/MMB29P) AppleWebKit/537.36 (KHTML, like Gecko) Chrome/137.0.7151.103 Mobile Safari/537.36 (compatible; Googlebot/2.1; +http://www.google.com/bot.html)"
66.249.65.35 - - [13/Jul/2025:15:19:02 +0000] "GET /?x=40639753001800&mod=333cb763&uri=pin.php%3Fid%3D1356330-334%26name%3Dis+the+canelo+fight+free HTTP/1.1" 200 22813 "-" "Mozilla/5.0 (Linux; Android 6.0.1; Nexus 5X Build/MMB29P) AppleWebKit/537.36 (KHTML, like Gecko) Chrome/137.0.7151.103 Mobile Safari/537.36 (compatible; Googlebot/2.1; +http://www.google.com/bot.html)"
66.249.65.36 - - [13/Jul/2025:15:19:16 +0000] "GET /?x=86361096111800&mod=97108695&uri=pin.php%3Fid%3D2882001-335%26name%3Dfree+nintendo+switch+games+online HTTP/1.1" 200 21474 "-" "Mozilla/5.0 (Linux; Android 6.0.1; Nexus 5X Build/MMB29P) AppleWebKit/537.36 (KHTML, like Gecko) Chrome/137.0.7151.103 Mobile Safari/537.36 (compatible; Googlebot/2.1; +http://www.google.com/bot.html)"
66.249.65.35 - - [13/Jul/2025:15:19:23 +0000] "GET /?x=86367494051800&mod=97108695&uri=news.php%3Fid%3D2882215-335%26name%3Dkorg+gadget+switch+update HTTP/1.1" 200 21920 "-" "Mozilla/5.0 (Linux; Android 6.0.1; Nexus 5X Build/MMB29P) AppleWebKit/537.36 (KHTML, like Gecko) Chrome/137.0.7151.103 Mobile Safari/537.36 (compatible; Googlebot/2.1; +http://www.google.com/bot.html)"
66.249.65.35 - - [13/Jul/2025:15:19:29 +0000] "GET /?x=5751957031800&mod=97108695&uri=shared.php%3Fid%3D192085-335%26name%3Dsoundbar+with+arc+input HTTP/1.1" 200 22248 "-" "Mozilla/5.0 (Linux; Android 6.0.1; Nexus 5X Build/MMB29P) AppleWebKit/537.36 (KHTML, like Gecko) Chrome/137.0.7151.103 Mobile Safari/537.36 (compatible; Googlebot/2.1; +http://www.google.com/bot.html)"
66.249.65.35 - - [13/Jul/2025:15:19:32 +0000] "POST /get-message-notify HTTP/1.1" 200 21868 "https://kraft-court.cafe/?x=86361096111800&mod=97108695&uri=pin.php%3Fid%3D2882001-335%26name%3Dfree+nintendo+switch+games+online" "Mozilla/5.0 (Linux; Android 6.0.1; Nexus 5X Build/MMB29P) AppleWebKit/537.36 (KHTML, like Gecko) Chrome/137.0.7151.119 Mobile Safari/537.36 (compatible; Googlebot/2.1; +http://www.google.com/bot.html)"
66.249.65.35 - - [13/Jul/2025:15:19:37 +0000] "GET /?x=5860360011800&mod=d594b1a9&uri=products.php%3Fid%3D195701-341%26name%3Dque+frutas+se+pueden+poner+en+el+extractor+de+jugos HTTP/1.1" 200 22033 "-" "Mozilla/5.0 (Linux; Android 6.0.1; Nexus 5X Build/MMB29P) AppleWebKit/537.36 (KHTML, like Gecko) Chrome/137.0.7151.103 Mobile Safari/537.36 (compatible; Googlebot/2.1; +http://www.google.com/bot.html)"
66.249.65.35 - - [13/Jul/2025:15:19:52 +0000] "GET /?x=5863240071800&mod=d594b1a9&uri=products.php%3Fid%3D195797-341%26name%3Dprecio+de+la+licuadora+oster HTTP/1.1" 200 21728 "-" "Mozilla/5.0 (Linux; Android 6.0.1; Nexus 5X Build/MMB29P) AppleWebKit/537.36 (KHTML, like Gecko) Chrome/137.0.7151.103 Mobile Safari/537.36 (compatible; Googlebot/2.1; +http://www.google.com/bot.html)"
66.249.65.37 - - [13/Jul/2025:15:20:06 +0000] "GET /?x=5862340071800&mod=d594b1a9&uri=pin.php%3Fid%3D195767-341%26name%3Dlicuadora+doble+hamilton+beach HTTP/1.1" 200 21568 "-" "Mozilla/5.0 (Linux; Android 6.0.1; Nexus 5X Build/MMB29P) AppleWebKit/537.36 (KHTML, like Gecko) Chrome/137.0.7151.103 Mobile Safari/537.36 (compatible; Googlebot/2.1; +http://www.google.com/bot.html)"
66.249.65.35 - - [13/Jul/2025:15:20:19 +0000] "GET /?x=77777131091800&mod=333cb763&uri=search.php%3Fid%3D2595504-334%26name%3Dwatch+yu+gi+oh+sevens HTTP/1.1" 200 21483 "-" "Mozilla/5.0 (Linux; Android 6.0.1; Nexus 5X Build/MMB29P) AppleWebKit/537.36 (KHTML, like Gecko) Chrome/137.0.7151.103 Mobile Safari/537.36 (compatible; Googlebot/2.1; +http://www.google.com/bot.html)"
66.249.65.35 - - [13/Jul/2025:15:20:26 +0000] "GET /?x=5850077031800&mod=384babc3&uri=product.php%3Fid%3D195358-339%26name%3Dle+coq+sportif+france+shop+letra HTTP/1.1" 200 21286 "-" "Mozilla/5.0 (Linux; Android 6.0.1; Nexus 5X Build/MMB29P) AppleWebKit/537.36 (KHTML, like Gecko) Chrome/137.0.7151.103 Mobile Safari/537.36 (compatible; Googlebot/2.1; +http://www.google.com/bot.html)"
66.249.65.35 - - [13/Jul/2025:15:20:39 +0000] "GET /?x=5863060011800&mod=d594b1a9&uri=us.php%3Fid%3D195791-341%26name%3Dpack+colonia+calvin+klein+hombre HTTP/1.1" 200 21840 "-" "Mozilla/5.0 (Linux; Android 6.0.1; Nexus 5X Build/MMB29P) AppleWebKit/537.36 (KHTML, like Gecko) Chrome/137.0.7151.103 Mobile Safari/537.36 (compatible; Googlebot/2.1; +http://www.google.com/bot.html)"
66.249.65.35 - - [13/Jul/2025:15:20:52 +0000] "GET /?x=5860120031800&mod=d594b1a9&uri=form.php%3Fid%3D195693-341%26name%3Dprecio+perfume+euphoria+calvin+klein+hombre HTTP/1.1" 200 22463 "-" "Mozilla/5.0 (Linux; Android 6.0.1; Nexus 5X Build/MMB29P) AppleWebKit/537.36 (KHTML, like Gecko) Chrome/137.0.7151.103 Mobile Safari/537.36 (compatible; Googlebot/2.1; +http://www.google.com/bot.html)"
66.249.65.35 - - [13/Jul/2025:15:21:05 +0000] "GET /?x=5815268001800&mod=165a59f7&uri=shared.php%3Fid%3D194196-336%26name%3Dalv+borse+prezzi HTTP/1.1" 200 21820 "-" "Mozilla/5.0 (Linux; Android 6.0.1; Nexus 5X Build/MMB29P) AppleWebKit/537.36 (KHTML, like Gecko) Chrome/137.0.7151.103 Mobile Safari/537.36 (compatible; Googlebot/2.1; +http://www.google.com/bot.html)"
209.74.77.214 - - [13/Jul/2025:15:21:19 +0000] "POST /wp-cron.php?doing_wp_cron=1752420079.7134380340576171875000 HTTP/1.1" 200 - "-" "WordPress/6.8.1; https://kraft-court.cafe"
51.222.253.9 - - [13/Jul/2025:15:21:19 +0000] "GET /?x=76665338091800&mod=3e5190ee&uri=shared.php%3Fid%3D2558394-797%26name%3Dbirthday+gown HTTP/1.1" 301 - "-" "Mozilla/5.0 (compatible; AhrefsBot/7.0; +http://ahrefs.com/robot/)"
66.249.65.35 - - [13/Jul/2025:15:21:18 +0000] "POST /get-message-notify HTTP/1.1" 200 21852 "https://kraft-court.cafe/?x=5815268001800&mod=165a59f7&uri=shared.php%3Fid%3D194196-336%26name%3Dalv+borse+prezzi" "Mozilla/5.0 (Linux; Android 6.0.1; Nexus 5X Build/MMB29P) AppleWebKit/537.36 (KHTML, like Gecko) Chrome/137.0.7151.119 Mobile Safari/537.36 (compatible; Googlebot/2.1; +http://www.google.com/bot.html)"
66.249.65.35 - - [13/Jul/2025:15:21:18 +0000] "GET /?x=5849357041800&mod=384babc3&uri=brands.php%3Fid%3D195334-339%26name%3Dzapatos+hugo+boss+mercado+libre+medellin HTTP/1.1" 200 20545 "-" "Mozilla/5.0 (Linux; Android 6.0.1; Nexus 5X Build/MMB29P) AppleWebKit/537.36 (KHTML, like Gecko) Chrome/137.0.7151.103 Mobile Safari/537.36 (compatible; Googlebot/2.1; +http://www.google.com/bot.html)"
66.249.65.35 - - [13/Jul/2025:15:21:35 +0000] "GET /?x=98608766001800&mod=97108695&uri=pin.php%3Fid%3D3290828-335%26name%3Dnintendo+switch+metacritic+games HTTP/1.1" 200 21856 "-" "Mozilla/5.0 (Linux; Android 6.0.1; Nexus 5X Build/MMB29P) AppleWebKit/537.36 (KHTML, like Gecko) Chrome/137.0.7151.103 Mobile Safari/537.36 (compatible; Googlebot/2.1; +http://www.google.com/bot.html)"
66.249.65.35 - - [13/Jul/2025:15:21:41 +0000] "POST /get-message-notify HTTP/1.1" 200 21864 "https://kraft-court.cafe/?x=98608766001800&mod=97108695&uri=pin.php%3Fid%3D3290828-335%26name%3Dnintendo+switch+metacritic+games" "Mozilla/5.0 (Linux; Android 6.0.1; Nexus 5X Build/MMB29P) AppleWebKit/537.36 (KHTML, like Gecko) Chrome/137.0.7151.119 Mobile Safari/537.36 (compatible; Googlebot/2.1; +http://www.google.com/bot.html)"
66.249.65.35 - - [13/Jul/2025:15:21:49 +0000] "GET /?x=5762307001800&mod=97108695&uri=category-info.php%3Fid%3D192430-335%26name%3Dvizio+soundbar+earc HTTP/1.1" 200 22195 "-" "Mozilla/5.0 (Linux; Android 6.0.1; Nexus 5X Build/MMB29P) AppleWebKit/537.36 (KHTML, like Gecko) Chrome/137.0.7151.103 Mobile Safari/537.36 (compatible; Googlebot/2.1; +http://www.google.com/bot.html)"
66.249.65.35 - - [13/Jul/2025:15:21:56 +0000] "GET /?x=5851367011800&mod=384babc3&uri=search.php%3Fid%3D195401-339%26name%3Dadidas+colombia+kit HTTP/1.1" 200 21192 "-" "Mozilla/5.0 (Linux; Android 6.0.1; Nexus 5X Build/MMB29P) AppleWebKit/537.36 (KHTML, like Gecko) Chrome/137.0.7151.103 Mobile Safari/537.36 (compatible; Googlebot/2.1; +http://www.google.com/bot.html)"
66.249.65.37 - - [13/Jul/2025:15:22:09 +0000] "GET /?x=5846721061800&mod=384babc3&uri=category-info.php%3Fid%3D195246-339%26name%3Dadidas+ultra+boost+liverpool+fc HTTP/1.1" 200 20243 "-" "Mozilla/5.0 (Linux; Android 6.0.1; Nexus 5X Build/MMB29P) AppleWebKit/537.36 (KHTML, like Gecko) Chrome/137.0.7151.103 Mobile Safari/537.36 (compatible; Googlebot/2.1; +http://www.google.com/bot.html)"
