66.249.65.35 - - [13/Jul/2025:18:00:47 +0000] "GET /?x=5814998001800&mod=165a59f7&uri=article.php%3Fid%3D194187-336%26name%3Dborse+desigual+pelle HTTP/1.1" 200 21776 "-" "Mozilla/5.0 (Linux; Android 6.0.1; Nexus 5X Build/MMB29P) AppleWebKit/537.36 (KHTML, like Gecko) Chrome/137.0.7151.103 Mobile Safari/537.36 (compatible; Googlebot/2.1; +http://www.google.com/bot.html)"
66.249.65.36 - - [13/Jul/2025:18:00:52 +0000] "GET /?x=5823289081800&mod=165a59f7&uri=form.php%3Fid%3D194464-336%26name%3Dzaino+gabs+scontato HTTP/1.1" 200 21912 "-" "Mozilla/5.0 (Linux; Android 6.0.1; Nexus 5X Build/MMB29P) AppleWebKit/537.36 (KHTML, like Gecko) Chrome/137.0.7151.103 Mobile Safari/537.36 (compatible; Googlebot/2.1; +http://www.google.com/bot.html)"
66.249.65.35 - - [13/Jul/2025:18:00:55 +0000] "GET /?x=5807288091800&mod=165a59f7&uri=us.php%3Fid%3D193930-336%26name%3Dborse+fatte+a+mano+ai+ferri HTTP/1.1" 200 21314 "-" "Mozilla/5.0 (Linux; Android 6.0.1; Nexus 5X Build/MMB29P) AppleWebKit/537.36 (KHTML, like Gecko) Chrome/137.0.7151.103 Mobile Safari/537.36 (compatible; Googlebot/2.1; +http://www.google.com/bot.html)"
66.249.65.35 - - [13/Jul/2025:18:00:57 +0000] "GET /?x=5791585011800&mod=165a59f7&uri=products.php%3Fid%3D193406-336%26name%3Dborse+coach+amazon HTTP/1.1" 200 20913 "-" "Mozilla/5.0 (Linux; Android 6.0.1; Nexus 5X Build/MMB29P) AppleWebKit/537.36 (KHTML, like Gecko) Chrome/137.0.7151.103 Mobile Safari/537.36 (compatible; Googlebot/2.1; +http://www.google.com/bot.html)"
66.249.65.36 - - [13/Jul/2025:18:01:00 +0000] "GET /?x=5807318001800&mod=165a59f7&uri=itm.php%3Fid%3D193931-336%26name%3Dsecchiello+pelle+marrone HTTP/1.1" 200 21902 "-" "Mozilla/5.0 (Linux; Android 6.0.1; Nexus 5X Build/MMB29P) AppleWebKit/537.36 (KHTML, like Gecko) Chrome/137.0.7151.103 Mobile Safari/537.36 (compatible; Googlebot/2.1; +http://www.google.com/bot.html)"
66.249.65.35 - - [13/Jul/2025:18:01:04 +0000] "GET /?x=5943401011800&mod=c5bbd980&uri=products.php%3Fid%3D198472-344%26name%3Dbr+kicks+shoes HTTP/1.1" 200 22385 "-" "Mozilla/5.0 (Linux; Android 6.0.1; Nexus 5X Build/MMB29P) AppleWebKit/537.36 (KHTML, like Gecko) Chrome/137.0.7151.103 Mobile Safari/537.36 (compatible; Googlebot/2.1; +http://www.google.com/bot.html)"
66.249.65.35 - - [13/Jul/2025:18:01:09 +0000] "GET /?x=101661263041800&mod=29921001&uri=brands.php%3Fid%3D3392728-155%26name%3Dsamsung+multi+room+surround+sound HTTP/1.1" 200 22289 "-" "Mozilla/5.0 (Linux; Android 6.0.1; Nexus 5X Build/MMB29P) AppleWebKit/537.36 (KHTML, like Gecko) Chrome/137.0.7151.103 Mobile Safari/537.36 (compatible; Googlebot/2.1; +http://www.google.com/bot.html)"
66.249.65.35 - - [13/Jul/2025:18:01:12 +0000] "GET /?x=6043194011800&mod=b071cfa8&uri=product.php%3Fid%3D201803-347%26name%3Dpull+femme+col+roul%C3%83%C2%A9+noir HTTP/1.1" 200 20595 "-" "Mozilla/5.0 (Linux; Android 6.0.1; Nexus 5X Build/MMB29P) AppleWebKit/537.36 (KHTML, like Gecko) Chrome/137.0.7151.103 Mobile Safari/537.36 (compatible; Googlebot/2.1; +http://www.google.com/bot.html)"
66.249.65.35 - - [13/Jul/2025:18:01:15 +0000] "GET /?x=6047514051800&mod=b071cfa8&uri=form.php%3Fid%3D201947-347%26name%3Dpull+zara+col+roul%C3%83%C2%A9 HTTP/1.1" 200 21288 "-" "Mozilla/5.0 (Linux; Android 6.0.1; Nexus 5X Build/MMB29P) AppleWebKit/537.36 (KHTML, like Gecko) Chrome/137.0.7151.103 Mobile Safari/537.36 (compatible; Googlebot/2.1; +http://www.google.com/bot.html)"
66.249.65.35 - - [13/Jul/2025:18:01:18 +0000] "GET /?x=6032134041800&mod=b071cfa8&uri=shared.php%3Fid%3D201434-347%26name%3Dsoldes+sweat+femme HTTP/1.1" 200 21308 "-" "Mozilla/5.0 (Linux; Android 6.0.1; Nexus 5X Build/MMB29P) AppleWebKit/537.36 (KHTML, like Gecko) Chrome/137.0.7151.103 Mobile Safari/537.36 (compatible; Googlebot/2.1; +http://www.google.com/bot.html)"
66.249.65.35 - - [13/Jul/2025:18:01:19 +0000] "GET /?x=6046164101800&mod=b071cfa8&uri=us.php%3Fid%3D201902-347%26name%3Dsweat+tendance+ado+fille HTTP/1.1" 200 20076 "-" "Mozilla/5.0 (Linux; Android 6.0.1; Nexus 5X Build/MMB29P) AppleWebKit/537.36 (KHTML, like Gecko) Chrome/137.0.7151.103 Mobile Safari/537.36 (compatible; Googlebot/2.1; +http://www.google.com/bot.html)"
66.249.65.35 - - [13/Jul/2025:18:01:21 +0000] "GET /?x=6030784011800&mod=b071cfa8&uri=brands.php%3Fid%3D201389-347%26name%3Dsweat+nike+academy HTTP/1.1" 200 21093 "-" "Mozilla/5.0 (Linux; Android 6.0.1; Nexus 5X Build/MMB29P) AppleWebKit/537.36 (KHTML, like Gecko) Chrome/137.0.7151.103 Mobile Safari/537.36 (compatible; Googlebot/2.1; +http://www.google.com/bot.html)"
66.249.65.35 - - [13/Jul/2025:18:01:24 +0000] "GET /?x=37769401011800&mod=a8849b05&uri=dp.php%3Fid%3D1260577-57%26name%3Dxiaomi+air+2se+mi+true+wireless+earphones HTTP/1.1" 200 22381 "-" "Mozilla/5.0 (Linux; Android 6.0.1; Nexus 5X Build/MMB29P) AppleWebKit/537.36 (KHTML, like Gecko) Chrome/137.0.7151.103 Mobile Safari/537.36 (compatible; Googlebot/2.1; +http://www.google.com/bot.html)"
66.249.65.35 - - [13/Jul/2025:18:01:30 +0000] "GET /?x=6030244011800&mod=b071cfa8&uri=category-info.php%3Fid%3D201371-347%26name%3Dsweat+hugo+boss+gris HTTP/1.1" 200 20696 "-" "Mozilla/5.0 (Linux; Android 6.0.1; Nexus 5X Build/MMB29P) AppleWebKit/537.36 (KHTML, like Gecko) Chrome/137.0.7151.103 Mobile Safari/537.36 (compatible; Googlebot/2.1; +http://www.google.com/bot.html)"
66.249.65.35 - - [13/Jul/2025:18:01:32 +0000] "GET /?x=6029974041800&mod=b071cfa8&uri=shop.php%3Fid%3D201362-347%26name%3Dikks+sweat HTTP/1.1" 200 22018 "-" "Mozilla/5.0 (Linux; Android 6.0.1; Nexus 5X Build/MMB29P) AppleWebKit/537.36 (KHTML, like Gecko) Chrome/137.0.7151.103 Mobile Safari/537.36 (compatible; Googlebot/2.1; +http://www.google.com/bot.html)"
66.249.65.35 - - [13/Jul/2025:18:01:35 +0000] "GET /?x=6035364101800&mod=b071cfa8&uri=info.php%3Fid%3D201542-347%26name%3Dpull+carhartt+marron HTTP/1.1" 200 20344 "-" "Mozilla/5.0 (Linux; Android 6.0.1; Nexus 5X Build/MMB29P) AppleWebKit/537.36 (KHTML, like Gecko) Chrome/137.0.7151.103 Mobile Safari/537.36 (compatible; Googlebot/2.1; +http://www.google.com/bot.html)"
66.249.65.35 - - [13/Jul/2025:18:01:38 +0000] "GET /?x=88937738031800&mod=76dc611d&uri=article.php%3Fid%3D2967989-12%26name%3Dmanta+juegos+montessori HTTP/1.1" 200 22354 "-" "Mozilla/5.0 (Linux; Android 6.0.1; Nexus 5X Build/MMB29P) AppleWebKit/537.36 (KHTML, like Gecko) Chrome/137.0.7151.103 Mobile Safari/537.36 (compatible; Googlebot/2.1; +http://www.google.com/bot.html)"
66.249.65.35 - - [13/Jul/2025:18:01:41 +0000] "GET /?x=88935192081800&mod=a725c77d&uri=shop.php%3Fid%3D2967904-1543%26name%3Dbally+bodolo+wallet HTTP/1.1" 200 21294 "-" "Mozilla/5.0 (Linux; Android 6.0.1; Nexus 5X Build/MMB29P) AppleWebKit/537.36 (KHTML, like Gecko) Chrome/137.0.7151.103 Mobile Safari/537.36 (compatible; Googlebot/2.1; +http://www.google.com/bot.html)"
66.249.65.35 - - [13/Jul/2025:18:01:44 +0000] "GET /?x=88943063011800&mod=76dc611d&uri=search.php%3Fid%3D2968169-12%26name%3Dhabitaciones+para+mu%C3%83%C2%B1ecas+barbie HTTP/1.1" 200 22305 "-" "Mozilla/5.0 (Linux; Android 6.0.1; Nexus 5X Build/MMB29P) AppleWebKit/537.36 (KHTML, like Gecko) Chrome/137.0.7151.103 Mobile Safari/537.36 (compatible; Googlebot/2.1; +http://www.google.com/bot.html)"
66.249.65.35 - - [13/Jul/2025:18:01:52 +0000] "POST /get-message-notify HTTP/1.1" 200 21865 "https://kraft-court.cafe/?x=88935192081800&mod=a725c77d&uri=shop.php%3Fid%3D2967904-1543%26name%3Dbally+bodolo+wallet" "Mozilla/5.0 (Linux; Android 6.0.1; Nexus 5X Build/MMB29P) AppleWebKit/537.36 (KHTML, like Gecko) Chrome/137.0.7151.119 Mobile Safari/537.36 (compatible; Googlebot/2.1; +http://www.google.com/bot.html)"
66.249.65.35 - - [13/Jul/2025:18:01:55 +0000] "GET /?x=88937588001800&mod=76dc611d&uri=shared.php%3Fid%3D2967984-12%26name%3Dmaxi+cosi+nenuco HTTP/1.1" 200 21887 "-" "Mozilla/5.0 (Linux; Android 6.0.1; Nexus 5X Build/MMB29P) AppleWebKit/537.36 (KHTML, like Gecko) Chrome/137.0.7151.103 Mobile Safari/537.36 (compatible; Googlebot/2.1; +http://www.google.com/bot.html)"
66.249.65.36 - - [13/Jul/2025:18:01:52 +0000] "GET /?x=88937138031800&mod=76dc611d&uri=blog.php%3Fid%3D2967969-12%26name%3Dpor+que+los+gatos+rascan+los+muebles HTTP/1.1" 200 22785 "-" "Mozilla/5.0 (Linux; Android 6.0.1; Nexus 5X Build/MMB29P) AppleWebKit/537.36 (KHTML, like Gecko) Chrome/137.0.7151.103 Mobile Safari/537.36 (compatible; Googlebot/2.1; +http://www.google.com/bot.html)"
66.249.65.35 - - [13/Jul/2025:18:01:49 +0000] "GET /?x=88941417031800&mod=76dc611d&uri=pin.php%3Fid%3D2968114-12%26name%3Dbatim%C3%83%C2%B3vil+de+batman+lego HTTP/1.1" 200 22631 "-" "Mozilla/5.0 (Linux; Android 6.0.1; Nexus 5X Build/MMB29P) AppleWebKit/537.36 (KHTML, like Gecko) Chrome/137.0.7151.103 Mobile Safari/537.36 (compatible; Googlebot/2.1; +http://www.google.com/bot.html)"
66.249.65.35 - - [13/Jul/2025:18:02:00 +0000] "POST /get-message-notify HTTP/1.1" 200 21856 "https://kraft-court.cafe/?x=88937738031800&mod=76dc611d&uri=article.php%3Fid%3D2967989-12%26name%3Dmanta+juegos+montessori" "Mozilla/5.0 (Linux; Android 6.0.1; Nexus 5X Build/MMB29P) AppleWebKit/537.36 (KHTML, like Gecko) Chrome/137.0.7151.119 Mobile Safari/537.36 (compatible; Googlebot/2.1; +http://www.google.com/bot.html)"
66.249.65.35 - - [13/Jul/2025:18:02:00 +0000] "GET /?x=88936388081800&mod=013d4071&uri=category-info.php%3Fid%3D2967944-13%26name%3Dbota+para+montar+a+caballo HTTP/1.1" 200 21627 "-" "Mozilla/5.0 (Linux; Android 6.0.1; Nexus 5X Build/MMB29P) AppleWebKit/537.36 (KHTML, like Gecko) Chrome/137.0.7151.103 Mobile Safari/537.36 (compatible; Googlebot/2.1; +http://www.google.com/bot.html)"
66.249.65.35 - - [13/Jul/2025:18:02:01 +0000] "GET /?x=88937888001800&mod=a725c77d&uri=products.php%3Fid%3D2967994-1543%26name%3Dloewe+oled+2019 HTTP/1.1" 200 21064 "-" "Mozilla/5.0 (Linux; Android 6.0.1; Nexus 5X Build/MMB29P) AppleWebKit/537.36 (KHTML, like Gecko) Chrome/137.0.7151.103 Mobile Safari/537.36 (compatible; Googlebot/2.1; +http://www.google.com/bot.html)"
66.249.65.35 - - [13/Jul/2025:18:02:03 +0000] "GET /?x=88943963011800&mod=76dc611d&uri=info.php%3Fid%3D2968199-12%26name%3Dgimnasio+bebe+pelotero HTTP/1.1" 200 22312 "-" "Mozilla/5.0 (Linux; Android 6.0.1; Nexus 5X Build/MMB29P) AppleWebKit/537.36 (KHTML, like Gecko) Chrome/137.0.7151.103 Mobile Safari/537.36 (compatible; Googlebot/2.1; +http://www.google.com/bot.html)"
66.249.65.35 - - [13/Jul/2025:18:02:04 +0000] "POST /get-message-notify HTTP/1.1" 200 21858 "https://kraft-court.cafe/?x=88937588001800&mod=76dc611d&uri=shared.php%3Fid%3D2967984-12%26name%3Dmaxi+cosi+nenuco" "Mozilla/5.0 (Linux; Android 6.0.1; Nexus 5X Build/MMB29P) AppleWebKit/537.36 (KHTML, like Gecko) Chrome/137.0.7151.119 Mobile Safari/537.36 (compatible; Googlebot/2.1; +http://www.google.com/bot.html)"
66.249.65.35 - - [13/Jul/2025:18:02:06 +0000] "GET /?x=88875376001800&mod=76309eaf&uri=shop.php%3Fid%3D2965906-1018%26name%3Dthumbprint+keepsake+jewelry HTTP/1.1" 200 21549 "-" "Mozilla/5.0 (Linux; Android 6.0.1; Nexus 5X Build/MMB29P) AppleWebKit/537.36 (KHTML, like Gecko) Chrome/137.0.7151.103 Mobile Safari/537.36 (compatible; Googlebot/2.1; +http://www.google.com/bot.html)"
66.249.65.35 - - [13/Jul/2025:18:02:12 +0000] "POST /get-message-notify HTTP/1.1" 200 21865 "https://kraft-court.cafe/?x=37769401011800&mod=a8849b05&uri=dp.php%3Fid%3D1260577-57%26name%3Dxiaomi+air+2se+mi+true+wireless+earphones" "Mozilla/5.0 (Linux; Android 6.0.1; Nexus 5X Build/MMB29P) AppleWebKit/537.36 (KHTML, like Gecko) Chrome/137.0.7151.119 Mobile Safari/537.36 (compatible; Googlebot/2.1; +http://www.google.com/bot.html)"
66.249.65.35 - - [13/Jul/2025:18:02:14 +0000] "POST /get-message-notify HTTP/1.1" 200 21853 "https://kraft-court.cafe/?x=88943963011800&mod=76dc611d&uri=info.php%3Fid%3D2968199-12%26name%3Dgimnasio+bebe+pelotero" "Mozilla/5.0 (Linux; Android 6.0.1; Nexus 5X Build/MMB29P) AppleWebKit/537.36 (KHTML, like Gecko) Chrome/137.0.7151.119 Mobile Safari/537.36 (compatible; Googlebot/2.1; +http://www.google.com/bot.html)"
66.249.65.35 - - [13/Jul/2025:18:02:14 +0000] "GET /?x=88939088081800&mod=013d4071&uri=itm.php%3Fid%3D2968034-13%26name%3Dprecios+de+minivan+changan+11+pasajeros HTTP/1.1" 200 21514 "-" "Mozilla/5.0 (Linux; Android 6.0.1; Nexus 5X Build/MMB29P) AppleWebKit/537.36 (KHTML, like Gecko) Chrome/137.0.7151.103 Mobile Safari/537.36 (compatible; Googlebot/2.1; +http://www.google.com/bot.html)"
66.249.65.35 - - [13/Jul/2025:18:02:16 +0000] "GET /?x=88936088081800&mod=013d4071&uri=product.php%3Fid%3D2967934-13%26name%3Dadidas+seeley+mujer HTTP/1.1" 200 21781 "-" "Mozilla/5.0 (Linux; Android 6.0.1; Nexus 5X Build/MMB29P) AppleWebKit/537.36 (KHTML, like Gecko) Chrome/137.0.7151.103 Mobile Safari/537.36 (compatible; Googlebot/2.1; +http://www.google.com/bot.html)"
66.249.65.35 - - [13/Jul/2025:18:02:16 +0000] "GET /?x=31672734001800&mod=0bfce127&uri=article.php%3Fid%3D1057124-475%26name%3Dpulsera+mi+band+el+corte+ingles HTTP/1.1" 200 21281 "-" "Mozilla/5.0 (Linux; Android 6.0.1; Nexus 5X Build/MMB29P) AppleWebKit/537.36 (KHTML, like Gecko) Chrome/137.0.7151.103 Mobile Safari/537.36 (compatible; Googlebot/2.1; +http://www.google.com/bot.html)"
66.249.65.35 - - [13/Jul/2025:18:02:19 +0000] "GET /?x=88940401071800&mod=76dc611d&uri=shared.php%3Fid%3D2968079-12%26name%3Dpercheros+movil HTTP/1.1" 200 21827 "-" "Mozilla/5.0 (Linux; Android 6.0.1; Nexus 5X Build/MMB29P) AppleWebKit/537.36 (KHTML, like Gecko) Chrome/137.0.7151.103 Mobile Safari/537.36 (compatible; Googlebot/2.1; +http://www.google.com/bot.html)"
66.249.65.35 - - [13/Jul/2025:18:02:20 +0000] "POST /get-message-notify HTTP/1.1" 200 21866 "https://kraft-court.cafe/?x=88939088081800&mod=013d4071&uri=itm.php%3Fid%3D2968034-13%26name%3Dprecios+de+minivan+changan+11+pasajeros" "Mozilla/5.0 (Linux; Android 6.0.1; Nexus 5X Build/MMB29P) AppleWebKit/537.36 (KHTML, like Gecko) Chrome/137.0.7151.119 Mobile Safari/537.36 (compatible; Googlebot/2.1; +http://www.google.com/bot.html)"
66.249.65.35 - - [13/Jul/2025:18:02:22 +0000] "GET /?x=88938638031800&mod=76dc611d&uri=form.php%3Fid%3D2968019-12%26name%3Dmu%C3%83%C2%B1ecas+de+punto+a+dos+agujas HTTP/1.1" 200 22571 "-" "Mozilla/5.0 (Linux; Android 6.0.1; Nexus 5X Build/MMB29P) AppleWebKit/537.36 (KHTML, like Gecko) Chrome/137.0.7151.103 Mobile Safari/537.36 (compatible; Googlebot/2.1; +http://www.google.com/bot.html)"
66.249.65.36 - - [13/Jul/2025:18:02:23 +0000] "POST /get-message-notify HTTP/1.1" 200 21869 "https://kraft-court.cafe/?x=31672734001800&mod=0bfce127&uri=article.php%3Fid%3D1057124-475%26name%3Dpulsera+mi+band+el+corte+ingles" "Mozilla/5.0 (Linux; Android 6.0.1; Nexus 5X Build/MMB29P) AppleWebKit/537.36 (KHTML, like Gecko) Chrome/137.0.7151.119 Mobile Safari/537.36 (compatible; Googlebot/2.1; +http://www.google.com/bot.html)"
66.249.65.36 - - [13/Jul/2025:18:02:23 +0000] "GET /?x=88940979031800&mod=76dc611d&uri=search.php%3Fid%3D2968099-12%26name%3Dtela+anti+ara%C3%83%C2%B1azos+de+gatos HTTP/1.1" 200 22497 "-" "Mozilla/5.0 (Linux; Android 6.0.1; Nexus 5X Build/MMB29P) AppleWebKit/537.36 (KHTML, like Gecko) Chrome/137.0.7151.103 Mobile Safari/537.36 (compatible; Googlebot/2.1; +http://www.google.com/bot.html)"
66.249.65.35 - - [13/Jul/2025:18:02:24 +0000] "POST /get-message-notify HTTP/1.1" 200 21863 "https://kraft-court.cafe/?x=40117794051800&mod=193002e6&uri=news.php%3Fid%3D1338921-126%26name%3Dindigo+fragile+baggage" "Mozilla/5.0 (Linux; Android 6.0.1; Nexus 5X Build/MMB29P) AppleWebKit/537.36 (KHTML, like Gecko) Chrome/137.0.7151.119 Mobile Safari/537.36 (compatible; Googlebot/2.1; +http://www.google.com/bot.html)"
66.249.65.35 - - [13/Jul/2025:18:02:26 +0000] "GET /?x=88941563071800&mod=76dc611d&uri=dp.php%3Fid%3D2968119-12%26name%3Dcomo+hacerle+una+cama+a+mi+gato HTTP/1.1" 200 21824 "-" "Mozilla/5.0 (Linux; Android 6.0.1; Nexus 5X Build/MMB29P) AppleWebKit/537.36 (KHTML, like Gecko) Chrome/137.0.7151.103 Mobile Safari/537.36 (compatible; Googlebot/2.1; +http://www.google.com/bot.html)"
66.249.65.36 - - [13/Jul/2025:18:02:28 +0000] "POST /get-message-notify HTTP/1.1" 200 21861 "https://kraft-court.cafe/?x=88938638031800&mod=76dc611d&uri=form.php%3Fid%3D2968019-12%26name%3Dmu%C3%83%C2%B1ecas+de+punto+a+dos+agujas" "Mozilla/5.0 (Linux; Android 6.0.1; Nexus 5X Build/MMB29P) AppleWebKit/537.36 (KHTML, like Gecko) Chrome/137.0.7151.119 Mobile Safari/537.36 (compatible; Googlebot/2.1; +http://www.google.com/bot.html)"
66.249.65.35 - - [13/Jul/2025:18:02:32 +0000] "POST /get-message-notify HTTP/1.1" 200 21855 "https://kraft-court.cafe/?x=6029974041800&mod=b071cfa8&uri=shop.php%3Fid%3D201362-347%26name%3Dikks+sweat" "Mozilla/5.0 (Linux; Android 6.0.1; Nexus 5X Build/MMB29P) AppleWebKit/537.36 (KHTML, like Gecko) Chrome/137.0.7151.119 Mobile Safari/537.36 (compatible; Googlebot/2.1; +http://www.google.com/bot.html)"
66.249.65.35 - - [13/Jul/2025:18:02:32 +0000] "GET /?x=88943813021800&mod=76dc611d&uri=article.php%3Fid%3D2968194-12%26name%3Dtela+sofa+para+gatos HTTP/1.1" 200 22176 "-" "Mozilla/5.0 (Linux; Android 6.0.1; Nexus 5X Build/MMB29P) AppleWebKit/537.36 (KHTML, like Gecko) Chrome/137.0.7151.103 Mobile Safari/537.36 (compatible; Googlebot/2.1; +http://www.google.com/bot.html)"
66.249.65.36 - - [13/Jul/2025:18:02:35 +0000] "GET /?x=88939367031800&mod=76dc611d&uri=info.php%3Fid%3D2968044-12%26name%3Dbarbie+que+se+sumerge+al+agua HTTP/1.1" 200 22274 "-" "Mozilla/5.0 (Linux; Android 6.0.1; Nexus 5X Build/MMB29P) AppleWebKit/537.36 (KHTML, like Gecko) Chrome/137.0.7151.103 Mobile Safari/537.36 (compatible; Googlebot/2.1; +http://www.google.com/bot.html)"
66.249.65.35 - - [13/Jul/2025:18:02:38 +0000] "POST /get-message-notify HTTP/1.1" 200 21850 "https://kraft-court.cafe/?x=88940401071800&mod=76dc611d&uri=shared.php%3Fid%3D2968079-12%26name%3Dpercheros+movil" "Mozilla/5.0 (Linux; Android 6.0.1; Nexus 5X Build/MMB29P) AppleWebKit/537.36 (KHTML, like Gecko) Chrome/137.0.7151.119 Mobile Safari/537.36 (compatible; Googlebot/2.1; +http://www.google.com/bot.html)"
66.249.65.35 - - [13/Jul/2025:18:02:37 +0000] "GET /?x=88940551041800&mod=013d4071&uri=category-info.php%3Fid%3D2968084-13%26name%3Dmini+vans+precio HTTP/1.1" 200 21554 "-" "Mozilla/5.0 (Linux; Android 6.0.1; Nexus 5X Build/MMB29P) AppleWebKit/537.36 (KHTML, like Gecko) Chrome/137.0.7151.103 Mobile Safari/537.36 (compatible; Googlebot/2.1; +http://www.google.com/bot.html)"
66.249.65.36 - - [13/Jul/2025:18:02:40 +0000] "GET /?x=88934592041800&mod=a725c77d&uri=dp.php%3Fid%3D2967884-1543%26name%3D69th+street+h%26m HTTP/1.1" 200 20918 "-" "Mozilla/5.0 (Linux; Android 6.0.1; Nexus 5X Build/MMB29P) AppleWebKit/537.36 (KHTML, like Gecko) Chrome/137.0.7151.103 Mobile Safari/537.36 (compatible; Googlebot/2.1; +http://www.google.com/bot.html)"
66.249.65.36 - - [13/Jul/2025:18:02:42 +0000] "GET /?x=88939217031800&mod=349f259c&uri=itm.php%3Fid%3D2968039-1544%26name%3Dcolorful+thrasher+shirt HTTP/1.1" 200 20622 "-" "Mozilla/5.0 (Linux; Android 6.0.1; Nexus 5X Build/MMB29P) AppleWebKit/537.36 (KHTML, like Gecko) Chrome/137.0.7151.103 Mobile Safari/537.36 (compatible; Googlebot/2.1; +http://www.google.com/bot.html)"
66.249.65.35 - - [13/Jul/2025:18:02:45 +0000] "GET /?x=88941267131800&mod=76dc611d&uri=category-info.php%3Fid%3D2968109-12%26name%3Dmanta+juegos+bebe+mgi HTTP/1.1" 200 22108 "-" "Mozilla/5.0 (Linux; Android 6.0.1; Nexus 5X Build/MMB29P) AppleWebKit/537.36 (KHTML, like Gecko) Chrome/137.0.7151.103 Mobile Safari/537.36 (compatible; Googlebot/2.1; +http://www.google.com/bot.html)"
66.249.65.36 - - [13/Jul/2025:18:02:48 +0000] "GET /?x=88935492021800&mod=349f259c&uri=shared.php%3Fid%3D2967914-1544%26name%3Dpurple+comme+des+garcons+shirt HTTP/1.1" 200 20949 "-" "Mozilla/5.0 (Linux; Android 6.0.1; Nexus 5X Build/MMB29P) AppleWebKit/537.36 (KHTML, like Gecko) Chrome/137.0.7151.103 Mobile Safari/537.36 (compatible; Googlebot/2.1; +http://www.google.com/bot.html)"
66.249.65.36 - - [13/Jul/2025:18:02:53 +0000] "GET /?x=5718038041800&mod=333cb763&uri=products.php%3Fid%3D190938-334%26name%3Dcharmsukh+web+series+wiki+mx+player HTTP/1.1" 200 22356 "-" "Mozilla/5.0 (Linux; Android 6.0.1; Nexus 5X Build/MMB29P) AppleWebKit/537.36 (KHTML, like Gecko) Chrome/137.0.7151.103 Mobile Safari/537.36 (compatible; Googlebot/2.1; +http://www.google.com/bot.html)"
209.74.77.214 - - [13/Jul/2025:18:02:54 +0000] "POST /wp-cron.php?doing_wp_cron=1752429774.5410480499267578125000 HTTP/1.1" 200 - "-" "WordPress/6.8.1; https://kraft-court.cafe"
172.178.141.131 - - [13/Jul/2025:18:02:53 +0000] "GET /?mod=2de7cf20&uri=form.php?id%3D190471-333%26name%3Deight+metal+kada&x=5704496061800 HTTP/1.1" 301 - "-" "Mozilla/5.0 AppleWebKit/537.36 (KHTML, like Gecko); compatible; ChatGPT-User/1.0; +https://openai.com/bot"
172.178.141.131 - - [13/Jul/2025:18:02:54 +0000] "GET /?mod=2de7cf20&uri=form.php?id%3D190471-333%26name%3Deight%20metal%20kada&x=5704496061800 HTTP/1.1" 301 - "-" "Mozilla/5.0 AppleWebKit/537.36 (KHTML, like Gecko); compatible; ChatGPT-User/1.0; +https://openai.com/bot"
66.249.65.36 - - [13/Jul/2025:18:02:55 +0000] "GET /?x=119591140051800&mod=55d99a37&uri=search.php%3Fid%3D3991123-315%26name%3Dpaul+valentine+gr%C3%83%C2%BCne+uhr HTTP/1.1" 200 22347 "-" "Mozilla/5.0 (Linux; Android 6.0.1; Nexus 5X Build/MMB29P) AppleWebKit/537.36 (KHTML, like Gecko) Chrome/137.0.7151.103 Mobile Safari/537.36 (compatible; Googlebot/2.1; +http://www.google.com/bot.html)"
66.249.65.37 - - [13/Jul/2025:18:02:56 +0000] "GET /?x=99295121021800&mod=29921001&uri=form.php%3Fid%3D3313732-155%26name%3Decho+show+smart+hub HTTP/1.1" 200 21809 "-" "Mozilla/5.0 (Linux; Android 6.0.1; Nexus 5X Build/MMB29P) AppleWebKit/537.36 (KHTML, like Gecko) Chrome/137.0.7151.103 Mobile Safari/537.36 (compatible; Googlebot/2.1; +http://www.google.com/bot.html)"
66.249.65.37 - - [13/Jul/2025:18:02:59 +0000] "GET /?x=5657151001800&mod=dc6a7e65&uri=shared.php%3Fid%3D188892-308%26name%3Dwhite+looney+tunes+hoodie HTTP/1.1" 200 22043 "-" "Mozilla/5.0 (Linux; Android 6.0.1; Nexus 5X Build/MMB29P) AppleWebKit/537.36 (KHTML, like Gecko) Chrome/137.0.7151.103 Mobile Safari/537.36 (compatible; Googlebot/2.1; +http://www.google.com/bot.html)"
66.249.65.35 - - [13/Jul/2025:18:03:01 +0000] "POST /get-message-notify HTTP/1.1" 200 21880 "https://kraft-court.cafe/?x=88940979031800&mod=76dc611d&uri=search.php%3Fid%3D2968099-12%26name%3Dtela+anti+ara%C3%83%C2%B1azos+de+gatos" "Mozilla/5.0 (Linux; Android 6.0.1; Nexus 5X Build/MMB29P) AppleWebKit/537.36 (KHTML, like Gecko) Chrome/137.0.7151.119 Mobile Safari/537.36 (compatible; Googlebot/2.1; +http://www.google.com/bot.html)"
66.249.65.36 - - [13/Jul/2025:18:03:02 +0000] "GET /?x=5935091091800&mod=4500e403&uri=shop.php%3Fid%3D198195-342%26name%3Ddoor+bouncer+safety HTTP/1.1" 200 20679 "-" "Mozilla/5.0 (Linux; Android 6.0.1; Nexus 5X Build/MMB29P) AppleWebKit/537.36 (KHTML, like Gecko) Chrome/137.0.7151.103 Mobile Safari/537.36 (compatible; Googlebot/2.1; +http://www.google.com/bot.html)"
66.249.65.36 - - [13/Jul/2025:18:03:04 +0000] "POST /get-message-notify HTTP/1.1" 200 21864 "https://kraft-court.cafe/?x=99295121021800&mod=29921001&uri=form.php%3Fid%3D3313732-155%26name%3Decho+show+smart+hub" "Mozilla/5.0 (Linux; Android 6.0.1; Nexus 5X Build/MMB29P) AppleWebKit/537.36 (KHTML, like Gecko) Chrome/137.0.7151.119 Mobile Safari/537.36 (compatible; Googlebot/2.1; +http://www.google.com/bot.html)"
66.249.65.36 - - [13/Jul/2025:18:03:08 +0000] "GET /?x=5648110081800&mod=55d99a37&uri=info.php%3Fid%3D188590-315%26name%3Dlederarmband+skagen+ersatz HTTP/1.1" 200 21620 "-" "Mozilla/5.0 (Linux; Android 6.0.1; Nexus 5X Build/MMB29P) AppleWebKit/537.36 (KHTML, like Gecko) Chrome/137.0.7151.103 Mobile Safari/537.36 (compatible; Googlebot/2.1; +http://www.google.com/bot.html)"
66.249.65.35 - - [13/Jul/2025:18:03:11 +0000] "GET /?x=5717499111800&mod=333cb763&uri=pin.php%3Fid%3D190918-334%26name%3Dwhat+channel+are+the+new+england+patriots+on+today HTTP/1.1" 200 22338 "-" "Mozilla/5.0 (Linux; Android 6.0.1; Nexus 5X Build/MMB29P) AppleWebKit/537.36 (KHTML, like Gecko) Chrome/137.0.7151.103 Mobile Safari/537.36 (compatible; Googlebot/2.1; +http://www.google.com/bot.html)"
66.249.65.35 - - [13/Jul/2025:18:03:14 +0000] "GET /?x=101662733071800&mod=29921001&uri=form.php%3Fid%3D3392777-155%26name%3Dbluetooth+speaker+for+sale HTTP/1.1" 200 21663 "-" "Mozilla/5.0 (Linux; Android 6.0.1; Nexus 5X Build/MMB29P) AppleWebKit/537.36 (KHTML, like Gecko) Chrome/137.0.7151.103 Mobile Safari/537.36 (compatible; Googlebot/2.1; +http://www.google.com/bot.html)"
66.249.65.35 - - [13/Jul/2025:18:03:16 +0000] "POST /get-message-notify HTTP/1.1" 200 21866 "https://kraft-court.cafe/?x=5717499111800&mod=333cb763&uri=pin.php%3Fid%3D190918-334%26name%3Dwhat+channel+are+the+new+england+patriots+on+today" "Mozilla/5.0 (Linux; Android 6.0.1; Nexus 5X Build/MMB29P) AppleWebKit/537.36 (KHTML, like Gecko) Chrome/137.0.7151.119 Mobile Safari/537.36 (compatible; Googlebot/2.1; +http://www.google.com/bot.html)"
66.249.65.35 - - [13/Jul/2025:18:03:18 +0000] "GET /?x=5715979041800&mod=333cb763&uri=dp.php%3Fid%3D190866-334%26name%3Dbigg+boss+13+23+december HTTP/1.1" 200 21975 "-" "Mozilla/5.0 (Linux; Android 6.0.1; Nexus 5X Build/MMB29P) AppleWebKit/537.36 (KHTML, like Gecko) Chrome/137.0.7151.103 Mobile Safari/537.36 (compatible; Googlebot/2.1; +http://www.google.com/bot.html)"
66.249.65.35 - - [13/Jul/2025:18:03:21 +0000] "GET /?x=5891214001800&mod=29921001&uri=brands.php%3Fid%3D196732-155%26name%3Dharga+pa+sistem HTTP/1.1" 200 21839 "-" "Mozilla/5.0 (Linux; Android 6.0.1; Nexus 5X Build/MMB29P) AppleWebKit/537.36 (KHTML, like Gecko) Chrome/137.0.7151.103 Mobile Safari/537.36 (compatible; Googlebot/2.1; +http://www.google.com/bot.html)"
66.249.65.35 - - [13/Jul/2025:18:03:24 +0000] "GET /?x=5884265031800&mod=29921001&uri=info.php%3Fid%3D196500-155%26name%3Dpeerless+830874 HTTP/1.1" 200 22056 "-" "Mozilla/5.0 (Linux; Android 6.0.1; Nexus 5X Build/MMB29P) AppleWebKit/537.36 (KHTML, like Gecko) Chrome/137.0.7151.103 Mobile Safari/537.36 (compatible; Googlebot/2.1; +http://www.google.com/bot.html)"
66.249.65.35 - - [13/Jul/2025:18:03:27 +0000] "GET /?x=5883905011800&mod=29921001&uri=us.php%3Fid%3D196488-155%26name%3Dphilips+public+address+system HTTP/1.1" 200 22022 "-" "Mozilla/5.0 (Linux; Android 6.0.1; Nexus 5X Build/MMB29P) AppleWebKit/537.36 (KHTML, like Gecko) Chrome/137.0.7151.103 Mobile Safari/537.36 (compatible; Googlebot/2.1; +http://www.google.com/bot.html)"
66.249.65.35 - - [13/Jul/2025:18:03:30 +0000] "GET /?x=5623231061800&mod=e94fe9ac&uri=dp.php%3Fid%3D187753-332%26name%3Dmonshiiee+minecraft HTTP/1.1" 200 22402 "-" "Mozilla/5.0 (Linux; Android 6.0.1; Nexus 5X Build/MMB29P) AppleWebKit/537.36 (KHTML, like Gecko) Chrome/137.0.7151.103 Mobile Safari/537.36 (compatible; Googlebot/2.1; +http://www.google.com/bot.html)"
66.249.65.35 - - [13/Jul/2025:18:03:34 +0000] "GET /?x=5884625001800&mod=29921001&uri=form.php%3Fid%3D196512-155%26name%3Dld+systems+maui+p900+price HTTP/1.1" 200 22141 "-" "Mozilla/5.0 (Linux; Android 6.0.1; Nexus 5X Build/MMB29P) AppleWebKit/537.36 (KHTML, like Gecko) Chrome/137.0.7151.103 Mobile Safari/537.36 (compatible; Googlebot/2.1; +http://www.google.com/bot.html)"
66.249.65.35 - - [13/Jul/2025:18:03:37 +0000] "GET /?x=5885465131800&mod=29921001&uri=goods.php%3Fid%3D196540-155%26name%3Dspeaker+for+lg+phone HTTP/1.1" 200 21420 "-" "Mozilla/5.0 (Linux; Android 6.0.1; Nexus 5X Build/MMB29P) AppleWebKit/537.36 (KHTML, like Gecko) Chrome/137.0.7151.103 Mobile Safari/537.36 (compatible; Googlebot/2.1; +http://www.google.com/bot.html)"
66.249.65.35 - - [13/Jul/2025:18:03:40 +0000] "GET /?x=5808038091800&mod=165a59f7&uri=dp.php%3Fid%3D193955-336%26name%3Dborse+con+fettuccia+di+tulle HTTP/1.1" 200 21822 "-" "Mozilla/5.0 (Linux; Android 6.0.1; Nexus 5X Build/MMB29P) AppleWebKit/537.36 (KHTML, like Gecko) Chrome/137.0.7151.103 Mobile Safari/537.36 (compatible; Googlebot/2.1; +http://www.google.com/bot.html)"
66.249.65.35 - - [13/Jul/2025:18:03:44 +0000] "GET /?x=5823739031800&mod=734e6bfc&uri=pin.php%3Fid%3D194479-340%26name%3Dconverse+krack+kinder HTTP/1.1" 200 21380 "-" "Mozilla/5.0 (Linux; Android 6.0.1; Nexus 5X Build/MMB29P) AppleWebKit/537.36 (KHTML, like Gecko) Chrome/137.0.7151.103 Mobile Safari/537.36 (compatible; Googlebot/2.1; +http://www.google.com/bot.html)"
66.249.65.35 - - [13/Jul/2025:18:03:46 +0000] "GET /?x=104141362041800&mod=29921001&uri=blog.php%3Fid%3D3475520-155%26name%3Djrx100+review HTTP/1.1" 200 21469 "-" "Mozilla/5.0 (Linux; Android 6.0.1; Nexus 5X Build/MMB29P) AppleWebKit/537.36 (KHTML, like Gecko) Chrome/137.0.7151.103 Mobile Safari/537.36 (compatible; Googlebot/2.1; +http://www.google.com/bot.html)"
209.74.77.214 - - [13/Jul/2025:18:03:51 +0000] "POST /wp-cron.php?doing_wp_cron=1752429831.4369919300079345703125 HTTP/1.1" 200 - "-" "WordPress/6.8.1; https://kraft-court.cafe"
172.182.209.213 - - [13/Jul/2025:18:03:51 +0000] "GET /?mod=2de7cf20&uri=form.php%3Fid%3D190471-333%26name%3Deight+metal+kada&x=5704496061800 HTTP/1.1" 301 - "-" "Mozilla/5.0 (Macintosh; Intel Mac OS X 10_15_7) AppleWebKit/537.36 (KHTML, like Gecko) Chrome/131.0.0.0 Safari/537.36; compatible; OAI-SearchBot/1.0; +https://openai.com/searchbot"
66.249.65.35 - - [13/Jul/2025:18:03:50 +0000] "GET /?x=5945561031800&mod=c5bbd980&uri=search.php%3Fid%3D198544-344%26name%3Dtowson+town+center+shoe+stores HTTP/1.1" 200 22370 "-" "Mozilla/5.0 (Linux; Android 6.0.1; Nexus 5X Build/MMB29P) AppleWebKit/537.36 (KHTML, like Gecko) Chrome/137.0.7151.103 Mobile Safari/537.36 (compatible; Googlebot/2.1; +http://www.google.com/bot.html)"
172.182.209.213 - - [13/Jul/2025:18:03:51 +0000] "GET /?mod=2de7cf20&uri=form.php%3Fid%3D190471-333%26name%3Deight%20metal%20kada&x=5704496061800 HTTP/1.1" 200 1925 "-" "Mozilla/5.0 (Macintosh; Intel Mac OS X 10_15_7) AppleWebKit/537.36 (KHTML, like Gecko) Chrome/131.0.0.0 Safari/537.36; compatible; OAI-SearchBot/1.0; +https://openai.com/searchbot"
66.249.65.36 - - [13/Jul/2025:18:03:53 +0000] "GET /?x=5940431071800&mod=b0169350&uri=category-info.php%3Fid%3D198373-321%26name%3Dbearded+puppies+for+sale HTTP/1.1" 200 21508 "-" "Mozilla/5.0 (Linux; Android 6.0.1; Nexus 5X Build/MMB29P) AppleWebKit/537.36 (KHTML, like Gecko) Chrome/137.0.7151.103 Mobile Safari/537.36 (compatible; Googlebot/2.1; +http://www.google.com/bot.html)"
66.249.65.36 - - [13/Jul/2025:18:03:54 +0000] "GET /?x=107352982021800&mod=29921001&uri=search.php%3Fid%3D3582718-155%26name%3Dflip+stealth+connect HTTP/1.1" 200 21901 "-" "Mozilla/5.0 (Linux; Android 6.0.1; Nexus 5X Build/MMB29P) AppleWebKit/537.36 (KHTML, like Gecko) Chrome/137.0.7151.103 Mobile Safari/537.36 (compatible; Googlebot/2.1; +http://www.google.com/bot.html)"
66.249.65.36 - - [13/Jul/2025:18:03:55 +0000] "GET /?x=5945921101800&mod=c5bbd980&uri=news.php%3Fid%3D198556-344%26name%3D66+inch+shoelaces HTTP/1.1" 200 21572 "-" "Mozilla/5.0 (Linux; Android 6.0.1; Nexus 5X Build/MMB29P) AppleWebKit/537.36 (KHTML, like Gecko) Chrome/137.0.7151.103 Mobile Safari/537.36 (compatible; Googlebot/2.1; +http://www.google.com/bot.html)"
66.249.65.36 - - [13/Jul/2025:18:03:57 +0000] "GET /?x=119474072141800&mod=9854d7af&uri=products.php%3Fid%3D3987215-387%26name%3Dmorning+or+night+workout HTTP/1.1" 200 21503 "-" "Mozilla/5.0 (Linux; Android 6.0.1; Nexus 5X Build/MMB29P) AppleWebKit/537.36 (KHTML, like Gecko) Chrome/137.0.7151.103 Mobile Safari/537.36 (compatible; Googlebot/2.1; +http://www.google.com/bot.html)"
51.222.253.6 - - [13/Jul/2025:18:03:58 +0000] "GET /?x=63213118011800&uri=form.php%3Fid%3D2109487-237%26name%3Dvenum%20elite%20white HTTP/1.1" 200 1917 "-" "Mozilla/5.0 (compatible; AhrefsBot/7.0; +http://ahrefs.com/robot/)"
66.249.65.36 - - [13/Jul/2025:18:04:00 +0000] "GET /?x=47530270021800&mod=0d2922ee&uri=products.php%3Fid%3D1586198-1246%26name%3Dwhite+leather+platform+high+top+converse HTTP/1.1" 200 21547 "-" "Mozilla/5.0 (Linux; Android 6.0.1; Nexus 5X Build/MMB29P) AppleWebKit/537.36 (KHTML, like Gecko) Chrome/137.0.7151.103 Mobile Safari/537.36 (compatible; Googlebot/2.1; +http://www.google.com/bot.html)"
66.249.65.35 - - [13/Jul/2025:18:04:03 +0000] "GET /?x=88945313081800&mod=349f259c&uri=shop.php%3Fid%3D2968244-1544%26name%3Dvlone+juice+wrld+shirt HTTP/1.1" 200 20963 "-" "Mozilla/5.0 (Linux; Android 6.0.1; Nexus 5X Build/MMB29P) AppleWebKit/537.36 (KHTML, like Gecko) Chrome/137.0.7151.103 Mobile Safari/537.36 (compatible; Googlebot/2.1; +http://www.google.com/bot.html)"
66.249.65.35 - - [13/Jul/2025:18:04:06 +0000] "GET /?x=88894189131800&mod=e94fe9ac&uri=article.php%3Fid%3D2966534-332%26name%3Dstream+beastie+boys+story HTTP/1.1" 200 21610 "-" "Mozilla/5.0 (Linux; Android 6.0.1; Nexus 5X Build/MMB29P) AppleWebKit/537.36 (KHTML, like Gecko) Chrome/137.0.7151.103 Mobile Safari/537.36 (compatible; Googlebot/2.1; +http://www.google.com/bot.html)"
66.249.65.35 - - [13/Jul/2025:18:04:11 +0000] "POST /get-message-notify HTTP/1.1" 200 21869 "https://kraft-court.cafe/?x=47530270021800&mod=0d2922ee&uri=products.php%3Fid%3D1586198-1246%26name%3Dwhite+leather+platform+high+top+converse" "Mozilla/5.0 (Linux; Android 6.0.1; Nexus 5X Build/MMB29P) AppleWebKit/537.36 (KHTML, like Gecko) Chrome/137.0.7151.119 Mobile Safari/537.36 (compatible; Googlebot/2.1; +http://www.google.com/bot.html)"
66.249.65.35 - - [13/Jul/2025:18:04:12 +0000] "GET /?x=88944413061800&mod=013d4071&uri=us.php%3Fid%3D2968214-13%26name%3Dnissan+van+pasajeros HTTP/1.1" 200 22282 "-" "Mozilla/5.0 (Linux; Android 6.0.1; Nexus 5X Build/MMB29P) AppleWebKit/537.36 (KHTML, like Gecko) Chrome/137.0.7151.103 Mobile Safari/537.36 (compatible; Googlebot/2.1; +http://www.google.com/bot.html)"
66.249.65.35 - - [13/Jul/2025:18:04:14 +0000] "GET /?x=88942913081800&mod=76dc611d&uri=news.php%3Fid%3D2968164-12%26name%3Dcomputadora+de+barbie+para+imprimir HTTP/1.1" 200 21825 "-" "Mozilla/5.0 (Linux; Android 6.0.1; Nexus 5X Build/MMB29P) AppleWebKit/537.36 (KHTML, like Gecko) Chrome/137.0.7151.103 Mobile Safari/537.36 (compatible; Googlebot/2.1; +http://www.google.com/bot.html)"
66.249.65.35 - - [13/Jul/2025:18:04:16 +0000] "GET /?x=88944263031800&mod=76dc611d&uri=itm.php%3Fid%3D2968209-12%26name%3D%C3%83%C2%A1rboles+para+gatos+amazon HTTP/1.1" 200 23161 "-" "Mozilla/5.0 (Linux; Android 6.0.1; Nexus 5X Build/MMB29P) AppleWebKit/537.36 (KHTML, like Gecko) Chrome/137.0.7151.103 Mobile Safari/537.36 (compatible; Googlebot/2.1; +http://www.google.com/bot.html)"
66.249.65.35 - - [13/Jul/2025:18:04:20 +0000] "GET /?x=88922389001800&mod=349f259c&uri=category-info.php%3Fid%3D2967476-1544%26name%3Doff+white+reconstructed+shirt HTTP/1.1" 200 21566 "-" "Mozilla/5.0 (Linux; Android 6.0.1; Nexus 5X Build/MMB29P) AppleWebKit/537.36 (KHTML, like Gecko) Chrome/137.0.7151.103 Mobile Safari/537.36 (compatible; Googlebot/2.1; +http://www.google.com/bot.html)"
66.249.65.35 - - [13/Jul/2025:18:04:23 +0000] "GET /?x=88943663051800&mod=76dc611d&uri=dp.php%3Fid%3D2968189-12%26name%3Dmanta+de+actividades+tuc+tuc HTTP/1.1" 200 22485 "-" "Mozilla/5.0 (Linux; Android 6.0.1; Nexus 5X Build/MMB29P) AppleWebKit/537.36 (KHTML, like Gecko) Chrome/137.0.7151.103 Mobile Safari/537.36 (compatible; Googlebot/2.1; +http://www.google.com/bot.html)"
66.249.65.35 - - [13/Jul/2025:18:04:26 +0000] "GET /?x=88936838031800&mod=76dc611d&uri=info.php%3Fid%3D2967959-12%26name%3Dlego+jockey+plaza+telefono HTTP/1.1" 200 21756 "-" "Mozilla/5.0 (Linux; Android 6.0.1; Nexus 5X Build/MMB29P) AppleWebKit/537.36 (KHTML, like Gecko) Chrome/137.0.7151.103 Mobile Safari/537.36 (compatible; Googlebot/2.1; +http://www.google.com/bot.html)"
66.249.65.35 - - [13/Jul/2025:18:04:31 +0000] "GET /?x=88943513131800&mod=76dc611d&uri=product.php%3Fid%3D2968184-12%26name%3Dcomo+hacerle+un+gimnasio+a+un+gato HTTP/1.1" 200 21930 "-" "Mozilla/5.0 (Linux; Android 6.0.1; Nexus 5X Build/MMB29P) AppleWebKit/537.36 (KHTML, like Gecko) Chrome/137.0.7151.103 Mobile Safari/537.36 (compatible; Googlebot/2.1; +http://www.google.com/bot.html)"
66.249.65.35 - - [13/Jul/2025:18:04:33 +0000] "GET /?x=88939517011800&mod=013d4071&uri=us.php%3Fid%3D2968049-13%26name%3Dque+es+jordan+de+nike HTTP/1.1" 200 22238 "-" "Mozilla/5.0 (Linux; Android 6.0.1; Nexus 5X Build/MMB29P) AppleWebKit/537.36 (KHTML, like Gecko) Chrome/137.0.7151.103 Mobile Safari/537.36 (compatible; Googlebot/2.1; +http://www.google.com/bot.html)"
66.249.65.35 - - [13/Jul/2025:18:04:35 +0000] "POST /get-message-notify HTTP/1.1" 200 21862 "https://kraft-court.cafe/?x=5945921101800&mod=c5bbd980&uri=news.php%3Fid%3D198556-344%26name%3D66+inch+shoelaces" "Mozilla/5.0 (Linux; Android 6.0.1; Nexus 5X Build/MMB29P) AppleWebKit/537.36 (KHTML, like Gecko) Chrome/137.0.7151.119 Mobile Safari/537.36 (compatible; Googlebot/2.1; +http://www.google.com/bot.html)"
66.249.65.35 - - [13/Jul/2025:18:04:36 +0000] "GET /?x=88935938011800&mod=76dc611d&uri=pin.php%3Fid%3D2967929-12%26name%3Dmercado+libre+gimnasio+gatos HTTP/1.1" 200 22205 "-" "Mozilla/5.0 (Linux; Android 6.0.1; Nexus 5X Build/MMB29P) AppleWebKit/537.36 (KHTML, like Gecko) Chrome/137.0.7151.103 Mobile Safari/537.36 (compatible; Googlebot/2.1; +http://www.google.com/bot.html)"
66.249.65.35 - - [13/Jul/2025:18:04:38 +0000] "GET /?x=88946363071800&mod=76dc611d&uri=shop.php%3Fid%3D2968279-12%26name%3Dtela+para+sofa+resistente+gatos HTTP/1.1" 200 21586 "-" "Mozilla/5.0 (Linux; Android 6.0.1; Nexus 5X Build/MMB29P) AppleWebKit/537.36 (KHTML, like Gecko) Chrome/137.0.7151.103 Mobile Safari/537.36 (compatible; Googlebot/2.1; +http://www.google.com/bot.html)"
66.249.65.35 - - [13/Jul/2025:18:04:39 +0000] "GET /?x=88944113031800&mod=76dc611d&uri=category-info.php%3Fid%3D2968204-12%26name%3Dcasa+de+gato+carton HTTP/1.1" 200 21599 "-" "Mozilla/5.0 (Linux; Android 6.0.1; Nexus 5X Build/MMB29P) AppleWebKit/537.36 (KHTML, like Gecko) Chrome/137.0.7151.103 Mobile Safari/537.36 (compatible; Googlebot/2.1; +http://www.google.com/bot.html)"
66.249.65.36 - - [13/Jul/2025:18:04:42 +0000] "GET /?x=88856549091800&mod=76309eaf&uri=dp.php%3Fid%3D2965278-1018%26name%3Dsilver+choker+set HTTP/1.1" 200 20887 "-" "Mozilla/5.0 (Linux; Android 6.0.1; Nexus 5X Build/MMB29P) AppleWebKit/537.36 (KHTML, like Gecko) Chrome/137.0.7151.103 Mobile Safari/537.36 (compatible; Googlebot/2.1; +http://www.google.com/bot.html)"
66.249.65.35 - - [13/Jul/2025:18:04:49 +0000] "POST /get-message-notify HTTP/1.1" 200 21876 "https://kraft-court.cafe/?x=88936838031800&mod=76dc611d&uri=info.php%3Fid%3D2967959-12%26name%3Dlego+jockey+plaza+telefono" "Mozilla/5.0 (Linux; Android 6.0.1; Nexus 5X Build/MMB29P) AppleWebKit/537.36 (KHTML, like Gecko) Chrome/137.0.7151.119 Mobile Safari/537.36 (compatible; Googlebot/2.1; +http://www.google.com/bot.html)"
66.249.65.36 - - [13/Jul/2025:18:04:45 +0000] "GET /?x=88943213061800&mod=013d4071&uri=product.php%3Fid%3D2968174-13%26name%3Dknaus+van+i+600+mg+precio HTTP/1.1" 200 22294 "-" "Mozilla/5.0 (Linux; Android 6.0.1; Nexus 5X Build/MMB29P) AppleWebKit/537.36 (KHTML, like Gecko) Chrome/137.0.7151.103 Mobile Safari/537.36 (compatible; Googlebot/2.1; +http://www.google.com/bot.html)"
66.249.65.35 - - [13/Jul/2025:18:04:50 +0000] "GET /?x=88884796041800&mod=76309eaf&uri=article.php%3Fid%3D2966220-1018%26name%3Dgold+single+initial+necklace HTTP/1.1" 200 22183 "-" "Mozilla/5.0 (Linux; Android 6.0.1; Nexus 5X Build/MMB29P) AppleWebKit/537.36 (KHTML, like Gecko) Chrome/137.0.7151.103 Mobile Safari/537.36 (compatible; Googlebot/2.1; +http://www.google.com/bot.html)"
66.249.65.36 - - [13/Jul/2025:18:04:54 +0000] "GET /?x=88936988031800&mod=349f259c&uri=shared.php%3Fid%3D2967964-1544%26name%3Dt+shirt+thrasher+pink HTTP/1.1" 200 20685 "-" "Mozilla/5.0 (Linux; Android 6.0.1; Nexus 5X Build/MMB29P) AppleWebKit/537.36 (KHTML, like Gecko) Chrome/137.0.7151.103 Mobile Safari/537.36 (compatible; Googlebot/2.1; +http://www.google.com/bot.html)"
66.249.65.35 - - [13/Jul/2025:18:04:56 +0000] "GET /?x=88938188041800&mod=76dc611d&uri=itm.php%3Fid%3D2968004-12%26name%3Dmu%C3%83%C2%B1eca+personalizada+comunion HTTP/1.1" 200 22622 "-" "Mozilla/5.0 (Linux; Android 6.0.1; Nexus 5X Build/MMB29P) AppleWebKit/537.36 (KHTML, like Gecko) Chrome/137.0.7151.103 Mobile Safari/537.36 (compatible; Googlebot/2.1; +http://www.google.com/bot.html)"
66.249.65.36 - - [13/Jul/2025:18:05:00 +0000] "GET /?x=88936688031800&mod=8f855179&uri=itm.php%3Fid%3D2967954-17%26name%3Dpatio+heater+electric+wall+mounted HTTP/1.1" 200 22784 "-" "Mozilla/5.0 (Linux; Android 6.0.1; Nexus 5X Build/MMB29P) AppleWebKit/537.36 (KHTML, like Gecko) Chrome/137.0.7151.103 Mobile Safari/537.36 (compatible; Googlebot/2.1; +http://www.google.com/bot.html)"
66.249.65.37 - - [13/Jul/2025:18:05:02 +0000] "POST /get-message-notify HTTP/1.1" 200 21844 "https://kraft-court.cafe/?x=5823739031800&mod=734e6bfc&uri=pin.php%3Fid%3D194479-340%26name%3Dconverse+krack+kinder" "Mozilla/5.0 (Linux; Android 6.0.1; Nexus 5X Build/MMB29P) AppleWebKit/537.36 (KHTML, like Gecko) Chrome/137.0.7151.119 Mobile Safari/537.36 (compatible; Googlebot/2.1; +http://www.google.com/bot.html)"
66.249.65.35 - - [13/Jul/2025:18:05:03 +0000] "GET /?x=88942613021800&mod=76dc611d&uri=category-info.php%3Fid%3D2968154-12%26name%3Dmanta+actividades+done+by+deer HTTP/1.1" 200 22325 "-" "Mozilla/5.0 (Linux; Android 6.0.1; Nexus 5X Build/MMB29P) AppleWebKit/537.36 (KHTML, like Gecko) Chrome/137.0.7151.103 Mobile Safari/537.36 (compatible; Googlebot/2.1; +http://www.google.com/bot.html)"
66.249.65.36 - - [13/Jul/2025:18:05:06 +0000] "POST /get-message-notify HTTP/1.1" 200 21863 "https://kraft-court.cafe/?x=119856326061800&mod=d9fea4ca&uri=blog.php%3Fid%3D3999968-648%26name%3Dmini+boite+chapeau+louis+vuitton" "Mozilla/5.0 (Linux; Android 6.0.1; Nexus 5X Build/MMB29P) AppleWebKit/537.36 (KHTML, like Gecko) Chrome/137.0.7151.119 Mobile Safari/537.36 (compatible; Googlebot/2.1; +http://www.google.com/bot.html)"
66.249.65.36 - - [13/Jul/2025:18:05:08 +0000] "GET /?x=88942763031800&mod=013d4071&uri=article.php%3Fid%3D2968159-13%26name%3Dcitro%C3%83%C2%ABn+berlingo+van+precio HTTP/1.1" 200 22009 "-" "Mozilla/5.0 (Linux; Android 6.0.1; Nexus 5X Build/MMB29P) AppleWebKit/537.36 (KHTML, like Gecko) Chrome/137.0.7151.103 Mobile Safari/537.36 (compatible; Googlebot/2.1; +http://www.google.com/bot.html)"
66.249.65.35 - - [13/Jul/2025:18:05:11 +0000] "GET /?x=88945613081800&mod=76dc611d&uri=dp.php%3Fid%3D2968254-12%26name%3Dfundas+de+sofa+anti+pelos+de+gato HTTP/1.1" 200 21761 "-" "Mozilla/5.0 (Linux; Android 6.0.1; Nexus 5X Build/MMB29P) AppleWebKit/537.36 (KHTML, like Gecko) Chrome/137.0.7151.103 Mobile Safari/537.36 (compatible; Googlebot/2.1; +http://www.google.com/bot.html)"
66.249.65.35 - - [13/Jul/2025:18:05:14 +0000] "GET /?x=88942313031800&mod=013d4071&uri=products.php%3Fid%3D2968144-13%26name%3Dprecio+de+tornado+van+2022 HTTP/1.1" 200 21858 "-" "Mozilla/5.0 (Linux; Android 6.0.1; Nexus 5X Build/MMB29P) AppleWebKit/537.36 (KHTML, like Gecko) Chrome/137.0.7151.103 Mobile Safari/537.36 (compatible; Googlebot/2.1; +http://www.google.com/bot.html)"
66.249.65.35 - - [13/Jul/2025:18:05:15 +0000] "GET /?x=6212496001800&mod=6832a7b2&uri=goods.php%3Fid%3D207484-219%26name%3Dsougayilang+fly+rod+review HTTP/1.1" 200 21735 "-" "Mozilla/5.0 (Linux; Android 6.0.1; Nexus 5X Build/MMB29P) AppleWebKit/537.36 (KHTML, like Gecko) Chrome/137.0.7151.103 Mobile Safari/537.36 (compatible; Googlebot/2.1; +http://www.google.com/bot.html)"
66.249.65.35 - - [13/Jul/2025:18:05:16 +0000] "GET /?x=102356296041800&mod=c5bbd980&uri=dp.php%3Fid%3D3415919-344%26name%3Dmuk+luks+kelsey HTTP/1.1" 200 22440 "-" "Mozilla/5.0 (Linux; Android 6.0.1; Nexus 5X Build/MMB29P) AppleWebKit/537.36 (KHTML, like Gecko) Chrome/137.0.7151.103 Mobile Safari/537.36 (compatible; Googlebot/2.1; +http://www.google.com/bot.html)"
66.249.65.35 - - [13/Jul/2025:18:05:18 +0000] "GET /?x=107680144071800&mod=b7b16ecf&uri=search.php%3Fid%3D3593644-39%26name%3Dgtracing+phone+number HTTP/1.1" 200 22439 "-" "Mozilla/5.0 (Linux; Android 6.0.1; Nexus 5X Build/MMB29P) AppleWebKit/537.36 (KHTML, like Gecko) Chrome/137.0.7151.103 Mobile Safari/537.36 (compatible; Googlebot/2.1; +http://www.google.com/bot.html)"
66.249.65.35 - - [13/Jul/2025:18:05:21 +0000] "GET /?x=107681554011800&mod=b7b16ecf&uri=dp.php%3Fid%3D3593691-39%26name%3Drattan+corner+sofa+set+with+ice+bucket HTTP/1.1" 200 22517 "-" "Mozilla/5.0 (Linux; Android 6.0.1; Nexus 5X Build/MMB29P) AppleWebKit/537.36 (KHTML, like Gecko) Chrome/137.0.7151.103 Mobile Safari/537.36 (compatible; Googlebot/2.1; +http://www.google.com/bot.html)"
66.249.65.35 - - [13/Jul/2025:18:05:24 +0000] "GET /?x=6042924041800&mod=b071cfa8&uri=brands.php%3Fid%3D201794-347%26name%3Dsweat+superman HTTP/1.1" 200 20477 "-" "Mozilla/5.0 (Linux; Android 6.0.1; Nexus 5X Build/MMB29P) AppleWebKit/537.36 (KHTML, like Gecko) Chrome/137.0.7151.103 Mobile Safari/537.36 (compatible; Googlebot/2.1; +http://www.google.com/bot.html)"
66.249.65.35 - - [13/Jul/2025:18:05:27 +0000] "POST /get-message-notify HTTP/1.1" 200 21859 "https://kraft-court.cafe/?x=107680144071800&mod=b7b16ecf&uri=search.php%3Fid%3D3593644-39%26name%3Dgtracing+phone+number" "Mozilla/5.0 (Linux; Android 6.0.1; Nexus 5X Build/MMB29P) AppleWebKit/537.36 (KHTML, like Gecko) Chrome/137.0.7151.119 Mobile Safari/537.36 (compatible; Googlebot/2.1; +http://www.google.com/bot.html)"
66.249.65.35 - - [13/Jul/2025:18:05:29 +0000] "GET /?x=6100757021800&mod=0d0fd7c6&uri=info.php%3Fid%3D203726-40%26name%3Dimpact+wrench+mastercraft HTTP/1.1" 200 22734 "-" "Mozilla/5.0 (Linux; Android 6.0.1; Nexus 5X Build/MMB29P) AppleWebKit/537.36 (KHTML, like Gecko) Chrome/137.0.7151.103 Mobile Safari/537.36 (compatible; Googlebot/2.1; +http://www.google.com/bot.html)"
66.249.65.36 - - [13/Jul/2025:18:05:32 +0000] "GET /?x=6097637041800&mod=0d0fd7c6&uri=info.php%3Fid%3D203622-40%26name%3Damazon+ryobi+battery+charger HTTP/1.1" 200 22563 "-" "Mozilla/5.0 (Linux; Android 6.0.1; Nexus 5X Build/MMB29P) AppleWebKit/537.36 (KHTML, like Gecko) Chrome/137.0.7151.103 Mobile Safari/537.36 (compatible; Googlebot/2.1; +http://www.google.com/bot.html)"
66.249.65.36 - - [13/Jul/2025:18:05:33 +0000] "POST /get-message-notify HTTP/1.1" 200 21862 "https://kraft-court.cafe/?x=88942763031800&mod=013d4071&uri=article.php%3Fid%3D2968159-13%26name%3Dcitro%C3%83%C2%ABn+berlingo+van+precio" "Mozilla/5.0 (Linux; Android 6.0.1; Nexus 5X Build/MMB29P) AppleWebKit/537.36 (KHTML, like Gecko) Chrome/137.0.7151.119 Mobile Safari/537.36 (compatible; Googlebot/2.1; +http://www.google.com/bot.html)"
66.249.65.36 - - [13/Jul/2025:18:05:35 +0000] "GET /?x=6097517041800&mod=0d0fd7c6&uri=article.php%3Fid%3D203618-40%26name%3Dm12 HTTP/1.1" 200 22724 "-" "Mozilla/5.0 (Linux; Android 6.0.1; Nexus 5X Build/MMB29P) AppleWebKit/537.36 (KHTML, like Gecko) Chrome/137.0.7151.103 Mobile Safari/537.36 (compatible; Googlebot/2.1; +http://www.google.com/bot.html)"
66.249.65.35 - - [13/Jul/2025:18:05:38 +0000] "GET /?x=6216816091800&mod=6832a7b2&uri=goods.php%3Fid%3D207628-219%26name%3Dkorda+katapult+heavy HTTP/1.1" 200 21766 "-" "Mozilla/5.0 (Linux; Android 6.0.1; Nexus 5X Build/MMB29P) AppleWebKit/537.36 (KHTML, like Gecko) Chrome/137.0.7151.103 Mobile Safari/537.36 (compatible; Googlebot/2.1; +http://www.google.com/bot.html)"
66.249.65.36 - - [13/Jul/2025:18:05:40 +0000] "GET /?x=6206016041800&mod=6832a7b2&uri=brands.php%3Fid%3D207268-219%26name%3Ddimplex+cassia+noir+optiflame+black+electric+stove HTTP/1.1" 200 22175 "-" "Mozilla/5.0 (Linux; Android 6.0.1; Nexus 5X Build/MMB29P) AppleWebKit/537.36 (KHTML, like Gecko) Chrome/137.0.7151.103 Mobile Safari/537.36 (compatible; Googlebot/2.1; +http://www.google.com/bot.html)"
66.249.65.35 - - [13/Jul/2025:18:05:42 +0000] "POST /get-message-notify HTTP/1.1" 200 21872 "https://kraft-court.cafe/?x=6097517041800&mod=0d0fd7c6&uri=article.php%3Fid%3D203618-40%26name%3Dm12" "Mozilla/5.0 (Linux; Android 6.0.1; Nexus 5X Build/MMB29P) AppleWebKit/537.36 (KHTML, like Gecko) Chrome/137.0.7151.119 Mobile Safari/537.36 (compatible; Googlebot/2.1; +http://www.google.com/bot.html)"
66.249.65.35 - - [13/Jul/2025:18:05:43 +0000] "GET /?x=6208986031800&mod=6832a7b2&uri=search.php%3Fid%3D207367-219%26name%3Ddecorative+double+curtain+rod+brackets HTTP/1.1" 200 22071 "-" "Mozilla/5.0 (Linux; Android 6.0.1; Nexus 5X Build/MMB29P) AppleWebKit/537.36 (KHTML, like Gecko) Chrome/137.0.7151.103 Mobile Safari/537.36 (compatible; Googlebot/2.1; +http://www.google.com/bot.html)"
66.249.65.35 - - [13/Jul/2025:18:05:50 +0000] "POST /get-message-notify HTTP/1.1" 200 21861 "https://kraft-court.cafe/?x=88942613021800&mod=76dc611d&uri=category-info.php%3Fid%3D2968154-12%26name%3Dmanta+actividades+done+by+deer" "Mozilla/5.0 (Linux; Android 6.0.1; Nexus 5X Build/MMB29P) AppleWebKit/537.36 (KHTML, like Gecko) Chrome/137.0.7151.119 Mobile Safari/537.36 (compatible; Googlebot/2.1; +http://www.google.com/bot.html)"
66.249.65.36 - - [13/Jul/2025:18:05:51 +0000] "GET /?x=6216006021800&mod=6832a7b2&uri=goods.php%3Fid%3D207601-219%26name%3Ddimplex+electric+stove+fires HTTP/1.1" 200 22482 "-" "Mozilla/5.0 (Linux; Android 6.0.1; Nexus 5X Build/MMB29P) AppleWebKit/537.36 (KHTML, like Gecko) Chrome/137.0.7151.103 Mobile Safari/537.36 (compatible; Googlebot/2.1; +http://www.google.com/bot.html)"
66.249.65.36 - - [13/Jul/2025:18:05:52 +0000] "POST /get-message-notify HTTP/1.1" 200 21865 "https://kraft-court.cafe/?x=5623231061800&mod=e94fe9ac&uri=dp.php%3Fid%3D187753-332%26name%3Dmonshiiee+minecraft" "Mozilla/5.0 (Linux; Android 6.0.1; Nexus 5X Build/MMB29P) AppleWebKit/537.36 (KHTML, like Gecko) Chrome/137.0.7151.119 Mobile Safari/537.36 (compatible; Googlebot/2.1; +http://www.google.com/bot.html)"
66.249.65.36 - - [13/Jul/2025:18:05:55 +0000] "GET /?x=6210336081800&mod=6832a7b2&uri=us.php%3Fid%3D207412-219%26name%3Droyal+wood+boiler HTTP/1.1" 200 21566 "-" "Mozilla/5.0 (Linux; Android 6.0.1; Nexus 5X Build/MMB29P) AppleWebKit/537.36 (KHTML, like Gecko) Chrome/137.0.7151.103 Mobile Safari/537.36 (compatible; Googlebot/2.1; +http://www.google.com/bot.html)"
