66.249.65.35 - - [13/Jul/2025:18:25:39 +0000] "POST /get-message-notify HTTP/1.1" 200 21861 "https://kraft-court.cafe/?x=5943761041800&mod=c5bbd980&uri=article.php%3Fid%3D198484-344%26name%3Dok+google+shoes+for+crews" "Mozilla/5.0 (Linux; Android 6.0.1; Nexus 5X Build/MMB29P) AppleWebKit/537.36 (KHTML, like Gecko) Chrome/137.0.7151.119 Mobile Safari/537.36 (compatible; Googlebot/2.1; +http://www.google.com/bot.html)"
66.249.65.37 - - [13/Jul/2025:18:27:08 +0000] "POST /get-message-notify HTTP/1.1" 200 21866 "https://kraft-court.cafe/?x=5589035031800&mod=c4b43ae0&uri=dp.php%3Fid%3D186583-330%26name%3Dsmart+heating+edinburgh" "Mozilla/5.0 (Linux; Android 6.0.1; Nexus 5X Build/MMB29P) AppleWebKit/537.36 (KHTML, like Gecko) Chrome/137.0.7151.119 Mobile Safari/537.36 (compatible; Googlebot/2.1; +http://www.google.com/bot.html)"
209.74.77.214 - - [13/Jul/2025:18:28:00 +0000] "POST /wp-cron.php?doing_wp_cron=1752431280.5606250762939453125000 HTTP/1.1" 200 - "-" "WordPress/6.8.1; https://kraft-court.cafe"
51.222.253.10 - - [13/Jul/2025:18:27:58 +0000] "GET /?x=58093618001800&uri=shop.php%3Fid%3D1938613-1334%26name%3Ddiadora%20football%2080 HTTP/1.1" 200 1922 "-" "Mozilla/5.0 (compatible; AhrefsBot/7.0; +http://ahrefs.com/robot/)"
66.249.65.35 - - [13/Jul/2025:18:28:01 +0000] "POST /get-message-notify HTTP/1.1" 200 21865 "https://kraft-court.cafe/?x=24107247011800&mod=d7657583&uri=brands.php%3Fid%3D804634-183%26name%3Ddeep+cycle+battery+charging+amps" "Mozilla/5.0 (Linux; Android 6.0.1; Nexus 5X Build/MMB29P) AppleWebKit/537.36 (KHTML, like Gecko) Chrome/137.0.7151.119 Mobile Safari/537.36 (compatible; Googlebot/2.1; +http://www.google.com/bot.html)"
66.249.65.37 - - [13/Jul/2025:18:30:46 +0000] "POST /get-message-notify HTTP/1.1" 200 21865 "https://kraft-court.cafe/?x=24104727041800&mod=257deb66&uri=itm.php%3Fid%3D804550-840%26name%3Dmoonstone+fertility+necklace" "Mozilla/5.0 (Linux; Android 6.0.1; Nexus 5X Build/MMB29P) AppleWebKit/537.36 (KHTML, like Gecko) Chrome/137.0.7151.119 Mobile Safari/537.36 (compatible; Googlebot/2.1; +http://www.google.com/bot.html)"
209.74.77.214 - - [13/Jul/2025:18:30:58 +0000] "POST /wp-cron.php?doing_wp_cron=1752431458.2349140644073486328125 HTTP/1.1" 200 - "-" "WordPress/6.8.1; https://kraft-court.cafe"
74.7.35.48 - - [13/Jul/2025:18:30:57 +0000] "GET /?mod=a8849b05&uri=itm.php?id%3D192984-57%26name%3Dtruke+earbuds+flipkart&x=5778925121800 HTTP/1.1" 301 - "-" "Mozilla/5.0 AppleWebKit/537.36 (KHTML, like Gecko); compatible; ChatGPT-User/1.0; +https://openai.com/bot"
74.7.35.48 - - [13/Jul/2025:18:30:58 +0000] "GET /?mod=a8849b05&uri=itm.php?id%3D192984-57%26name%3Dtruke%20earbuds%20flipkart&x=5778925121800 HTTP/1.1" 301 - "-" "Mozilla/5.0 AppleWebKit/537.36 (KHTML, like Gecko); compatible; ChatGPT-User/1.0; +https://openai.com/bot"
74.7.35.55 - - [13/Jul/2025:18:31:01 +0000] "GET / HTTP/1.1" 200 1851 "-" "Mozilla/5.0 AppleWebKit/537.36 (KHTML, like Gecko); compatible; ChatGPT-User/1.0; +https://openai.com/bot"
66.249.65.36 - - [13/Jul/2025:18:31:54 +0000] "POST /get-message-notify HTTP/1.1" 200 21855 "https://kraft-court.cafe/?x=5741233061800&mod=97108695&uri=category-info.php%3Fid%3D191727-335%26name%3Dmario+kart+live+review" "Mozilla/5.0 (Linux; Android 6.0.1; Nexus 5X Build/MMB29P) AppleWebKit/537.36 (KHTML, like Gecko) Chrome/137.0.7151.119 Mobile Safari/537.36 (compatible; Googlebot/2.1; +http://www.google.com/bot.html)"
209.74.77.214 - - [13/Jul/2025:18:32:06 +0000] "POST /wp-cron.php?doing_wp_cron=1752431526.5306060314178466796875 HTTP/1.1" 200 - "-" "WordPress/6.8.1; https://kraft-court.cafe"
20.14.99.100 - - [13/Jul/2025:18:32:05 +0000] "GET /?mod=a8849b05&uri=itm.php%3Fid%3D192984-57%26name%3Dtruke+earbuds+flipkart&x=5778925121800 HTTP/1.1" 301 - "-" "Mozilla/5.0 (Macintosh; Intel Mac OS X 10_15_7) AppleWebKit/537.36 (KHTML, like Gecko) Chrome/131.0.0.0 Safari/537.36; compatible; OAI-SearchBot/1.0; +https://openai.com/searchbot"
20.14.99.100 - - [13/Jul/2025:18:32:06 +0000] "GET /?mod=a8849b05&uri=itm.php%3Fid%3D192984-57%26name%3Dtruke%20earbuds%20flipkart&x=5778925121800 HTTP/1.1" 200 1934 "-" "Mozilla/5.0 (Macintosh; Intel Mac OS X 10_15_7) AppleWebKit/537.36 (KHTML, like Gecko) Chrome/131.0.0.0 Safari/537.36; compatible; OAI-SearchBot/1.0; +https://openai.com/searchbot"
66.249.65.37 - - [13/Jul/2025:18:32:15 +0000] "GET /?x=5735503021800&mod=333cb763&uri=goods.php%3Fid%3D191536-334%26name%3Ddragon+ball+heroes+funimation HTTP/1.1" 301 - "-" "Mozilla/5.0 (Linux; Android 6.0.1; Nexus 5X Build/MMB29P) AppleWebKit/537.36 (KHTML, like Gecko) Chrome/137.0.7151.103 Mobile Safari/537.36 (compatible; GoogleOther)"
66.249.65.35 - - [13/Jul/2025:18:32:17 +0000] "GET /?x=5735503021800&mod=333cb763&uri=goods.php%3Fid%3D191536-334%26name%3Ddragon%20ball%20heroes%20funimation HTTP/1.1" 200 1939 "-" "Mozilla/5.0 (Linux; Android 6.0.1; Nexus 5X Build/MMB29P) AppleWebKit/537.36 (KHTML, like Gecko) Chrome/137.0.7151.103 Mobile Safari/537.36 (compatible; GoogleOther)"
66.249.65.35 - - [13/Jul/2025:18:32:19 +0000] "GET /wp-content/plugins/maintenance/load/css/fonts.css?ver=1566425282 HTTP/1.1" 200 10398 "https://kraft-court.cafe/?x=5735503021800&mod=333cb763&uri=goods.php%3Fid%3D191536-334%26name%3Ddragon%20ball%20heroes%20funimation" "Mozilla/5.0 (Linux; Android 6.0.1; Nexus 5X Build/MMB29P) AppleWebKit/537.36 (KHTML, like Gecko) Chrome/137.0.7151.119 Mobile Safari/537.36 (compatible; Googlebot/2.1; +http://www.google.com/bot.html)"
66.249.65.36 - - [13/Jul/2025:18:32:19 +0000] "GET /wp-includes/js/jquery/jquery.min.js?ver=3.7.1 HTTP/1.1" 200 30368 "https://kraft-court.cafe/?x=5735503021800&mod=333cb763&uri=goods.php%3Fid%3D191536-334%26name%3Ddragon%20ball%20heroes%20funimation" "Mozilla/5.0 (Linux; Android 6.0.1; Nexus 5X Build/MMB29P) AppleWebKit/537.36 (KHTML, like Gecko) Chrome/137.0.7151.119 Mobile Safari/537.36 (compatible; Googlebot/2.1; +http://www.google.com/bot.html)"
66.249.65.35 - - [13/Jul/2025:18:32:19 +0000] "GET /wp-content/plugins/maintenance/load/css/style.css?ver=1615078706 HTTP/1.1" 200 3400 "https://kraft-court.cafe/?x=5735503021800&mod=333cb763&uri=goods.php%3Fid%3D191536-334%26name%3Ddragon%20ball%20heroes%20funimation" "Mozilla/5.0 (Linux; Android 6.0.1; Nexus 5X Build/MMB29P) AppleWebKit/537.36 (KHTML, like Gecko) Chrome/137.0.7151.119 Mobile Safari/537.36 (compatible; Googlebot/2.1; +http://www.google.com/bot.html)"
66.249.65.35 - - [13/Jul/2025:18:32:19 +0000] "GET /wp-content/plugins/maintenance/load/js/jquery.frontend.js?ver=1615078706 HTTP/1.1" 200 638 "https://kraft-court.cafe/?x=5735503021800&mod=333cb763&uri=goods.php%3Fid%3D191536-334%26name%3Ddragon%20ball%20heroes%20funimation" "Mozilla/5.0 (Linux; Android 6.0.1; Nexus 5X Build/MMB29P) AppleWebKit/537.36 (KHTML, like Gecko) Chrome/137.0.7151.119 Mobile Safari/537.36 (compatible; Googlebot/2.1; +http://www.google.com/bot.html)"
66.249.65.35 - - [13/Jul/2025:18:32:22 +0000] "POST /get-message-notify HTTP/1.1" 200 21865 "https://kraft-court.cafe/?x=40161714011800&mod=f4612859&uri=search.php%3Fid%3D1340385-536%26name%3Dlaundry+by+shelli+segal+black+lace+dress" "Mozilla/5.0 (Linux; Android 6.0.1; Nexus 5X Build/MMB29P) AppleWebKit/537.36 (KHTML, like Gecko) Chrome/137.0.7151.119 Mobile Safari/537.36 (compatible; Googlebot/2.1; +http://www.google.com/bot.html)"
209.74.77.214 - - [13/Jul/2025:18:32:37 +0000] "POST /wp-cron.php?doing_wp_cron=1752431557.4932720661163330078125 HTTP/1.1" 200 - "-" "WordPress/6.8.1; https://kraft-court.cafe"
51.222.253.2 - - [13/Jul/2025:18:32:37 +0000] "GET /?x=57691038011800&uri=shop.php%3Fid%3D1925182-202%26name%3Dgivenchy%20one%20shoulder%20dress HTTP/1.1" 200 1925 "-" "Mozilla/5.0 (compatible; AhrefsBot/7.0; +http://ahrefs.com/robot/)"
66.249.65.35 - - [13/Jul/2025:18:32:52 +0000] "POST /get-message-notify HTTP/1.1" 200 21870 "https://kraft-court.cafe/?x=6612595021800&mod=1e056d2b&uri=shared.php%3Fid%3D220850-91%26name%3Ddownhill+mtb+near+me" "Mozilla/5.0 (Linux; Android 6.0.1; Nexus 5X Build/MMB29P) AppleWebKit/537.36 (KHTML, like Gecko) Chrome/137.0.7151.119 Mobile Safari/537.36 (compatible; Googlebot/2.1; +http://www.google.com/bot.html)"
66.249.65.36 - - [13/Jul/2025:18:33:01 +0000] "POST /get-message-notify HTTP/1.1" 200 21879 "https://kraft-court.cafe/?x=88937438031800&mod=76dc611d&uri=us.php%3Fid%3D2967979-12%26name%3Dperchero+mano" "Mozilla/5.0 (Linux; Android 6.0.1; Nexus 5X Build/MMB29P) AppleWebKit/537.36 (KHTML, like Gecko) Chrome/137.0.7151.119 Mobile Safari/537.36 (compatible; Googlebot/2.1; +http://www.google.com/bot.html)"
18.97.9.100 - - [13/Jul/2025:18:33:42 +0000] "GET /robots.txt HTTP/1.1" 200 70 "-" "Mozilla/5.0 AppleWebKit/537.36 (KHTML, like Gecko; compatible; PerplexityBot/1.0; +https://perplexity.ai/perplexitybot)"
3.224.62.45 - - [13/Jul/2025:18:33:42 +0000] "GET /robots.txt HTTP/1.1" 200 86 "-" "Mozilla/5.0 AppleWebKit/537.36 (KHTML, like Gecko; compatible; PerplexityBot/1.0; +https://perplexity.ai/perplexitybot)"
209.74.77.214 - - [13/Jul/2025:18:33:43 +0000] "POST /wp-cron.php?doing_wp_cron=1752431623.8924798965454101562500 HTTP/1.1" 200 - "-" "WordPress/6.8.1; https://kraft-court.cafe"
18.97.9.99 - - [13/Jul/2025:18:33:43 +0000] "GET /?x=5886575031800&mod=29921001&uri=form.php?id=196577-155&name=sk10+soundbar HTTP/1.1" 404 1921 "-" "Mozilla/5.0 AppleWebKit/537.36 (KHTML, like Gecko; compatible; PerplexityBot/1.0; +https://perplexity.ai/perplexitybot)"
209.74.77.214 - - [13/Jul/2025:18:33:45 +0000] "POST /wp-cron.php?doing_wp_cron=1752431625.0963890552520751953125 HTTP/1.1" 200 - "-" "WordPress/6.8.1; https://kraft-court.cafe"
18.97.9.99 - - [13/Jul/2025:18:33:44 +0000] "GET / HTTP/1.1" 200 1851 "-" "Mozilla/5.0 AppleWebKit/537.36 (KHTML, like Gecko; compatible; PerplexityBot/1.0; +https://perplexity.ai/perplexitybot)"
209.74.77.214 - - [13/Jul/2025:18:37:09 +0000] "POST /wp-cron.php?doing_wp_cron=1752431829.1555120944976806640625 HTTP/1.1" 200 - "-" "WordPress/6.8.1; https://kraft-court.cafe"
51.222.253.13 - - [13/Jul/2025:18:37:07 +0000] "GET /?x=52804924001800&uri=product.php%3Fid%3D1762149-873%26name%3Dkuchalana%20psg%202019%20jordan HTTP/1.1" 200 1931 "-" "Mozilla/5.0 (compatible; AhrefsBot/7.0; +http://ahrefs.com/robot/)"
106.227.49.113 - - [13/Jul/2025:18:41:20 +0000] "GET / HTTP/1.1" 200 1851 "http://www.kraft-court.cafe" "Mozilla/5.0 (iPhone; CPU iPhone OS 13_2_3 like Mac OS X) AppleWebKit/605.1.15 (KHTML, like Gecko) Version/13.0.3 Mobile/15E148 Safari/604.1"
66.249.65.37 - - [13/Jul/2025:18:41:29 +0000] "POST /get-message-notify HTTP/1.1" 200 21878 "https://kraft-court.cafe/?x=5622361021800&mod=e94fe9ac&uri=itm.php%3Fid%3D187724-332%26name%3Dabout+mantu+chhuria" "Mozilla/5.0 (Linux; Android 6.0.1; Nexus 5X Build/MMB29P) AppleWebKit/537.36 (KHTML, like Gecko) Chrome/137.0.7151.119 Mobile Safari/537.36 (compatible; Googlebot/2.1; +http://www.google.com/bot.html)"
66.249.65.36 - - [13/Jul/2025:18:46:51 +0000] "POST /get-message-notify HTTP/1.1" 200 21861 "https://kraft-court.cafe/?x=6032134041800&mod=b071cfa8&uri=shared.php%3Fid%3D201434-347%26name%3Dsoldes+sweat+femme" "Mozilla/5.0 (Linux; Android 6.0.1; Nexus 5X Build/MMB29P) AppleWebKit/537.36 (KHTML, like Gecko) Chrome/137.0.7151.119 Mobile Safari/537.36 (compatible; Googlebot/2.1; +http://www.google.com/bot.html)"
209.74.77.214 - - [13/Jul/2025:18:46:53 +0000] "POST /wp-cron.php?doing_wp_cron=1752432413.5438969135284423828125 HTTP/1.1" 200 - "-" "WordPress/6.8.1; https://kraft-court.cafe"
51.222.253.8 - - [13/Jul/2025:18:46:52 +0000] "GET /?x=45734342071800&uri=news.php%3Fid%3D1526293-649%26name%3Dswagman%20chinook%20hitch%20bike%20rack HTTP/1.1" 200 1932 "-" "Mozilla/5.0 (compatible; AhrefsBot/7.0; +http://ahrefs.com/robot/)"
66.249.65.35 - - [13/Jul/2025:18:49:42 +0000] "POST /get-message-notify HTTP/1.1" 200 21863 "https://kraft-court.cafe/?x=119613430001800&mod=80b618eb&uri=dp.php%3Fid%3D3991866-572%26name%3Dnike+metcon+sneakers" "Mozilla/5.0 (Linux; Android 6.0.1; Nexus 5X Build/MMB29P) AppleWebKit/537.36 (KHTML, like Gecko) Chrome/137.0.7151.119 Mobile Safari/537.36 (compatible; Googlebot/2.1; +http://www.google.com/bot.html)"
209.74.77.214 - - [13/Jul/2025:18:51:20 +0000] "POST /wp-cron.php?doing_wp_cron=1752432680.6243820190429687500000 HTTP/1.1" 200 - "-" "WordPress/6.8.1; https://kraft-court.cafe"
51.222.253.15 - - [13/Jul/2025:18:51:19 +0000] "GET /?x=44797688071800&uri=product.php%3Fid%3D1495038-1206%26name%3Dplanet%20blue%20bella%20dress HTTP/1.1" 200 1927 "-" "Mozilla/5.0 (compatible; AhrefsBot/7.0; +http://ahrefs.com/robot/)"
209.74.77.214 - - [13/Jul/2025:18:51:55 +0000] "POST /wp-cron.php?doing_wp_cron=1752432715.9450600147247314453125 HTTP/1.1" 200 - "-" "WordPress/6.8.1; https://kraft-court.cafe"
47.128.116.98 - - [13/Jul/2025:18:51:54 +0000] "GET /?x=5839581041800&mod=734e6bfc&uri=shared.php%3Fid%3D195008-340%26name%3Dadidas+argentina+talles HTTP/1.1" 301 - "-" "Mozilla/5.0 (Linux; Android 5.0) AppleWebKit/537.36 (KHTML, like Gecko) Mobile Safari/537.36 (compatible; Bytespider; [email protected])"
47.128.116.98 - - [13/Jul/2025:18:51:56 +0000] "GET /?x=5839581041800&mod=734e6bfc&uri=shared.php%3Fid%3D195008-340%26name%3Dadidas%20argentina%20talles HTTP/1.1" 200 1935 "-" "Mozilla/5.0 (Linux; Android 5.0) AppleWebKit/537.36 (KHTML, like Gecko) Mobile Safari/537.36 (compatible; Bytespider; [email protected])"
47.128.116.98 - - [13/Jul/2025:18:51:56 +0000] "GET /wp-content/plugins/maintenance/load/css/fonts.css?ver=1566425282 HTTP/1.1" 200 10398 "https://kraft-court.cafe/?x=5839581041800&mod=734e6bfc&uri=shared.php%3Fid%3D195008-340%26name%3Dadidas%20argentina%20talles" "Mozilla/5.0 (Linux; Android 5.0) AppleWebKit/537.36 (KHTML, like Gecko) Mobile Safari/537.36 (compatible; Bytespider; [email protected])"
47.128.116.98 - - [13/Jul/2025:18:51:57 +0000] "GET /wp-content/plugins/maintenance/load/css/style.css?ver=1615078706 HTTP/1.1" 200 3400 "https://kraft-court.cafe/?x=5839581041800&mod=734e6bfc&uri=shared.php%3Fid%3D195008-340%26name%3Dadidas%20argentina%20talles" "Mozilla/5.0 (Linux; Android 5.0) AppleWebKit/537.36 (KHTML, like Gecko) Mobile Safari/537.36 (compatible; Bytespider; [email protected])"
47.128.116.98 - - [13/Jul/2025:18:51:57 +0000] "GET /wp-content/uploads/2024/12/mt-sample-background.jpg HTTP/1.1" 206 500 "https://kraft-court.cafe/?x=5839581041800&mod=734e6bfc&uri=shared.php%3Fid%3D195008-340%26name%3Dadidas%20argentina%20talles" "Mozilla/5.0 (Linux; Android 5.0) AppleWebKit/537.36 (KHTML, like Gecko) Mobile Safari/537.36 (compatible; Bytespider; [email protected])"
47.128.21.123 - - [13/Jul/2025:18:56:01 +0000] "GET /robots.txt HTTP/1.1" 200 86 "-" "Mozilla/5.0 (Linux; Android 5.0) AppleWebKit/537.36 (KHTML, like Gecko) Mobile Safari/537.36 (compatible; Bytespider; [email protected])"
209.74.77.214 - - [13/Jul/2025:18:56:40 +0000] "POST /wp-cron.php?doing_wp_cron=1752433000.9378058910369873046875 HTTP/1.1" 200 - "-" "WordPress/6.8.1; https://kraft-court.cafe"
51.222.253.19 - - [13/Jul/2025:18:56:39 +0000] "GET /?x=44666215041800&uri=article.php%3Fid%3D1490654-1193%26name%3Dscout%20maglioni HTTP/1.1" 200 1920 "-" "Mozilla/5.0 (compatible; AhrefsBot/7.0; +http://ahrefs.com/robot/)"
209.74.77.214 - - [13/Jul/2025:19:01:18 +0000] "POST /wp-cron.php?doing_wp_cron=1752433278.4688138961791992187500 HTTP/1.1" 200 - "-" "WordPress/6.8.1; https://kraft-court.cafe"
51.222.253.6 - - [13/Jul/2025:19:01:16 +0000] "GET /?x=4397113001800&uri=goods.php%3Fid%3D146760-264%26name%3Docchiali%20da%20sole%20roller HTTP/1.1" 200 1923 "-" "Mozilla/5.0 (compatible; AhrefsBot/7.0; +http://ahrefs.com/robot/)"
209.74.77.214 - - [13/Jul/2025:19:06:25 +0000] "POST /wp-cron.php?doing_wp_cron=1752433585.3551828861236572265625 HTTP/1.1" 200 - "-" "WordPress/6.8.1; https://kraft-court.cafe"
51.222.253.4 - - [13/Jul/2025:19:06:23 +0000] "GET /?x=42211113021800&uri=category-info.php%3Fid%3D1408761-1178%26name%3Dvans%20atwood%20indossate HTTP/1.1" 200 1929 "-" "Mozilla/5.0 (compatible; AhrefsBot/7.0; +http://ahrefs.com/robot/)"
209.74.77.214 - - [13/Jul/2025:19:11:00 +0000] "POST /wp-cron.php?doing_wp_cron=1752433860.7876360416412353515625 HTTP/1.1" 200 - "-" "WordPress/6.8.1; https://kraft-court.cafe"
51.222.253.11 - - [13/Jul/2025:19:10:59 +0000] "GET /?x=33627734021800&uri=pin.php%3Fid%3D1122357-1038%26name%3Dnike%20air%20force%20tm%20green HTTP/1.1" 200 1924 "-" "Mozilla/5.0 (compatible; AhrefsBot/7.0; +http://ahrefs.com/robot/)"
209.74.77.214 - - [13/Jul/2025:19:15:52 +0000] "POST /wp-cron.php?doing_wp_cron=1752434152.2947089672088623046875 HTTP/1.1" 200 - "-" "WordPress/6.8.1; https://kraft-court.cafe"
51.222.253.14 - - [13/Jul/2025:19:15:50 +0000] "GET /?x=32496964001800&uri=search.php%3Fid%3D1084621-505%26name%3Dcole%20haan%20flip%20flops%20womens HTTP/1.1" 200 1930 "-" "Mozilla/5.0 (compatible; AhrefsBot/7.0; +http://ahrefs.com/robot/)"
143.110.159.218 - - [13/Jul/2025:19:16:05 +0000] "GET /files.php HTTP/1.1" 404 1855 "https://www.google.com" "Mozilla/5.0 (Linux; Android 7.0; SM-G892A Build/NRD90M; wv) AppleWebKit/537.36 (KHTML, like Gecko) Version/4.0 Chrome/60.0.3112.107 Mobile Safari/537.36"
66.249.65.35 - - [13/Jul/2025:19:18:56 +0000] "GET /?x=5763957051800&mod=97108695&uri=goods.php%3Fid%3D192485-335%26name%3Dtoshiba+twin+tub+washing+machine HTTP/1.1" 200 22241 "-" "Mozilla/5.0 (Linux; Android 6.0.1; Nexus 5X Build/MMB29P) AppleWebKit/537.36 (KHTML, like Gecko) Chrome/137.0.7151.103 Mobile Safari/537.36 (compatible; Googlebot/2.1; +http://www.google.com/bot.html)"
66.249.65.35 - - [13/Jul/2025:19:18:57 +0000] "GET /?x=5665371021800&mod=dc6a7e65&uri=form.php%3Fid%3D189166-308%26name%3Dnext+blue+sweatshirt HTTP/1.1" 200 21964 "-" "Mozilla/5.0 (Linux; Android 6.0.1; Nexus 5X Build/MMB29P) AppleWebKit/537.36 (KHTML, like Gecko) Chrome/137.0.7151.103 Mobile Safari/537.36 (compatible; Googlebot/2.1; +http://www.google.com/bot.html)"
66.249.65.36 - - [13/Jul/2025:19:18:59 +0000] "GET /?x=90542583121800&mod=b448d829&uri=info.php%3Fid%3D3021551-580%26name%3Dride+lasso+boa+snowboard+boots+2021 HTTP/1.1" 200 21503 "-" "Mozilla/5.0 (Linux; Android 6.0.1; Nexus 5X Build/MMB29P) AppleWebKit/537.36 (KHTML, like Gecko) Chrome/137.0.7151.103 Mobile Safari/537.36 (compatible; Googlebot/2.1; +http://www.google.com/bot.html)"
66.249.65.36 - - [13/Jul/2025:19:19:02 +0000] "GET /?x=119775880071800&mod=cc099134&uri=product.php%3Fid%3D3997285-242%26name%3Dhamilton+beach+22794 HTTP/1.1" 200 21750 "-" "Mozilla/5.0 (Linux; Android 6.0.1; Nexus 5X Build/MMB29P) AppleWebKit/537.36 (KHTML, like Gecko) Chrome/137.0.7151.103 Mobile Safari/537.36 (compatible; Googlebot/2.1; +http://www.google.com/bot.html)"
66.249.65.36 - - [13/Jul/2025:19:19:05 +0000] "GET /?x=40155564021800&mod=f4612859&uri=search.php%3Fid%3D1340180-536%26name%3Dblack+dress+shirt+button+down+collar HTTP/1.1" 200 21830 "-" "Mozilla/5.0 (Linux; Android 6.0.1; Nexus 5X Build/MMB29P) AppleWebKit/537.36 (KHTML, like Gecko) Chrome/137.0.7151.103 Mobile Safari/537.36 (compatible; Googlebot/2.1; +http://www.google.com/bot.html)"
66.249.65.35 - - [13/Jul/2025:19:19:09 +0000] "POST /get-message-notify HTTP/1.1" 200 21858 "https://kraft-court.cafe/?x=119775880071800&mod=cc099134&uri=product.php%3Fid%3D3997285-242%26name%3Dhamilton+beach+22794" "Mozilla/5.0 (Linux; Android 6.0.1; Nexus 5X Build/MMB29P) AppleWebKit/537.36 (KHTML, like Gecko) Chrome/137.0.7151.119 Mobile Safari/537.36 (compatible; Googlebot/2.1; +http://www.google.com/bot.html)"
66.249.65.35 - - [13/Jul/2025:19:19:07 +0000] "GET /?x=40150584041800&mod=543e8374&uri=blog.php%3Fid%3D1340014-537%26name%3Dfor+love+and+lemons+tati+corset+dress HTTP/1.1" 200 21239 "-" "Mozilla/5.0 (Linux; Android 6.0.1; Nexus 5X Build/MMB29P) AppleWebKit/537.36 (KHTML, like Gecko) Chrome/137.0.7151.103 Mobile Safari/537.36 (compatible; Googlebot/2.1; +http://www.google.com/bot.html)"
66.249.65.35 - - [13/Jul/2025:19:19:10 +0000] "GET /?x=40152684021800&mod=f4612859&uri=blog.php%3Fid%3D1340084-536%26name%3Dsunny+girl+linen+dress HTTP/1.1" 200 22130 "-" "Mozilla/5.0 (Linux; Android 6.0.1; Nexus 5X Build/MMB29P) AppleWebKit/537.36 (KHTML, like Gecko) Chrome/137.0.7151.103 Mobile Safari/537.36 (compatible; Googlebot/2.1; +http://www.google.com/bot.html)"
66.249.65.35 - - [13/Jul/2025:19:19:14 +0000] "GET /?x=40152054041800&mod=543e8374&uri=brands.php%3Fid%3D1340063-537%26name%3Delegant+skater+dress HTTP/1.1" 200 22271 "-" "Mozilla/5.0 (Linux; Android 6.0.1; Nexus 5X Build/MMB29P) AppleWebKit/537.36 (KHTML, like Gecko) Chrome/137.0.7151.103 Mobile Safari/537.36 (compatible; Googlebot/2.1; +http://www.google.com/bot.html)"
66.249.65.35 - - [13/Jul/2025:19:19:16 +0000] "GET /?x=40127424131800&mod=5cbba2d0&uri=itm.php%3Fid%3D1339242-494%26name%3Dlong+black+plaid+maxi+skirt HTTP/1.1" 200 21709 "-" "Mozilla/5.0 (Linux; Android 6.0.1; Nexus 5X Build/MMB29P) AppleWebKit/537.36 (KHTML, like Gecko) Chrome/137.0.7151.103 Mobile Safari/537.36 (compatible; Googlebot/2.1; +http://www.google.com/bot.html)"
66.249.65.35 - - [13/Jul/2025:19:19:17 +0000] "POST /get-message-notify HTTP/1.1" 200 21849 "https://kraft-court.cafe/?x=40155564021800&mod=f4612859&uri=search.php%3Fid%3D1340180-536%26name%3Dblack+dress+shirt+button+down+collar" "Mozilla/5.0 (Linux; Android 6.0.1; Nexus 5X Build/MMB29P) AppleWebKit/537.36 (KHTML, like Gecko) Chrome/137.0.7151.119 Mobile Safari/537.36 (compatible; Googlebot/2.1; +http://www.google.com/bot.html)"
66.249.65.35 - - [13/Jul/2025:19:19:18 +0000] "GET /?x=40162134051800&mod=f4612859&uri=shared.php%3Fid%3D1340399-536%26name%3Dnew+dress+gaun+2018 HTTP/1.1" 200 21558 "-" "Mozilla/5.0 (Linux; Android 6.0.1; Nexus 5X Build/MMB29P) AppleWebKit/537.36 (KHTML, like Gecko) Chrome/137.0.7151.103 Mobile Safari/537.36 (compatible; Googlebot/2.1; +http://www.google.com/bot.html)"
66.249.65.35 - - [13/Jul/2025:19:19:21 +0000] "POST /get-message-notify HTTP/1.1" 200 21859 "https://kraft-court.cafe/?x=5665371021800&mod=dc6a7e65&uri=form.php%3Fid%3D189166-308%26name%3Dnext+blue+sweatshirt" "Mozilla/5.0 (Linux; Android 6.0.1; Nexus 5X Build/MMB29P) AppleWebKit/537.36 (KHTML, like Gecko) Chrome/137.0.7151.119 Mobile Safari/537.36 (compatible; Googlebot/2.1; +http://www.google.com/bot.html)"
66.249.65.35 - - [13/Jul/2025:19:19:21 +0000] "GET /?x=40153944021800&mod=f4612859&uri=shop.php%3Fid%3D1340126-536%26name%3Dsl+fashions+sequined+lace+fit+flare+dress HTTP/1.1" 200 21085 "-" "Mozilla/5.0 (Linux; Android 6.0.1; Nexus 5X Build/MMB29P) AppleWebKit/537.36 (KHTML, like Gecko) Chrome/137.0.7151.103 Mobile Safari/537.36 (compatible; Googlebot/2.1; +http://www.google.com/bot.html)"
66.249.65.35 - - [13/Jul/2025:19:19:24 +0000] "GET /?x=40141734011800&mod=76cf99d3&uri=shop.php%3Fid%3D1339719-131%26name%3Dmoonjax+teether+toy HTTP/1.1" 200 21276 "-" "Mozilla/5.0 (Linux; Android 6.0.1; Nexus 5X Build/MMB29P) AppleWebKit/537.36 (KHTML, like Gecko) Chrome/137.0.7151.103 Mobile Safari/537.36 (compatible; Googlebot/2.1; +http://www.google.com/bot.html)"
66.249.65.35 - - [13/Jul/2025:19:19:27 +0000] "GET /?x=40153734051800&mod=f4612859&uri=product.php%3Fid%3D1340119-536%26name%3Dlilac+halter+dress HTTP/1.1" 200 21977 "-" "Mozilla/5.0 (Linux; Android 6.0.1; Nexus 5X Build/MMB29P) AppleWebKit/537.36 (KHTML, like Gecko) Chrome/137.0.7151.103 Mobile Safari/537.36 (compatible; Googlebot/2.1; +http://www.google.com/bot.html)"
66.249.65.35 - - [13/Jul/2025:19:19:28 +0000] "POST /get-message-notify HTTP/1.1" 200 21864 "https://kraft-court.cafe/?x=40153944021800&mod=f4612859&uri=shop.php%3Fid%3D1340126-536%26name%3Dsl+fashions+sequined+lace+fit+flare+dress" "Mozilla/5.0 (Linux; Android 6.0.1; Nexus 5X Build/MMB29P) AppleWebKit/537.36 (KHTML, like Gecko) Chrome/137.0.7151.119 Mobile Safari/537.36 (compatible; Googlebot/2.1; +http://www.google.com/bot.html)"
66.249.65.36 - - [13/Jul/2025:19:19:32 +0000] "GET /?x=40143624001800&mod=5cbba2d0&uri=itm.php%3Fid%3D1339782-494%26name%3Dmaxi+dresses+and+long+skirts HTTP/1.1" 200 20859 "-" "Mozilla/5.0 (Linux; Android 6.0.1; Nexus 5X Build/MMB29P) AppleWebKit/537.36 (KHTML, like Gecko) Chrome/137.0.7151.103 Mobile Safari/537.36 (compatible; Googlebot/2.1; +http://www.google.com/bot.html)"
66.249.65.36 - - [13/Jul/2025:19:19:30 +0000] "GET /?x=40159404061800&mod=543e8374&uri=info.php%3Fid%3D1340308-537%26name%3Diro+silver+dress HTTP/1.1" 200 21566 "-" "Mozilla/5.0 (Linux; Android 6.0.1; Nexus 5X Build/MMB29P) AppleWebKit/537.36 (KHTML, like Gecko) Chrome/137.0.7151.103 Mobile Safari/537.36 (compatible; Googlebot/2.1; +http://www.google.com/bot.html)"
66.249.65.36 - - [13/Jul/2025:19:19:35 +0000] "GET /?x=40111194031800&mod=76cf99d3&uri=shared.php%3Fid%3D1338701-131%26name%3Dversace+jeans+couture+baroque+belt HTTP/1.1" 200 22436 "-" "Mozilla/5.0 (Linux; Android 6.0.1; Nexus 5X Build/MMB29P) AppleWebKit/537.36 (KHTML, like Gecko) Chrome/137.0.7151.103 Mobile Safari/537.36 (compatible; Googlebot/2.1; +http://www.google.com/bot.html)"
66.249.65.35 - - [13/Jul/2025:19:19:41 +0000] "GET /?x=40128234001800&mod=42a3ddf2&uri=form.php%3Fid%3D1339269-1145%26name%3Dgold+sequin+skirt+xxl HTTP/1.1" 200 21321 "-" "Mozilla/5.0 (Linux; Android 6.0.1; Nexus 5X Build/MMB29P) AppleWebKit/537.36 (KHTML, like Gecko) Chrome/137.0.7151.103 Mobile Safari/537.36 (compatible; Googlebot/2.1; +http://www.google.com/bot.html)"
66.249.65.36 - - [13/Jul/2025:19:19:41 +0000] "GET /?x=40148904021800&mod=f4612859&uri=us.php%3Fid%3D1339958-536%26name%3Dsheer+white+dress+festival HTTP/1.1" 200 21039 "-" "Mozilla/5.0 (Linux; Android 6.0.1; Nexus 5X Build/MMB29P) AppleWebKit/537.36 (KHTML, like Gecko) Chrome/137.0.7151.103 Mobile Safari/537.36 (compatible; Googlebot/2.1; +http://www.google.com/bot.html)"
66.249.65.35 - - [13/Jul/2025:19:19:44 +0000] "GET /?x=40148274051800&mod=f4612859&uri=pin.php%3Fid%3D1339937-536%26name%3Dadd+halter+strap+to+strapless+dress HTTP/1.1" 200 21030 "-" "Mozilla/5.0 (Linux; Android 6.0.1; Nexus 5X Build/MMB29P) AppleWebKit/537.36 (KHTML, like Gecko) Chrome/137.0.7151.103 Mobile Safari/537.36 (compatible; Googlebot/2.1; +http://www.google.com/bot.html)"
66.249.65.35 - - [13/Jul/2025:19:19:46 +0000] "GET /?x=40139034001800&mod=5cbba2d0&uri=itm.php%3Fid%3D1339629-494%26name%3Dlong+black+skirt+summer+outfit HTTP/1.1" 200 21113 "-" "Mozilla/5.0 (Linux; Android 6.0.1; Nexus 5X Build/MMB29P) AppleWebKit/537.36 (KHTML, like Gecko) Chrome/137.0.7151.103 Mobile Safari/537.36 (compatible; Googlebot/2.1; +http://www.google.com/bot.html)"
66.249.65.35 - - [13/Jul/2025:19:19:47 +0000] "POST /get-message-notify HTTP/1.1" 200 21860 "https://kraft-court.cafe/?x=40143624001800&mod=5cbba2d0&uri=itm.php%3Fid%3D1339782-494%26name%3Dmaxi+dresses+and+long+skirts" "Mozilla/5.0 (Linux; Android 6.0.1; Nexus 5X Build/MMB29P) AppleWebKit/537.36 (KHTML, like Gecko) Chrome/137.0.7151.119 Mobile Safari/537.36 (compatible; Googlebot/2.1; +http://www.google.com/bot.html)"
66.249.65.36 - - [13/Jul/2025:19:19:48 +0000] "POST /get-message-notify HTTP/1.1" 200 21854 "https://kraft-court.cafe/?x=40141734011800&mod=76cf99d3&uri=shop.php%3Fid%3D1339719-131%26name%3Dmoonjax+teether+toy" "Mozilla/5.0 (Linux; Android 6.0.1; Nexus 5X Build/MMB29P) AppleWebKit/537.36 (KHTML, like Gecko) Chrome/137.0.7151.119 Mobile Safari/537.36 (compatible; Googlebot/2.1; +http://www.google.com/bot.html)"
66.249.65.35 - - [13/Jul/2025:19:19:49 +0000] "GET /?x=40151004001800&mod=f4612859&uri=us.php%3Fid%3D1340028-536%26name%3Dlace+dress+size+24 HTTP/1.1" 200 21013 "-" "Mozilla/5.0 (Linux; Android 6.0.1; Nexus 5X Build/MMB29P) AppleWebKit/537.36 (KHTML, like Gecko) Chrome/137.0.7151.103 Mobile Safari/537.36 (compatible; Googlebot/2.1; +http://www.google.com/bot.html)"
66.249.65.35 - - [13/Jul/2025:19:19:52 +0000] "POST /get-message-notify HTTP/1.1" 200 21862 "https://kraft-court.cafe/?x=40151004001800&mod=f4612859&uri=us.php%3Fid%3D1340028-536%26name%3Dlace+dress+size+24" "Mozilla/5.0 (Linux; Android 6.0.1; Nexus 5X Build/MMB29P) AppleWebKit/537.36 (KHTML, like Gecko) Chrome/137.0.7151.119 Mobile Safari/537.36 (compatible; Googlebot/2.1; +http://www.google.com/bot.html)"
66.249.65.36 - - [13/Jul/2025:19:19:52 +0000] "GET /?x=40161504041800&mod=f4612859&uri=info.php%3Fid%3D1340378-536%26name%3Dgirls+70s+dress HTTP/1.1" 200 21271 "-" "Mozilla/5.0 (Linux; Android 6.0.1; Nexus 5X Build/MMB29P) AppleWebKit/537.36 (KHTML, like Gecko) Chrome/137.0.7151.103 Mobile Safari/537.36 (compatible; Googlebot/2.1; +http://www.google.com/bot.html)"
66.249.65.35 - - [13/Jul/2025:19:19:56 +0000] "GET /?x=40158144021800&mod=f4612859&uri=shared.php%3Fid%3D1340266-536%26name%3Dyear+old+dress+size HTTP/1.1" 200 21114 "-" "Mozilla/5.0 (Linux; Android 6.0.1; Nexus 5X Build/MMB29P) AppleWebKit/537.36 (KHTML, like Gecko) Chrome/137.0.7151.103 Mobile Safari/537.36 (compatible; Googlebot/2.1; +http://www.google.com/bot.html)"
66.249.65.35 - - [13/Jul/2025:19:19:57 +0000] "GET /?x=40159614011800&mod=f4612859&uri=pin.php%3Fid%3D1340315-536%26name%3Dwhite+and+green+dress+combination HTTP/1.1" 200 22398 "-" "Mozilla/5.0 (Linux; Android 6.0.1; Nexus 5X Build/MMB29P) AppleWebKit/537.36 (KHTML, like Gecko) Chrome/137.0.7151.103 Mobile Safari/537.36 (compatible; Googlebot/2.1; +http://www.google.com/bot.html)"
66.249.65.35 - - [13/Jul/2025:19:19:59 +0000] "POST /get-message-notify HTTP/1.1" 200 21868 "https://kraft-court.cafe/?x=40161504041800&mod=f4612859&uri=info.php%3Fid%3D1340378-536%26name%3Dgirls+70s+dress" "Mozilla/5.0 (Linux; Android 6.0.1; Nexus 5X Build/MMB29P) AppleWebKit/537.36 (KHTML, like Gecko) Chrome/137.0.7151.119 Mobile Safari/537.36 (compatible; Googlebot/2.1; +http://www.google.com/bot.html)"
66.249.65.35 - - [13/Jul/2025:19:20:01 +0000] "GET /?x=6105455071800&mod=0d0fd7c6&uri=form.php%3Fid%3D203883-40%26name%3Dcase+for+dewalt+20v+chainsaw HTTP/1.1" 200 21669 "-" "Mozilla/5.0 (Linux; Android 6.0.1; Nexus 5X Build/MMB29P) AppleWebKit/537.36 (KHTML, like Gecko) Chrome/137.0.7151.103 Mobile Safari/537.36 (compatible; Googlebot/2.1; +http://www.google.com/bot.html)"
66.249.65.35 - - [13/Jul/2025:19:20:03 +0000] "GET /?x=6098267011800&mod=0d0fd7c6&uri=shop.php%3Fid%3D203643-40%26name%3Dmakita+23+gauge+nailer HTTP/1.1" 200 22560 "-" "Mozilla/5.0 (Linux; Android 6.0.1; Nexus 5X Build/MMB29P) AppleWebKit/537.36 (KHTML, like Gecko) Chrome/137.0.7151.103 Mobile Safari/537.36 (compatible; Googlebot/2.1; +http://www.google.com/bot.html)"
66.249.65.35 - - [13/Jul/2025:19:20:04 +0000] "POST /get-message-notify HTTP/1.1" 200 21856 "https://kraft-court.cafe/?x=6105455071800&mod=0d0fd7c6&uri=form.php%3Fid%3D203883-40%26name%3Dcase+for+dewalt+20v+chainsaw" "Mozilla/5.0 AppleWebKit/537.36 (KHTML, like Gecko; compatible; Googlebot/2.1; +http://www.google.com/bot.html) Chrome/137.0.7151.119 Safari/537.36"
66.249.65.35 - - [13/Jul/2025:19:20:04 +0000] "POST /get-message-notify HTTP/1.1" 200 21868 "https://kraft-court.cafe/?x=6105455071800&mod=0d0fd7c6&uri=form.php%3Fid%3D203883-40%26name%3Dcase+for+dewalt+20v+chainsaw" "Mozilla/5.0 (Linux; Android 6.0.1; Nexus 5X Build/MMB29P) AppleWebKit/537.36 (KHTML, like Gecko) Chrome/137.0.7151.119 Mobile Safari/537.36 (compatible; Googlebot/2.1; +http://www.google.com/bot.html)"
66.249.65.35 - - [13/Jul/2025:19:20:06 +0000] "GET /?x=34662272071800&mod=9854d7af&uri=article.php%3Fid%3D1156907-387%26name%3Dgolds+gym+golds+gym+rubber+hex+dumbbell HTTP/1.1" 200 21753 "-" "Mozilla/5.0 (Linux; Android 6.0.1; Nexus 5X Build/MMB29P) AppleWebKit/537.36 (KHTML, like Gecko) Chrome/137.0.7151.103 Mobile Safari/537.36 (compatible; Googlebot/2.1; +http://www.google.com/bot.html)"
66.249.65.35 - - [13/Jul/2025:19:20:15 +0000] "POST /get-message-notify HTTP/1.1" 200 21864 "https://kraft-court.cafe/?x=40158144021800&mod=f4612859&uri=shared.php%3Fid%3D1340266-536%26name%3Dyear+old+dress+size" "Mozilla/5.0 (Linux; Android 6.0.1; Nexus 5X Build/MMB29P) AppleWebKit/537.36 (KHTML, like Gecko) Chrome/137.0.7151.119 Mobile Safari/537.36 (compatible; Googlebot/2.1; +http://www.google.com/bot.html)"
66.249.65.35 - - [13/Jul/2025:19:20:14 +0000] "GET /?x=5925281111800&mod=f34185c4&uri=goods.php%3Fid%3D197868-343%26name%3Dtarget+couches+and+futons HTTP/1.1" 200 20647 "-" "Mozilla/5.0 (Linux; Android 6.0.1; Nexus 5X Build/MMB29P) AppleWebKit/537.36 (KHTML, like Gecko) Chrome/137.0.7151.103 Mobile Safari/537.36 (compatible; Googlebot/2.1; +http://www.google.com/bot.html)"
209.74.77.214 - - [13/Jul/2025:19:20:19 +0000] "POST /wp-cron.php?doing_wp_cron=1752434419.0371079444885253906250 HTTP/1.1" 200 - "-" "WordPress/6.8.1; https://kraft-court.cafe"
51.222.253.5 - - [13/Jul/2025:19:20:17 +0000] "GET /?x=30725191041800&uri=products.php%3Fid%3D1025502-990%26name%3Dgeox%20ciak%20girl HTTP/1.1" 200 1923 "-" "Mozilla/5.0 (compatible; AhrefsBot/7.0; +http://ahrefs.com/robot/)"
66.249.65.35 - - [13/Jul/2025:19:20:09 +0000] "GET /?x=34811506081800&mod=fa84632d&uri=product.php%3Fid%3D1161888-329%26name%3Dkash+track+pants HTTP/1.1" 200 21638 "-" "Mozilla/5.0 (Linux; Android 6.0.1; Nexus 5X Build/MMB29P) AppleWebKit/537.36 (KHTML, like Gecko) Chrome/137.0.7151.103 Mobile Safari/537.36 (compatible; Googlebot/2.1; +http://www.google.com/bot.html)"
66.249.65.35 - - [13/Jul/2025:19:20:17 +0000] "GET /?x=34829806001800&mod=91394d0f&uri=search.php%3Fid%3D1162498-739%26name%3Dsunglasses+production HTTP/1.1" 200 21266 "-" "Mozilla/5.0 (Linux; Android 6.0.1; Nexus 5X Build/MMB29P) AppleWebKit/537.36 (KHTML, like Gecko) Chrome/137.0.7151.103 Mobile Safari/537.36 (compatible; Googlebot/2.1; +http://www.google.com/bot.html)"
66.249.65.35 - - [13/Jul/2025:19:20:20 +0000] "POST /get-message-notify HTTP/1.1" 200 21863 "https://kraft-court.cafe/?x=34662272071800&mod=9854d7af&uri=article.php%3Fid%3D1156907-387%26name%3Dgolds+gym+golds+gym+rubber+hex+dumbbell" "Mozilla/5.0 (Linux; Android 6.0.1; Nexus 5X Build/MMB29P) AppleWebKit/537.36 (KHTML, like Gecko) Chrome/137.0.7151.119 Mobile Safari/537.36 (compatible; Googlebot/2.1; +http://www.google.com/bot.html)"
66.249.65.35 - - [13/Jul/2025:19:20:22 +0000] "POST /get-message-notify HTTP/1.1" 200 21860 "https://kraft-court.cafe/?x=5925281111800&mod=f34185c4&uri=goods.php%3Fid%3D197868-343%26name%3Dtarget+couches+and+futons" "Mozilla/5.0 (Linux; Android 6.0.1; Nexus 5X Build/MMB29P) AppleWebKit/537.36 (KHTML, like Gecko) Chrome/137.0.7151.119 Mobile Safari/537.36 (compatible; Googlebot/2.1; +http://www.google.com/bot.html)"
66.249.65.35 - - [13/Jul/2025:19:20:20 +0000] "GET /?x=5711870141800&mod=333cb763&uri=article.php%3Fid%3D190722-334%26name%3Dwatch+past+seasons+of+big+brother HTTP/1.1" 200 22383 "-" "Mozilla/5.0 (Linux; Android 6.0.1; Nexus 5X Build/MMB29P) AppleWebKit/537.36 (KHTML, like Gecko) Chrome/137.0.7151.103 Mobile Safari/537.36 (compatible; Googlebot/2.1; +http://www.google.com/bot.html)"
66.249.65.35 - - [13/Jul/2025:19:20:19 +0000] "GET /?x=40054463001800&mod=a8849b05&uri=product.php%3Fid%3D1336809-57%26name%3Dwhat+is+the+latest+airpod+generation HTTP/1.1" 200 21981 "-" "Mozilla/5.0 (Linux; Android 6.0.1; Nexus 5X Build/MMB29P) AppleWebKit/537.36 (KHTML, like Gecko) Chrome/137.0.7151.103 Mobile Safari/537.36 (compatible; Googlebot/2.1; +http://www.google.com/bot.html)"
66.249.65.35 - - [13/Jul/2025:19:20:25 +0000] "GET /?x=34666112031800&mod=9854d7af&uri=shop.php%3Fid%3D1157035-387%26name%3Dkobo+dumbbells+set HTTP/1.1" 200 22379 "-" "Mozilla/5.0 (Linux; Android 6.0.1; Nexus 5X Build/MMB29P) AppleWebKit/537.36 (KHTML, like Gecko) Chrome/137.0.7151.103 Mobile Safari/537.36 (compatible; Googlebot/2.1; +http://www.google.com/bot.html)"
66.249.65.36 - - [13/Jul/2025:19:20:31 +0000] "GET /?x=40141464041800&mod=42a3ddf2&uri=itm.php%3Fid%3D1339710-1145%26name%3Dpink+faux+leather+midi+skirt HTTP/1.1" 200 21432 "-" "Mozilla/5.0 (Linux; Android 6.0.1; Nexus 5X Build/MMB29P) AppleWebKit/537.36 (KHTML, like Gecko) Chrome/137.0.7151.103 Mobile Safari/537.36 (compatible; Googlebot/2.1; +http://www.google.com/bot.html)"
66.249.65.36 - - [13/Jul/2025:19:20:32 +0000] "GET /?x=34813606031800&mod=4dfd2a14&uri=dp.php%3Fid%3D1161958-949%26name%3Dseason+motorcycle+jackets HTTP/1.1" 200 21451 "-" "Mozilla/5.0 (Linux; Android 6.0.1; Nexus 5X Build/MMB29P) AppleWebKit/537.36 (KHTML, like Gecko) Chrome/137.0.7151.103 Mobile Safari/537.36 (compatible; Googlebot/2.1; +http://www.google.com/bot.html)"
66.249.65.36 - - [13/Jul/2025:19:20:32 +0000] "GET /?x=34831306021800&mod=91394d0f&uri=shared.php%3Fid%3D1162548-739%26name%3Dmaui+jim+canoes+polarized+sunglasses HTTP/1.1" 200 21574 "-" "Mozilla/5.0 (Linux; Android 6.0.1; Nexus 5X Build/MMB29P) AppleWebKit/537.36 (KHTML, like Gecko) Chrome/137.0.7151.103 Mobile Safari/537.36 (compatible; Googlebot/2.1; +http://www.google.com/bot.html)"
66.249.65.35 - - [13/Jul/2025:19:20:34 +0000] "GET /?x=34828006001800&mod=91394d0f&uri=itm.php%3Fid%3D1162438-739%26name%3Dcolumbia+men%27s+sports+black+sunglasses HTTP/1.1" 200 22295 "-" "Mozilla/5.0 (Linux; Android 6.0.1; Nexus 5X Build/MMB29P) AppleWebKit/537.36 (KHTML, like Gecko) Chrome/137.0.7151.103 Mobile Safari/537.36 (compatible; Googlebot/2.1; +http://www.google.com/bot.html)"
66.249.65.36 - - [13/Jul/2025:19:20:36 +0000] "POST /get-message-notify HTTP/1.1" 200 21868 "https://kraft-court.cafe/?x=34813606031800&mod=4dfd2a14&uri=dp.php%3Fid%3D1161958-949%26name%3Dseason+motorcycle+jackets" "Mozilla/5.0 (Linux; Android 6.0.1; Nexus 5X Build/MMB29P) AppleWebKit/537.36 (KHTML, like Gecko) Chrome/137.0.7151.119 Mobile Safari/537.36 (compatible; Googlebot/2.1; +http://www.google.com/bot.html)"
66.249.65.36 - - [13/Jul/2025:19:20:36 +0000] "GET /?x=13322042091800&mod=9854d7af&uri=blog.php%3Fid%3D444789-387%26name%3Dforearm+workout+dumbbells+only HTTP/1.1" 200 21705 "-" "Mozilla/5.0 (Linux; Android 6.0.1; Nexus 5X Build/MMB29P) AppleWebKit/537.36 (KHTML, like Gecko) Chrome/137.0.7151.103 Mobile Safari/537.36 (compatible; Googlebot/2.1; +http://www.google.com/bot.html)"
66.249.65.35 - - [13/Jul/2025:19:20:39 +0000] "GET /?x=34825906061800&mod=91394d0f&uri=goods.php%3Fid%3D1162368-739%26name%3Dcosta+del+mar+harpoon+580g+sunglasses HTTP/1.1" 200 21915 "-" "Mozilla/5.0 (Linux; Android 6.0.1; Nexus 5X Build/MMB29P) AppleWebKit/537.36 (KHTML, like Gecko) Chrome/137.0.7151.103 Mobile Safari/537.36 (compatible; Googlebot/2.1; +http://www.google.com/bot.html)"
66.249.65.36 - - [13/Jul/2025:19:20:42 +0000] "GET /?x=34652672001800&mod=9854d7af&uri=form.php%3Fid%3D1156587-387%26name%3Dpull+up+and+leg+lift+station HTTP/1.1" 200 22679 "-" "Mozilla/5.0 (Linux; Android 6.0.1; Nexus 5X Build/MMB29P) AppleWebKit/537.36 (KHTML, like Gecko) Chrome/137.0.7151.103 Mobile Safari/537.36 (compatible; Googlebot/2.1; +http://www.google.com/bot.html)"
66.249.65.36 - - [13/Jul/2025:19:20:45 +0000] "GET /?x=34820206041800&mod=91394d0f&uri=dp.php%3Fid%3D1162178-739%26name%3Dironman+perseverance+sunglasses HTTP/1.1" 200 21773 "-" "Mozilla/5.0 (Linux; Android 6.0.1; Nexus 5X Build/MMB29P) AppleWebKit/537.36 (KHTML, like Gecko) Chrome/137.0.7151.103 Mobile Safari/537.36 (compatible; Googlebot/2.1; +http://www.google.com/bot.html)"
66.249.65.35 - - [13/Jul/2025:19:20:48 +0000] "GET /?x=34818106031800&mod=fa84632d&uri=brands.php%3Fid%3D1162108-329%26name%3Dadidas+fleece+bottoms HTTP/1.1" 200 21543 "-" "Mozilla/5.0 (Linux; Android 6.0.1; Nexus 5X Build/MMB29P) AppleWebKit/537.36 (KHTML, like Gecko) Chrome/137.0.7151.103 Mobile Safari/537.36 (compatible; Googlebot/2.1; +http://www.google.com/bot.html)"
66.249.65.36 - - [13/Jul/2025:19:20:50 +0000] "GET /?x=34822006031800&mod=91394d0f&uri=pin.php%3Fid%3D1162238-739%26name%3Didee+sunglasses+images HTTP/1.1" 200 22333 "-" "Mozilla/5.0 (Linux; Android 6.0.1; Nexus 5X Build/MMB29P) AppleWebKit/537.36 (KHTML, like Gecko) Chrome/137.0.7151.103 Mobile Safari/537.36 (compatible; Googlebot/2.1; +http://www.google.com/bot.html)"
66.249.65.36 - - [13/Jul/2025:19:20:54 +0000] "GET /?x=34810006031800&mod=cd3afef9&uri=blog.php%3Fid%3D1161838-220%26name%3Dmont+clare+jacket HTTP/1.1" 200 21641 "-" "Mozilla/5.0 (Linux; Android 6.0.1; Nexus 5X Build/MMB29P) AppleWebKit/537.36 (KHTML, like Gecko) Chrome/137.0.7151.103 Mobile Safari/537.36 (compatible; Googlebot/2.1; +http://www.google.com/bot.html)"
66.249.65.36 - - [13/Jul/2025:19:20:56 +0000] "GET /?x=34831006081800&mod=91394d0f&uri=shop.php%3Fid%3D1162538-739%26name%3Dkim+kardashian+sunglasses+2017 HTTP/1.1" 200 21310 "-" "Mozilla/5.0 (Linux; Android 6.0.1; Nexus 5X Build/MMB29P) AppleWebKit/537.36 (KHTML, like Gecko) Chrome/137.0.7151.103 Mobile Safari/537.36 (compatible; Googlebot/2.1; +http://www.google.com/bot.html)"
66.249.65.35 - - [13/Jul/2025:19:20:59 +0000] "GET /?x=34812406081800&mod=4053e489&uri=blog.php%3Fid%3D1161918-1082%26name%3Dnike+air+max+jewel+red HTTP/1.1" 200 21636 "-" "Mozilla/5.0 (Linux; Android 6.0.1; Nexus 5X Build/MMB29P) AppleWebKit/537.36 (KHTML, like Gecko) Chrome/137.0.7151.103 Mobile Safari/537.36 (compatible; Googlebot/2.1; +http://www.google.com/bot.html)"
66.249.65.35 - - [13/Jul/2025:19:21:02 +0000] "GET /?x=40124454041800&mod=5cbba2d0&uri=news.php%3Fid%3D1339143-494%26name%3Dcheap+long+skirts+plus+size HTTP/1.1" 200 21743 "-" "Mozilla/5.0 (Linux; Android 6.0.1; Nexus 5X Build/MMB29P) AppleWebKit/537.36 (KHTML, like Gecko) Chrome/137.0.7151.103 Mobile Safari/537.36 (compatible; Googlebot/2.1; +http://www.google.com/bot.html)"
209.74.77.214 - - [13/Jul/2025:19:21:04 +0000] "POST /wp-cron.php?doing_wp_cron=1752434464.6355218887329101562500 HTTP/1.1" 200 - "-" "WordPress/6.8.1; https://kraft-court.cafe"
198.235.24.170 - - [13/Jul/2025:19:21:04 +0000] "GET / HTTP/1.1" 200 5435 "-" "-"
66.249.65.36 - - [13/Jul/2025:19:21:07 +0000] "POST /get-message-notify HTTP/1.1" 200 21850 "https://kraft-court.cafe/?x=34812406081800&mod=4053e489&uri=blog.php%3Fid%3D1161918-1082%26name%3Dnike+air+max+jewel+red" "Mozilla/5.0 (Linux; Android 6.0.1; Nexus 5X Build/MMB29P) AppleWebKit/537.36 (KHTML, like Gecko) Chrome/137.0.7151.119 Mobile Safari/537.36 (compatible; Googlebot/2.1; +http://www.google.com/bot.html)"
66.249.65.36 - - [13/Jul/2025:19:21:08 +0000] "POST /get-message-notify HTTP/1.1" 200 21864 "https://kraft-court.cafe/?x=40141464041800&mod=42a3ddf2&uri=itm.php%3Fid%3D1339710-1145%26name%3Dpink+faux+leather+midi+skirt" "Mozilla/5.0 (Linux; Android 6.0.1; Nexus 5X Build/MMB29P) AppleWebKit/537.36 (KHTML, like Gecko) Chrome/137.0.7151.119 Mobile Safari/537.36 (compatible; Googlebot/2.1; +http://www.google.com/bot.html)"
66.249.65.35 - - [13/Jul/2025:19:21:04 +0000] "GET /?x=34824706081800&mod=91394d0f&uri=itm.php%3Fid%3D1162328-739%26name%3Djessica+sunglasses HTTP/1.1" 200 21067 "-" "Mozilla/5.0 (Linux; Android 6.0.1; Nexus 5X Build/MMB29P) AppleWebKit/537.36 (KHTML, like Gecko) Chrome/137.0.7151.103 Mobile Safari/537.36 (compatible; Googlebot/2.1; +http://www.google.com/bot.html)"
66.249.65.35 - - [13/Jul/2025:19:21:10 +0000] "GET /?x=34819606041800&mod=91394d0f&uri=brands.php%3Fid%3D1162158-739%26name%3Dkhloe+kardashian+aviator+sunglasses+2016 HTTP/1.1" 200 21356 "-" "Mozilla/5.0 (Linux; Android 6.0.1; Nexus 5X Build/MMB29P) AppleWebKit/537.36 (KHTML, like Gecko) Chrome/137.0.7151.103 Mobile Safari/537.36 (compatible; Googlebot/2.1; +http://www.google.com/bot.html)"
66.249.65.35 - - [13/Jul/2025:19:21:07 +0000] "GET /?x=34819306041800&mod=91394d0f&uri=products.php%3Fid%3D1162148-739%26name%3Diron+girl+victorious+sunglasses HTTP/1.1" 200 22126 "-" "Mozilla/5.0 (Linux; Android 6.0.1; Nexus 5X Build/MMB29P) AppleWebKit/537.36 (KHTML, like Gecko) Chrome/137.0.7151.103 Mobile Safari/537.36 (compatible; Googlebot/2.1; +http://www.google.com/bot.html)"
66.249.65.35 - - [13/Jul/2025:19:21:13 +0000] "GET /?x=5924531011800&mod=4500e403&uri=products.php%3Fid%3D197843-342%26name%3Dnuna+rocker+review HTTP/1.1" 200 21054 "-" "Mozilla/5.0 (Linux; Android 6.0.1; Nexus 5X Build/MMB29P) AppleWebKit/537.36 (KHTML, like Gecko) Chrome/137.0.7151.103 Mobile Safari/537.36 (compatible; Googlebot/2.1; +http://www.google.com/bot.html)"
66.249.65.35 - - [13/Jul/2025:19:21:15 +0000] "GET /?x=40138494021800&mod=5cbba2d0&uri=article.php%3Fid%3D1339611-494%26name%3Dlong+full+skirt+summer+dress HTTP/1.1" 200 21873 "-" "Mozilla/5.0 (Linux; Android 6.0.1; Nexus 5X Build/MMB29P) AppleWebKit/537.36 (KHTML, like Gecko) Chrome/137.0.7151.103 Mobile Safari/537.36 (compatible; Googlebot/2.1; +http://www.google.com/bot.html)"
66.249.65.35 - - [13/Jul/2025:19:21:20 +0000] "GET /?x=40139304041800&mod=42a3ddf2&uri=brands.php%3Fid%3D1339638-1145%26name%3Dzara+petite+skirts HTTP/1.1" 200 20954 "-" "Mozilla/5.0 (Linux; Android 6.0.1; Nexus 5X Build/MMB29P) AppleWebKit/537.36 (KHTML, like Gecko) Chrome/137.0.7151.103 Mobile Safari/537.36 (compatible; Googlebot/2.1; +http://www.google.com/bot.html)"
66.249.65.35 - - [13/Jul/2025:19:21:23 +0000] "GET /?x=6107135021800&mod=0d0fd7c6&uri=form.php%3Fid%3D203939-40%26name%3Dblack+and+decker+screwdriver+charger HTTP/1.1" 200 22349 "-" "Mozilla/5.0 (Linux; Android 6.0.1; Nexus 5X Build/MMB29P) AppleWebKit/537.36 (KHTML, like Gecko) Chrome/137.0.7151.103 Mobile Safari/537.36 (compatible; Googlebot/2.1; +http://www.google.com/bot.html)"
66.249.65.35 - - [13/Jul/2025:19:21:27 +0000] "GET /?x=34830106021800&mod=91394d0f&uri=goods.php%3Fid%3D1162508-739%26name%3Djackie+o+sunglasses+history HTTP/1.1" 200 21190 "-" "Mozilla/5.0 (Linux; Android 6.0.1; Nexus 5X Build/MMB29P) AppleWebKit/537.36 (KHTML, like Gecko) Chrome/137.0.7151.103 Mobile Safari/537.36 (compatible; Googlebot/2.1; +http://www.google.com/bot.html)"
66.249.65.35 - - [13/Jul/2025:19:21:30 +0000] "GET /?x=5999290011800&mod=c4b43ae0&uri=dp.php%3Fid%3D200338-330%26name%3Dgrass+carp+rig HTTP/1.1" 200 22733 "-" "Mozilla/5.0 (Linux; Android 6.0.1; Nexus 5X Build/MMB29P) AppleWebKit/537.36 (KHTML, like Gecko) Chrome/137.0.7151.103 Mobile Safari/537.36 (compatible; Googlebot/2.1; +http://www.google.com/bot.html)"
66.249.65.35 - - [13/Jul/2025:19:21:31 +0000] "GET /?x=40138224131800&mod=5cbba2d0&uri=products.php%3Fid%3D1339602-494%26name%3Dlong+length+summer+skirts HTTP/1.1" 200 21462 "-" "Mozilla/5.0 (Linux; Android 6.0.1; Nexus 5X Build/MMB29P) AppleWebKit/537.36 (KHTML, like Gecko) Chrome/137.0.7151.103 Mobile Safari/537.36 (compatible; Googlebot/2.1; +http://www.google.com/bot.html)"
66.249.65.35 - - [13/Jul/2025:19:21:32 +0000] "POST /get-message-notify HTTP/1.1" 200 21855 "https://kraft-court.cafe/?x=40138494021800&mod=5cbba2d0&uri=article.php%3Fid%3D1339611-494%26name%3Dlong+full+skirt+summer+dress" "Mozilla/5.0 (Linux; Android 6.0.1; Nexus 5X Build/MMB29P) AppleWebKit/537.36 (KHTML, like Gecko) Chrome/137.0.7151.119 Mobile Safari/537.36 (compatible; Googlebot/2.1; +http://www.google.com/bot.html)"
66.249.65.35 - - [13/Jul/2025:19:21:33 +0000] "GET /?x=34808206031800&mod=cd3afef9&uri=shop.php%3Fid%3D1161778-220%26name%3Dbarbour+waxed HTTP/1.1" 200 21725 "-" "Mozilla/5.0 (Linux; Android 6.0.1; Nexus 5X Build/MMB29P) AppleWebKit/537.36 (KHTML, like Gecko) Chrome/137.0.7151.103 Mobile Safari/537.36 (compatible; Googlebot/2.1; +http://www.google.com/bot.html)"
66.249.65.35 - - [13/Jul/2025:19:21:35 +0000] "GET /?x=34809406031800&mod=fa84632d&uri=category-info.php%3Fid%3D1161818-329%26name%3Dlululemon+track+pants+womens HTTP/1.1" 200 21278 "-" "Mozilla/5.0 (Linux; Android 6.0.1; Nexus 5X Build/MMB29P) AppleWebKit/537.36 (KHTML, like Gecko) Chrome/137.0.7151.103 Mobile Safari/537.36 (compatible; Googlebot/2.1; +http://www.google.com/bot.html)"
66.249.65.36 - - [13/Jul/2025:19:21:38 +0000] "GET /?x=34808806041800&mod=3e524bf7&uri=shared.php%3Fid%3D1161798-362%26name%3Dwomens+plus+capri+pants HTTP/1.1" 200 22093 "-" "Mozilla/5.0 (Linux; Android 6.0.1; Nexus 5X Build/MMB29P) AppleWebKit/537.36 (KHTML, like Gecko) Chrome/137.0.7151.103 Mobile Safari/537.36 (compatible; Googlebot/2.1; +http://www.google.com/bot.html)"
66.249.65.35 - - [13/Jul/2025:19:21:40 +0000] "POST /get-message-notify HTTP/1.1" 200 21892 "https://kraft-court.cafe/?x=6107135021800&mod=0d0fd7c6&uri=form.php%3Fid%3D203939-40%26name%3Dblack+and+decker+screwdriver+charger" "Mozilla/5.0 (Linux; Android 6.0.1; Nexus 5X Build/MMB29P) AppleWebKit/537.36 (KHTML, like Gecko) Chrome/137.0.7151.119 Mobile Safari/537.36 (compatible; Googlebot/2.1; +http://www.google.com/bot.html)"
66.249.65.35 - - [13/Jul/2025:19:21:41 +0000] "GET /?x=9531659031800&mod=a8849b05&uri=us.php%3Fid%3D318257-57%26name%3Dairpods+max+whathifi HTTP/1.1" 200 22326 "-" "Mozilla/5.0 (Linux; Android 6.0.1; Nexus 5X Build/MMB29P) AppleWebKit/537.36 (KHTML, like Gecko) Chrome/137.0.7151.103 Mobile Safari/537.36 (compatible; Googlebot/2.1; +http://www.google.com/bot.html)"
66.249.65.35 - - [13/Jul/2025:19:21:41 +0000] "POST /get-message-notify HTTP/1.1" 200 21876 "https://kraft-court.cafe/?x=40138224131800&mod=5cbba2d0&uri=products.php%3Fid%3D1339602-494%26name%3Dlong+length+summer+skirts" "Mozilla/5.0 (Linux; Android 6.0.1; Nexus 5X Build/MMB29P) AppleWebKit/537.36 (KHTML, like Gecko) Chrome/137.0.7151.119 Mobile Safari/537.36 (compatible; Googlebot/2.1; +http://www.google.com/bot.html)"
66.249.65.36 - - [13/Jul/2025:19:21:43 +0000] "GET /?x=40011914001800&mod=7a544863&uri=news.php%3Fid%3D1335390-454%26name%3Dsophia+robot+which+country HTTP/1.1" 200 21628 "-" "Mozilla/5.0 (Linux; Android 6.0.1; Nexus 5X Build/MMB29P) AppleWebKit/537.36 (KHTML, like Gecko) Chrome/137.0.7151.103 Mobile Safari/537.36 (compatible; Googlebot/2.1; +http://www.google.com/bot.html)"
66.249.65.36 - - [13/Jul/2025:19:21:46 +0000] "GET /?x=40126614011800&mod=5cbba2d0&uri=category-info.php%3Fid%3D1339215-494%26name%3Dlong+skirt+leather+jacket HTTP/1.1" 200 20447 "-" "Mozilla/5.0 (Linux; Android 6.0.1; Nexus 5X Build/MMB29P) AppleWebKit/537.36 (KHTML, like Gecko) Chrome/137.0.7151.103 Mobile Safari/537.36 (compatible; Googlebot/2.1; +http://www.google.com/bot.html)"
66.249.65.35 - - [13/Jul/2025:19:21:49 +0000] "GET /?x=40140924131800&mod=5cbba2d0&uri=us.php%3Fid%3D1339692-494%26name%3Dlong+flowy+skirts+2020 HTTP/1.1" 200 20477 "-" "Mozilla/5.0 (Linux; Android 6.0.1; Nexus 5X Build/MMB29P) AppleWebKit/537.36 (KHTML, like Gecko) Chrome/137.0.7151.103 Mobile Safari/537.36 (compatible; Googlebot/2.1; +http://www.google.com/bot.html)"
