66.249.65.35 - - [13/Jul/2025:19:50:37 +0000] "POST /get-message-notify HTTP/1.1" 200 21870 "https://kraft-court.cafe/?x=6824371021800&mod=b9946974&uri=info.php%3Fid%3D227917-381%26name%3Dsandali+bassi+acqua+azzurra" "Mozilla/5.0 (Linux; Android 6.0.1; Nexus 5X Build/MMB29P) AppleWebKit/537.36 (KHTML, like Gecko) Chrome/137.0.7151.119 Mobile Safari/537.36 (compatible; Googlebot/2.1; +http://www.google.com/bot.html)"
66.249.65.35 - - [13/Jul/2025:19:50:32 +0000] "GET /?x=6835651011800&mod=f26df67e&uri=shop.php%3Fid%3D228293-383%26name%3Dpink+color+maxi+dress HTTP/1.1" 200 21942 "-" "Mozilla/5.0 (Linux; Android 6.0.1; Nexus 5X Build/MMB29P) AppleWebKit/537.36 (KHTML, like Gecko) Chrome/137.0.7151.103 Mobile Safari/537.36 (compatible; Googlebot/2.1; +http://www.google.com/bot.html)"
66.249.65.35 - - [13/Jul/2025:19:50:37 +0000] "GET /?x=6832291061800&mod=f26df67e&uri=article.php%3Fid%3D228181-383%26name%3Dhigh+neckline+midi+dress HTTP/1.1" 200 21899 "-" "Mozilla/5.0 (Linux; Android 6.0.1; Nexus 5X Build/MMB29P) AppleWebKit/537.36 (KHTML, like Gecko) Chrome/137.0.7151.103 Mobile Safari/537.36 (compatible; Googlebot/2.1; +http://www.google.com/bot.html)"
66.249.73.4 - - [13/Jul/2025:19:50:46 +0000] "GET /?x=6833251031800&mod=f26df67e&uri=brands.php%3Fid%3D228213-383%26name%3Dmaxi+dress+with+belt HTTP/1.1" 200 22115 "-" "Mozilla/5.0 (Linux; Android 6.0.1; Nexus 5X Build/MMB29P) AppleWebKit/537.36 (KHTML, like Gecko) Chrome/137.0.7151.103 Mobile Safari/537.36 (compatible; Googlebot/2.1; +http://www.google.com/bot.html)"
66.249.65.35 - - [13/Jul/2025:19:50:51 +0000] "POST /get-message-notify HTTP/1.1" 200 21862 "https://kraft-court.cafe/?x=6676665021800&mod=3df07fda&uri=goods.php%3Fid%3D222986-375%26name%3Dtenis+nike+shox+blancos" "Mozilla/5.0 (Linux; Android 6.0.1; Nexus 5X Build/MMB29P) AppleWebKit/537.36 (KHTML, like Gecko) Chrome/137.0.7151.119 Mobile Safari/537.36 (compatible; Googlebot/2.1; +http://www.google.com/bot.html)"
66.249.73.72 - - [13/Jul/2025:19:50:53 +0000] "GET /?x=6827491011800&mod=f26df67e&uri=shop.php%3Fid%3D228021-383%26name%3Dlace+maxi+dress+with+open+back+and+frayed+hem HTTP/1.1" 200 21761 "-" "Mozilla/5.0 (Linux; Android 6.0.1; Nexus 5X Build/MMB29P) AppleWebKit/537.36 (KHTML, like Gecko) Chrome/137.0.7151.103 Mobile Safari/537.36 (compatible; Googlebot/2.1; +http://www.google.com/bot.html)"
209.74.77.214 - - [13/Jul/2025:19:50:59 +0000] "POST /wp-cron.php?doing_wp_cron=1752436259.5669639110565185546875 HTTP/1.1" 200 - "-" "WordPress/6.8.1; https://kraft-court.cafe"
51.222.253.19 - - [13/Jul/2025:19:50:59 +0000] "GET /?x=114161751041800&uri=shop.php%3Fid%3D3810003-1051%26name%3Dcute%20dog%20beds%20for%20small%20girl%20dogs HTTP/1.1" 200 1932 "-" "Mozilla/5.0 (compatible; AhrefsBot/7.0; +http://ahrefs.com/robot/)"
66.249.74.38 - - [13/Jul/2025:19:51:04 +0000] "GET /?x=6837331091800&mod=f26df67e&uri=product.php%3Fid%3D228349-383%26name%3Dbaby+blue+maxi+dress+maternity HTTP/1.1" 200 21088 "-" "Mozilla/5.0 (Linux; Android 6.0.1; Nexus 5X Build/MMB29P) AppleWebKit/537.36 (KHTML, like Gecko) Chrome/137.0.7151.103 Mobile Safari/537.36 (compatible; Googlebot/2.1; +http://www.google.com/bot.html)"
66.249.65.35 - - [13/Jul/2025:19:51:10 +0000] "GET /?x=6829171031800&mod=f26df67e&uri=brands.php%3Fid%3D228077-383%26name%3Dstella+mccartney+maxi+dress HTTP/1.1" 200 21831 "-" "Mozilla/5.0 (Linux; Android 6.0.1; Nexus 5X Build/MMB29P) AppleWebKit/537.36 (KHTML, like Gecko) Chrome/137.0.7151.103 Mobile Safari/537.36 (compatible; Googlebot/2.1; +http://www.google.com/bot.html)"
66.249.65.35 - - [13/Jul/2025:19:51:12 +0000] "POST /get-message-notify HTTP/1.1" 200 21864 "https://kraft-court.cafe/?x=6837331091800&mod=f26df67e&uri=product.php%3Fid%3D228349-383%26name%3Dbaby+blue+maxi+dress+maternity" "Mozilla/5.0 (Linux; Android 6.0.1; Nexus 5X Build/MMB29P) AppleWebKit/537.36 (KHTML, like Gecko) Chrome/137.0.7151.119 Mobile Safari/537.36 (compatible; Googlebot/2.1; +http://www.google.com/bot.html)"
66.249.74.67 - - [13/Jul/2025:19:51:16 +0000] "GET /?x=74119075011800&mod=28d43766&uri=itm.php%3Fid%3D2473409-376%26name%3Dme+before+you+online+123movies HTTP/1.1" 200 22350 "-" "Mozilla/5.0 (Linux; Android 6.0.1; Nexus 5X Build/MMB29P) AppleWebKit/537.36 (KHTML, like Gecko) Chrome/137.0.7151.103 Mobile Safari/537.36 (compatible; Googlebot/2.1; +http://www.google.com/bot.html)"
66.249.65.104 - - [13/Jul/2025:19:51:23 +0000] "GET /?x=6836131051800&mod=f26df67e&uri=search.php%3Fid%3D228309-383%26name%3Dwomens+red+maxi+dress HTTP/1.1" 200 21707 "-" "Mozilla/5.0 (Linux; Android 6.0.1; Nexus 5X Build/MMB29P) AppleWebKit/537.36 (KHTML, like Gecko) Chrome/137.0.7151.103 Mobile Safari/537.36 (compatible; Googlebot/2.1; +http://www.google.com/bot.html)"
66.249.73.131 - - [13/Jul/2025:19:51:29 +0000] "GET /?x=6824851031800&mod=6a450490&uri=info.php%3Fid%3D227933-359%26name%3Dsapatilhas+new+balance+680+homem HTTP/1.1" 200 22060 "-" "Mozilla/5.0 (Linux; Android 6.0.1; Nexus 5X Build/MMB29P) AppleWebKit/537.36 (KHTML, like Gecko) Chrome/137.0.7151.103 Mobile Safari/537.36 (compatible; Googlebot/2.1; +http://www.google.com/bot.html)"
66.249.74.67 - - [13/Jul/2025:19:51:38 +0000] "GET /?x=6823411011800&mod=f26df67e&uri=shop.php%3Fid%3D227885-383%26name%3Dazaelea+lace+midi+dress HTTP/1.1" 200 22087 "-" "Mozilla/5.0 (Linux; Android 6.0.1; Nexus 5X Build/MMB29P) AppleWebKit/537.36 (KHTML, like Gecko) Chrome/137.0.7151.103 Mobile Safari/537.36 (compatible; Googlebot/2.1; +http://www.google.com/bot.html)"
66.249.73.4 - - [13/Jul/2025:19:51:45 +0000] "GET /?x=6823651031800&mod=b9946974&uri=dp.php%3Fid%3D227893-381%26name%3Dair+force+simbolo+nero HTTP/1.1" 200 22060 "-" "Mozilla/5.0 (Linux; Android 6.0.1; Nexus 5X Build/MMB29P) AppleWebKit/537.36 (KHTML, like Gecko) Chrome/137.0.7151.103 Mobile Safari/537.36 (compatible; Googlebot/2.1; +http://www.google.com/bot.html)"
66.249.65.163 - - [13/Jul/2025:19:51:52 +0000] "GET /?x=110739735081800&mod=28d43766&uri=product.php%3Fid%3D3695738-376%26name%3Dlion+king+movie+watch+online+free HTTP/1.1" 200 22058 "-" "Mozilla/5.0 (Linux; Android 6.0.1; Nexus 5X Build/MMB29P) AppleWebKit/537.36 (KHTML, like Gecko) Chrome/137.0.7151.103 Mobile Safari/537.36 (compatible; Googlebot/2.1; +http://www.google.com/bot.html)"
66.249.65.163 - - [13/Jul/2025:19:51:58 +0000] "GET /?x=6828931041800&mod=f26df67e&uri=shop.php%3Fid%3D228069-383%26name%3Dpink+sex+and+the+city+dress HTTP/1.1" 200 22730 "-" "Mozilla/5.0 (Linux; Android 6.0.1; Nexus 5X Build/MMB29P) AppleWebKit/537.36 (KHTML, like Gecko) Chrome/137.0.7151.103 Mobile Safari/537.36 (compatible; Googlebot/2.1; +http://www.google.com/bot.html)"
66.249.73.194 - - [13/Jul/2025:19:52:07 +0000] "POST /get-message-notify HTTP/1.1" 200 21856 "https://kraft-court.cafe/?x=6833251031800&mod=f26df67e&uri=brands.php%3Fid%3D228213-383%26name%3Dmaxi+dress+with+belt" "Mozilla/5.0 (Linux; Android 6.0.1; Nexus 5X Build/MMB29P) AppleWebKit/537.36 (KHTML, like Gecko) Chrome/137.0.7151.119 Mobile Safari/537.36 (compatible; Googlebot/2.1; +http://www.google.com/bot.html)"
66.249.65.36 - - [13/Jul/2025:19:52:10 +0000] "GET /?x=6834691051800&mod=f26df67e&uri=category-info.php%3Fid%3D228261-383%26name%3Dmaternity+white+lace+off+shoulder+dress HTTP/1.1" 200 22192 "-" "Mozilla/5.0 (Linux; Android 6.0.1; Nexus 5X Build/MMB29P) AppleWebKit/537.36 (KHTML, like Gecko) Chrome/137.0.7151.103 Mobile Safari/537.36 (compatible; Googlebot/2.1; +http://www.google.com/bot.html)"
66.249.65.35 - - [13/Jul/2025:19:52:11 +0000] "GET /?x=70313692021800&mod=3e3aa687&uri=products.php%3Fid%3D2346438-415%26name%3Dfalda+padel+nike+negra HTTP/1.1" 200 22106 "-" "Mozilla/5.0 (Linux; Android 6.0.1; Nexus 5X Build/MMB29P) AppleWebKit/537.36 (KHTML, like Gecko) Chrome/137.0.7151.103 Mobile Safari/537.36 (compatible; Googlebot/2.1; +http://www.google.com/bot.html)"
66.249.65.35 - - [13/Jul/2025:19:52:17 +0000] "GET /?x=110733393111800&mod=28d43766&uri=form.php%3Fid%3D3695526-376%26name%3Dwatch+lion+king+2019+123 HTTP/1.1" 200 21108 "-" "Mozilla/5.0 (Linux; Android 6.0.1; Nexus 5X Build/MMB29P) AppleWebKit/537.36 (KHTML, like Gecko) Chrome/137.0.7151.103 Mobile Safari/537.36 (compatible; Googlebot/2.1; +http://www.google.com/bot.html)"
66.249.65.35 - - [13/Jul/2025:19:52:24 +0000] "GET /?x=6839491031800&mod=f26df67e&uri=itm.php%3Fid%3D228421-383%26name%3Dtemecula+dress+free+people HTTP/1.1" 200 21373 "-" "Mozilla/5.0 (Linux; Android 6.0.1; Nexus 5X Build/MMB29P) AppleWebKit/537.36 (KHTML, like Gecko) Chrome/137.0.7151.103 Mobile Safari/537.36 (compatible; Googlebot/2.1; +http://www.google.com/bot.html)"
66.249.65.35 - - [13/Jul/2025:19:52:30 +0000] "GET /?x=6696395011800&mod=28d43766&uri=blog.php%3Fid%3D223644-376%26name%3Dtimex+tw4b06700 HTTP/1.1" 200 22568 "-" "Mozilla/5.0 (Linux; Android 6.0.1; Nexus 5X Build/MMB29P) AppleWebKit/537.36 (KHTML, like Gecko) Chrome/137.0.7151.103 Mobile Safari/537.36 (compatible; Googlebot/2.1; +http://www.google.com/bot.html)"
66.249.65.35 - - [13/Jul/2025:19:52:36 +0000] "GET /?x=6827251031800&mod=42c8938e&uri=itm.php%3Fid%3D228013-384%26name%3Droyal+blue+dress+one+shoulder HTTP/1.1" 200 21474 "-" "Mozilla/5.0 (Linux; Android 6.0.1; Nexus 5X Build/MMB29P) AppleWebKit/537.36 (KHTML, like Gecko) Chrome/137.0.7151.103 Mobile Safari/537.36 (compatible; Googlebot/2.1; +http://www.google.com/bot.html)"
66.249.65.35 - - [13/Jul/2025:19:52:43 +0000] "GET /?x=6826771071800&mod=f26df67e&uri=info.php%3Fid%3D227997-383%26name%3Dthe+red+dress+boutique+reviews HTTP/1.1" 200 21212 "-" "Mozilla/5.0 (Linux; Android 6.0.1; Nexus 5X Build/MMB29P) AppleWebKit/537.36 (KHTML, like Gecko) Chrome/137.0.7151.103 Mobile Safari/537.36 (compatible; Googlebot/2.1; +http://www.google.com/bot.html)"
66.249.65.35 - - [13/Jul/2025:19:52:54 +0000] "GET /?x=6826051051800&mod=42c8938e&uri=brands.php%3Fid%3D227973-384%26name%3Divrose+red+dress HTTP/1.1" 200 21798 "-" "Mozilla/5.0 (Linux; Android 6.0.1; Nexus 5X Build/MMB29P) AppleWebKit/537.36 (KHTML, like Gecko) Chrome/137.0.7151.103 Mobile Safari/537.36 (compatible; Googlebot/2.1; +http://www.google.com/bot.html)"
66.249.65.35 - - [13/Jul/2025:19:53:00 +0000] "GET /?x=6834931011800&mod=42c8938e&uri=dp.php%3Fid%3D228269-384%26name%3Dblack+and+white+striped+shift+dress HTTP/1.1" 200 22066 "-" "Mozilla/5.0 (Linux; Android 6.0.1; Nexus 5X Build/MMB29P) AppleWebKit/537.36 (KHTML, like Gecko) Chrome/137.0.7151.103 Mobile Safari/537.36 (compatible; Googlebot/2.1; +http://www.google.com/bot.html)"
66.249.65.35 - - [13/Jul/2025:19:53:02 +0000] "POST /get-message-notify HTTP/1.1" 200 21855 "https://kraft-court.cafe/?x=6834931011800&mod=42c8938e&uri=dp.php%3Fid%3D228269-384%26name%3Dblack+and+white+striped+shift+dress" "Mozilla/5.0 (Linux; Android 6.0.1; Nexus 5X Build/MMB29P) AppleWebKit/537.36 (KHTML, like Gecko) Chrome/137.0.7151.119 Mobile Safari/537.36 (compatible; Googlebot/2.1; +http://www.google.com/bot.html)"
66.249.65.36 - - [13/Jul/2025:19:53:04 +0000] "POST /get-message-notify HTTP/1.1" 200 21876 "https://kraft-court.cafe/?x=6826051051800&mod=42c8938e&uri=brands.php%3Fid%3D227973-384%26name%3Divrose+red+dress" "Mozilla/5.0 (Linux; Android 6.0.1; Nexus 5X Build/MMB29P) AppleWebKit/537.36 (KHTML, like Gecko) Chrome/137.0.7151.119 Mobile Safari/537.36 (compatible; Googlebot/2.1; +http://www.google.com/bot.html)"
66.249.65.36 - - [13/Jul/2025:19:53:06 +0000] "GET /?x=6832051031800&mod=f26df67e&uri=pin.php%3Fid%3D228173-383%26name%3Dfree+people+endless+summer+maxi+dress HTTP/1.1" 200 21980 "-" "Mozilla/5.0 (Linux; Android 6.0.1; Nexus 5X Build/MMB29P) AppleWebKit/537.36 (KHTML, like Gecko) Chrome/137.0.7151.103 Mobile Safari/537.36 (compatible; Googlebot/2.1; +http://www.google.com/bot.html)"
66.249.65.35 - - [13/Jul/2025:19:53:18 +0000] "GET /?x=6634075021800&mod=460b491b&uri=category-info.php%3Fid%3D221566-372%26name%3Ddiamonds+for+all HTTP/1.1" 200 21671 "-" "Mozilla/5.0 (Linux; Android 6.0.1; Nexus 5X Build/MMB29P) AppleWebKit/537.36 (KHTML, like Gecko) Chrome/137.0.7151.103 Mobile Safari/537.36 (compatible; Googlebot/2.1; +http://www.google.com/bot.html)"
66.249.65.35 - - [13/Jul/2025:19:53:12 +0000] "GET /?x=6831571031800&mod=b9946974&uri=us.php%3Fid%3D228157-381%26name%3Djordan+colorate+pastello+basse HTTP/1.1" 200 22136 "-" "Mozilla/5.0 (Linux; Android 6.0.1; Nexus 5X Build/MMB29P) AppleWebKit/537.36 (KHTML, like Gecko) Chrome/137.0.7151.103 Mobile Safari/537.36 (compatible; Googlebot/2.1; +http://www.google.com/bot.html)"
66.249.65.35 - - [13/Jul/2025:19:53:27 +0000] "GET /?x=5700567021800&mod=2de7cf20&uri=blog.php%3Fid%3D190340-333%26name%3Djewelry+stores+in+governor%27s+square+mall HTTP/1.1" 200 22098 "-" "Mozilla/5.0 (Linux; Android 6.0.1; Nexus 5X Build/MMB29P) AppleWebKit/537.36 (KHTML, like Gecko) Chrome/137.0.7151.103 Mobile Safari/537.36 (compatible; Googlebot/2.1; +http://www.google.com/bot.html)"
66.249.65.35 - - [13/Jul/2025:19:53:34 +0000] "GET /?x=5601488041800&mod=e94fe9ac&uri=brands.php%3Fid%3D187004-332%26name%3Dmontu+churia+sambalpuri+dj HTTP/1.1" 200 22076 "-" "Mozilla/5.0 (Linux; Android 6.0.1; Nexus 5X Build/MMB29P) AppleWebKit/537.36 (KHTML, like Gecko) Chrome/137.0.7151.103 Mobile Safari/537.36 (compatible; Googlebot/2.1; +http://www.google.com/bot.html)"
66.249.65.35 - - [13/Jul/2025:19:53:41 +0000] "GET /?x=119816281031800&mod=cc099134&uri=products.php%3Fid%3D3998633-242%26name%3Dbest+compact+convection+oven HTTP/1.1" 200 21180 "-" "Mozilla/5.0 (Linux; Android 6.0.1; Nexus 5X Build/MMB29P) AppleWebKit/537.36 (KHTML, like Gecko) Chrome/137.0.7151.103 Mobile Safari/537.36 (compatible; Googlebot/2.1; +http://www.google.com/bot.html)"
66.249.65.35 - - [13/Jul/2025:19:53:47 +0000] "GET /?x=5699367101800&mod=2de7cf20&uri=itm.php%3Fid%3D190300-333%26name%3Ddog+ashes+necklace+gold HTTP/1.1" 200 22222 "-" "Mozilla/5.0 (Linux; Android 6.0.1; Nexus 5X Build/MMB29P) AppleWebKit/537.36 (KHTML, like Gecko) Chrome/137.0.7151.103 Mobile Safari/537.36 (compatible; Googlebot/2.1; +http://www.google.com/bot.html)"
66.249.65.35 - - [13/Jul/2025:19:53:55 +0000] "GET /?x=5698467101800&mod=dc6a7e65&uri=goods.php%3Fid%3D190270-308%26name%3Dnasa+hoodie+women HTTP/1.1" 200 21817 "-" "Mozilla/5.0 (Linux; Android 6.0.1; Nexus 5X Build/MMB29P) AppleWebKit/537.36 (KHTML, like Gecko) Chrome/137.0.7151.103 Mobile Safari/537.36 (compatible; Googlebot/2.1; +http://www.google.com/bot.html)"
66.249.65.35 - - [13/Jul/2025:19:53:58 +0000] "POST /get-message-notify HTTP/1.1" 200 21867 "https://kraft-court.cafe/?x=5699367101800&mod=2de7cf20&uri=itm.php%3Fid%3D190300-333%26name%3Ddog+ashes+necklace+gold" "Mozilla/5.0 (Linux; Android 6.0.1; Nexus 5X Build/MMB29P) AppleWebKit/537.36 (KHTML, like Gecko) Chrome/137.0.7151.119 Mobile Safari/537.36 (compatible; Googlebot/2.1; +http://www.google.com/bot.html)"
66.249.65.35 - - [13/Jul/2025:19:54:02 +0000] "GET /?x=5701467051800&mod=2de7cf20&uri=form.php%3Fid%3D190370-333%26name%3Dargos+bracelet+safety+chain HTTP/1.1" 200 21523 "-" "Mozilla/5.0 (Linux; Android 6.0.1; Nexus 5X Build/MMB29P) AppleWebKit/537.36 (KHTML, like Gecko) Chrome/137.0.7151.103 Mobile Safari/537.36 (compatible; Googlebot/2.1; +http://www.google.com/bot.html)"
66.249.65.36 - - [13/Jul/2025:19:54:09 +0000] "GET /?x=31640634041800&mod=ffbd6cbb&uri=product.php%3Fid%3D1056050-310%26name%3Dj1900+gpu HTTP/1.1" 200 22380 "-" "Mozilla/5.0 (Linux; Android 6.0.1; Nexus 5X Build/MMB29P) AppleWebKit/537.36 (KHTML, like Gecko) Chrome/137.0.7151.103 Mobile Safari/537.36 (compatible; Googlebot/2.1; +http://www.google.com/bot.html)"
66.249.65.36 - - [13/Jul/2025:19:54:12 +0000] "POST /get-message-notify HTTP/1.1" 200 21881 "https://kraft-court.cafe/?x=31640634041800&mod=ffbd6cbb&uri=product.php%3Fid%3D1056050-310%26name%3Dj1900+gpu" "Mozilla/5.0 (Linux; Android 6.0.1; Nexus 5X Build/MMB29P) AppleWebKit/537.36 (KHTML, like Gecko) Chrome/137.0.7151.119 Mobile Safari/537.36 (compatible; Googlebot/2.1; +http://www.google.com/bot.html)"
66.249.65.35 - - [13/Jul/2025:19:54:21 +0000] "GET /?x=5565814071800&mod=fa84632d&uri=search.php%3Fid%3D185807-329%26name%3Darmy+green+jean+jacket HTTP/1.1" 200 21463 "-" "Mozilla/5.0 (Linux; Android 6.0.1; Nexus 5X Build/MMB29P) AppleWebKit/537.36 (KHTML, like Gecko) Chrome/137.0.7151.103 Mobile Safari/537.36 (compatible; Googlebot/2.1; +http://www.google.com/bot.html)"
66.249.65.35 - - [13/Jul/2025:19:54:25 +0000] "POST /get-message-notify HTTP/1.1" 200 21869 "https://kraft-court.cafe/?x=5565814071800&mod=fa84632d&uri=search.php%3Fid%3D185807-329%26name%3Darmy+green+jean+jacket" "Mozilla/5.0 (Linux; Android 6.0.1; Nexus 5X Build/MMB29P) AppleWebKit/537.36 (KHTML, like Gecko) Chrome/137.0.7151.119 Mobile Safari/537.36 (compatible; Googlebot/2.1; +http://www.google.com/bot.html)"
66.249.65.35 - - [13/Jul/2025:19:54:32 +0000] "POST /get-message-notify HTTP/1.1" 200 21861 "https://kraft-court.cafe/?x=6832291061800&mod=f26df67e&uri=article.php%3Fid%3D228181-383%26name%3Dhigh+neckline+midi+dress" "Mozilla/5.0 (Linux; Android 6.0.1; Nexus 5X Build/MMB29P) AppleWebKit/537.36 (KHTML, like Gecko) Chrome/137.0.7151.119 Mobile Safari/537.36 (compatible; Googlebot/2.1; +http://www.google.com/bot.html)"
66.249.65.35 - - [13/Jul/2025:19:54:27 +0000] "GET /?x=5705666101800&mod=2de7cf20&uri=shop.php%3Fid%3D190510-333%26name%3Dblue+urn+necklace HTTP/1.1" 200 22195 "-" "Mozilla/5.0 (Linux; Android 6.0.1; Nexus 5X Build/MMB29P) AppleWebKit/537.36 (KHTML, like Gecko) Chrome/137.0.7151.103 Mobile Safari/537.36 (compatible; Googlebot/2.1; +http://www.google.com/bot.html)"
66.249.65.35 - - [13/Jul/2025:19:54:34 +0000] "GET /?x=5697867051800&mod=2de7cf20&uri=brands.php%3Fid%3D190250-333%26name%3Dwhat+hand+do+females+wear+their+wedding+ring HTTP/1.1" 200 21818 "-" "Mozilla/5.0 (Linux; Android 6.0.1; Nexus 5X Build/MMB29P) AppleWebKit/537.36 (KHTML, like Gecko) Chrome/137.0.7151.103 Mobile Safari/537.36 (compatible; Googlebot/2.1; +http://www.google.com/bot.html)"
66.249.65.35 - - [13/Jul/2025:19:54:39 +0000] "POST /get-message-notify HTTP/1.1" 200 21857 "https://kraft-court.cafe/?x=5705666101800&mod=2de7cf20&uri=shop.php%3Fid%3D190510-333%26name%3Dblue+urn+necklace" "Mozilla/5.0 (Linux; Android 6.0.1; Nexus 5X Build/MMB29P) AppleWebKit/537.36 (KHTML, like Gecko) Chrome/137.0.7151.119 Mobile Safari/537.36 (compatible; Googlebot/2.1; +http://www.google.com/bot.html)"
66.249.65.35 - - [13/Jul/2025:19:54:42 +0000] "GET /?x=5707118001800&mod=2de7cf20&uri=category-info.php%3Fid%3D190560-333%26name%3Dmay+12+birthstone+color HTTP/1.1" 200 21543 "-" "Mozilla/5.0 (Linux; Android 6.0.1; Nexus 5X Build/MMB29P) AppleWebKit/537.36 (KHTML, like Gecko) Chrome/137.0.7151.103 Mobile Safari/537.36 (compatible; Googlebot/2.1; +http://www.google.com/bot.html)"
66.249.65.35 - - [13/Jul/2025:19:54:48 +0000] "GET /?x=77087877041800&mod=ffbd6cbb&uri=pin.php%3Fid%3D2572489-310%26name%3Drtx+3080+ti+alza HTTP/1.1" 200 20774 "-" "Mozilla/5.0 (Linux; Android 6.0.1; Nexus 5X Build/MMB29P) AppleWebKit/537.36 (KHTML, like Gecko) Chrome/137.0.7151.103 Mobile Safari/537.36 (compatible; Googlebot/2.1; +http://www.google.com/bot.html)"
66.249.65.35 - - [13/Jul/2025:19:54:52 +0000] "POST /get-message-notify HTTP/1.1" 200 21859 "https://kraft-court.cafe/?x=77087877041800&mod=ffbd6cbb&uri=pin.php%3Fid%3D2572489-310%26name%3Drtx+3080+ti+alza" "Mozilla/5.0 (Linux; Android 6.0.1; Nexus 5X Build/MMB29P) AppleWebKit/537.36 (KHTML, like Gecko) Chrome/137.0.7151.119 Mobile Safari/537.36 (compatible; Googlebot/2.1; +http://www.google.com/bot.html)"
209.74.77.214 - - [13/Jul/2025:19:55:49 +0000] "POST /wp-cron.php?doing_wp_cron=1752436549.4870269298553466796875 HTTP/1.1" 200 - "-" "WordPress/6.8.1; https://kraft-court.cafe"
51.222.253.7 - - [13/Jul/2025:19:55:47 +0000] "GET /?x=114131077011800&uri=blog.php%3Fid%3D3808978-1113%26name%3Dhigh%20heels%20sandaletten%20mit%20plateau HTTP/1.1" 200 1934 "-" "Mozilla/5.0 (compatible; AhrefsBot/7.0; +http://ahrefs.com/robot/)"
66.249.65.36 - - [13/Jul/2025:19:55:50 +0000] "GET /?x=6840931021800&mod=f26df67e&uri=brands.php%3Fid%3D228469-383%26name%3Dteddy+mini+dress HTTP/1.1" 200 21486 "-" "Mozilla/5.0 (Linux; Android 6.0.1; Nexus 5X Build/MMB29P) AppleWebKit/537.36 (KHTML, like Gecko) Chrome/137.0.7151.103 Mobile Safari/537.36 (compatible; Googlebot/2.1; +http://www.google.com/bot.html)"
66.249.65.35 - - [13/Jul/2025:19:56:02 +0000] "POST /get-message-notify HTTP/1.1" 200 21874 "https://kraft-court.cafe/?x=6840931021800&mod=f26df67e&uri=brands.php%3Fid%3D228469-383%26name%3Dteddy+mini+dress" "Mozilla/5.0 (Linux; Android 6.0.1; Nexus 5X Build/MMB29P) AppleWebKit/537.36 (KHTML, like Gecko) Chrome/137.0.7151.119 Mobile Safari/537.36 (compatible; Googlebot/2.1; +http://www.google.com/bot.html)"
66.249.65.36 - - [13/Jul/2025:19:56:03 +0000] "GET /?x=6978674001800&mod=6df18258&uri=dp.php%3Fid%3D233064-394%26name%3Dweber+spirit+310+crossover+tube HTTP/1.1" 200 21895 "-" "Mozilla/5.0 (Linux; Android 6.0.1; Nexus 5X Build/MMB29P) AppleWebKit/537.36 (KHTML, like Gecko) Chrome/137.0.7151.103 Mobile Safari/537.36 (compatible; Googlebot/2.1; +http://www.google.com/bot.html)"
66.249.65.35 - - [13/Jul/2025:19:56:14 +0000] "GET /?x=6822451011800&mod=6a450490&uri=us.php%3Fid%3D227853-359%26name%3Dnew+balance+850+ina HTTP/1.1" 200 21619 "-" "Mozilla/5.0 (Linux; Android 6.0.1; Nexus 5X Build/MMB29P) AppleWebKit/537.36 (KHTML, like Gecko) Chrome/137.0.7151.103 Mobile Safari/537.36 (compatible; Googlebot/2.1; +http://www.google.com/bot.html)"
66.249.65.36 - - [13/Jul/2025:19:56:09 +0000] "GET /?x=65825167131800&mod=6a450490&uri=products.php%3Fid%3D2196640-359%26name%3Dt%C3%83%C2%AAnis+new+balance+993+sport+preto HTTP/1.1" 200 21454 "-" "Mozilla/5.0 (Linux; Android 6.0.1; Nexus 5X Build/MMB29P) AppleWebKit/537.36 (KHTML, like Gecko) Chrome/137.0.7151.103 Mobile Safari/537.36 (compatible; Googlebot/2.1; +http://www.google.com/bot.html)"
66.249.65.35 - - [13/Jul/2025:19:56:20 +0000] "GET /?x=6831691041800&mod=f26df67e&uri=brands.php%3Fid%3D228161-383%26name%3Dasos+design+crop+top+scuba+skater+mini+dress HTTP/1.1" 200 21936 "-" "Mozilla/5.0 (Linux; Android 6.0.1; Nexus 5X Build/MMB29P) AppleWebKit/537.36 (KHTML, like Gecko) Chrome/137.0.7151.103 Mobile Safari/537.36 (compatible; Googlebot/2.1; +http://www.google.com/bot.html)"
66.249.65.35 - - [13/Jul/2025:19:56:27 +0000] "GET /?x=6990373021800&mod=6df18258&uri=itm.php%3Fid%3D233454-394%26name%3Dburner+glass+top+gas+stove HTTP/1.1" 200 22280 "-" "Mozilla/5.0 (Linux; Android 6.0.1; Nexus 5X Build/MMB29P) AppleWebKit/537.36 (KHTML, like Gecko) Chrome/137.0.7151.103 Mobile Safari/537.36 (compatible; Googlebot/2.1; +http://www.google.com/bot.html)"
66.249.65.35 - - [13/Jul/2025:19:56:29 +0000] "POST /get-message-notify HTTP/1.1" 200 21867 "https://kraft-court.cafe/?x=6990373021800&mod=6df18258&uri=itm.php%3Fid%3D233454-394%26name%3Dburner+glass+top+gas+stove" "Mozilla/5.0 (Linux; Android 6.0.1; Nexus 5X Build/MMB29P) AppleWebKit/537.36 (KHTML, like Gecko) Chrome/137.0.7151.119 Mobile Safari/537.36 (compatible; Googlebot/2.1; +http://www.google.com/bot.html)"
66.249.65.35 - - [13/Jul/2025:19:56:33 +0000] "GET /?x=119586375001800&mod=55d99a37&uri=blog.php%3Fid%3D3990964-315%26name%3Dmichael+kors+uhren+armband+k%C3%83%C2%BCrzen HTTP/1.1" 200 21650 "-" "Mozilla/5.0 (Linux; Android 6.0.1; Nexus 5X Build/MMB29P) AppleWebKit/537.36 (KHTML, like Gecko) Chrome/137.0.7151.103 Mobile Safari/537.36 (compatible; Googlebot/2.1; +http://www.google.com/bot.html)"
66.249.65.35 - - [13/Jul/2025:19:56:34 +0000] "GET /?x=6983773021800&mod=6df18258&uri=article.php%3Fid%3D233234-394%26name%3Dsilicone+mat+for+roti HTTP/1.1" 200 22345 "-" "Mozilla/5.0 (Linux; Android 6.0.1; Nexus 5X Build/MMB29P) AppleWebKit/537.36 (KHTML, like Gecko) Chrome/137.0.7151.103 Mobile Safari/537.36 (compatible; Googlebot/2.1; +http://www.google.com/bot.html)"
66.249.65.35 - - [13/Jul/2025:19:56:56 +0000] "POST /get-message-notify HTTP/1.1" 200 21858 "https://kraft-court.cafe/?x=119586375001800&mod=55d99a37&uri=blog.php%3Fid%3D3990964-315%26name%3Dmichael+kors+uhren+armband+k%C3%83%C2%BCrzen" "Mozilla/5.0 (Linux; Android 6.0.1; Nexus 5X Build/MMB29P) AppleWebKit/537.36 (KHTML, like Gecko) Chrome/137.0.7151.119 Mobile Safari/537.36 (compatible; Googlebot/2.1; +http://www.google.com/bot.html)"
66.249.65.37 - - [13/Jul/2025:19:57:34 +0000] "POST /get-message-notify HTTP/1.1" 200 21871 "https://kraft-court.cafe/?x=6978674001800&mod=6df18258&uri=dp.php%3Fid%3D233064-394%26name%3Dweber+spirit+310+crossover+tube" "Mozilla/5.0 (Linux; Android 6.0.1; Nexus 5X Build/MMB29P) AppleWebKit/537.36 (KHTML, like Gecko) Chrome/137.0.7151.119 Mobile Safari/537.36 (compatible; Googlebot/2.1; +http://www.google.com/bot.html)"
66.249.65.36 - - [13/Jul/2025:19:58:01 +0000] "POST /get-message-notify HTTP/1.1" 200 21868 "https://kraft-court.cafe/?x=6831571031800&mod=b9946974&uri=us.php%3Fid%3D228157-381%26name%3Djordan+colorate+pastello+basse" "Mozilla/5.0 (Linux; Android 6.0.1; Nexus 5X Build/MMB29P) AppleWebKit/537.36 (KHTML, like Gecko) Chrome/137.0.7151.119 Mobile Safari/537.36 (compatible; Googlebot/2.1; +http://www.google.com/bot.html)"
66.249.65.36 - - [13/Jul/2025:20:00:15 +0000] "GET /?x=6864024071800&mod=50dd7100&uri=shop.php%3Fid%3D229239-385%26name%3Dvivofit+vs+charge HTTP/1.1" 200 21052 "-" "Mozilla/5.0 (Linux; Android 6.0.1; Nexus 5X Build/MMB29P) AppleWebKit/537.36 (KHTML, like Gecko) Chrome/137.0.7151.103 Mobile Safari/537.36 (compatible; Googlebot/2.1; +http://www.google.com/bot.html)"
66.249.65.35 - - [13/Jul/2025:20:00:24 +0000] "GET /?x=6859404051800&mod=50dd7100&uri=products.php%3Fid%3D229085-385%26name%3Dapple+watchos+control+center HTTP/1.1" 200 20987 "-" "Mozilla/5.0 (Linux; Android 6.0.1; Nexus 5X Build/MMB29P) AppleWebKit/537.36 (KHTML, like Gecko) Chrome/137.0.7151.103 Mobile Safari/537.36 (compatible; Googlebot/2.1; +http://www.google.com/bot.html)"
66.249.65.35 - - [13/Jul/2025:20:00:28 +0000] "GET /?x=6984073121800&mod=6df18258&uri=goods.php%3Fid%3D233244-394%26name%3Dbajaj+majesty+cgx2+eco HTTP/1.1" 200 21801 "-" "Mozilla/5.0 (Linux; Android 6.0.1; Nexus 5X Build/MMB29P) AppleWebKit/537.36 (KHTML, like Gecko) Chrome/137.0.7151.103 Mobile Safari/537.36 (compatible; Googlebot/2.1; +http://www.google.com/bot.html)"
66.249.65.35 - - [13/Jul/2025:20:00:35 +0000] "GET /?x=6989473041800&mod=6df18258&uri=shop.php%3Fid%3D233424-394%26name%3Dtenderloin+steak+cooking+time HTTP/1.1" 200 21982 "-" "Mozilla/5.0 (Linux; Android 6.0.1; Nexus 5X Build/MMB29P) AppleWebKit/537.36 (KHTML, like Gecko) Chrome/137.0.7151.103 Mobile Safari/537.36 (compatible; Googlebot/2.1; +http://www.google.com/bot.html)"
66.249.65.35 - - [13/Jul/2025:20:00:40 +0000] "POST /get-message-notify HTTP/1.1" 200 21846 "https://kraft-court.cafe/?x=6864024071800&mod=50dd7100&uri=shop.php%3Fid%3D229239-385%26name%3Dvivofit+vs+charge" "Mozilla/5.0 (Linux; Android 6.0.1; Nexus 5X Build/MMB29P) AppleWebKit/537.36 (KHTML, like Gecko) Chrome/137.0.7151.119 Mobile Safari/537.36 (compatible; Googlebot/2.1; +http://www.google.com/bot.html)"
66.249.65.35 - - [13/Jul/2025:20:00:42 +0000] "GET /?x=6990673041800&mod=6df18258&uri=category-info.php%3Fid%3D233464-394%26name%3Dmegamaster+evolution HTTP/1.1" 200 21903 "-" "Mozilla/5.0 (Linux; Android 6.0.1; Nexus 5X Build/MMB29P) AppleWebKit/537.36 (KHTML, like Gecko) Chrome/137.0.7151.103 Mobile Safari/537.36 (compatible; Googlebot/2.1; +http://www.google.com/bot.html)"
66.249.65.35 - - [13/Jul/2025:20:00:59 +0000] "GET /?x=119473622021800&mod=9854d7af&uri=shared.php%3Fid%3D3987200-387%26name%3Dnight+time+exercise HTTP/1.1" 200 22186 "-" "Mozilla/5.0 (Linux; Android 6.0.1; Nexus 5X Build/MMB29P) AppleWebKit/537.36 (KHTML, like Gecko) Chrome/137.0.7151.103 Mobile Safari/537.36 (compatible; Googlebot/2.1; +http://www.google.com/bot.html)"
209.74.77.214 - - [13/Jul/2025:20:01:30 +0000] "POST /wp-cron.php?doing_wp_cron=1752436890.3460040092468261718750 HTTP/1.1" 200 - "-" "WordPress/6.8.1; https://kraft-court.cafe"
51.222.253.13 - - [13/Jul/2025:20:01:29 +0000] "GET /?x=112062873051800&uri=goods.php%3Fid%3D3739909-1119%26name%3Dbmw%20airflow%20pants HTTP/1.1" 200 1923 "-" "Mozilla/5.0 (compatible; AhrefsBot/7.0; +http://ahrefs.com/robot/)"
66.249.65.37 - - [13/Jul/2025:20:04:25 +0000] "GET /?x=65820149021800&mod=6a450490&uri=search.php%3Fid%3D2196470-359%26name%3Dmi+990+new+balance HTTP/1.1" 200 22215 "-" "Mozilla/5.0 (Linux; Android 6.0.1; Nexus 5X Build/MMB29P) AppleWebKit/537.36 (KHTML, like Gecko) Chrome/137.0.7151.103 Mobile Safari/537.36 (compatible; Googlebot/2.1; +http://www.google.com/bot.html)"
66.249.65.36 - - [13/Jul/2025:20:04:32 +0000] "GET /?x=6995732061800&mod=bf5cd8b2&uri=form.php%3Fid%3D233634-395%26name%3Dbandeau+mariage+cheveux+courts HTTP/1.1" 200 21207 "-" "Mozilla/5.0 (Linux; Android 6.0.1; Nexus 5X Build/MMB29P) AppleWebKit/537.36 (KHTML, like Gecko) Chrome/137.0.7151.103 Mobile Safari/537.36 (compatible; Googlebot/2.1; +http://www.google.com/bot.html)"
66.249.65.36 - - [13/Jul/2025:20:05:22 +0000] "GET /?x=111254965041800&mod=f08b7ac8&uri=products.php%3Fid%3D3712947-463%26name%3Dgt+1030+vs+intel+uhd+630 HTTP/1.1" 200 22232 "-" "Mozilla/5.0 (Linux; Android 6.0.1; Nexus 5X Build/MMB29P) AppleWebKit/537.36 (KHTML, like Gecko) Chrome/137.0.7151.103 Mobile Safari/537.36 (compatible; Googlebot/2.1; +http://www.google.com/bot.html)"
209.74.77.214 - - [13/Jul/2025:20:06:39 +0000] "POST /wp-cron.php?doing_wp_cron=1752437199.7078719139099121093750 HTTP/1.1" 200 - "-" "WordPress/6.8.1; https://kraft-court.cafe"
51.222.253.7 - - [13/Jul/2025:20:06:38 +0000] "GET /?x=105634368041800&uri=pin.php%3Fid%3D3525373-243%26name%3Dalexander%20mcqueen%20scarpe%20celesti HTTP/1.1" 200 1932 "-" "Mozilla/5.0 (compatible; AhrefsBot/7.0; +http://ahrefs.com/robot/)"
66.249.65.37 - - [13/Jul/2025:20:10:05 +0000] "GET /?x=5786785001800&mod=a8849b05&uri=category-info.php%3Fid%3D193246-57%26name%3Dbest+true+wireless+earbuds+2020+android HTTP/1.1" 200 22691 "-" "Mozilla/5.0 (Linux; Android 6.0.1; Nexus 5X Build/MMB29P) AppleWebKit/537.36 (KHTML, like Gecko) Chrome/137.0.7151.103 Mobile Safari/537.36 (compatible; Googlebot/2.1; +http://www.google.com/bot.html)"
66.249.65.36 - - [13/Jul/2025:20:10:10 +0000] "POST /get-message-notify HTTP/1.1" 200 21855 "https://kraft-court.cafe/?x=5786785001800&mod=a8849b05&uri=category-info.php%3Fid%3D193246-57%26name%3Dbest+true+wireless+earbuds+2020+android" "Mozilla/5.0 (Linux; Android 6.0.1; Nexus 5X Build/MMB29P) AppleWebKit/537.36 (KHTML, like Gecko) Chrome/137.0.7151.119 Mobile Safari/537.36 (compatible; Googlebot/2.1; +http://www.google.com/bot.html)"
209.74.77.214 - - [13/Jul/2025:20:11:45 +0000] "POST /wp-cron.php?doing_wp_cron=1752437505.7700500488281250000000 HTTP/1.1" 200 - "-" "WordPress/6.8.1; https://kraft-court.cafe"
51.222.253.20 - - [13/Jul/2025:20:11:44 +0000] "GET /?x=105074347021800&uri=dp.php%3Fid%3D3506650-1353%26name%3Dmercurial%20superfly%20academy%20orange HTTP/1.1" 200 1931 "-" "Mozilla/5.0 (compatible; AhrefsBot/7.0; +http://ahrefs.com/robot/)"
66.249.65.35 - - [13/Jul/2025:20:14:22 +0000] "GET /?x=5839101031800&mod=384babc3&uri=shared.php%3Fid%3D194992-339%26name%3Dzapatos+puma+clasicos+en+quito+2018 HTTP/1.1" 200 20899 "-" "Mozilla/5.0 (Linux; Android 6.0.1; Nexus 5X Build/MMB29P) AppleWebKit/537.36 (KHTML, like Gecko) Chrome/137.0.7151.103 Mobile Safari/537.36 (compatible; Googlebot/2.1; +http://www.google.com/bot.html)"
209.74.77.214 - - [13/Jul/2025:20:16:01 +0000] "POST /wp-cron.php?doing_wp_cron=1752437761.1957740783691406250000 HTTP/1.1" 200 - "-" "WordPress/6.8.1; https://kraft-court.cafe"
51.222.253.3 - - [13/Jul/2025:20:15:59 +0000] "GET /?x=5322159041800&uri=info.php%3Fid%3D177680-319%26name%3Dadidas%20campus%20beige%20hombre HTTP/1.1" 200 1926 "-" "Mozilla/5.0 (compatible; AhrefsBot/7.0; +http://ahrefs.com/robot/)"
66.249.65.37 - - [13/Jul/2025:20:16:40 +0000] "GET /?x=5783425121800&mod=a8849b05&uri=form.php%3Fid%3D193134-57%26name%3Dbest+headset+for+watching+tv HTTP/1.1" 200 21978 "-" "Mozilla/5.0 (Linux; Android 6.0.1; Nexus 5X Build/MMB29P) AppleWebKit/537.36 (KHTML, like Gecko) Chrome/137.0.7151.103 Mobile Safari/537.36 (compatible; Googlebot/2.1; +http://www.google.com/bot.html)"
66.249.65.35 - - [13/Jul/2025:20:18:53 +0000] "GET /?x=111285133031800&mod=5c376f6d&uri=info.php%3Fid%3D3713953-863%26name%3Dmutande+uomo+usa+e+getta HTTP/1.1" 200 22334 "-" "Mozilla/5.0 (Linux; Android 6.0.1; Nexus 5X Build/MMB29P) AppleWebKit/537.36 (KHTML, like Gecko) Chrome/137.0.7151.103 Mobile Safari/537.36 (compatible; Googlebot/2.1; +http://www.google.com/bot.html)"
66.249.65.35 - - [13/Jul/2025:20:19:14 +0000] "GET /?x=5737423031800&mod=97108695&uri=article.php%3Fid%3D191600-335%26name%3Dmetacritic+doom+eternal+switch HTTP/1.1" 200 22089 "-" "Mozilla/5.0 (Linux; Android 6.0.1; Nexus 5X Build/MMB29P) AppleWebKit/537.36 (KHTML, like Gecko) Chrome/137.0.7151.103 Mobile Safari/537.36 (compatible; Googlebot/2.1; +http://www.google.com/bot.html)"
209.74.77.214 - - [13/Jul/2025:20:19:32 +0000] "POST /wp-cron.php?doing_wp_cron=1752437972.6645290851593017578125 HTTP/1.1" 200 - "-" "WordPress/6.8.1; https://kraft-court.cafe"
194.26.192.154 - - [13/Jul/2025:20:19:31 +0000] "GET /wp-content/plugins/WordPressCore/include.php HTTP/1.1" 404 1868 "-" "Mozlila/5.0 (Linux; Android 7.0; SM-G892A Bulid/NRD90M; wv) AppleWebKit/537.36 (KHTML, like Gecko) Version/4.0 Chrome/60.0.3112.107 Moblie Safari/537.36"
209.74.77.214 - - [13/Jul/2025:20:19:36 +0000] "POST /wp-cron.php?doing_wp_cron=1752437976.5936739444732666015625 HTTP/1.1" 200 - "-" "WordPress/6.8.1; https://kraft-court.cafe"
194.26.192.154 - - [13/Jul/2025:20:19:36 +0000] "GET /wp-content/plugins/WordPressCore/include.php HTTP/1.1" 404 1868 "-" "Mozlila/5.0 (Linux; Android 7.0; SM-G892A Bulid/NRD90M; wv) AppleWebKit/537.36 (KHTML, like Gecko) Version/4.0 Chrome/60.0.3112.107 Moblie Safari/537.36"
209.74.77.214 - - [13/Jul/2025:20:20:37 +0000] "POST /wp-cron.php?doing_wp_cron=1752438037.7796490192413330078125 HTTP/1.1" 200 - "-" "WordPress/6.8.1; https://kraft-court.cafe"
51.222.253.20 - - [13/Jul/2025:20:20:36 +0000] "GET /?x=22499112011800&uri=products.php%3Fid%3D750989-816%26name%3Dgrey%20nike%20270%20junior HTTP/1.1" 200 1926 "-" "Mozilla/5.0 (compatible; AhrefsBot/7.0; +http://ahrefs.com/robot/)"
66.249.65.37 - - [13/Jul/2025:20:21:22 +0000] "POST /get-message-notify HTTP/1.1" 200 21861 "https://kraft-court.cafe/?x=5783425121800&mod=a8849b05&uri=form.php%3Fid%3D193134-57%26name%3Dbest+headset+for+watching+tv" "Mozilla/5.0 (Linux; Android 6.0.1; Nexus 5X Build/MMB29P) AppleWebKit/537.36 (KHTML, like Gecko) Chrome/137.0.7151.119 Mobile Safari/537.36 (compatible; Googlebot/2.1; +http://www.google.com/bot.html)"
66.249.65.36 - - [13/Jul/2025:20:21:54 +0000] "GET /?x=5570814041800&mod=fa84632d&uri=products.php%3Fid%3D185974-329%26name%3Dsolid+kate+faux+fur+coat HTTP/1.1" 200 21593 "-" "Mozilla/5.0 (Linux; Android 6.0.1; Nexus 5X Build/MMB29P) AppleWebKit/537.36 (KHTML, like Gecko) Chrome/137.0.7151.103 Mobile Safari/537.36 (compatible; Googlebot/2.1; +http://www.google.com/bot.html)"
66.249.65.37 - - [13/Jul/2025:20:23:06 +0000] "GET /?x=5842611011800&mod=384babc3&uri=shop.php%3Fid%3D195109-339%26name%3Dkenzo+sweatshirt+net+a+porter HTTP/1.1" 200 20376 "-" "Mozilla/5.0 (Linux; Android 6.0.1; Nexus 5X Build/MMB29P) AppleWebKit/537.36 (KHTML, like Gecko) Chrome/137.0.7151.103 Mobile Safari/537.36 (compatible; Googlebot/2.1; +http://www.google.com/bot.html)"
66.249.65.36 - - [13/Jul/2025:20:23:09 +0000] "POST /get-message-notify HTTP/1.1" 200 21866 "https://kraft-court.cafe/?x=5842611011800&mod=384babc3&uri=shop.php%3Fid%3D195109-339%26name%3Dkenzo+sweatshirt+net+a+porter" "Mozilla/5.0 (Linux; Android 6.0.1; Nexus 5X Build/MMB29P) AppleWebKit/537.36 (KHTML, like Gecko) Chrome/137.0.7151.119 Mobile Safari/537.36 (compatible; Googlebot/2.1; +http://www.google.com/bot.html)"
66.249.65.37 - - [13/Jul/2025:20:24:42 +0000] "GET /?x=59568569011800&mod=29921001&uri=products.php%3Fid%3D1987841-155%26name%3Dgoogle+play+on+amazon+alexa HTTP/1.1" 200 22456 "-" "Mozilla/5.0 (Linux; Android 6.0.1; Nexus 5X Build/MMB29P) AppleWebKit/537.36 (KHTML, like Gecko) Chrome/137.0.7151.103 Mobile Safari/537.36 (compatible; Googlebot/2.1; +http://www.google.com/bot.html)"
66.249.65.36 - - [13/Jul/2025:20:24:47 +0000] "GET /?x=5705726041800&mod=2de7cf20&uri=product.php%3Fid%3D190512-333%26name%3Djewellery+at+argos HTTP/1.1" 200 22015 "-" "Mozilla/5.0 (Linux; Android 6.0.1; Nexus 5X Build/MMB29P) AppleWebKit/537.36 (KHTML, like Gecko) Chrome/137.0.7151.103 Mobile Safari/537.36 (compatible; Googlebot/2.1; +http://www.google.com/bot.html)"
209.74.77.214 - - [13/Jul/2025:20:24:49 +0000] "POST /wp-cron.php?doing_wp_cron=1752438289.9018321037292480468750 HTTP/1.1" 200 - "-" "WordPress/6.8.1; https://kraft-court.cafe"
51.222.253.15 - - [13/Jul/2025:20:24:48 +0000] "GET /?x=16065972041800&uri=shop.php%3Fid%3D536347-71%26name%3Davis%20wave%20rider%2022 HTTP/1.1" 200 1917 "-" "Mozilla/5.0 (compatible; AhrefsBot/7.0; +http://ahrefs.com/robot/)"
66.249.65.36 - - [13/Jul/2025:20:24:59 +0000] "POST /get-message-notify HTTP/1.1" 200 21867 "https://kraft-court.cafe/?x=5570814041800&mod=fa84632d&uri=products.php%3Fid%3D185974-329%26name%3Dsolid+kate+faux+fur+coat" "Mozilla/5.0 (Linux; Android 6.0.1; Nexus 5X Build/MMB29P) AppleWebKit/537.36 (KHTML, like Gecko) Chrome/137.0.7151.119 Mobile Safari/537.36 (compatible; Googlebot/2.1; +http://www.google.com/bot.html)"
66.249.65.37 - - [13/Jul/2025:20:27:36 +0000] "GET /?x=5673831001800&mod=dc6a7e65&uri=info.php%3Fid%3D189448-308%26name%3Dblack+sisters+hoodie HTTP/1.1" 200 22649 "-" "Mozilla/5.0 (Linux; Android 6.0.1; Nexus 5X Build/MMB29P) AppleWebKit/537.36 (KHTML, like Gecko) Chrome/137.0.7151.103 Mobile Safari/537.36 (compatible; Googlebot/2.1; +http://www.google.com/bot.html)"
66.249.65.36 - - [13/Jul/2025:20:27:35 +0000] "GET /?x=119691283051800&mod=3e9f0fc9&uri=itm.php%3Fid%3D3994463-484%26name%3Dunderwire+padded+tankini HTTP/1.1" 200 21057 "-" "Mozilla/5.0 (Linux; Android 6.0.1; Nexus 5X Build/MMB29P) AppleWebKit/537.36 (KHTML, like Gecko) Chrome/137.0.7151.103 Mobile Safari/537.36 (compatible; Googlebot/2.1; +http://www.google.com/bot.html)"
66.249.65.36 - - [13/Jul/2025:20:27:43 +0000] "GET /?x=6055865091800&mod=fd9dcf1d&uri=search.php%3Fid%3D202227-349%26name%3Dvendre+un+diamant+en+ligne HTTP/1.1" 200 22295 "-" "Mozilla/5.0 (Linux; Android 6.0.1; Nexus 5X Build/MMB29P) AppleWebKit/537.36 (KHTML, like Gecko) Chrome/137.0.7151.103 Mobile Safari/537.36 (compatible; Googlebot/2.1; +http://www.google.com/bot.html)"
66.249.65.36 - - [13/Jul/2025:20:28:19 +0000] "POST /get-message-notify HTTP/1.1" 200 21868 "https://kraft-court.cafe/?x=6055865091800&mod=fd9dcf1d&uri=search.php%3Fid%3D202227-349%26name%3Dvendre+un+diamant+en+ligne" "Mozilla/5.0 (Linux; Android 6.0.1; Nexus 5X Build/MMB29P) AppleWebKit/537.36 (KHTML, like Gecko) Chrome/137.0.7151.119 Mobile Safari/537.36 (compatible; Googlebot/2.1; +http://www.google.com/bot.html)"
209.74.77.214 - - [13/Jul/2025:20:29:28 +0000] "POST /wp-cron.php?doing_wp_cron=1752438568.4763150215148925781250 HTTP/1.1" 200 - "-" "WordPress/6.8.1; https://kraft-court.cafe"
51.222.253.5 - - [13/Jul/2025:20:29:22 +0000] "GET /?x=13486394021800&uri=blog.php%3Fid%3D450270-574%26name%3Dnew%20balance%20690%20oro%20hombre HTTP/1.1" 200 1926 "-" "Mozilla/5.0 (compatible; AhrefsBot/7.0; +http://ahrefs.com/robot/)"
66.249.65.36 - - [13/Jul/2025:20:29:54 +0000] "GET /?x=34736665001800&mod=eb06b9db&uri=category-info.php%3Fid%3D1159390-264%26name%3Dray+ban+2140+tartaruga HTTP/1.1" 200 21280 "-" "Mozilla/5.0 (Linux; Android 6.0.1; Nexus 5X Build/MMB29P) AppleWebKit/537.36 (KHTML, like Gecko) Chrome/137.0.7151.103 Mobile Safari/537.36 (compatible; Googlebot/2.1; +http://www.google.com/bot.html)"
66.249.65.35 - - [13/Jul/2025:20:30:33 +0000] "GET /?x=31628853061800&mod=ffbd6cbb&uri=article.php%3Fid%3D1055656-310%26name%3Dasus+maximus+xii+z490 HTTP/1.1" 200 21993 "-" "Mozilla/5.0 (Linux; Android 6.0.1; Nexus 5X Build/MMB29P) AppleWebKit/537.36 (KHTML, like Gecko) Chrome/137.0.7151.103 Mobile Safari/537.36 (compatible; Googlebot/2.1; +http://www.google.com/bot.html)"
66.249.65.37 - - [13/Jul/2025:20:31:24 +0000] "POST /get-message-notify HTTP/1.1" 200 21870 "https://kraft-court.cafe/?x=31628853061800&mod=ffbd6cbb&uri=article.php%3Fid%3D1055656-310%26name%3Dasus+maximus+xii+z490" "Mozilla/5.0 (Linux; Android 6.0.1; Nexus 5X Build/MMB29P) AppleWebKit/537.36 (KHTML, like Gecko) Chrome/137.0.7151.119 Mobile Safari/537.36 (compatible; Googlebot/2.1; +http://www.google.com/bot.html)"
66.249.65.36 - - [13/Jul/2025:20:31:59 +0000] "GET /?x=5871378091800&mod=d594b1a9&uri=shop.php%3Fid%3D196070-341%26name%3Dmaderoterapia+para+la+espalda HTTP/1.1" 200 21642 "-" "Mozilla/5.0 (Linux; Android 6.0.1; Nexus 5X Build/MMB29P) AppleWebKit/537.36 (KHTML, like Gecko) Chrome/137.0.7151.103 Mobile Safari/537.36 (compatible; Googlebot/2.1; +http://www.google.com/bot.html)"
66.249.65.35 - - [13/Jul/2025:20:32:42 +0000] "GET /?x=5712150041800&mod=333cb763&uri=article.php%3Fid%3D190732-334%26name%3Dbigg+boss+13+23+november+2019 HTTP/1.1" 200 22644 "-" "Mozilla/5.0 (Linux; Android 6.0.1; Nexus 5X Build/MMB29P) AppleWebKit/537.36 (KHTML, like Gecko) Chrome/137.0.7151.103 Mobile Safari/537.36 (compatible; Googlebot/2.1; +http://www.google.com/bot.html)"
66.249.65.35 - - [13/Jul/2025:20:32:43 +0000] "POST /get-message-notify HTTP/1.1" 200 21864 "https://kraft-court.cafe/?x=5673831001800&mod=dc6a7e65&uri=info.php%3Fid%3D189448-308%26name%3Dblack+sisters+hoodie" "Mozilla/5.0 (Linux; Android 6.0.1; Nexus 5X Build/MMB29P) AppleWebKit/537.36 (KHTML, like Gecko) Chrome/137.0.7151.119 Mobile Safari/537.36 (compatible; Googlebot/2.1; +http://www.google.com/bot.html)"
66.249.65.35 - - [13/Jul/2025:20:32:50 +0000] "GET /?x=5725901061800&mod=333cb763&uri=info.php%3Fid%3D191210-334%26name%3Droadies+revolution+16+jan HTTP/1.1" 200 22766 "-" "Mozilla/5.0 (Linux; Android 6.0.1; Nexus 5X Build/MMB29P) AppleWebKit/537.36 (KHTML, like Gecko) Chrome/137.0.7151.103 Mobile Safari/537.36 (compatible; Googlebot/2.1; +http://www.google.com/bot.html)"
66.249.65.37 - - [13/Jul/2025:20:33:21 +0000] "GET /?x=5735503021800&mod=333cb763&uri=goods.php%3Fid%3D191536-334%26name%3Ddragon+ball+heroes+funimation HTTP/1.1" 200 22042 "-" "Mozilla/5.0 (Linux; Android 6.0.1; Nexus 5X Build/MMB29P) AppleWebKit/537.36 (KHTML, like Gecko) Chrome/137.0.7151.103 Mobile Safari/537.36 (compatible; Googlebot/2.1; +http://www.google.com/bot.html)"
66.249.65.37 - - [13/Jul/2025:20:35:22 +0000] "GET /?x=111096901031800&mod=2de7cf20&uri=form.php%3Fid%3D3707655-333%26name%3Dpandora+moments+padlock+bracelet HTTP/1.1" 200 21637 "-" "Mozilla/5.0 (Linux; Android 6.0.1; Nexus 5X Build/MMB29P) AppleWebKit/537.36 (KHTML, like Gecko) Chrome/137.0.7151.103 Mobile Safari/537.36 (compatible; Googlebot/2.1; +http://www.google.com/bot.html)"
66.249.65.36 - - [13/Jul/2025:20:35:29 +0000] "GET /?x=5687700051800&mod=2de7cf20&uri=form.php%3Fid%3D189911-333%26name%3Dargos+emerald+earrings HTTP/1.1" 200 21660 "-" "Mozilla/5.0 (Linux; Android 6.0.1; Nexus 5X Build/MMB29P) AppleWebKit/537.36 (KHTML, like Gecko) Chrome/137.0.7151.103 Mobile Safari/537.36 (compatible; Googlebot/2.1; +http://www.google.com/bot.html)"
66.249.65.37 - - [13/Jul/2025:20:36:25 +0000] "GET /?x=6100337031800&mod=0d0fd7c6&uri=search.php%3Fid%3D203712-40%26name%3Dearthquake+aluminum+air+impact+wrench HTTP/1.1" 200 22279 "-" "Mozilla/5.0 (Linux; Android 6.0.1; Nexus 5X Build/MMB29P) AppleWebKit/537.36 (KHTML, like Gecko) Chrome/137.0.7151.103 Mobile Safari/537.36 (compatible; Googlebot/2.1; +http://www.google.com/bot.html)"
66.249.65.36 - - [13/Jul/2025:20:36:29 +0000] "POST /get-message-notify HTTP/1.1" 200 21866 "https://kraft-court.cafe/?x=6100337031800&mod=0d0fd7c6&uri=search.php%3Fid%3D203712-40%26name%3Dearthquake+aluminum+air+impact+wrench" "Mozilla/5.0 (Linux; Android 6.0.1; Nexus 5X Build/MMB29P) AppleWebKit/537.36 (KHTML, like Gecko) Chrome/137.0.7151.119 Mobile Safari/537.36 (compatible; Googlebot/2.1; +http://www.google.com/bot.html)"
66.249.65.37 - - [13/Jul/2025:20:37:09 +0000] "POST /get-message-notify HTTP/1.1" 200 21862 "https://kraft-court.cafe/?x=5687700051800&mod=2de7cf20&uri=form.php%3Fid%3D189911-333%26name%3Dargos+emerald+earrings" "Mozilla/5.0 (Linux; Android 6.0.1; Nexus 5X Build/MMB29P) AppleWebKit/537.36 (KHTML, like Gecko) Chrome/137.0.7151.119 Mobile Safari/537.36 (compatible; Googlebot/2.1; +http://www.google.com/bot.html)"
66.249.65.36 - - [13/Jul/2025:20:40:45 +0000] "GET /?x=5601338031800&mod=831b1ac5&uri=pin.php%3Fid%3D186999-331%26name%3Djoyride+blue HTTP/1.1" 200 21574 "-" "Mozilla/5.0 (Linux; Android 6.0.1; Nexus 5X Build/MMB29P) AppleWebKit/537.36 (KHTML, like Gecko) Chrome/137.0.7151.103 Mobile Safari/537.36 (compatible; Googlebot/2.1; +http://www.google.com/bot.html)"
209.74.77.214 - - [13/Jul/2025:20:43:19 +0000] "POST /wp-cron.php?doing_wp_cron=1752439399.2081310749053955078125 HTTP/1.1" 200 - "-" "WordPress/6.8.1; https://kraft-court.cafe"
66.249.65.36 - - [13/Jul/2025:20:43:17 +0000] "GET /?x=119666593001800&mod=cd61a580&uri=info.php%3Fid%3D3993640-465%26name%3Dair+force+anime HTTP/1.1" 301 - "-" "Mozilla/5.0 (Linux; Android 6.0.1; Nexus 5X Build/MMB29P) AppleWebKit/537.36 (KHTML, like Gecko) Chrome/137.0.7151.103 Mobile Safari/537.36 (compatible; GoogleOther)"
66.249.65.36 - - [13/Jul/2025:20:43:21 +0000] "GET /?x=119666593001800&mod=cd61a580&uri=info.php%3Fid%3D3993640-465%26name%3Dair%20force%20anime HTTP/1.1" 200 1930 "-" "Mozilla/5.0 (Linux; Android 6.0.1; Nexus 5X Build/MMB29P) AppleWebKit/537.36 (KHTML, like Gecko) Chrome/137.0.7151.103 Mobile Safari/537.36 (compatible; GoogleOther)"
170.106.152.218 - - [13/Jul/2025:20:45:02 +0000] "GET / HTTP/1.1" 200 1851 "http://www.kraft-court.cafe" "Mozilla/5.0 (iPhone; CPU iPhone OS 13_2_3 like Mac OS X) AppleWebKit/605.1.15 (KHTML, like Gecko) Version/13.0.3 Mobile/15E148 Safari/604.1"
87.236.176.86 - - [13/Jul/2025:20:45:14 +0000] "GET / HTTP/1.1" 200 1851 "http://mail.kraft-court.cafe" "Mozilla/5.0 (compatible; InternetMeasurement/1.0; +https://internet-measurement.com/)"
87.236.176.177 - - [13/Jul/2025:20:45:15 +0000] "GET /favicon.ico HTTP/1.1" 302 - "-" "Mozilla/5.0 (compatible; InternetMeasurement/1.0; +https://internet-measurement.com/)"
87.236.176.177 - - [13/Jul/2025:20:45:16 +0000] "GET /wp-includes/images/w-logo-blue-white-bg.png HTTP/1.1" 200 4119 "https://kraft-court.cafe/favicon.ico" "Mozilla/5.0 (compatible; InternetMeasurement/1.0; +https://internet-measurement.com/)"
185.241.208.99 - - [13/Jul/2025:20:48:18 +0000] "GET / HTTP/1.1" 200 5435 "-" "Mozlila/5.0 (Linux; Android 7.0; SM-G892A Bulid/NRD90M; wv) AppleWebKit/537.36 (KHTML, like Gecko) Version/4.0 Chrome/60.0.3112.107 Moblie Safari/537.36"
185.241.208.99 - - [13/Jul/2025:20:48:18 +0000] "GET /wp-content/themes/seotheme/db.php?u HTTP/1.1" 404 5505 "www.google.com" "Mozlila/5.0 (Linux; Android 7.0; SM-G892A Bulid/NRD90M; wv) AppleWebKit/537.36 (KHTML, like Gecko) Version/4.0 Chrome/60.0.3112.107 Moblie Safari/537.36"
185.241.208.99 - - [13/Jul/2025:20:48:18 +0000] "GET /wp-content/plugins/apikey/apikey.php?test=hello HTTP/1.1" 404 5529 "-" "Mozlila/5.0 (Linux; Android 7.0; SM-G892A Bulid/NRD90M; wv) AppleWebKit/537.36 (KHTML, like Gecko) Version/4.0 Chrome/60.0.3112.107 Moblie Safari/537.36"
185.241.208.99 - - [13/Jul/2025:20:48:18 +0000] "POST /wp-plain.php HTTP/1.1" 404 5459 "www.google.com" "Mozilla/5.0 (Linux; Android 7.0; SM-G892A Bulid/NRD90M; wv) AppleWebKit/537.36 (KHTML, like Gecko) Version/4.0 Chrome/60.0.3112.107 Moblie Safari/537.36"
185.241.208.99 - - [13/Jul/2025:20:48:18 +0000] "GET /plugins/content/apismtp/apismtp.php?test=hello HTTP/1.1" 404 5527 "-" "Mozlila/5.0 (Linux; Android 7.0; SM-G892A Bulid/NRD90M; wv) AppleWebKit/537.36 (KHTML, like Gecko) Version/4.0 Chrome/60.0.3112.107 Moblie Safari/537.36"
185.241.208.99 - - [13/Jul/2025:20:48:19 +0000] "GET /bowlgpkv.php?Fox=d3wL7 HTTP/1.1" 404 5479 "www.google.com" "Mozilla/5.0 (Linux; Android 7.0; SM-G892A Bulid/NRD90M; wv) AppleWebKit/537.36 (KHTML, like Gecko) Version/4.0 Chrome/60.0.3112.107 Moblie Safari/537.36"
185.241.208.99 - - [13/Jul/2025:20:48:19 +0000] "GET /plugins/content/apismtp/apismtp.php.suspected?test=hello HTTP/1.1" 404 5547 "-" "Mozlila/5.0 (Linux; Android 7.0; SM-G892A Bulid/NRD90M; wv) AppleWebKit/537.36 (KHTML, like Gecko) Version/4.0 Chrome/60.0.3112.107 Moblie Safari/537.36"
54.36.148.120 - - [13/Jul/2025:20:52:55 +0000] "GET /robots.txt HTTP/1.1" 200 86 "-" "Mozilla/5.0 (compatible; AhrefsBot/7.0; +http://ahrefs.com/robot/)"
209.74.77.214 - - [13/Jul/2025:20:52:58 +0000] "POST /wp-cron.php?doing_wp_cron=1752439978.2263309955596923828125 HTTP/1.1" 200 - "-" "WordPress/6.8.1; https://kraft-court.cafe"
51.222.253.2 - - [13/Jul/2025:20:52:57 +0000] "GET /?x=105090458011800&mod=bc19986e&uri=search.php%3Fid%3D3507188-711%26name%3Dstivali+tezenis HTTP/1.1" 301 - "-" "Mozilla/5.0 (compatible; AhrefsBot/7.0; +http://ahrefs.com/robot/)"
66.249.65.36 - - [13/Jul/2025:20:54:17 +0000] "GET /?x=6998432021800&mod=bf5cd8b2&uri=blog.php%3Fid%3D233724-395%26name%3Dcape+pour+mariage HTTP/1.1" 200 21958 "-" "Mozilla/5.0 (Linux; Android 6.0.1; Nexus 5X Build/MMB29P) AppleWebKit/537.36 (KHTML, like Gecko) Chrome/137.0.7151.103 Mobile Safari/537.36 (compatible; Googlebot/2.1; +http://www.google.com/bot.html)"
66.249.65.35 - - [13/Jul/2025:20:59:32 +0000] "GET /?x=118761661011800&mod=3806734b&uri=brands.php%3Fid%3D3963455-102%26name%3Dgarmin+vivosmart+hr+cycling HTTP/1.1" 200 21399 "-" "Mozilla/5.0 (Linux; Android 6.0.1; Nexus 5X Build/MMB29P) AppleWebKit/537.36 (KHTML, like Gecko) Chrome/137.0.7151.103 Mobile Safari/537.36 (compatible; Googlebot/2.1; +http://www.google.com/bot.html)"
