66.249.65.36 - - [13/Jul/2025:15:22:22 +0000] "GET /?x=5852957041800&mod=d594b1a9&uri=form.php%3Fid%3D195454-341%26name%3Dterapia+masaje+relajante HTTP/1.1" 200 21278 "-" "Mozilla/5.0 (Linux; Android 6.0.1; Nexus 5X Build/MMB29P) AppleWebKit/537.36 (KHTML, like Gecko) Chrome/137.0.7151.103 Mobile Safari/537.36 (compatible; Googlebot/2.1; +http://www.google.com/bot.html)"
66.249.65.35 - - [13/Jul/2025:15:22:27 +0000] "POST /get-message-notify HTTP/1.1" 200 21854 "https://kraft-court.cafe/?x=119456042031800&mod=9854d7af&uri=products.php%3Fid%3D3986614-387%26name%3Dday+dumbbell+workout+plan" "Mozilla/5.0 (Linux; Android 6.0.1; Nexus 5X Build/MMB29P) AppleWebKit/537.36 (KHTML, like Gecko) Chrome/137.0.7151.119 Mobile Safari/537.36 (compatible; Googlebot/2.1; +http://www.google.com/bot.html)"
66.249.65.35 - - [13/Jul/2025:15:22:36 +0000] "GET /?x=5747817021800&mod=97108695&uri=pin.php%3Fid%3D191947-335%26name%3Djbl+soundbar+hdmi+arc HTTP/1.1" 200 22536 "-" "Mozilla/5.0 (Linux; Android 6.0.1; Nexus 5X Build/MMB29P) AppleWebKit/537.36 (KHTML, like Gecko) Chrome/137.0.7151.103 Mobile Safari/537.36 (compatible; Googlebot/2.1; +http://www.google.com/bot.html)"
66.249.65.35 - - [13/Jul/2025:15:22:49 +0000] "GET /?x=5848641001800&mod=621fbd17&uri=product.php%3Fid%3D195310-338%26name%3Dcanada+goose+vancouver+store+opening HTTP/1.1" 200 20808 "-" "Mozilla/5.0 (Linux; Android 6.0.1; Nexus 5X Build/MMB29P) AppleWebKit/537.36 (KHTML, like Gecko) Chrome/137.0.7151.103 Mobile Safari/537.36 (compatible; Googlebot/2.1; +http://www.google.com/bot.html)"
66.249.65.35 - - [13/Jul/2025:15:23:03 +0000] "GET /?x=5864140021800&mod=d594b1a9&uri=news.php%3Fid%3D195827-341%26name%3Dmarcas+de+cascos+italianos HTTP/1.1" 200 22036 "-" "Mozilla/5.0 (Linux; Android 6.0.1; Nexus 5X Build/MMB29P) AppleWebKit/537.36 (KHTML, like Gecko) Chrome/137.0.7151.103 Mobile Safari/537.36 (compatible; Googlebot/2.1; +http://www.google.com/bot.html)"
66.249.65.36 - - [13/Jul/2025:15:23:16 +0000] "GET /?x=5848881031800&mod=384babc3&uri=brands.php%3Fid%3D195318-339%26name%3Dburberry+vintage+coat+zip HTTP/1.1" 200 21268 "-" "Mozilla/5.0 (Linux; Android 6.0.1; Nexus 5X Build/MMB29P) AppleWebKit/537.36 (KHTML, like Gecko) Chrome/137.0.7151.103 Mobile Safari/537.36 (compatible; Googlebot/2.1; +http://www.google.com/bot.html)"
66.249.65.35 - - [13/Jul/2025:15:23:24 +0000] "GET /?x=29484877071800&mod=333cb763&uri=us.php%3Fid%3D984109-334%26name%3Dchannel+racing+tomorrow HTTP/1.1" 200 21596 "-" "Mozilla/5.0 (Linux; Android 6.0.1; Nexus 5X Build/MMB29P) AppleWebKit/537.36 (KHTML, like Gecko) Chrome/137.0.7151.103 Mobile Safari/537.36 (compatible; Googlebot/2.1; +http://www.google.com/bot.html)"
66.249.65.35 - - [13/Jul/2025:15:23:32 +0000] "GET /?x=40162974031800&mod=543e8374&uri=product.php%3Fid%3D1340427-537%26name%3Dcelebrity+silver+dress HTTP/1.1" 200 22136 "-" "Mozilla/5.0 (Linux; Android 6.0.1; Nexus 5X Build/MMB29P) AppleWebKit/537.36 (KHTML, like Gecko) Chrome/137.0.7151.103 Mobile Safari/537.36 (compatible; Googlebot/2.1; +http://www.google.com/bot.html)"
66.249.65.35 - - [13/Jul/2025:15:23:39 +0000] "GET /?x=5860480031800&mod=d594b1a9&uri=search.php%3Fid%3D195705-341%26name%3Dgafas+de+sol+aviador+ralph+lauren HTTP/1.1" 200 22207 "-" "Mozilla/5.0 (Linux; Android 6.0.1; Nexus 5X Build/MMB29P) AppleWebKit/537.36 (KHTML, like Gecko) Chrome/137.0.7151.103 Mobile Safari/537.36 (compatible; Googlebot/2.1; +http://www.google.com/bot.html)"
66.249.65.35 - - [13/Jul/2025:15:23:46 +0000] "GET /?x=47584270021800&mod=798fa73d&uri=article.php%3Fid%3D1587998-1248%26name%3Ddior+lip+glow+balm+review HTTP/1.1" 200 20777 "-" "Mozilla/5.0 (Linux; Android 6.0.1; Nexus 5X Build/MMB29P) AppleWebKit/537.36 (KHTML, like Gecko) Chrome/137.0.7151.103 Mobile Safari/537.36 (compatible; Googlebot/2.1; +http://www.google.com/bot.html)"
66.249.65.35 - - [13/Jul/2025:15:23:53 +0000] "GET /?x=5815148111800&mod=165a59f7&uri=itm.php%3Fid%3D194192-336%26name%3Dsicily+bag+uncinetto HTTP/1.1" 200 22107 "-" "Mozilla/5.0 (Linux; Android 6.0.1; Nexus 5X Build/MMB29P) AppleWebKit/537.36 (KHTML, like Gecko) Chrome/137.0.7151.103 Mobile Safari/537.36 (compatible; Googlebot/2.1; +http://www.google.com/bot.html)"
66.249.65.35 - - [13/Jul/2025:15:24:02 +0000] "POST /get-message-notify HTTP/1.1" 200 21859 "https://kraft-court.cafe/?x=5815148111800&mod=165a59f7&uri=itm.php%3Fid%3D194192-336%26name%3Dsicily+bag+uncinetto" "Mozilla/5.0 (Linux; Android 6.0.1; Nexus 5X Build/MMB29P) AppleWebKit/537.36 (KHTML, like Gecko) Chrome/137.0.7151.119 Mobile Safari/537.36 (compatible; Googlebot/2.1; +http://www.google.com/bot.html)"
66.249.65.36 - - [13/Jul/2025:15:24:05 +0000] "GET /?x=77781876001800&mod=333cb763&uri=search.php%3Fid%3D2595666-334%26name%3Dsuno+sahebji HTTP/1.1" 200 22494 "-" "Mozilla/5.0 (Linux; Android 6.0.1; Nexus 5X Build/MMB29P) AppleWebKit/537.36 (KHTML, like Gecko) Chrome/137.0.7151.103 Mobile Safari/537.36 (compatible; Googlebot/2.1; +http://www.google.com/bot.html)"
66.249.65.36 - - [13/Jul/2025:15:24:21 +0000] "GET /?x=40644564121800&mod=333cb763&uri=news.php%3Fid%3D1356492-334%26name%3Dkooku+all+series HTTP/1.1" 200 21725 "-" "Mozilla/5.0 (Linux; Android 6.0.1; Nexus 5X Build/MMB29P) AppleWebKit/537.36 (KHTML, like Gecko) Chrome/137.0.7151.103 Mobile Safari/537.36 (compatible; Googlebot/2.1; +http://www.google.com/bot.html)"
66.249.65.35 - - [13/Jul/2025:15:24:34 +0000] "GET /?x=5863600041800&mod=d594b1a9&uri=category-info.php%3Fid%3D195809-341%26name%3Dlicuado+pi%C3%83%C2%B1a+y+manzana HTTP/1.1" 200 21702 "-" "Mozilla/5.0 (Linux; Android 6.0.1; Nexus 5X Build/MMB29P) AppleWebKit/537.36 (KHTML, like Gecko) Chrome/137.0.7151.103 Mobile Safari/537.36 (compatible; Googlebot/2.1; +http://www.google.com/bot.html)"
66.249.65.35 - - [13/Jul/2025:15:24:42 +0000] "GET /?x=5844321011800&mod=384babc3&uri=category-info.php%3Fid%3D195166-339%26name%3Dadidas+terrex+china+4000 HTTP/1.1" 200 21195 "-" "Mozilla/5.0 (Linux; Android 6.0.1; Nexus 5X Build/MMB29P) AppleWebKit/537.36 (KHTML, like Gecko) Chrome/137.0.7151.103 Mobile Safari/537.36 (compatible; Googlebot/2.1; +http://www.google.com/bot.html)"
66.249.65.35 - - [13/Jul/2025:15:24:56 +0000] "GET /?x=5786155041800&mod=a8849b05&uri=category-info.php%3Fid%3D193225-57%26name%3Dray+j+bluetooth+earbuds HTTP/1.1" 200 21815 "-" "Mozilla/5.0 (Linux; Android 6.0.1; Nexus 5X Build/MMB29P) AppleWebKit/537.36 (KHTML, like Gecko) Chrome/137.0.7151.103 Mobile Safari/537.36 (compatible; Googlebot/2.1; +http://www.google.com/bot.html)"
66.249.65.35 - - [13/Jul/2025:15:25:09 +0000] "GET /?x=5738173001800&mod=97108695&uri=shop.php%3Fid%3D191625-335%26name%3Ddefy+dtt165 HTTP/1.1" 200 21199 "-" "Mozilla/5.0 (Linux; Android 6.0.1; Nexus 5X Build/MMB29P) AppleWebKit/537.36 (KHTML, like Gecko) Chrome/137.0.7151.103 Mobile Safari/537.36 (compatible; Googlebot/2.1; +http://www.google.com/bot.html)"
66.249.65.35 - - [13/Jul/2025:15:25:22 +0000] "GET /?x=77772210081800&mod=333cb763&uri=category-info.php%3Fid%3D2595338-334%26name%3Dmandalorian+hulu HTTP/1.1" 200 22125 "-" "Mozilla/5.0 (Linux; Android 6.0.1; Nexus 5X Build/MMB29P) AppleWebKit/537.36 (KHTML, like Gecko) Chrome/137.0.7151.103 Mobile Safari/537.36 (compatible; Googlebot/2.1; +http://www.google.com/bot.html)"
66.249.65.35 - - [13/Jul/2025:15:25:32 +0000] "GET /?x=119392637091800&mod=97108695&uri=product.php%3Fid%3D3984499-335%26name%3Dsupaboy HTTP/1.1" 200 21640 "-" "Mozilla/5.0 (Linux; Android 6.0.1; Nexus 5X Build/MMB29P) AppleWebKit/537.36 (KHTML, like Gecko) Chrome/137.0.7151.103 Mobile Safari/537.36 (compatible; Googlebot/2.1; +http://www.google.com/bot.html)"
209.74.77.214 - - [13/Jul/2025:15:25:41 +0000] "POST /wp-cron.php?doing_wp_cron=1752420341.1659610271453857421875 HTTP/1.1" 200 - "-" "WordPress/6.8.1; https://kraft-court.cafe"
51.222.253.1 - - [13/Jul/2025:15:25:40 +0000] "GET /?x=76745258031800&mod=2c00306d&uri=dp.php%3Fid%3D2561058-1480%26name%3Dnew+balance+boracay+v3+heren+roze HTTP/1.1" 301 - "-" "Mozilla/5.0 (compatible; AhrefsBot/7.0; +http://ahrefs.com/robot/)"
66.249.65.35 - - [13/Jul/2025:15:25:46 +0000] "GET /?x=5860420011800&mod=d594b1a9&uri=info.php%3Fid%3D195703-341%26name%3Dmasajes+linfaticos+para+papada HTTP/1.1" 200 22165 "-" "Mozilla/5.0 (Linux; Android 6.0.1; Nexus 5X Build/MMB29P) AppleWebKit/537.36 (KHTML, like Gecko) Chrome/137.0.7151.103 Mobile Safari/537.36 (compatible; Googlebot/2.1; +http://www.google.com/bot.html)"
66.249.65.37 - - [13/Jul/2025:15:26:04 +0000] "POST /get-message-notify HTTP/1.1" 200 21863 "https://kraft-court.cafe/?x=5860420011800&mod=d594b1a9&uri=info.php%3Fid%3D195703-341%26name%3Dmasajes+linfaticos+para+papada" "Mozilla/5.0 (Linux; Android 6.0.1; Nexus 5X Build/MMB29P) AppleWebKit/537.36 (KHTML, like Gecko) Chrome/137.0.7151.119 Mobile Safari/537.36 (compatible; Googlebot/2.1; +http://www.google.com/bot.html)"
66.249.65.35 - - [13/Jul/2025:15:25:59 +0000] "GET /?x=40649380081800&mod=333cb763&uri=blog.php%3Fid%3D1356653-334%26name%3Dtv+show+sweet+magnolias HTTP/1.1" 200 21484 "-" "Mozilla/5.0 (Linux; Android 6.0.1; Nexus 5X Build/MMB29P) AppleWebKit/537.36 (KHTML, like Gecko) Chrome/137.0.7151.103 Mobile Safari/537.36 (compatible; Googlebot/2.1; +http://www.google.com/bot.html)"
66.249.65.35 - - [13/Jul/2025:15:26:10 +0000] "GET /?x=5853197121800&mod=734e6bfc&uri=brands.php%3Fid%3D195462-340%26name%3Dtenis+puma+turin+jr HTTP/1.1" 200 20583 "-" "Mozilla/5.0 (Linux; Android 6.0.1; Nexus 5X Build/MMB29P) AppleWebKit/537.36 (KHTML, like Gecko) Chrome/137.0.7151.103 Mobile Safari/537.36 (compatible; Googlebot/2.1; +http://www.google.com/bot.html)"
66.249.65.36 - - [13/Jul/2025:15:26:10 +0000] "GET /?x=5699277131800&mod=2de7cf20&uri=itm.php%3Fid%3D190297-333%26name%3Dgolden+colour+kada HTTP/1.1" 200 21556 "-" "Mozilla/5.0 (Linux; Android 6.0.1; Nexus 5X Build/MMB29P) AppleWebKit/537.36 (KHTML, like Gecko) Chrome/137.0.7151.103 Mobile Safari/537.36 (compatible; Googlebot/2.1; +http://www.google.com/bot.html)"
66.249.65.35 - - [13/Jul/2025:15:26:22 +0000] "GET /?x=5862880101800&mod=d594b1a9&uri=news.php%3Fid%3D195785-341%26name%3Dprecio+del+perfume+pi+de+givenchy HTTP/1.1" 200 21444 "-" "Mozilla/5.0 (Linux; Android 6.0.1; Nexus 5X Build/MMB29P) AppleWebKit/537.36 (KHTML, like Gecko) Chrome/137.0.7151.103 Mobile Safari/537.36 (compatible; Googlebot/2.1; +http://www.google.com/bot.html)"
66.249.65.35 - - [13/Jul/2025:15:26:29 +0000] "GET /?x=47657440061800&mod=3a835d32&uri=form.php%3Fid%3D1590438-76%26name%3Dbri957 HTTP/1.1" 200 20607 "-" "Mozilla/5.0 (Linux; Android 6.0.1; Nexus 5X Build/MMB29P) AppleWebKit/537.36 (KHTML, like Gecko) Chrome/137.0.7151.103 Mobile Safari/537.36 (compatible; Googlebot/2.1; +http://www.google.com/bot.html)"
66.249.65.35 - - [13/Jul/2025:15:26:30 +0000] "POST /get-message-notify HTTP/1.1" 200 21861 "https://kraft-court.cafe/?x=5862880101800&mod=d594b1a9&uri=news.php%3Fid%3D195785-341%26name%3Dprecio+del+perfume+pi+de+givenchy" "Mozilla/5.0 (Linux; Android 6.0.1; Nexus 5X Build/MMB29P) AppleWebKit/537.36 (KHTML, like Gecko) Chrome/137.0.7151.119 Mobile Safari/537.36 (compatible; Googlebot/2.1; +http://www.google.com/bot.html)"
66.249.65.36 - - [13/Jul/2025:15:27:44 +0000] "GET /?x=5861980101800&mod=384babc3&uri=blog.php%3Fid%3D195755-339%26name%3Dadidas+shoes+7000+2019 HTTP/1.1" 200 22193 "-" "Mozilla/5.0 (Linux; Android 6.0.1; Nexus 5X Build/MMB29P) AppleWebKit/537.36 (KHTML, like Gecko) Chrome/137.0.7151.103 Mobile Safari/537.36 (compatible; Googlebot/2.1; +http://www.google.com/bot.html)"
66.249.65.36 - - [13/Jul/2025:15:27:54 +0000] "GET /?x=28927064041800&mod=333cb763&uri=products.php%3Fid%3D965458-334%26name%3Dbbc+snooker+order+of+play HTTP/1.1" 200 21819 "-" "Mozilla/5.0 (Linux; Android 6.0.1; Nexus 5X Build/MMB29P) AppleWebKit/537.36 (KHTML, like Gecko) Chrome/137.0.7151.103 Mobile Safari/537.36 (compatible; Googlebot/2.1; +http://www.google.com/bot.html)"
66.249.65.35 - - [13/Jul/2025:15:28:08 +0000] "GET /?x=5847681081800&mod=734e6bfc&uri=category-info.php%3Fid%3D195278-340%26name%3Dchampion+sweatshirt+urban+dictionary+50 HTTP/1.1" 200 20732 "-" "Mozilla/5.0 (Linux; Android 6.0.1; Nexus 5X Build/MMB29P) AppleWebKit/537.36 (KHTML, like Gecko) Chrome/137.0.7151.103 Mobile Safari/537.36 (compatible; Googlebot/2.1; +http://www.google.com/bot.html)"
66.249.65.35 - - [13/Jul/2025:15:28:45 +0000] "POST /get-message-notify HTTP/1.1" 200 21869 "https://kraft-court.cafe/?x=47657440061800&mod=3a835d32&uri=form.php%3Fid%3D1590438-76%26name%3Dbri957" "Mozilla/5.0 (Linux; Android 6.0.1; Nexus 5X Build/MMB29P) AppleWebKit/537.36 (KHTML, like Gecko) Chrome/137.0.7151.119 Mobile Safari/537.36 (compatible; Googlebot/2.1; +http://www.google.com/bot.html)"
66.249.65.35 - - [13/Jul/2025:15:29:43 +0000] "GET /?x=39984224051800&mod=a8849b05&uri=news.php%3Fid%3D1334467-57%26name%3Dbest+true+wireless+earbuds+under+7000 HTTP/1.1" 200 22386 "-" "Mozilla/5.0 (Linux; Android 6.0.1; Nexus 5X Build/MMB29P) AppleWebKit/537.36 (KHTML, like Gecko) Chrome/137.0.7151.103 Mobile Safari/537.36 (compatible; Googlebot/2.1; +http://www.google.com/bot.html)"
66.249.65.35 - - [13/Jul/2025:15:29:52 +0000] "GET /?x=5860600101800&mod=d594b1a9&uri=products.php%3Fid%3D195709-341%26name%3Dpiedras+basalto+masaje HTTP/1.1" 200 21965 "-" "Mozilla/5.0 (Linux; Android 6.0.1; Nexus 5X Build/MMB29P) AppleWebKit/537.36 (KHTML, like Gecko) Chrome/137.0.7151.103 Mobile Safari/537.36 (compatible; Googlebot/2.1; +http://www.google.com/bot.html)"
66.249.65.35 - - [13/Jul/2025:15:29:52 +0000] "GET /?x=3477184081800&mod=cd3afef9&uri=product.php%3Fid%3D116065-220%26name%3Dred+woollen+coat HTTP/1.1" 200 21436 "-" "Mozilla/5.0 (Linux; Android 6.0.1; Nexus 5X Build/MMB29P) AppleWebKit/537.36 (KHTML, like Gecko) Chrome/137.0.7151.103 Mobile Safari/537.36 (compatible; Googlebot/2.1; +http://www.google.com/bot.html)"
66.249.65.36 - - [13/Jul/2025:15:30:01 +0000] "GET /?x=119077409121800&mod=8f4576ad&uri=dp.php%3Fid%3D3973987-464%26name%3Dhow+to+set+laptop+to+use+nvidia+gpu HTTP/1.1" 200 21136 "-" "Mozilla/5.0 (Linux; Android 6.0.1; Nexus 5X Build/MMB29P) AppleWebKit/537.36 (KHTML, like Gecko) Chrome/137.0.7151.103 Mobile Safari/537.36 (compatible; Googlebot/2.1; +http://www.google.com/bot.html)"
66.249.65.35 - - [13/Jul/2025:15:30:02 +0000] "POST /get-message-notify HTTP/1.1" 200 21858 "https://kraft-court.cafe/?x=5860600101800&mod=d594b1a9&uri=products.php%3Fid%3D195709-341%26name%3Dpiedras+basalto+masaje" "Mozilla/5.0 (Linux; Android 6.0.1; Nexus 5X Build/MMB29P) AppleWebKit/537.36 (KHTML, like Gecko) Chrome/137.0.7151.119 Mobile Safari/537.36 (compatible; Googlebot/2.1; +http://www.google.com/bot.html)"
66.249.65.36 - - [13/Jul/2025:15:30:06 +0000] "POST /get-message-notify HTTP/1.1" 200 21869 "https://kraft-court.cafe/?x=39984224051800&mod=a8849b05&uri=news.php%3Fid%3D1334467-57%26name%3Dbest+true+wireless+earbuds+under+7000" "Mozilla/5.0 (Linux; Android 6.0.1; Nexus 5X Build/MMB29P) AppleWebKit/537.36 (KHTML, like Gecko) Chrome/137.0.7151.119 Mobile Safari/537.36 (compatible; Googlebot/2.1; +http://www.google.com/bot.html)"
66.249.65.35 - - [13/Jul/2025:15:30:15 +0000] "GET /?x=5707544091800&mod=2de7cf20&uri=product.php%3Fid%3D190575-333%26name%3Dtiffany+band+ring+gold HTTP/1.1" 200 22112 "-" "Mozilla/5.0 (Linux; Android 6.0.1; Nexus 5X Build/MMB29P) AppleWebKit/537.36 (KHTML, like Gecko) Chrome/137.0.7151.103 Mobile Safari/537.36 (compatible; Googlebot/2.1; +http://www.google.com/bot.html)"
66.249.65.35 - - [13/Jul/2025:15:30:19 +0000] "POST /get-message-notify HTTP/1.1" 200 21861 "https://kraft-court.cafe/?x=5707544091800&mod=2de7cf20&uri=product.php%3Fid%3D190575-333%26name%3Dtiffany+band+ring+gold" "Mozilla/5.0 (Linux; Android 6.0.1; Nexus 5X Build/MMB29P) AppleWebKit/537.36 (KHTML, like Gecko) Chrome/137.0.7151.119 Mobile Safari/537.36 (compatible; Googlebot/2.1; +http://www.google.com/bot.html)"
66.249.65.35 - - [13/Jul/2025:15:30:29 +0000] "GET /?x=5716069031800&mod=333cb763&uri=article.php%3Fid%3D190869-334%26name%3Dunimatic+spongebob+watch HTTP/1.1" 200 22514 "-" "Mozilla/5.0 (Linux; Android 6.0.1; Nexus 5X Build/MMB29P) AppleWebKit/537.36 (KHTML, like Gecko) Chrome/137.0.7151.103 Mobile Safari/537.36 (compatible; Googlebot/2.1; +http://www.google.com/bot.html)"
66.249.65.35 - - [13/Jul/2025:15:30:43 +0000] "GET /?x=5731848001800&mod=333cb763&uri=blog.php%3Fid%3D191413-334%26name%3D90+day+fiance+s8e10 HTTP/1.1" 200 21582 "-" "Mozilla/5.0 (Linux; Android 6.0.1; Nexus 5X Build/MMB29P) AppleWebKit/537.36 (KHTML, like Gecko) Chrome/137.0.7151.103 Mobile Safari/537.36 (compatible; Googlebot/2.1; +http://www.google.com/bot.html)"
66.249.65.35 - - [13/Jul/2025:15:30:50 +0000] "GET /?x=119469602101800&mod=9854d7af&uri=products.php%3Fid%3D3987066-387%26name%3Dsingle+heavy+dumbbell+workout HTTP/1.1" 200 21749 "-" "Mozilla/5.0 (Linux; Android 6.0.1; Nexus 5X Build/MMB29P) AppleWebKit/537.36 (KHTML, like Gecko) Chrome/137.0.7151.103 Mobile Safari/537.36 (compatible; Googlebot/2.1; +http://www.google.com/bot.html)"
66.249.65.36 - - [13/Jul/2025:15:31:03 +0000] "GET /?x=5708244011800&mod=2de7cf20&uri=article.php%3Fid%3D190599-333%26name%3Dhuman+ash+rings HTTP/1.1" 200 21655 "-" "Mozilla/5.0 (Linux; Android 6.0.1; Nexus 5X Build/MMB29P) AppleWebKit/537.36 (KHTML, like Gecko) Chrome/137.0.7151.103 Mobile Safari/537.36 (compatible; Googlebot/2.1; +http://www.google.com/bot.html)"
66.249.65.36 - - [13/Jul/2025:15:31:17 +0000] "GET /?x=6147935001800&mod=50cf0763&uri=category-info.php%3Fid%3D205299-354%26name%3Dfila+disruptor+jaune HTTP/1.1" 200 21175 "-" "Mozilla/5.0 (Linux; Android 6.0.1; Nexus 5X Build/MMB29P) AppleWebKit/537.36 (KHTML, like Gecko) Chrome/137.0.7151.103 Mobile Safari/537.36 (compatible; Googlebot/2.1; +http://www.google.com/bot.html)"
66.249.65.35 - - [13/Jul/2025:15:31:32 +0000] "GET /?x=59507348071800&mod=e94fe9ac&uri=info.php%3Fid%3D1985797-332%26name%3Dfunny+questions+to+ask+from+google+assistant HTTP/1.1" 200 21591 "-" "Mozilla/5.0 (Linux; Android 6.0.1; Nexus 5X Build/MMB29P) AppleWebKit/537.36 (KHTML, like Gecko) Chrome/137.0.7151.103 Mobile Safari/537.36 (compatible; Googlebot/2.1; +http://www.google.com/bot.html)"
66.249.65.35 - - [13/Jul/2025:15:31:38 +0000] "POST /get-message-notify HTTP/1.1" 200 21864 "https://kraft-court.cafe/?x=59507348071800&mod=e94fe9ac&uri=info.php%3Fid%3D1985797-332%26name%3Dfunny+questions+to+ask+from+google+assistant" "Mozilla/5.0 (Linux; Android 6.0.1; Nexus 5X Build/MMB29P) AppleWebKit/537.36 (KHTML, like Gecko) Chrome/137.0.7151.119 Mobile Safari/537.36 (compatible; Googlebot/2.1; +http://www.google.com/bot.html)"
66.249.65.35 - - [13/Jul/2025:15:31:44 +0000] "GET /?x=5619817011800&mod=e94fe9ac&uri=form.php%3Fid%3D187637-332%26name%3Dgigguk+3x3 HTTP/1.1" 200 21916 "-" "Mozilla/5.0 (Linux; Android 6.0.1; Nexus 5X Build/MMB29P) AppleWebKit/537.36 (KHTML, like Gecko) Chrome/137.0.7151.103 Mobile Safari/537.36 (compatible; Googlebot/2.1; +http://www.google.com/bot.html)"
66.249.65.35 - - [13/Jul/2025:15:31:52 +0000] "GET /?x=5716771021800&mod=333cb763&uri=pin.php%3Fid%3D190893-334%26name%3Ddragon+ball+viewing+guide HTTP/1.1" 200 22372 "-" "Mozilla/5.0 (Linux; Android 6.0.1; Nexus 5X Build/MMB29P) AppleWebKit/537.36 (KHTML, like Gecko) Chrome/137.0.7151.103 Mobile Safari/537.36 (compatible; Googlebot/2.1; +http://www.google.com/bot.html)"
66.249.65.37 - - [13/Jul/2025:15:32:05 +0000] "GET /?x=5638502031800&mod=55d99a37&uri=itm.php%3Fid%3D188267-315%26name%3Duhrenband+24 HTTP/1.1" 200 21177 "-" "Mozilla/5.0 (Linux; Android 6.0.1; Nexus 5X Build/MMB29P) AppleWebKit/537.36 (KHTML, like Gecko) Chrome/137.0.7151.103 Mobile Safari/537.36 (compatible; Googlebot/2.1; +http://www.google.com/bot.html)"
66.249.65.36 - - [13/Jul/2025:15:32:18 +0000] "GET /?x=119790520031800&mod=cc099134&uri=shared.php%3Fid%3D3997773-242%26name%3Dblack+smeg+slice+toaster HTTP/1.1" 200 22333 "-" "Mozilla/5.0 (Linux; Android 6.0.1; Nexus 5X Build/MMB29P) AppleWebKit/537.36 (KHTML, like Gecko) Chrome/137.0.7151.103 Mobile Safari/537.36 (compatible; Googlebot/2.1; +http://www.google.com/bot.html)"
66.249.65.35 - - [13/Jul/2025:15:32:45 +0000] "GET /?x=59497552071800&mod=e94fe9ac&uri=itm.php%3Fid%3D1985469-332%26name%3Dcocomelon+jelly+bean+hamster HTTP/1.1" 200 22226 "-" "Mozilla/5.0 (Linux; Android 6.0.1; Nexus 5X Build/MMB29P) AppleWebKit/537.36 (KHTML, like Gecko) Chrome/137.0.7151.103 Mobile Safari/537.36 (compatible; Googlebot/2.1; +http://www.google.com/bot.html)"
66.249.65.35 - - [13/Jul/2025:15:32:46 +0000] "GET /?x=5807708001800&mod=165a59f7&uri=brands.php%3Fid%3D193944-336%26name%3Dborse+michael+kors+stileo HTTP/1.1" 200 22305 "-" "Mozilla/5.0 (Linux; Android 6.0.1; Nexus 5X Build/MMB29P) AppleWebKit/537.36 (KHTML, like Gecko) Chrome/137.0.7151.103 Mobile Safari/537.36 (compatible; Googlebot/2.1; +http://www.google.com/bot.html)"
66.249.65.35 - - [13/Jul/2025:15:32:59 +0000] "GET /?x=34551448041800&mod=e94fe9ac&uri=product.php%3Fid%3D1153205-332%26name%3Dsamsung+heart+rate+app HTTP/1.1" 200 22327 "-" "Mozilla/5.0 (Linux; Android 6.0.1; Nexus 5X Build/MMB29P) AppleWebKit/537.36 (KHTML, like Gecko) Chrome/137.0.7151.103 Mobile Safari/537.36 (compatible; Googlebot/2.1; +http://www.google.com/bot.html)"
66.249.65.35 - - [13/Jul/2025:15:33:00 +0000] "POST /get-message-notify HTTP/1.1" 200 21860 "https://kraft-court.cafe/?x=5716771021800&mod=333cb763&uri=pin.php%3Fid%3D190893-334%26name%3Ddragon+ball+viewing+guide" "Mozilla/5.0 (Linux; Android 6.0.1; Nexus 5X Build/MMB29P) AppleWebKit/537.36 (KHTML, like Gecko) Chrome/137.0.7151.119 Mobile Safari/537.36 (compatible; Googlebot/2.1; +http://www.google.com/bot.html)"
66.249.65.35 - - [13/Jul/2025:15:33:33 +0000] "GET /?x=47661396001800&mod=ad067202&uri=goods.php%3Fid%3D1590570-669%26name%3Dtrumedic+trurelief HTTP/1.1" 200 22203 "-" "Mozilla/5.0 (Linux; Android 6.0.1; Nexus 5X Build/MMB29P) AppleWebKit/537.36 (KHTML, like Gecko) Chrome/137.0.7151.103 Mobile Safari/537.36 (compatible; Googlebot/2.1; +http://www.google.com/bot.html)"
66.249.65.35 - - [13/Jul/2025:15:33:35 +0000] "POST /get-message-notify HTTP/1.1" 200 21860 "https://kraft-court.cafe/?x=59497552071800&mod=e94fe9ac&uri=itm.php%3Fid%3D1985469-332%26name%3Dcocomelon+jelly+bean+hamster" "Mozilla/5.0 (Linux; Android 6.0.1; Nexus 5X Build/MMB29P) AppleWebKit/537.36 (KHTML, like Gecko) Chrome/137.0.7151.119 Mobile Safari/537.36 (compatible; Googlebot/2.1; +http://www.google.com/bot.html)"
66.249.65.35 - - [13/Jul/2025:15:33:38 +0000] "POST /get-message-notify HTTP/1.1" 200 21863 "https://kraft-court.cafe/?x=47661396001800&mod=ad067202&uri=goods.php%3Fid%3D1590570-669%26name%3Dtrumedic+trurelief" "Mozilla/5.0 (Linux; Android 6.0.1; Nexus 5X Build/MMB29P) AppleWebKit/537.36 (KHTML, like Gecko) Chrome/137.0.7151.119 Mobile Safari/537.36 (compatible; Googlebot/2.1; +http://www.google.com/bot.html)"
66.249.65.35 - - [13/Jul/2025:15:33:54 +0000] "GET /?x=5698377051800&mod=2de7cf20&uri=brands.php%3Fid%3D190267-333%26name%3Dbuild+your+dream+engagement+ring HTTP/1.1" 200 22481 "-" "Mozilla/5.0 (Linux; Android 6.0.1; Nexus 5X Build/MMB29P) AppleWebKit/537.36 (KHTML, like Gecko) Chrome/137.0.7151.103 Mobile Safari/537.36 (compatible; Googlebot/2.1; +http://www.google.com/bot.html)"
66.249.65.35 - - [13/Jul/2025:15:34:29 +0000] "POST /get-message-notify HTTP/1.1" 200 21862 "https://kraft-court.cafe/?x=34551448041800&mod=e94fe9ac&uri=product.php%3Fid%3D1153205-332%26name%3Dsamsung+heart+rate+app" "Mozilla/5.0 (Linux; Android 6.0.1; Nexus 5X Build/MMB29P) AppleWebKit/537.36 (KHTML, like Gecko) Chrome/137.0.7151.119 Mobile Safari/537.36 (compatible; Googlebot/2.1; +http://www.google.com/bot.html)"
66.249.65.35 - - [13/Jul/2025:15:34:56 +0000] "GET /?x=5711793011800&mod=333cb763&uri=product.php%3Fid%3D190719-334%26name%3Dhaiwaan+zee5 HTTP/1.1" 200 22980 "-" "Mozilla/5.0 (Linux; Android 6.0.1; Nexus 5X Build/MMB29P) AppleWebKit/537.36 (KHTML, like Gecko) Chrome/137.0.7151.103 Mobile Safari/537.36 (compatible; Googlebot/2.1; +http://www.google.com/bot.html)"
66.249.65.37 - - [13/Jul/2025:15:35:03 +0000] "GET /?x=5695077061800&mod=2de7cf20&uri=shop.php%3Fid%3D190157-333%26name%3Dkay+color+stone+family+heart+necklace HTTP/1.1" 200 22006 "-" "Mozilla/5.0 (Linux; Android 6.0.1; Nexus 5X Build/MMB29P) AppleWebKit/537.36 (KHTML, like Gecko) Chrome/137.0.7151.103 Mobile Safari/537.36 (compatible; Googlebot/2.1; +http://www.google.com/bot.html)"
66.249.65.36 - - [13/Jul/2025:15:35:16 +0000] "GET /?x=5715021071800&mod=333cb763&uri=products.php%3Fid%3D190833-334%26name%3Dcrossover+chicago+pd+law+and+order+nadia HTTP/1.1" 200 21728 "-" "Mozilla/5.0 (Linux; Android 6.0.1; Nexus 5X Build/MMB29P) AppleWebKit/537.36 (KHTML, like Gecko) Chrome/137.0.7151.103 Mobile Safari/537.36 (compatible; Googlebot/2.1; +http://www.google.com/bot.html)"
66.249.65.35 - - [13/Jul/2025:15:35:29 +0000] "GET /?x=5715729011800&mod=333cb763&uri=goods.php%3Fid%3D190857-334%26name%3Dspartacus+s1e9 HTTP/1.1" 200 21976 "-" "Mozilla/5.0 (Linux; Android 6.0.1; Nexus 5X Build/MMB29P) AppleWebKit/537.36 (KHTML, like Gecko) Chrome/137.0.7151.103 Mobile Safari/537.36 (compatible; Googlebot/2.1; +http://www.google.com/bot.html)"
66.249.65.35 - - [13/Jul/2025:15:35:43 +0000] "GET /?x=5715889021800&mod=333cb763&uri=news.php%3Fid%3D190863-334%26name%3Droadies+revolution+26+september HTTP/1.1" 200 22207 "-" "Mozilla/5.0 (Linux; Android 6.0.1; Nexus 5X Build/MMB29P) AppleWebKit/537.36 (KHTML, like Gecko) Chrome/137.0.7151.103 Mobile Safari/537.36 (compatible; Googlebot/2.1; +http://www.google.com/bot.html)"
66.249.65.35 - - [13/Jul/2025:15:35:59 +0000] "GET /?x=86766264131800&mod=e94fe9ac&uri=category-info.php%3Fid%3D2895519-332%26name%3Dyeh+rishta+kya+kehlata+hai+15+december+2018 HTTP/1.1" 200 21493 "-" "Mozilla/5.0 (Linux; Android 6.0.1; Nexus 5X Build/MMB29P) AppleWebKit/537.36 (KHTML, like Gecko) Chrome/137.0.7151.103 Mobile Safari/537.36 (compatible; Googlebot/2.1; +http://www.google.com/bot.html)"
66.249.65.35 - - [13/Jul/2025:15:36:02 +0000] "POST /get-message-notify HTTP/1.1" 200 21874 "https://kraft-court.cafe/?x=86766264131800&mod=e94fe9ac&uri=category-info.php%3Fid%3D2895519-332%26name%3Dyeh+rishta+kya+kehlata+hai+15+december+2018" "Mozilla/5.0 (Linux; Android 6.0.1; Nexus 5X Build/MMB29P) AppleWebKit/537.36 (KHTML, like Gecko) Chrome/137.0.7151.119 Mobile Safari/537.36 (compatible; Googlebot/2.1; +http://www.google.com/bot.html)"
66.249.65.35 - - [13/Jul/2025:15:36:12 +0000] "GET /?x=34560679091800&mod=e94fe9ac&uri=dp.php%3Fid%3D1153520-332%26name%3Dnike+fossil+shoes HTTP/1.1" 200 21798 "-" "Mozilla/5.0 (Linux; Android 6.0.1; Nexus 5X Build/MMB29P) AppleWebKit/537.36 (KHTML, like Gecko) Chrome/137.0.7151.103 Mobile Safari/537.36 (compatible; Googlebot/2.1; +http://www.google.com/bot.html)"
66.249.65.35 - - [13/Jul/2025:15:36:18 +0000] "POST /get-message-notify HTTP/1.1" 200 21865 "https://kraft-court.cafe/?x=34560679091800&mod=e94fe9ac&uri=dp.php%3Fid%3D1153520-332%26name%3Dnike+fossil+shoes" "Mozilla/5.0 (Linux; Android 6.0.1; Nexus 5X Build/MMB29P) AppleWebKit/537.36 (KHTML, like Gecko) Chrome/137.0.7151.119 Mobile Safari/537.36 (compatible; Googlebot/2.1; +http://www.google.com/bot.html)"
66.249.65.35 - - [13/Jul/2025:15:36:25 +0000] "GET /?x=5704196101800&mod=2de7cf20&uri=us.php%3Fid%3D190461-333%26name%3Dis+h+diamond+color+good HTTP/1.1" 200 21590 "-" "Mozilla/5.0 (Linux; Android 6.0.1; Nexus 5X Build/MMB29P) AppleWebKit/537.36 (KHTML, like Gecko) Chrome/137.0.7151.103 Mobile Safari/537.36 (compatible; Googlebot/2.1; +http://www.google.com/bot.html)"
66.249.65.35 - - [13/Jul/2025:15:36:32 +0000] "GET /?x=88904941001800&mod=e94fe9ac&uri=us.php%3Fid%3D2966894-332%26name%3Dfawlty+towers+s1+e1 HTTP/1.1" 200 22349 "-" "Mozilla/5.0 (Linux; Android 6.0.1; Nexus 5X Build/MMB29P) AppleWebKit/537.36 (KHTML, like Gecko) Chrome/137.0.7151.103 Mobile Safari/537.36 (compatible; Googlebot/2.1; +http://www.google.com/bot.html)"
66.249.65.35 - - [13/Jul/2025:15:36:50 +0000] "GET /?x=5712796041800&mod=333cb763&uri=pin.php%3Fid%3D190755-334%26name%3D90+day+fiance+our+journey+so+far HTTP/1.1" 200 22423 "-" "Mozilla/5.0 (Linux; Android 6.0.1; Nexus 5X Build/MMB29P) AppleWebKit/537.36 (KHTML, like Gecko) Chrome/137.0.7151.103 Mobile Safari/537.36 (compatible; Googlebot/2.1; +http://www.google.com/bot.html)"
66.249.65.35 - - [13/Jul/2025:15:36:53 +0000] "POST /get-message-notify HTTP/1.1" 200 21851 "https://kraft-court.cafe/?x=5712796041800&mod=333cb763&uri=pin.php%3Fid%3D190755-334%26name%3D90+day+fiance+our+journey+so+far" "Mozilla/5.0 (Linux; Android 6.0.1; Nexus 5X Build/MMB29P) AppleWebKit/537.36 (KHTML, like Gecko) Chrome/137.0.7151.119 Mobile Safari/537.36 (compatible; Googlebot/2.1; +http://www.google.com/bot.html)"
66.249.65.37 - - [13/Jul/2025:15:37:03 +0000] "GET /?x=5704376011800&mod=2de7cf20&uri=info.php%3Fid%3D190467-333%26name%3Dpandora+stacking+ring+set HTTP/1.1" 200 21559 "-" "Mozilla/5.0 (Linux; Android 6.0.1; Nexus 5X Build/MMB29P) AppleWebKit/537.36 (KHTML, like Gecko) Chrome/137.0.7151.103 Mobile Safari/537.36 (compatible; Googlebot/2.1; +http://www.google.com/bot.html)"
66.249.65.35 - - [13/Jul/2025:15:37:03 +0000] "GET /?x=6050484011800&mod=b071cfa8&uri=pin.php%3Fid%3D202046-347%26name%3Dpull+col+v+rose HTTP/1.1" 200 21254 "-" "Mozilla/5.0 (Linux; Android 6.0.1; Nexus 5X Build/MMB29P) AppleWebKit/537.36 (KHTML, like Gecko) Chrome/137.0.7151.103 Mobile Safari/537.36 (compatible; Googlebot/2.1; +http://www.google.com/bot.html)"
66.249.65.35 - - [13/Jul/2025:15:37:10 +0000] "GET /?x=5713288021800&mod=2de7cf20&uri=shop.php%3Fid%3D190773-333%26name%3Dtwo+finger+ring+silver HTTP/1.1" 200 22034 "-" "Mozilla/5.0 (Linux; Android 6.0.1; Nexus 5X Build/MMB29P) AppleWebKit/537.36 (KHTML, like Gecko) Chrome/137.0.7151.103 Mobile Safari/537.36 (compatible; Googlebot/2.1; +http://www.google.com/bot.html)"
66.249.65.35 - - [13/Jul/2025:15:37:17 +0000] "POST /get-message-notify HTTP/1.1" 200 21852 "https://kraft-court.cafe/?x=5713288021800&mod=2de7cf20&uri=shop.php%3Fid%3D190773-333%26name%3Dtwo+finger+ring+silver" "Mozilla/5.0 (Linux; Android 6.0.1; Nexus 5X Build/MMB29P) AppleWebKit/537.36 (KHTML, like Gecko) Chrome/137.0.7151.119 Mobile Safari/537.36 (compatible; Googlebot/2.1; +http://www.google.com/bot.html)"
66.249.65.35 - - [13/Jul/2025:15:37:24 +0000] "GET /?x=88885336021800&mod=e94fe9ac&uri=itm.php%3Fid%3D2966238-332%26name%3Dhow+far+can+a+gps+apple+watch+work HTTP/1.1" 200 22494 "-" "Mozilla/5.0 (Linux; Android 6.0.1; Nexus 5X Build/MMB29P) AppleWebKit/537.36 (KHTML, like Gecko) Chrome/137.0.7151.103 Mobile Safari/537.36 (compatible; Googlebot/2.1; +http://www.google.com/bot.html)"
66.249.65.35 - - [13/Jul/2025:15:37:29 +0000] "POST /get-message-notify HTTP/1.1" 200 21861 "https://kraft-court.cafe/?x=88885336021800&mod=e94fe9ac&uri=itm.php%3Fid%3D2966238-332%26name%3Dhow+far+can+a+gps+apple+watch+work" "Mozilla/5.0 (Linux; Android 6.0.1; Nexus 5X Build/MMB29P) AppleWebKit/537.36 (KHTML, like Gecko) Chrome/137.0.7151.119 Mobile Safari/537.36 (compatible; Googlebot/2.1; +http://www.google.com/bot.html)"
66.249.65.35 - - [13/Jul/2025:15:37:38 +0000] "GET /?x=86777723061800&mod=e94fe9ac&uri=form.php%3Fid%3D2895902-332%26name%3Dyeh+rishta+kya+kehlata+hai+10+july+2014 HTTP/1.1" 200 21427 "-" "Mozilla/5.0 (Linux; Android 6.0.1; Nexus 5X Build/MMB29P) AppleWebKit/537.36 (KHTML, like Gecko) Chrome/137.0.7151.103 Mobile Safari/537.36 (compatible; Googlebot/2.1; +http://www.google.com/bot.html)"
66.249.65.35 - - [13/Jul/2025:15:37:53 +0000] "GET /?x=6112355051800&mod=d3a7f48c&uri=goods.php%3Fid%3D204113-208%26name%3Damazon+z7 HTTP/1.1" 200 21667 "-" "Mozilla/5.0 (Linux; Android 6.0.1; Nexus 5X Build/MMB29P) AppleWebKit/537.36 (KHTML, like Gecko) Chrome/137.0.7151.103 Mobile Safari/537.36 (compatible; Googlebot/2.1; +http://www.google.com/bot.html)"
209.74.77.214 - - [13/Jul/2025:15:37:59 +0000] "POST /wp-cron.php?doing_wp_cron=1752421079.1688320636749267578125 HTTP/1.1" 200 - "-" "WordPress/6.8.1; https://kraft-court.cafe"
51.222.253.6 - - [13/Jul/2025:15:37:58 +0000] "GET /?x=78172432091800&mod=8ca01ea9&uri=blog.php%3Fid%3D2608702-665%26name%3Dretro+11+pink HTTP/1.1" 301 - "-" "Mozilla/5.0 (compatible; AhrefsBot/7.0; +http://ahrefs.com/robot/)"
66.249.65.37 - - [13/Jul/2025:15:38:02 +0000] "GET /?x=47613280031800&mod=a8849b05&uri=itm.php%3Fid%3D1588965-57%26name%3Dcan+iphone+earphones+work+on+ps4 HTTP/1.1" 200 22373 "-" "Mozilla/5.0 (Linux; Android 6.0.1; Nexus 5X Build/MMB29P) AppleWebKit/537.36 (KHTML, like Gecko) Chrome/137.0.7151.103 Mobile Safari/537.36 (compatible; Googlebot/2.1; +http://www.google.com/bot.html)"
66.249.65.35 - - [13/Jul/2025:15:38:29 +0000] "GET /?x=47613820021800&mod=f0031c7a&uri=itm.php%3Fid%3D1588983-311%26name%3Dbarbie+in+bikini HTTP/1.1" 200 22174 "-" "Mozilla/5.0 (Linux; Android 6.0.1; Nexus 5X Build/MMB29P) AppleWebKit/537.36 (KHTML, like Gecko) Chrome/137.0.7151.103 Mobile Safari/537.36 (compatible; Googlebot/2.1; +http://www.google.com/bot.html)"
66.249.65.35 - - [13/Jul/2025:15:38:42 +0000] "GET /?x=47543770021800&mod=0d2922ee&uri=news.php%3Fid%3D1586648-1246%26name%3Dcheetah+print+furry+bag HTTP/1.1" 200 21477 "-" "Mozilla/5.0 (Linux; Android 6.0.1; Nexus 5X Build/MMB29P) AppleWebKit/537.36 (KHTML, like Gecko) Chrome/137.0.7151.103 Mobile Safari/537.36 (compatible; Googlebot/2.1; +http://www.google.com/bot.html)"
66.249.65.35 - - [13/Jul/2025:15:38:56 +0000] "GET /?x=47519525031800&mod=0d2922ee&uri=product.php%3Fid%3D1585839-1246%26name%3Dfaux+leather+top+zara HTTP/1.1" 200 21127 "-" "Mozilla/5.0 (Linux; Android 6.0.1; Nexus 5X Build/MMB29P) AppleWebKit/537.36 (KHTML, like Gecko) Chrome/137.0.7151.103 Mobile Safari/537.36 (compatible; Googlebot/2.1; +http://www.google.com/bot.html)"
66.249.65.36 - - [13/Jul/2025:15:39:09 +0000] "GET /?x=47519495021800&mod=0d2922ee&uri=itm.php%3Fid%3D1585838-1246%26name%3Dused+womens+skis+with+bindings HTTP/1.1" 200 20786 "-" "Mozilla/5.0 (Linux; Android 6.0.1; Nexus 5X Build/MMB29P) AppleWebKit/537.36 (KHTML, like Gecko) Chrome/137.0.7151.103 Mobile Safari/537.36 (compatible; Googlebot/2.1; +http://www.google.com/bot.html)"
66.249.65.35 - - [13/Jul/2025:15:39:10 +0000] "GET /?x=40129044041800&mod=5cbba2d0&uri=news.php%3Fid%3D1339296-494%26name%3Dlong+leather+skirt+9mm HTTP/1.1" 200 21348 "-" "Mozilla/5.0 (Linux; Android 6.0.1; Nexus 5X Build/MMB29P) AppleWebKit/537.36 (KHTML, like Gecko) Chrome/137.0.7151.103 Mobile Safari/537.36 (compatible; Googlebot/2.1; +http://www.google.com/bot.html)"
66.249.65.35 - - [13/Jul/2025:15:39:23 +0000] "GET /?x=47576170021800&mod=b7b16ecf&uri=products.php%3Fid%3D1587728-39%26name%3Ddesk+chair+slim HTTP/1.1" 200 22523 "-" "Mozilla/5.0 (Linux; Android 6.0.1; Nexus 5X Build/MMB29P) AppleWebKit/537.36 (KHTML, like Gecko) Chrome/137.0.7151.103 Mobile Safari/537.36 (compatible; Googlebot/2.1; +http://www.google.com/bot.html)"
66.249.65.35 - - [13/Jul/2025:15:39:30 +0000] "GET /?x=47614180031800&mod=f0031c7a&uri=brands.php%3Fid%3D1588995-311%26name%3Dbarbie+and+the+lost+treasure+full+movie HTTP/1.1" 200 21588 "-" "Mozilla/5.0 (Linux; Android 6.0.1; Nexus 5X Build/MMB29P) AppleWebKit/537.36 (KHTML, like Gecko) Chrome/137.0.7151.103 Mobile Safari/537.36 (compatible; Googlebot/2.1; +http://www.google.com/bot.html)"
66.249.65.35 - - [13/Jul/2025:15:39:32 +0000] "GET /?x=5683710021800&mod=2de7cf20&uri=form.php%3Fid%3D189778-333%26name%3Dargos+mens+9ct+gold+bracelet HTTP/1.1" 200 20583 "-" "Mozilla/5.0 (Linux; Android 6.0.1; Nexus 5X Build/MMB29P) AppleWebKit/537.36 (KHTML, like Gecko) Chrome/137.0.7151.103 Mobile Safari/537.36 (compatible; Googlebot/2.1; +http://www.google.com/bot.html)"
66.249.65.35 - - [13/Jul/2025:15:39:46 +0000] "GET /?x=47592370021800&mod=9910489e&uri=dp.php%3Fid%3D1588268-1250%26name%3Dpeach+delight+dior HTTP/1.1" 200 21408 "-" "Mozilla/5.0 (Linux; Android 6.0.1; Nexus 5X Build/MMB29P) AppleWebKit/537.36 (KHTML, like Gecko) Chrome/137.0.7151.103 Mobile Safari/537.36 (compatible; Googlebot/2.1; +http://www.google.com/bot.html)"
66.249.65.36 - - [13/Jul/2025:15:40:00 +0000] "POST /get-message-notify HTTP/1.1" 200 21874 "https://kraft-court.cafe/?x=47519525031800&mod=0d2922ee&uri=product.php%3Fid%3D1585839-1246%26name%3Dfaux+leather+top+zara" "Mozilla/5.0 (Linux; Android 6.0.1; Nexus 5X Build/MMB29P) AppleWebKit/537.36 (KHTML, like Gecko) Chrome/137.0.7151.119 Mobile Safari/537.36 (compatible; Googlebot/2.1; +http://www.google.com/bot.html)"
66.249.65.35 - - [13/Jul/2025:15:40:01 +0000] "GET /?x=47568070021800&mod=b7b16ecf&uri=info.php%3Fid%3D1587458-39%26name%3Dgaming+chair+car HTTP/1.1" 200 22527 "-" "Mozilla/5.0 (Linux; Android 6.0.1; Nexus 5X Build/MMB29P) AppleWebKit/537.36 (KHTML, like Gecko) Chrome/137.0.7151.103 Mobile Safari/537.36 (compatible; Googlebot/2.1; +http://www.google.com/bot.html)"
66.249.65.36 - - [13/Jul/2025:15:40:22 +0000] "GET /?x=47613460001800&mod=a8849b05&uri=products.php%3Fid%3D1588971-57%26name%3Dsolo+vs+pro HTTP/1.1" 200 21994 "-" "Mozilla/5.0 (Linux; Android 6.0.1; Nexus 5X Build/MMB29P) AppleWebKit/537.36 (KHTML, like Gecko) Chrome/137.0.7151.103 Mobile Safari/537.36 (compatible; Googlebot/2.1; +http://www.google.com/bot.html)"
66.249.65.35 - - [13/Jul/2025:15:40:38 +0000] "GET /?x=47614000031800&mod=a8849b05&uri=pin.php%3Fid%3D1588989-57%26name%3Dhow+to+use+beexcellent+headset+on+ps4 HTTP/1.1" 200 21983 "-" "Mozilla/5.0 (Linux; Android 6.0.1; Nexus 5X Build/MMB29P) AppleWebKit/537.36 (KHTML, like Gecko) Chrome/137.0.7151.103 Mobile Safari/537.36 (compatible; Googlebot/2.1; +http://www.google.com/bot.html)"
66.249.65.35 - - [13/Jul/2025:15:40:52 +0000] "GET /?x=47551870021800&mod=b7b16ecf&uri=search.php%3Fid%3D1586918-39%26name%3D4d+armrest+gaming+chair HTTP/1.1" 200 23247 "-" "Mozilla/5.0 (Linux; Android 6.0.1; Nexus 5X Build/MMB29P) AppleWebKit/537.36 (KHTML, like Gecko) Chrome/137.0.7151.103 Mobile Safari/537.36 (compatible; Googlebot/2.1; +http://www.google.com/bot.html)"
66.249.65.35 - - [13/Jul/2025:15:40:59 +0000] "GET /?x=47613640011800&mod=f0031c7a&uri=shared.php%3Fid%3D1588977-311%26name%3Dhanger+barbie HTTP/1.1" 200 21573 "-" "Mozilla/5.0 (Linux; Android 6.0.1; Nexus 5X Build/MMB29P) AppleWebKit/537.36 (KHTML, like Gecko) Chrome/137.0.7151.103 Mobile Safari/537.36 (compatible; Googlebot/2.1; +http://www.google.com/bot.html)"
66.249.65.35 - - [13/Jul/2025:15:41:00 +0000] "GET /?x=111289633011800&mod=790ed1be&uri=itm.php%3Fid%3D3714103-1442%26name%3Dorologi+per+sport HTTP/1.1" 200 22134 "-" "Mozilla/5.0 (Linux; Android 6.0.1; Nexus 5X Build/MMB29P) AppleWebKit/537.36 (KHTML, like Gecko) Chrome/137.0.7151.103 Mobile Safari/537.36 (compatible; Googlebot/2.1; +http://www.google.com/bot.html)"
66.249.65.35 - - [13/Jul/2025:15:41:13 +0000] "GET /?x=64600247001800&mod=0d2922ee&uri=shared.php%3Fid%3D2155758-1246%26name%3Dfur+neck HTTP/1.1" 200 22407 "-" "Mozilla/5.0 (Linux; Android 6.0.1; Nexus 5X Build/MMB29P) AppleWebKit/537.36 (KHTML, like Gecko) Chrome/137.0.7151.103 Mobile Safari/537.36 (compatible; Googlebot/2.1; +http://www.google.com/bot.html)"
66.249.65.35 - - [13/Jul/2025:15:41:16 +0000] "POST /get-message-notify HTTP/1.1" 200 21863 "https://kraft-court.cafe/?x=111289633011800&mod=790ed1be&uri=itm.php%3Fid%3D3714103-1442%26name%3Dorologi+per+sport" "Mozilla/5.0 (Linux; Android 6.0.1; Nexus 5X Build/MMB29P) AppleWebKit/537.36 (KHTML, like Gecko) Chrome/137.0.7151.119 Mobile Safari/537.36 (compatible; Googlebot/2.1; +http://www.google.com/bot.html)"
66.249.65.35 - - [13/Jul/2025:15:41:26 +0000] "GET /?x=47527595021800&mod=1e056d2b&uri=blog.php%3Fid%3D1586108-91%26name%3Dtaxi+beach+cruiser+bike HTTP/1.1" 200 22035 "-" "Mozilla/5.0 (Linux; Android 6.0.1; Nexus 5X Build/MMB29P) AppleWebKit/537.36 (KHTML, like Gecko) Chrome/137.0.7151.103 Mobile Safari/537.36 (compatible; Googlebot/2.1; +http://www.google.com/bot.html)"
66.249.65.35 - - [13/Jul/2025:15:41:45 +0000] "POST /get-message-notify HTTP/1.1" 200 21863 "https://kraft-court.cafe/?x=47613640011800&mod=f0031c7a&uri=shared.php%3Fid%3D1588977-311%26name%3Dhanger+barbie" "Mozilla/5.0 (Linux; Android 6.0.1; Nexus 5X Build/MMB29P) AppleWebKit/537.36 (KHTML, like Gecko) Chrome/137.0.7151.119 Mobile Safari/537.36 (compatible; Googlebot/2.1; +http://www.google.com/bot.html)"
66.249.65.35 - - [13/Jul/2025:15:41:42 +0000] "GET /?x=47519495131800&mod=0d2922ee&uri=news.php%3Fid%3D1585838-1246%26name%3Dused+womens+skis+with+bindings HTTP/1.1" 200 20642 "-" "Mozilla/5.0 (Linux; Android 6.0.1; Nexus 5X Build/MMB29P) AppleWebKit/537.36 (KHTML, like Gecko) Chrome/137.0.7151.103 Mobile Safari/537.36 (compatible; Googlebot/2.1; +http://www.google.com/bot.html)"
66.249.65.35 - - [13/Jul/2025:15:41:54 +0000] "GET /?x=119458502001800&mod=9854d7af&uri=form.php%3Fid%3D3986696-387%26name%3Dweekly+workout+plan+at+home+with+dumbbells HTTP/1.1" 200 21870 "-" "Mozilla/5.0 (Linux; Android 6.0.1; Nexus 5X Build/MMB29P) AppleWebKit/537.36 (KHTML, like Gecko) Chrome/137.0.7151.103 Mobile Safari/537.36 (compatible; Googlebot/2.1; +http://www.google.com/bot.html)"
66.249.65.37 - - [13/Jul/2025:15:42:15 +0000] "GET /?x=47535670021800&mod=0d2922ee&uri=brands.php%3Fid%3D1586378-1246%26name%3Dpu+outfit HTTP/1.1" 200 22761 "-" "Mozilla/5.0 (Linux; Android 6.0.1; Nexus 5X Build/MMB29P) AppleWebKit/537.36 (KHTML, like Gecko) Chrome/137.0.7151.103 Mobile Safari/537.36 (compatible; Googlebot/2.1; +http://www.google.com/bot.html)"
66.249.65.35 - - [13/Jul/2025:15:42:24 +0000] "POST /get-message-notify HTTP/1.1" 200 21884 "https://kraft-court.cafe/?x=47519495131800&mod=0d2922ee&uri=news.php%3Fid%3D1585838-1246%26name%3Dused+womens+skis+with+bindings" "Mozilla/5.0 (Linux; Android 6.0.1; Nexus 5X Build/MMB29P) AppleWebKit/537.36 (KHTML, like Gecko) Chrome/137.0.7151.119 Mobile Safari/537.36 (compatible; Googlebot/2.1; +http://www.google.com/bot.html)"
66.249.65.36 - - [13/Jul/2025:15:42:25 +0000] "GET /?x=34658432091800&mod=9854d7af&uri=news.php%3Fid%3D1156779-387%26name%3Dknee+raise+to+hip+up HTTP/1.1" 200 22267 "-" "Mozilla/5.0 (Linux; Android 6.0.1; Nexus 5X Build/MMB29P) AppleWebKit/537.36 (KHTML, like Gecko) Chrome/137.0.7151.103 Mobile Safari/537.36 (compatible; Googlebot/2.1; +http://www.google.com/bot.html)"
66.249.65.35 - - [13/Jul/2025:15:42:33 +0000] "GET /?x=47614360001800&mod=a8849b05&uri=dp.php%3Fid%3D1589001-57%26name%3Dairpods+different+colors HTTP/1.1" 200 21961 "-" "Mozilla/5.0 (Linux; Android 6.0.1; Nexus 5X Build/MMB29P) AppleWebKit/537.36 (KHTML, like Gecko) Chrome/137.0.7151.103 Mobile Safari/537.36 (compatible; Googlebot/2.1; +http://www.google.com/bot.html)"
66.249.65.35 - - [13/Jul/2025:15:42:52 +0000] "GET /?x=5788525031800&mod=a8849b05&uri=info.php%3Fid%3D193304-57%26name%3Dheadset+with+mic+for+zoom+meetings HTTP/1.1" 200 22391 "-" "Mozilla/5.0 (Linux; Android 6.0.1; Nexus 5X Build/MMB29P) AppleWebKit/537.36 (KHTML, like Gecko) Chrome/137.0.7151.103 Mobile Safari/537.36 (compatible; Googlebot/2.1; +http://www.google.com/bot.html)"
66.249.65.35 - - [13/Jul/2025:15:43:01 +0000] "GET /?x=5719065041800&mod=333cb763&uri=info.php%3Fid%3D190974-334%26name%3Dbigg+boss+14+23+november+2021 HTTP/1.1" 200 22215 "-" "Mozilla/5.0 (Linux; Android 6.0.1; Nexus 5X Build/MMB29P) AppleWebKit/537.36 (KHTML, like Gecko) Chrome/137.0.7151.103 Mobile Safari/537.36 (compatible; Googlebot/2.1; +http://www.google.com/bot.html)"
66.249.65.37 - - [13/Jul/2025:15:43:03 +0000] "POST /get-message-notify HTTP/1.1" 200 21872 "https://kraft-court.cafe/?x=5719065041800&mod=333cb763&uri=info.php%3Fid%3D190974-334%26name%3Dbigg+boss+14+23+november+2021" "Mozilla/5.0 AppleWebKit/537.36 (KHTML, like Gecko; compatible; Googlebot/2.1; +http://www.google.com/bot.html) Chrome/137.0.7151.119 Safari/537.36"
66.249.65.36 - - [13/Jul/2025:15:43:08 +0000] "GET /?x=43360016001800&mod=a8849b05&uri=pin.php%3Fid%3D1447076-57%26name%3Dpowerbeats+pro+lowest+price HTTP/1.1" 200 22261 "-" "Mozilla/5.0 (Linux; Android 6.0.1; Nexus 5X Build/MMB29P) AppleWebKit/537.36 (KHTML, like Gecko) Chrome/137.0.7151.103 Mobile Safari/537.36 (compatible; Googlebot/2.1; +http://www.google.com/bot.html)"
66.249.65.35 - - [13/Jul/2025:15:43:21 +0000] "GET /?x=5849357081800&mod=384babc3&uri=itm.php%3Fid%3D195334-339%26name%3Dzapatos+hugo+boss+mercado+libre+medellin HTTP/1.1" 200 21035 "-" "Mozilla/5.0 (Linux; Android 6.0.1; Nexus 5X Build/MMB29P) AppleWebKit/537.36 (KHTML, like Gecko) Chrome/137.0.7151.103 Mobile Safari/537.36 (compatible; Googlebot/2.1; +http://www.google.com/bot.html)"
66.249.65.35 - - [13/Jul/2025:15:43:34 +0000] "GET /?x=39999344031800&mod=a8849b05&uri=products.php%3Fid%3D1334971-57%26name%3Dredmi+wireless+headphones+price HTTP/1.1" 200 21944 "-" "Mozilla/5.0 (Linux; Android 6.0.1; Nexus 5X Build/MMB29P) AppleWebKit/537.36 (KHTML, like Gecko) Chrome/137.0.7151.103 Mobile Safari/537.36 (compatible; Googlebot/2.1; +http://www.google.com/bot.html)"
66.249.65.35 - - [13/Jul/2025:15:43:48 +0000] "GET /?x=40059383071800&mod=a8849b05&uri=products.php%3Fid%3D1336973-57%26name%3Dwhat%27s+the+latest+version+of+airpods HTTP/1.1" 200 22577 "-" "Mozilla/5.0 (Linux; Android 6.0.1; Nexus 5X Build/MMB29P) AppleWebKit/537.36 (KHTML, like Gecko) Chrome/137.0.7151.103 Mobile Safari/537.36 (compatible; Googlebot/2.1; +http://www.google.com/bot.html)"
66.249.65.35 - - [13/Jul/2025:15:44:01 +0000] "GET /?x=5877378141800&mod=d594b1a9&uri=pin.php%3Fid%3D196270-341%26name%3Dfragancias+ck+para+hombre HTTP/1.1" 200 21322 "-" "Mozilla/5.0 (Linux; Android 6.0.1; Nexus 5X Build/MMB29P) AppleWebKit/537.36 (KHTML, like Gecko) Chrome/137.0.7151.103 Mobile Safari/537.36 (compatible; Googlebot/2.1; +http://www.google.com/bot.html)"
66.249.65.36 - - [13/Jul/2025:15:44:05 +0000] "POST /get-message-notify HTTP/1.1" 200 21873 "https://kraft-court.cafe/?x=40059383071800&mod=a8849b05&uri=products.php%3Fid%3D1336973-57%26name%3Dwhat%27s+the+latest+version+of+airpods" "Mozilla/5.0 (Linux; Android 6.0.1; Nexus 5X Build/MMB29P) AppleWebKit/537.36 (KHTML, like Gecko) Chrome/137.0.7151.119 Mobile Safari/537.36 (compatible; Googlebot/2.1; +http://www.google.com/bot.html)"
66.249.65.35 - - [13/Jul/2025:15:44:12 +0000] "GET /?x=21545111041800&mod=d594b1a9&uri=info.php%3Fid%3D719164-341%26name%3Dcortes+para+cabello+grueso+hombre HTTP/1.1" 200 21847 "-" "Mozilla/5.0 (Linux; Android 6.0.1; Nexus 5X Build/MMB29P) AppleWebKit/537.36 (KHTML, like Gecko) Chrome/137.0.7151.103 Mobile Safari/537.36 (compatible; Googlebot/2.1; +http://www.google.com/bot.html)"
66.249.65.35 - - [13/Jul/2025:15:44:22 +0000] "GET /?x=5871678041800&mod=d594b1a9&uri=news.php%3Fid%3D196080-341%26name%3Dplatos+y+vasos+de+vidrio+por+mayor HTTP/1.1" 200 21961 "-" "Mozilla/5.0 (Linux; Android 6.0.1; Nexus 5X Build/MMB29P) AppleWebKit/537.36 (KHTML, like Gecko) Chrome/137.0.7151.103 Mobile Safari/537.36 (compatible; Googlebot/2.1; +http://www.google.com/bot.html)"
66.249.65.35 - - [13/Jul/2025:15:44:31 +0000] "GET /?x=6049044081800&mod=b071cfa8&uri=itm.php%3Fid%3D201998-347%26name%3Dsweat+lakers+celio HTTP/1.1" 200 21904 "-" "Mozilla/5.0 (Linux; Android 6.0.1; Nexus 5X Build/MMB29P) AppleWebKit/537.36 (KHTML, like Gecko) Chrome/137.0.7151.103 Mobile Safari/537.36 (compatible; Googlebot/2.1; +http://www.google.com/bot.html)"
66.249.65.35 - - [13/Jul/2025:15:44:37 +0000] "GET /?x=40043993041800&mod=a8849b05&uri=form.php%3Fid%3D1336460-57%26name%3Dsony+bravia+tv+wireless+headphones HTTP/1.1" 200 22218 "-" "Mozilla/5.0 (Linux; Android 6.0.1; Nexus 5X Build/MMB29P) AppleWebKit/537.36 (KHTML, like Gecko) Chrome/137.0.7151.103 Mobile Safari/537.36 (compatible; Googlebot/2.1; +http://www.google.com/bot.html)"
66.249.65.36 - - [13/Jul/2025:15:45:00 +0000] "GET /?x=42022486061800&mod=a8849b05&uri=itm.php%3Fid%3D1402472-57%26name%3Dxbox+power+on+sound HTTP/1.1" 200 21773 "-" "Mozilla/5.0 (Linux; Android 6.0.1; Nexus 5X Build/MMB29P) AppleWebKit/537.36 (KHTML, like Gecko) Chrome/137.0.7151.103 Mobile Safari/537.36 (compatible; Googlebot/2.1; +http://www.google.com/bot.html)"
66.249.65.35 - - [13/Jul/2025:15:45:14 +0000] "GET /?x=40036043051800&mod=a8849b05&uri=info.php%3Fid%3D1336195-57%26name%3Dheadset+legion HTTP/1.1" 200 22114 "-" "Mozilla/5.0 (Linux; Android 6.0.1; Nexus 5X Build/MMB29P) AppleWebKit/537.36 (KHTML, like Gecko) Chrome/137.0.7151.103 Mobile Safari/537.36 (compatible; Googlebot/2.1; +http://www.google.com/bot.html)"
66.249.65.35 - - [13/Jul/2025:15:45:19 +0000] "POST /get-message-notify HTTP/1.1" 200 21864 "https://kraft-court.cafe/?x=40036043051800&mod=a8849b05&uri=info.php%3Fid%3D1336195-57%26name%3Dheadset+legion" "Mozilla/5.0 (Linux; Android 6.0.1; Nexus 5X Build/MMB29P) AppleWebKit/537.36 (KHTML, like Gecko) Chrome/137.0.7151.119 Mobile Safari/537.36 (compatible; Googlebot/2.1; +http://www.google.com/bot.html)"
66.249.65.35 - - [13/Jul/2025:15:45:27 +0000] "GET /?x=5877978041800&mod=d594b1a9&uri=itm.php%3Fid%3D196290-341%26name%3Dexprimidor+de+citricos+home+elements HTTP/1.1" 200 22400 "-" "Mozilla/5.0 (Linux; Android 6.0.1; Nexus 5X Build/MMB29P) AppleWebKit/537.36 (KHTML, like Gecko) Chrome/137.0.7151.103 Mobile Safari/537.36 (compatible; Googlebot/2.1; +http://www.google.com/bot.html)"
66.249.65.35 - - [13/Jul/2025:15:45:28 +0000] "GET /?x=5646089001800&mod=55d99a37&uri=brands.php%3Fid%3D188521-315%26name%3Domega+speedmaster+armband+k%C3%83%C2%BCrzen HTTP/1.1" 200 21664 "-" "Mozilla/5.0 (Linux; Android 6.0.1; Nexus 5X Build/MMB29P) AppleWebKit/537.36 (KHTML, like Gecko) Chrome/137.0.7151.103 Mobile Safari/537.36 (compatible; Googlebot/2.1; +http://www.google.com/bot.html)"
66.249.65.35 - - [13/Jul/2025:15:45:41 +0000] "GET /?x=5885495141800&mod=29921001&uri=shop.php%3Fid%3D196541-155%26name%3Dpolk+lsi15 HTTP/1.1" 200 21560 "-" "Mozilla/5.0 (Linux; Android 6.0.1; Nexus 5X Build/MMB29P) AppleWebKit/537.36 (KHTML, like Gecko) Chrome/137.0.7151.103 Mobile Safari/537.36 (compatible; Googlebot/2.1; +http://www.google.com/bot.html)"
