Current File : /home/kelaby89/access-logs/muzza.sixpack.studio |
209.74.77.214 - - [15/Jul/2025:13:14:13 +0000] "POST /wp-cron.php?doing_wp_cron=1752585253.2519779205322265625000 HTTP/1.1" 200 - "-" "WordPress/6.8.1; https://muzza.fit"
118.68.159.110 - - [15/Jul/2025:13:14:10 +0000] "GET /wp-json/wp/v2/posts HTTP/1.1" 200 5161 "-" "Mozilla/5.0 (Windows NT 10.0; Win64; x64) AppleWebKit/537.36 (KHTML, like Gecko) Chrome/120.0.0.0 Safari/537.36"
209.74.77.214 - - [15/Jul/2025:13:46:13 +0000] "POST /wp-cron.php?doing_wp_cron=1752587173.2972609996795654296875 HTTP/1.1" 200 - "-" "WordPress/6.8.1; https://muzza.fit"
143.198.229.0 - - [15/Jul/2025:13:46:10 +0000] "GET /uploaded_script.php HTTP/1.1" 403 23139 "www.google.com" "Mozilla/5.0 (Linux; Android 7.0; SM-G892A Build/NRD90M; wv) AppleWebKit/537.36 (KHTML, like Gecko) Version/4.0 Chrome/60.0.3112.107 Mobile Safari/537.36"
209.74.77.214 - - [15/Jul/2025:13:53:28 +0000] "POST /wp-cron.php?doing_wp_cron=1752587608.0587000846862792968750 HTTP/1.1" 200 - "-" "WordPress/6.8.1; https://muzza.fit"
170.205.30.122 - - [15/Jul/2025:13:53:25 +0000] "GET /ss.php?f_c=1 HTTP/1.1" 403 23139 "-" "Mozlila/5.0 (Linux; Android 7.0; SM-G892A Bulid/NRD90M; wv) AppleWebKit/537.36 (KHTML, like Gecko) Version/4.0 Chrome/60.0.3112.107 Moblie Safari/537.36"
209.74.77.214 - - [15/Jul/2025:14:38:36 +0000] "POST /wp-cron.php?doing_wp_cron=1752590316.5636439323425292968750 HTTP/1.1" 200 - "-" "WordPress/6.8.1; https://muzza.fit"
43.163.206.70 - - [15/Jul/2025:14:38:33 +0000] "GET / HTTP/1.1" 200 125 "-" "Mozilla/5.0 (iPhone; CPU iPhone OS 13_2_3 like Mac OS X) AppleWebKit/605.1.15 (KHTML, like Gecko) Version/13.0.3 Mobile/15E148 Safari/604.1"
209.74.77.214 - - [15/Jul/2025:15:21:00 +0000] "POST /wp-cron.php?doing_wp_cron=1752592860.7144908905029296875000 HTTP/1.1" 200 - "-" "WordPress/6.8.1; https://muzza.fit"
193.181.35.68 - - [15/Jul/2025:15:20:57 +0000] "GET /wp-json/wp/v2/posts HTTP/1.1" 200 5161 "-" "Mozilla/5.0 (Windows NT 10.0; Win64; x64) AppleWebKit/537.36 (KHTML, like Gecko) Chrome/120.0.0.0 Safari/537.36"
115.72.11.33 - - [15/Jul/2025:15:21:01 +0000] "GET /wp-json/wp/v2/posts HTTP/1.1" 200 5161 "-" "Mozilla/5.0 (Windows NT 10.0; Win64; x64) AppleWebKit/537.36 (KHTML, like Gecko) Chrome/120.0.0.0 Safari/537.36"
209.74.77.214 - - [15/Jul/2025:16:14:04 +0000] "POST /wp-cron.php?doing_wp_cron=1752596044.3835909366607666015625 HTTP/1.1" 200 - "-" "WordPress/6.8.1; https://muzza.fit"
43.155.27.244 - - [15/Jul/2025:16:14:02 +0000] "GET / HTTP/1.1" 200 125 "-" "Mozilla/5.0 (iPhone; CPU iPhone OS 13_2_3 like Mac OS X) AppleWebKit/605.1.15 (KHTML, like Gecko) Version/13.0.3 Mobile/15E148 Safari/604.1"
209.74.77.214 - - [15/Jul/2025:16:28:45 +0000] "POST /wp-cron.php?doing_wp_cron=1752596925.3147060871124267578125 HTTP/1.1" 200 - "-" "WordPress/6.8.1; https://muzza.fit"
139.99.25.135 - - [15/Jul/2025:16:28:43 +0000] "GET /data/admin/allowurl.txt HTTP/1.1" 200 23147 "-" "Mozilla/5.0 (Windows NT 10.0; WOW64; rv:48.0) Gecko/20100101 Firefox/48.0"
209.74.77.214 - - [15/Jul/2025:17:07:55 +0000] "POST /wp-cron.php?doing_wp_cron=1752599275.4604959487915039062500 HTTP/1.1" 200 - "-" "WordPress/6.8.1; https://muzza.fit"
203.2.64.59 - - [15/Jul/2025:17:07:52 +0000] "GET / HTTP/1.1" 200 125 "-" "Mozilla/5.0 (iPhone; CPU iPhone OS 13_2_3 like Mac OS X) AppleWebKit/605.1.15 (KHTML, like Gecko) Version/13.0.3 Mobile/15E148 Safari/604.1"
209.74.77.214 - - [15/Jul/2025:17:54:56 +0000] "POST /wp-cron.php?doing_wp_cron=1752602096.0637350082397460937500 HTTP/1.1" 200 - "-" "WordPress/6.8.1; https://muzza.fit"
139.99.25.11 - - [15/Jul/2025:17:54:53 +0000] "GET /e/data/js/ajax.js HTTP/1.1" 200 23147 "-" "Mozilla/5.0 (Windows NT 10.0; WOW64; rv:48.0) Gecko/20100101 Firefox/48.0"
209.74.77.214 - - [15/Jul/2025:18:28:15 +0000] "POST /wp-cron.php?doing_wp_cron=1752604095.8894019126892089843750 HTTP/1.1" 200 - "-" "WordPress/6.8.2; https://muzza.fit"
118.71.116.34 - - [15/Jul/2025:18:28:13 +0000] "GET /wp-json/wp/v2/posts HTTP/1.1" 200 5161 "-" "Mozilla/5.0 (Windows NT 10.0; Win64; x64) AppleWebKit/537.36 (KHTML, like Gecko) Chrome/120.0.0.0 Safari/537.36"
192.36.226.103 - - [15/Jul/2025:19:26:53 +0000] "GET /robots.txt HTTP/1.1" 200 113 "-" "Mozilla/5.0 (Windows NT 10.0; Win64; x64) AppleWebKit/537.36 (KHTML, like Gecko) Chrome/122.0.0.0 Safari/537.36 Agency/93.8.2357.5"
209.74.77.214 - - [15/Jul/2025:19:26:57 +0000] "POST /wp-cron.php?doing_wp_cron=1752607617.2076809406280517578125 HTTP/1.1" 200 - "-" "WordPress/6.8.2; https://muzza.fit"
192.36.136.8 - - [15/Jul/2025:19:26:54 +0000] "GET / HTTP/1.1" 200 125 "-" "Mozilla/5.0 (Windows NT 10.0; Win64; x64) AppleWebKit/537.36 (KHTML, like Gecko) Chrome/122.0.0.0 Safari/537.36 Agency/93.8.2357.5"
209.74.77.214 - - [15/Jul/2025:20:07:32 +0000] "POST /wp-cron.php?doing_wp_cron=1752610052.5362200736999511718750 HTTP/1.1" 200 - "-" "WordPress/6.8.2; https://muzza.fit"
119.45.20.16 - - [15/Jul/2025:20:07:30 +0000] "GET / HTTP/1.1" 200 125 "-" "Mozilla/5.0 (iPhone; CPU iPhone OS 13_2_3 like Mac OS X) AppleWebKit/605.1.15 (KHTML, like Gecko) Version/13.0.3 Mobile/15E148 Safari/604.1"
209.74.77.214 - - [15/Jul/2025:20:20:43 +0000] "POST /wp-cron.php?doing_wp_cron=1752610843.8545660972595214843750 HTTP/1.1" 200 - "-" "WordPress/6.8.2; https://muzza.fit"
51.38.225.46 - - [15/Jul/2025:20:20:41 +0000] "GET / HTTP/1.1" 200 508 "muzza.fit" "Mozilla/5.0 (Windows NT 10.0; Win64; x64) AppleWebKit/537.36 (KHTML, like Gecko) Chrome/81.0.4044.138 Safari/537.36/null"
209.74.77.214 - - [15/Jul/2025:22:39:01 +0000] "POST /wp-cron.php?doing_wp_cron=1752619141.5892999172210693359375 HTTP/1.1" 200 - "-" "WordPress/6.8.2; https://muzza.fit"
185.241.208.99 - - [15/Jul/2025:22:38:56 +0000] "GET / HTTP/1.1" 200 508 "-" "-"
209.74.77.214 - - [15/Jul/2025:22:49:54 +0000] "POST /wp-cron.php?doing_wp_cron=1752619794.7944049835205078125000 HTTP/1.1" 200 - "-" "WordPress/6.8.2; https://muzza.fit"
43.135.36.201 - - [15/Jul/2025:22:49:53 +0000] "GET / HTTP/1.1" 200 125 "-" "Mozilla/5.0 (iPhone; CPU iPhone OS 13_2_3 like Mac OS X) AppleWebKit/605.1.15 (KHTML, like Gecko) Version/13.0.3 Mobile/15E148 Safari/604.1"
209.74.77.214 - - [15/Jul/2025:23:06:55 +0000] "POST /wp-cron.php?doing_wp_cron=1752620815.7019150257110595703125 HTTP/1.1" 200 - "-" "WordPress/6.8.2; https://muzza.fit"
182.42.110.255 - - [15/Jul/2025:23:06:52 +0000] "GET / HTTP/1.1" 200 125 "-" "Mozilla/5.0 (iPhone; CPU iPhone OS 13_2_3 like Mac OS X) AppleWebKit/605.1.15 (KHTML, like Gecko) Version/13.0.3 Mobile/15E148 Safari/604.1"
209.74.77.214 - - [16/Jul/2025:00:45:49 +0000] "POST /wp-cron.php?doing_wp_cron=1752626749.9130868911743164062500 HTTP/1.1" 200 - "-" "WordPress/6.8.2; https://muzza.fit"
64.227.135.82 - - [16/Jul/2025:00:45:47 +0000] "GET / HTTP/1.1" 200 125 "-" "Mozilla/5.0 (X11; Linux x86_64) AppleWebKit/537.36 (KHTML, like Gecko) Chrome/137.0.0.0 Safari/537.36"
209.74.77.214 - - [16/Jul/2025:01:02:48 +0000] "POST /wp-cron.php?doing_wp_cron=1752627768.2906270027160644531250 HTTP/1.1" 200 - "-" "WordPress/6.8.2; https://muzza.fit"
43.130.26.3 - - [16/Jul/2025:01:02:45 +0000] "GET / HTTP/1.1" 200 125 "-" "Mozilla/5.0 (iPhone; CPU iPhone OS 13_2_3 like Mac OS X) AppleWebKit/605.1.15 (KHTML, like Gecko) Version/13.0.3 Mobile/15E148 Safari/604.1"
209.74.77.214 - - [16/Jul/2025:01:12:40 +0000] "POST /wp-cron.php?doing_wp_cron=1752628360.9319260120391845703125 HTTP/1.1" 200 - "-" "WordPress/6.8.2; https://muzza.fit"
34.125.153.61 - - [16/Jul/2025:01:12:38 +0000] "HEAD /wordpress HTTP/1.1" 200 - "-" "Mozilla/5.0 (Windows NT 10.0; Win64; x64) AppleWebKit/537.36 (KHTML, like Gecko) Chrome/74.0.3729.169 Safari/537.36"
34.125.153.61 - - [16/Jul/2025:01:12:40 +0000] "HEAD / HTTP/1.1" 200 - "-" "Mozilla/5.0 (Windows NT 10.0; Win64; x64) AppleWebKit/537.36 (KHTML, like Gecko) Chrome/74.0.3729.169 Safari/537.36"
34.125.153.61 - - [16/Jul/2025:01:12:41 +0000] "HEAD /wp HTTP/1.1" 200 - "-" "Mozilla/5.0 (Windows NT 10.0; Win64; x64) AppleWebKit/537.36 (KHTML, like Gecko) Chrome/74.0.3729.169 Safari/537.36"
34.125.153.61 - - [16/Jul/2025:01:12:41 +0000] "HEAD /bc HTTP/1.1" 200 - "-" "Mozilla/5.0 (Windows NT 10.0; Win64; x64) AppleWebKit/537.36 (KHTML, like Gecko) Chrome/74.0.3729.169 Safari/537.36"
34.125.153.61 - - [16/Jul/2025:01:12:41 +0000] "HEAD /bk HTTP/1.1" 200 - "-" "Mozilla/5.0 (Windows NT 10.0; Win64; x64) AppleWebKit/537.36 (KHTML, like Gecko) Chrome/74.0.3729.169 Safari/537.36"
34.125.153.61 - - [16/Jul/2025:01:12:41 +0000] "HEAD /backup HTTP/1.1" 200 - "-" "Mozilla/5.0 (Windows NT 10.0; Win64; x64) AppleWebKit/537.36 (KHTML, like Gecko) Chrome/74.0.3729.169 Safari/537.36"
34.125.153.61 - - [16/Jul/2025:01:12:42 +0000] "HEAD /old HTTP/1.1" 200 - "-" "Mozilla/5.0 (Windows NT 10.0; Win64; x64) AppleWebKit/537.36 (KHTML, like Gecko) Chrome/74.0.3729.169 Safari/537.36"
34.125.153.61 - - [16/Jul/2025:01:12:42 +0000] "HEAD /new HTTP/1.1" 200 - "-" "Mozilla/5.0 (Windows NT 10.0; Win64; x64) AppleWebKit/537.36 (KHTML, like Gecko) Chrome/74.0.3729.169 Safari/537.36"
34.125.153.61 - - [16/Jul/2025:01:12:42 +0000] "HEAD /main HTTP/1.1" 200 - "-" "Mozilla/5.0 (Windows NT 10.0; Win64; x64) AppleWebKit/537.36 (KHTML, like Gecko) Chrome/74.0.3729.169 Safari/537.36"
34.125.153.61 - - [16/Jul/2025:01:12:42 +0000] "HEAD /home HTTP/1.1" 200 - "-" "Mozilla/5.0 (Windows NT 10.0; Win64; x64) AppleWebKit/537.36 (KHTML, like Gecko) Chrome/74.0.3729.169 Safari/537.36"
209.74.77.214 - - [16/Jul/2025:02:05:08 +0000] "POST /wp-cron.php?doing_wp_cron=1752631508.4314720630645751953125 HTTP/1.1" 200 - "-" "WordPress/6.8.2; https://muzza.fit"
118.195.165.218 - - [16/Jul/2025:02:05:06 +0000] "GET / HTTP/1.1" 200 125 "-" "Mozilla/5.0 (iPhone; CPU iPhone OS 13_2_3 like Mac OS X) AppleWebKit/605.1.15 (KHTML, like Gecko) Version/13.0.3 Mobile/15E148 Safari/604.1"
209.74.77.214 - - [16/Jul/2025:03:03:23 +0000] "POST /wp-cron.php?doing_wp_cron=1752635003.7281529903411865234375 HTTP/1.1" 200 - "-" "WordPress/6.8.2; https://muzza.fit"
196.251.118.216 - - [16/Jul/2025:03:03:20 +0000] "GET //wp-content/plugins/fix/up.php HTTP/1.1" 200 125 "-" "Mozilla/5.0 (Windows NT 10.0; Win64; x64) AppleWebKit/537.36 (KHTML, like Gecko) Chrome/85.0.4183.102 Safari/537.36"
46.250.175.95 - - [16/Jul/2025:04:31:11 +0000] "GET /robots.txt HTTP/1.1" 200 113 "http://muzza.fit/robots.txt" "Mozilla/5.0 (Macintosh; Intel Mac OS X 10_15_7) AppleWebKit/537.36 (KHTML, like Gecko) Chrome/131.0.0.0 Safari/537.36"
209.74.77.214 - - [16/Jul/2025:05:08:31 +0000] "POST /wp-cron.php?doing_wp_cron=1752642511.7109310626983642578125 HTTP/1.1" 200 - "-" "WordPress/6.8.2; https://muzza.fit"
14.215.163.132 - - [16/Jul/2025:05:08:29 +0000] "GET / HTTP/1.1" 200 125 "-" "Mozilla/5.0 (iPhone; CPU iPhone OS 13_2_3 like Mac OS X) AppleWebKit/605.1.15 (KHTML, like Gecko) Version/13.0.3 Mobile/15E148 Safari/604.1"
209.74.77.214 - - [16/Jul/2025:06:19:55 +0000] "POST /wp-cron.php?doing_wp_cron=1752646795.3850269317626953125000 HTTP/1.1" 200 - "-" "WordPress/6.8.2; https://muzza.fit"
43.153.62.161 - - [16/Jul/2025:06:19:52 +0000] "GET / HTTP/1.1" 200 125 "-" "Mozilla/5.0 (iPhone; CPU iPhone OS 13_2_3 like Mac OS X) AppleWebKit/605.1.15 (KHTML, like Gecko) Version/13.0.3 Mobile/15E148 Safari/604.1"
209.74.77.214 - - [16/Jul/2025:06:28:17 +0000] "POST /wp-cron.php?doing_wp_cron=1752647297.4066739082336425781250 HTTP/1.1" 200 - "-" "WordPress/6.8.2; https://muzza.fit"
198.235.24.90 - - [16/Jul/2025:06:28:15 +0000] "GET / HTTP/1.1" 200 508 "-" "Hello from Palo Alto Networks, find out more about our scans in https://docs-cortex.paloaltonetworks.com/r/1/Cortex-Xpanse/Scanning-activity"
209.74.77.214 - - [16/Jul/2025:06:40:35 +0000] "POST /wp-cron.php?doing_wp_cron=1752648035.4385299682617187500000 HTTP/1.1" 200 - "-" "WordPress/6.8.2; https://muzza.fit"
205.210.31.121 - - [16/Jul/2025:06:40:33 +0000] "GET / HTTP/1.1" 200 125 "-" "\"Xpanse-bot"
209.74.77.214 - - [16/Jul/2025:06:41:42 +0000] "POST /wp-cron.php?doing_wp_cron=1752648102.8614690303802490234375 HTTP/1.1" 200 - "-" "WordPress/6.8.2; https://muzza.fit"
34.123.170.104 - - [16/Jul/2025:06:41:40 +0000] "GET / HTTP/1.1" 200 125 "-" "Mozilla/5.0 (X11; Linux x86_64) AppleWebKit/537.36 (KHTML, like Gecko) HeadlessChrome/117.0.5938.132 Safari/537.36"
34.72.176.129 - - [16/Jul/2025:06:41:47 +0000] "GET / HTTP/1.1" 200 125 "-" "Mozilla/5.0 (Macintosh; Intel Mac OS X 10_15_4) AppleWebKit/537.36 (KHTML, like Gecko) Chrome/83.0.4103.97 Safari/537.36"
209.74.77.214 - - [16/Jul/2025:06:49:56 +0000] "POST /wp-cron.php?doing_wp_cron=1752648596.5011620521545410156250 HTTP/1.1" 200 - "-" "WordPress/6.8.2; https://muzza.fit"
194.145.227.125 - - [16/Jul/2025:06:49:54 +0000] "GET /wp-content/plugins/whatsmyrank-devenc/php-ofc-library/ofc_upload_image.php HTTP/1.1" 200 142756 "-" "ALittle Client"
209.74.77.214 - - [16/Jul/2025:07:43:20 +0000] "POST /wp-cron.php?doing_wp_cron=1752651800.7772378921508789062500 HTTP/1.1" 200 - "-" "WordPress/6.8.2; https://muzza.fit"
185.153.199.135 - - [16/Jul/2025:07:43:18 +0000] "GET /js/elfinder/php/connector.minimal.php HTTP/1.1" 200 142756 "-" "ALittle Client"
209.74.77.214 - - [16/Jul/2025:07:53:16 +0000] "POST /wp-cron.php?doing_wp_cron=1752652396.3961400985717773437500 HTTP/1.1" 200 - "-" "WordPress/6.8.2; https://muzza.fit"
43.135.133.194 - - [16/Jul/2025:07:53:13 +0000] "GET / HTTP/1.1" 200 125 "-" "Mozilla/5.0 (iPhone; CPU iPhone OS 13_2_3 like Mac OS X) AppleWebKit/605.1.15 (KHTML, like Gecko) Version/13.0.3 Mobile/15E148 Safari/604.1"
209.74.77.214 - - [16/Jul/2025:08:04:46 +0000] "POST /wp-cron.php?doing_wp_cron=1752653086.2268400192260742187500 HTTP/1.1" 200 - "-" "WordPress/6.8.2; https://muzza.fit"
170.205.30.126 - - [16/Jul/2025:08:04:43 +0000] "GET /assets/images/accesson.php HTTP/1.1" 200 23195 "-" "Mozlila/5.0 (Linux; Android 7.0; SM-G892A Bulid/NRD90M; wv) AppleWebKit/537.36 (KHTML, like Gecko) Version/4.0 Chrome/60.0.3112.107 Moblie Safari/537.36"
209.74.77.214 - - [16/Jul/2025:08:11:36 +0000] "POST /wp-cron.php?doing_wp_cron=1752653496.7494370937347412109375 HTTP/1.1" 200 - "-" "WordPress/6.8.2; https://muzza.fit"
207.166.178.246 - - [16/Jul/2025:08:11:34 +0000] "GET /wp-json/wp/v2/posts HTTP/1.1" 200 5161 "-" "Mozilla/5.0 (Windows NT 10.0; Win64; x64) AppleWebKit/537.36 (KHTML, like Gecko) Chrome/120.0.0.0 Safari/537.36"
129.28.14.231 - - [16/Jul/2025:08:18:03 +0000] "GET / HTTP/1.1" 200 125 "-" "Mozilla/5.0 (iPhone; CPU iPhone OS 13_2_3 like Mac OS X) AppleWebKit/605.1.15 (KHTML, like Gecko) Version/13.0.3 Mobile/15E148 Safari/604.1"
216.244.66.238 - - [16/Jul/2025:09:10:05 +0000] "GET /robots.txt HTTP/1.1" 200 273 "-" "Mozilla/5.0 (compatible; DotBot/1.2; +https://opensiteexplorer.org/dotbot; [email protected])"
209.74.77.214 - - [16/Jul/2025:09:19:39 +0000] "POST /wp-cron.php?doing_wp_cron=1752657579.3957309722900390625000 HTTP/1.1" 200 - "-" "WordPress/6.8.2; https://muzza.fit"
216.244.66.238 - - [16/Jul/2025:09:19:37 +0000] "GET /2017/02/ HTTP/1.1" 200 214819 "-" "Mozilla/5.0 (compatible; DotBot/1.2; +https://opensiteexplorer.org/dotbot; [email protected])"
209.74.77.214 - - [16/Jul/2025:09:35:27 +0000] "POST /wp-cron.php?doing_wp_cron=1752658527.2999639511108398437500 HTTP/1.1" 200 - "-" "WordPress/6.8.2; https://muzza.fit"
216.244.66.238 - - [16/Jul/2025:09:35:24 +0000] "GET /2017/02/ HTTP/1.1" 200 214822 "-" "Mozilla/5.0 (compatible; DotBot/1.2; +https://opensiteexplorer.org/dotbot; [email protected])"
216.244.66.238 - - [16/Jul/2025:09:49:25 +0000] "GET /2017/02/ HTTP/1.1" 200 214822 "-" "Mozilla/5.0 (compatible; DotBot/1.2; +https://opensiteexplorer.org/dotbot; [email protected])"
209.74.77.214 - - [16/Jul/2025:10:03:47 +0000] "POST /wp-cron.php?doing_wp_cron=1752660227.0716791152954101562500 HTTP/1.1" 200 - "-" "WordPress/6.8.2; https://muzza.fit"
216.244.66.238 - - [16/Jul/2025:10:03:44 +0000] "GET /2017/02/ HTTP/1.1" 200 214822 "-" "Mozilla/5.0 (compatible; DotBot/1.2; +https://opensiteexplorer.org/dotbot; [email protected])"
5.175.234.59 - - [16/Jul/2025:10:45:45 +0000] "GET / HTTP/1.1" 200 508 "-" "-"
209.74.77.214 - - [16/Jul/2025:11:02:47 +0000] "POST /wp-cron.php?doing_wp_cron=1752663767.9351708889007568359375 HTTP/1.1" 200 - "-" "WordPress/6.8.2; https://muzza.fit"
89.163.242.76 - - [16/Jul/2025:11:02:45 +0000] "GET /gdftps.php HTTP/1.1" 200 23195 "www.google.com" "Mozlila/5.0 (Linux; Android 7.0; SM-G892A Bulid/NRD90M; wv) AppleWebKit/537.36 (KHTML, like Gecko) Version/4.0 Chrome/60.0.3112.107 Moblie Safari/537.36"
209.74.77.214 - - [16/Jul/2025:11:15:20 +0000] "POST /wp-cron.php?doing_wp_cron=1752664520.2264521121978759765625 HTTP/1.1" 200 - "-" "WordPress/6.8.2; https://muzza.fit"
172.192.54.93 - - [16/Jul/2025:11:15:17 +0000] "GET /wp-content/plugins/hellopress/wp_filemanager.php HTTP/1.1" 200 142756 "-" "-"
172.192.54.93 - - [16/Jul/2025:11:15:20 +0000] "GET /.well-known/log.php HTTP/1.1" 403 142756 "-" "-"
172.192.54.93 - - [16/Jul/2025:11:15:21 +0000] "GET /chosen.php HTTP/1.1" 403 142756 "-" "-"
172.192.54.93 - - [16/Jul/2025:11:15:21 +0000] "GET /admin.php HTTP/1.1" 200 142756 "-" "-"
172.192.54.93 - - [16/Jul/2025:11:15:22 +0000] "GET /wp-admin/network/chosen.php HTTP/1.1" 403 142756 "-" "-"
209.74.77.214 - - [16/Jul/2025:11:15:23 +0000] "POST /wp-cron.php?doing_wp_cron=1752664523.0604670047760009765625 HTTP/1.1" 200 - "-" "WordPress/6.8.2; https://muzza.fit"
172.192.54.93 - - [16/Jul/2025:11:15:22 +0000] "GET /FoxWSO.php HTTP/1.1" 403 142756 "-" "-"
172.192.54.93 - - [16/Jul/2025:11:15:23 +0000] "GET /wp-mail.php/wp-includes/ID3/getid3s.php HTTP/1.1" 200 3028 "-" "-"
172.192.54.93 - - [16/Jul/2025:11:15:23 +0000] "GET /wp-includes/fonts/admin.php HTTP/1.1" 403 142756 "-" "-"
172.192.54.93 - - [16/Jul/2025:11:15:24 +0000] "GET /autoload_classmap.php HTTP/1.1" 403 142756 "-" "-"
172.192.54.93 - - [16/Jul/2025:11:15:24 +0000] "GET /menu.php HTTP/1.1" 200 142756 "-" "-"
172.192.54.93 - - [16/Jul/2025:11:15:25 +0000] "GET /system_log.php HTTP/1.1" 200 142756 "-" "-"
172.192.54.93 - - [16/Jul/2025:11:15:25 +0000] "GET /wp-admin/log.php HTTP/1.1" 403 142756 "-" "-"
172.192.54.93 - - [16/Jul/2025:11:15:26 +0000] "GET /goat1.php HTTP/1.1" 403 142756 "-" "-"
172.192.54.93 - - [16/Jul/2025:11:15:26 +0000] "GET /wp-content/plugins/hellopress/wp_filemanager.php HTTP/1.1" 200 142756 "-" "-"
172.192.54.93 - - [16/Jul/2025:11:15:27 +0000] "GET /wp-includes/Text/wp-conflg.php HTTP/1.1" 403 142756 "-" "-"
172.192.54.93 - - [16/Jul/2025:11:15:27 +0000] "GET /media.php HTTP/1.1" 200 142756 "-" "-"
172.192.54.93 - - [16/Jul/2025:11:15:28 +0000] "GET /bless.php HTTP/1.1" 403 142756 "-" "-"
172.192.54.93 - - [16/Jul/2025:11:15:28 +0000] "GET /wp-includes/Text/Diff/Engine/about.php HTTP/1.1" 403 142756 "-" "-"
172.192.54.93 - - [16/Jul/2025:11:15:29 +0000] "GET /wp-content/upgrade/index.php HTTP/1.1" 200 508 "-" "-"
172.192.54.93 - - [16/Jul/2025:11:15:29 +0000] "GET /wp-content/themes/aahana/json.php HTTP/1.1" 200 142756 "-" "-"
172.192.54.93 - - [16/Jul/2025:11:15:30 +0000] "GET /classwithtostring.php HTTP/1.1" 403 142756 "-" "-"
172.192.54.93 - - [16/Jul/2025:11:15:30 +0000] "GET /wp-content/themes.php HTTP/1.1" 200 142756 "-" "-"
172.192.54.93 - - [16/Jul/2025:11:15:31 +0000] "GET /wp-includes/SimplePie/index.php HTTP/1.1" 403 508 "-" "-"
172.192.54.93 - - [16/Jul/2025:11:15:31 +0000] "GET /chosen HTTP/1.1" 200 142756 "-" "-"
172.192.54.93 - - [16/Jul/2025:11:15:32 +0000] "GET /filemanager.php HTTP/1.1" 403 142756 "-" "-"
172.192.54.93 - - [16/Jul/2025:11:15:32 +0000] "GET /wp-content/packed.php HTTP/1.1" 403 142756 "-" "-"
172.192.54.93 - - [16/Jul/2025:11:15:33 +0000] "GET /wp-content/plugins/seoplugins/db.php HTTP/1.1" 200 142756 "-" "-"
172.192.54.93 - - [16/Jul/2025:11:15:33 +0000] "GET /function/function.php HTTP/1.1" 200 142756 "-" "-"
172.192.54.93 - - [16/Jul/2025:11:15:34 +0000] "GET /wp-content/themes/cay-van-phong/filemanager.php HTTP/1.1" 200 142756 "-" "-"
172.192.54.93 - - [16/Jul/2025:11:15:34 +0000] "GET /wp-content/themes/twentytwentytwo/alfa-rex.php HTTP/1.1" 200 142756 "-" "-"
172.192.54.93 - - [16/Jul/2025:11:15:35 +0000] "GET /wp-includes/html-api/index.php HTTP/1.1" 403 508 "-" "-"
172.192.54.93 - - [16/Jul/2025:11:15:35 +0000] "GET /wp-conflg.php HTTP/1.1" 403 142756 "-" "-"
172.192.54.93 - - [16/Jul/2025:11:15:35 +0000] "GET /index/function.php HTTP/1.1" 200 142756 "-" "-"
172.192.54.93 - - [16/Jul/2025:11:15:36 +0000] "GET /radio.php HTTP/1.1" 403 142756 "-" "-"
172.192.54.93 - - [16/Jul/2025:11:15:36 +0000] "GET /wp-content/uploads/2024/index.php HTTP/1.1" 403 508 "-" "-"
172.192.54.93 - - [16/Jul/2025:11:15:37 +0000] "GET /wp-admin/css/wp-conflg.php HTTP/1.1" 403 142756 "-" "-"
172.192.54.93 - - [16/Jul/2025:11:15:37 +0000] "GET /wp-content/plugins/wp-help/index.php HTTP/1.1" 200 508 "-" "-"
172.192.54.93 - - [16/Jul/2025:11:15:38 +0000] "GET /wp-includes/block-patterns/index.php HTTP/1.1" 403 508 "-" "-"
172.192.54.93 - - [16/Jul/2025:11:15:38 +0000] "GET /cc.php HTTP/1.1" 403 142756 "-" "-"
172.192.54.93 - - [16/Jul/2025:11:15:38 +0000] "GET /mail.php HTTP/1.1" 403 142756 "-" "-"
172.192.54.93 - - [16/Jul/2025:11:15:39 +0000] "GET /worksec.php HTTP/1.1" 403 142756 "-" "-"
172.192.54.93 - - [16/Jul/2025:11:15:40 +0000] "GET /about/function.php HTTP/1.1" 200 142756 "-" "-"
172.192.54.93 - - [16/Jul/2025:11:15:40 +0000] "GET /wp-includes/Text/Diff/about.php HTTP/1.1" 403 142756 "-" "-"
172.192.54.93 - - [16/Jul/2025:11:15:41 +0000] "GET /images/Marvins.php HTTP/1.1" 403 142756 "-" "-"
172.192.54.93 - - [16/Jul/2025:11:15:41 +0000] "GET /log.php HTTP/1.1" 403 142756 "-" "-"
209.74.77.214 - - [16/Jul/2025:11:15:42 +0000] "POST /wp-cron.php?doing_wp_cron=1752664542.2577800750732421875000 HTTP/1.1" 200 - "-" "WordPress/6.8.2; https://muzza.fit"
172.192.54.93 - - [16/Jul/2025:11:15:42 +0000] "GET /lock360.php HTTP/1.1" 403 142756 "-" "-"
172.192.54.93 - - [16/Jul/2025:11:15:42 +0000] "GET /f35.php HTTP/1.1" 403 142756 "-" "-"
172.192.54.93 - - [16/Jul/2025:11:15:43 +0000] "GET /alfa.php HTTP/1.1" 403 142756 "-" "-"
172.192.54.93 - - [16/Jul/2025:11:15:43 +0000] "GET /lv.php HTTP/1.1" 403 142756 "-" "-"
172.192.54.93 - - [16/Jul/2025:11:15:44 +0000] "GET /02.php HTTP/1.1" 403 142756 "-" "-"
172.192.54.93 - - [16/Jul/2025:11:15:44 +0000] "GET /cgi-bin/cgi-bin/about.php7 HTTP/1.1" 200 142756 "-" "-"
172.192.54.93 - - [16/Jul/2025:11:15:45 +0000] "GET /wp-includes/IXR/index.php HTTP/1.1" 403 508 "-" "-"
172.192.54.93 - - [16/Jul/2025:11:15:45 +0000] "GET /wp-includes/js/codemirror/index.php HTTP/1.1" 403 508 "-" "-"
172.192.54.93 - - [16/Jul/2025:11:15:45 +0000] "GET /baxa1.phP8 HTTP/1.1" 200 142756 "-" "-"
172.192.54.93 - - [16/Jul/2025:11:15:46 +0000] "GET /up.php HTTP/1.1" 403 142756 "-" "-"
172.192.54.93 - - [16/Jul/2025:11:15:46 +0000] "GET /wp-content/plugins/linkpreview/db.php HTTP/1.1" 200 142756 "-" "-"
172.192.54.93 - - [16/Jul/2025:11:15:47 +0000] "GET /themes.php HTTP/1.1" 200 142756 "-" "-"
172.192.54.93 - - [16/Jul/2025:11:15:47 +0000] "GET /jp.php HTTP/1.1" 403 142756 "-" "-"
172.192.54.93 - - [16/Jul/2025:11:15:48 +0000] "GET /wp-configs.php HTTP/1.1" 403 142756 "-" "-"
172.192.54.93 - - [16/Jul/2025:11:15:48 +0000] "GET /atomlib.php HTTP/1.1" 403 142756 "-" "-"
172.192.54.93 - - [16/Jul/2025:11:15:49 +0000] "GET /info.php HTTP/1.1" 403 142756 "-" "-"
172.192.54.93 - - [16/Jul/2025:11:15:49 +0000] "GET /wp-admin/js/wp-conflg.php HTTP/1.1" 403 142756 "-" "-"
172.192.54.93 - - [16/Jul/2025:11:15:50 +0000] "GET /makeasmtp.php HTTP/1.1" 403 142756 "-" "-"
172.192.54.93 - - [16/Jul/2025:11:15:50 +0000] "GET /update/f35.php HTTP/1.1" 200 142756 "-" "-"
172.192.54.93 - - [16/Jul/2025:11:15:51 +0000] "GET /wp-content/languages/chosen.php HTTP/1.1" 200 142756 "-" "-"
172.192.54.93 - - [16/Jul/2025:11:15:51 +0000] "GET /wp-admin/includes/xmrlpc.php HTTP/1.1" 403 142756 "-" "-"
172.192.54.93 - - [16/Jul/2025:11:15:52 +0000] "GET /wp-content/plugins/wp-conflg.php HTTP/1.1" 403 142756 "-" "-"
172.192.54.93 - - [16/Jul/2025:11:15:53 +0000] "GET /about.php HTTP/1.1" 403 142756 "-" "-"
172.192.54.93 - - [16/Jul/2025:11:15:53 +0000] "GET /class.php HTTP/1.1" 403 142756 "-" "-"
172.192.54.93 - - [16/Jul/2025:11:15:54 +0000] "GET /install.php HTTP/1.1" 403 142756 "-" "-"
172.192.54.93 - - [16/Jul/2025:11:15:54 +0000] "GET /wp-content/uploads/wp.php HTTP/1.1" 403 142756 "-" "-"
172.192.54.93 - - [16/Jul/2025:11:15:55 +0000] "GET /default.php HTTP/1.1" 403 142756 "-" "-"
172.192.54.93 - - [16/Jul/2025:11:15:55 +0000] "GET /wp-admin/chosen.php HTTP/1.1" 403 142756 "-" "-"
172.192.54.93 - - [16/Jul/2025:11:15:56 +0000] "GET /wp-content/upgrade/admin.php HTTP/1.1" 200 142756 "-" "-"
172.192.54.93 - - [16/Jul/2025:11:15:56 +0000] "GET /.well-known/gecko-litespeed.php HTTP/1.1" 403 142756 "-" "-"
172.192.54.93 - - [16/Jul/2025:11:15:57 +0000] "GET /item.php HTTP/1.1" 403 142756 "-" "-"
172.192.54.93 - - [16/Jul/2025:11:15:57 +0000] "GET /wp-includes/js/about.php HTTP/1.1" 403 142756 "-" "-"
172.192.54.93 - - [16/Jul/2025:11:15:58 +0000] "GET /as/function.php HTTP/1.1" 200 142756 "-" "-"
172.192.54.93 - - [16/Jul/2025:11:15:58 +0000] "GET /.well-known/pki-validation/dropdown.php HTTP/1.1" 404 - "-" "-"
172.192.54.93 - - [16/Jul/2025:11:15:58 +0000] "GET /wp-content/themes/file.php HTTP/1.1" 403 142756 "-" "-"
172.192.54.93 - - [16/Jul/2025:11:15:59 +0000] "GET /doc.php HTTP/1.1" 403 142756 "-" "-"
172.192.54.93 - - [16/Jul/2025:11:15:59 +0000] "GET /.well-known/pki-validation/index.php HTTP/1.1" 404 - "-" "-"
172.192.54.93 - - [16/Jul/2025:11:15:59 +0000] "GET /k.php HTTP/1.1" 403 142756 "-" "-"
172.192.54.93 - - [16/Jul/2025:11:16:00 +0000] "GET /2.php HTTP/1.1" 403 142756 "-" "-"
172.192.54.93 - - [16/Jul/2025:11:16:00 +0000] "GET /wp-content/themes/admin.php HTTP/1.1" 403 142756 "-" "-"
172.192.54.93 - - [16/Jul/2025:11:16:01 +0000] "GET /wp-content/themes/twentytwentytwo/index.php HTTP/1.1" 200 508 "-" "-"
172.192.54.93 - - [16/Jul/2025:11:16:01 +0000] "GET /wp-content/themes/about.php HTTP/1.1" 403 142756 "-" "-"
172.192.54.93 - - [16/Jul/2025:11:16:02 +0000] "GET /wp-admin/css/colors/blue/atomlib.php HTTP/1.1" 403 142756 "-" "-"
172.192.54.93 - - [16/Jul/2025:11:16:02 +0000] "GET /packed.php HTTP/1.1" 403 142756 "-" "-"
172.192.54.93 - - [16/Jul/2025:11:16:03 +0000] "GET /wp-includes/pomo/about.php HTTP/1.1" 403 142756 "-" "-"
172.192.54.93 - - [16/Jul/2025:11:16:03 +0000] "GET /moon.php HTTP/1.1" 403 142756 "-" "-"
209.74.77.214 - - [16/Jul/2025:11:16:04 +0000] "POST /wp-cron.php?doing_wp_cron=1752664564.4821040630340576171875 HTTP/1.1" 200 - "-" "WordPress/6.8.2; https://muzza.fit"
172.192.54.93 - - [16/Jul/2025:11:16:04 +0000] "GET /wp-admin/classwithtostring.php HTTP/1.1" 403 142756 "-" "-"
172.192.54.93 - - [16/Jul/2025:11:16:04 +0000] "GET /wp-content/themes/pridmag/db.php HTTP/1.1" 200 142756 "-" "-"
172.192.54.93 - - [16/Jul/2025:11:16:05 +0000] "GET /system.php HTTP/1.1" 403 142756 "-" "-"
172.192.54.93 - - [16/Jul/2025:11:16:05 +0000] "GET /file.php HTTP/1.1" 403 142756 "-" "-"
172.192.54.93 - - [16/Jul/2025:11:16:06 +0000] "GET /wp-includes/style-engine/index.php HTTP/1.1" 403 508 "-" "-"
172.192.54.93 - - [16/Jul/2025:11:16:06 +0000] "GET /wp-admin/images/file.php HTTP/1.1" 403 142756 "-" "-"
172.192.54.93 - - [16/Jul/2025:11:16:07 +0000] "GET /wp-admin/function.php HTTP/1.1" 403 142756 "-" "-"
172.192.54.93 - - [16/Jul/2025:11:16:07 +0000] "GET /wp-includes/IXR/about.php HTTP/1.1" 403 142756 "-" "-"
172.192.54.93 - - [16/Jul/2025:11:16:08 +0000] "GET /mar.php HTTP/1.1" 403 142756 "-" "-"
172.192.54.93 - - [16/Jul/2025:11:16:08 +0000] "GET /wp-content/cong.php HTTP/1.1" 403 142756 "-" "-"
172.192.54.93 - - [16/Jul/2025:11:16:09 +0000] "GET /wp-content/plugins/linkpreview/db.php?u HTTP/1.1" 200 142756 "-" "-"
172.192.54.93 - - [16/Jul/2025:11:16:10 +0000] "GET /wp-includes/block-supports/about.php HTTP/1.1" 403 142756 "-" "-"
209.74.77.214 - - [16/Jul/2025:11:22:19 +0000] "POST /wp-cron.php?doing_wp_cron=1752664939.4323709011077880859375 HTTP/1.1" 200 - "-" "WordPress/6.8.2; https://muzza.fit"
122.51.104.231 - - [16/Jul/2025:11:22:16 +0000] "GET / HTTP/1.1" 200 125 "-" "Mozilla/5.0 (iPhone; CPU iPhone OS 13_2_3 like Mac OS X) AppleWebKit/605.1.15 (KHTML, like Gecko) Version/13.0.3 Mobile/15E148 Safari/604.1"