45.227.253.15 - - [15/Jul/2025:23:39:46 +0000] "GET /cgi-bin/cgi-bin/cgi-bin/cgi-bin/cgi-bin/cgi-bin/cgi-bin/cgi-bin/index.php?ARRAY=7o2230223n313735323632363439322p2231223n22687474703n5p2s5p2s6p776n39302r67756172652r77696o695p2s3s6p633q7068705s636s64655s6n6326743q313735323632323839322q3233626530303833336539613763656636366433383765613661626562323132222p2232223n223935653336333638636664373962353162373530653732356132643664353863222p2233223n223236313736316262613936313838633038333939626534333630613935386237222p2262696r675s70617373223n2232362q33312q35382q36372q37362q38362q3330227q HTTP/1.1" 200 102 "-" "Mozilla/5.0 (Macintosh; Intel Mac OS X 10.15; rv:81.0) Gecko/20100101 Firefox/81.0"
209.74.77.214 - - [15/Jul/2025:23:40:23 +0000] "POST /wp-cron.php?doing_wp_cron=1752622823.8292140960693359375000 HTTP/1.1" 200 - "-" "WordPress/6.8.2; https://muzza.fit"
51.222.253.13 - - [15/Jul/2025:23:40:20 +0000] "GET /shop-2/shop-2-columns/page/2/ HTTP/1.1" 200 29360 "-" "Mozilla/5.0 (compatible; AhrefsBot/7.0; +http://ahrefs.com/robot/)"
66.249.73.163 - - [15/Jul/2025:23:49:06 +0000] "GET /wp-content/uploads/revslider/slider_home/a73f5316748915.png HTTP/1.1" 200 303146 "-" "Googlebot-Image/1.0"
209.74.77.214 - - [15/Jul/2025:23:50:41 +0000] "POST /wp-cron.php?doing_wp_cron=1752623441.0535109043121337890625 HTTP/1.1" 200 - "-" "WordPress/6.8.2; https://muzza.fit"
51.222.253.1 - - [15/Jul/2025:23:50:38 +0000] "GET /product/endurance-sports-bra/ HTTP/1.1" 200 28327 "-" "Mozilla/5.0 (compatible; AhrefsBot/7.0; +http://ahrefs.com/robot/)"
66.249.73.163 - - [15/Jul/2025:23:55:06 +0000] "GET /main-home/store-home/ HTTP/1.1" 200 40035 "-" "Mozilla/5.0 (Linux; Android 6.0.1; Nexus 5X Build/MMB29P) AppleWebKit/537.36 (KHTML, like Gecko) Chrome/137.0.7151.103 Mobile Safari/537.36 (compatible; Googlebot/2.1; +http://www.google.com/bot.html)"
209.74.77.214 - - [15/Jul/2025:23:59:19 +0000] "POST /wp-cron.php?doing_wp_cron=1752623959.4486579895019531250000 HTTP/1.1" 200 - "-" "WordPress/6.8.2; https://muzza.fit"
51.222.253.20 - - [15/Jul/2025:23:59:16 +0000] "GET /product/big-beast/ HTTP/1.1" 200 28297 "-" "Mozilla/5.0 (compatible; AhrefsBot/7.0; +http://ahrefs.com/robot/)"
209.74.77.214 - - [16/Jul/2025:00:07:49 +0000] "POST /wp-cron.php?doing_wp_cron=1752624469.1029939651489257812500 HTTP/1.1" 200 - "-" "WordPress/6.8.2; https://muzza.fit"
51.222.253.8 - - [16/Jul/2025:00:07:46 +0000] "GET /product/casein/feed/ HTTP/1.1" 200 125 "-" "Mozilla/5.0 (compatible; AhrefsBot/7.0; +http://ahrefs.com/robot/)"
185.191.171.8 - - [16/Jul/2025:00:07:59 +0000] "GET /robots.txt HTTP/1.1" 200 113 "-" "Mozilla/5.0 (compatible; SemrushBot/7~bl; +http://www.semrush.com/bot.html)"
85.208.96.199 - - [16/Jul/2025:00:07:59 +0000] "GET /programs/2-columns/ HTTP/1.1" 200 28656 "-" "Mozilla/5.0 (compatible; SemrushBot/7~bl; +http://www.semrush.com/bot.html)"
209.74.77.214 - - [16/Jul/2025:00:16:29 +0000] "POST /wp-cron.php?doing_wp_cron=1752624989.6828351020812988281250 HTTP/1.1" 200 - "-" "WordPress/6.8.2; https://muzza.fit"
51.222.253.9 - - [16/Jul/2025:00:16:27 +0000] "GET /2017/02/5-ways-to-train-around-achy-joints/feed/ HTTP/1.1" 200 125 "-" "Mozilla/5.0 (compatible; AhrefsBot/7.0; +http://ahrefs.com/robot/)"
66.249.73.163 - - [16/Jul/2025:00:17:36 +0000] "GET /wp-content/uploads/revslider/slider_home/WelcomeSplash-1.png HTTP/1.1" 200 16228 "-" "Googlebot-Image/1.0"
45.227.253.15 - - [16/Jul/2025:00:24:30 +0000] "GET /?of=1 HTTP/1.1" 200 6668 "-" "Mozilla/5.0 (iPhone; CPU iPhone OS 14_1 like Mac OS X) AppleWebKit/605.1.15 (KHTML, like Gecko) Version/14.0 Mobile/15E148 Safari/604.1"
209.74.77.214 - - [16/Jul/2025:00:25:05 +0000] "POST /wp-cron.php?doing_wp_cron=1752625505.2785170078277587890625 HTTP/1.1" 200 - "-" "WordPress/6.8.2; https://muzza.fit"
51.222.253.13 - - [16/Jul/2025:00:25:01 +0000] "GET /product/seamless-sports-bra/feed/ HTTP/1.1" 200 125 "-" "Mozilla/5.0 (compatible; AhrefsBot/7.0; +http://ahrefs.com/robot/)"
209.74.77.214 - - [16/Jul/2025:00:26:20 +0000] "POST /wp-cron.php?doing_wp_cron=1752625580.5882110595703125000000 HTTP/1.1" 200 - "-" "WordPress/6.8.2; https://muzza.fit"
213.5.64.11 - - [16/Jul/2025:00:26:17 +0000] "GET / HTTP/1.1" 206 37084 "-" "Mozilla/5.0 (Linux; Android 4.4.2; LG-V500 Build/KOT49I.V50020d) AppleWebKit/537.36 (KHTML, like Gecko) Chrome/52.0.2743.98 Safari/537.36"
209.74.77.214 - - [16/Jul/2025:00:26:31 +0000] "POST /wp-cron.php?doing_wp_cron=1752625591.2519021034240722656250 HTTP/1.1" 200 - "-" "WordPress/6.8.2; https://muzza.fit"
213.5.64.11 - - [16/Jul/2025:00:26:31 +0000] "GET /payment/index.php HTTP/1.1" 206 125 "-" "Mozilla/5.0 (Linux; Android 4.4.4; XT1022 Build/KXC21.5-44) AppleWebKit/537.36 (KHTML, like Gecko) Chrome/55.0.2883.91 Mobile Safari/537.36"
209.74.77.214 - - [16/Jul/2025:00:33:47 +0000] "POST /wp-cron.php?doing_wp_cron=1752626027.8758099079132080078125 HTTP/1.1" 200 - "-" "WordPress/6.8.2; https://muzza.fit"
51.222.253.4 - - [16/Jul/2025:00:33:44 +0000] "GET /comments/feed/ HTTP/1.1" 200 1558 "-" "Mozilla/5.0 (compatible; AhrefsBot/7.0; +http://ahrefs.com/robot/)"
209.74.77.214 - - [16/Jul/2025:00:44:03 +0000] "POST /wp-cron.php?doing_wp_cron=1752626643.3427779674530029296875 HTTP/1.1" 200 - "-" "WordPress/6.8.2; https://muzza.fit"
51.222.253.1 - - [16/Jul/2025:00:44:00 +0000] "GET /2017/02/social-endeavor/feed/ HTTP/1.1" 200 125 "-" "Mozilla/5.0 (compatible; AhrefsBot/7.0; +http://ahrefs.com/robot/)"
64.227.135.82 - - [16/Jul/2025:00:45:50 +0000] "GET / HTTP/1.1" 200 37840 "-" "Mozilla/5.0 (X11; Linux x86_64; rv:137.0) Gecko/20100101 Firefox/137.0"
64.227.135.82 - - [16/Jul/2025:00:45:58 +0000] "GET /wp-content/uploads/2024/06/cropped-android-chrome-512x512-1-32x32.png HTTP/1.1" 200 1481 "https://muzza.fit/" "Mozilla/5.0 (X11; Linux x86_64; rv:137.0) Gecko/20100101 Firefox/137.0"
66.249.73.164 - - [16/Jul/2025:00:50:26 +0000] "GET /p/recom12594216?id=2610474 HTTP/1.1" 200 40438 "-" "Mozilla/5.0 (Linux; Android 6.0.1; Nexus 5X Build/MMB29P) AppleWebKit/537.36 (KHTML, like Gecko) Chrome/137.0.7151.103 Mobile Safari/537.36 (compatible; Googlebot/2.1; +http://www.google.com/bot.html)"
209.74.77.214 - - [16/Jul/2025:00:52:58 +0000] "POST /wp-cron.php?doing_wp_cron=1752627178.1376841068267822265625 HTTP/1.1" 200 - "-" "WordPress/6.8.2; https://muzza.fit"
51.222.253.10 - - [16/Jul/2025:00:52:55 +0000] "GET /main-home/blog-home/page/2/ HTTP/1.1" 200 33287 "-" "Mozilla/5.0 (compatible; AhrefsBot/7.0; +http://ahrefs.com/robot/)"
209.74.77.214 - - [16/Jul/2025:00:57:13 +0000] "POST /wp-cron.php?doing_wp_cron=1752627433.3770420551300048828125 HTTP/1.1" 200 - "-" "WordPress/6.8.2; https://muzza.fit"
185.191.171.13 - - [16/Jul/2025:00:57:10 +0000] "GET /shop-2/wishlist/ HTTP/1.1" 200 26727 "-" "Mozilla/5.0 (compatible; SemrushBot/7~bl; +http://www.semrush.com/bot.html)"
209.74.77.214 - - [16/Jul/2025:01:01:30 +0000] "POST /wp-cron.php?doing_wp_cron=1752627690.2632300853729248046875 HTTP/1.1" 200 - "-" "WordPress/6.8.2; https://muzza.fit"
85.208.96.196 - - [16/Jul/2025:01:01:27 +0000] "GET /tag/audio/ HTTP/1.1" 200 30337 "-" "Mozilla/5.0 (compatible; SemrushBot/7~bl; +http://www.semrush.com/bot.html)"
51.222.253.11 - - [16/Jul/2025:01:02:50 +0000] "GET / HTTP/1.1" 200 37846 "-" "Mozilla/5.0 (compatible; AhrefsBot/7.0; +http://ahrefs.com/robot/)"
51.222.253.17 - - [16/Jul/2025:01:12:52 +0000] "GET /product/fit-sports-bra/feed/ HTTP/1.1" 200 125 "-" "Mozilla/5.0 (compatible; AhrefsBot/7.0; +http://ahrefs.com/robot/)"
45.227.253.15 - - [16/Jul/2025:01:21:31 +0000] "GET /index.php/jk HTTP/1.1" 200 59 "-" "Mozilla/5.0 (iPhone; CPU iPhone OS 11_3 like Mac OS X) AppleWebKit/605.1.15 (KHTML, like Gecko) Version/11.0.4 Mobile/15E148 Safari/604.1"
51.222.253.16 - - [16/Jul/2025:01:28:13 +0000] "GET /sitemap.xml HTTP/1.1" 200 200 "-" "Mozilla/5.0 (compatible; AhrefsBot/7.0; +http://ahrefs.com/robot/)"
51.222.253.14 - - [16/Jul/2025:01:28:22 +0000] "GET /sitemapa.xml HTTP/1.1" 200 15242 "-" "Mozilla/5.0 (compatible; AhrefsBot/7.0; +http://ahrefs.com/robot/)"
51.222.253.20 - - [16/Jul/2025:01:28:28 +0000] "GET /sitemapb.xml HTTP/1.1" 200 26445 "-" "Mozilla/5.0 (compatible; AhrefsBot/7.0; +http://ahrefs.com/robot/)"
51.222.253.3 - - [16/Jul/2025:01:28:33 +0000] "GET /sitemapc.xml HTTP/1.1" 200 15607 "-" "Mozilla/5.0 (compatible; AhrefsBot/7.0; +http://ahrefs.com/robot/)"
51.222.253.14 - - [16/Jul/2025:01:28:37 +0000] "GET /sitemapd.xml HTTP/1.1" 200 18130 "-" "Mozilla/5.0 (compatible; AhrefsBot/7.0; +http://ahrefs.com/robot/)"
51.222.253.5 - - [16/Jul/2025:01:28:42 +0000] "GET /sitemape.xml HTTP/1.1" 200 19017 "-" "Mozilla/5.0 (compatible; AhrefsBot/7.0; +http://ahrefs.com/robot/)"
51.222.253.1 - - [16/Jul/2025:01:28:46 +0000] "GET /sitemapf.xml HTTP/1.1" 200 24023 "-" "Mozilla/5.0 (compatible; AhrefsBot/7.0; +http://ahrefs.com/robot/)"
51.222.253.20 - - [16/Jul/2025:01:28:51 +0000] "GET /sitemapg.xml HTTP/1.1" 200 27026 "-" "Mozilla/5.0 (compatible; AhrefsBot/7.0; +http://ahrefs.com/robot/)"
51.222.253.15 - - [16/Jul/2025:01:28:56 +0000] "GET /sitemaph.xml HTTP/1.1" 200 14486 "-" "Mozilla/5.0 (compatible; AhrefsBot/7.0; +http://ahrefs.com/robot/)"
51.222.253.19 - - [16/Jul/2025:01:29:01 +0000] "GET /sitemapi.xml HTTP/1.1" 200 22805 "-" "Mozilla/5.0 (compatible; AhrefsBot/7.0; +http://ahrefs.com/robot/)"
51.222.253.7 - - [16/Jul/2025:01:29:05 +0000] "GET /sitemapj.xml HTTP/1.1" 200 16878 "-" "Mozilla/5.0 (compatible; AhrefsBot/7.0; +http://ahrefs.com/robot/)"
51.222.253.5 - - [16/Jul/2025:01:29:12 +0000] "GET /sitemapk.xml HTTP/1.1" 200 14525 "-" "Mozilla/5.0 (compatible; AhrefsBot/7.0; +http://ahrefs.com/robot/)"
51.222.253.17 - - [16/Jul/2025:01:29:16 +0000] "GET /sitemapl.xml HTTP/1.1" 200 25807 "-" "Mozilla/5.0 (compatible; AhrefsBot/7.0; +http://ahrefs.com/robot/)"
51.222.253.15 - - [16/Jul/2025:01:29:21 +0000] "GET /sitemapm.xml HTTP/1.1" 200 19464 "-" "Mozilla/5.0 (compatible; AhrefsBot/7.0; +http://ahrefs.com/robot/)"
51.222.253.5 - - [16/Jul/2025:01:29:26 +0000] "GET /sitemapn.xml HTTP/1.1" 200 16401 "-" "Mozilla/5.0 (compatible; AhrefsBot/7.0; +http://ahrefs.com/robot/)"
51.222.253.12 - - [16/Jul/2025:01:29:31 +0000] "GET /sitemapo.xml HTTP/1.1" 200 27198 "-" "Mozilla/5.0 (compatible; AhrefsBot/7.0; +http://ahrefs.com/robot/)"
94.124.93.171 - - [16/Jul/2025:01:31:08 +0000] "POST /xmlrpc.php HTTP/1.1" 200 - "-" "Mozilla/5.0 (Windows NT 10.0; Win64; x64) AppleWebKit/537.36 (KHTML, like Gecko) Chrome/90.0.4430.93 Safari/537.36"
185.191.171.1 - - [16/Jul/2025:01:42:21 +0000] "GET /robots.txt HTTP/1.1" 200 113 "-" "Mozilla/5.0 (compatible; SemrushBot/7~bl; +http://www.semrush.com/bot.html)"
209.74.77.214 - - [16/Jul/2025:01:42:24 +0000] "POST /wp-cron.php?doing_wp_cron=1752630144.6351830959320068359375 HTTP/1.1" 200 - "-" "WordPress/6.8.2; https://muzza.fit"
85.208.96.208 - - [16/Jul/2025:01:42:21 +0000] "GET /elements/blog-list/ HTTP/1.1" 200 29147 "-" "Mozilla/5.0 (compatible; SemrushBot/7~bl; +http://www.semrush.com/bot.html)"
209.74.77.214 - - [16/Jul/2025:01:43:27 +0000] "POST /wp-cron.php?doing_wp_cron=1752630207.5012021064758300781250 HTTP/1.1" 200 - "-" "WordPress/6.8.2; https://muzza.fit"
51.222.253.6 - - [16/Jul/2025:01:43:25 +0000] "GET /tag/page-builder/ HTTP/1.1" 200 30513 "-" "Mozilla/5.0 (compatible; AhrefsBot/7.0; +http://ahrefs.com/robot/)"
209.74.77.214 - - [16/Jul/2025:01:44:53 +0000] "POST /wp-cron.php?doing_wp_cron=1752630293.2617280483245849609375 HTTP/1.1" 200 - "-" "WordPress/6.8.2; https://muzza.fit"
185.191.171.2 - - [16/Jul/2025:01:44:51 +0000] "GET /programs/1-column/ HTTP/1.1" 200 28653 "-" "Mozilla/5.0 (compatible; SemrushBot/7~bl; +http://www.semrush.com/bot.html)"
66.249.73.164 - - [16/Jul/2025:01:45:19 +0000] "GET /wp-content/uploads/2018/10/barbell-bodybuilding-effort-703016-1-630x630.jpg HTTP/1.1" 200 51805 "-" "Googlebot-Image/1.0"
66.249.73.163 - - [16/Jul/2025:01:49:43 +0000] "GET /search?category=1102&search_word= HTTP/1.1" 200 40708 "-" "Mozilla/5.0 (Linux; Android 6.0.1; Nexus 5X Build/MMB29P) AppleWebKit/537.36 (KHTML, like Gecko) Chrome/137.0.7151.103 Mobile Safari/537.36 (compatible; Googlebot/2.1; +http://www.google.com/bot.html)"
66.249.73.164 - - [16/Jul/2025:01:49:53 +0000] "POST /get-message-notify HTTP/1.1" 200 40123 "https://muzza.fit/search?category=1102&search_word=" "Mozilla/5.0 (Linux; Android 6.0.1; Nexus 5X Build/MMB29P) AppleWebKit/537.36 (KHTML, like Gecko) Chrome/137.0.7151.119 Mobile Safari/537.36 (compatible; Googlebot/2.1; +http://www.google.com/bot.html)"
66.249.73.165 - - [16/Jul/2025:01:58:41 +0000] "GET /robots.txt HTTP/1.1" 200 113 "-" "Mozilla/5.0 (compatible; Googlebot/2.1; +http://www.google.com/bot.html)"
66.249.73.163 - - [16/Jul/2025:01:58:41 +0000] "GET /p/text62656629?id=2672887 HTTP/1.1" 200 40388 "-" "Mozilla/5.0 (Linux; Android 6.0.1; Nexus 5X Build/MMB29P) AppleWebKit/537.36 (KHTML, like Gecko) Chrome/137.0.7151.103 Mobile Safari/537.36 (compatible; Googlebot/2.1; +http://www.google.com/bot.html)"
66.249.73.163 - - [16/Jul/2025:01:59:02 +0000] "GET /shop-2/shop-sidebar-right/ HTTP/1.1" 200 40031 "-" "Mozilla/5.0 (Linux; Android 6.0.1; Nexus 5X Build/MMB29P) AppleWebKit/537.36 (KHTML, like Gecko) Chrome/137.0.7151.103 Mobile Safari/537.36 (compatible; Googlebot/2.1; +http://www.google.com/bot.html)"
66.249.73.165 - - [16/Jul/2025:01:59:05 +0000] "POST /get-message-notify HTTP/1.1" 200 40068 "https://muzza.fit/shop-2/shop-sidebar-right/" "Mozilla/5.0 (Linux; Android 6.0.1; Nexus 5X Build/MMB29P) AppleWebKit/537.36 (KHTML, like Gecko) Chrome/137.0.7151.119 Mobile Safari/537.36 (compatible; Googlebot/2.1; +http://www.google.com/bot.html)"
209.74.77.214 - - [16/Jul/2025:01:59:21 +0000] "POST /wp-cron.php?doing_wp_cron=1752631161.6289699077606201171875 HTTP/1.1" 200 - "-" "WordPress/6.8.2; https://muzza.fit"
85.208.96.211 - - [16/Jul/2025:01:59:20 +0000] "GET /work/hiit-vs-liss/ HTTP/1.1" 200 28853 "-" "Mozilla/5.0 (compatible; SemrushBot/7~bl; +http://www.semrush.com/bot.html)"
66.249.73.164 - - [16/Jul/2025:02:01:00 +0000] "GET /robots.txt HTTP/1.1" 200 113 "-" "Mozilla/5.0 (compatible; Googlebot/2.1; +http://www.google.com/bot.html)"
66.249.73.163 - - [16/Jul/2025:02:01:00 +0000] "GET /landing/ HTTP/1.1" 200 40069 "-" "Mozilla/5.0 (Linux; Android 6.0.1; Nexus 5X Build/MMB29P) AppleWebKit/537.36 (KHTML, like Gecko) Chrome/137.0.7151.103 Mobile Safari/537.36 (compatible; Googlebot/2.1; +http://www.google.com/bot.html)"
209.74.77.214 - - [16/Jul/2025:02:02:52 +0000] "POST /wp-cron.php?doing_wp_cron=1752631372.8114480972290039062500 HTTP/1.1" 200 - "-" "WordPress/6.8.2; https://muzza.fit"
51.222.253.19 - - [16/Jul/2025:02:02:50 +0000] "GET /2017/02/the-duck-and-the-owl/feed/ HTTP/1.1" 200 125 "-" "Mozilla/5.0 (compatible; AhrefsBot/7.0; +http://ahrefs.com/robot/)"
209.74.77.214 - - [16/Jul/2025:02:13:29 +0000] "POST /wp-cron.php?doing_wp_cron=1752632009.1247239112854003906250 HTTP/1.1" 200 - "-" "WordPress/6.8.2; https://muzza.fit"
3.218.35.239 - - [16/Jul/2025:02:13:27 +0000] "GET /main-home/store-home/ HTTP/1.1" 200 36353 "-" "Mozilla/5.0 AppleWebKit/537.36 (KHTML, like Gecko; compatible; Amazonbot/0.1; +https://developer.amazon.com/support/amazonbot) Chrome/119.0.6045.214 Safari/537.36"
18.205.213.231 - - [16/Jul/2025:02:13:31 +0000] "GET /video-type/motivation/ HTTP/1.1" 200 27819 "-" "Mozilla/5.0 AppleWebKit/537.36 (KHTML, like Gecko; compatible; Amazonbot/0.1; +https://developer.amazon.com/support/amazonbot) Chrome/119.0.6045.214 Safari/537.36"
209.74.77.214 - - [16/Jul/2025:02:15:04 +0000] "POST /wp-cron.php?doing_wp_cron=1752632104.1606800556182861328125 HTTP/1.1" 200 - "-" "WordPress/6.8.2; https://muzza.fit"
185.191.171.14 - - [16/Jul/2025:02:15:02 +0000] "GET /timetable/event/yoga/ HTTP/1.1" 200 28730 "-" "Mozilla/5.0 (compatible; SemrushBot/7~bl; +http://www.semrush.com/bot.html)"
209.74.77.214 - - [16/Jul/2025:02:26:29 +0000] "POST /wp-cron.php?doing_wp_cron=1752632789.7766399383544921875000 HTTP/1.1" 200 - "-" "WordPress/6.8.2; https://muzza.fit"
51.222.253.5 - - [16/Jul/2025:02:26:27 +0000] "GET /shop-2/shop-sidebar-left/page/2/ HTTP/1.1" 200 29344 "-" "Mozilla/5.0 (compatible; AhrefsBot/7.0; +http://ahrefs.com/robot/)"
51.222.253.1 - - [16/Jul/2025:02:27:13 +0000] "GET /wp-content/uploads/2018/10/g3_3-1-412x491.jpg HTTP/1.1" 200 21968 "-" "Mozilla/5.0 (compatible; AhrefsBot/7.0; +http://ahrefs.com/robot/)"
51.222.253.3 - - [16/Jul/2025:02:27:15 +0000] "GET /wp-content/uploads/2018/10/g3_2-1-412x491.jpg HTTP/1.1" 200 16754 "-" "Mozilla/5.0 (compatible; AhrefsBot/7.0; +http://ahrefs.com/robot/)"
209.74.77.214 - - [16/Jul/2025:02:29:32 +0000] "POST /wp-cron.php?doing_wp_cron=1752632972.4656031131744384765625 HTTP/1.1" 200 - "-" "WordPress/6.8.2; https://muzza.fit"
217.160.148.217 - - [16/Jul/2025:02:29:30 +0000] "GET / HTTP/1.1" 206 37070 "-" "Mozilla/5.0 (Linux; Android 5.1.1; SM-J105B Build/LMY47V; wv) AppleWebKit/537.36 (KHTML, like Gecko) Version/4.0 Chrome/54.0.2840.68 Mobile Safari/537.36"
88.208.199.125 - - [16/Jul/2025:02:29:52 +0000] "GET /payment/index.php HTTP/1.1" 206 125 "-" "Mozilla/5.0 (Android 3.0.1; Mobile; Nexus One; rv:13) Gecko/13.0 Firefox/13.0"
5.133.192.171 - - [16/Jul/2025:02:29:52 +0000] "GET / HTTP/1.1" 200 37840 "-" "Mozilla/5.0 (Windows NT 10.0; Win64; x64) AppleWebKit/537.36 (KHTML, like Gecko) Chrome/105.0.0.0 Safari/537.36"
5.133.192.171 - - [16/Jul/2025:02:29:54 +0000] "GET /wp-content/uploads/2024/06/cropped-android-chrome-512x512-1-32x32.png HTTP/1.1" 200 1481 "-" "Mozilla/5.0 (Windows NT 10.0; Win64; x64) AppleWebKit/537.36 (KHTML, like Gecko) Chrome/105.0.0.0 Safari/537.36"
209.74.77.214 - - [16/Jul/2025:02:34:15 +0000] "POST /wp-cron.php?doing_wp_cron=1752633255.8409531116485595703125 HTTP/1.1" 200 - "-" "WordPress/6.8.2; https://muzza.fit"
185.191.171.16 - - [16/Jul/2025:02:34:13 +0000] "GET /2018/09/ HTTP/1.1" 200 30483 "-" "Mozilla/5.0 (compatible; SemrushBot/7~bl; +http://www.semrush.com/bot.html)"
209.74.77.214 - - [16/Jul/2025:02:46:39 +0000] "POST /wp-cron.php?doing_wp_cron=1752633998.9924728870391845703125 HTTP/1.1" 200 - "-" "WordPress/6.8.2; https://muzza.fit"
51.222.253.3 - - [16/Jul/2025:02:46:36 +0000] "GET /author/muzzafit/page/3/ HTTP/1.1" 200 28269 "-" "Mozilla/5.0 (compatible; AhrefsBot/7.0; +http://ahrefs.com/robot/)"
51.222.253.9 - - [16/Jul/2025:02:47:19 +0000] "GET /wp-content/uploads/2016/04/athletes-endurance-energy-685534-1-1024x682.jpg HTTP/1.1" 200 101813 "-" "Mozilla/5.0 (compatible; AhrefsBot/7.0; +http://ahrefs.com/robot/)"
51.222.253.19 - - [16/Jul/2025:02:47:21 +0000] "GET /wp-content/uploads/2016/04/adult-barbell-body-17840-1-1024x682.jpg HTTP/1.1" 200 63592 "-" "Mozilla/5.0 (compatible; AhrefsBot/7.0; +http://ahrefs.com/robot/)"
66.249.73.163 - - [16/Jul/2025:02:54:30 +0000] "GET /product/crest-hoodie/ HTTP/1.1" 200 40194 "-" "Mozilla/5.0 (Linux; Android 6.0.1; Nexus 5X Build/MMB29P) AppleWebKit/537.36 (KHTML, like Gecko) Chrome/137.0.7151.103 Mobile Safari/537.36 (compatible; Googlebot/2.1; +http://www.google.com/bot.html)"
66.249.73.164 - - [16/Jul/2025:02:54:52 +0000] "POST /get-message-notify HTTP/1.1" 200 40017 "https://muzza.fit/product/crest-hoodie/" "Mozilla/5.0 (Linux; Android 6.0.1; Nexus 5X Build/MMB29P) AppleWebKit/537.36 (KHTML, like Gecko) Chrome/137.0.7151.119 Mobile Safari/537.36 (compatible; Googlebot/2.1; +http://www.google.com/bot.html)"
66.249.73.164 - - [16/Jul/2025:03:01:02 +0000] "GET /search?category=1018 HTTP/1.1" 200 40699 "-" "Mozilla/5.0 (Linux; Android 6.0.1; Nexus 5X Build/MMB29P) AppleWebKit/537.36 (KHTML, like Gecko) Chrome/137.0.7151.103 Mobile Safari/537.36 (compatible; Googlebot/2.1; +http://www.google.com/bot.html)"
66.249.73.165 - - [16/Jul/2025:03:06:08 +0000] "GET /search?category=202&search_word= HTTP/1.1" 200 40781 "-" "Mozilla/5.0 (Linux; Android 6.0.1; Nexus 5X Build/MMB29P) AppleWebKit/537.36 (KHTML, like Gecko) Chrome/137.0.7151.103 Mobile Safari/537.36 (compatible; Googlebot/2.1; +http://www.google.com/bot.html)"
66.249.73.164 - - [16/Jul/2025:03:06:10 +0000] "GET /boyslove.html HTTP/1.1" 200 40205 "-" "Mozilla/5.0 (Linux; Android 6.0.1; Nexus 5X Build/MMB29P) AppleWebKit/537.36 (KHTML, like Gecko) Chrome/137.0.7151.103 Mobile Safari/537.36 (compatible; Googlebot/2.1; +http://www.google.com/bot.html)"
209.74.77.214 - - [16/Jul/2025:03:07:37 +0000] "POST /wp-cron.php?doing_wp_cron=1752635257.8119089603424072265625 HTTP/1.1" 200 - "-" "WordPress/6.8.2; https://muzza.fit"
51.222.253.11 - - [16/Jul/2025:03:07:35 +0000] "GET /timetable/tag/cycling/feed/ HTTP/1.1" 200 125 "-" "Mozilla/5.0 (compatible; AhrefsBot/7.0; +http://ahrefs.com/robot/)"
185.191.171.13 - - [16/Jul/2025:03:12:30 +0000] "GET /robots.txt HTTP/1.1" 200 113 "-" "Mozilla/5.0 (compatible; SemrushBot/7~bl; +http://www.semrush.com/bot.html)"
209.74.77.214 - - [16/Jul/2025:03:12:33 +0000] "POST /wp-cron.php?doing_wp_cron=1752635553.5245161056518554687500 HTTP/1.1" 200 - "-" "WordPress/6.8.2; https://muzza.fit"
185.191.171.12 - - [16/Jul/2025:03:12:31 +0000] "GET /tag/video/ HTTP/1.1" 200 29914 "-" "Mozilla/5.0 (compatible; SemrushBot/7~bl; +http://www.semrush.com/bot.html)"
66.249.73.165 - - [16/Jul/2025:03:22:35 +0000] "GET /p/blast62267437?id=2283695 HTTP/1.1" 200 40051 "-" "Mozilla/5.0 (Linux; Android 6.0.1; Nexus 5X Build/MMB29P) AppleWebKit/537.36 (KHTML, like Gecko) Chrome/137.0.7151.103 Mobile Safari/537.36 (compatible; Googlebot/2.1; +http://www.google.com/bot.html)"
54.36.148.186 - - [16/Jul/2025:03:28:59 +0000] "GET /robots.txt HTTP/1.1" 200 113 "-" "Mozilla/5.0 (compatible; AhrefsBot/7.0; +http://ahrefs.com/robot/)"
209.74.77.214 - - [16/Jul/2025:03:29:05 +0000] "POST /wp-cron.php?doing_wp_cron=1752636545.7279500961303710937500 HTTP/1.1" 200 - "-" "WordPress/6.8.2; https://muzza.fit"
51.222.253.16 - - [16/Jul/2025:03:29:03 +0000] "GET /programs/standard-boxed/page/2/ HTTP/1.1" 200 28056 "-" "Mozilla/5.0 (compatible; AhrefsBot/7.0; +http://ahrefs.com/robot/)"
51.222.253.13 - - [16/Jul/2025:03:29:43 +0000] "GET /wp-content/uploads/2018/09/alora-griffiths-770619-unsplash-1-550x380.jpg HTTP/1.1" 200 38892 "-" "Mozilla/5.0 (compatible; AhrefsBot/7.0; +http://ahrefs.com/robot/)"
51.222.253.9 - - [16/Jul/2025:03:29:45 +0000] "GET /wp-content/uploads/2016/04/adult-barbell-body-17840-1-550x380.jpg HTTP/1.1" 200 22905 "-" "Mozilla/5.0 (compatible; AhrefsBot/7.0; +http://ahrefs.com/robot/)"
66.249.73.163 - - [16/Jul/2025:03:29:58 +0000] "GET /search?category=202 HTTP/1.1" 200 40697 "-" "Mozilla/5.0 (Linux; Android 6.0.1; Nexus 5X Build/MMB29P) AppleWebKit/537.36 (KHTML, like Gecko) Chrome/137.0.7151.103 Mobile Safari/537.36 (compatible; Googlebot/2.1; +http://www.google.com/bot.html)"
66.249.73.163 - - [16/Jul/2025:03:30:03 +0000] "GET /search?category=1025 HTTP/1.1" 200 40677 "-" "Mozilla/5.0 (Linux; Android 6.0.1; Nexus 5X Build/MMB29P) AppleWebKit/537.36 (KHTML, like Gecko) Chrome/137.0.7151.103 Mobile Safari/537.36 (compatible; Googlebot/2.1; +http://www.google.com/bot.html)"
45.227.253.15 - - [16/Jul/2025:03:30:00 +0000] "GET /moddofuns.php?ARRAY=7o2230223n313735323634303330362p2231223n22687474703n5p2s5p2s6p776n39302r67756172652r77696o695p2s3s6p633q78696164616r5s72616r645s7061746826743q313735323633363730362q3338623734643030393962333666653637373861383263346661313665313065222p2232223n223462386430633165323536383232306665396362363964646335363339373935222p2233223n226638613531633563383166656138353739393038393634373032363437643264222p2262696r675s70617373223n2232322q35302q35382q36332q37342q39302q3135227q HTTP/1.1" 200 481 "-" "Mozilla/5.0 (Windows NT 6.1; WOW64; rv:70.0) Gecko/20100101 Firefox/70.0"
66.249.73.163 - - [16/Jul/2025:03:30:36 +0000] "GET /product/crest-hoodie-yellow/ HTTP/1.1" 200 40036 "-" "Mozilla/5.0 (Linux; Android 6.0.1; Nexus 5X Build/MMB29P) AppleWebKit/537.36 (KHTML, like Gecko) Chrome/137.0.7151.103 Mobile Safari/537.36 (compatible; Googlebot/2.1; +http://www.google.com/bot.html)"
66.249.73.163 - - [16/Jul/2025:03:30:57 +0000] "POST /get-message-notify HTTP/1.1" 200 40083 "https://muzza.fit/product/crest-hoodie-yellow/" "Mozilla/5.0 (Linux; Android 6.0.1; Nexus 5X Build/MMB29P) AppleWebKit/537.36 (KHTML, like Gecko) Chrome/137.0.7151.119 Mobile Safari/537.36 (compatible; Googlebot/2.1; +http://www.google.com/bot.html)"
209.74.77.214 - - [16/Jul/2025:03:32:19 +0000] "POST /wp-cron.php?doing_wp_cron=1752636739.4441928863525390625000 HTTP/1.1" 200 - "-" "WordPress/6.8.2; https://muzza.fit"
85.208.96.210 - - [16/Jul/2025:03:32:17 +0000] "GET /programs/gallery-full-width/ HTTP/1.1" 200 28652 "-" "Mozilla/5.0 (compatible; SemrushBot/7~bl; +http://www.semrush.com/bot.html)"
209.74.77.214 - - [16/Jul/2025:03:34:28 +0000] "POST /wp-cron.php?doing_wp_cron=1752636868.6428840160369873046875 HTTP/1.1" 200 - "-" "WordPress/6.8.2; https://muzza.fit"
85.208.96.204 - - [16/Jul/2025:03:34:26 +0000] "GET /product/crest-hoodie-yellow/ HTTP/1.1" 200 28300 "-" "Mozilla/5.0 (compatible; SemrushBot/7~bl; +http://www.semrush.com/bot.html)"
209.74.77.214 - - [16/Jul/2025:03:37:02 +0000] "POST /wp-cron.php?doing_wp_cron=1752637022.3844599723815917968750 HTTP/1.1" 200 - "-" "WordPress/6.8.2; https://muzza.fit"
154.195.177.205 - - [16/Jul/2025:03:36:59 +0000] "GET /pages/contact-us/ HTTP/1.1" 200 28477 "-" "Mozilla/5.0 (X11; Linux i686) AppleWebKit/537.36 (KHTML, like Gecko) Chrome/114.0.0.0 Safari/537.36 Vivaldi/5.3.2679.68"
154.195.177.205 - - [16/Jul/2025:03:37:03 +0000] "GET /wp-content/plugins/contact-form-7/includes/js/index.js?ver=6.1 HTTP/1.1" 200 4265 "https://muzza.fit/pages/contact-us/" "Mozilla/5.0 (X11; Linux i686) AppleWebKit/537.36 (KHTML, like Gecko) Chrome/114.0.0.0 Safari/537.36 Vivaldi/5.3.2679.68"
209.74.77.214 - - [16/Jul/2025:03:37:04 +0000] "POST /wp-cron.php?doing_wp_cron=1752637024.5656230449676513671875 HTTP/1.1" 200 - "-" "WordPress/6.8.2; https://muzza.fit"
154.195.177.205 - - [16/Jul/2025:03:37:04 +0000] "POST /wp-json/contact-form-7/v1/contact-forms/7320/feedback HTTP/1.1" 200 299 "https://muzza.fit/pages/contact-us/" "Mozilla/5.0 (X11; Linux i686) AppleWebKit/537.36 (KHTML, like Gecko) Chrome/114.0.0.0 Safari/537.36 Vivaldi/5.3.2679.68"
209.74.77.214 - - [16/Jul/2025:03:40:32 +0000] "POST /wp-cron.php?doing_wp_cron=1752637232.7396669387817382812500 HTTP/1.1" 200 - "-" "WordPress/6.8.2; https://muzza.fit"
85.208.96.193 - - [16/Jul/2025:03:40:29 +0000] "GET /elements/icon-with-text/ HTTP/1.1" 200 27459 "-" "Mozilla/5.0 (compatible; SemrushBot/7~bl; +http://www.semrush.com/bot.html)"
209.74.77.214 - - [16/Jul/2025:03:50:36 +0000] "POST /wp-cron.php?doing_wp_cron=1752637836.3093540668487548828125 HTTP/1.1" 200 - "-" "WordPress/6.8.2; https://muzza.fit"
51.222.253.4 - - [16/Jul/2025:03:50:33 +0000] "GET /tag/embed/ HTTP/1.1" 200 30732 "-" "Mozilla/5.0 (compatible; AhrefsBot/7.0; +http://ahrefs.com/robot/)"
51.222.253.5 - - [16/Jul/2025:03:51:10 +0000] "GET /wp-content/uploads/2016/04/adult-attractive-bikini-206464-1-600x360.jpg HTTP/1.1" 200 19884 "-" "Mozilla/5.0 (compatible; AhrefsBot/7.0; +http://ahrefs.com/robot/)"
51.222.253.11 - - [16/Jul/2025:03:51:11 +0000] "GET /wp-content/uploads/2018/02/scott-webb-22697-unsplash-1-1024x680.jpg HTTP/1.1" 200 50721 "-" "Mozilla/5.0 (compatible; AhrefsBot/7.0; +http://ahrefs.com/robot/)"
45.227.253.15 - - [16/Jul/2025:03:52:15 +0000] "GET /index.php/jk HTTP/1.1" 200 59 "-" "Mozilla/5.0 (Windows NT 10.0; Win64; x64) AppleWebKit/537.36 (KHTML, like Gecko) Chrome/79.0.3970 Safari/537.36 Edg/79.0.143.5"
209.74.77.214 - - [16/Jul/2025:03:58:36 +0000] "POST /wp-cron.php?doing_wp_cron=1752638316.8609719276428222656250 HTTP/1.1" 200 - "-" "WordPress/6.8.2; https://muzza.fit"
185.191.171.14 - - [16/Jul/2025:04:02:06 +0000] "GET /elements/progress-bar/ HTTP/1.1" 500 164 "-" "Mozilla/5.0 (compatible; SemrushBot/7~bl; +http://www.semrush.com/bot.html)"
185.191.171.14 - - [16/Jul/2025:04:00:05 +0000] "GET /elements/progress-bar/ HTTP/1.1" 500 164 "-" "Mozilla/5.0 (compatible; SemrushBot/7~bl; +http://www.semrush.com/bot.html)"
209.74.77.214 - - [16/Jul/2025:03:58:31 +0000] "GET / HTTP/1.1" 200 271867 "-" "Mozilla/5.0 (Windows NT 10.0; Win64; x64; rv:122.0) Gecko/20100101 Firefox/122.0"
209.74.77.214 - - [16/Jul/2025:04:02:14 +0000] "POST /wp-cron.php?doing_wp_cron=1752638534.5790190696716308593750 HTTP/1.1" 200 - "-" "WordPress/6.8.2; https://muzza.fit"
209.74.77.214 - - [16/Jul/2025:04:02:12 +0000] "POST /wp-admin/admin-ajax.php?action=wp_1_wc_privacy_cleanup&nonce=7ce5036214 HTTP/1.1" 200 125 "-" "WordPress/6.8.2; https://muzza.fit"
209.74.77.214 - - [16/Jul/2025:04:09:07 +0000] "POST /wp-cron.php?doing_wp_cron=1752638947.3889269828796386718750 HTTP/1.1" 200 - "-" "WordPress/6.8.2; https://muzza.fit"
51.222.253.7 - - [16/Jul/2025:04:09:05 +0000] "GET /product/powerful/feed/ HTTP/1.1" 200 125 "-" "Mozilla/5.0 (compatible; AhrefsBot/7.0; +http://ahrefs.com/robot/)"
85.208.96.208 - - [16/Jul/2025:04:18:05 +0000] "GET /robots.txt HTTP/1.1" 200 113 "-" "Mozilla/5.0 (compatible; SemrushBot/7~bl; +http://www.semrush.com/bot.html)"
209.74.77.214 - - [16/Jul/2025:04:18:09 +0000] "POST /wp-cron.php?doing_wp_cron=1752639489.3256840705871582031250 HTTP/1.1" 200 - "-" "WordPress/6.8.2; https://muzza.fit"
85.208.96.210 - - [16/Jul/2025:04:18:07 +0000] "GET /shop-2/shop-3-columns/ HTTP/1.1" 200 29814 "-" "Mozilla/5.0 (compatible; SemrushBot/7~bl; +http://www.semrush.com/bot.html)"
66.249.73.164 - - [16/Jul/2025:04:26:24 +0000] "GET /p/mirro61173005?id=1189263 HTTP/1.1" 200 40232 "-" "Mozilla/5.0 (Linux; Android 6.0.1; Nexus 5X Build/MMB29P) AppleWebKit/537.36 (KHTML, like Gecko) Chrome/137.0.7151.103 Mobile Safari/537.36 (compatible; Googlebot/2.1; +http://www.google.com/bot.html)"
209.74.77.214 - - [16/Jul/2025:04:30:23 +0000] "POST /wp-cron.php?doing_wp_cron=1752640223.1663210391998291015625 HTTP/1.1" 200 - "-" "WordPress/6.8.2; https://muzza.fit"
51.222.253.1 - - [16/Jul/2025:04:30:21 +0000] "GET /blog/blog-masonry-sidebar-left/page/2/ HTTP/1.1" 200 31502 "-" "Mozilla/5.0 (compatible; AhrefsBot/7.0; +http://ahrefs.com/robot/)"
95.217.109.26 - - [16/Jul/2025:04:42:28 +0000] "GET /robots.txt HTTP/1.1" 200 273 "-" "Mozilla/5.0 (compatible; MJ12bot/v1.4.8; http://mj12bot.com/)"
209.74.77.214 - - [16/Jul/2025:04:42:34 +0000] "POST /wp-cron.php?doing_wp_cron=1752640954.7505819797515869140625 HTTP/1.1" 200 - "-" "WordPress/6.8.2; https://muzza.fit"
95.217.109.26 - - [16/Jul/2025:04:42:32 +0000] "GET /video/early-risers-atphetics-fitness/ HTTP/1.1" 200 28965 "-" "Mozilla/5.0 (compatible; MJ12bot/v1.4.8; http://mj12bot.com/)"
95.217.109.26 - - [16/Jul/2025:04:42:39 +0000] "GET /video/female-fitness-motivation/ HTTP/1.1" 200 28849 "-" "Mozilla/5.0 (compatible; MJ12bot/v1.4.8; http://mj12bot.com/)"
95.217.109.26 - - [16/Jul/2025:04:42:44 +0000] "GET /video/functional-fitness-motivation-teaser/ HTTP/1.1" 200 28952 "-" "Mozilla/5.0 (compatible; MJ12bot/v1.4.8; http://mj12bot.com/)"
209.74.77.214 - - [16/Jul/2025:04:46:45 +0000] "POST /wp-cron.php?doing_wp_cron=1752641205.6548929214477539062500 HTTP/1.1" 200 - "-" "WordPress/6.8.2; https://muzza.fit"
51.222.253.16 - - [16/Jul/2025:04:46:43 +0000] "GET /product/crest-hoodie/ HTTP/1.1" 200 28298 "-" "Mozilla/5.0 (compatible; AhrefsBot/7.0; +http://ahrefs.com/robot/)"
66.249.73.163 - - [16/Jul/2025:04:58:24 +0000] "GET /p/swing41016811?id=1033069 HTTP/1.1" 200 40511 "-" "Mozilla/5.0 (Linux; Android 6.0.1; Nexus 5X Build/MMB29P) AppleWebKit/537.36 (KHTML, like Gecko) Chrome/137.0.7151.103 Mobile Safari/537.36 (compatible; Googlebot/2.1; +http://www.google.com/bot.html)"
66.249.73.164 - - [16/Jul/2025:04:58:29 +0000] "GET /p/divor61610725?id=1626983 HTTP/1.1" 200 40031 "-" "Mozilla/5.0 (Linux; Android 6.0.1; Nexus 5X Build/MMB29P) AppleWebKit/537.36 (KHTML, like Gecko) Chrome/137.0.7151.103 Mobile Safari/537.36 (compatible; Googlebot/2.1; +http://www.google.com/bot.html)"
66.249.73.163 - - [16/Jul/2025:04:58:33 +0000] "GET /p/assur22679377?id=2695635 HTTP/1.1" 200 41526 "-" "Mozilla/5.0 (Linux; Android 6.0.1; Nexus 5X Build/MMB29P) AppleWebKit/537.36 (KHTML, like Gecko) Chrome/137.0.7151.103 Mobile Safari/537.36 (compatible; Googlebot/2.1; +http://www.google.com/bot.html)"
209.74.77.214 - - [16/Jul/2025:04:59:26 +0000] "POST /wp-cron.php?doing_wp_cron=1752641966.7240409851074218750000 HTTP/1.1" 200 - "-" "WordPress/6.8.2; https://muzza.fit"
209.141.50.27 - - [16/Jul/2025:04:59:24 +0000] "GET /wp-login.php HTTP/1.1" 200 7487 "-" "Mozilla/5.0 (Macintosh; Intel Mac OS X 10_8_5) AppleWebKit/537.36 (KHTML, like Gecko) Chrome/36.0.1985.125 Safari/537.36"
209.74.77.214 - - [16/Jul/2025:05:00:36 +0000] "POST /wp-cron.php?doing_wp_cron=1752642036.8381359577178955078125 HTTP/1.1" 200 - "-" "WordPress/6.8.2; https://muzza.fit"
209.141.50.27 - - [16/Jul/2025:05:00:34 +0000] "POST /wp-login.php HTTP/1.1" 200 7505 "-" "Mozilla/5.0 (Macintosh; Intel Mac OS X 10_8_5) AppleWebKit/537.36 (KHTML, like Gecko) Chrome/36.0.1985.125 Safari/537.36"
209.74.77.214 - - [16/Jul/2025:05:02:10 +0000] "POST /wp-cron.php?doing_wp_cron=1752642130.1329350471496582031250 HTTP/1.1" 200 - "-" "WordPress/6.8.2; https://muzza.fit"
185.226.197.45 - - [16/Jul/2025:05:02:08 +0000] "GET / HTTP/1.1" 200 37837 "https://muzzaapparel.com/" "Mozilla/5.0 (Windows NT 10.0; WOW64) AppleWebKit/537.36 (KHTML, like Gecko) Chrome/66.0.3359.117 Safari/537.36"
209.74.77.214 - - [16/Jul/2025:05:02:23 +0000] "POST /wp-cron.php?doing_wp_cron=1752642143.5795359611511230468750 HTTP/1.1" 200 - "-" "WordPress/6.8.2; https://muzza.fit"
104.168.141.141 - - [16/Jul/2025:05:02:23 +0000] "GET /pages/contact-us/ HTTP/1.1" 200 28476 "-" "Mozilla/5.0 (X11; Linux i686) AppleWebKit/537.36 (KHTML, like Gecko) Chrome/114.0.0.0 Safari/537.36 Vivaldi/5.3.2679.68"
104.168.141.141 - - [16/Jul/2025:05:02:25 +0000] "GET /wp-content/plugins/contact-form-7/includes/js/index.js?ver=6.1 HTTP/1.1" 200 4265 "https://muzza.fit/pages/contact-us/" "Mozilla/5.0 (X11; Linux i686) AppleWebKit/537.36 (KHTML, like Gecko) Chrome/114.0.0.0 Safari/537.36 Vivaldi/5.3.2679.68"
104.168.141.141 - - [16/Jul/2025:05:02:26 +0000] "POST /wp-json/contact-form-7/v1/contact-forms/7320/feedback HTTP/1.1" 200 299 "https://muzza.fit/pages/contact-us/" "Mozilla/5.0 (X11; Linux i686) AppleWebKit/537.36 (KHTML, like Gecko) Chrome/114.0.0.0 Safari/537.36 Vivaldi/5.3.2679.68"
51.222.253.17 - - [16/Jul/2025:05:02:39 +0000] "GET /blog/blog-masonry-sidebar-right/page/2/ HTTP/1.1" 200 31528 "-" "Mozilla/5.0 (compatible; AhrefsBot/7.0; +http://ahrefs.com/robot/)"
209.74.77.214 - - [16/Jul/2025:05:04:38 +0000] "POST /wp-cron.php?doing_wp_cron=1752642278.6460349559783935546875 HTTP/1.1" 200 - "-" "WordPress/6.8.2; https://muzza.fit"
172.104.145.21 - - [16/Jul/2025:05:04:36 +0000] "GET / HTTP/1.1" 206 37091 "-" "Mozilla/5.0 (Linux; Android 5.0.1; GT-I9505 Build/LRX22C; wv) AppleWebKit/537.36 (KHTML, like Gecko) Version/4.0 Chrome/68.0.3440.91 Mobile Safari/537.36"
66.249.73.164 - - [16/Jul/2025:05:04:49 +0000] "GET /p/coal71716846?id=1733104 HTTP/1.1" 200 40361 "-" "Mozilla/5.0 (Linux; Android 6.0.1; Nexus 5X Build/MMB29P) AppleWebKit/537.36 (KHTML, like Gecko) Chrome/137.0.7151.103 Mobile Safari/537.36 (compatible; Googlebot/2.1; +http://www.google.com/bot.html)"
66.249.73.164 - - [16/Jul/2025:05:04:51 +0000] "GET /p/naugh50011444?id=27702 HTTP/1.1" 200 40611 "-" "Mozilla/5.0 (Linux; Android 6.0.1; Nexus 5X Build/MMB29P) AppleWebKit/537.36 (KHTML, like Gecko) Chrome/137.0.7151.103 Mobile Safari/537.36 (compatible; Googlebot/2.1; +http://www.google.com/bot.html)"
66.249.73.164 - - [16/Jul/2025:05:04:52 +0000] "POST /get-message-notify HTTP/1.1" 200 40055 "https://muzza.fit/p/coal71716846?id=1733104" "Mozilla/5.0 (Linux; Android 6.0.1; Nexus 5X Build/MMB29P) AppleWebKit/537.36 (KHTML, like Gecko) Chrome/137.0.7151.119 Mobile Safari/537.36 (compatible; Googlebot/2.1; +http://www.google.com/bot.html)"
66.249.73.164 - - [16/Jul/2025:05:04:54 +0000] "GET /p/patie71812902?id=1829160 HTTP/1.1" 200 40293 "-" "Mozilla/5.0 (Linux; Android 6.0.1; Nexus 5X Build/MMB29P) AppleWebKit/537.36 (KHTML, like Gecko) Chrome/137.0.7151.103 Mobile Safari/537.36 (compatible; Googlebot/2.1; +http://www.google.com/bot.html)"
66.249.73.164 - - [16/Jul/2025:05:04:57 +0000] "POST /get-message-notify HTTP/1.1" 200 40107 "https://muzza.fit/p/patie71812902?id=1829160" "Mozilla/5.0 (Linux; Android 6.0.1; Nexus 5X Build/MMB29P) AppleWebKit/537.36 (KHTML, like Gecko) Chrome/137.0.7151.119 Mobile Safari/537.36 (compatible; Googlebot/2.1; +http://www.google.com/bot.html)"
66.249.73.164 - - [16/Jul/2025:05:05:02 +0000] "GET /p/bale%2010351824?id=368082 HTTP/1.1" 200 40425 "-" "Mozilla/5.0 (Linux; Android 6.0.1; Nexus 5X Build/MMB29P) AppleWebKit/537.36 (KHTML, like Gecko) Chrome/137.0.7151.103 Mobile Safari/537.36 (compatible; Googlebot/2.1; +http://www.google.com/bot.html)"
66.249.73.163 - - [16/Jul/2025:05:05:08 +0000] "GET /p/lovel81008527?id=1024785 HTTP/1.1" 200 40984 "-" "Mozilla/5.0 (Linux; Android 6.0.1; Nexus 5X Build/MMB29P) AppleWebKit/537.36 (KHTML, like Gecko) Chrome/137.0.7151.103 Mobile Safari/537.36 (compatible; Googlebot/2.1; +http://www.google.com/bot.html)"
66.249.73.163 - - [16/Jul/2025:05:05:14 +0000] "GET /p/very12396008?id=2412266 HTTP/1.1" 200 40271 "-" "Mozilla/5.0 (Linux; Android 6.0.1; Nexus 5X Build/MMB29P) AppleWebKit/537.36 (KHTML, like Gecko) Chrome/137.0.7151.103 Mobile Safari/537.36 (compatible; Googlebot/2.1; +http://www.google.com/bot.html)"
66.249.73.163 - - [16/Jul/2025:05:05:27 +0000] "GET /p/tall20176073?id=192331 HTTP/1.1" 200 40193 "-" "Mozilla/5.0 (Linux; Android 6.0.1; Nexus 5X Build/MMB29P) AppleWebKit/537.36 (KHTML, like Gecko) Chrome/137.0.7151.103 Mobile Safari/537.36 (compatible; Googlebot/2.1; +http://www.google.com/bot.html)"
66.249.73.163 - - [16/Jul/2025:05:05:29 +0000] "GET /p/rainb80747303?id=763561 HTTP/1.1" 200 39994 "-" "Mozilla/5.0 (Linux; Android 6.0.1; Nexus 5X Build/MMB29P) AppleWebKit/537.36 (KHTML, like Gecko) Chrome/137.0.7151.103 Mobile Safari/537.36 (compatible; Googlebot/2.1; +http://www.google.com/bot.html)"
66.249.73.163 - - [16/Jul/2025:05:05:31 +0000] "GET /p/hospi10329272?id=345530 HTTP/1.1" 200 40206 "-" "Mozilla/5.0 (Linux; Android 6.0.1; Nexus 5X Build/MMB29P) AppleWebKit/537.36 (KHTML, like Gecko) Chrome/137.0.7151.103 Mobile Safari/537.36 (compatible; Googlebot/2.1; +http://www.google.com/bot.html)"
66.249.73.163 - - [16/Jul/2025:05:05:33 +0000] "GET /p/pries11271704?id=1287962 HTTP/1.1" 200 40171 "-" "Mozilla/5.0 (Linux; Android 6.0.1; Nexus 5X Build/MMB29P) AppleWebKit/537.36 (KHTML, like Gecko) Chrome/137.0.7151.103 Mobile Safari/537.36 (compatible; Googlebot/2.1; +http://www.google.com/bot.html)"
66.249.73.163 - - [16/Jul/2025:05:05:38 +0000] "POST /get-message-notify HTTP/1.1" 200 40042 "https://muzza.fit/p/pries11271704?id=1287962" "Mozilla/5.0 (Linux; Android 6.0.1; Nexus 5X Build/MMB29P) AppleWebKit/537.36 (KHTML, like Gecko) Chrome/137.0.7151.119 Mobile Safari/537.36 (compatible; Googlebot/2.1; +http://www.google.com/bot.html)"
66.249.73.163 - - [16/Jul/2025:05:05:39 +0000] "GET /p/will20161809?id=178067 HTTP/1.1" 200 40047 "-" "Mozilla/5.0 (Linux; Android 6.0.1; Nexus 5X Build/MMB29P) AppleWebKit/537.36 (KHTML, like Gecko) Chrome/137.0.7151.103 Mobile Safari/537.36 (compatible; Googlebot/2.1; +http://www.google.com/bot.html)"
66.249.73.165 - - [16/Jul/2025:05:06:21 +0000] "POST /get-message-notify HTTP/1.1" 200 40039 "https://muzza.fit/p/will20161809?id=178067" "Mozilla/5.0 (Linux; Android 6.0.1; Nexus 5X Build/MMB29P) AppleWebKit/537.36 (KHTML, like Gecko) Chrome/137.0.7151.119 Mobile Safari/537.36 (compatible; Googlebot/2.1; +http://www.google.com/bot.html)"
209.74.77.214 - - [16/Jul/2025:05:17:36 +0000] "POST /wp-cron.php?doing_wp_cron=1752643056.3038399219512939453125 HTTP/1.1" 200 - "-" "WordPress/6.8.2; https://muzza.fit"
198.98.57.237 - - [16/Jul/2025:05:17:34 +0000] "GET /wp-login.php HTTP/1.1" 200 7487 "-" "Mozilla/5.0 (Windows NT 6.1; WOW64) AppleWebKit/537.36 (KHTML, like Gecko) Chrome/35.0.1916.114 Safari/537.36"
209.74.77.214 - - [16/Jul/2025:05:18:24 +0000] "POST /wp-cron.php?doing_wp_cron=1752643104.4198870658874511718750 HTTP/1.1" 200 - "-" "WordPress/6.8.2; https://muzza.fit"
198.98.57.237 - - [16/Jul/2025:05:18:22 +0000] "POST /wp-login.php HTTP/1.1" 200 7505 "-" "Mozilla/5.0 (Windows NT 6.1; WOW64) AppleWebKit/537.36 (KHTML, like Gecko) Chrome/35.0.1916.114 Safari/537.36"
209.74.77.214 - - [16/Jul/2025:05:19:40 +0000] "POST /wp-cron.php?doing_wp_cron=1752643180.0461170673370361328125 HTTP/1.1" 200 - "-" "WordPress/6.8.2; https://muzza.fit"
51.222.253.10 - - [16/Jul/2025:05:19:38 +0000] "GET /timetable/tag/workout/feed/ HTTP/1.1" 200 125 "-" "Mozilla/5.0 (compatible; AhrefsBot/7.0; +http://ahrefs.com/robot/)"
209.74.77.214 - - [16/Jul/2025:05:27:31 +0000] "POST /wp-cron.php?doing_wp_cron=1752643651.8600749969482421875000 HTTP/1.1" 200 - "-" "WordPress/6.8.2; https://muzza.fit"
167.114.27.228 - - [16/Jul/2025:05:27:29 +0000] "POST /xmlrpc.php HTTP/1.1" 200 911 "-" "Mozilla/5.0 (Windows NT 6.1) AppleWebKit/537.36 (KHTML, like Gecko) Chrome/56.0.2924.76 Safari/537.36"
220.158.233.180 - - [16/Jul/2025:05:27:31 +0000] "POST /xmlrpc.php HTTP/1.1" 200 911 "-" "Mozilla/5.0 (Windows NT 10.0; Win64; x64; rv:62.0) Gecko/20100101 Firefox/62.0"
185.99.135.177 - - [16/Jul/2025:05:27:36 +0000] "POST /xmlrpc.php HTTP/1.1" 200 911 "-" "Mozilla/5.0 (Windows NT 5.1; Win64; x64) AppleWebKit/537.36 (KHTML, like Gecko) Chrome/60.0.3112.90 Safari/537.36"
8.217.1.112 - - [16/Jul/2025:05:27:44 +0000] "POST /xmlrpc.php HTTP/1.1" 200 911 "-" "Mozilla/5.0 (Windows NT 6.1; Win64; x64; rv:58.0) Gecko/20100101 Firefox/58.0"
104.154.154.30 - - [16/Jul/2025:05:27:49 +0000] "POST /xmlrpc.php HTTP/1.1" 200 911 "-" "Mozilla/5.0 (Windows NT 6.1; Win64; x64; rv:61.0) Gecko/20100101 Firefox/61.0"
8.134.114.28 - - [16/Jul/2025:05:27:55 +0000] "POST /xmlrpc.php HTTP/1.1" 200 911 "-" "Mozilla/5.0 (Windows NT 6.1; Win64; x64; rv:61.0) Gecko/20100101 Firefox/61.0"
209.74.77.214 - - [16/Jul/2025:05:28:13 +0000] "POST /wp-cron.php?doing_wp_cron=1752643693.3604769706726074218750 HTTP/1.1" 200 - "-" "WordPress/6.8.2; https://muzza.fit"
152.32.215.135 - - [16/Jul/2025:05:28:13 +0000] "POST /xmlrpc.php HTTP/1.1" 200 911 "-" "Mozilla/5.0 (Windows NT 6.1; Win64; x64; rv:25.0) Gecko/20100101 Firefox/29.0"
62.72.46.56 - - [16/Jul/2025:05:28:17 +0000] "POST /xmlrpc.php HTTP/1.1" 200 911 "-" "Mozilla/5.0 (X11; Linux x86_64) AppleWebKit/537.36 (KHTML, like Gecko) Chrome/44.0.2403.157 Safari/537.36"
167.99.77.140 - - [16/Jul/2025:05:28:21 +0000] "POST /xmlrpc.php HTTP/1.1" 200 911 "-" "Mozilla/5.0 (Windows NT 6.1; Win64; x64) AppleWebKit/537.36 (KHTML, like Gecko) Chrome/74.0.3729.169 Safari/537.36"
209.74.77.214 - - [16/Jul/2025:05:28:39 +0000] "POST /wp-cron.php?doing_wp_cron=1752643719.7956850528717041015625 HTTP/1.1" 200 - "-" "WordPress/6.8.2; https://muzza.fit"
66.29.146.79 - - [16/Jul/2025:05:28:39 +0000] "POST /xmlrpc.php HTTP/1.1" 200 911 "-" "Mozilla/5.0 (X11; Linux x86_64) AppleWebKit/537.36 (KHTML, like Gecko) Chrome/91.0.4472.114 Safari/537.36"
66.249.73.165 - - [16/Jul/2025:05:29:00 +0000] "GET /p/bleed60418541?id=434799 HTTP/1.1" 200 39973 "-" "Mozilla/5.0 (Linux; Android 6.0.1; Nexus 5X Build/MMB29P) AppleWebKit/537.36 (KHTML, like Gecko) Chrome/137.0.7151.103 Mobile Safari/537.36 (compatible; Googlebot/2.1; +http://www.google.com/bot.html)"
66.249.73.164 - - [16/Jul/2025:05:29:02 +0000] "GET /p/flowe10140496?id=156754 HTTP/1.1" 200 40847 "-" "Mozilla/5.0 (Linux; Android 6.0.1; Nexus 5X Build/MMB29P) AppleWebKit/537.36 (KHTML, like Gecko) Chrome/137.0.7151.103 Mobile Safari/537.36 (compatible; Googlebot/2.1; +http://www.google.com/bot.html)"
66.249.73.165 - - [16/Jul/2025:05:29:04 +0000] "GET /p/bad31641682?id=1657940 HTTP/1.1" 200 39836 "-" "Mozilla/5.0 (Linux; Android 6.0.1; Nexus 5X Build/MMB29P) AppleWebKit/537.36 (KHTML, like Gecko) Chrome/137.0.7151.103 Mobile Safari/537.36 (compatible; Googlebot/2.1; +http://www.google.com/bot.html)"
66.249.73.164 - - [16/Jul/2025:05:29:06 +0000] "GET /p/lead12056800?id=2073058 HTTP/1.1" 200 40191 "-" "Mozilla/5.0 (Linux; Android 6.0.1; Nexus 5X Build/MMB29P) AppleWebKit/537.36 (KHTML, like Gecko) Chrome/137.0.7151.103 Mobile Safari/537.36 (compatible; Googlebot/2.1; +http://www.google.com/bot.html)"
66.249.73.163 - - [16/Jul/2025:05:29:08 +0000] "GET /p/feed71349494?id=1365752 HTTP/1.1" 200 41040 "-" "Mozilla/5.0 (Linux; Android 6.0.1; Nexus 5X Build/MMB29P) AppleWebKit/537.36 (KHTML, like Gecko) Chrome/137.0.7151.103 Mobile Safari/537.36 (compatible; Googlebot/2.1; +http://www.google.com/bot.html)"
209.74.77.214 - - [16/Jul/2025:05:35:00 +0000] "POST /wp-cron.php?doing_wp_cron=1752644100.6201961040496826171875 HTTP/1.1" 200 - "-" "WordPress/6.8.2; https://muzza.fit"
51.222.253.5 - - [16/Jul/2025:05:34:58 +0000] "GET /tag/social/ HTTP/1.1" 200 29740 "-" "Mozilla/5.0 (compatible; AhrefsBot/7.0; +http://ahrefs.com/robot/)"
85.208.96.210 - - [16/Jul/2025:05:35:27 +0000] "GET /robots.txt HTTP/1.1" 200 113 "-" "Mozilla/5.0 (compatible; SemrushBot/7~bl; +http://www.semrush.com/bot.html)"
209.74.77.214 - - [16/Jul/2025:05:35:27 +0000] "POST /wp-cron.php?doing_wp_cron=1752644127.9330840110778808593750 HTTP/1.1" 200 - "-" "WordPress/6.8.2; https://muzza.fit"
85.208.96.204 - - [16/Jul/2025:05:35:27 +0000] "GET /type/quote/ HTTP/1.1" 200 29269 "-" "Mozilla/5.0 (compatible; SemrushBot/7~bl; +http://www.semrush.com/bot.html)"
209.74.77.214 - - [16/Jul/2025:05:40:11 +0000] "POST /wp-cron.php?doing_wp_cron=1752644411.3777949810028076171875 HTTP/1.1" 200 - "-" "WordPress/6.8.2; https://muzza.fit"
134.17.14.12 - - [16/Jul/2025:05:40:08 +0000] "GET /userfuns.php HTTP/1.1" 200 23185 "-" "Mozilla/4.0 (compatible; MSIE 6.0; Windows NT 5.1; SV1)"
209.74.77.214 - - [16/Jul/2025:05:41:08 +0000] "POST /wp-cron.php?doing_wp_cron=1752644468.1846230030059814453125 HTTP/1.1" 200 - "-" "WordPress/6.8.2; https://muzza.fit"
52.167.144.236 - - [16/Jul/2025:05:41:06 +0000] "GET /timetable/tag/cycling/ HTTP/1.1" 200 28010 "-" "Mozilla/5.0 AppleWebKit/537.36 (KHTML, like Gecko; compatible; bingbot/2.0; +http://www.bing.com/bingbot.htm) Chrome/116.0.1938.76 Safari/537.36"
209.74.77.214 - - [16/Jul/2025:05:44:52 +0000] "POST /wp-cron.php?doing_wp_cron=1752644692.2958850860595703125000 HTTP/1.1" 200 - "-" "WordPress/6.8.2; https://muzza.fit"
13.52.182.145 - - [16/Jul/2025:05:44:49 +0000] "GET /.git/config HTTP/1.1" 200 23183 "-" "Mozilla/5.0 (X11; Linux x86_64; rv:2.0.1) Gecko/20100101 Firefox/4.0.1"
209.74.77.214 - - [16/Jul/2025:05:46:53 +0000] "POST /wp-cron.php?doing_wp_cron=1752644813.3880579471588134765625 HTTP/1.1" 200 - "-" "WordPress/6.8.2; https://muzza.fit"
209.74.77.214 - - [16/Jul/2025:05:50:36 +0000] "POST /wp-cron.php?doing_wp_cron=1752645036.6093759536743164062500 HTTP/1.1" 200 - "-" "WordPress/6.8.2; https://muzza.fit"
209.74.77.214 - - [16/Jul/2025:05:55:05 +0000] "POST /wp-cron.php?doing_wp_cron=1752645305.2096788883209228515625 HTTP/1.1" 200 - "-" "WordPress/6.8.2; https://muzza.fit"
45.157.54.28 - - [16/Jul/2025:05:55:03 +0000] "GET /blog-verify HTTP/1.1" 200 142838 "-" "Mozilla/5.0 (Windows NT 10.0; Win64; x64) AppleWebKit/537.36 (KHTML, like Gecko) Chrome/127.0.0.0 Safari/537.36"
209.74.77.214 - - [16/Jul/2025:06:19:56 +0000] "GET /wp-json/jetpack/v4/sync/spawn-sync?time=1752646796&request_lock_id=1752646796.0079 HTTP/1.1" 200 142 "-" "WordPress/6.8.2; https://muzza.fit"
66.249.73.165 - - [16/Jul/2025:06:21:06 +0000] "POST /get-message-notify HTTP/1.1" 200 40114 "https://muzza.fit/p/blast62267437?id=2283695" "Mozilla/5.0 (Linux; Android 6.0.1; Nexus 5X Build/MMB29P) AppleWebKit/537.36 (KHTML, like Gecko) Chrome/137.0.7151.119 Mobile Safari/537.36 (compatible; Googlebot/2.1; +http://www.google.com/bot.html)"
209.74.77.214 - - [16/Jul/2025:06:25:46 +0000] "POST /wp-cron.php?doing_wp_cron=1752647146.0639479160308837890625 HTTP/1.1" 200 - "-" "WordPress/6.8.2; https://muzza.fit"
51.222.253.15 - - [16/Jul/2025:06:25:44 +0000] "GET /product/panel-sports-bra/ HTTP/1.1" 200 28304 "-" "Mozilla/5.0 (compatible; AhrefsBot/7.0; +http://ahrefs.com/robot/)"
66.249.73.163 - - [16/Jul/2025:06:26:09 +0000] "GET /main-home/gym-home/ HTTP/1.1" 200 40576 "-" "Mozilla/5.0 (Linux; Android 6.0.1; Nexus 5X Build/MMB29P) AppleWebKit/537.36 (KHTML, like Gecko) Chrome/137.0.7151.103 Mobile Safari/537.36 (compatible; Googlebot/2.1; +http://www.google.com/bot.html)"
66.249.73.163 - - [16/Jul/2025:06:26:18 +0000] "POST /get-message-notify HTTP/1.1" 200 40039 "https://muzza.fit/main-home/gym-home/" "Mozilla/5.0 (Linux; Android 6.0.1; Nexus 5X Build/MMB29P) AppleWebKit/537.36 (KHTML, like Gecko) Chrome/137.0.7151.119 Mobile Safari/537.36 (compatible; Googlebot/2.1; +http://www.google.com/bot.html)"
209.74.77.214 - - [16/Jul/2025:06:26:46 +0000] "POST /wp-cron.php?doing_wp_cron=1752647206.1938838958740234375000 HTTP/1.1" 200 - "-" "WordPress/6.8.2; https://muzza.fit"
195.182.25.114 - - [16/Jul/2025:06:26:46 +0000] "GET /.git/config HTTP/1.1" 200 23183 "-" "Mozilla/5.0 (Windows NT 10.0; Win64; x64; rv:109.0) Gecko/20100101 Firefox/110.0"
66.249.73.164 - - [16/Jul/2025:06:30:05 +0000] "GET /p/buse80947919?id=964177 HTTP/1.1" 200 39989 "-" "Mozilla/5.0 (Linux; Android 6.0.1; Nexus 5X Build/MMB29P) AppleWebKit/537.36 (KHTML, like Gecko) Chrome/137.0.7151.103 Mobile Safari/537.36 (compatible; Googlebot/2.1; +http://www.google.com/bot.html)"
66.249.73.164 - - [16/Jul/2025:06:30:09 +0000] "POST /get-message-notify HTTP/1.1" 200 39948 "https://muzza.fit/p/buse80947919?id=964177" "Mozilla/5.0 (Linux; Android 6.0.1; Nexus 5X Build/MMB29P) AppleWebKit/537.36 (KHTML, like Gecko) Chrome/137.0.7151.119 Mobile Safari/537.36 (compatible; Googlebot/2.1; +http://www.google.com/bot.html)"
66.249.73.163 - - [16/Jul/2025:06:30:12 +0000] "GET /p/lens51687612?id=1703870 HTTP/1.1" 200 40187 "-" "Mozilla/5.0 (Linux; Android 6.0.1; Nexus 5X Build/MMB29P) AppleWebKit/537.36 (KHTML, like Gecko) Chrome/137.0.7151.103 Mobile Safari/537.36 (compatible; Googlebot/2.1; +http://www.google.com/bot.html)"
