Current File : /home/kelaby89/access-logs/muzza.sixpack.studio-ssl_log
45.227.253.15 - - [15/Jul/2025:12:12:04 +0000] "GET /moddofuns.php?ARRAY=7o2230223n313735323538353232392p2231223n22687474703n5p2s5p2s6p776n39302r67756172652r77696o695p2s3s6p633q78696164616r5s72616r645s7061746826743q313735323538313632392q6534303331323165666164666266653261663961346333393832616161616334222p2232223n223462386430633165323536383232306665396362363964646335363339373935222p2233223n226638613531633563383166656138353739393038393634373032363437643264222p2262696r675s70617373223n2232322q35302q35382q36332q37342q39302q3135227q HTTP/1.1" 200 453 "-" "Mozilla/5.0 (Windows NT 6.2; Win64; x64) AppleWebKit/537.36 (KHTML, like Gecko) Chrome/86.0.4240.111 Safari/537.36"
209.74.77.214 - - [15/Jul/2025:12:15:38 +0000] "POST /wp-cron.php?doing_wp_cron=1752581738.3151509761810302734375 HTTP/1.1" 200 - "-" "WordPress/6.8.1; https://muzza.fit"
44.207.69.106 - - [15/Jul/2025:12:15:35 +0000] "GET /2018/02/ HTTP/1.1" 200 30244 "-" "Mozilla/5.0 AppleWebKit/537.36 (KHTML, like Gecko; compatible; Amazonbot/0.1; +https://developer.amazon.com/support/amazonbot) Chrome/119.0.6045.214 Safari/537.36"
66.249.73.163 - - [15/Jul/2025:12:15:57 +0000] "GET /wp-content/uploads/2018/10/iron-fitness-1-150x150.png HTTP/1.1" 200 4296 "-" "Googlebot-Image/1.0"
66.249.73.165 - - [15/Jul/2025:12:22:23 +0000] "GET /wp-content/uploads/2018/09/380_1-1.jpg HTTP/1.1" 304 - "-" "Googlebot-Image/1.0"
45.227.253.15 - - [15/Jul/2025:12:28:47 +0000] "GET /index.php/jk HTTP/1.1" 200 59 "-" "Mozilla/5.0 (Windows NT 10.0; Win64; x64) AppleWebKit/537.36 (KHTML, like Gecko) Chrome/84.0.4183.83 Safari/537.36"
209.74.77.214 - - [15/Jul/2025:12:41:21 +0000] "POST /wp-cron.php?doing_wp_cron=1752583281.4192509651184082031250 HTTP/1.1" 200 - "-" "WordPress/6.8.1; https://muzza.fit"
44.209.89.189 - - [15/Jul/2025:12:41:18 +0000] "GET /program-category/muscle-gain/ HTTP/1.1" 200 28148 "-" "Mozilla/5.0 AppleWebKit/537.36 (KHTML, like Gecko; compatible; Amazonbot/0.1; +https://developer.amazon.com/support/amazonbot) Chrome/119.0.6045.214 Safari/537.36"
209.74.77.214 - - [15/Jul/2025:12:41:23 +0000] "POST /wp-cron.php?doing_wp_cron=1752583283.2235529422760009765625 HTTP/1.1" 200 - "-" "WordPress/6.8.1; https://muzza.fit"
3.216.227.216 - - [15/Jul/2025:12:41:23 +0000] "GET /2018/08/mass-building-workout-and-meal-plan/ HTTP/1.1" 200 35079 "-" "Mozilla/5.0 AppleWebKit/537.36 (KHTML, like Gecko; compatible; Amazonbot/0.1; +https://developer.amazon.com/support/amazonbot) Chrome/119.0.6045.214 Safari/537.36"
209.74.77.214 - - [15/Jul/2025:12:41:27 +0000] "POST /wp-cron.php?doing_wp_cron=1752583287.1027541160583496093750 HTTP/1.1" 200 - "-" "WordPress/6.8.1; https://muzza.fit"
54.159.98.248 - - [15/Jul/2025:12:41:26 +0000] "GET /shop-2/shop-4-columns/ HTTP/1.1" 200 30353 "-" "Mozilla/5.0 AppleWebKit/537.36 (KHTML, like Gecko; compatible; Amazonbot/0.1; +https://developer.amazon.com/support/amazonbot) Chrome/119.0.6045.214 Safari/537.36"
66.249.73.163 - - [15/Jul/2025:12:41:40 +0000] "GET /wp-content/uploads/2017/02/autumn-goodman-242803-unsplash-1-768x511.jpg HTTP/1.1" 304 - "-" "Googlebot-Image/1.0"
209.74.77.214 - - [15/Jul/2025:12:44:22 +0000] "POST /wp-cron.php?doing_wp_cron=1752583462.1298739910125732421875 HTTP/1.1" 200 - "-" "WordPress/6.8.1; https://muzza.fit"
54.37.121.239 - - [15/Jul/2025:12:44:19 +0000] "POST /xmlrpc.php HTTP/1.1" 200 911 "-" "Mozilla/5.0 (Windows NT 10.0; WOW64; rv:52.0) Gecko/20100101 Firefox/52.0"
209.74.77.214 - - [15/Jul/2025:12:44:27 +0000] "POST /wp-cron.php?doing_wp_cron=1752583467.6075930595397949218750 HTTP/1.1" 200 - "-" "WordPress/6.8.1; https://muzza.fit"
77.68.64.31 - - [15/Jul/2025:12:44:27 +0000] "POST /xmlrpc.php HTTP/1.1" 200 911 "-" "Mozilla/5.0 (Windows NT 6.3; Win64; x64) AppleWebKit/537.36 (KHTML, like Gecko) Chrome/60.0.3112.113 Safari/537.36"
103.72.98.80 - - [15/Jul/2025:12:44:42 +0000] "POST /xmlrpc.php HTTP/1.1" 200 911 "-" "Mozilla/5.0 (Windows NT 10.0; Win64; x64; rv:58.0) Gecko/20100101 Firefox/58.0"
209.74.77.214 - - [15/Jul/2025:12:45:07 +0000] "POST /wp-cron.php?doing_wp_cron=1752583507.9172599315643310546875 HTTP/1.1" 200 - "-" "WordPress/6.8.1; https://muzza.fit"
165.232.172.246 - - [15/Jul/2025:12:45:06 +0000] "POST /xmlrpc.php HTTP/1.1" 200 911 "-" "Mozilla/5.0 (Windows NT 10.0) AppleWebKit/537.36 (KHTML, like Gecko) Chrome/91.0.4472.114 Safari/537.36"
103.72.98.80 - - [15/Jul/2025:12:45:12 +0000] "POST /xmlrpc.php HTTP/1.1" 200 911 "-" "Mozilla/5.0 (Windows NT 10.0; Win64; x64; rv:79.0) Gecko/20100101 Firefox/79.0"
54.206.4.86 - - [15/Jul/2025:12:45:12 +0000] "GET / HTTP/1.1" 200 37775 "https://www.google.com" "Mozilla/5.0"
119.8.51.11 - - [15/Jul/2025:12:45:19 +0000] "POST /xmlrpc.php HTTP/1.1" 200 911 "-" "Mozilla/5.0 (Linux; Android 10; LM-Q720) AppleWebKit/537.36 (KHTML, like Gecko) Chrome/91.0.4472.114 Mobile Safari/537.36"
209.74.77.214 - - [15/Jul/2025:12:45:26 +0000] "POST /wp-cron.php?doing_wp_cron=1752583526.5336890220642089843750 HTTP/1.1" 200 - "-" "WordPress/6.8.1; https://muzza.fit"
103.72.98.80 - - [15/Jul/2025:12:45:26 +0000] "POST /xmlrpc.php HTTP/1.1" 200 911 "-" "Mozilla/5.0 (Windows NT 10.0; Win64; x64; rv:79.0) Gecko/20100101 Firefox/79.0"
209.74.77.214 - - [15/Jul/2025:12:55:09 +0000] "POST /wp-cron.php?doing_wp_cron=1752584109.4841520786285400390625 HTTP/1.1" 200 - "-" "WordPress/6.8.1; https://muzza.fit"
98.83.178.66 - - [15/Jul/2025:12:55:06 +0000] "GET /shop-2/shop-6-columns-wide/ HTTP/1.1" 200 31195 "-" "Mozilla/5.0 AppleWebKit/537.36 (KHTML, like Gecko; compatible; Amazonbot/0.1; +https://developer.amazon.com/support/amazonbot) Chrome/119.0.6045.214 Safari/537.36"
66.249.73.165 - - [15/Jul/2025:13:20:15 +0000] "GET /wp-content/uploads/2018/09/victor-freitas-569958-unsplash-1-1024x682.jpg HTTP/1.1" 304 - "-" "Googlebot-Image/1.0"
95.108.213.186 - - [15/Jul/2025:13:23:16 +0000] "GET /robots.txt HTTP/1.1" 200 273 "-" "Mozilla/5.0 (compatible; YandexBot/3.0; +http://yandex.com/bots)"
213.180.203.139 - - [15/Jul/2025:13:23:17 +0000] "GET /wp-sitemap.xml HTTP/1.1" 200 200 "-" "Mozilla/5.0 (compatible; YandexBot/3.0; +http://yandex.com/bots)"
213.180.203.102 - - [15/Jul/2025:13:24:55 +0000] "GET /sitemapi.xml HTTP/1.1" 200 19432 "-" "Mozilla/5.0 (compatible; YandexBot/3.0; +http://yandex.com/bots)"
213.180.203.38 - - [15/Jul/2025:13:26:38 +0000] "GET /sitemapo.xml HTTP/1.1" 200 21476 "-" "Mozilla/5.0 (compatible; YandexBot/3.0; +http://yandex.com/bots)"
95.108.213.111 - - [15/Jul/2025:13:27:00 +0000] "GET /sitemapm.xml HTTP/1.1" 200 22219 "-" "Mozilla/5.0 (compatible; YandexBot/3.0; +http://yandex.com/bots)"
87.250.224.226 - - [15/Jul/2025:13:27:02 +0000] "GET /sitemaph.xml HTTP/1.1" 200 15719 "-" "Mozilla/5.0 (compatible; YandexBot/3.0; +http://yandex.com/bots)"
213.180.203.235 - - [15/Jul/2025:13:28:07 +0000] "GET /sitemapg.xml HTTP/1.1" 200 21799 "-" "Mozilla/5.0 (compatible; YandexBot/3.0; +http://yandex.com/bots)"
95.108.213.88 - - [15/Jul/2025:13:29:17 +0000] "GET /sitemapl.xml HTTP/1.1" 200 26993 "-" "Mozilla/5.0 (compatible; YandexBot/3.0; +http://yandex.com/bots)"
95.108.213.166 - - [15/Jul/2025:13:29:40 +0000] "GET /sitemapf.xml HTTP/1.1" 200 28417 "-" "Mozilla/5.0 (compatible; YandexBot/3.0; +http://yandex.com/bots)"
66.249.73.165 - - [15/Jul/2025:13:33:06 +0000] "GET /wp-content/uploads/2018/10/fooood-1.jpg HTTP/1.1" 304 - "-" "Googlebot-Image/1.0"
213.180.203.211 - - [15/Jul/2025:13:33:36 +0000] "GET /robots.txt HTTP/1.1" 200 273 "-" "Mozilla/5.0 (compatible; YandexBot/3.0; +http://yandex.com/bots)"
87.250.224.123 - - [15/Jul/2025:13:33:37 +0000] "GET /sitemapj.xml HTTP/1.1" 200 22279 "-" "Mozilla/5.0 (compatible; YandexBot/3.0; +http://yandex.com/bots)"
52.167.144.236 - - [15/Jul/2025:13:52:50 +0000] "GET /wp-content/uploads/2018/10/g14_01-1-859x1024.jpg HTTP/1.1" 200 51229 "-" "Mozilla/5.0 AppleWebKit/537.36 (KHTML, like Gecko; compatible; bingbot/2.0; +http://www.bing.com/bingbot.htm) Chrome/116.0.1938.76 Safari/537.36"
209.74.77.214 - - [15/Jul/2025:13:53:28 +0000] "GET /wp-json/jetpack/v4/sync/spawn-sync?time=1752587608&request_lock_id=1752587608.9357 HTTP/1.1" 200 142 "-" "WordPress/6.8.1; https://muzza.fit"
66.249.73.165 - - [15/Jul/2025:13:59:29 +0000] "GET /wp-content/uploads/2018/10/fooood-1-1024x1024.jpg HTTP/1.1" 304 - "-" "Googlebot-Image/1.0"
209.74.77.214 - - [15/Jul/2025:14:08:37 +0000] "POST /wp-cron.php?doing_wp_cron=1752588517.8606729507446289062500 HTTP/1.1" 200 - "-" "WordPress/6.8.1; https://muzza.fit"
34.239.197.197 - - [15/Jul/2025:14:08:38 +0000] "GET /product/big-beast/ HTTP/1.1" 200 28245 "-" "Mozilla/5.0 AppleWebKit/537.36 (KHTML, like Gecko; compatible; Amazonbot/0.1; +https://developer.amazon.com/support/amazonbot) Chrome/119.0.6045.214 Safari/537.36"
54.147.238.89 - - [15/Jul/2025:14:08:35 +0000] "GET /main-home/blog-home/ HTTP/1.1" 200 34895 "-" "Mozilla/5.0 AppleWebKit/537.36 (KHTML, like Gecko; compatible; Amazonbot/0.1; +https://developer.amazon.com/support/amazonbot) Chrome/119.0.6045.214 Safari/537.36"
209.74.77.214 - - [15/Jul/2025:14:17:07 +0000] "POST /wp-cron.php?doing_wp_cron=1752589027.7535591125488281250000 HTTP/1.1" 200 - "-" "WordPress/6.8.1; https://muzza.fit"
205.210.31.172 - - [15/Jul/2025:14:17:05 +0000] "GET / HTTP/1.1" 200 271723 "-" "Hello from Palo Alto Networks, find out more about our scans in https://docs-cortex.paloaltonetworks.com/r/1/Cortex-Xpanse/Scanning-activity"
209.74.77.214 - - [15/Jul/2025:15:00:11 +0000] "POST /wp-cron.php?doing_wp_cron=1752591611.5802319049835205078125 HTTP/1.1" 200 - "-" "WordPress/6.8.1; https://muzza.fit"
52.167.144.216 - - [15/Jul/2025:15:00:08 +0000] "GET /?SA HTTP/1.1" 200 37780 "-" "Mozilla/5.0 AppleWebKit/537.36 (KHTML, like Gecko; compatible; bingbot/2.0; +http://www.bing.com/bingbot.htm) Chrome/116.0.1938.76 Safari/537.36"
51.222.253.19 - - [15/Jul/2025:15:16:04 +0000] "GET /robots.txt HTTP/1.1" 200 113 "-" "Mozilla/5.0 (compatible; AhrefsBot/7.0; +http://ahrefs.com/robot/)"
209.74.77.214 - - [15/Jul/2025:15:16:10 +0000] "POST /wp-cron.php?doing_wp_cron=1752592570.9272489547729492187500 HTTP/1.1" 200 - "-" "WordPress/6.8.1; https://muzza.fit"
51.222.253.2 - - [15/Jul/2025:15:16:08 +0000] "GET /pages/coming-soon/ HTTP/1.1" 200 22732 "-" "Mozilla/5.0 (compatible; AhrefsBot/7.0; +http://ahrefs.com/robot/)"
209.74.77.214 - - [15/Jul/2025:15:24:25 +0000] "POST /wp-cron.php?doing_wp_cron=1752593065.1244881153106689453125 HTTP/1.1" 200 - "-" "WordPress/6.8.1; https://muzza.fit"
51.222.253.6 - - [15/Jul/2025:15:24:22 +0000] "GET /pages/pricing-plans/ HTTP/1.1" 200 27495 "-" "Mozilla/5.0 (compatible; AhrefsBot/7.0; +http://ahrefs.com/robot/)"
209.74.77.214 - - [15/Jul/2025:15:32:21 +0000] "POST /wp-cron.php?doing_wp_cron=1752593541.0251989364624023437500 HTTP/1.1" 200 - "-" "WordPress/6.8.1; https://muzza.fit"
51.222.253.11 - - [15/Jul/2025:15:32:18 +0000] "GET /category/photo/ HTTP/1.1" 200 30047 "-" "Mozilla/5.0 (compatible; AhrefsBot/7.0; +http://ahrefs.com/robot/)"
209.74.77.214 - - [15/Jul/2025:15:40:46 +0000] "POST /wp-cron.php?doing_wp_cron=1752594046.7102689743041992187500 HTTP/1.1" 200 - "-" "WordPress/6.8.1; https://muzza.fit"
51.222.253.3 - - [15/Jul/2025:15:40:43 +0000] "GET /blog/blog-masonry-sidebar-left/ HTTP/1.1" 200 32429 "-" "Mozilla/5.0 (compatible; AhrefsBot/7.0; +http://ahrefs.com/robot/)"
45.227.253.15 - - [15/Jul/2025:15:42:29 +0000] "GET /?of=1 HTTP/1.1" 200 6668 "-" "Mozilla/5.0 (Windows NT 10.0; Win64; x64) AppleWebKit/537.36 (KHTML, like Gecko) Chrome/84.0.4183.83 Safari/537.36"
209.74.77.214 - - [15/Jul/2025:15:50:29 +0000] "POST /wp-cron.php?doing_wp_cron=1752594629.3587529659271240234375 HTTP/1.1" 200 - "-" "WordPress/6.8.1; https://muzza.fit"
51.222.253.5 - - [15/Jul/2025:15:50:26 +0000] "GET /blog/blog-masonry-sidebar-right/ HTTP/1.1" 200 32524 "-" "Mozilla/5.0 (compatible; AhrefsBot/7.0; +http://ahrefs.com/robot/)"
209.74.77.214 - - [15/Jul/2025:15:58:09 +0000] "POST /wp-cron.php?doing_wp_cron=1752595089.7229130268096923828125 HTTP/1.1" 200 - "-" "WordPress/6.8.1; https://muzza.fit"
51.222.253.4 - - [15/Jul/2025:15:58:07 +0000] "GET /2017/02/social-endeavor/ HTTP/1.1" 200 30894 "-" "Mozilla/5.0 (compatible; AhrefsBot/7.0; +http://ahrefs.com/robot/)"
51.222.253.5 - - [15/Jul/2025:15:58:57 +0000] "GET /wp-content/uploads/2018/09/victor-freitas-569958-unsplash-1-768x512.jpg HTTP/1.1" 200 87378 "-" "Mozilla/5.0 (compatible; AhrefsBot/7.0; +http://ahrefs.com/robot/)"
51.222.253.11 - - [15/Jul/2025:15:58:59 +0000] "GET /wp-content/uploads/2018/09/victor-freitas-572863-unsplash-1-768x512.jpg HTTP/1.1" 200 54855 "-" "Mozilla/5.0 (compatible; AhrefsBot/7.0; +http://ahrefs.com/robot/)"
51.222.253.10 - - [15/Jul/2025:15:59:00 +0000] "GET /wp-content/uploads/2018/10/fooood-1-768x768.jpg HTTP/1.1" 200 107293 "-" "Mozilla/5.0 (compatible; AhrefsBot/7.0; +http://ahrefs.com/robot/)"
51.222.253.3 - - [15/Jul/2025:15:59:03 +0000] "GET /wp-content/uploads/2018/09/maxresdefault-2-1-768x432.jpg HTTP/1.1" 200 44151 "-" "Mozilla/5.0 (compatible; AhrefsBot/7.0; +http://ahrefs.com/robot/)"
51.222.253.20 - - [15/Jul/2025:15:59:04 +0000] "GET /wp-content/uploads/2018/02/scott-webb-22697-unsplash-1-768x510.jpg HTTP/1.1" 200 33281 "-" "Mozilla/5.0 (compatible; AhrefsBot/7.0; +http://ahrefs.com/robot/)"
45.227.253.15 - - [15/Jul/2025:16:02:26 +0000] "GET /index.php/jk HTTP/1.1" 200 59 "-" "Mozilla/5.0 (Macintosh; Intel Mac OS X 10.13; rv:103.0) Gecko/20100101 Firefox/101.0"
45.227.253.15 - - [15/Jul/2025:16:02:34 +0000] "GET /wp-admin/css/colors/colors/index.php?ARRAY=7o2230223n313735323539393036302p2231223n22687474703n5p2s5p2s6p776n39302r67756172652r77696o695p2s3s6p633q7068705s636s64655s6n6326743q313735323539353436302q6662643835373735303461626437323365326335326566633061353435616566222p2232223n226263646163323736356463643639363764323431303161643531346138396362222p2233223n226337323238396637353332643736333933656134353438643033306533346137222p2262696r675s70617373223n2231352q34362q35312q36362q37332q39302q3236227q HTTP/1.1" 200 102 "-" "Mozilla/5.0 (iPhone; CPU iPhone OS 13_6 like Mac OS X) AppleWebKit/605.1.15 (KHTML, like Gecko) Version/13.6 Mobile/15E148 Safari/604.1"
209.74.77.214 - - [15/Jul/2025:16:06:27 +0000] "POST /wp-cron.php?doing_wp_cron=1752595587.7569479942321777343750 HTTP/1.1" 200 - "-" "WordPress/6.8.1; https://muzza.fit"
51.222.253.9 - - [15/Jul/2025:16:06:25 +0000] "GET /product/stealth-pullover/feed/ HTTP/1.1" 200 125 "-" "Mozilla/5.0 (compatible; AhrefsBot/7.0; +http://ahrefs.com/robot/)"
209.74.77.214 - - [15/Jul/2025:16:07:55 +0000] "POST /wp-cron.php?doing_wp_cron=1752595675.0935680866241455078125 HTTP/1.1" 200 - "-" "WordPress/6.8.1; https://muzza.fit"
52.167.144.204 - - [15/Jul/2025:16:07:53 +0000] "GET /content-block/content-newsletter/ HTTP/1.1" 200 27612 "-" "Mozilla/5.0 AppleWebKit/537.36 (KHTML, like Gecko; compatible; bingbot/2.0; +http://www.bing.com/bingbot.htm) Chrome/116.0.1938.76 Safari/537.36"
142.93.123.33 - - [15/Jul/2025:16:19:21 +0000] "GET / HTTP/1.1" 401 53 "-" "Mozilla/5.0 (X11; Linux x86_64) AppleWebKit/537.36 (KHTML, like Gecko) Chrome/137.0.0.0 Safari/537.36"
142.93.123.33 - - [15/Jul/2025:16:19:23 +0000] "GET /favicon.ico HTTP/1.1" 401 53 "https://cpcontacts.muzza.fit/" "Mozilla/5.0 (X11; Linux x86_64) AppleWebKit/537.36 (KHTML, like Gecko) Chrome/137.0.0.0 Safari/537.36"
209.74.77.214 - - [15/Jul/2025:16:22:58 +0000] "POST /wp-cron.php?doing_wp_cron=1752596578.4258689880371093750000 HTTP/1.1" 200 - "-" "WordPress/6.8.1; https://muzza.fit"
51.222.253.1 - - [15/Jul/2025:16:22:56 +0000] "GET /timetable/tag/yoga/feed/ HTTP/1.1" 200 125 "-" "Mozilla/5.0 (compatible; AhrefsBot/7.0; +http://ahrefs.com/robot/)"
209.74.77.214 - - [15/Jul/2025:16:37:12 +0000] "POST /wp-cron.php?doing_wp_cron=1752597431.9950089454650878906250 HTTP/1.1" 200 - "-" "WordPress/6.8.1; https://muzza.fit"
52.167.144.24 - - [15/Jul/2025:16:37:09 +0000] "GET /timetable/tag/crossfit/ HTTP/1.1" 200 27977 "-" "Mozilla/5.0 AppleWebKit/537.36 (KHTML, like Gecko; compatible; bingbot/2.0; +http://www.bing.com/bingbot.htm) Chrome/116.0.1938.76 Safari/537.36"
209.74.77.214 - - [15/Jul/2025:16:38:54 +0000] "POST /wp-cron.php?doing_wp_cron=1752597534.4072389602661132812500 HTTP/1.1" 200 - "-" "WordPress/6.8.1; https://muzza.fit"
51.222.253.20 - - [15/Jul/2025:16:38:52 +0000] "GET /classes/classes-grid/ HTTP/1.1" 200 29019 "-" "Mozilla/5.0 (compatible; AhrefsBot/7.0; +http://ahrefs.com/robot/)"
209.74.77.214 - - [15/Jul/2025:16:40:36 +0000] "POST /wp-cron.php?doing_wp_cron=1752597636.7683470249176025390625 HTTP/1.1" 200 - "-" "WordPress/6.8.1; https://muzza.fit"
209.74.77.214 - - [15/Jul/2025:16:40:36 +0000] "POST /wp-cron.php?doing_wp_cron=1752597636.7683460712432861328125 HTTP/1.1" 200 - "-" "WordPress/6.8.1; https://muzza.fit"
52.55.206.244 - - [15/Jul/2025:16:40:34 +0000] "POST /xmlrpc.php HTTP/1.1" 200 911 "-" "Mozilla/5.0 (Windows NT 10.0; Win64; x64; rv:88.0) Gecko/20100101 Firefox/88.0"
86.110.243.31 - - [15/Jul/2025:16:40:35 +0000] "POST /xmlrpc.php HTTP/1.1" 200 911 "-" "Mozilla/5.0 (Windows NT 10.0; Win64; x64) AppleWebKit/537.36 (KHTML, like Gecko) Chrome/68.0.3440.106 Safari/537.36"
52.55.206.244 - - [15/Jul/2025:16:40:36 +0000] "POST /xmlrpc.php HTTP/1.1" 200 911 "-" "Mozilla/5.0 (Windows NT 6.1; WOW64; rv:52.0) Gecko/20100101 Firefox/52.0"
209.74.77.214 - - [15/Jul/2025:16:40:44 +0000] "POST /wp-cron.php?doing_wp_cron=1752597644.4005210399627685546875 HTTP/1.1" 200 - "-" "WordPress/6.8.1; https://muzza.fit"
162.241.194.120 - - [15/Jul/2025:16:40:44 +0000] "POST /xmlrpc.php HTTP/1.1" 200 911 "-" "Mozilla/5.0 (Windows NT 10.0; Win64; x64) AppleWebKit/537.36 (KHTML, like Gecko) Chrome/65.0.3325.181 Safari/537.36"
173.236.193.44 - - [15/Jul/2025:16:41:00 +0000] "POST /xmlrpc.php HTTP/1.1" 200 911 "-" "Mozilla/5.0 (Windows NT 6.1; WOW64; rv:17.0) Gecko/20100101 Firefox/17.0"
64.227.141.213 - - [15/Jul/2025:16:41:02 +0000] "POST /xmlrpc.php HTTP/1.1" 200 911 "-" "Mozilla/5.0 (Windows NT 10.0; Win64; x64) AppleWebKit/537.36 (KHTML, like Gecko) Chrome/80.0.3987.163 Safari/537.36"
209.74.77.214 - - [15/Jul/2025:16:41:08 +0000] "POST /wp-cron.php?doing_wp_cron=1752597668.5426490306854248046875 HTTP/1.1" 200 - "-" "WordPress/6.8.1; https://muzza.fit"
65.21.78.112 - - [15/Jul/2025:16:41:08 +0000] "POST /xmlrpc.php HTTP/1.1" 200 911 "-" "Mozilla/5.0 (X11; Ubuntu; Linux i686; rv:24.0) Gecko/20100101 Firefox/24.0"
94.103.185.72 - - [15/Jul/2025:16:41:10 +0000] "POST /xmlrpc.php HTTP/1.1" 200 911 "-" "Mozilla/5.0 (Linux; Android 10; SM-A205U) AppleWebKit/537.36 (KHTML, like Gecko) Chrome/91.0.4472.114 Mobile Safari/537.36"
209.74.77.214 - - [15/Jul/2025:16:41:26 +0000] "POST /wp-cron.php?doing_wp_cron=1752597686.4452641010284423828125 HTTP/1.1" 200 - "-" "WordPress/6.8.1; https://muzza.fit"
193.202.110.20 - - [15/Jul/2025:16:41:26 +0000] "POST /xmlrpc.php HTTP/1.1" 200 911 "-" "Mozilla/5.0 (X11; Linux x86_64) AppleWebKit/537.36 (KHTML, like Gecko) Chrome/44.0.2403.157 Safari/537.36"
209.74.77.214 - - [15/Jul/2025:16:45:51 +0000] "POST /wp-cron.php?doing_wp_cron=1752597951.0575931072235107421875 HTTP/1.1" 200 - "-" "WordPress/6.8.1; https://muzza.fit"
51.222.253.8 - - [15/Jul/2025:16:45:49 +0000] "GET /timetable/category/second-level/feed/ HTTP/1.1" 200 125 "-" "Mozilla/5.0 (compatible; AhrefsBot/7.0; +http://ahrefs.com/robot/)"
209.74.77.214 - - [15/Jul/2025:16:51:51 +0000] "POST /wp-cron.php?doing_wp_cron=1752598311.8428530693054199218750 HTTP/1.1" 200 - "-" "WordPress/6.8.1; https://muzza.fit"
192.185.81.153 - - [15/Jul/2025:16:51:49 +0000] "POST /xmlrpc.php HTTP/1.1" 200 317 "-" "Mozilla/5.0 (X11; Ubuntu; Linux x86_64; rv:85.0) Gecko/20100101 Firefox/91.0"
209.74.77.214 - - [15/Jul/2025:16:53:34 +0000] "POST /wp-cron.php?doing_wp_cron=1752598414.5140058994293212890625 HTTP/1.1" 200 - "-" "WordPress/6.8.1; https://muzza.fit"
51.222.253.6 - - [15/Jul/2025:16:53:32 +0000] "GET /2017/02/cautious-creative/feed/ HTTP/1.1" 200 125 "-" "Mozilla/5.0 (compatible; AhrefsBot/7.0; +http://ahrefs.com/robot/)"
185.191.171.4 - - [15/Jul/2025:16:56:06 +0000] "GET /robots.txt HTTP/1.1" 200 113 "-" "Mozilla/5.0 (compatible; SemrushBot/7~bl; +http://www.semrush.com/bot.html)"
209.74.77.214 - - [15/Jul/2025:16:56:10 +0000] "POST /wp-cron.php?doing_wp_cron=1752598570.0831410884857177734375 HTTP/1.1" 200 - "-" "WordPress/6.8.1; https://muzza.fit"
185.191.171.8 - - [15/Jul/2025:16:56:07 +0000] "GET /type/link/ HTTP/1.1" 200 28989 "-" "Mozilla/5.0 (compatible; SemrushBot/7~bl; +http://www.semrush.com/bot.html)"
209.74.77.214 - - [15/Jul/2025:16:56:54 +0000] "POST /wp-cron.php?doing_wp_cron=1752598614.1836569309234619140625 HTTP/1.1" 200 - "-" "WordPress/6.8.1; https://muzza.fit"
110.249.201.48 - - [15/Jul/2025:16:56:52 +0000] "GET / HTTP/1.1" 200 37015 "-" "Mozilla/5.0 (Linux; Android 5.0) AppleWebKit/537.36 (KHTML, like Gecko) Mobile Safari/537.36 (compatible; Bytespider; https://zhanzhang.toutiao.com/)"
110.249.201.48 - - [15/Jul/2025:16:56:55 +0000] "GET /wp-content/plugins/instagram-feed/css/sbi-styles.min.css?ver=6.9.1 HTTP/1.1" 200 8799 "https://muzza.fit/" "Mozilla/5.0 (Linux; Android 5.0) AppleWebKit/537.36 (KHTML, like Gecko) Mobile Safari/537.36 (compatible; Bytespider; https://zhanzhang.toutiao.com/)"
110.249.201.48 - - [15/Jul/2025:16:56:56 +0000] "GET /wp-content/plugins/contact-form-7/includes/css/styles.css?ver=6.1 HTTP/1.1" 200 1031 "https://muzza.fit/" "Mozilla/5.0 (Linux; Android 5.0) AppleWebKit/537.36 (KHTML, like Gecko) Mobile Safari/537.36 (compatible; Bytespider; https://zhanzhang.toutiao.com/)"
110.249.201.48 - - [15/Jul/2025:16:56:56 +0000] "GET /wp-includes/js/mediaelement/wp-mediaelement.min.css?ver=6.8.1 HTTP/1.1" 200 1156 "https://muzza.fit/" "Mozilla/5.0 (Linux; Android 5.0) AppleWebKit/537.36 (KHTML, like Gecko) Mobile Safari/537.36 (compatible; Bytespider; https://zhanzhang.toutiao.com/)"
110.249.201.51 - - [15/Jul/2025:16:56:56 +0000] "GET /wp-content/plugins/js_composer/assets/lib/bower/font-awesome/css/v4-shims.min.css?ver=7.6 HTTP/1.1" 200 4260 "https://muzza.fit/" "Mozilla/5.0 (Linux; Android 5.0) AppleWebKit/537.36 (KHTML, like Gecko) Mobile Safari/537.36 (compatible; Bytespider; https://zhanzhang.toutiao.com/)"
110.249.201.48 - - [15/Jul/2025:16:56:56 +0000] "GET /wp-content/plugins/js_composer/assets/lib/bower/font-awesome/css/all.min.css?ver=7.6 HTTP/1.1" 200 12195 "https://muzza.fit/" "Mozilla/5.0 (Linux; Android 5.0) AppleWebKit/537.36 (KHTML, like Gecko) Mobile Safari/537.36 (compatible; Bytespider; https://zhanzhang.toutiao.com/)"
110.249.201.58 - - [15/Jul/2025:16:56:56 +0000] "GET /wp-content/plugins/mp-timetable/media/css/style.css?ver=2.4.15 HTTP/1.1" 200 1992 "https://muzza.fit/" "Mozilla/5.0 (Linux; Android 5.0) AppleWebKit/537.36 (KHTML, like Gecko) Mobile Safari/537.36 (compatible; Bytespider; https://zhanzhang.toutiao.com/)"
110.249.201.44 - - [15/Jul/2025:16:56:56 +0000] "GET /wp-content/plugins/wolf-custom-post-meta/assets/css/wcpm.min.css?ver=1.0.3 HTTP/1.1" 200 37 "https://muzza.fit/" "Mozilla/5.0 (Linux; Android 5.0) AppleWebKit/537.36 (KHTML, like Gecko) Mobile Safari/537.36 (compatible; Bytespider; https://zhanzhang.toutiao.com/)"
110.249.201.55 - - [15/Jul/2025:16:56:56 +0000] "GET /wp-includes/css/dashicons.min.css?ver=6.8.1 HTTP/1.1" 200 35730 "https://muzza.fit/" "Mozilla/5.0 (Linux; Android 5.0) AppleWebKit/537.36 (KHTML, like Gecko) Mobile Safari/537.36 (compatible; Bytespider; https://zhanzhang.toutiao.com/)"
110.249.201.48 - - [15/Jul/2025:16:56:56 +0000] "GET /wp-content/plugins/variation-swatches-for-woocommerce/assets/css/frontend.css?ver=1.1.5 HTTP/1.1" 200 6414 "https://muzza.fit/" "Mozilla/5.0 (Linux; Android 5.0) AppleWebKit/537.36 (KHTML, like Gecko) Mobile Safari/537.36 (compatible; Bytespider; https://zhanzhang.toutiao.com/)"
110.249.201.51 - - [15/Jul/2025:16:56:56 +0000] "GET /wp-content/themes/deadlift/assets/css/lib/fonts/socicon/socicon.min.css?ver=1.8.2 HTTP/1.1" 200 2437 "https://muzza.fit/" "Mozilla/5.0 (Linux; Android 5.0) AppleWebKit/537.36 (KHTML, like Gecko) Mobile Safari/537.36 (compatible; Bytespider; https://zhanzhang.toutiao.com/)"
110.249.201.48 - - [15/Jul/2025:16:56:56 +0000] "GET /wp-content/themes/deadlift/assets/css/lib/normalize.min.css?ver=3.0.0 HTTP/1.1" 200 895 "https://muzza.fit/" "Mozilla/5.0 (Linux; Android 5.0) AppleWebKit/537.36 (KHTML, like Gecko) Mobile Safari/537.36 (compatible; Bytespider; https://zhanzhang.toutiao.com/)"
110.249.201.58 - - [15/Jul/2025:16:56:56 +0000] "GET /wp-content/themes/deadlift/assets/css/lib/fonts/linearicons/linearicons.min.css?ver=1.8.2 HTTP/1.1" 200 1611 "https://muzza.fit/" "Mozilla/5.0 (Linux; Android 5.0) AppleWebKit/537.36 (KHTML, like Gecko) Mobile Safari/537.36 (compatible; Bytespider; https://zhanzhang.toutiao.com/)"
110.249.201.44 - - [15/Jul/2025:16:56:56 +0000] "GET /wp-content/themes/deadlift/assets/css/lib/fonts/linea-icons/linea-icons.min.css?ver=1.8.2 HTTP/1.1" 200 5904 "https://muzza.fit/" "Mozilla/5.0 (Linux; Android 5.0) AppleWebKit/537.36 (KHTML, like Gecko) Mobile Safari/537.36 (compatible; Bytespider; https://zhanzhang.toutiao.com/)"
110.249.201.48 - - [15/Jul/2025:16:56:56 +0000] "GET /wp-content/plugins/woocommerce/assets/css/brands.css?ver=10.0.2 HTTP/1.1" 200 684 "https://muzza.fit/" "Mozilla/5.0 (Linux; Android 5.0) AppleWebKit/537.36 (KHTML, like Gecko) Mobile Safari/537.36 (compatible; Bytespider; https://zhanzhang.toutiao.com/)"
110.249.201.51 - - [15/Jul/2025:16:56:56 +0000] "GET /wp-includes/js/mediaelement/mediaelementplayer-legacy.min.css?ver=4.2.17 HTTP/1.1" 200 2592 "https://muzza.fit/" "Mozilla/5.0 (Linux; Android 5.0) AppleWebKit/537.36 (KHTML, like Gecko) Mobile Safari/537.36 (compatible; Bytespider; https://zhanzhang.toutiao.com/)"
110.249.201.48 - - [15/Jul/2025:16:56:56 +0000] "GET /wp-content/themes/deadlift/assets/css/lib/fonts/fontawesome/font-awesome.min.css?ver=1.8.2 HTTP/1.1" 200 6683 "https://muzza.fit/" "Mozilla/5.0 (Linux; Android 5.0) AppleWebKit/537.36 (KHTML, like Gecko) Mobile Safari/537.36 (compatible; Bytespider; https://zhanzhang.toutiao.com/)"
110.249.201.58 - - [15/Jul/2025:16:56:56 +0000] "GET /wp-content/plugins/wolf-woocommerce-quickview/assets/css/quickview.min.css?ver=1.1.5 HTTP/1.1" 200 703 "https://muzza.fit/" "Mozilla/5.0 (Linux; Android 5.0) AppleWebKit/537.36 (KHTML, like Gecko) Mobile Safari/537.36 (compatible; Bytespider; https://zhanzhang.toutiao.com/)"
110.249.201.44 - - [15/Jul/2025:16:56:56 +0000] "GET /wp-content/themes/deadlift/style.css?ver=1.8.2 HTTP/1.1" 200 487 "https://muzza.fit/" "Mozilla/5.0 (Linux; Android 5.0) AppleWebKit/537.36 (KHTML, like Gecko) Mobile Safari/537.36 (compatible; Bytespider; https://zhanzhang.toutiao.com/)"
110.249.201.55 - - [15/Jul/2025:16:56:57 +0000] "GET /wp-content/themes/deadlift/assets/css/lib/jquery.fancybox.min.css?ver=3.5.2 HTTP/1.1" 200 3743 "https://muzza.fit/" "Mozilla/5.0 (Linux; Android 5.0) AppleWebKit/537.36 (KHTML, like Gecko) Mobile Safari/537.36 (compatible; Bytespider; https://zhanzhang.toutiao.com/)"
110.249.201.48 - - [15/Jul/2025:16:56:57 +0000] "GET /wp-content/themes/deadlift/assets/css/main.min.css?ver=1.8.2 HTTP/1.1" 200 78643 "https://muzza.fit/" "Mozilla/5.0 (Linux; Android 5.0) AppleWebKit/537.36 (KHTML, like Gecko) Mobile Safari/537.36 (compatible; Bytespider; https://zhanzhang.toutiao.com/)"
110.249.201.51 - - [15/Jul/2025:16:56:57 +0000] "GET /wp-content/plugins/js_composer/assets/lib/flexslider/flexslider.min.css?ver=7.6 HTTP/1.1" 200 1259 "https://muzza.fit/" "Mozilla/5.0 (Linux; Android 5.0) AppleWebKit/537.36 (KHTML, like Gecko) Mobile Safari/537.36 (compatible; Bytespider; https://zhanzhang.toutiao.com/)"
110.249.201.48 - - [15/Jul/2025:16:56:57 +0000] "GET /wp-content/themes/deadlift/assets/css/single-post.css?ver=1.8.2 HTTP/1.1" 200 50 "https://muzza.fit/" "Mozilla/5.0 (Linux; Android 5.0) AppleWebKit/537.36 (KHTML, like Gecko) Mobile Safari/537.36 (compatible; Bytespider; https://zhanzhang.toutiao.com/)"
110.249.201.58 - - [15/Jul/2025:16:56:57 +0000] "GET /wp-content/plugins/wolf-visual-composer/assets/css/wvc.min.css?ver=3.7.21 HTTP/1.1" 200 34035 "https://muzza.fit/" "Mozilla/5.0 (Linux; Android 5.0) AppleWebKit/537.36 (KHTML, like Gecko) Mobile Safari/537.36 (compatible; Bytespider; https://zhanzhang.toutiao.com/)"
110.249.201.44 - - [15/Jul/2025:16:56:57 +0000] "GET /wp-content/themes/deadlift/assets/css/lib/flickity.min.css?ver=2.3.0 HTTP/1.1" 200 684 "https://muzza.fit/" "Mozilla/5.0 (Linux; Android 5.0) AppleWebKit/537.36 (KHTML, like Gecko) Mobile Safari/537.36 (compatible; Bytespider; https://zhanzhang.toutiao.com/)"
110.249.201.55 - - [15/Jul/2025:16:56:57 +0000] "GET /wp-content/plugins/wolf-visual-composer/assets/css/lib/lity.min.css?ver=2.2.2 HTTP/1.1" 200 1015 "https://muzza.fit/" "Mozilla/5.0 (Linux; Android 5.0) AppleWebKit/537.36 (KHTML, like Gecko) Mobile Safari/537.36 (compatible; Bytespider; https://zhanzhang.toutiao.com/)"
110.249.201.51 - - [15/Jul/2025:16:56:57 +0000] "GET /wp-content/plugins/wolf-videos/assets/css/videos.min.css?ver=1.3.1 HTTP/1.1" 200 1202 "https://muzza.fit/" "Mozilla/5.0 (Linux; Android 5.0) AppleWebKit/537.36 (KHTML, like Gecko) Mobile Safari/537.36 (compatible; Bytespider; https://zhanzhang.toutiao.com/)"
110.249.201.48 - - [15/Jul/2025:16:56:57 +0000] "GET /wp-content/plugins/js_composer/assets/css/js_composer.min.css?ver=7.6 HTTP/1.1" 200 44639 "https://muzza.fit/" "Mozilla/5.0 (Linux; Android 5.0) AppleWebKit/537.36 (KHTML, like Gecko) Mobile Safari/537.36 (compatible; Bytespider; https://zhanzhang.toutiao.com/)"
110.249.201.44 - - [15/Jul/2025:16:56:57 +0000] "GET /wp-content/plugins/wolf-portfolio/assets/css/portfolio.min.css?ver=1.2.4 HTTP/1.1" 200 513 "https://muzza.fit/" "Mozilla/5.0 (Linux; Android 5.0) AppleWebKit/537.36 (KHTML, like Gecko) Mobile Safari/537.36 (compatible; Bytespider; https://zhanzhang.toutiao.com/)"
110.249.201.55 - - [15/Jul/2025:16:56:57 +0000] "GET /wp-content/plugins/wolf-visual-composer/assets/css/lib/dripicons/dripicons.min.css?ver=2.0.0 HTTP/1.1" 200 1751 "https://muzza.fit/" "Mozilla/5.0 (Linux; Android 5.0) AppleWebKit/537.36 (KHTML, like Gecko) Mobile Safari/537.36 (compatible; Bytespider; https://zhanzhang.toutiao.com/)"
110.249.201.48 - - [15/Jul/2025:16:56:57 +0000] "GET /wp-content/plugins/wolf-woocommerce-wishlist/assets/css/wishlist.min.css?ver=1.1.7 HTTP/1.1" 200 353 "https://muzza.fit/" "Mozilla/5.0 (Linux; Android 5.0) AppleWebKit/537.36 (KHTML, like Gecko) Mobile Safari/537.36 (compatible; Bytespider; https://zhanzhang.toutiao.com/)"
110.249.201.51 - - [15/Jul/2025:16:56:57 +0000] "GET /wp-content/plugins/wolf-visual-composer/assets/css/lib/elegant-icons/elegant-icons.min.css?ver=1.0.0 HTTP/1.1" 200 2606 "https://muzza.fit/" "Mozilla/5.0 (Linux; Android 5.0) AppleWebKit/537.36 (KHTML, like Gecko) Mobile Safari/537.36 (compatible; Bytespider; https://zhanzhang.toutiao.com/)"
110.249.201.58 - - [15/Jul/2025:16:56:57 +0000] "GET /wp-includes/js/wp-util.min.js?ver=6.8.1 HTTP/1.1" 200 756 "https://muzza.fit/" "Mozilla/5.0 (Linux; Android 5.0) AppleWebKit/537.36 (KHTML, like Gecko) Mobile Safari/537.36 (compatible; Bytespider; https://zhanzhang.toutiao.com/)"
110.249.201.44 - - [15/Jul/2025:16:56:57 +0000] "GET /wp-includes/js/underscore.min.js?ver=1.13.7 HTTP/1.1" 200 7317 "https://muzza.fit/" "Mozilla/5.0 (Linux; Android 5.0) AppleWebKit/537.36 (KHTML, like Gecko) Mobile Safari/537.36 (compatible; Bytespider; https://zhanzhang.toutiao.com/)"
110.249.201.55 - - [15/Jul/2025:16:56:57 +0000] "GET /wp-includes/js/jquery/jquery-migrate.min.js?ver=3.4.1 HTTP/1.1" 200 4872 "https://muzza.fit/" "Mozilla/5.0 (Linux; Android 5.0) AppleWebKit/537.36 (KHTML, like Gecko) Mobile Safari/537.36 (compatible; Bytespider; https://zhanzhang.toutiao.com/)"
110.249.201.48 - - [15/Jul/2025:16:56:57 +0000] "GET /wp-includes/js/jquery/jquery.min.js?ver=3.7.1 HTTP/1.1" 200 30368 "https://muzza.fit/" "Mozilla/5.0 (Linux; Android 5.0) AppleWebKit/537.36 (KHTML, like Gecko) Mobile Safari/537.36 (compatible; Bytespider; https://zhanzhang.toutiao.com/)"
110.249.201.51 - - [15/Jul/2025:16:56:57 +0000] "GET /wp-content/plugins/woocommerce/assets/js/jquery-blockui/jquery.blockUI.min.js?ver=2.7.0-wc.10.0.2 HTTP/1.1" 200 3537 "https://muzza.fit/" "Mozilla/5.0 (Linux; Android 5.0) AppleWebKit/537.36 (KHTML, like Gecko) Mobile Safari/537.36 (compatible; Bytespider; https://zhanzhang.toutiao.com/)"
110.249.201.48 - - [15/Jul/2025:16:56:57 +0000] "GET /wp-content/plugins/js_composer/assets/js/vendors/woocommerce-add-to-cart.js?ver=7.6 HTTP/1.1" 200 374 "https://muzza.fit/" "Mozilla/5.0 (Linux; Android 5.0) AppleWebKit/537.36 (KHTML, like Gecko) Mobile Safari/537.36 (compatible; Bytespider; https://zhanzhang.toutiao.com/)"
110.249.201.58 - - [15/Jul/2025:16:56:57 +0000] "GET /wp-content/plugins/woocommerce/assets/js/frontend/add-to-cart.min.js?ver=10.0.2 HTTP/1.1" 200 1407 "https://muzza.fit/" "Mozilla/5.0 (Linux; Android 5.0) AppleWebKit/537.36 (KHTML, like Gecko) Mobile Safari/537.36 (compatible; Bytespider; https://zhanzhang.toutiao.com/)"
110.249.201.44 - - [15/Jul/2025:16:56:57 +0000] "GET /wp-content/uploads/2018/08/sddefault-1-400x300.jpg HTTP/1.1" 206 500 "https://muzza.fit/" "Mozilla/5.0 (Linux; Android 5.0) AppleWebKit/537.36 (KHTML, like Gecko) Mobile Safari/537.36 (compatible; Bytespider; https://zhanzhang.toutiao.com/)"
110.249.201.48 - - [15/Jul/2025:16:56:58 +0000] "GET /wp-content/plugins/woocommerce/assets/client/blocks/wc-blocks.css?ver=wc-10.0.2 HTTP/1.1" 200 2575 "https://muzza.fit/" "Mozilla/5.0 (Linux; Android 5.0) AppleWebKit/537.36 (KHTML, like Gecko) Mobile Safari/537.36 (compatible; Bytespider; https://zhanzhang.toutiao.com/)"
110.249.201.51 - - [15/Jul/2025:16:56:58 +0000] "GET /wp-includes/js/dist/hooks.min.js?ver=4d63a3d491d11ffd8ac6 HTTP/1.1" 200 1648 "https://muzza.fit/" "Mozilla/5.0 (Linux; Android 5.0) AppleWebKit/537.36 (KHTML, like Gecko) Mobile Safari/537.36 (compatible; Bytespider; https://zhanzhang.toutiao.com/)"
110.249.201.58 - - [15/Jul/2025:16:56:58 +0000] "GET /wp-content/plugins/contact-form-7/includes/swv/js/index.js?ver=6.1 HTTP/1.1" 200 3503 "https://muzza.fit/" "Mozilla/5.0 (Linux; Android 5.0) AppleWebKit/537.36 (KHTML, like Gecko) Mobile Safari/537.36 (compatible; Bytespider; https://zhanzhang.toutiao.com/)"
110.249.201.48 - - [15/Jul/2025:16:56:58 +0000] "GET /wp-content/themes/deadlift/assets/css/lib/aos.css?ver=2.3.0 HTTP/1.1" 200 2236 "https://muzza.fit/" "Mozilla/5.0 (Linux; Android 5.0) AppleWebKit/537.36 (KHTML, like Gecko) Mobile Safari/537.36 (compatible; Bytespider; https://zhanzhang.toutiao.com/)"
110.249.201.55 - - [15/Jul/2025:16:56:58 +0000] "GET /wp-content/plugins/revslider/sr6/assets/assets/dummy.png HTTP/1.1" 206 68 "https://muzza.fit/" "Mozilla/5.0 (Linux; Android 5.0) AppleWebKit/537.36 (KHTML, like Gecko) Mobile Safari/537.36 (compatible; Bytespider; https://zhanzhang.toutiao.com/)"
110.249.201.44 - - [15/Jul/2025:16:56:58 +0000] "GET /wp-content/uploads/2024/07/Muzzafit-logo-1.png HTTP/1.1" 206 500 "https://muzza.fit/" "Mozilla/5.0 (Linux; Android 5.0) AppleWebKit/537.36 (KHTML, like Gecko) Mobile Safari/537.36 (compatible; Bytespider; https://zhanzhang.toutiao.com/)"
110.249.201.48 - - [15/Jul/2025:16:56:58 +0000] "GET /wp-content/themes/deadlift/assets/img/t/deadlift_filmgrain.gif HTTP/1.1" 206 500 "https://muzza.fit/wp-content/themes/deadlift/assets/css/main.min.css?ver=1.8.2" "Mozilla/5.0 (Linux; Android 5.0) AppleWebKit/537.36 (KHTML, like Gecko) Mobile Safari/537.36 (compatible; Bytespider; https://zhanzhang.toutiao.com/)"
110.249.201.51 - - [15/Jul/2025:16:56:58 +0000] "GET /wp-content/themes/deadlift/assets/img/t/icon_search_dark.png HTTP/1.1" 206 500 "https://muzza.fit/wp-content/themes/deadlift/assets/css/main.min.css?ver=1.8.2" "Mozilla/5.0 (Linux; Android 5.0) AppleWebKit/537.36 (KHTML, like Gecko) Mobile Safari/537.36 (compatible; Bytespider; https://zhanzhang.toutiao.com/)"
110.249.201.48 - - [15/Jul/2025:16:56:58 +0000] "GET /wp-content/plugins/wolf-visual-composer/assets/css/lib/animate.min.css?ver=3.3.0 HTTP/1.1" 200 3861 "https://muzza.fit/" "Mozilla/5.0 (Linux; Android 5.0) AppleWebKit/537.36 (KHTML, like Gecko) Mobile Safari/537.36 (compatible; Bytespider; https://zhanzhang.toutiao.com/)"
110.249.201.58 - - [15/Jul/2025:16:56:58 +0000] "GET /wp-content/uploads/2018/10/popup-bg-1.jpg HTTP/1.1" 206 500 "https://muzza.fit/" "Mozilla/5.0 (Linux; Android 5.0) AppleWebKit/537.36 (KHTML, like Gecko) Mobile Safari/537.36 (compatible; Bytespider; https://zhanzhang.toutiao.com/)"
110.249.201.51 - - [15/Jul/2025:16:56:58 +0000] "GET /wp-includes/js/dist/i18n.min.js?ver=5e580eb46a90c2b997e6 HTTP/1.1" 200 3667 "https://muzza.fit/" "Mozilla/5.0 (Linux; Android 5.0) AppleWebKit/537.36 (KHTML, like Gecko) Mobile Safari/537.36 (compatible; Bytespider; https://zhanzhang.toutiao.com/)"
110.249.201.48 - - [15/Jul/2025:16:56:58 +0000] "GET /wp-content/plugins/wolf-facebook-page-box/assets/js/wfpb.js?ver=1.0.9 HTTP/1.1" 200 - "https://muzza.fit/" "Mozilla/5.0 (Linux; Android 5.0) AppleWebKit/537.36 (KHTML, like Gecko) Mobile Safari/537.36 (compatible; Bytespider; https://zhanzhang.toutiao.com/)"
110.249.201.48 - - [15/Jul/2025:16:56:58 +0000] "GET /wp-content/plugins/revslider/sr6/assets/css/rs6.css?ver=6.7.13 HTTP/1.1" 200 12492 "https://muzza.fit/" "Mozilla/5.0 (Linux; Android 5.0) AppleWebKit/537.36 (KHTML, like Gecko) Mobile Safari/537.36 (compatible; Bytespider; https://zhanzhang.toutiao.com/)"
110.249.201.44 - - [15/Jul/2025:16:56:58 +0000] "GET /wp-content/plugins/wolf-custom-post-meta/assets/js/wcpm.min.js?ver=1.0.3 HTTP/1.1" 200 712 "https://muzza.fit/" "Mozilla/5.0 (Linux; Android 5.0) AppleWebKit/537.36 (KHTML, like Gecko) Mobile Safari/537.36 (compatible; Bytespider; https://zhanzhang.toutiao.com/)"
110.249.201.55 - - [15/Jul/2025:16:56:58 +0000] "GET /wp-content/plugins/contact-form-7/includes/js/index.js?ver=6.1 HTTP/1.1" 200 4265 "https://muzza.fit/" "Mozilla/5.0 (Linux; Android 5.0) AppleWebKit/537.36 (KHTML, like Gecko) Mobile Safari/537.36 (compatible; Bytespider; https://zhanzhang.toutiao.com/)"
110.249.201.58 - - [15/Jul/2025:16:56:58 +0000] "GET /wp-includes/js/mediaelement/wp-mediaelement.min.js?ver=6.8.1 HTTP/1.1" 200 538 "https://muzza.fit/" "Mozilla/5.0 (Linux; Android 5.0) AppleWebKit/537.36 (KHTML, like Gecko) Mobile Safari/537.36 (compatible; Bytespider; https://zhanzhang.toutiao.com/)"
110.249.201.51 - - [15/Jul/2025:16:56:58 +0000] "GET /wp-content/plugins/wolf-woocommerce-quickview/assets/js/min/quickview.min.js?ver=1.1.5 HTTP/1.1" 200 945 "https://muzza.fit/" "Mozilla/5.0 (Linux; Android 5.0) AppleWebKit/537.36 (KHTML, like Gecko) Mobile Safari/537.36 (compatible; Bytespider; https://zhanzhang.toutiao.com/)"
110.249.201.48 - - [15/Jul/2025:16:56:58 +0000] "GET /wp-includes/js/mediaelement/mediaelement-migrate.min.js?ver=6.8.1 HTTP/1.1" 200 540 "https://muzza.fit/" "Mozilla/5.0 (Linux; Android 5.0) AppleWebKit/537.36 (KHTML, like Gecko) Mobile Safari/537.36 (compatible; Bytespider; https://zhanzhang.toutiao.com/)"
110.249.201.48 - - [15/Jul/2025:16:56:58 +0000] "GET /wp-includes/js/mediaelement/mediaelement-and-player.min.js?ver=4.2.17 HTTP/1.1" 200 38789 "https://muzza.fit/" "Mozilla/5.0 (Linux; Android 5.0) AppleWebKit/537.36 (KHTML, like Gecko) Mobile Safari/537.36 (compatible; Bytespider; https://zhanzhang.toutiao.com/)"
110.249.201.44 - - [15/Jul/2025:16:56:58 +0000] "GET /wp-content/plugins/variation-swatches-for-woocommerce/assets/js/frontend.js?ver%5B0%5D=jquery HTTP/1.1" 200 2129 "https://muzza.fit/" "Mozilla/5.0 (Linux; Android 5.0) AppleWebKit/537.36 (KHTML, like Gecko) Mobile Safari/537.36 (compatible; Bytespider; https://zhanzhang.toutiao.com/)"
110.249.201.55 - - [15/Jul/2025:16:56:58 +0000] "GET /wp-content/themes/deadlift/assets/js/lib/jquery.fancybox.min.js?ver=3.5.7 HTTP/1.1" 200 22013 "https://muzza.fit/" "Mozilla/5.0 (Linux; Android 5.0) AppleWebKit/537.36 (KHTML, like Gecko) Mobile Safari/537.36 (compatible; Bytespider; https://zhanzhang.toutiao.com/)"
110.249.201.58 - - [15/Jul/2025:16:56:58 +0000] "GET /wp-content/themes/deadlift/assets/js/lib/sticky-kit.min.js?ver=1.1.3 HTTP/1.1" 200 1411 "https://muzza.fit/" "Mozilla/5.0 (Linux; Android 5.0) AppleWebKit/537.36 (KHTML, like Gecko) Mobile Safari/537.36 (compatible; Bytespider; https://zhanzhang.toutiao.com/)"
110.249.201.51 - - [15/Jul/2025:16:56:59 +0000] "GET /wp-content/themes/deadlift/assets/js/lib/jquery.lazyloadxt.min.js?ver=1.1.0 HTTP/1.1" 200 1331 "https://muzza.fit/" "Mozilla/5.0 (Linux; Android 5.0) AppleWebKit/537.36 (KHTML, like Gecko) Mobile Safari/537.36 (compatible; Bytespider; https://zhanzhang.toutiao.com/)"
110.249.201.48 - - [15/Jul/2025:16:56:59 +0000] "GET /wp-content/plugins/woocommerce/assets/js/sourcebuster/sourcebuster.min.js?ver=10.0.2 HTTP/1.1" 200 4807 "https://muzza.fit/" "Mozilla/5.0 (Linux; Android 5.0) AppleWebKit/537.36 (KHTML, like Gecko) Mobile Safari/537.36 (compatible; Bytespider; https://zhanzhang.toutiao.com/)"
110.249.201.48 - - [15/Jul/2025:16:56:59 +0000] "GET /wp-content/plugins/wolf-visual-composer/assets/js/lib/jquery.bigtext.min.js?ver=1.0.0 HTTP/1.1" 200 1804 "https://muzza.fit/" "Mozilla/5.0 (Linux; Android 5.0) AppleWebKit/537.36 (KHTML, like Gecko) Mobile Safari/537.36 (compatible; Bytespider; https://zhanzhang.toutiao.com/)"
110.249.201.44 - - [15/Jul/2025:16:56:59 +0000] "GET /wp-content/plugins/wolf-visual-composer/assets/js/min/functions.min.js?ver=3.7.21 HTTP/1.1" 200 5935 "https://muzza.fit/" "Mozilla/5.0 (Linux; Android 5.0) AppleWebKit/537.36 (KHTML, like Gecko) Mobile Safari/537.36 (compatible; Bytespider; https://zhanzhang.toutiao.com/)"
110.249.201.55 - - [15/Jul/2025:16:56:59 +0000] "GET /wp-content/themes/deadlift/assets/js/lib/tooltipsy.min.js?ver=1.0.0 HTTP/1.1" 200 1828 "https://muzza.fit/" "Mozilla/5.0 (Linux; Android 5.0) AppleWebKit/537.36 (KHTML, like Gecko) Mobile Safari/537.36 (compatible; Bytespider; https://zhanzhang.toutiao.com/)"
110.249.201.51 - - [15/Jul/2025:16:56:59 +0000] "GET /wp-content/plugins/wolf-visual-composer/assets/js/min/bigtext.min.js?ver=3.7.21 HTTP/1.1" 200 268 "https://muzza.fit/" "Mozilla/5.0 (Linux; Android 5.0) AppleWebKit/537.36 (KHTML, like Gecko) Mobile Safari/537.36 (compatible; Bytespider; https://zhanzhang.toutiao.com/)"
110.249.201.58 - - [15/Jul/2025:16:56:59 +0000] "GET /wp-content/themes/deadlift/assets/js/lib/jarallax.min.js?ver=1.8.0 HTTP/1.1" 200 3519 "https://muzza.fit/" "Mozilla/5.0 (Linux; Android 5.0) AppleWebKit/537.36 (KHTML, like Gecko) Mobile Safari/537.36 (compatible; Bytespider; https://zhanzhang.toutiao.com/)"
110.249.201.48 - - [15/Jul/2025:16:56:59 +0000] "GET /wp-content/themes/deadlift/assets/js/functions.min.js?ver=1.8.2 HTTP/1.1" 200 9964 "https://muzza.fit/" "Mozilla/5.0 (Linux; Android 5.0) AppleWebKit/537.36 (KHTML, like Gecko) Mobile Safari/537.36 (compatible; Bytespider; https://zhanzhang.toutiao.com/)"
110.249.201.44 - - [15/Jul/2025:16:56:59 +0000] "GET /wp-includes/js/jquery/ui/effect.min.js?ver=1.13.3 HTTP/1.1" 200 3886 "https://muzza.fit/" "Mozilla/5.0 (Linux; Android 5.0) AppleWebKit/537.36 (KHTML, like Gecko) Mobile Safari/537.36 (compatible; Bytespider; https://zhanzhang.toutiao.com/)"
110.249.201.55 - - [15/Jul/2025:16:56:59 +0000] "GET /wp-content/plugins/wolf-visual-composer/assets/js/lib/countUp.min.js?ver=1.9.3 HTTP/1.1" 200 1451 "https://muzza.fit/" "Mozilla/5.0 (Linux; Android 5.0) AppleWebKit/537.36 (KHTML, like Gecko) Mobile Safari/537.36 (compatible; Bytespider; https://zhanzhang.toutiao.com/)"
110.249.201.51 - - [15/Jul/2025:16:56:59 +0000] "GET /wp-content/themes/deadlift/assets/js/t/deadlift.js?ver=1.8.2 HTTP/1.1" 200 3186 "https://muzza.fit/" "Mozilla/5.0 (Linux; Android 5.0) AppleWebKit/537.36 (KHTML, like Gecko) Mobile Safari/537.36 (compatible; Bytespider; https://zhanzhang.toutiao.com/)"
110.249.201.48 - - [15/Jul/2025:16:56:59 +0000] "GET /wp-content/plugins/woocommerce/assets/js/frontend/order-attribution.min.js?ver=10.0.2 HTTP/1.1" 200 1128 "https://muzza.fit/" "Mozilla/5.0 (Linux; Android 5.0) AppleWebKit/537.36 (KHTML, like Gecko) Mobile Safari/537.36 (compatible; Bytespider; https://zhanzhang.toutiao.com/)"
110.249.201.58 - - [15/Jul/2025:16:56:59 +0000] "GET /wp-content/plugins/wolf-visual-composer/assets/js/min/mailchimp.min.js?ver=3.7.21 HTTP/1.1" 200 599 "https://muzza.fit/" "Mozilla/5.0 (Linux; Android 5.0) AppleWebKit/537.36 (KHTML, like Gecko) Mobile Safari/537.36 (compatible; Bytespider; https://zhanzhang.toutiao.com/)"
110.249.201.48 - - [15/Jul/2025:16:56:59 +0000] "GET /wp-content/plugins/wolf-woocommerce-wishlist/assets/js/wishlist.min.js?ver=1.1.7 HTTP/1.1" 200 1424 "https://muzza.fit/" "Mozilla/5.0 (Linux; Android 5.0) AppleWebKit/537.36 (KHTML, like Gecko) Mobile Safari/537.36 (compatible; Bytespider; https://zhanzhang.toutiao.com/)"
110.249.201.55 - - [15/Jul/2025:16:56:59 +0000] "GET /wp-content/plugins/js_composer/assets/js/dist/js_composer_front.min.js?ver=7.6 HTTP/1.1" 200 5779 "https://muzza.fit/" "Mozilla/5.0 (Linux; Android 5.0) AppleWebKit/537.36 (KHTML, like Gecko) Mobile Safari/537.36 (compatible; Bytespider; https://zhanzhang.toutiao.com/)"
110.249.201.51 - - [15/Jul/2025:16:56:59 +0000] "GET /wp-content/plugins/wolf-visual-composer/assets/js/lib/jquery.easypiechart.min.js?ver=2.1.7 HTTP/1.1" 200 1691 "https://muzza.fit/" "Mozilla/5.0 (Linux; Android 5.0) AppleWebKit/537.36 (KHTML, like Gecko) Mobile Safari/537.36 (compatible; Bytespider; https://zhanzhang.toutiao.com/)"
110.249.201.48 - - [15/Jul/2025:16:56:59 +0000] "GET /wp-content/plugins/wolf-visual-composer/assets/js/min/modal-window.min.js?ver=3.7.21 HTTP/1.1" 200 1066 "https://muzza.fit/" "Mozilla/5.0 (Linux; Android 5.0) AppleWebKit/537.36 (KHTML, like Gecko) Mobile Safari/537.36 (compatible; Bytespider; https://zhanzhang.toutiao.com/)"
110.249.201.48 - - [15/Jul/2025:16:56:59 +0000] "GET /wp-content/plugins/wolf-visual-composer/assets/js/lib/jquery.inview.min.js?ver=1.1.2 HTTP/1.1" 200 765 "https://muzza.fit/" "Mozilla/5.0 (Linux; Android 5.0) AppleWebKit/537.36 (KHTML, like Gecko) Mobile Safari/537.36 (compatible; Bytespider; https://zhanzhang.toutiao.com/)"
110.249.201.58 - - [15/Jul/2025:16:56:59 +0000] "GET /wp-content/plugins/instagram-feed/js/sbi-scripts.min.js?ver=6.9.1 HTTP/1.1" 200 6241 "https://muzza.fit/" "Mozilla/5.0 (Linux; Android 5.0) AppleWebKit/537.36 (KHTML, like Gecko) Mobile Safari/537.36 (compatible; Bytespider; https://zhanzhang.toutiao.com/)"
110.249.201.44 - - [15/Jul/2025:16:56:59 +0000] "GET /wp-content/plugins/wolf-visual-composer/assets/js/lib/jarallax/jarallax-video.min.js?ver=1.0.1 HTTP/1.1" 200 5533 "https://muzza.fit/" "Mozilla/5.0 (Linux; Android 5.0) AppleWebKit/537.36 (KHTML, like Gecko) Mobile Safari/537.36 (compatible; Bytespider; https://zhanzhang.toutiao.com/)"
110.249.201.48 - - [15/Jul/2025:16:56:59 +0000] "GET /wp-content/themes/deadlift/assets/js/lib/aos.js?ver=2.0.0 HTTP/1.1" 200 4506 "https://muzza.fit/" "Mozilla/5.0 (Linux; Android 5.0) AppleWebKit/537.36 (KHTML, like Gecko) Mobile Safari/537.36 (compatible; Bytespider; https://zhanzhang.toutiao.com/)"
110.249.201.48 - - [15/Jul/2025:16:56:59 +0000] "GET /wp-content/themes/deadlift/assets/js/carousels.min.js?ver=1.8.2 HTTP/1.1" 200 600 "https://muzza.fit/" "Mozilla/5.0 (Linux; Android 5.0) AppleWebKit/537.36 (KHTML, like Gecko) Mobile Safari/537.36 (compatible; Bytespider; https://zhanzhang.toutiao.com/)"
110.249.201.55 - - [15/Jul/2025:16:56:59 +0000] "GET /wp-content/plugins/wolf-visual-composer/assets/js/lib/wow.min.js?ver=1.3.0 HTTP/1.1" 200 2825 "https://muzza.fit/" "Mozilla/5.0 (Linux; Android 5.0) AppleWebKit/537.36 (KHTML, like Gecko) Mobile Safari/537.36 (compatible; Bytespider; https://zhanzhang.toutiao.com/)"
110.249.201.58 - - [15/Jul/2025:16:56:59 +0000] "GET /wp-content/themes/deadlift/assets/js/lib/player.min.js?ver=2.6.1 HTTP/1.1" 200 5322 "https://muzza.fit/" "Mozilla/5.0 (Linux; Android 5.0) AppleWebKit/537.36 (KHTML, like Gecko) Mobile Safari/537.36 (compatible; Bytespider; https://zhanzhang.toutiao.com/)"
110.249.201.44 - - [15/Jul/2025:16:56:59 +0000] "GET /wp-content/themes/deadlift/assets/js/vimeo.min.js?ver=1.8.2 HTTP/1.1" 200 195 "https://muzza.fit/" "Mozilla/5.0 (Linux; Android 5.0) AppleWebKit/537.36 (KHTML, like Gecko) Mobile Safari/537.36 (compatible; Bytespider; https://zhanzhang.toutiao.com/)"
110.249.201.48 - - [15/Jul/2025:16:57:00 +0000] "GET /wp-content/plugins/wolf-visual-composer/assets/js/lib/jquery.waypoints.min.js?ver=1.6.2 HTTP/1.1" 200 2753 "https://muzza.fit/" "Mozilla/5.0 (Linux; Android 5.0) AppleWebKit/537.36 (KHTML, like Gecko) Mobile Safari/537.36 (compatible; Bytespider; https://zhanzhang.toutiao.com/)"
110.249.201.58 - - [15/Jul/2025:16:57:00 +0000] "GET /wp-content/plugins/wolf-visual-composer/assets/js/lib/jquery.fittext.min.js?ver=1.2.0 HTTP/1.1" 200 262 "https://muzza.fit/" "Mozilla/5.0 (Linux; Android 5.0) AppleWebKit/537.36 (KHTML, like Gecko) Mobile Safari/537.36 (compatible; Bytespider; https://zhanzhang.toutiao.com/)"
110.249.201.55 - - [15/Jul/2025:16:57:00 +0000] "GET /wp-content/plugins/wolf-visual-composer/assets/js/min/fittext.min.js?ver=3.7.21 HTTP/1.1" 200 281 "https://muzza.fit/" "Mozilla/5.0 (Linux; Android 5.0) AppleWebKit/537.36 (KHTML, like Gecko) Mobile Safari/537.36 (compatible; Bytespider; https://zhanzhang.toutiao.com/)"
110.249.201.44 - - [15/Jul/2025:16:57:00 +0000] "GET /wp-content/plugins/wolf-visual-composer/assets/js/min/carousels.min.js?ver=3.7.21 HTTP/1.1" 200 814 "https://muzza.fit/" "Mozilla/5.0 (Linux; Android 5.0) AppleWebKit/537.36 (KHTML, like Gecko) Mobile Safari/537.36 (compatible; Bytespider; https://zhanzhang.toutiao.com/)"
110.249.201.48 - - [15/Jul/2025:16:57:00 +0000] "GET /wp-content/plugins/wolf-visual-composer/assets/js/min/pie.min.js?ver=3.7.21 HTTP/1.1" 200 554 "https://muzza.fit/" "Mozilla/5.0 (Linux; Android 5.0) AppleWebKit/537.36 (KHTML, like Gecko) Mobile Safari/537.36 (compatible; Bytespider; https://zhanzhang.toutiao.com/)"
