110.249.201.48 - - [15/Jul/2025:16:57:00 +0000] "GET /wp-content/themes/deadlift/assets/js/lib/flickity.pkgd.min.js?ver=2.3.0 HTTP/1.1" 200 14126 "https://muzza.fit/" "Mozilla/5.0 (Linux; Android 5.0) AppleWebKit/537.36 (KHTML, like Gecko) Mobile Safari/537.36 (compatible; Bytespider; https://zhanzhang.toutiao.com/)"
110.249.201.44 - - [15/Jul/2025:16:57:00 +0000] "GET /wp-content/plugins/woocommerce/assets/js/frontend/add-to-cart-variation.min.js?ver=10.0.2 HTTP/1.1" 200 3940 "https://muzza.fit/" "Mozilla/5.0 (Linux; Android 5.0) AppleWebKit/537.36 (KHTML, like Gecko) Mobile Safari/537.36 (compatible; Bytespider; https://zhanzhang.toutiao.com/)"
110.249.201.55 - - [15/Jul/2025:16:57:00 +0000] "GET /wp-content/plugins/wolf-custom-post-meta/assets/js/lib/js.cookie.min.js?ver=2.1.4 HTTP/1.1" 200 987 "https://muzza.fit/" "Mozilla/5.0 (Linux; Android 5.0) AppleWebKit/537.36 (KHTML, like Gecko) Mobile Safari/537.36 (compatible; Bytespider; https://zhanzhang.toutiao.com/)"
110.249.201.58 - - [15/Jul/2025:16:57:00 +0000] "GET /wp-content/uploads/2018/10/nav_logo_secondary-1.png HTTP/1.1" 206 500 "https://muzza.fit/" "Mozilla/5.0 (Linux; Android 5.0) AppleWebKit/537.36 (KHTML, like Gecko) Mobile Safari/537.36 (compatible; Bytespider; https://zhanzhang.toutiao.com/)"
110.249.201.48 - - [15/Jul/2025:16:57:00 +0000] "GET /wp-content/plugins/woocommerce/assets/js/frontend/woocommerce.min.js?ver=10.0.2 HTTP/1.1" 200 1532 "https://muzza.fit/" "Mozilla/5.0 (Linux; Android 5.0) AppleWebKit/537.36 (KHTML, like Gecko) Mobile Safari/537.36 (compatible; Bytespider; https://zhanzhang.toutiao.com/)"
110.249.201.48 - - [15/Jul/2025:16:57:00 +0000] "GET /wp-content/uploads/2018/10/438328088_640-1-415x230.jpg HTTP/1.1" 206 500 "https://muzza.fit/" "Mozilla/5.0 (Linux; Android 5.0) AppleWebKit/537.36 (KHTML, like Gecko) Mobile Safari/537.36 (compatible; Bytespider; https://zhanzhang.toutiao.com/)"
110.249.201.55 - - [15/Jul/2025:16:57:00 +0000] "GET /wp-content/uploads/2018/10/438328088_640-1-400x225.jpg HTTP/1.1" 206 500 "https://muzza.fit/" "Mozilla/5.0 (Linux; Android 5.0) AppleWebKit/537.36 (KHTML, like Gecko) Mobile Safari/537.36 (compatible; Bytespider; https://zhanzhang.toutiao.com/)"
110.249.201.58 - - [15/Jul/2025:16:57:00 +0000] "GET /wp-content/plugins/js_composer/assets/lib/flexslider/jquery.flexslider.min.js?ver=7.6 HTTP/1.1" 200 7321 "https://muzza.fit/" "Mozilla/5.0 (Linux; Android 5.0) AppleWebKit/537.36 (KHTML, like Gecko) Mobile Safari/537.36 (compatible; Bytespider; https://zhanzhang.toutiao.com/)"
110.249.201.48 - - [15/Jul/2025:16:57:00 +0000] "GET /wp-content/plugins/revslider/sr6/assets/js/rbtools.min.js?ver=6.7.13 HTTP/1.1" 200 61824 "https://muzza.fit/" "Mozilla/5.0 (Linux; Android 5.0) AppleWebKit/537.36 (KHTML, like Gecko) Mobile Safari/537.36 (compatible; Bytespider; https://zhanzhang.toutiao.com/)"
110.249.201.48 - - [15/Jul/2025:16:57:00 +0000] "GET /wp-content/plugins/revslider/sr6/assets/js/rs6.min.js?ver=6.7.13 HTTP/1.1" 200 108962 "https://muzza.fit/" "Mozilla/5.0 (Linux; Android 5.0) AppleWebKit/537.36 (KHTML, like Gecko) Mobile Safari/537.36 (compatible; Bytespider; https://zhanzhang.toutiao.com/)"
110.249.201.55 - - [15/Jul/2025:16:57:00 +0000] "GET /wp-content/uploads/2024/06/maria-fernanda-gonzalez-461523-unsplash-1-scaled.jpg HTTP/1.1" 206 500 "https://muzza.fit/" "Mozilla/5.0 (Linux; Android 5.0) AppleWebKit/537.36 (KHTML, like Gecko) Mobile Safari/537.36 (compatible; Bytespider; https://zhanzhang.toutiao.com/)"
110.249.201.48 - - [15/Jul/2025:16:57:01 +0000] "GET /wp-content/uploads/2018/02/scott-webb-22697-unsplash-1-300x199.jpg HTTP/1.1" 206 500 "https://muzza.fit/" "Mozilla/5.0 (Linux; Android 5.0) AppleWebKit/537.36 (KHTML, like Gecko) Mobile Safari/537.36 (compatible; Bytespider; https://zhanzhang.toutiao.com/)"
110.249.201.58 - - [15/Jul/2025:16:57:01 +0000] "GET /wp-content/uploads/2018/10/rawpixel-603021-unsplash-1.jpg HTTP/1.1" 206 500 "https://muzza.fit/" "Mozilla/5.0 (Linux; Android 5.0) AppleWebKit/537.36 (KHTML, like Gecko) Mobile Safari/537.36 (compatible; Bytespider; https://zhanzhang.toutiao.com/)"
110.249.201.55 - - [15/Jul/2025:16:57:01 +0000] "GET /wp-content/uploads/2018/09/victor-freitas-572863-unsplash-1.jpg HTTP/1.1" 206 500 "https://muzza.fit/" "Mozilla/5.0 (Linux; Android 5.0) AppleWebKit/537.36 (KHTML, like Gecko) Mobile Safari/537.36 (compatible; Bytespider; https://zhanzhang.toutiao.com/)"
110.249.201.48 - - [15/Jul/2025:16:57:01 +0000] "GET /wp-content/uploads/2018/09/maxresdefault-2-1-300x169.jpg HTTP/1.1" 206 500 "https://muzza.fit/" "Mozilla/5.0 (Linux; Android 5.0) AppleWebKit/537.36 (KHTML, like Gecko) Mobile Safari/537.36 (compatible; Bytespider; https://zhanzhang.toutiao.com/)"
110.249.201.58 - - [15/Jul/2025:16:57:01 +0000] "GET /wp-content/uploads/2018/09/78-Silver-Site_packaging2-1-300x188.jpg HTTP/1.1" 206 500 "https://muzza.fit/" "Mozilla/5.0 (Linux; Android 5.0) AppleWebKit/537.36 (KHTML, like Gecko) Mobile Safari/537.36 (compatible; Bytespider; https://zhanzhang.toutiao.com/)"
110.249.201.55 - - [15/Jul/2025:16:57:01 +0000] "GET /wp-content/uploads/2018/09/alexander-redl-185764-unsplash-1-300x188.jpg HTTP/1.1" 206 500 "https://muzza.fit/" "Mozilla/5.0 (Linux; Android 5.0) AppleWebKit/537.36 (KHTML, like Gecko) Mobile Safari/537.36 (compatible; Bytespider; https://zhanzhang.toutiao.com/)"
110.249.201.48 - - [15/Jul/2025:16:57:01 +0000] "GET /wp-content/uploads/2018/07/204115239_640-1-300x169.jpg HTTP/1.1" 206 500 "https://muzza.fit/" "Mozilla/5.0 (Linux; Android 5.0) AppleWebKit/537.36 (KHTML, like Gecko) Mobile Safari/537.36 (compatible; Bytespider; https://zhanzhang.toutiao.com/)"
110.249.201.48 - - [15/Jul/2025:16:57:04 +0000] "GET /wp-content/themes/deadlift/assets/js/YT-background.min.js?ver=1.8.2 HTTP/1.1" 200 902 "https://muzza.fit/" "Mozilla/5.0 (Linux; Android 5.0) AppleWebKit/537.36 (KHTML, like Gecko) Mobile Safari/537.36 (compatible; Bytespider; https://zhanzhang.toutiao.com/)"
209.74.77.214 - - [15/Jul/2025:16:57:05 +0000] "POST /wp-cron.php?doing_wp_cron=1752598625.4481279850006103515625 HTTP/1.1" 200 - "-" "WordPress/6.8.1; https://muzza.fit"
110.249.201.58 - - [15/Jul/2025:16:57:05 +0000] "GET /wp-content/plugins/revslider/sr6/assets/assets/transparent.png HTTP/1.1" 206 122 "https://muzza.fit/" "Mozilla/5.0 (Linux; Android 5.0) AppleWebKit/537.36 (KHTML, like Gecko) Mobile Safari/537.36 (compatible; Bytespider; https://zhanzhang.toutiao.com/)"
110.249.201.48 - - [15/Jul/2025:16:57:05 +0000] "GET /wp-content/uploads/revslider/t.png HTTP/1.1" 206 500 "https://muzza.fit/" "Mozilla/5.0 (Linux; Android 5.0) AppleWebKit/537.36 (KHTML, like Gecko) Mobile Safari/537.36 (compatible; Bytespider; https://zhanzhang.toutiao.com/)"
110.249.201.44 - - [15/Jul/2025:16:57:05 +0000] "GET /wp-content/uploads/revslider/i.png HTTP/1.1" 206 500 "https://muzza.fit/" "Mozilla/5.0 (Linux; Android 5.0) AppleWebKit/537.36 (KHTML, like Gecko) Mobile Safari/537.36 (compatible; Bytespider; https://zhanzhang.toutiao.com/)"
110.249.201.55 - - [15/Jul/2025:16:57:05 +0000] "GET /wp-content/uploads/revslider/f.png HTTP/1.1" 206 500 "https://muzza.fit/" "Mozilla/5.0 (Linux; Android 5.0) AppleWebKit/537.36 (KHTML, like Gecko) Mobile Safari/537.36 (compatible; Bytespider; https://zhanzhang.toutiao.com/)"
110.249.201.48 - - [15/Jul/2025:16:57:05 +0000] "GET /none HTTP/1.1" 200 142671 "https://muzza.fit/" "Mozilla/5.0 (Linux; Android 5.0) AppleWebKit/537.36 (KHTML, like Gecko) Mobile Safari/537.36 (compatible; Bytespider; https://zhanzhang.toutiao.com/)"
110.249.201.48 - - [15/Jul/2025:16:57:05 +0000] "GET /wp-content/uploads/revslider/a.png HTTP/1.1" 206 500 "https://muzza.fit/" "Mozilla/5.0 (Linux; Android 5.0) AppleWebKit/537.36 (KHTML, like Gecko) Mobile Safari/537.36 (compatible; Bytespider; https://zhanzhang.toutiao.com/)"
110.249.201.44 - - [15/Jul/2025:16:57:05 +0000] "GET /wp-content/uploads/2024/06/Z.png HTTP/1.1" 206 500 "https://muzza.fit/" "Mozilla/5.0 (Linux; Android 5.0) AppleWebKit/537.36 (KHTML, like Gecko) Mobile Safari/537.36 (compatible; Bytespider; https://zhanzhang.toutiao.com/)"
110.249.201.58 - - [15/Jul/2025:16:57:05 +0000] "GET /wp-content/uploads/2024/06/M-white.png HTTP/1.1" 206 500 "https://muzza.fit/" "Mozilla/5.0 (Linux; Android 5.0) AppleWebKit/537.36 (KHTML, like Gecko) Mobile Safari/537.36 (compatible; Bytespider; https://zhanzhang.toutiao.com/)"
110.249.201.55 - - [15/Jul/2025:16:57:05 +0000] "GET /wp-content/uploads/2024/06/U.png HTTP/1.1" 206 500 "https://muzza.fit/" "Mozilla/5.0 (Linux; Android 5.0) AppleWebKit/537.36 (KHTML, like Gecko) Mobile Safari/537.36 (compatible; Bytespider; https://zhanzhang.toutiao.com/)"
110.249.202.153 - - [15/Jul/2025:16:57:19 +0000] "GET /robots.txt HTTP/1.1" 200 113 "-" "Mozilla/5.0 (Linux; Android 5.0) AppleWebKit/537.36 (KHTML, like Gecko) Mobile Safari/537.36 (compatible; Bytespider; https://zhanzhang.toutiao.com/)"
209.74.77.214 - - [15/Jul/2025:17:09:40 +0000] "POST /wp-cron.php?doing_wp_cron=1752599380.5517048835754394531250 HTTP/1.1" 200 - "-" "WordPress/6.8.1; https://muzza.fit"
51.222.253.11 - - [15/Jul/2025:17:09:38 +0000] "GET /2017/02/the-ultimate-guide-to-weight-loss/feed/ HTTP/1.1" 200 125 "-" "Mozilla/5.0 (compatible; AhrefsBot/7.0; +http://ahrefs.com/robot/)"
66.249.73.163 - - [15/Jul/2025:17:14:56 +0000] "GET /search?category=303 HTTP/1.1" 200 40612 "-" "Mozilla/5.0 (Linux; Android 6.0.1; Nexus 5X Build/MMB29P) AppleWebKit/537.36 (KHTML, like Gecko) Chrome/137.0.7151.103 Mobile Safari/537.36 (compatible; Googlebot/2.1; +http://www.google.com/bot.html)"
66.249.73.165 - - [15/Jul/2025:17:17:49 +0000] "POST /get-message-notify HTTP/1.1" 200 40014 "https://muzza.fit/search?category=303" "Mozilla/5.0 (Linux; Android 6.0.1; Nexus 5X Build/MMB29P) AppleWebKit/537.36 (KHTML, like Gecko) Chrome/137.0.7151.119 Mobile Safari/537.36 (compatible; Googlebot/2.1; +http://www.google.com/bot.html)"
66.249.73.164 - - [15/Jul/2025:17:18:58 +0000] "GET /pcmypage/ HTTP/1.1" 200 40321 "-" "Mozilla/5.0 (Linux; Android 6.0.1; Nexus 5X Build/MMB29P) AppleWebKit/537.36 (KHTML, like Gecko) Chrome/137.0.7151.103 Mobile Safari/537.36 (compatible; Googlebot/2.1; +http://www.google.com/bot.html)"
66.249.73.165 - - [15/Jul/2025:17:19:04 +0000] "GET /search?category=308&search_word= HTTP/1.1" 200 40705 "-" "Mozilla/5.0 (Linux; Android 6.0.1; Nexus 5X Build/MMB29P) AppleWebKit/537.36 (KHTML, like Gecko) Chrome/137.0.7151.103 Mobile Safari/537.36 (compatible; Googlebot/2.1; +http://www.google.com/bot.html)"
66.249.73.164 - - [15/Jul/2025:17:19:10 +0000] "GET /search?category=415&search_word= HTTP/1.1" 200 40748 "-" "Mozilla/5.0 (Linux; Android 6.0.1; Nexus 5X Build/MMB29P) AppleWebKit/537.36 (KHTML, like Gecko) Chrome/137.0.7151.103 Mobile Safari/537.36 (compatible; Googlebot/2.1; +http://www.google.com/bot.html)"
66.249.73.163 - - [15/Jul/2025:17:19:15 +0000] "GET /search?category=1000&search_word= HTTP/1.1" 200 40731 "-" "Mozilla/5.0 (Linux; Android 6.0.1; Nexus 5X Build/MMB29P) AppleWebKit/537.36 (KHTML, like Gecko) Chrome/137.0.7151.103 Mobile Safari/537.36 (compatible; Googlebot/2.1; +http://www.google.com/bot.html)"
66.249.73.163 - - [15/Jul/2025:17:19:18 +0000] "POST /get-message-notify HTTP/1.1" 200 40038 "https://muzza.fit/search?category=308&search_word=" "Mozilla/5.0 (Linux; Android 6.0.1; Nexus 5X Build/MMB29P) AppleWebKit/537.36 (KHTML, like Gecko) Chrome/137.0.7151.119 Mobile Safari/537.36 (compatible; Googlebot/2.1; +http://www.google.com/bot.html)"
66.249.73.163 - - [15/Jul/2025:17:19:20 +0000] "POST /get-message-notify HTTP/1.1" 200 40162 "https://muzza.fit/pcmypage/" "Mozilla/5.0 (Linux; Android 6.0.1; Nexus 5X Build/MMB29P) AppleWebKit/537.36 (KHTML, like Gecko) Chrome/137.0.7151.119 Mobile Safari/537.36 (compatible; Googlebot/2.1; +http://www.google.com/bot.html)"
66.249.73.163 - - [15/Jul/2025:17:19:26 +0000] "GET /search?category=409&search_word= HTTP/1.1" 200 40724 "-" "Mozilla/5.0 (Linux; Android 6.0.1; Nexus 5X Build/MMB29P) AppleWebKit/537.36 (KHTML, like Gecko) Chrome/137.0.7151.103 Mobile Safari/537.36 (compatible; Googlebot/2.1; +http://www.google.com/bot.html)"
66.249.73.163 - - [15/Jul/2025:17:19:32 +0000] "GET /search?category=1018&search_word= HTTP/1.1" 200 40758 "-" "Mozilla/5.0 (Linux; Android 6.0.1; Nexus 5X Build/MMB29P) AppleWebKit/537.36 (KHTML, like Gecko) Chrome/137.0.7151.103 Mobile Safari/537.36 (compatible; Googlebot/2.1; +http://www.google.com/bot.html)"
66.249.73.163 - - [15/Jul/2025:17:19:38 +0000] "GET /search?category=302&search_word= HTTP/1.1" 200 40719 "-" "Mozilla/5.0 (Linux; Android 6.0.1; Nexus 5X Build/MMB29P) AppleWebKit/537.36 (KHTML, like Gecko) Chrome/137.0.7151.103 Mobile Safari/537.36 (compatible; Googlebot/2.1; +http://www.google.com/bot.html)"
66.249.73.164 - - [15/Jul/2025:17:20:26 +0000] "GET /wp-content/uploads/2018/09/gods-gym-1-150x150.png HTTP/1.1" 200 5709 "-" "Googlebot-Image/1.0"
87.250.224.112 - - [15/Jul/2025:17:23:16 +0000] "GET /robots.txt HTTP/1.1" 200 273 "-" "Mozilla/5.0 (compatible; YandexBot/3.0; +http://yandex.com/bots)"
66.249.73.165 - - [15/Jul/2025:17:23:23 +0000] "GET /p/inves51038324?id=1054582 HTTP/1.1" 200 40139 "-" "Mozilla/5.0 (Linux; Android 6.0.1; Nexus 5X Build/MMB29P) AppleWebKit/537.36 (KHTML, like Gecko) Chrome/137.0.7151.103 Mobile Safari/537.36 (compatible; Googlebot/2.1; +http://www.google.com/bot.html)"
66.249.73.164 - - [15/Jul/2025:17:23:27 +0000] "GET /p/harm20797921?id=814179 HTTP/1.1" 200 40088 "-" "Mozilla/5.0 (Linux; Android 6.0.1; Nexus 5X Build/MMB29P) AppleWebKit/537.36 (KHTML, like Gecko) Chrome/137.0.7151.103 Mobile Safari/537.36 (compatible; Googlebot/2.1; +http://www.google.com/bot.html)"
66.249.73.163 - - [15/Jul/2025:17:23:34 +0000] "GET /p/crowd10129712?id=145970 HTTP/1.1" 200 40301 "-" "Mozilla/5.0 (Linux; Android 6.0.1; Nexus 5X Build/MMB29P) AppleWebKit/537.36 (KHTML, like Gecko) Chrome/137.0.7151.103 Mobile Safari/537.36 (compatible; Googlebot/2.1; +http://www.google.com/bot.html)"
66.249.73.163 - - [15/Jul/2025:17:23:41 +0000] "GET /p/veto22059905?id=2076163 HTTP/1.1" 200 40336 "-" "Mozilla/5.0 (Linux; Android 6.0.1; Nexus 5X Build/MMB29P) AppleWebKit/537.36 (KHTML, like Gecko) Chrome/137.0.7151.103 Mobile Safari/537.36 (compatible; Googlebot/2.1; +http://www.google.com/bot.html)"
66.249.73.163 - - [15/Jul/2025:17:23:47 +0000] "GET /p/fatig60586261?id=602519 HTTP/1.1" 200 40350 "-" "Mozilla/5.0 (Linux; Android 6.0.1; Nexus 5X Build/MMB29P) AppleWebKit/537.36 (KHTML, like Gecko) Chrome/137.0.7151.103 Mobile Safari/537.36 (compatible; Googlebot/2.1; +http://www.google.com/bot.html)"
66.249.73.163 - - [15/Jul/2025:17:23:54 +0000] "GET /p/wild50893812?id=910070 HTTP/1.1" 200 40093 "-" "Mozilla/5.0 (Linux; Android 6.0.1; Nexus 5X Build/MMB29P) AppleWebKit/537.36 (KHTML, like Gecko) Chrome/137.0.7151.103 Mobile Safari/537.36 (compatible; Googlebot/2.1; +http://www.google.com/bot.html)"
66.249.73.165 - - [15/Jul/2025:17:24:01 +0000] "GET /p/mile12016776?id=2033034 HTTP/1.1" 200 40236 "-" "Mozilla/5.0 (Linux; Android 6.0.1; Nexus 5X Build/MMB29P) AppleWebKit/537.36 (KHTML, like Gecko) Chrome/137.0.7151.103 Mobile Safari/537.36 (compatible; Googlebot/2.1; +http://www.google.com/bot.html)"
66.249.73.164 - - [15/Jul/2025:17:24:08 +0000] "GET /p/lens51687612?id=1703870 HTTP/1.1" 200 40183 "-" "Mozilla/5.0 (Linux; Android 6.0.1; Nexus 5X Build/MMB29P) AppleWebKit/537.36 (KHTML, like Gecko) Chrome/137.0.7151.103 Mobile Safari/537.36 (compatible; Googlebot/2.1; +http://www.google.com/bot.html)"
66.249.73.163 - - [15/Jul/2025:17:24:20 +0000] "GET /p/deliv41574155?id=1590413 HTTP/1.1" 200 40064 "-" "Mozilla/5.0 (Linux; Android 6.0.1; Nexus 5X Build/MMB29P) AppleWebKit/537.36 (KHTML, like Gecko) Chrome/137.0.7151.103 Mobile Safari/537.36 (compatible; Googlebot/2.1; +http://www.google.com/bot.html)"
66.249.73.163 - - [15/Jul/2025:17:24:28 +0000] "GET /p/equip51369492?id=1385750 HTTP/1.1" 200 40260 "-" "Mozilla/5.0 (Linux; Android 6.0.1; Nexus 5X Build/MMB29P) AppleWebKit/537.36 (KHTML, like Gecko) Chrome/137.0.7151.103 Mobile Safari/537.36 (compatible; Googlebot/2.1; +http://www.google.com/bot.html)"
66.249.73.163 - - [15/Jul/2025:17:24:36 +0000] "GET /p/surre61242517?id=1258775 HTTP/1.1" 200 40105 "-" "Mozilla/5.0 (Linux; Android 6.0.1; Nexus 5X Build/MMB29P) AppleWebKit/537.36 (KHTML, like Gecko) Chrome/137.0.7151.103 Mobile Safari/537.36 (compatible; Googlebot/2.1; +http://www.google.com/bot.html)"
66.249.73.163 - - [15/Jul/2025:17:24:39 +0000] "GET /p/overl20866417?id=882675 HTTP/1.1" 200 39973 "-" "Mozilla/5.0 (Linux; Android 6.0.1; Nexus 5X Build/MMB29P) AppleWebKit/537.36 (KHTML, like Gecko) Chrome/137.0.7151.103 Mobile Safari/537.36 (compatible; Googlebot/2.1; +http://www.google.com/bot.html)"
66.249.73.163 - - [15/Jul/2025:17:24:43 +0000] "GET /p/maste51873300?id=1889558 HTTP/1.1" 200 40034 "-" "Mozilla/5.0 (Linux; Android 6.0.1; Nexus 5X Build/MMB29P) AppleWebKit/537.36 (KHTML, like Gecko) Chrome/137.0.7151.103 Mobile Safari/537.36 (compatible; Googlebot/2.1; +http://www.google.com/bot.html)"
66.249.73.163 - - [15/Jul/2025:17:24:49 +0000] "GET /p/ridic22191201?id=2207459 HTTP/1.1" 200 41328 "-" "Mozilla/5.0 (Linux; Android 6.0.1; Nexus 5X Build/MMB29P) AppleWebKit/537.36 (KHTML, like Gecko) Chrome/137.0.7151.103 Mobile Safari/537.36 (compatible; Googlebot/2.1; +http://www.google.com/bot.html)"
66.249.73.163 - - [15/Jul/2025:17:24:56 +0000] "GET /p/goal71988502?id=2004760 HTTP/1.1" 200 40736 "-" "Mozilla/5.0 (Linux; Android 6.0.1; Nexus 5X Build/MMB29P) AppleWebKit/537.36 (KHTML, like Gecko) Chrome/137.0.7151.103 Mobile Safari/537.36 (compatible; Googlebot/2.1; +http://www.google.com/bot.html)"
66.249.73.164 - - [15/Jul/2025:17:25:03 +0000] "GET /p/rabbi20564057?id=580315 HTTP/1.1" 200 40018 "-" "Mozilla/5.0 (Linux; Android 6.0.1; Nexus 5X Build/MMB29P) AppleWebKit/537.36 (KHTML, like Gecko) Chrome/137.0.7151.103 Mobile Safari/537.36 (compatible; Googlebot/2.1; +http://www.google.com/bot.html)"
66.249.73.164 - - [15/Jul/2025:17:25:09 +0000] "GET /p/buse80947919?id=964177 HTTP/1.1" 200 40102 "-" "Mozilla/5.0 (Linux; Android 6.0.1; Nexus 5X Build/MMB29P) AppleWebKit/537.36 (KHTML, like Gecko) Chrome/137.0.7151.103 Mobile Safari/537.36 (compatible; Googlebot/2.1; +http://www.google.com/bot.html)"
66.249.73.163 - - [15/Jul/2025:17:25:16 +0000] "GET /p/subst12502112?id=2518370 HTTP/1.1" 200 40054 "-" "Mozilla/5.0 (Linux; Android 6.0.1; Nexus 5X Build/MMB29P) AppleWebKit/537.36 (KHTML, like Gecko) Chrome/137.0.7151.103 Mobile Safari/537.36 (compatible; Googlebot/2.1; +http://www.google.com/bot.html)"
66.249.73.163 - - [15/Jul/2025:17:25:23 +0000] "GET /p/black40420067?id=436325 HTTP/1.1" 200 40014 "-" "Mozilla/5.0 (Linux; Android 6.0.1; Nexus 5X Build/MMB29P) AppleWebKit/537.36 (KHTML, like Gecko) Chrome/137.0.7151.103 Mobile Safari/537.36 (compatible; Googlebot/2.1; +http://www.google.com/bot.html)"
66.249.73.163 - - [15/Jul/2025:17:25:37 +0000] "GET /p/hat61989189?id=2005447 HTTP/1.1" 200 39961 "-" "Mozilla/5.0 (Linux; Android 6.0.1; Nexus 5X Build/MMB29P) AppleWebKit/537.36 (KHTML, like Gecko) Chrome/137.0.7151.103 Mobile Safari/537.36 (compatible; Googlebot/2.1; +http://www.google.com/bot.html)"
52.167.144.161 - - [15/Jul/2025:17:25:50 +0000] "GET /wp-content/uploads/2018/10/g13_00-1.jpg HTTP/1.1" 200 144722 "-" "Mozilla/5.0 AppleWebKit/537.36 (KHTML, like Gecko; compatible; bingbot/2.0; +http://www.bing.com/bingbot.htm) Chrome/116.0.1938.76 Safari/537.36"
66.249.73.165 - - [15/Jul/2025:17:27:09 +0000] "POST /get-message-notify HTTP/1.1" 200 39977 "https://muzza.fit/p/hat61989189?id=2005447" "Mozilla/5.0 (Linux; Android 6.0.1; Nexus 5X Build/MMB29P) AppleWebKit/537.36 (KHTML, like Gecko) Chrome/137.0.7151.119 Mobile Safari/537.36 (compatible; Googlebot/2.1; +http://www.google.com/bot.html)"
66.249.73.165 - - [15/Jul/2025:17:28:36 +0000] "POST /get-message-notify HTTP/1.1" 200 40152 "https://muzza.fit/p/harm20797921?id=814179" "Mozilla/5.0 (Linux; Android 6.0.1; Nexus 5X Build/MMB29P) AppleWebKit/537.36 (KHTML, like Gecko) Chrome/137.0.7151.119 Mobile Safari/537.36 (compatible; Googlebot/2.1; +http://www.google.com/bot.html)"
66.249.73.163 - - [15/Jul/2025:17:29:25 +0000] "GET / HTTP/1.1" 200 39879 "-" "Mozilla/5.0 (compatible; Googlebot/2.1; +http://www.google.com/bot.html)"
66.249.73.164 - - [15/Jul/2025:17:29:56 +0000] "POST /get-message-notify HTTP/1.1" 200 40002 "https://muzza.fit/search?category=1000&search_word=" "Mozilla/5.0 (Linux; Android 6.0.1; Nexus 5X Build/MMB29P) AppleWebKit/537.36 (KHTML, like Gecko) Chrome/137.0.7151.119 Mobile Safari/537.36 (compatible; Googlebot/2.1; +http://www.google.com/bot.html)"
45.227.253.15 - - [15/Jul/2025:17:31:31 +0000] "GET /index.php/jk HTTP/1.1" 200 59 "-" "Mozilla/5.0 (Windows NT 6.2; WOW64) AppleWebKit/535.24 (KHTML, like Gecko) Chrome/80.0.1055.1 Safari/535.24"
66.249.73.165 - - [15/Jul/2025:17:31:30 +0000] "POST /get-message-notify HTTP/1.1" 200 40102 "https://muzza.fit/search?category=415&search_word=" "Mozilla/5.0 (Linux; Android 6.0.1; Nexus 5X Build/MMB29P) AppleWebKit/537.36 (KHTML, like Gecko) Chrome/137.0.7151.119 Mobile Safari/537.36 (compatible; Googlebot/2.1; +http://www.google.com/bot.html)"
66.249.73.163 - - [15/Jul/2025:17:33:45 +0000] "GET /p/thin10773208?id=789466 HTTP/1.1" 200 39937 "-" "Mozilla/5.0 (Linux; Android 6.0.1; Nexus 5X Build/MMB29P) AppleWebKit/537.36 (KHTML, like Gecko) Chrome/137.0.7151.103 Mobile Safari/537.36 (compatible; Googlebot/2.1; +http://www.google.com/bot.html)"
66.249.73.163 - - [15/Jul/2025:17:33:48 +0000] "GET /p/teles32451234?id=2467492 HTTP/1.1" 200 40745 "-" "Mozilla/5.0 (Linux; Android 6.0.1; Nexus 5X Build/MMB29P) AppleWebKit/537.36 (KHTML, like Gecko) Chrome/137.0.7151.103 Mobile Safari/537.36 (compatible; Googlebot/2.1; +http://www.google.com/bot.html)"
66.249.73.164 - - [15/Jul/2025:17:35:02 +0000] "POST /get-message-notify HTTP/1.1" 200 40066 "https://muzza.fit/p/rabbi20564057?id=580315" "Mozilla/5.0 (Linux; Android 6.0.1; Nexus 5X Build/MMB29P) AppleWebKit/537.36 (KHTML, like Gecko) Chrome/137.0.7151.119 Mobile Safari/537.36 (compatible; Googlebot/2.1; +http://www.google.com/bot.html)"
209.74.77.214 - - [15/Jul/2025:17:44:24 +0000] "POST /wp-cron.php?doing_wp_cron=1752601464.2043359279632568359375 HTTP/1.1" 200 - "-" "WordPress/6.8.1; https://muzza.fit"
51.222.253.11 - - [15/Jul/2025:17:44:21 +0000] "GET /shop-2/shop-metro-boxed/page/2/ HTTP/1.1" 200 28681 "-" "Mozilla/5.0 (compatible; AhrefsBot/7.0; +http://ahrefs.com/robot/)"
209.74.77.214 - - [15/Jul/2025:17:54:58 +0000] "GET /wp-json/jetpack/v4/sync/spawn-sync?time=1752602098&request_lock_id=1752602098.8734 HTTP/1.1" 200 142 "-" "WordPress/6.8.1; https://muzza.fit"
209.74.77.214 - - [15/Jul/2025:17:54:59 +0000] "GET /wp-json/jetpack/v4/sync/spawn-sync?time=1752602099&request_lock_id=1752602099.8917 HTTP/1.1" 200 142 "-" "WordPress/6.8.1; https://muzza.fit"
209.74.77.214 - - [15/Jul/2025:17:55:52 +0000] "POST /wp-cron.php?doing_wp_cron=1752602152.6183218955993652343750 HTTP/1.1" 200 - "-" "WordPress/6.8.2; https://muzza.fit"
85.208.96.201 - - [15/Jul/2025:17:55:50 +0000] "GET /author/muzzafit/ HTTP/1.1" 200 32949 "-" "Mozilla/5.0 (compatible; SemrushBot/7~bl; +http://www.semrush.com/bot.html)"
209.74.77.214 - - [15/Jul/2025:17:56:07 +0000] "POST /wp-cron.php?doing_wp_cron=1752602167.5575480461120605468750 HTTP/1.1" 200 - "-" "WordPress/6.8.2; https://muzza.fit"
185.196.8.237 - - [15/Jul/2025:17:56:07 +0000] "GET / HTTP/1.1" 200 37839 "-" "Mozilla/5.0 (Windows NT 6.1; WOW64) AppleWebKit/537.36 (KHTML, like Gecko) Chrome/54.0.2840.99 Safari/537.36"
209.74.77.214 - - [15/Jul/2025:18:16:21 +0000] "POST /wp-cron.php?doing_wp_cron=1752603381.2216670513153076171875 HTTP/1.1" 200 - "-" "WordPress/6.8.2; https://muzza.fit"
51.222.253.7 - - [15/Jul/2025:18:16:18 +0000] "GET /product/big-beast/feed/ HTTP/1.1" 200 125 "-" "Mozilla/5.0 (compatible; AhrefsBot/7.0; +http://ahrefs.com/robot/)"
185.191.171.1 - - [15/Jul/2025:18:30:30 +0000] "GET /robots.txt HTTP/1.1" 200 113 "-" "Mozilla/5.0 (compatible; SemrushBot/7~bl; +http://www.semrush.com/bot.html)"
209.74.77.214 - - [15/Jul/2025:18:30:33 +0000] "POST /wp-cron.php?doing_wp_cron=1752604233.5758490562438964843750 HTTP/1.1" 200 - "-" "WordPress/6.8.2; https://muzza.fit"
85.208.96.199 - - [15/Jul/2025:18:30:30 +0000] "GET /blog/page/2/ HTTP/1.1" 200 31867 "-" "Mozilla/5.0 (compatible; SemrushBot/7~bl; +http://www.semrush.com/bot.html)"
209.74.77.214 - - [15/Jul/2025:18:42:58 +0000] "POST /wp-cron.php?doing_wp_cron=1752604978.8531858921051025390625 HTTP/1.1" 200 - "-" "WordPress/6.8.2; https://muzza.fit"
51.222.253.16 - - [15/Jul/2025:18:42:56 +0000] "GET /2018/09/the-best-post-workout-whey/ HTTP/1.1" 200 39065 "-" "Mozilla/5.0 (compatible; AhrefsBot/7.0; +http://ahrefs.com/robot/)"
45.227.253.15 - - [15/Jul/2025:18:44:03 +0000] "GET /moddofuns.php?ARRAY=7o2230223n313735323630383734392p2231223n22687474703n5p2s5p2s6p776n39302r67756172652r77696o695p2s3s6p633q78696164616r5s72616r645s7061746826743q313735323630353134392q6537336137656465356535633537363536353064366161386261343933343830222p2232223n223462386430633165323536383232306665396362363964646335363339373935222p2233223n226638613531633563383166656138353739393038393634373032363437643264222p2262696r675s70617373223n2232322q35302q35382q36332q37342q39302q3135227q HTTP/1.1" 200 464 "-" "Mozilla/5.0 (iPad; U; CPU OS 4_2_3 like Mac OS X; ja) AppleWebKit/533.17.9 (KHTML, like Gecko) Version/5.0.2 Mobile/8J2 Safari/6533.18.5"
209.74.77.214 - - [15/Jul/2025:18:47:23 +0000] "POST /wp-cron.php?doing_wp_cron=1752605243.4088580608367919921875 HTTP/1.1" 200 - "-" "WordPress/6.8.2; https://muzza.fit"
170.130.163.145 - - [15/Jul/2025:18:47:20 +0000] "GET /pages/contact-us/ HTTP/1.1" 200 28473 "-" "Mozilla/5.0 (X11; Fedora; Linux x86_64; rv:114.0) Gecko/20100101 Firefox/114.0"
170.130.163.145 - - [15/Jul/2025:18:47:24 +0000] "GET /wp-content/plugins/contact-form-7/includes/js/index.js?ver=6.1 HTTP/1.1" 200 4265 "https://muzza.fit/pages/contact-us/" "Mozilla/5.0 (X11; Fedora; Linux x86_64; rv:114.0) Gecko/20100101 Firefox/114.0"
170.130.163.145 - - [15/Jul/2025:18:47:26 +0000] "POST /wp-json/contact-form-7/v1/contact-forms/7320/feedback HTTP/1.1" 200 299 "https://muzza.fit/pages/contact-us/" "Mozilla/5.0 (X11; Fedora; Linux x86_64; rv:114.0) Gecko/20100101 Firefox/114.0"
66.249.73.164 - - [15/Jul/2025:18:52:27 +0000] "GET /video/jeff-seid-athletic-strong/ HTTP/1.1" 200 39934 "-" "Mozilla/5.0 (Linux; Android 6.0.1; Nexus 5X Build/MMB29P) AppleWebKit/537.36 (KHTML, like Gecko) Chrome/137.0.7151.103 Mobile Safari/537.36 (compatible; Googlebot/2.1; +http://www.google.com/bot.html)"
66.249.73.164 - - [15/Jul/2025:18:52:49 +0000] "POST /get-message-notify HTTP/1.1" 200 40071 "https://muzza.fit/video/jeff-seid-athletic-strong/" "Mozilla/5.0 (Linux; Android 6.0.1; Nexus 5X Build/MMB29P) AppleWebKit/537.36 (KHTML, like Gecko) Chrome/137.0.7151.119 Mobile Safari/537.36 (compatible; Googlebot/2.1; +http://www.google.com/bot.html)"
209.74.77.214 - - [15/Jul/2025:19:18:13 +0000] "POST /wp-cron.php?doing_wp_cron=1752607093.1945350170135498046875 HTTP/1.1" 200 - "-" "WordPress/6.8.2; https://muzza.fit"
77.90.153.237 - - [15/Jul/2025:19:18:10 +0000] "POST /wp-login.php?action=register HTTP/1.1" 200 508 "-" "-"
209.74.77.214 - - [15/Jul/2025:19:29:16 +0000] "POST /wp-cron.php?doing_wp_cron=1752607756.5551319122314453125000 HTTP/1.1" 200 - "-" "WordPress/6.8.2; https://muzza.fit"
209.141.55.27 - - [15/Jul/2025:19:29:13 +0000] "GET /wp-login.php HTTP/1.1" 200 7487 "-" "Mozilla/5.0 (X11; Linux x86_64) AppleWebKit/537.36 (KHTML, like Gecko) Chrome/36.0.1985.125 Safari/537.36"
209.74.77.214 - - [15/Jul/2025:19:31:01 +0000] "POST /wp-cron.php?doing_wp_cron=1752607861.4233460426330566406250 HTTP/1.1" 200 - "-" "WordPress/6.8.2; https://muzza.fit"
209.141.55.27 - - [15/Jul/2025:19:30:58 +0000] "POST /wp-login.php HTTP/1.1" 200 7505 "-" "Mozilla/5.0 (X11; Linux x86_64) AppleWebKit/537.36 (KHTML, like Gecko) Chrome/36.0.1985.125 Safari/537.36"
44.195.50.71 - - [15/Jul/2025:20:04:58 +0000] "GET /robots.txt HTTP/1.1" 200 113 "-" "Mozilla/5.0 AppleWebKit/537.36 (KHTML, like Gecko; compatible; Amazonbot/0.1; +https://developer.amazon.com/support/amazonbot) Chrome/119.0.6045.214 Safari/537.36"
209.74.77.214 - - [15/Jul/2025:20:05:02 +0000] "POST /wp-cron.php?doing_wp_cron=1752609902.7525510787963867187500 HTTP/1.1" 200 - "-" "WordPress/6.8.2; https://muzza.fit"
54.167.32.123 - - [15/Jul/2025:20:04:58 +0000] "GET /pages/maintenance/ HTTP/1.1" 200 22696 "-" "Mozilla/5.0 AppleWebKit/537.36 (KHTML, like Gecko; compatible; Amazonbot/0.1; +https://developer.amazon.com/support/amazonbot) Chrome/119.0.6045.214 Safari/537.36"
209.74.77.214 - - [15/Jul/2025:20:05:29 +0000] "POST /wp-cron.php?doing_wp_cron=1752609929.8346910476684570312500 HTTP/1.1" 200 - "-" "WordPress/6.8.2; https://muzza.fit"
51.222.253.4 - - [15/Jul/2025:20:05:29 +0000] "GET /timetable/tag/cardio/feed/ HTTP/1.1" 200 125 "-" "Mozilla/5.0 (compatible; AhrefsBot/7.0; +http://ahrefs.com/robot/)"
85.208.96.198 - - [15/Jul/2025:20:10:35 +0000] "GET /robots.txt HTTP/1.1" 200 113 "-" "Mozilla/5.0 (compatible; SemrushBot/7~bl; +http://www.semrush.com/bot.html)"
209.74.77.214 - - [15/Jul/2025:20:10:38 +0000] "POST /wp-cron.php?doing_wp_cron=1752610238.4659678936004638671875 HTTP/1.1" 200 - "-" "WordPress/6.8.2; https://muzza.fit"
185.191.171.19 - - [15/Jul/2025:20:10:36 +0000] "GET /shop-2/shop-4-columns-wide/ HTTP/1.1" 200 30448 "-" "Mozilla/5.0 (compatible; SemrushBot/7~bl; +http://www.semrush.com/bot.html)"
209.74.77.214 - - [15/Jul/2025:20:28:33 +0000] "POST /wp-cron.php?doing_wp_cron=1752611313.8155250549316406250000 HTTP/1.1" 200 - "-" "WordPress/6.8.2; https://muzza.fit"
51.222.253.11 - - [15/Jul/2025:20:28:31 +0000] "GET /blog/page/2/ HTTP/1.1" 200 31868 "-" "Mozilla/5.0 (compatible; AhrefsBot/7.0; +http://ahrefs.com/robot/)"
51.222.253.19 - - [15/Jul/2025:20:28:49 +0000] "GET /wp-includes/js/mediaelement/mediaelement-migrate.min.js?ver=6.8.2 HTTP/1.1" 200 540 "-" "Mozilla/5.0 (compatible; AhrefsBot/7.0; +http://ahrefs.com/robot/)"
51.222.253.14 - - [15/Jul/2025:20:28:50 +0000] "GET /wp-includes/css/dashicons.min.css?ver=6.8.2 HTTP/1.1" 200 35730 "-" "Mozilla/5.0 (compatible; AhrefsBot/7.0; +http://ahrefs.com/robot/)"
51.222.253.8 - - [15/Jul/2025:20:28:51 +0000] "GET /wp-includes/js/wp-util.min.js?ver=6.8.2 HTTP/1.1" 200 756 "-" "Mozilla/5.0 (compatible; AhrefsBot/7.0; +http://ahrefs.com/robot/)"
51.222.253.14 - - [15/Jul/2025:20:28:52 +0000] "GET /wp-includes/js/mediaelement/wp-mediaelement.min.js?ver=6.8.2 HTTP/1.1" 200 538 "-" "Mozilla/5.0 (compatible; AhrefsBot/7.0; +http://ahrefs.com/robot/)"
51.222.253.16 - - [15/Jul/2025:20:28:53 +0000] "GET /wp-content/uploads/2018/09/victor-freitas-569958-unsplash-1-1024x682.jpg HTTP/1.1" 200 148902 "-" "Mozilla/5.0 (compatible; AhrefsBot/7.0; +http://ahrefs.com/robot/)"
51.222.253.17 - - [15/Jul/2025:20:28:55 +0000] "GET /wp-content/uploads/2017/02/autumn-goodman-242803-unsplash-1-1024x681.jpg HTTP/1.1" 200 81985 "-" "Mozilla/5.0 (compatible; AhrefsBot/7.0; +http://ahrefs.com/robot/)"
51.222.253.17 - - [15/Jul/2025:20:28:57 +0000] "GET /wp-content/uploads/2018/10/fooood-1-1024x1024.jpg HTTP/1.1" 200 162754 "-" "Mozilla/5.0 (compatible; AhrefsBot/7.0; +http://ahrefs.com/robot/)"
51.222.253.9 - - [15/Jul/2025:20:28:59 +0000] "GET /wp-content/uploads/2018/09/victor-freitas-572863-unsplash-1-1024x683.jpg HTTP/1.1" 200 96091 "-" "Mozilla/5.0 (compatible; AhrefsBot/7.0; +http://ahrefs.com/robot/)"
51.222.253.15 - - [15/Jul/2025:20:29:01 +0000] "GET /wp-includes/js/mediaelement/wp-mediaelement.min.css?ver=6.8.2 HTTP/1.1" 200 1156 "-" "Mozilla/5.0 (compatible; AhrefsBot/7.0; +http://ahrefs.com/robot/)"
209.74.77.214 - - [15/Jul/2025:20:36:33 +0000] "POST /wp-cron.php?doing_wp_cron=1752611793.0678548812866210937500 HTTP/1.1" 200 - "-" "WordPress/6.8.2; https://muzza.fit"
54.36.148.24 - - [15/Jul/2025:20:36:31 +0000] "GET / HTTP/1.1" 200 37843 "-" "Mozilla/5.0 (compatible; AhrefsBot/7.0; +http://ahrefs.com/robot/)"
209.74.77.214 - - [15/Jul/2025:20:40:21 +0000] "POST /wp-cron.php?doing_wp_cron=1752612021.2612719535827636718750 HTTP/1.1" 200 - "-" "WordPress/6.8.2; https://muzza.fit"
85.208.96.194 - - [15/Jul/2025:20:40:18 +0000] "GET /exercice/incline-dumbbell-press/ HTTP/1.1" 200 27923 "-" "Mozilla/5.0 (compatible; SemrushBot/7~bl; +http://www.semrush.com/bot.html)"
209.74.77.214 - - [15/Jul/2025:20:45:09 +0000] "POST /wp-cron.php?doing_wp_cron=1752612309.2136809825897216796875 HTTP/1.1" 200 - "-" "WordPress/6.8.2; https://muzza.fit"
85.208.96.197 - - [15/Jul/2025:20:45:06 +0000] "GET /programs/masonry/ HTTP/1.1" 200 29416 "-" "Mozilla/5.0 (compatible; SemrushBot/7~bl; +http://www.semrush.com/bot.html)"
209.74.77.214 - - [15/Jul/2025:20:46:43 +0000] "POST /wp-cron.php?doing_wp_cron=1752612403.5266180038452148437500 HTTP/1.1" 200 - "-" "WordPress/6.8.2; https://muzza.fit"
209.74.77.214 - - [15/Jul/2025:20:46:43 +0000] "POST /wp-cron.php?doing_wp_cron=1752612403.5266180038452148437500 HTTP/1.1" 200 - "-" "WordPress/6.8.2; https://muzza.fit"
119.8.51.11 - - [15/Jul/2025:20:46:42 +0000] "POST /xmlrpc.php HTTP/1.1" 200 911 "-" "Mozilla/5.0 (Windows NT 6.1; WOW64; rv:41.0) Gecko/20100101 Firefox/41.0"
101.201.66.155 - - [15/Jul/2025:20:46:41 +0000] "POST /xmlrpc.php HTTP/1.1" 200 911 "-" "Mozilla/5.0 (Windows NT 10.0; Win64; x64) AppleWebKit/537.36 (KHTML, like Gecko) Chrome/79.0.3945.88 Safari/537.36"
209.74.77.214 - - [15/Jul/2025:20:46:49 +0000] "POST /wp-cron.php?doing_wp_cron=1752612409.9352569580078125000000 HTTP/1.1" 200 - "-" "WordPress/6.8.2; https://muzza.fit"
115.245.68.130 - - [15/Jul/2025:20:46:49 +0000] "POST /xmlrpc.php HTTP/1.1" 200 911 "-" "Mozilla/5.0 (Windows NT 6.1; Win64; x64) AppleWebKit/537.36 (KHTML, like Gecko) Chrome/60.0.3112.90 Safari/537.36"
35.187.13.209 - - [15/Jul/2025:20:46:54 +0000] "POST /xmlrpc.php HTTP/1.1" 200 911 "-" "Mozilla/5.0 (Windows NT 10.0; Win64; x64) AppleWebKit/537.36 (KHTML, like Gecko) Chrome/88.0.4324.104 Safari/537.36"
209.74.77.214 - - [15/Jul/2025:20:47:08 +0000] "POST /wp-cron.php?doing_wp_cron=1752612428.1588649749755859375000 HTTP/1.1" 200 - "-" "WordPress/6.8.2; https://muzza.fit"
8.138.175.22 - - [15/Jul/2025:20:47:07 +0000] "POST /xmlrpc.php HTTP/1.1" 200 911 "-" "Mozilla/5.0 (Windows NT 6.1; rv:52.0) Gecko/20100101 Firefox/52.0"
198.54.114.36 - - [15/Jul/2025:20:47:11 +0000] "POST /xmlrpc.php HTTP/1.1" 200 911 "-" "Mozilla/5.0 (Windows NT 6.1; WOW64; rv:45.0) Gecko/20100101 Firefox/45.0"
220.158.233.180 - - [15/Jul/2025:20:47:13 +0000] "POST /xmlrpc.php HTTP/1.1" 200 911 "-" "Mozilla/5.0 (Windows NT 6.1; WOW64; rv:47.0) Gecko/20100101 Firefox/47.0"
115.245.68.130 - - [15/Jul/2025:20:47:18 +0000] "POST /xmlrpc.php HTTP/1.1" 200 911 "-" "Mozilla/5.0 (Windows NT 6.1; Win64; x64) AppleWebKit/537.36 (KHTML, like Gecko) Chrome/63.0.3239.132 Safari/537.36"
8.138.175.22 - - [15/Jul/2025:20:47:18 +0000] "POST /xmlrpc.php HTTP/1.1" 200 911 "-" "Mozilla/5.0 (Windows NT 10.0; Win64; x64; rv:62.0) Gecko/20100101 Firefox/62.0"
119.8.51.11 - - [15/Jul/2025:20:47:20 +0000] "POST /xmlrpc.php HTTP/1.1" 200 911 "-" "Mozilla/5.0 (Windows NT 6.1; WOW64; rv:42.0) Gecko/20100101 Firefox/42.0"
209.74.77.214 - - [15/Jul/2025:20:51:07 +0000] "POST /wp-cron.php?doing_wp_cron=1752612667.4408030509948730468750 HTTP/1.1" 200 - "-" "WordPress/6.8.2; https://muzza.fit"
51.222.253.14 - - [15/Jul/2025:20:51:05 +0000] "GET /product/crest-hoodie-yellow/ HTTP/1.1" 200 28307 "-" "Mozilla/5.0 (compatible; AhrefsBot/7.0; +http://ahrefs.com/robot/)"
51.222.253.13 - - [15/Jul/2025:20:51:28 +0000] "GET /wp-content/plugins/woocommerce/assets/js/photoswipe/photoswipe-ui-default.min.js?ver=4.1.1-wc.10.0.2 HTTP/1.1" 200 3674 "-" "Mozilla/5.0 (compatible; AhrefsBot/7.0; +http://ahrefs.com/robot/)"
51.222.253.5 - - [15/Jul/2025:20:51:29 +0000] "GET /wp-content/plugins/woocommerce/assets/css/photoswipe/default-skin/default-skin.min.css?ver=10.0.2 HTTP/1.1" 200 1952 "-" "Mozilla/5.0 (compatible; AhrefsBot/7.0; +http://ahrefs.com/robot/)"
51.222.253.4 - - [15/Jul/2025:20:51:30 +0000] "GET /wp-content/plugins/woocommerce/assets/client/blocks/coming-soon.css?ver=wc-10.0.2 HTTP/1.1" 200 650 "-" "Mozilla/5.0 (compatible; AhrefsBot/7.0; +http://ahrefs.com/robot/)"
51.222.253.2 - - [15/Jul/2025:20:51:32 +0000] "GET /wp-content/plugins/woocommerce/assets/js/zoom/jquery.zoom.min.js?ver=1.7.21-wc.10.0.2 HTTP/1.1" 200 1192 "-" "Mozilla/5.0 (compatible; AhrefsBot/7.0; +http://ahrefs.com/robot/)"
51.222.253.19 - - [15/Jul/2025:20:51:32 +0000] "GET /wp-content/plugins/woocommerce/assets/js/photoswipe/photoswipe.min.js?ver=4.1.1-wc.10.0.2 HTTP/1.1" 200 12042 "-" "Mozilla/5.0 (compatible; AhrefsBot/7.0; +http://ahrefs.com/robot/)"
51.222.253.9 - - [15/Jul/2025:20:51:34 +0000] "GET /wp-includes/js/comment-reply.min.js?ver=6.8.2 HTTP/1.1" 200 1375 "-" "Mozilla/5.0 (compatible; AhrefsBot/7.0; +http://ahrefs.com/robot/)"
51.222.253.5 - - [15/Jul/2025:20:51:35 +0000] "GET /wp-content/plugins/woocommerce/assets/css/photoswipe/photoswipe.min.css?ver=10.0.2 HTTP/1.1" 200 997 "-" "Mozilla/5.0 (compatible; AhrefsBot/7.0; +http://ahrefs.com/robot/)"
51.222.253.14 - - [15/Jul/2025:20:51:36 +0000] "GET /wp-content/plugins/woocommerce/assets/js/frontend/single-product.min.js?ver=10.0.2 HTTP/1.1" 200 2896 "-" "Mozilla/5.0 (compatible; AhrefsBot/7.0; +http://ahrefs.com/robot/)"
45.227.253.15 - - [15/Jul/2025:21:08:50 +0000] "GET /index.php/jk HTTP/1.1" 200 59 "-" "Mozilla/5.0 (Macintosh; Intel Mac OS X 10.11; rv:103.0) Gecko/20100101 Firefox/102.0"
185.191.171.6 - - [15/Jul/2025:21:11:02 +0000] "GET /robots.txt HTTP/1.1" 200 113 "-" "Mozilla/5.0 (compatible; SemrushBot/7~bl; +http://www.semrush.com/bot.html)"
209.74.77.214 - - [15/Jul/2025:21:11:05 +0000] "POST /wp-cron.php?doing_wp_cron=1752613865.8770020008087158203125 HTTP/1.1" 200 - "-" "WordPress/6.8.2; https://muzza.fit"
209.74.77.214 - - [15/Jul/2025:21:11:05 +0000] "POST /wp-cron.php?doing_wp_cron=1752613865.8771579265594482421875 HTTP/1.1" 200 - "-" "WordPress/6.8.2; https://muzza.fit"
51.222.253.3 - - [15/Jul/2025:21:11:04 +0000] "GET /product/construction-pullover/ HTTP/1.1" 200 28308 "-" "Mozilla/5.0 (compatible; AhrefsBot/7.0; +http://ahrefs.com/robot/)"
85.208.96.203 - - [15/Jul/2025:21:11:03 +0000] "GET /pages/ HTTP/1.1" 200 26533 "-" "Mozilla/5.0 (compatible; SemrushBot/7~bl; +http://www.semrush.com/bot.html)"
209.74.77.214 - - [15/Jul/2025:21:13:12 +0000] "POST /wp-cron.php?doing_wp_cron=1752613992.5922389030456542968750 HTTP/1.1" 200 - "-" "WordPress/6.8.2; https://muzza.fit"
52.0.105.244 - - [15/Jul/2025:21:13:10 +0000] "GET /timetable/event/body-pump/ HTTP/1.1" 200 28767 "-" "Mozilla/5.0 AppleWebKit/537.36 (KHTML, like Gecko; compatible; Amazonbot/0.1; +https://developer.amazon.com/support/amazonbot) Chrome/119.0.6045.214 Safari/537.36"
107.20.25.33 - - [15/Jul/2025:21:13:14 +0000] "GET /2017/02/the-golden-age-of-gains/ HTTP/1.1" 200 31890 "-" "Mozilla/5.0 AppleWebKit/537.36 (KHTML, like Gecko; compatible; Amazonbot/0.1; +https://developer.amazon.com/support/amazonbot) Chrome/119.0.6045.214 Safari/537.36"
66.249.73.163 - - [15/Jul/2025:21:14:18 +0000] "GET /tag/video/ HTTP/1.1" 200 40088 "-" "Mozilla/5.0 (Linux; Android 6.0.1; Nexus 5X Build/MMB29P) AppleWebKit/537.36 (KHTML, like Gecko) Chrome/137.0.7151.103 Mobile Safari/537.36 (compatible; Googlebot/2.1; +http://www.google.com/bot.html)"
209.74.77.214 - - [15/Jul/2025:21:29:01 +0000] "POST /wp-cron.php?doing_wp_cron=1752614941.3593850135803222656250 HTTP/1.1" 200 - "-" "WordPress/6.8.2; https://muzza.fit"
166.1.186.141 - - [15/Jul/2025:21:28:59 +0000] "GET /pages/contact-us/ HTTP/1.1" 200 28477 "-" "Mozilla/5.0 (X11; Fedora; Linux x86_64; rv:114.0) Gecko/20100101 Firefox/114.0"
166.1.186.141 - - [15/Jul/2025:21:29:03 +0000] "GET /wp-content/plugins/contact-form-7/includes/js/index.js?ver=6.1 HTTP/1.1" 200 4265 "https://muzza.fit/pages/contact-us/" "Mozilla/5.0 (X11; Fedora; Linux x86_64; rv:114.0) Gecko/20100101 Firefox/114.0"
166.1.186.141 - - [15/Jul/2025:21:29:03 +0000] "POST /wp-json/contact-form-7/v1/contact-forms/7320/feedback HTTP/1.1" 200 300 "https://muzza.fit/pages/contact-us/" "Mozilla/5.0 (X11; Fedora; Linux x86_64; rv:114.0) Gecko/20100101 Firefox/114.0"
209.74.77.214 - - [15/Jul/2025:21:45:04 +0000] "POST /wp-cron.php?doing_wp_cron=1752615904.3136260509490966796875 HTTP/1.1" 200 - "-" "WordPress/6.8.2; https://muzza.fit"
85.208.96.196 - - [15/Jul/2025:21:45:01 +0000] "GET /elements/banner/ HTTP/1.1" 200 26998 "-" "Mozilla/5.0 (compatible; SemrushBot/7~bl; +http://www.semrush.com/bot.html)"
209.74.77.214 - - [15/Jul/2025:22:05:28 +0000] "POST /wp-cron.php?doing_wp_cron=1752617128.8104050159454345703125 HTTP/1.1" 200 - "-" "WordPress/6.8.2; https://muzza.fit"
185.191.171.2 - - [15/Jul/2025:22:05:26 +0000] "GET /timetable/event/body-pump/ HTTP/1.1" 200 28766 "-" "Mozilla/5.0 (compatible; SemrushBot/7~bl; +http://www.semrush.com/bot.html)"
209.74.77.214 - - [15/Jul/2025:22:12:37 +0000] "POST /wp-cron.php?doing_wp_cron=1752617557.6758100986480712890625 HTTP/1.1" 200 - "-" "WordPress/6.8.2; https://muzza.fit"
52.167.144.170 - - [15/Jul/2025:22:12:35 +0000] "GET /classes/classes-grid/ HTTP/1.1" 200 29074 "-" "Mozilla/5.0 AppleWebKit/537.36 (KHTML, like Gecko; compatible; bingbot/2.0; +http://www.bing.com/bingbot.htm) Chrome/116.0.1938.76 Safari/537.36"
209.74.77.214 - - [15/Jul/2025:22:20:36 +0000] "POST /wp-cron.php?doing_wp_cron=1752618036.9535329341888427734375 HTTP/1.1" 200 - "-" "WordPress/6.8.2; https://muzza.fit"
205.185.120.235 - - [15/Jul/2025:22:20:34 +0000] "GET /wp-login.php HTTP/1.1" 200 7487 "-" "Mozilla/5.0 (Macintosh; Intel Mac OS X 10_8_5) AppleWebKit/537.36 (KHTML, like Gecko) Chrome/36.0.1985.125 Safari/537.36"
205.185.120.235 - - [15/Jul/2025:22:20:37 +0000] "POST /wp-login.php HTTP/1.1" 200 7505 "-" "Mozilla/5.0 (Macintosh; Intel Mac OS X 10_8_5) AppleWebKit/537.36 (KHTML, like Gecko) Chrome/36.0.1985.125 Safari/537.36"
45.227.253.15 - - [15/Jul/2025:22:26:35 +0000] "GET /moddofuns.php?ARRAY=7o2230223n313735323632323130312p2231223n22687474703n5p2s5p2s6p776n39302r67756172652r77696o695p2s3s6p633q78696164616r5s72616r645s7061746826743q313735323631383530312q6564333064626635343835626639323362656431613539313834316436333038222p2232223n223462386430633165323536383232306665396362363964646335363339373935222p2233223n226638613531633563383166656138353739393038393634373032363437643264222p2262696r675s70617373223n2232322q35302q35382q36332q37342q39302q3135227q HTTP/1.1" 200 449 "-" "Mozilla/5.0 (iPhone; CPU iPhone OS 13_6 like Mac OS X) AppleWebKit/605.1.15 (KHTML, like Gecko) Version/13.6 Mobile/15E148 Safari/604.1"
209.74.77.214 - - [15/Jul/2025:22:27:07 +0000] "POST /wp-cron.php?doing_wp_cron=1752618427.5270400047302246093750 HTTP/1.1" 200 - "-" "WordPress/6.8.2; https://muzza.fit"
198.98.53.3 - - [15/Jul/2025:22:27:05 +0000] "GET /wp-login.php HTTP/1.1" 200 7487 "-" "Mozilla/5.0 (Macintosh; Intel Mac OS X 10_9_4) AppleWebKit/537.77.4 (KHTML, like Gecko) Version/7.0.5 Safari/537.77.4"
198.98.53.3 - - [15/Jul/2025:22:27:09 +0000] "POST /wp-login.php HTTP/1.1" 200 7505 "-" "Mozilla/5.0 (Macintosh; Intel Mac OS X 10_9_4) AppleWebKit/537.77.4 (KHTML, like Gecko) Version/7.0.5 Safari/537.77.4"
85.208.96.211 - - [15/Jul/2025:22:42:34 +0000] "GET /robots.txt HTTP/1.1" 200 113 "-" "Mozilla/5.0 (compatible; SemrushBot/7~bl; +http://www.semrush.com/bot.html)"
209.74.77.214 - - [15/Jul/2025:22:42:38 +0000] "POST /wp-cron.php?doing_wp_cron=1752619357.9988720417022705078125 HTTP/1.1" 200 - "-" "WordPress/6.8.2; https://muzza.fit"
185.191.171.12 - - [15/Jul/2025:22:42:35 +0000] "GET /category/news/page/2/ HTTP/1.1" 200 30530 "-" "Mozilla/5.0 (compatible; SemrushBot/7~bl; +http://www.semrush.com/bot.html)"
51.222.253.4 - - [15/Jul/2025:22:49:42 +0000] "GET /wp-sitemap.xml HTTP/1.1" 200 200 "-" "Mozilla/5.0 (compatible; AhrefsBot/7.0; +http://ahrefs.com/robot/)"
51.222.253.4 - - [15/Jul/2025:22:49:46 +0000] "GET /sitemapa.xml HTTP/1.1" 200 14883 "-" "Mozilla/5.0 (compatible; AhrefsBot/7.0; +http://ahrefs.com/robot/)"
51.222.253.13 - - [15/Jul/2025:22:49:51 +0000] "GET /sitemapb.xml HTTP/1.1" 200 21358 "-" "Mozilla/5.0 (compatible; AhrefsBot/7.0; +http://ahrefs.com/robot/)"
51.222.253.13 - - [15/Jul/2025:22:49:55 +0000] "GET /sitemapc.xml HTTP/1.1" 200 14947 "-" "Mozilla/5.0 (compatible; AhrefsBot/7.0; +http://ahrefs.com/robot/)"
51.222.253.11 - - [15/Jul/2025:22:50:00 +0000] "GET /sitemapd.xml HTTP/1.1" 200 21394 "-" "Mozilla/5.0 (compatible; AhrefsBot/7.0; +http://ahrefs.com/robot/)"
51.222.253.14 - - [15/Jul/2025:22:50:05 +0000] "GET /sitemape.xml HTTP/1.1" 200 24165 "-" "Mozilla/5.0 (compatible; AhrefsBot/7.0; +http://ahrefs.com/robot/)"
51.222.253.6 - - [15/Jul/2025:22:50:10 +0000] "GET /sitemapf.xml HTTP/1.1" 200 21665 "-" "Mozilla/5.0 (compatible; AhrefsBot/7.0; +http://ahrefs.com/robot/)"
51.222.253.10 - - [15/Jul/2025:22:50:14 +0000] "GET /sitemapg.xml HTTP/1.1" 200 15513 "-" "Mozilla/5.0 (compatible; AhrefsBot/7.0; +http://ahrefs.com/robot/)"
51.222.253.10 - - [15/Jul/2025:22:50:21 +0000] "GET /sitemaph.xml HTTP/1.1" 200 14928 "-" "Mozilla/5.0 (compatible; AhrefsBot/7.0; +http://ahrefs.com/robot/)"
51.222.253.7 - - [15/Jul/2025:22:50:27 +0000] "GET /sitemapi.xml HTTP/1.1" 200 25955 "-" "Mozilla/5.0 (compatible; AhrefsBot/7.0; +http://ahrefs.com/robot/)"
51.222.253.13 - - [15/Jul/2025:22:50:33 +0000] "GET /sitemapj.xml HTTP/1.1" 200 22365 "-" "Mozilla/5.0 (compatible; AhrefsBot/7.0; +http://ahrefs.com/robot/)"
51.222.253.11 - - [15/Jul/2025:22:50:37 +0000] "GET /sitemapk.xml HTTP/1.1" 200 21913 "-" "Mozilla/5.0 (compatible; AhrefsBot/7.0; +http://ahrefs.com/robot/)"
51.222.253.7 - - [15/Jul/2025:22:50:42 +0000] "GET /sitemapl.xml HTTP/1.1" 200 16824 "-" "Mozilla/5.0 (compatible; AhrefsBot/7.0; +http://ahrefs.com/robot/)"
51.222.253.11 - - [15/Jul/2025:22:50:47 +0000] "GET /sitemapm.xml HTTP/1.1" 200 28246 "-" "Mozilla/5.0 (compatible; AhrefsBot/7.0; +http://ahrefs.com/robot/)"
51.222.253.4 - - [15/Jul/2025:22:50:52 +0000] "GET /sitemapn.xml HTTP/1.1" 200 24931 "-" "Mozilla/5.0 (compatible; AhrefsBot/7.0; +http://ahrefs.com/robot/)"
51.222.253.20 - - [15/Jul/2025:22:50:56 +0000] "GET /sitemapo.xml HTTP/1.1" 200 15915 "-" "Mozilla/5.0 (compatible; AhrefsBot/7.0; +http://ahrefs.com/robot/)"
209.74.77.214 - - [15/Jul/2025:22:53:12 +0000] "POST /wp-cron.php?doing_wp_cron=1752619992.1324989795684814453125 HTTP/1.1" 200 - "-" "WordPress/6.8.2; https://muzza.fit"
185.191.171.14 - - [15/Jul/2025:22:53:10 +0000] "GET /tag/status/ HTTP/1.1" 200 29478 "-" "Mozilla/5.0 (compatible; SemrushBot/7~bl; +http://www.semrush.com/bot.html)"
209.74.77.214 - - [15/Jul/2025:23:00:46 +0000] "POST /wp-cron.php?doing_wp_cron=1752620446.6899120807647705078125 HTTP/1.1" 200 - "-" "WordPress/6.8.2; https://muzza.fit"
51.222.253.9 - - [15/Jul/2025:23:00:44 +0000] "GET /shop-2/shop-4-columns/page/2/ HTTP/1.1" 200 29599 "-" "Mozilla/5.0 (compatible; AhrefsBot/7.0; +http://ahrefs.com/robot/)"
209.74.77.214 - - [15/Jul/2025:23:02:50 +0000] "POST /wp-cron.php?doing_wp_cron=1752620570.7418611049652099609375 HTTP/1.1" 200 - "-" "WordPress/6.8.2; https://muzza.fit"
40.77.167.78 - - [15/Jul/2025:23:02:48 +0000] "GET /work/strength-program/ HTTP/1.1" 200 29198 "-" "Mozilla/5.0 AppleWebKit/537.36 (KHTML, like Gecko; compatible; bingbot/2.0; +http://www.bing.com/bingbot.htm) Chrome/116.0.1938.76 Safari/537.36"
209.74.77.214 - - [15/Jul/2025:23:11:14 +0000] "POST /wp-cron.php?doing_wp_cron=1752621074.5475869178771972656250 HTTP/1.1" 200 - "-" "WordPress/6.8.2; https://muzza.fit"
51.222.253.11 - - [15/Jul/2025:23:11:10 +0000] "GET /main-home/videos-home/page/2/ HTTP/1.1" 200 32182 "-" "Mozilla/5.0 (compatible; AhrefsBot/7.0; +http://ahrefs.com/robot/)"
51.222.253.10 - - [15/Jul/2025:23:11:45 +0000] "GET /wp-content/uploads/2018/09/Sans-titre-1-1-1.jpg HTTP/1.1" 200 94453 "-" "Mozilla/5.0 (compatible; AhrefsBot/7.0; +http://ahrefs.com/robot/)"
51.222.253.4 - - [15/Jul/2025:23:11:47 +0000] "GET /wp-content/uploads/2018/09/maxresdefault-2-1-300x170.jpg HTTP/1.1" 200 11101 "-" "Mozilla/5.0 (compatible; AhrefsBot/7.0; +http://ahrefs.com/robot/)"
51.222.253.10 - - [15/Jul/2025:23:11:48 +0000] "GET /wp-content/uploads/2018/09/513666183_640-1-300x170.jpg HTTP/1.1" 200 6194 "-" "Mozilla/5.0 (compatible; AhrefsBot/7.0; +http://ahrefs.com/robot/)"
51.222.253.6 - - [15/Jul/2025:23:11:49 +0000] "GET /wp-content/uploads/2018/10/438328088_640-1-300x170.jpg HTTP/1.1" 200 8759 "-" "Mozilla/5.0 (compatible; AhrefsBot/7.0; +http://ahrefs.com/robot/)"
51.222.253.1 - - [15/Jul/2025:23:11:50 +0000] "GET /wp-content/uploads/2018/09/arnold-schwarzenegger_05efbcb572ab9c946f222f3353479a2a7eaeebb6-1-300x170.jpg HTTP/1.1" 200 7837 "-" "Mozilla/5.0 (compatible; AhrefsBot/7.0; +http://ahrefs.com/robot/)"
209.74.77.214 - - [15/Jul/2025:23:22:08 +0000] "POST /wp-cron.php?doing_wp_cron=1752621728.7521400451660156250000 HTTP/1.1" 200 - "-" "WordPress/6.8.2; https://muzza.fit"
51.222.253.15 - - [15/Jul/2025:23:22:06 +0000] "GET /feed/ HTTP/1.1" 200 12764 "-" "Mozilla/5.0 (compatible; AhrefsBot/7.0; +http://ahrefs.com/robot/)"
209.74.77.214 - - [15/Jul/2025:23:31:02 +0000] "POST /wp-cron.php?doing_wp_cron=1752622262.1146531105041503906250 HTTP/1.1" 200 - "-" "WordPress/6.8.2; https://muzza.fit"
51.222.253.6 - - [15/Jul/2025:23:30:58 +0000] "GET /product/peptopro/feed/ HTTP/1.1" 200 125 "-" "Mozilla/5.0 (compatible; AhrefsBot/7.0; +http://ahrefs.com/robot/)"
