Current File : /home/kelaby89/access-logs/onlycnc.com.au.sixpack.studio-ssl_log |
66.249.64.132 - - [13/Jul/2025:12:22:47 +0000] "GET /?f=5962751021490&mod=9cecbb6f&uri=shared.php%3Fid%3D199117-344%26name%3Dlumberjack+shoes+official+site HTTP/1.1" 200 21323 "-" "Mozilla/5.0 (Linux; Android 6.0.1; Nexus 5X Build/MMB29P) AppleWebKit/537.36 (KHTML, like Gecko) Chrome/137.0.7151.103 Mobile Safari/537.36 (compatible; Googlebot/2.1; +http://www.google.com/bot.html)"
66.249.64.128 - - [13/Jul/2025:12:24:58 +0000] "GET /?f=25331327041490&mod=169806bb&uri=article.php%3Fid%3D845463-70%26name%3Dbajaj+otg+1600+t HTTP/1.1" 200 22177 "-" "Mozilla/5.0 (Linux; Android 6.0.1; Nexus 5X Build/MMB29P) AppleWebKit/537.36 (KHTML, like Gecko) Chrome/137.0.7151.103 Mobile Safari/537.36 (compatible; Googlebot/2.1; +http://www.google.com/bot.html)"
66.249.64.132 - - [13/Jul/2025:12:25:44 +0000] "POST /get-message-notify HTTP/1.1" 200 21387 "https://onlycnc.com.au/?f=5962751021490&mod=9cecbb6f&uri=shared.php%3Fid%3D199117-344%26name%3Dlumberjack+shoes+official+site" "Mozilla/5.0 (Linux; Android 6.0.1; Nexus 5X Build/MMB29P) AppleWebKit/537.36 (KHTML, like Gecko) Chrome/137.0.7151.119 Mobile Safari/537.36 (compatible; Googlebot/2.1; +http://www.google.com/bot.html)"
66.249.64.129 - - [13/Jul/2025:12:29:02 +0000] "GET /?f=5656191031490&mod=ab33c4de&uri=info.php%3Fid%3D188860-308%26name%3Dsupreme+the+velvet+underground+nico+hooded+sweatshirt+multicolor HTTP/1.1" 200 21778 "-" "Mozilla/5.0 (Linux; Android 6.0.1; Nexus 5X Build/MMB29P) AppleWebKit/537.36 (KHTML, like Gecko) Chrome/137.0.7151.103 Mobile Safari/537.36 (compatible; Googlebot/2.1; +http://www.google.com/bot.html)"
66.249.64.132 - - [13/Jul/2025:12:29:21 +0000] "GET /?f=54349826021490&mod=0672911f&uri=us.php%3Fid%3D1813707-688%26name%3Dpuma+sneaker+cali+herren HTTP/1.1" 200 22592 "-" "Mozilla/5.0 (Linux; Android 6.0.1; Nexus 5X Build/MMB29P) AppleWebKit/537.36 (KHTML, like Gecko) Chrome/137.0.7151.103 Mobile Safari/537.36 (compatible; Googlebot/2.1; +http://www.google.com/bot.html)"
66.249.64.128 - - [13/Jul/2025:12:31:16 +0000] "GET /?f=31759184021490&mod=cdde45d6&uri=info.php%3Fid%3D1060009-1002%26name%3Dnew+england+patriots+shirts HTTP/1.1" 200 21430 "-" "Mozilla/5.0 (Linux; Android 6.0.1; Nexus 5X Build/MMB29P) AppleWebKit/537.36 (KHTML, like Gecko) Chrome/137.0.7151.103 Mobile Safari/537.36 (compatible; Googlebot/2.1; +http://www.google.com/bot.html)"
66.249.64.132 - - [13/Jul/2025:12:31:53 +0000] "GET /?f=89217844031490&mod=66820f8c&uri=us.php%3Fid%3D2977339-524%26name%3Dskechers+marcelo+topel HTTP/1.1" 200 21725 "-" "Mozilla/5.0 (Linux; Android 6.0.1; Nexus 5X Build/MMB29P) AppleWebKit/537.36 (KHTML, like Gecko) Chrome/137.0.7151.103 Mobile Safari/537.36 (compatible; Googlebot/2.1; +http://www.google.com/bot.html)"
66.249.64.132 - - [13/Jul/2025:12:33:44 +0000] "GET /?f=25212338021490&mod=f498db80&uri=info.php%3Fid%3D841491-878%26name%3Dhallie+coach+bag HTTP/1.1" 200 20873 "-" "Mozilla/5.0 (Linux; Android 6.0.1; Nexus 5X Build/MMB29P) AppleWebKit/537.36 (KHTML, like Gecko) Chrome/137.0.7151.103 Mobile Safari/537.36 (compatible; Googlebot/2.1; +http://www.google.com/bot.html)"
66.249.64.129 - - [13/Jul/2025:12:34:20 +0000] "GET /?f=5639252011490&mod=3f6ef69d&uri=brands.php%3Fid%3D188292-315%26name%3Dvostok+24+stunden+uhr HTTP/1.1" 200 21072 "-" "Mozilla/5.0 (Linux; Android 6.0.1; Nexus 5X Build/MMB29P) AppleWebKit/537.36 (KHTML, like Gecko) Chrome/137.0.7151.103 Mobile Safari/537.36 (compatible; Googlebot/2.1; +http://www.google.com/bot.html)"
66.249.64.132 - - [13/Jul/2025:12:35:51 +0000] "GET /?f=54306353071490&mod=77bea4fd&uri=info.php%3Fid%3D1812254-115%26name%3Dchemise+henley+homme HTTP/1.1" 200 20795 "-" "Mozilla/5.0 (Linux; Android 6.0.1; Nexus 5X Build/MMB29P) AppleWebKit/537.36 (KHTML, like Gecko) Chrome/137.0.7151.103 Mobile Safari/537.36 (compatible; Googlebot/2.1; +http://www.google.com/bot.html)"
66.249.64.128 - - [13/Jul/2025:12:36:09 +0000] "POST /get-message-notify HTTP/1.1" 200 21390 "https://onlycnc.com.au/?f=54306353071490&mod=77bea4fd&uri=info.php%3Fid%3D1812254-115%26name%3Dchemise+henley+homme" "Mozilla/5.0 (Linux; Android 6.0.1; Nexus 5X Build/MMB29P) AppleWebKit/537.36 (KHTML, like Gecko) Chrome/137.0.7151.119 Mobile Safari/537.36 (compatible; Googlebot/2.1; +http://www.google.com/bot.html)"
66.249.64.132 - - [13/Jul/2025:12:36:45 +0000] "GET /?f=22358514011490&mod=3f3c4c54&uri=shared.php%3Fid%3D746297-812%26name%3Dsatin+jacket+women%27s HTTP/1.1" 200 21803 "-" "Mozilla/5.0 (Linux; Android 6.0.1; Nexus 5X Build/MMB29P) AppleWebKit/537.36 (KHTML, like Gecko) Chrome/137.0.7151.103 Mobile Safari/537.36 (compatible; Googlebot/2.1; +http://www.google.com/bot.html)"
66.249.64.132 - - [13/Jul/2025:12:37:38 +0000] "GET /?f=31884855091490&mod=4367fac1&uri=shop.php%3Fid%3D1064202-287%26name%3Dzhiyun+weebill+s+iphone HTTP/1.1" 200 21805 "-" "Mozilla/5.0 (Linux; Android 6.0.1; Nexus 5X Build/MMB29P) AppleWebKit/537.36 (KHTML, like Gecko) Chrome/137.0.7151.103 Mobile Safari/537.36 (compatible; Googlebot/2.1; +http://www.google.com/bot.html)"
66.249.64.132 - - [13/Jul/2025:12:37:56 +0000] "GET /?f=31724774011490&mod=4680faf6&uri=brands.php%3Fid%3D1058862-1007%26name%3Dall+star+chameleon+1s HTTP/1.1" 200 20997 "-" "Mozilla/5.0 (Linux; Android 6.0.1; Nexus 5X Build/MMB29P) AppleWebKit/537.36 (KHTML, like Gecko) Chrome/137.0.7151.103 Mobile Safari/537.36 (compatible; Googlebot/2.1; +http://www.google.com/bot.html)"
66.249.64.132 - - [13/Jul/2025:12:38:13 +0000] "GET /?f=24116381041490&mod=7c2c48a3&uri=info.php%3Fid%3D804939-96%26name%3Dfitbit+with+body+temperature HTTP/1.1" 200 21947 "-" "Mozilla/5.0 (Linux; Android 6.0.1; Nexus 5X Build/MMB29P) AppleWebKit/537.36 (KHTML, like Gecko) Chrome/137.0.7151.103 Mobile Safari/537.36 (compatible; Googlebot/2.1; +http://www.google.com/bot.html)"
66.249.64.129 - - [13/Jul/2025:12:39:57 +0000] "GET /?f=31798694001490&mod=676207dd&uri=news.php%3Fid%3D1061326-454%26name%3Dlearning+house+fisher+price HTTP/1.1" 200 21544 "-" "Mozilla/5.0 (Linux; Android 6.0.1; Nexus 5X Build/MMB29P) AppleWebKit/537.36 (KHTML, like Gecko) Chrome/137.0.7151.103 Mobile Safari/537.36 (compatible; Googlebot/2.1; +http://www.google.com/bot.html)"
66.249.64.128 - - [13/Jul/2025:12:42:19 +0000] "GET /?f=54591483141490&mod=7d0337f9&uri=search.php%3Fid%3D1821771-1308%26name%3Dnew+stylish+watch+for+girl HTTP/1.1" 200 21769 "-" "Mozilla/5.0 (Linux; Android 6.0.1; Nexus 5X Build/MMB29P) AppleWebKit/537.36 (KHTML, like Gecko) Chrome/137.0.7151.103 Mobile Safari/537.36 (compatible; Googlebot/2.1; +http://www.google.com/bot.html)"
66.249.64.128 - - [13/Jul/2025:12:48:15 +0000] "GET /?f=25212518021490&mod=f498db80&uri=news.php%3Fid%3D841497-878%26name%3Drucksack+bag HTTP/1.1" 200 20867 "-" "Mozilla/5.0 (Linux; Android 6.0.1; Nexus 5X Build/MMB29P) AppleWebKit/537.36 (KHTML, like Gecko) Chrome/137.0.7151.103 Mobile Safari/537.36 (compatible; Googlebot/2.1; +http://www.google.com/bot.html)"
66.249.64.128 - - [13/Jul/2025:12:49:09 +0000] "POST /get-message-notify HTTP/1.1" 200 21379 "https://onlycnc.com.au/?f=25212518021490&mod=f498db80&uri=news.php%3Fid%3D841497-878%26name%3Drucksack+bag" "Mozilla/5.0 (Linux; Android 6.0.1; Nexus 5X Build/MMB29P) AppleWebKit/537.36 (KHTML, like Gecko) Chrome/137.0.7151.119 Mobile Safari/537.36 (compatible; Googlebot/2.1; +http://www.google.com/bot.html)"
209.74.77.214 - - [13/Jul/2025:12:50:33 +0000] "POST /wp-cron.php?doing_wp_cron=1752411033.8984351158142089843750 HTTP/1.1" 200 - "-" "WordPress/6.8.1; https://onlycnc.com.au"
51.222.253.2 - - [13/Jul/2025:12:50:32 +0000] "GET /?f=100852209041490&uri=dp.php%3Fid%3D3365711-1610%26name%3Dbsa%2016%20inch%20bicycle HTTP/1.1" 200 21189 "-" "Mozilla/5.0 (compatible; AhrefsBot/7.0; +http://ahrefs.com/robot/)"
66.249.64.129 - - [13/Jul/2025:12:54:31 +0000] "GET /?f=32321478001490&mod=254b0024&uri=category-info.php%3Fid%3D1078769-285%26name%3Dhosmer+jersey HTTP/1.1" 200 20827 "-" "Mozilla/5.0 (Linux; Android 6.0.1; Nexus 5X Build/MMB29P) AppleWebKit/537.36 (KHTML, like Gecko) Chrome/137.0.7151.103 Mobile Safari/537.36 (compatible; Googlebot/2.1; +http://www.google.com/bot.html)"
66.249.64.132 - - [13/Jul/2025:13:00:17 +0000] "GET /?f=5650711001490&mod=3f6ef69d&uri=shop.php%3Fid%3D188677-315%26name%3Duhr+royal+spencer HTTP/1.1" 200 20529 "-" "Mozilla/5.0 (Linux; Android 6.0.1; Nexus 5X Build/MMB29P) AppleWebKit/537.36 (KHTML, like Gecko) Chrome/137.0.7151.103 Mobile Safari/537.36 (compatible; Googlebot/2.1; +http://www.google.com/bot.html)"
66.249.64.128 - - [13/Jul/2025:13:00:35 +0000] "GET /?f=86461624041490&mod=f547c5e3&uri=form.php%3Fid%3D2885357-1532%26name%3Dciao+treats HTTP/1.1" 200 21419 "-" "Mozilla/5.0 (Linux; Android 6.0.1; Nexus 5X Build/MMB29P) AppleWebKit/537.36 (KHTML, like Gecko) Chrome/137.0.7151.103 Mobile Safari/537.36 (compatible; Googlebot/2.1; +http://www.google.com/bot.html)"
66.249.64.128 - - [13/Jul/2025:13:01:48 +0000] "GET /?f=31760444001490&mod=80ebd641&uri=news.php%3Fid%3D1060051-1003%26name%3Dkyrie+shoes+green HTTP/1.1" 200 21076 "-" "Mozilla/5.0 (Linux; Android 6.0.1; Nexus 5X Build/MMB29P) AppleWebKit/537.36 (KHTML, like Gecko) Chrome/137.0.7151.103 Mobile Safari/537.36 (compatible; Googlebot/2.1; +http://www.google.com/bot.html)"
66.249.64.129 - - [13/Jul/2025:13:02:13 +0000] "POST /get-message-notify HTTP/1.1" 200 21385 "https://onlycnc.com.au/?f=31760444001490&mod=80ebd641&uri=news.php%3Fid%3D1060051-1003%26name%3Dkyrie+shoes+green" "Mozilla/5.0 (Linux; Android 6.0.1; Nexus 5X Build/MMB29P) AppleWebKit/537.36 (KHTML, like Gecko) Chrome/137.0.7151.119 Mobile Safari/537.36 (compatible; Googlebot/2.1; +http://www.google.com/bot.html)"
66.249.64.129 - - [13/Jul/2025:13:06:17 +0000] "GET /?f=54336553001490&mod=0672911f&uri=goods.php%3Fid%3D1813263-688%26name%3Djordan+schuhe+release HTTP/1.1" 200 20926 "-" "Mozilla/5.0 (Linux; Android 6.0.1; Nexus 5X Build/MMB29P) AppleWebKit/537.36 (KHTML, like Gecko) Chrome/137.0.7151.103 Mobile Safari/537.36 (compatible; Googlebot/2.1; +http://www.google.com/bot.html)"
66.249.64.132 - - [13/Jul/2025:13:07:28 +0000] "GET /?f=6035994021490&mod=4308acc8&uri=us.php%3Fid%3D201563-347%26name%3Dsweat+100+coton+femme HTTP/1.1" 200 21289 "-" "Mozilla/5.0 (Linux; Android 6.0.1; Nexus 5X Build/MMB29P) AppleWebKit/537.36 (KHTML, like Gecko) Chrome/137.0.7151.103 Mobile Safari/537.36 (compatible; Googlebot/2.1; +http://www.google.com/bot.html)"
66.249.64.132 - - [13/Jul/2025:13:07:57 +0000] "GET /?f=5965451001490&mod=9cecbb6f&uri=brands.php%3Fid%3D199207-344%26name%3Dinch+sneakers HTTP/1.1" 200 21790 "-" "Mozilla/5.0 (Linux; Android 6.0.1; Nexus 5X Build/MMB29P) AppleWebKit/537.36 (KHTML, like Gecko) Chrome/137.0.7151.103 Mobile Safari/537.36 (compatible; Googlebot/2.1; +http://www.google.com/bot.html)"
66.249.64.132 - - [13/Jul/2025:13:08:25 +0000] "GET /?f=54638958011490&mod=261474eb&uri=blog.php%3Fid%3D1823354-434%26name%3Dmagnetic+type+c+fast+charger HTTP/1.1" 200 22416 "-" "Mozilla/5.0 (Linux; Android 6.0.1; Nexus 5X Build/MMB29P) AppleWebKit/537.36 (KHTML, like Gecko) Chrome/137.0.7151.103 Mobile Safari/537.36 (compatible; Googlebot/2.1; +http://www.google.com/bot.html)"
66.249.64.128 - - [13/Jul/2025:13:08:50 +0000] "GET /?f=24111117031490&mod=c292b3e9&uri=blog.php%3Fid%3D804763-91%26name%3Dtrek+5200+usps HTTP/1.1" 200 22221 "-" "Mozilla/5.0 (Linux; Android 6.0.1; Nexus 5X Build/MMB29P) AppleWebKit/537.36 (KHTML, like Gecko) Chrome/137.0.7151.103 Mobile Safari/537.36 (compatible; Googlebot/2.1; +http://www.google.com/bot.html)"
66.249.64.128 - - [13/Jul/2025:13:09:32 +0000] "GET /?f=54207058051490&mod=e24a7e4c&uri=goods.php%3Fid%3D1808940-310%26name%3Damd+catalyst+legacy+driver+64+bit+download HTTP/1.1" 200 21480 "-" "Mozilla/5.0 (Linux; Android 6.0.1; Nexus 5X Build/MMB29P) AppleWebKit/537.36 (KHTML, like Gecko) Chrome/137.0.7151.103 Mobile Safari/537.36 (compatible; Googlebot/2.1; +http://www.google.com/bot.html)"
66.249.64.129 - - [13/Jul/2025:13:10:44 +0000] "GET /?f=32147904071490&mod=28fda3e1&uri=category-info.php%3Fid%3D1072982-102%26name%3Dapple+watch+cost HTTP/1.1" 200 21763 "-" "Mozilla/5.0 (Linux; Android 6.0.1; Nexus 5X Build/MMB29P) AppleWebKit/537.36 (KHTML, like Gecko) Chrome/137.0.7151.103 Mobile Safari/537.36 (compatible; Googlebot/2.1; +http://www.google.com/bot.html)"
66.249.64.128 - - [13/Jul/2025:13:12:30 +0000] "GET /?f=31814025071490&mod=5fb0c358&uri=products.php%3Fid%3D1061838-165%26name%3Dnavy+blue+ladies+parka HTTP/1.1" 200 22136 "-" "Mozilla/5.0 (Linux; Android 6.0.1; Nexus 5X Build/MMB29P) AppleWebKit/537.36 (KHTML, like Gecko) Chrome/137.0.7151.103 Mobile Safari/537.36 (compatible; Googlebot/2.1; +http://www.google.com/bot.html)"
66.249.64.128 - - [13/Jul/2025:13:12:48 +0000] "GET /?f=5959601071490&mod=9cecbb6f&uri=category-info.php%3Fid%3D199012-344%26name%3Dchurch%27s+shoes+usa HTTP/1.1" 200 21153 "-" "Mozilla/5.0 (Linux; Android 6.0.1; Nexus 5X Build/MMB29P) AppleWebKit/537.36 (KHTML, like Gecko) Chrome/137.0.7151.103 Mobile Safari/537.36 (compatible; Googlebot/2.1; +http://www.google.com/bot.html)"
66.249.64.128 - - [13/Jul/2025:13:13:22 +0000] "GET /?f=32035547011490&mod=5ce31978&uri=search.php%3Fid%3D1069228-380%26name%3Dthe+nearest+petco+store HTTP/1.1" 200 21160 "-" "Mozilla/5.0 (Linux; Android 6.0.1; Nexus 5X Build/MMB29P) AppleWebKit/537.36 (KHTML, like Gecko) Chrome/137.0.7151.103 Mobile Safari/537.36 (compatible; Googlebot/2.1; +http://www.google.com/bot.html)"
66.249.64.132 - - [13/Jul/2025:13:13:57 +0000] "GET /?f=5963831021490&mod=9cecbb6f&uri=category-info.php%3Fid%3D199153-344%26name%3Dmaroon+nike+tempo+shorts HTTP/1.1" 200 22051 "-" "Mozilla/5.0 (Linux; Android 6.0.1; Nexus 5X Build/MMB29P) AppleWebKit/537.36 (KHTML, like Gecko) Chrome/137.0.7151.103 Mobile Safari/537.36 (compatible; Googlebot/2.1; +http://www.google.com/bot.html)"
66.249.64.132 - - [13/Jul/2025:13:15:20 +0000] "GET /?f=5961131031490&mod=9cecbb6f&uri=us.php%3Fid%3D199063-344%26name%3Dwomen%27s+nike+elevate+shorts HTTP/1.1" 200 22281 "-" "Mozilla/5.0 (Linux; Android 6.0.1; Nexus 5X Build/MMB29P) AppleWebKit/537.36 (KHTML, like Gecko) Chrome/137.0.7151.103 Mobile Safari/537.36 (compatible; Googlebot/2.1; +http://www.google.com/bot.html)"
66.249.64.132 - - [13/Jul/2025:13:21:25 +0000] "GET /?f=5616814001490&mod=b4aaa9db&uri=product.php%3Fid%3D187534-332%26name%3Dmor+lover+mast+aaye HTTP/1.1" 200 21988 "-" "Mozilla/5.0 (Linux; Android 6.0.1; Nexus 5X Build/MMB29P) AppleWebKit/537.36 (KHTML, like Gecko) Chrome/137.0.7151.103 Mobile Safari/537.36 (compatible; Googlebot/2.1; +http://www.google.com/bot.html)"
66.249.64.128 - - [13/Jul/2025:13:22:38 +0000] "POST /get-message-notify HTTP/1.1" 200 21392 "https://onlycnc.com.au/?f=5616814001490&mod=b4aaa9db&uri=product.php%3Fid%3D187534-332%26name%3Dmor+lover+mast+aaye" "Mozilla/5.0 (Linux; Android 6.0.1; Nexus 5X Build/MMB29P) AppleWebKit/537.36 (KHTML, like Gecko) Chrome/137.0.7151.119 Mobile Safari/537.36 (compatible; Googlebot/2.1; +http://www.google.com/bot.html)"
66.249.64.132 - - [13/Jul/2025:13:31:59 +0000] "GET /?f=25233581051490&mod=c4caeed3&uri=products.php%3Fid%3D842200-235%26name%3Disland+friese+derbe HTTP/1.1" 200 22286 "-" "Mozilla/5.0 (Linux; Android 6.0.1; Nexus 5X Build/MMB29P) AppleWebKit/537.36 (KHTML, like Gecko) Chrome/137.0.7151.103 Mobile Safari/537.36 (compatible; Googlebot/2.1; +http://www.google.com/bot.html)"
66.249.64.129 - - [13/Jul/2025:13:36:00 +0000] "GET /?f=5959331031490&mod=9cecbb6f&uri=dp.php%3Fid%3D199003-344%26name%3Dwomen+in+compression+shorts HTTP/1.1" 200 22176 "-" "Mozilla/5.0 (Linux; Android 6.0.1; Nexus 5X Build/MMB29P) AppleWebKit/537.36 (KHTML, like Gecko) Chrome/137.0.7151.103 Mobile Safari/537.36 (compatible; Googlebot/2.1; +http://www.google.com/bot.html)"
66.249.64.128 - - [13/Jul/2025:13:39:58 +0000] "GET /?f=25695331071490&mod=45508c3f&uri=info.php%3Fid%3D857602-882%26name%3Damd+1600 HTTP/1.1" 200 20440 "-" "Mozilla/5.0 (Linux; Android 6.0.1; Nexus 5X Build/MMB29P) AppleWebKit/537.36 (KHTML, like Gecko) Chrome/137.0.7151.103 Mobile Safari/537.36 (compatible; Googlebot/2.1; +http://www.google.com/bot.html)"
209.74.77.214 - - [13/Jul/2025:13:41:56 +0000] "POST /wp-cron.php?doing_wp_cron=1752414116.5150160789489746093750 HTTP/1.1" 200 - "-" "WordPress/6.8.1; https://onlycnc.com.au"
66.249.64.128 - - [13/Jul/2025:13:41:55 +0000] "GET /?f=31885875041490&mod=4367fac1&uri=article.php%3Fid%3D1064236-287%26name%3Dsony+e+mount+to+fuji+x+mount+adapter HTTP/1.1" 301 - "-" "Mozilla/5.0 (Linux; Android 6.0.1; Nexus 5X Build/MMB29P) AppleWebKit/537.36 (KHTML, like Gecko) Chrome/137.0.7151.103 Mobile Safari/537.36 (compatible; GoogleOther)"
66.249.64.128 - - [13/Jul/2025:13:45:02 +0000] "GET /?f=31885875041490&mod=4367fac1&uri=article.php%3Fid%3D1064236-287%26name%3Dsony%20e%20mount%20to%20fuji%20x%20mount%20adapter HTTP/1.1" 200 21189 "-" "Mozilla/5.0 (Linux; Android 6.0.1; Nexus 5X Build/MMB29P) AppleWebKit/537.36 (KHTML, like Gecko) Chrome/137.0.7151.103 Mobile Safari/537.36 (compatible; GoogleOther)"
66.249.64.132 - - [13/Jul/2025:13:45:21 +0000] "GET /wp-content/plugins/gutenverse-form/lib/framework/assets/js/corefrontend.js?ver=2.0.7 HTTP/1.1" 200 41792 "https://onlycnc.com.au/?f=31885875041490&mod=4367fac1&uri=article.php%3Fid%3D1064236-287%26name%3Dsony%20e%20mount%20to%20fuji%20x%20mount%20adapter" "Mozilla/5.0 (Linux; Android 6.0.1; Nexus 5X Build/MMB29P) AppleWebKit/537.36 (KHTML, like Gecko) Chrome/137.0.7151.119 Mobile Safari/537.36 (compatible; Googlebot/2.1; +http://www.google.com/bot.html)"
23.90.179.120 - - [13/Jul/2025:13:54:44 +0000] "GET /?f=5729706021490&mod=../&uri=products.php%3Fid%3D191341-334%26name%3Dbigg+boss+13+feb HTTP/1.1" 200 194 "https://www.google.com/" "Mozilla/5.0 (Macintosh; Intel Mac OS X 10.9; rv:89.0) Gecko/20100101 Firefox/89.0"
23.90.179.120 - - [13/Jul/2025:13:54:45 +0000] "GET /?f=5729706021490&mod=06524331&uri=../ HTTP/1.1" 301 - "https://onlycnc.com.au/?f=5729706021490&mod=../&uri=products.php%3Fid%3D191341-334%26name%3Dbigg+boss+13+feb" "Mozilla/5.0 (Macintosh; Intel Mac OS X 10.9; rv:89.0) Gecko/20100101 Firefox/89.0"
23.90.179.120 - - [13/Jul/2025:13:54:46 +0000] "GET /?f=5729706021490&mod=06524331&uri=..%2F HTTP/1.1" 200 21189 "https://onlycnc.com.au/?f=5729706021490&mod=../&uri=products.php%3Fid%3D191341-334%26name%3Dbigg+boss+13+feb" "Mozilla/5.0 (Macintosh; Intel Mac OS X 10.9; rv:89.0) Gecko/20100101 Firefox/89.0"
23.90.179.120 - - [13/Jul/2025:13:55:35 +0000] "GET /?f=../&mod=06524331&uri=products.php%3Fid%3D191341-334%26name%3Dbigg+boss+13+feb HTTP/1.1" 301 - "https://www.google.com/" "Mozilla/5.0 (Macintosh; Intel Mac OS X 10.11; rv:60.0) Gecko/20100101 Firefox/60.0"
23.90.179.120 - - [13/Jul/2025:13:55:36 +0000] "GET /?f=..%2F&mod=06524331&uri=products.php%3Fid%3D191341-334%26name%3Dbigg%20boss%2013%20feb HTTP/1.1" 200 21189 "https://www.google.com/" "Mozilla/5.0 (Macintosh; Intel Mac OS X 10.11; rv:60.0) Gecko/20100101 Firefox/60.0"
23.90.179.120 - - [13/Jul/2025:13:55:37 +0000] "GET /?f=5729706021490&mod=../&uri=products.php%3Fid%3D191341-334%26name%3Dbigg+boss+13+feb HTTP/1.1" 301 - "https://onlycnc.com.au/?f=../&mod=06524331&uri=products.php%3Fid%3D191341-334%26name%3Dbigg+boss+13+feb" "Mozilla/5.0 (Macintosh; Intel Mac OS X 10.11; rv:60.0) Gecko/20100101 Firefox/60.0"
23.90.179.120 - - [13/Jul/2025:13:55:38 +0000] "GET /?f=5729706021490&mod=..%2F&uri=products.php%3Fid%3D191341-334%26name%3Dbigg%20boss%2013%20feb HTTP/1.1" 200 21189 "https://onlycnc.com.au/?f=../&mod=06524331&uri=products.php%3Fid%3D191341-334%26name%3Dbigg+boss+13+feb" "Mozilla/5.0 (Macintosh; Intel Mac OS X 10.11; rv:60.0) Gecko/20100101 Firefox/60.0"
23.90.179.120 - - [13/Jul/2025:13:55:38 +0000] "GET /?f=5729706021490&mod=06524331&uri=../ HTTP/1.1" 301 - "https://onlycnc.com.au/?f=5729706021490&mod=../&uri=products.php%3Fid%3D191341-334%26name%3Dbigg+boss+13+feb" "Mozilla/5.0 (Macintosh; Intel Mac OS X 10.11; rv:60.0) Gecko/20100101 Firefox/60.0"
23.90.179.120 - - [13/Jul/2025:13:55:38 +0000] "GET /?f=5729706021490&mod=06524331&uri=..%2F HTTP/1.1" 200 21189 "https://onlycnc.com.au/?f=5729706021490&mod=../&uri=products.php%3Fid%3D191341-334%26name%3Dbigg+boss+13+feb" "Mozilla/5.0 (Macintosh; Intel Mac OS X 10.11; rv:60.0) Gecko/20100101 Firefox/60.0"
209.74.77.214 - - [13/Jul/2025:13:57:43 +0000] "POST /wp-cron.php?doing_wp_cron=1752415063.0564610958099365234375 HTTP/1.1" 200 - "-" "WordPress/6.8.1; https://onlycnc.com.au"
23.90.179.120 - - [13/Jul/2025:13:57:41 +0000] "GET /?f=../&mod=06524331&uri=products.php%3Fid%3D191341-334%26name%3Dbigg+boss+13+feb HTTP/1.1" 301 - "https://www.google.com/" "Mozilla/5.0 (Windows NT 10.0; Win64; x64; rv:90.0) Gecko/20100101 Firefox/90.0"
23.90.179.120 - - [13/Jul/2025:13:57:43 +0000] "GET /?f=..%2F&mod=06524331&uri=products.php%3Fid%3D191341-334%26name%3Dbigg%20boss%2013%20feb HTTP/1.1" 200 21189 "https://www.google.com/" "Mozilla/5.0 (Windows NT 10.0; Win64; x64; rv:90.0) Gecko/20100101 Firefox/90.0"
23.90.179.120 - - [13/Jul/2025:13:57:44 +0000] "GET /?f=5729706021490&mod=../&uri=products.php%3Fid%3D191341-334%26name%3Dbigg+boss+13+feb HTTP/1.1" 301 - "https://onlycnc.com.au/?f=../&mod=06524331&uri=products.php%3Fid%3D191341-334%26name%3Dbigg+boss+13+feb" "Mozilla/5.0 (Windows NT 10.0; Win64; x64; rv:90.0) Gecko/20100101 Firefox/90.0"
23.90.179.120 - - [13/Jul/2025:13:57:44 +0000] "GET /?f=5729706021490&mod=..%2F&uri=products.php%3Fid%3D191341-334%26name%3Dbigg%20boss%2013%20feb HTTP/1.1" 200 21189 "https://onlycnc.com.au/?f=../&mod=06524331&uri=products.php%3Fid%3D191341-334%26name%3Dbigg+boss+13+feb" "Mozilla/5.0 (Windows NT 10.0; Win64; x64; rv:90.0) Gecko/20100101 Firefox/90.0"
23.90.179.120 - - [13/Jul/2025:13:57:45 +0000] "GET /?f=5729706021490&mod=06524331&uri=../ HTTP/1.1" 301 - "https://onlycnc.com.au/?f=5729706021490&mod=../&uri=products.php%3Fid%3D191341-334%26name%3Dbigg+boss+13+feb" "Mozilla/5.0 (Windows NT 10.0; Win64; x64; rv:90.0) Gecko/20100101 Firefox/90.0"
23.90.179.120 - - [13/Jul/2025:13:57:45 +0000] "GET /?f=5729706021490&mod=06524331&uri=..%2F HTTP/1.1" 200 21189 "https://onlycnc.com.au/?f=5729706021490&mod=../&uri=products.php%3Fid%3D191341-334%26name%3Dbigg+boss+13+feb" "Mozilla/5.0 (Windows NT 10.0; Win64; x64; rv:90.0) Gecko/20100101 Firefox/90.0"
66.249.64.132 - - [13/Jul/2025:13:58:35 +0000] "GET /?f=5963741051490&mod=9cecbb6f&uri=category-info.php%3Fid%3D199150-344%26name%3Dshoe+size+18+in+eu HTTP/1.1" 200 21441 "-" "Mozilla/5.0 (Linux; Android 6.0.1; Nexus 5X Build/MMB29P) AppleWebKit/537.36 (KHTML, like Gecko) Chrome/137.0.7151.103 Mobile Safari/537.36 (compatible; Googlebot/2.1; +http://www.google.com/bot.html)"
66.249.64.132 - - [13/Jul/2025:14:00:26 +0000] "GET /?f=5961761051490&mod=9cecbb6f&uri=form.php%3Fid%3D199084-344%26name%3Dbata+leather+loafers HTTP/1.1" 200 21991 "-" "Mozilla/5.0 (Linux; Android 6.0.1; Nexus 5X Build/MMB29P) AppleWebKit/537.36 (KHTML, like Gecko) Chrome/137.0.7151.103 Mobile Safari/537.36 (compatible; Googlebot/2.1; +http://www.google.com/bot.html)"
66.249.64.128 - - [13/Jul/2025:14:02:07 +0000] "GET /?f=5961671021490&mod=9cecbb6f&uri=us.php%3Fid%3D199081-344%26name%3Dstreetwear+running+shoes HTTP/1.1" 200 21858 "-" "Mozilla/5.0 (Linux; Android 6.0.1; Nexus 5X Build/MMB29P) AppleWebKit/537.36 (KHTML, like Gecko) Chrome/137.0.7151.103 Mobile Safari/537.36 (compatible; Googlebot/2.1; +http://www.google.com/bot.html)"
66.249.64.132 - - [13/Jul/2025:14:05:07 +0000] "GET /?f=31907775071490&mod=4367fac1&uri=products.php%3Fid%3D1064966-287%26name%3Ddesk+clamp+for+camera HTTP/1.1" 301 - "-" "Mozilla/5.0 (Linux; Android 6.0.1; Nexus 5X Build/MMB29P) AppleWebKit/537.36 (KHTML, like Gecko) Chrome/137.0.7151.103 Mobile Safari/537.36 (compatible; GoogleOther)"
66.249.64.132 - - [13/Jul/2025:14:05:58 +0000] "GET /?f=5826709061490&mod=36b4d177&uri=form.php%3Fid%3D194578-339%26name%3Dadidas+0800+argentina+guayaquil HTTP/1.1" 200 20925 "-" "Mozilla/5.0 (Linux; Android 6.0.1; Nexus 5X Build/MMB29P) AppleWebKit/537.36 (KHTML, like Gecko) Chrome/137.0.7151.103 Mobile Safari/537.36 (compatible; Googlebot/2.1; +http://www.google.com/bot.html)"
66.249.64.129 - - [13/Jul/2025:14:07:14 +0000] "GET /?f=31907775071490&mod=4367fac1&uri=products.php%3Fid%3D1064966-287%26name%3Ddesk%20clamp%20for%20camera HTTP/1.1" 200 21189 "-" "Mozilla/5.0 (Linux; Android 6.0.1; Nexus 5X Build/MMB29P) AppleWebKit/537.36 (KHTML, like Gecko) Chrome/137.0.7151.103 Mobile Safari/537.36 (compatible; GoogleOther)"
66.249.64.132 - - [13/Jul/2025:14:13:01 +0000] "GET /?f=5964281051490&mod=9cecbb6f&uri=brands.php%3Fid%3D199168-344%26name%3Dtekkie+town+mens+shoes HTTP/1.1" 200 21754 "-" "Mozilla/5.0 (Linux; Android 6.0.1; Nexus 5X Build/MMB29P) AppleWebKit/537.36 (KHTML, like Gecko) Chrome/137.0.7151.103 Mobile Safari/537.36 (compatible; Googlebot/2.1; +http://www.google.com/bot.html)"
66.249.64.129 - - [13/Jul/2025:14:22:41 +0000] "GET /?f=5963291051490&mod=9cecbb6f&uri=form.php%3Fid%3D199135-344%26name%3Ddeichmann+mens+black+shoes HTTP/1.1" 200 20817 "-" "Mozilla/5.0 (Linux; Android 6.0.1; Nexus 5X Build/MMB29P) AppleWebKit/537.36 (KHTML, like Gecko) Chrome/137.0.7151.103 Mobile Safari/537.36 (compatible; Googlebot/2.1; +http://www.google.com/bot.html)"
66.249.64.128 - - [13/Jul/2025:14:22:59 +0000] "POST /get-message-notify HTTP/1.1" 200 21383 "https://onlycnc.com.au/?f=5963291051490&mod=9cecbb6f&uri=form.php%3Fid%3D199135-344%26name%3Ddeichmann+mens+black+shoes" "Mozilla/5.0 (Linux; Android 6.0.1; Nexus 5X Build/MMB29P) AppleWebKit/537.36 (KHTML, like Gecko) Chrome/137.0.7151.119 Mobile Safari/537.36 (compatible; Googlebot/2.1; +http://www.google.com/bot.html)"
66.249.64.132 - - [13/Jul/2025:14:27:40 +0000] "GET /?f=31802760011490&mod=676207dd&uri=category-info.php%3Fid%3D1061462-454%26name%3Dinfantino+water+teether+recall HTTP/1.1" 200 22143 "-" "Mozilla/5.0 (Linux; Android 6.0.1; Nexus 5X Build/MMB29P) AppleWebKit/537.36 (KHTML, like Gecko) Chrome/137.0.7151.103 Mobile Safari/537.36 (compatible; Googlebot/2.1; +http://www.google.com/bot.html)"
66.249.64.129 - - [13/Jul/2025:14:38:23 +0000] "GET /?f=6110015141490&mod=89a4779d&uri=shared.php%3Fid%3D204035-40%26name%3Dmilwaukee+electric+roofing+nailer HTTP/1.1" 200 21937 "-" "Mozilla/5.0 (Linux; Android 6.0.1; Nexus 5X Build/MMB29P) AppleWebKit/537.36 (KHTML, like Gecko) Chrome/137.0.7151.103 Mobile Safari/537.36 (compatible; Googlebot/2.1; +http://www.google.com/bot.html)"
134.122.31.184 - - [13/Jul/2025:14:43:32 +0000] "GET /?f=31686944061490&mod=9b9abef7&uri=brands.php%3Fid%3D1057599-475%26name%3Dcual+manecilla+marca+la+hora HTTP/1.1" 301 - "-" "Mozilla/5.0 (Linux; Android 9; ASUS_I005DA Build/PI; wv) AppleWebKit/537.36 (KHTML, like Gecko) Version/4.0 Chrome/133.0.6943.122 Mobile"
134.122.31.184 - - [13/Jul/2025:14:43:34 +0000] "GET /?f=31686944061490&mod=9b9abef7&uri=brands.php%3Fid%3D1057599-475%26name%3Dcual%20manecilla%20marca%20la%20hora HTTP/1.1" 200 21189 "https://onlycnc.com.au/?f=31686944061490&mod=9b9abef7&uri=brands.php%3Fid%3D1057599-475%26name%3Dcual+manecilla+marca+la+hora" "Mozilla/5.0 (Linux; Android 9; ASUS_I005DA Build/PI; wv) AppleWebKit/537.36 (KHTML, like Gecko) Version/4.0 Chrome/133.0.6943.122 Mobile"
134.122.31.184 - - [13/Jul/2025:14:43:35 +0000] "GET /?f=31686944061490&mod=9b9abef7&uri=brands.php%3Fid%3D1057599-475%26name%3Dcual+manecilla+marca+la+hora&uri=%27 HTTP/1.1" 301 - "-" "Mozilla/5.0 (Linux; Android 9; ASUS_I005DA Build/PI; wv) AppleWebKit/537.36 (KHTML, like Gecko) Version/4.0 Chrome/133.0.6943.122 Mobile"
134.122.31.184 - - [13/Jul/2025:14:43:36 +0000] "GET /?f=31686944061490&mod=9b9abef7&uri=%27 HTTP/1.1" 200 21189 "https://onlycnc.com.au/?f=31686944061490&mod=9b9abef7&uri=brands.php%3Fid%3D1057599-475%26name%3Dcual+manecilla+marca+la+hora&uri=%27" "Mozilla/5.0 (Linux; Android 9; ASUS_I005DA Build/PI; wv) AppleWebKit/537.36 (KHTML, like Gecko) Version/4.0 Chrome/133.0.6943.122 Mobile"
134.122.31.184 - - [13/Jul/2025:14:43:36 +0000] "GET /?f=31686944061490&f=%27&mod=9b9abef7&uri=brands.php%3Fid%3D1057599-475%26name%3Dcual+manecilla+marca+la+hora HTTP/1.1" 301 - "-" "Mozilla/5.0 (Linux; Android 9; ASUS_I005DA Build/PI; wv) AppleWebKit/537.36 (KHTML, like Gecko) Version/4.0 Chrome/133.0.6943.122 Mobile"
134.122.31.184 - - [13/Jul/2025:14:43:37 +0000] "GET /?f=%27&mod=9b9abef7&uri=brands.php%3Fid%3D1057599-475%26name%3Dcual%20manecilla%20marca%20la%20hora HTTP/1.1" 200 21189 "https://onlycnc.com.au/?f=31686944061490&f=%27&mod=9b9abef7&uri=brands.php%3Fid%3D1057599-475%26name%3Dcual+manecilla+marca+la+hora" "Mozilla/5.0 (Linux; Android 9; ASUS_I005DA Build/PI; wv) AppleWebKit/537.36 (KHTML, like Gecko) Version/4.0 Chrome/133.0.6943.122 Mobile"
134.122.31.184 - - [13/Jul/2025:14:43:39 +0000] "GET /?f=31686944061490&mod=9b9abef7&mod=%27&uri=brands.php%3Fid%3D1057599-475%26name%3Dcual+manecilla+marca+la+hora HTTP/1.1" 301 - "-" "Mozilla/5.0 (Linux; Android 9; ASUS_I005DA Build/PI; wv) AppleWebKit/537.36 (KHTML, like Gecko) Version/4.0 Chrome/133.0.6943.122 Mobile"
134.122.31.184 - - [13/Jul/2025:14:43:40 +0000] "GET /?f=31686944061490&mod=%27&uri=brands.php%3Fid%3D1057599-475%26name%3Dcual%20manecilla%20marca%20la%20hora HTTP/1.1" 200 21189 "https://onlycnc.com.au/?f=31686944061490&mod=9b9abef7&mod=%27&uri=brands.php%3Fid%3D1057599-475%26name%3Dcual+manecilla+marca+la+hora" "Mozilla/5.0 (Linux; Android 9; ASUS_I005DA Build/PI; wv) AppleWebKit/537.36 (KHTML, like Gecko) Version/4.0 Chrome/133.0.6943.122 Mobile"
134.122.31.184 - - [13/Jul/2025:14:43:41 +0000] "GET /?f=%27&mod=%27&uri=%27 HTTP/1.1" 200 21189 "-" "Mozilla/5.0 (Linux; Android 9; ASUS_I005DA Build/PI; wv) AppleWebKit/537.36 (KHTML, like Gecko) Version/4.0 Chrome/133.0.6943.122 Mobile"
134.122.31.184 - - [13/Jul/2025:14:43:42 +0000] "GET /?f=31686944061490%27&mod=9b9abef7&uri=brands.php%3Fid%3D1057599-475%26name%3Dcual+manecilla+marca+la+hora HTTP/1.1" 301 - "-" "Mozilla/5.0 (Linux; Android 9; ASUS_I005DA Build/PI; wv) AppleWebKit/537.36 (KHTML, like Gecko) Version/4.0 Chrome/133.0.6943.122 Mobile"
134.122.31.184 - - [13/Jul/2025:14:43:43 +0000] "GET /?f=31686944061490%27&mod=9b9abef7&uri=brands.php%3Fid%3D1057599-475%26name%3Dcual%20manecilla%20marca%20la%20hora HTTP/1.1" 200 21189 "https://onlycnc.com.au/?f=31686944061490%27&mod=9b9abef7&uri=brands.php%3Fid%3D1057599-475%26name%3Dcual+manecilla+marca+la+hora" "Mozilla/5.0 (Linux; Android 9; ASUS_I005DA Build/PI; wv) AppleWebKit/537.36 (KHTML, like Gecko) Version/4.0 Chrome/133.0.6943.122 Mobile"
134.122.31.184 - - [13/Jul/2025:14:43:44 +0000] "GET /?f=31686944061490&mod=9b9abef7%27&uri=brands.php%3Fid%3D1057599-475%26name%3Dcual+manecilla+marca+la+hora HTTP/1.1" 301 - "-" "Mozilla/5.0 (Linux; Android 9; ASUS_I005DA Build/PI; wv) AppleWebKit/537.36 (KHTML, like Gecko) Version/4.0 Chrome/133.0.6943.122 Mobile"
134.122.31.184 - - [13/Jul/2025:14:43:45 +0000] "GET /?f=31686944061490&mod=9b9abef7%27&uri=brands.php%3Fid%3D1057599-475%26name%3Dcual%20manecilla%20marca%20la%20hora HTTP/1.1" 200 21189 "https://onlycnc.com.au/?f=31686944061490&mod=9b9abef7%27&uri=brands.php%3Fid%3D1057599-475%26name%3Dcual+manecilla+marca+la+hora" "Mozilla/5.0 (Linux; Android 9; ASUS_I005DA Build/PI; wv) AppleWebKit/537.36 (KHTML, like Gecko) Version/4.0 Chrome/133.0.6943.122 Mobile"
134.122.31.184 - - [13/Jul/2025:14:43:48 +0000] "GET /?f=31686944061490&mod=9b9abef7&uri=brands.php%3Fid%3D1057599-475%26name%3Dcual+manecilla+marca+la+hora%27 HTTP/1.1" 301 - "-" "Mozilla/5.0 (Linux; Android 9; ASUS_I005DA Build/PI; wv) AppleWebKit/537.36 (KHTML, like Gecko) Version/4.0 Chrome/133.0.6943.122 Mobile"
134.122.31.184 - - [13/Jul/2025:14:43:49 +0000] "GET /?f=31686944061490&mod=9b9abef7&uri=brands.php%3Fid%3D1057599-475%26name%3Dcual%20manecilla%20marca%20la%20hora%27 HTTP/1.1" 200 21189 "https://onlycnc.com.au/?f=31686944061490&mod=9b9abef7&uri=brands.php%3Fid%3D1057599-475%26name%3Dcual+manecilla+marca+la+hora%27" "Mozilla/5.0 (Linux; Android 9; ASUS_I005DA Build/PI; wv) AppleWebKit/537.36 (KHTML, like Gecko) Version/4.0 Chrome/133.0.6943.122 Mobile"
66.249.64.132 - - [13/Jul/2025:14:45:42 +0000] "GET /?f=89680535041490&mod=64d509b5&uri=pin.php%3Fid%3D2992773-600%26name%3Dbigg+boss+14+21+november+2021+full+episode HTTP/1.1" 200 21988 "-" "Mozilla/5.0 (Linux; Android 6.0.1; Nexus 5X Build/MMB29P) AppleWebKit/537.36 (KHTML, like Gecko) Chrome/137.0.7151.103 Mobile Safari/537.36 (compatible; Googlebot/2.1; +http://www.google.com/bot.html)"
66.249.64.129 - - [13/Jul/2025:14:51:48 +0000] "GET /?f=54339829031490&mod=0672911f&uri=blog.php%3Fid%3D1813373-688%26name%3Dnew+balance+gore+tex+herren HTTP/1.1" 200 21494 "-" "Mozilla/5.0 (Linux; Android 6.0.1; Nexus 5X Build/MMB29P) AppleWebKit/537.36 (KHTML, like Gecko) Chrome/137.0.7151.103 Mobile Safari/537.36 (compatible; Googlebot/2.1; +http://www.google.com/bot.html)"
104.194.211.23 - - [13/Jul/2025:15:02:13 +0000] "GET / HTTP/1.1" 200 12375 "-" "Mozilla/5.0 (Windows NT 10.0; WOW64; rv:82.0) Gecko/20100101 Firefox/82.0"
66.249.64.128 - - [13/Jul/2025:15:13:51 +0000] "GET /?f=54459668051490&mod=22da99af&uri=us.php%3Fid%3D1817376-1307%26name%3Dsandalias+hi+tec HTTP/1.1" 200 21261 "-" "Mozilla/5.0 (Linux; Android 6.0.1; Nexus 5X Build/MMB29P) AppleWebKit/537.36 (KHTML, like Gecko) Chrome/137.0.7151.103 Mobile Safari/537.36 (compatible; Googlebot/2.1; +http://www.google.com/bot.html)"
66.249.64.132 - - [13/Jul/2025:15:14:08 +0000] "POST /get-message-notify HTTP/1.1" 200 21382 "https://onlycnc.com.au/?f=54459668051490&mod=22da99af&uri=us.php%3Fid%3D1817376-1307%26name%3Dsandalias+hi+tec" "Mozilla/5.0 (Linux; Android 6.0.1; Nexus 5X Build/MMB29P) AppleWebKit/537.36 (KHTML, like Gecko) Chrome/137.0.7151.119 Mobile Safari/537.36 (compatible; Googlebot/2.1; +http://www.google.com/bot.html)"
66.249.64.132 - - [13/Jul/2025:15:15:15 +0000] "GET /?f=25687868051490&mod=45508c3f&uri=us.php%3Fid%3D857352-882%26name%3Damd+ryzen+ghz HTTP/1.1" 200 21250 "-" "Mozilla/5.0 (Linux; Android 6.0.1; Nexus 5X Build/MMB29P) AppleWebKit/537.36 (KHTML, like Gecko) Chrome/137.0.7151.103 Mobile Safari/537.36 (compatible; Googlebot/2.1; +http://www.google.com/bot.html)"
66.249.64.128 - - [13/Jul/2025:15:17:03 +0000] "POST /get-message-notify HTTP/1.1" 200 21383 "https://onlycnc.com.au/?f=25687868051490&mod=45508c3f&uri=us.php%3Fid%3D857352-882%26name%3Damd+ryzen+ghz" "Mozilla/5.0 (Linux; Android 6.0.1; Nexus 5X Build/MMB29P) AppleWebKit/537.36 (KHTML, like Gecko) Chrome/137.0.7151.119 Mobile Safari/537.36 (compatible; Googlebot/2.1; +http://www.google.com/bot.html)"
66.249.64.132 - - [13/Jul/2025:15:19:28 +0000] "GET /?f=25698031011490&mod=45508c3f&uri=goods.php%3Fid%3D857692-882%26name%3Dryzen+caracteristicas HTTP/1.1" 200 21109 "-" "Mozilla/5.0 (Linux; Android 6.0.1; Nexus 5X Build/MMB29P) AppleWebKit/537.36 (KHTML, like Gecko) Chrome/137.0.7151.103 Mobile Safari/537.36 (compatible; Googlebot/2.1; +http://www.google.com/bot.html)"