216.73.216.126 - - [13/Jul/2025:13:12:56 +0000] "GET /events/2028-05-14/ HTTP/1.1" 200 19477 "https://teamhachem.com/events/2028-05-14" "Mozilla/5.0 AppleWebKit/537.36 (KHTML, like Gecko; compatible; ClaudeBot/1.0; [email protected])"
209.74.77.214 - - [13/Jul/2025:13:13:35 +0000] "POST /wp-cron.php?doing_wp_cron=1752412415.7344269752502441406250 HTTP/1.1" 200 - "-" "WordPress/6.8.1; https://teamhachem.com"
216.73.216.126 - - [13/Jul/2025:13:13:33 +0000] "GET /events/2028-05-22 HTTP/1.1" 301 - "-" "Mozilla/5.0 AppleWebKit/537.36 (KHTML, like Gecko; compatible; ClaudeBot/1.0; [email protected])"
216.73.216.126 - - [13/Jul/2025:13:13:35 +0000] "GET /events/2028-05-22/ HTTP/1.1" 200 19473 "https://teamhachem.com/events/2028-05-22" "Mozilla/5.0 AppleWebKit/537.36 (KHTML, like Gecko; compatible; ClaudeBot/1.0; [email protected])"
209.74.77.214 - - [13/Jul/2025:13:14:24 +0000] "POST /wp-cron.php?doing_wp_cron=1752412464.7672059535980224609375 HTTP/1.1" 200 - "-" "WordPress/6.8.1; https://teamhachem.com"
216.73.216.126 - - [13/Jul/2025:13:14:23 +0000] "GET /events/list/?tribe-bar-date=2028-04-10 HTTP/1.1" 200 19799 "-" "Mozilla/5.0 AppleWebKit/537.36 (KHTML, like Gecko; compatible; ClaudeBot/1.0; [email protected])"
209.74.77.214 - - [13/Jul/2025:13:15:09 +0000] "POST /wp-cron.php?doing_wp_cron=1752412509.9170460700988769531250 HTTP/1.1" 200 - "-" "WordPress/6.8.1; https://teamhachem.com"
216.73.216.126 - - [13/Jul/2025:13:15:07 +0000] "GET /events/2028-04-23/?ical=1 HTTP/1.1" 200 1138 "-" "Mozilla/5.0 AppleWebKit/537.36 (KHTML, like Gecko; compatible; ClaudeBot/1.0; [email protected])"
51.222.253.8 - - [13/Jul/2025:13:15:13 +0000] "GET /events/list/?tribe-bar-date=2026-03-24 HTTP/1.1" 200 19798 "-" "Mozilla/5.0 (compatible; AhrefsBot/7.0; +http://ahrefs.com/robot/)"
209.74.77.214 - - [13/Jul/2025:13:16:02 +0000] "POST /wp-cron.php?doing_wp_cron=1752412562.1763730049133300781250 HTTP/1.1" 200 - "-" "WordPress/6.8.1; https://teamhachem.com"
216.73.216.126 - - [13/Jul/2025:13:16:00 +0000] "GET /events/list/?tribe-bar-date=2028-04-11 HTTP/1.1" 200 19796 "-" "Mozilla/5.0 AppleWebKit/537.36 (KHTML, like Gecko; compatible; ClaudeBot/1.0; [email protected])"
209.74.77.214 - - [13/Jul/2025:13:16:18 +0000] "POST /wp-cron.php?doing_wp_cron=1752412578.9801731109619140625000 HTTP/1.1" 200 - "-" "WordPress/6.8.1; https://teamhachem.com"
185.191.171.12 - - [13/Jul/2025:13:16:18 +0000] "GET /events/2025-01-27/ HTTP/1.1" 200 19474 "-" "Mozilla/5.0 (compatible; SemrushBot/7~bl; +http://www.semrush.com/bot.html)"
216.73.216.126 - - [13/Jul/2025:13:16:38 +0000] "GET /events/2028-04-27/?ical=1 HTTP/1.1" 200 1138 "-" "Mozilla/5.0 AppleWebKit/537.36 (KHTML, like Gecko; compatible; ClaudeBot/1.0; [email protected])"
209.74.77.214 - - [13/Jul/2025:13:17:28 +0000] "POST /wp-cron.php?doing_wp_cron=1752412648.8787069320678710937500 HTTP/1.1" 200 - "-" "WordPress/6.8.1; https://teamhachem.com"
216.73.216.126 - - [13/Jul/2025:13:17:27 +0000] "GET /events/list/?eventDisplay=past&ical=1&tribe-bar-date=2027-11-16 HTTP/1.1" 200 1292 "-" "Mozilla/5.0 AppleWebKit/537.36 (KHTML, like Gecko; compatible; ClaudeBot/1.0; [email protected])"
209.74.77.214 - - [13/Jul/2025:13:18:07 +0000] "POST /wp-cron.php?doing_wp_cron=1752412687.8891808986663818359375 HTTP/1.1" 200 - "-" "WordPress/6.8.1; https://teamhachem.com"
216.73.216.126 - - [13/Jul/2025:13:18:06 +0000] "GET /events/list/?tribe-bar-date=2028-04-30 HTTP/1.1" 200 19796 "-" "Mozilla/5.0 AppleWebKit/537.36 (KHTML, like Gecko; compatible; ClaudeBot/1.0; [email protected])"
209.74.77.214 - - [13/Jul/2025:13:18:46 +0000] "POST /wp-cron.php?doing_wp_cron=1752412726.3752019405364990234375 HTTP/1.1" 200 - "-" "WordPress/6.8.1; https://teamhachem.com"
216.73.216.126 - - [13/Jul/2025:13:18:44 +0000] "GET /events/2028-04-22/?ical=1 HTTP/1.1" 200 1138 "-" "Mozilla/5.0 AppleWebKit/537.36 (KHTML, like Gecko; compatible; ClaudeBot/1.0; [email protected])"
209.74.77.214 - - [13/Jul/2025:13:19:12 +0000] "POST /wp-cron.php?doing_wp_cron=1752412752.3132379055023193359375 HTTP/1.1" 200 - "-" "WordPress/6.8.1; https://teamhachem.com"
185.191.171.16 - - [13/Jul/2025:13:19:12 +0000] "GET /events/list/?tribe-bar-date=2024-07-03 HTTP/1.1" 200 20196 "-" "Mozilla/5.0 (compatible; SemrushBot/7~bl; +http://www.semrush.com/bot.html)"
216.73.216.126 - - [13/Jul/2025:13:19:36 +0000] "GET /events/2028-04-14/?ical=1 HTTP/1.1" 200 1138 "-" "Mozilla/5.0 AppleWebKit/537.36 (KHTML, like Gecko; compatible; ClaudeBot/1.0; [email protected])"
209.74.77.214 - - [13/Jul/2025:13:20:12 +0000] "POST /wp-cron.php?doing_wp_cron=1752412812.4214251041412353515625 HTTP/1.1" 200 - "-" "WordPress/6.8.1; https://teamhachem.com"
216.73.216.126 - - [13/Jul/2025:13:20:10 +0000] "GET /events/list/?eventDisplay=past&ical=1&tribe-bar-date=2028-03-05 HTTP/1.1" 200 1292 "-" "Mozilla/5.0 AppleWebKit/537.36 (KHTML, like Gecko; compatible; ClaudeBot/1.0; [email protected])"
51.222.253.16 - - [13/Jul/2025:13:20:26 +0000] "GET /events/list/?tribe-bar-date=2026-03-18 HTTP/1.1" 200 19783 "-" "Mozilla/5.0 (compatible; AhrefsBot/7.0; +http://ahrefs.com/robot/)"
209.74.77.214 - - [13/Jul/2025:13:20:46 +0000] "POST /wp-cron.php?doing_wp_cron=1752412846.8644759654998779296875 HTTP/1.1" 200 - "-" "WordPress/6.8.1; https://teamhachem.com"
216.73.216.126 - - [13/Jul/2025:13:20:46 +0000] "GET /events/list/?tribe-bar-date=2028-04-23 HTTP/1.1" 200 19799 "-" "Mozilla/5.0 AppleWebKit/537.36 (KHTML, like Gecko; compatible; ClaudeBot/1.0; [email protected])"
209.74.77.214 - - [13/Jul/2025:13:21:35 +0000] "POST /wp-cron.php?doing_wp_cron=1752412895.8183300495147705078125 HTTP/1.1" 200 - "-" "WordPress/6.8.1; https://teamhachem.com"
216.73.216.126 - - [13/Jul/2025:13:21:34 +0000] "GET /events/2028-04-17/?ical=1 HTTP/1.1" 200 1138 "-" "Mozilla/5.0 AppleWebKit/537.36 (KHTML, like Gecko; compatible; ClaudeBot/1.0; [email protected])"
209.74.77.214 - - [13/Jul/2025:13:22:14 +0000] "POST /wp-cron.php?doing_wp_cron=1752412934.3557438850402832031250 HTTP/1.1" 200 - "-" "WordPress/6.8.1; https://teamhachem.com"
216.73.216.126 - - [13/Jul/2025:13:22:12 +0000] "GET /events/2028-04-24/?ical=1 HTTP/1.1" 200 1137 "-" "Mozilla/5.0 AppleWebKit/537.36 (KHTML, like Gecko; compatible; ClaudeBot/1.0; [email protected])"
216.73.216.126 - - [13/Jul/2025:13:22:42 +0000] "GET /events/2028-05-20 HTTP/1.1" 301 - "-" "Mozilla/5.0 AppleWebKit/537.36 (KHTML, like Gecko; compatible; ClaudeBot/1.0; [email protected])"
216.73.216.126 - - [13/Jul/2025:13:22:43 +0000] "GET /events/2028-05-20/ HTTP/1.1" 200 19483 "https://teamhachem.com/events/2028-05-20" "Mozilla/5.0 AppleWebKit/537.36 (KHTML, like Gecko; compatible; ClaudeBot/1.0; [email protected])"
209.74.77.214 - - [13/Jul/2025:13:23:14 +0000] "POST /wp-cron.php?doing_wp_cron=1752412994.6618890762329101562500 HTTP/1.1" 200 - "-" "WordPress/6.8.1; https://teamhachem.com"
51.222.253.14 - - [13/Jul/2025:13:23:14 +0000] "GET /events/list/?tribe-bar-date=2026-03-13 HTTP/1.1" 200 19798 "-" "Mozilla/5.0 (compatible; AhrefsBot/7.0; +http://ahrefs.com/robot/)"
216.73.216.126 - - [13/Jul/2025:13:23:26 +0000] "GET /events/2028-05-21 HTTP/1.1" 301 - "-" "Mozilla/5.0 AppleWebKit/537.36 (KHTML, like Gecko; compatible; ClaudeBot/1.0; [email protected])"
216.73.216.126 - - [13/Jul/2025:13:23:27 +0000] "GET /events/2028-05-21/ HTTP/1.1" 200 19470 "https://teamhachem.com/events/2028-05-21" "Mozilla/5.0 AppleWebKit/537.36 (KHTML, like Gecko; compatible; ClaudeBot/1.0; [email protected])"
209.74.77.214 - - [13/Jul/2025:13:24:10 +0000] "POST /wp-cron.php?doing_wp_cron=1752413050.5131030082702636718750 HTTP/1.1" 200 - "-" "WordPress/6.8.1; https://teamhachem.com"
216.73.216.126 - - [13/Jul/2025:13:24:08 +0000] "GET /events/list/?eventDisplay=past&tribe-bar-date=2028-03-06 HTTP/1.1" 200 20220 "-" "Mozilla/5.0 AppleWebKit/537.36 (KHTML, like Gecko; compatible; ClaudeBot/1.0; [email protected])"
216.73.216.126 - - [13/Jul/2025:13:24:42 +0000] "GET /events/list/?tribe-bar-date=2028-04-14 HTTP/1.1" 200 19793 "-" "Mozilla/5.0 AppleWebKit/537.36 (KHTML, like Gecko; compatible; ClaudeBot/1.0; [email protected])"
209.74.77.214 - - [13/Jul/2025:13:25:26 +0000] "POST /wp-cron.php?doing_wp_cron=1752413126.4576449394226074218750 HTTP/1.1" 200 - "-" "WordPress/6.8.1; https://teamhachem.com"
216.73.216.126 - - [13/Jul/2025:13:25:24 +0000] "GET /events/list/?tribe-bar-date=2028-04-22 HTTP/1.1" 200 19795 "-" "Mozilla/5.0 AppleWebKit/537.36 (KHTML, like Gecko; compatible; ClaudeBot/1.0; [email protected])"
3.226.34.98 - - [13/Jul/2025:13:25:41 +0000] "GET /events/2024-10-08/ HTTP/1.1" 200 18814 "-" "Mozilla/5.0 AppleWebKit/537.36 (KHTML, like Gecko; compatible; Amazonbot/0.1; +https://developer.amazon.com/support/amazonbot) Chrome/119.0.6045.214 Safari/537.36"
209.74.77.214 - - [13/Jul/2025:13:25:46 +0000] "POST /wp-cron.php?doing_wp_cron=1752413146.1382219791412353515625 HTTP/1.1" 200 - "-" "WordPress/6.8.1; https://teamhachem.com"
54.84.147.79 - - [13/Jul/2025:13:25:46 +0000] "GET /events/2026-09-15/ HTTP/1.1" 200 19468 "-" "Mozilla/5.0 AppleWebKit/537.36 (KHTML, like Gecko; compatible; Amazonbot/0.1; +https://developer.amazon.com/support/amazonbot) Chrome/119.0.6045.214 Safari/537.36"
3.222.85.38 - - [13/Jul/2025:13:25:50 +0000] "GET /events/list/?eventDisplay=past&tribe-bar-date=2026-07-19 HTTP/1.1" 200 20217 "-" "Mozilla/5.0 AppleWebKit/537.36 (KHTML, like Gecko; compatible; Amazonbot/0.1; +https://developer.amazon.com/support/amazonbot) Chrome/119.0.6045.214 Safari/537.36"
23.21.175.228 - - [13/Jul/2025:13:25:53 +0000] "GET /events/list/?eventDisplay=past&tribe-bar-date=2026-07-08 HTTP/1.1" 200 20228 "-" "Mozilla/5.0 AppleWebKit/537.36 (KHTML, like Gecko; compatible; Amazonbot/0.1; +https://developer.amazon.com/support/amazonbot) Chrome/119.0.6045.214 Safari/537.36"
51.222.253.10 - - [13/Jul/2025:13:26:00 +0000] "GET /events/list/?tribe-bar-date=2026-03-12 HTTP/1.1" 200 19793 "-" "Mozilla/5.0 (compatible; AhrefsBot/7.0; +http://ahrefs.com/robot/)"
216.73.216.126 - - [13/Jul/2025:13:26:05 +0000] "GET /events/2028-04-12/?ical=1 HTTP/1.1" 200 1138 "-" "Mozilla/5.0 AppleWebKit/537.36 (KHTML, like Gecko; compatible; ClaudeBot/1.0; [email protected])"
209.74.77.214 - - [13/Jul/2025:13:26:42 +0000] "POST /wp-cron.php?doing_wp_cron=1752413202.6791789531707763671875 HTTP/1.1" 200 - "-" "WordPress/6.8.1; https://teamhachem.com"
216.73.216.126 - - [13/Jul/2025:13:26:40 +0000] "GET /events/list/?tribe-bar-date=2028-04-20 HTTP/1.1" 200 19797 "-" "Mozilla/5.0 AppleWebKit/537.36 (KHTML, like Gecko; compatible; ClaudeBot/1.0; [email protected])"
209.74.77.214 - - [13/Jul/2025:13:27:03 +0000] "POST /wp-cron.php?doing_wp_cron=1752413223.1024489402770996093750 HTTP/1.1" 200 - "-" "WordPress/6.8.1; https://teamhachem.com"
47.128.121.85 - - [13/Jul/2025:13:27:02 +0000] "GET /robots.txt HTTP/1.1" 200 264 "-" "-"
209.74.77.214 - - [13/Jul/2025:13:27:24 +0000] "POST /wp-cron.php?doing_wp_cron=1752413244.0056099891662597656250 HTTP/1.1" 200 - "-" "WordPress/6.8.1; https://teamhachem.com"
216.73.216.126 - - [13/Jul/2025:13:27:23 +0000] "GET /events/2028-04-11/?ical=1 HTTP/1.1" 200 1138 "-" "Mozilla/5.0 AppleWebKit/537.36 (KHTML, like Gecko; compatible; ClaudeBot/1.0; [email protected])"
209.74.77.214 - - [13/Jul/2025:13:28:01 +0000] "POST /wp-cron.php?doing_wp_cron=1752413281.8604950904846191406250 HTTP/1.1" 200 - "-" "WordPress/6.8.1; https://teamhachem.com"
216.73.216.126 - - [13/Jul/2025:13:28:00 +0000] "GET /events/2028-05-26 HTTP/1.1" 301 - "-" "Mozilla/5.0 AppleWebKit/537.36 (KHTML, like Gecko; compatible; ClaudeBot/1.0; [email protected])"
216.73.216.126 - - [13/Jul/2025:13:28:01 +0000] "GET /events/2028-05-26/ HTTP/1.1" 200 19464 "https://teamhachem.com/events/2028-05-26" "Mozilla/5.0 AppleWebKit/537.36 (KHTML, like Gecko; compatible; ClaudeBot/1.0; [email protected])"
209.74.77.214 - - [13/Jul/2025:13:28:41 +0000] "POST /wp-cron.php?doing_wp_cron=1752413321.9454679489135742187500 HTTP/1.1" 200 - "-" "WordPress/6.8.1; https://teamhachem.com"
216.73.216.126 - - [13/Jul/2025:13:28:40 +0000] "GET /events/list/?eventDisplay=past&ical=1&tribe-bar-date=2027-11-03 HTTP/1.1" 200 1292 "-" "Mozilla/5.0 AppleWebKit/537.36 (KHTML, like Gecko; compatible; ClaudeBot/1.0; [email protected])"
209.74.77.214 - - [13/Jul/2025:13:29:18 +0000] "POST /wp-cron.php?doing_wp_cron=1752413358.7999999523162841796875 HTTP/1.1" 200 - "-" "WordPress/6.8.1; https://teamhachem.com"
216.73.216.126 - - [13/Jul/2025:13:29:17 +0000] "GET /events/2028-04-20/?ical=1 HTTP/1.1" 200 1138 "-" "Mozilla/5.0 AppleWebKit/537.36 (KHTML, like Gecko; compatible; ClaudeBot/1.0; [email protected])"
209.74.77.214 - - [13/Jul/2025:13:29:57 +0000] "POST /wp-cron.php?doing_wp_cron=1752413397.7911100387573242187500 HTTP/1.1" 200 - "-" "WordPress/6.8.1; https://teamhachem.com"
51.222.253.10 - - [13/Jul/2025:13:29:56 +0000] "GET /wp-sitemap.xml HTTP/1.1" 200 325 "-" "Mozilla/5.0 (compatible; AhrefsBot/7.0; +http://ahrefs.com/robot/)"
51.222.253.5 - - [13/Jul/2025:13:30:01 +0000] "GET /wp-sitemap-posts-post-1.xml HTTP/1.1" 200 937 "-" "Mozilla/5.0 (compatible; AhrefsBot/7.0; +http://ahrefs.com/robot/)"
51.222.253.2 - - [13/Jul/2025:13:30:03 +0000] "GET /wp-sitemap-posts-page-1.xml HTTP/1.1" 200 805 "-" "Mozilla/5.0 (compatible; AhrefsBot/7.0; +http://ahrefs.com/robot/)"
51.222.253.3 - - [13/Jul/2025:13:30:04 +0000] "GET /wp-sitemap-posts-product-1.xml HTTP/1.1" 200 361 "-" "Mozilla/5.0 (compatible; AhrefsBot/7.0; +http://ahrefs.com/robot/)"
51.222.253.20 - - [13/Jul/2025:13:30:06 +0000] "GET /wp-sitemap-posts-testimonials-1.xml HTTP/1.1" 200 389 "-" "Mozilla/5.0 (compatible; AhrefsBot/7.0; +http://ahrefs.com/robot/)"
51.222.253.9 - - [13/Jul/2025:13:30:07 +0000] "GET /wp-sitemap-posts-sections-1.xml HTTP/1.1" 200 222 "-" "Mozilla/5.0 (compatible; AhrefsBot/7.0; +http://ahrefs.com/robot/)"
51.222.253.9 - - [13/Jul/2025:13:30:09 +0000] "GET /wp-sitemap-posts-services-1.xml HTTP/1.1" 200 380 "-" "Mozilla/5.0 (compatible; AhrefsBot/7.0; +http://ahrefs.com/robot/)"
209.74.77.214 - - [13/Jul/2025:13:30:10 +0000] "POST /wp-cron.php?doing_wp_cron=1752413410.9166150093078613281250 HTTP/1.1" 200 - "-" "WordPress/6.8.1; https://teamhachem.com"
51.222.253.15 - - [13/Jul/2025:13:30:10 +0000] "GET /wp-sitemap-posts-sliders-1.xml HTTP/1.1" 200 346 "-" "Mozilla/5.0 (compatible; AhrefsBot/7.0; +http://ahrefs.com/robot/)"
51.222.253.11 - - [13/Jul/2025:13:30:12 +0000] "GET /wp-sitemap-posts-gallery-1.xml HTTP/1.1" 200 318 "-" "Mozilla/5.0 (compatible; AhrefsBot/7.0; +http://ahrefs.com/robot/)"
51.222.253.2 - - [13/Jul/2025:13:30:13 +0000] "GET /wp-sitemap-posts-team-1.xml HTTP/1.1" 200 346 "-" "Mozilla/5.0 (compatible; AhrefsBot/7.0; +http://ahrefs.com/robot/)"
216.73.216.126 - - [13/Jul/2025:13:30:16 +0000] "GET /events/2028-05-17 HTTP/1.1" 301 - "-" "Mozilla/5.0 AppleWebKit/537.36 (KHTML, like Gecko; compatible; ClaudeBot/1.0; [email protected])"
216.73.216.126 - - [13/Jul/2025:13:30:17 +0000] "GET /events/2028-05-17/ HTTP/1.1" 200 19466 "https://teamhachem.com/events/2028-05-17" "Mozilla/5.0 AppleWebKit/537.36 (KHTML, like Gecko; compatible; ClaudeBot/1.0; [email protected])"
51.222.253.13 - - [13/Jul/2025:13:30:19 +0000] "GET /wp-sitemap-posts-faq-1.xml HTTP/1.1" 200 535 "-" "Mozilla/5.0 (compatible; AhrefsBot/7.0; +http://ahrefs.com/robot/)"
222.79.103.59 - - [13/Jul/2025:13:30:19 +0000] "GET / HTTP/1.1" 200 22836 "http://www.teamhachem.com" "Mozilla/5.0 (iPhone; CPU iPhone OS 13_2_3 like Mac OS X) AppleWebKit/605.1.15 (KHTML, like Gecko) Version/13.0.3 Mobile/15E148 Safari/604.1"
51.222.253.17 - - [13/Jul/2025:13:30:20 +0000] "GET /wp-sitemap-posts-tribe_events-1.xml HTTP/1.1" 200 244 "-" "Mozilla/5.0 (compatible; AhrefsBot/7.0; +http://ahrefs.com/robot/)"
51.222.253.17 - - [13/Jul/2025:13:30:22 +0000] "GET /wp-sitemap-taxonomies-category-1.xml HTTP/1.1" 200 239 "-" "Mozilla/5.0 (compatible; AhrefsBot/7.0; +http://ahrefs.com/robot/)"
51.222.253.10 - - [13/Jul/2025:13:30:23 +0000] "GET /wp-sitemap-taxonomies-post_tag-1.xml HTTP/1.1" 200 229 "-" "Mozilla/5.0 (compatible; AhrefsBot/7.0; +http://ahrefs.com/robot/)"
51.222.253.13 - - [13/Jul/2025:13:30:29 +0000] "GET /wp-sitemap-taxonomies-post_format-1.xml HTTP/1.1" 200 213 "-" "Mozilla/5.0 (compatible; AhrefsBot/7.0; +http://ahrefs.com/robot/)"
51.222.253.12 - - [13/Jul/2025:13:30:30 +0000] "GET /wp-sitemap-taxonomies-product_cat-1.xml HTTP/1.1" 200 223 "-" "Mozilla/5.0 (compatible; AhrefsBot/7.0; +http://ahrefs.com/robot/)"
51.222.253.14 - - [13/Jul/2025:13:30:32 +0000] "GET /wp-sitemap-taxonomies-product_tag-1.xml HTTP/1.1" 200 219 "-" "Mozilla/5.0 (compatible; AhrefsBot/7.0; +http://ahrefs.com/robot/)"
51.222.253.14 - - [13/Jul/2025:13:30:33 +0000] "GET /wp-sitemap-taxonomies-services-category-1.xml HTTP/1.1" 200 220 "-" "Mozilla/5.0 (compatible; AhrefsBot/7.0; +http://ahrefs.com/robot/)"
51.222.253.20 - - [13/Jul/2025:13:30:36 +0000] "GET /wp-sitemap-taxonomies-sliders-category-1.xml HTTP/1.1" 200 220 "-" "Mozilla/5.0 (compatible; AhrefsBot/7.0; +http://ahrefs.com/robot/)"
51.222.253.9 - - [13/Jul/2025:13:30:37 +0000] "GET /wp-sitemap-taxonomies-faq-category-1.xml HTTP/1.1" 200 222 "-" "Mozilla/5.0 (compatible; AhrefsBot/7.0; +http://ahrefs.com/robot/)"
51.222.253.8 - - [13/Jul/2025:13:30:39 +0000] "GET /wp-sitemap-users-1.xml HTTP/1.1" 200 181 "-" "Mozilla/5.0 (compatible; AhrefsBot/7.0; +http://ahrefs.com/robot/)"
209.74.77.214 - - [13/Jul/2025:13:31:06 +0000] "POST /wp-cron.php?doing_wp_cron=1752413466.6791069507598876953125 HTTP/1.1" 200 - "-" "WordPress/6.8.1; https://teamhachem.com"
216.73.216.126 - - [13/Jul/2025:13:31:06 +0000] "GET /events/2028-05-25 HTTP/1.1" 301 - "-" "Mozilla/5.0 AppleWebKit/537.36 (KHTML, like Gecko; compatible; ClaudeBot/1.0; [email protected])"
216.73.216.126 - - [13/Jul/2025:13:31:06 +0000] "GET /events/2028-05-25/ HTTP/1.1" 200 19477 "https://teamhachem.com/events/2028-05-25" "Mozilla/5.0 AppleWebKit/537.36 (KHTML, like Gecko; compatible; ClaudeBot/1.0; [email protected])"
209.74.77.214 - - [13/Jul/2025:13:31:43 +0000] "POST /wp-cron.php?doing_wp_cron=1752413503.4620940685272216796875 HTTP/1.1" 200 - "-" "WordPress/6.8.1; https://teamhachem.com"
216.73.216.126 - - [13/Jul/2025:13:31:41 +0000] "GET /events/2028-04-25/?ical=1 HTTP/1.1" 200 1137 "-" "Mozilla/5.0 AppleWebKit/537.36 (KHTML, like Gecko; compatible; ClaudeBot/1.0; [email protected])"
209.74.77.214 - - [13/Jul/2025:13:32:43 +0000] "POST /wp-cron.php?doing_wp_cron=1752413563.6757769584655761718750 HTTP/1.1" 200 - "-" "WordPress/6.8.1; https://teamhachem.com"
216.73.216.126 - - [13/Jul/2025:13:32:41 +0000] "GET /events/2028-05-19 HTTP/1.1" 301 - "-" "Mozilla/5.0 AppleWebKit/537.36 (KHTML, like Gecko; compatible; ClaudeBot/1.0; [email protected])"
216.73.216.126 - - [13/Jul/2025:13:32:43 +0000] "GET /events/2028-05-19/ HTTP/1.1" 200 19468 "https://teamhachem.com/events/2028-05-19" "Mozilla/5.0 AppleWebKit/537.36 (KHTML, like Gecko; compatible; ClaudeBot/1.0; [email protected])"
209.74.77.214 - - [13/Jul/2025:13:33:32 +0000] "POST /wp-cron.php?doing_wp_cron=1752413612.8763039112091064453125 HTTP/1.1" 200 - "-" "WordPress/6.8.1; https://teamhachem.com"
216.73.216.126 - - [13/Jul/2025:13:33:31 +0000] "GET /events/2028-05-31 HTTP/1.1" 301 - "-" "Mozilla/5.0 AppleWebKit/537.36 (KHTML, like Gecko; compatible; ClaudeBot/1.0; [email protected])"
216.73.216.126 - - [13/Jul/2025:13:33:32 +0000] "GET /events/2028-05-31/ HTTP/1.1" 200 19480 "https://teamhachem.com/events/2028-05-31" "Mozilla/5.0 AppleWebKit/537.36 (KHTML, like Gecko; compatible; ClaudeBot/1.0; [email protected])"
209.74.77.214 - - [13/Jul/2025:13:34:08 +0000] "POST /wp-cron.php?doing_wp_cron=1752413648.4661040306091308593750 HTTP/1.1" 200 - "-" "WordPress/6.8.1; https://teamhachem.com"
216.73.216.126 - - [13/Jul/2025:13:34:06 +0000] "GET /events/list/?tribe-bar-date=2028-04-17 HTTP/1.1" 200 19787 "-" "Mozilla/5.0 AppleWebKit/537.36 (KHTML, like Gecko; compatible; ClaudeBot/1.0; [email protected])"
209.74.77.214 - - [13/Jul/2025:13:34:48 +0000] "POST /wp-cron.php?doing_wp_cron=1752413688.9435269832611083984375 HTTP/1.1" 200 - "-" "WordPress/6.8.1; https://teamhachem.com"
209.74.77.214 - - [13/Jul/2025:13:34:48 +0000] "POST /wp-cron.php?doing_wp_cron=1752413688.9435191154479980468750 HTTP/1.1" 200 - "-" "WordPress/6.8.1; https://teamhachem.com"
51.222.253.19 - - [13/Jul/2025:13:34:47 +0000] "GET /events/list/?tribe-bar-date=2026-01-09 HTTP/1.1" 200 19799 "-" "Mozilla/5.0 (compatible; AhrefsBot/7.0; +http://ahrefs.com/robot/)"
216.73.216.126 - - [13/Jul/2025:13:34:47 +0000] "GET /events/list/?tribe-bar-date=2028-04-05 HTTP/1.1" 200 19802 "-" "Mozilla/5.0 AppleWebKit/537.36 (KHTML, like Gecko; compatible; ClaudeBot/1.0; [email protected])"
209.74.77.214 - - [13/Jul/2025:13:35:27 +0000] "POST /wp-cron.php?doing_wp_cron=1752413727.8290588855743408203125 HTTP/1.1" 200 - "-" "WordPress/6.8.1; https://teamhachem.com"
216.73.216.126 - - [13/Jul/2025:13:35:26 +0000] "GET /events/2028-04-19/?ical=1 HTTP/1.1" 200 1138 "-" "Mozilla/5.0 AppleWebKit/537.36 (KHTML, like Gecko; compatible; ClaudeBot/1.0; [email protected])"
209.74.77.214 - - [13/Jul/2025:13:36:19 +0000] "POST /wp-cron.php?doing_wp_cron=1752413779.0785679817199707031250 HTTP/1.1" 200 - "-" "WordPress/6.8.1; https://teamhachem.com"
216.73.216.126 - - [13/Jul/2025:13:36:17 +0000] "GET /events/2028-05-24 HTTP/1.1" 301 - "-" "Mozilla/5.0 AppleWebKit/537.36 (KHTML, like Gecko; compatible; ClaudeBot/1.0; [email protected])"
216.73.216.126 - - [13/Jul/2025:13:36:19 +0000] "GET /events/2028-05-24/ HTTP/1.1" 200 19464 "https://teamhachem.com/events/2028-05-24" "Mozilla/5.0 AppleWebKit/537.36 (KHTML, like Gecko; compatible; ClaudeBot/1.0; [email protected])"
209.74.77.214 - - [13/Jul/2025:13:37:05 +0000] "POST /wp-cron.php?doing_wp_cron=1752413825.1422679424285888671875 HTTP/1.1" 200 - "-" "WordPress/6.8.1; https://teamhachem.com"
216.73.216.126 - - [13/Jul/2025:13:37:03 +0000] "GET /events/list/?tribe-bar-date=2028-04-19 HTTP/1.1" 200 19787 "-" "Mozilla/5.0 AppleWebKit/537.36 (KHTML, like Gecko; compatible; ClaudeBot/1.0; [email protected])"
209.74.77.214 - - [13/Jul/2025:13:38:00 +0000] "POST /wp-cron.php?doing_wp_cron=1752413880.7751889228820800781250 HTTP/1.1" 200 - "-" "WordPress/6.8.1; https://teamhachem.com"
216.73.216.126 - - [13/Jul/2025:13:37:59 +0000] "GET /events/list/?eventDisplay=past&tribe-bar-date=2028-03-07 HTTP/1.1" 200 20207 "-" "Mozilla/5.0 AppleWebKit/537.36 (KHTML, like Gecko; compatible; ClaudeBot/1.0; [email protected])"
209.74.77.214 - - [13/Jul/2025:13:38:35 +0000] "POST /wp-cron.php?doing_wp_cron=1752413915.7145059108734130859375 HTTP/1.1" 200 - "-" "WordPress/6.8.1; https://teamhachem.com"
216.73.216.126 - - [13/Jul/2025:13:38:33 +0000] "GET /events/list/?tribe-bar-date=2028-04-24 HTTP/1.1" 200 19796 "-" "Mozilla/5.0 AppleWebKit/537.36 (KHTML, like Gecko; compatible; ClaudeBot/1.0; [email protected])"
51.222.253.16 - - [13/Jul/2025:13:38:43 +0000] "GET /events/list/?tribe-bar-date=2026-01-17 HTTP/1.1" 200 19802 "-" "Mozilla/5.0 (compatible; AhrefsBot/7.0; +http://ahrefs.com/robot/)"
209.74.77.214 - - [13/Jul/2025:13:39:11 +0000] "POST /wp-cron.php?doing_wp_cron=1752413951.1317670345306396484375 HTTP/1.1" 200 - "-" "WordPress/6.8.1; https://teamhachem.com"
216.73.216.126 - - [13/Jul/2025:13:39:10 +0000] "GET /events/list/?tribe-bar-date=2028-04-21 HTTP/1.1" 200 19784 "-" "Mozilla/5.0 AppleWebKit/537.36 (KHTML, like Gecko; compatible; ClaudeBot/1.0; [email protected])"
209.74.77.214 - - [13/Jul/2025:13:40:02 +0000] "POST /wp-cron.php?doing_wp_cron=1752414002.4579629898071289062500 HTTP/1.1" 200 - "-" "WordPress/6.8.1; https://teamhachem.com"
216.73.216.126 - - [13/Jul/2025:13:40:00 +0000] "GET /events/list/?tribe-bar-date=2028-04-25 HTTP/1.1" 200 19802 "-" "Mozilla/5.0 AppleWebKit/537.36 (KHTML, like Gecko; compatible; ClaudeBot/1.0; [email protected])"
209.74.77.214 - - [13/Jul/2025:13:40:28 +0000] "POST /wp-cron.php?doing_wp_cron=1752414028.6329689025878906250000 HTTP/1.1" 200 - "-" "WordPress/6.8.1; https://teamhachem.com"
216.73.216.126 - - [13/Jul/2025:13:40:28 +0000] "GET /events/list/?eventDisplay=past&ical=1&tribe-bar-date=2027-12-03 HTTP/1.1" 200 1292 "-" "Mozilla/5.0 AppleWebKit/537.36 (KHTML, like Gecko; compatible; ClaudeBot/1.0; [email protected])"
209.74.77.214 - - [13/Jul/2025:13:41:22 +0000] "POST /wp-cron.php?doing_wp_cron=1752414082.7034180164337158203125 HTTP/1.1" 200 - "-" "WordPress/6.8.1; https://teamhachem.com"
216.73.216.126 - - [13/Jul/2025:13:41:21 +0000] "GET /events/list/?tribe-bar-date=2028-04-27 HTTP/1.1" 200 19790 "-" "Mozilla/5.0 AppleWebKit/537.36 (KHTML, like Gecko; compatible; ClaudeBot/1.0; [email protected])"
209.74.77.214 - - [13/Jul/2025:13:41:57 +0000] "POST /wp-cron.php?doing_wp_cron=1752414117.1563420295715332031250 HTTP/1.1" 200 - "-" "WordPress/6.8.1; https://teamhachem.com"
216.73.216.126 - - [13/Jul/2025:13:41:55 +0000] "GET /events/2028-05-27 HTTP/1.1" 301 - "-" "Mozilla/5.0 AppleWebKit/537.36 (KHTML, like Gecko; compatible; ClaudeBot/1.0; [email protected])"
216.73.216.126 - - [13/Jul/2025:13:41:57 +0000] "GET /events/2028-05-27/ HTTP/1.1" 200 19477 "https://teamhachem.com/events/2028-05-27" "Mozilla/5.0 AppleWebKit/537.36 (KHTML, like Gecko; compatible; ClaudeBot/1.0; [email protected])"
209.74.77.214 - - [13/Jul/2025:13:42:21 +0000] "POST /wp-cron.php?doing_wp_cron=1752414141.8282721042633056640625 HTTP/1.1" 200 - "-" "WordPress/6.8.1; https://teamhachem.com"
34.204.150.196 - - [13/Jul/2025:13:42:21 +0000] "GET /events/month/2024-01/ HTTP/1.1" 200 22833 "-" "Mozilla/5.0 AppleWebKit/537.36 (KHTML, like Gecko; compatible; Amazonbot/0.1; +https://developer.amazon.com/support/amazonbot) Chrome/119.0.6045.214 Safari/537.36"
3.215.59.93 - - [13/Jul/2025:13:42:24 +0000] "GET /events/list/?tribe-bar-date=2026-08-22 HTTP/1.1" 200 19786 "-" "Mozilla/5.0 AppleWebKit/537.36 (KHTML, like Gecko; compatible; Amazonbot/0.1; +https://developer.amazon.com/support/amazonbot) Chrome/119.0.6045.214 Safari/537.36"
216.73.216.126 - - [13/Jul/2025:13:42:30 +0000] "GET /events/list/?tribe-bar-date=2028-04-29 HTTP/1.1" 200 19792 "-" "Mozilla/5.0 AppleWebKit/537.36 (KHTML, like Gecko; compatible; ClaudeBot/1.0; [email protected])"
209.74.77.214 - - [13/Jul/2025:13:42:52 +0000] "POST /wp-cron.php?doing_wp_cron=1752414172.9878671169281005859375 HTTP/1.1" 200 - "-" "WordPress/6.8.1; https://teamhachem.com"
51.222.253.8 - - [13/Jul/2025:13:42:52 +0000] "GET /events/list/?tribe-bar-date=2026-03-15 HTTP/1.1" 200 19808 "-" "Mozilla/5.0 (compatible; AhrefsBot/7.0; +http://ahrefs.com/robot/)"
209.74.77.214 - - [13/Jul/2025:13:43:14 +0000] "POST /wp-cron.php?doing_wp_cron=1752414194.4603080749511718750000 HTTP/1.1" 200 - "-" "WordPress/6.8.1; https://teamhachem.com"
216.73.216.126 - - [13/Jul/2025:13:43:14 +0000] "GET /events/2028-05-29 HTTP/1.1" 301 - "-" "Mozilla/5.0 AppleWebKit/537.36 (KHTML, like Gecko; compatible; ClaudeBot/1.0; [email protected])"
216.73.216.126 - - [13/Jul/2025:13:43:14 +0000] "GET /events/2028-05-29/ HTTP/1.1" 200 19473 "https://teamhachem.com/events/2028-05-29" "Mozilla/5.0 AppleWebKit/537.36 (KHTML, like Gecko; compatible; ClaudeBot/1.0; [email protected])"
209.74.77.214 - - [13/Jul/2025:13:43:50 +0000] "POST /wp-cron.php?doing_wp_cron=1752414230.5445311069488525390625 HTTP/1.1" 200 - "-" "WordPress/6.8.1; https://teamhachem.com"
216.73.216.126 - - [13/Jul/2025:13:43:48 +0000] "GET /events/list/?eventDisplay=past&tribe-bar-date=2028-03-16 HTTP/1.1" 200 20219 "-" "Mozilla/5.0 AppleWebKit/537.36 (KHTML, like Gecko; compatible; ClaudeBot/1.0; [email protected])"
209.74.77.214 - - [13/Jul/2025:13:44:25 +0000] "POST /wp-cron.php?doing_wp_cron=1752414265.8156690597534179687500 HTTP/1.1" 200 - "-" "WordPress/6.8.1; https://teamhachem.com"
216.73.216.126 - - [13/Jul/2025:13:44:23 +0000] "GET /events/list/?eventDisplay=past&tribe-bar-date=2028-03-10 HTTP/1.1" 200 20212 "-" "Mozilla/5.0 AppleWebKit/537.36 (KHTML, like Gecko; compatible; ClaudeBot/1.0; [email protected])"
85.208.96.200 - - [13/Jul/2025:13:44:33 +0000] "GET /robots.txt HTTP/1.1" 200 154 "-" "Mozilla/5.0 (compatible; SemrushBot/7~bl; +http://www.semrush.com/bot.html)"
185.191.171.10 - - [13/Jul/2025:13:44:34 +0000] "GET /events/2025-01-31/ HTTP/1.1" 200 19480 "-" "Mozilla/5.0 (compatible; SemrushBot/7~bl; +http://www.semrush.com/bot.html)"
209.74.77.214 - - [13/Jul/2025:13:45:14 +0000] "POST /wp-cron.php?doing_wp_cron=1752414314.9127929210662841796875 HTTP/1.1" 200 - "-" "WordPress/6.8.1; https://teamhachem.com"
216.73.216.126 - - [13/Jul/2025:13:45:13 +0000] "GET /events/list/?eventDisplay=past&tribe-bar-date=2028-03-11 HTTP/1.1" 200 20213 "-" "Mozilla/5.0 AppleWebKit/537.36 (KHTML, like Gecko; compatible; ClaudeBot/1.0; [email protected])"
209.74.77.214 - - [13/Jul/2025:13:46:03 +0000] "POST /wp-cron.php?doing_wp_cron=1752414363.6473538875579833984375 HTTP/1.1" 200 - "-" "WordPress/6.8.1; https://teamhachem.com"
216.73.216.126 - - [13/Jul/2025:13:46:01 +0000] "GET /events/2028-05-15 HTTP/1.1" 301 - "-" "Mozilla/5.0 AppleWebKit/537.36 (KHTML, like Gecko; compatible; ClaudeBot/1.0; [email protected])"
216.73.216.126 - - [13/Jul/2025:13:46:03 +0000] "GET /events/2028-05-15/ HTTP/1.1" 200 19475 "https://teamhachem.com/events/2028-05-15" "Mozilla/5.0 AppleWebKit/537.36 (KHTML, like Gecko; compatible; ClaudeBot/1.0; [email protected])"
209.74.77.214 - - [13/Jul/2025:13:46:44 +0000] "POST /wp-cron.php?doing_wp_cron=1752414404.0667500495910644531250 HTTP/1.1" 200 - "-" "WordPress/6.8.1; https://teamhachem.com"
216.73.216.126 - - [13/Jul/2025:13:46:42 +0000] "GET /events/2028-04-05/?ical=1 HTTP/1.1" 200 1136 "-" "Mozilla/5.0 AppleWebKit/537.36 (KHTML, like Gecko; compatible; ClaudeBot/1.0; [email protected])"
209.74.77.214 - - [13/Jul/2025:13:47:21 +0000] "POST /wp-cron.php?doing_wp_cron=1752414441.6340229511260986328125 HTTP/1.1" 200 - "-" "WordPress/6.8.1; https://teamhachem.com"
209.74.77.214 - - [13/Jul/2025:13:47:21 +0000] "POST /wp-cron.php?doing_wp_cron=1752414441.6340210437774658203125 HTTP/1.1" 200 - "-" "WordPress/6.8.1; https://teamhachem.com"
51.222.253.15 - - [13/Jul/2025:13:47:21 +0000] "GET /events/list/?tribe-bar-date=2026-03-08 HTTP/1.1" 200 19804 "-" "Mozilla/5.0 (compatible; AhrefsBot/7.0; +http://ahrefs.com/robot/)"
216.73.216.126 - - [13/Jul/2025:13:47:19 +0000] "GET /events/list/?eventDisplay=past&tribe-bar-date=2028-03-30 HTTP/1.1" 200 20218 "-" "Mozilla/5.0 AppleWebKit/537.36 (KHTML, like Gecko; compatible; ClaudeBot/1.0; [email protected])"
209.74.77.214 - - [13/Jul/2025:13:47:55 +0000] "POST /wp-cron.php?doing_wp_cron=1752414475.7927010059356689453125 HTTP/1.1" 200 - "-" "WordPress/6.8.1; https://teamhachem.com"
216.73.216.126 - - [13/Jul/2025:13:47:53 +0000] "GET /events/list/?eventDisplay=past&ical=1&tribe-bar-date=2027-12-24 HTTP/1.1" 200 1292 "-" "Mozilla/5.0 AppleWebKit/537.36 (KHTML, like Gecko; compatible; ClaudeBot/1.0; [email protected])"
209.74.77.214 - - [13/Jul/2025:13:48:48 +0000] "POST /wp-cron.php?doing_wp_cron=1752414528.8476479053497314453125 HTTP/1.1" 200 - "-" "WordPress/6.8.1; https://teamhachem.com"
216.73.216.126 - - [13/Jul/2025:13:48:46 +0000] "GET /events/list/?tribe-bar-date=2028-04-15 HTTP/1.1" 200 19793 "-" "Mozilla/5.0 AppleWebKit/537.36 (KHTML, like Gecko; compatible; ClaudeBot/1.0; [email protected])"
209.74.77.214 - - [13/Jul/2025:13:49:22 +0000] "POST /wp-cron.php?doing_wp_cron=1752414562.0528430938720703125000 HTTP/1.1" 200 - "-" "WordPress/6.8.1; https://teamhachem.com"
216.73.216.126 - - [13/Jul/2025:13:49:20 +0000] "GET /events/2028-04-29/?ical=1 HTTP/1.1" 200 1138 "-" "Mozilla/5.0 AppleWebKit/537.36 (KHTML, like Gecko; compatible; ClaudeBot/1.0; [email protected])"
209.74.77.214 - - [13/Jul/2025:13:50:13 +0000] "POST /wp-cron.php?doing_wp_cron=1752414613.2647900581359863281250 HTTP/1.1" 200 - "-" "WordPress/6.8.1; https://teamhachem.com"
216.73.216.126 - - [13/Jul/2025:13:50:11 +0000] "GET /events/list/?tribe-bar-date=2028-04-28 HTTP/1.1" 200 19801 "-" "Mozilla/5.0 AppleWebKit/537.36 (KHTML, like Gecko; compatible; ClaudeBot/1.0; [email protected])"
209.74.77.214 - - [13/Jul/2025:13:50:59 +0000] "POST /wp-cron.php?doing_wp_cron=1752414659.5067930221557617187500 HTTP/1.1" 200 - "-" "WordPress/6.8.1; https://teamhachem.com"
216.73.216.126 - - [13/Jul/2025:13:50:57 +0000] "GET /events/list/?eventDisplay=past&tribe-bar-date=2028-03-19 HTTP/1.1" 200 20220 "-" "Mozilla/5.0 AppleWebKit/537.36 (KHTML, like Gecko; compatible; ClaudeBot/1.0; [email protected])"
209.74.77.214 - - [13/Jul/2025:13:51:44 +0000] "POST /wp-cron.php?doing_wp_cron=1752414704.2232830524444580078125 HTTP/1.1" 200 - "-" "WordPress/6.8.1; https://teamhachem.com"
51.222.253.4 - - [13/Jul/2025:13:51:42 +0000] "GET /events/list/?tribe-bar-date=2026-03-20 HTTP/1.1" 200 19796 "-" "Mozilla/5.0 (compatible; AhrefsBot/7.0; +http://ahrefs.com/robot/)"
209.74.77.214 - - [13/Jul/2025:13:51:46 +0000] "POST /wp-cron.php?doing_wp_cron=1752414706.6199700832366943359375 HTTP/1.1" 200 - "-" "WordPress/6.8.1; https://teamhachem.com"
216.73.216.126 - - [13/Jul/2025:13:51:46 +0000] "GET /events/2028-05-28 HTTP/1.1" 301 - "-" "Mozilla/5.0 AppleWebKit/537.36 (KHTML, like Gecko; compatible; ClaudeBot/1.0; [email protected])"
216.73.216.126 - - [13/Jul/2025:13:51:46 +0000] "GET /events/2028-05-28/ HTTP/1.1" 200 19462 "https://teamhachem.com/events/2028-05-28" "Mozilla/5.0 AppleWebKit/537.36 (KHTML, like Gecko; compatible; ClaudeBot/1.0; [email protected])"
209.74.77.214 - - [13/Jul/2025:13:52:37 +0000] "POST /wp-cron.php?doing_wp_cron=1752414757.3650920391082763671875 HTTP/1.1" 200 - "-" "WordPress/6.8.1; https://teamhachem.com"
216.73.216.126 - - [13/Jul/2025:13:52:35 +0000] "GET /events/list/?eventDisplay=past&tribe-bar-date=2028-03-24 HTTP/1.1" 200 20222 "-" "Mozilla/5.0 AppleWebKit/537.36 (KHTML, like Gecko; compatible; ClaudeBot/1.0; [email protected])"
209.74.77.214 - - [13/Jul/2025:13:53:13 +0000] "POST /wp-cron.php?doing_wp_cron=1752414793.5619659423828125000000 HTTP/1.1" 200 - "-" "WordPress/6.8.1; https://teamhachem.com"
216.73.216.126 - - [13/Jul/2025:13:53:11 +0000] "GET /events/month/2028-06 HTTP/1.1" 301 - "-" "Mozilla/5.0 AppleWebKit/537.36 (KHTML, like Gecko; compatible; ClaudeBot/1.0; [email protected])"
216.73.216.126 - - [13/Jul/2025:13:53:13 +0000] "GET /events/month/2028-06/ HTTP/1.1" 200 24574 "https://teamhachem.com/events/month/2028-06" "Mozilla/5.0 AppleWebKit/537.36 (KHTML, like Gecko; compatible; ClaudeBot/1.0; [email protected])"
209.74.77.214 - - [13/Jul/2025:13:53:46 +0000] "POST /wp-cron.php?doing_wp_cron=1752414826.6985208988189697265625 HTTP/1.1" 200 - "-" "WordPress/6.8.1; https://teamhachem.com"
216.73.216.126 - - [13/Jul/2025:13:53:44 +0000] "GET /events/month/2028-05/?outlook-ical=1 HTTP/1.1" 200 1132 "-" "Mozilla/5.0 AppleWebKit/537.36 (KHTML, like Gecko; compatible; ClaudeBot/1.0; [email protected])"
209.74.77.214 - - [13/Jul/2025:13:54:13 +0000] "POST /wp-cron.php?doing_wp_cron=1752414853.5473690032958984375000 HTTP/1.1" 200 - "-" "WordPress/6.8.1; https://teamhachem.com"
4.227.36.117 - - [13/Jul/2025:13:54:13 +0000] "GET /robots.txt HTTP/1.1" 200 154 "-" "Mozilla/5.0 AppleWebKit/537.36 (KHTML, like Gecko; compatible; GPTBot/1.2; +https://openai.com/gptbot)"
172.182.211.193 - - [13/Jul/2025:13:54:13 +0000] "GET / HTTP/1.1" 200 22844 "-" "Mozilla/5.0 (Macintosh; Intel Mac OS X 10_15_7) AppleWebKit/537.36 (KHTML, like Gecko) Chrome/131.0.0.0 Safari/537.36; compatible; OAI-SearchBot/1.0; +https://openai.com/searchbot"
216.73.216.126 - - [13/Jul/2025:13:54:29 +0000] "GET /events/month/2028-05/?ical=1 HTTP/1.1" 200 1137 "-" "Mozilla/5.0 AppleWebKit/537.36 (KHTML, like Gecko; compatible; ClaudeBot/1.0; [email protected])"
209.74.77.214 - - [13/Jul/2025:13:55:16 +0000] "POST /wp-cron.php?doing_wp_cron=1752414916.3448090553283691406250 HTTP/1.1" 200 - "-" "WordPress/6.8.1; https://teamhachem.com"
216.73.216.126 - - [13/Jul/2025:13:55:14 +0000] "GET /events/list/?outlook-ical=1&tribe-bar-date=2028-03-20 HTTP/1.1" 200 1132 "-" "Mozilla/5.0 AppleWebKit/537.36 (KHTML, like Gecko; compatible; ClaudeBot/1.0; [email protected])"
209.74.77.214 - - [13/Jul/2025:13:56:17 +0000] "POST /wp-cron.php?doing_wp_cron=1752414977.2911670207977294921875 HTTP/1.1" 200 - "-" "WordPress/6.8.1; https://teamhachem.com"
51.222.253.9 - - [13/Jul/2025:13:56:15 +0000] "GET /events/list/?tribe-bar-date=2026-03-11 HTTP/1.1" 200 19801 "-" "Mozilla/5.0 (compatible; AhrefsBot/7.0; +http://ahrefs.com/robot/)"
209.74.77.214 - - [13/Jul/2025:14:00:13 +0000] "POST /wp-cron.php?doing_wp_cron=1752415213.4112949371337890625000 HTTP/1.1" 200 - "-" "WordPress/6.8.1; https://teamhachem.com"
216.73.216.126 - - [13/Jul/2025:14:00:10 +0000] "GET /robots.txt HTTP/1.1" 200 154 "-" "Mozilla/5.0 AppleWebKit/537.36 (KHTML, like Gecko; compatible; ClaudeBot/1.0; [email protected])"
216.73.216.126 - - [13/Jul/2025:14:00:13 +0000] "GET /events/list/?eventDisplay=past&ical=1&tribe-bar-date=2028-02-22 HTTP/1.1" 200 1290 "-" "Mozilla/5.0 AppleWebKit/537.36 (KHTML, like Gecko; compatible; ClaudeBot/1.0; [email protected])"
209.74.77.214 - - [13/Jul/2025:14:00:51 +0000] "POST /wp-cron.php?doing_wp_cron=1752415251.1632580757141113281250 HTTP/1.1" 200 - "-" "WordPress/6.8.1; https://teamhachem.com"
51.222.253.2 - - [13/Jul/2025:14:00:48 +0000] "GET /events/list/?tribe-bar-date=2026-03-17 HTTP/1.1" 200 19808 "-" "Mozilla/5.0 (compatible; AhrefsBot/7.0; +http://ahrefs.com/robot/)"
216.73.216.126 - - [13/Jul/2025:14:00:51 +0000] "GET /events/list/?eventDisplay=past&tribe-bar-date=2028-03-15 HTTP/1.1" 200 20223 "-" "Mozilla/5.0 AppleWebKit/537.36 (KHTML, like Gecko; compatible; ClaudeBot/1.0; [email protected])"
209.74.77.214 - - [13/Jul/2025:14:02:10 +0000] "POST /wp-cron.php?doing_wp_cron=1752415330.9110519886016845703125 HTTP/1.1" 200 - "-" "WordPress/6.8.1; https://teamhachem.com"
216.73.216.126 - - [13/Jul/2025:14:02:09 +0000] "GET /events/list/?eventDisplay=past&tribe-bar-date=2028-03-28 HTTP/1.1" 200 20219 "-" "Mozilla/5.0 AppleWebKit/537.36 (KHTML, like Gecko; compatible; ClaudeBot/1.0; [email protected])"
209.74.77.214 - - [13/Jul/2025:14:04:48 +0000] "POST /wp-cron.php?doing_wp_cron=1752415488.9584259986877441406250 HTTP/1.1" 200 - "-" "WordPress/6.8.1; https://teamhachem.com"
216.73.216.126 - - [13/Jul/2025:14:04:46 +0000] "GET /events/list/?eventDisplay=past&tribe-bar-date=2028-04-02 HTTP/1.1" 200 20209 "-" "Mozilla/5.0 AppleWebKit/537.36 (KHTML, like Gecko; compatible; ClaudeBot/1.0; [email protected])"
51.222.253.10 - - [13/Jul/2025:14:04:55 +0000] "GET /events/list/?tribe-bar-date=2026-03-14 HTTP/1.1" 200 19799 "-" "Mozilla/5.0 (compatible; AhrefsBot/7.0; +http://ahrefs.com/robot/)"
209.74.77.214 - - [13/Jul/2025:14:05:58 +0000] "POST /wp-cron.php?doing_wp_cron=1752415557.9969139099121093750000 HTTP/1.1" 200 - "-" "WordPress/6.8.1; https://teamhachem.com"
216.73.216.126 - - [13/Jul/2025:14:05:56 +0000] "GET /events/list/?outlook-ical=1&tribe-bar-date=2028-04-02 HTTP/1.1" 200 1132 "-" "Mozilla/5.0 AppleWebKit/537.36 (KHTML, like Gecko; compatible; ClaudeBot/1.0; [email protected])"
209.74.77.214 - - [13/Jul/2025:14:06:22 +0000] "POST /wp-cron.php?doing_wp_cron=1752415582.0945930480957031250000 HTTP/1.1" 200 - "-" "WordPress/6.8.1; https://teamhachem.com"
66.249.73.227 - - [13/Jul/2025:14:06:21 +0000] "GET /robots.txt HTTP/1.1" 200 154 "-" "Mozilla/5.0 (compatible; Googlebot/2.1; +http://www.google.com/bot.html)"
66.249.73.226 - - [13/Jul/2025:14:06:22 +0000] "GET /martial-arts-for-women-the-best-way-of-self-defense/ HTTP/1.1" 200 19205 "-" "Mozilla/5.0 (Linux; Android 6.0.1; Nexus 5X Build/MMB29P) AppleWebKit/537.36 (KHTML, like Gecko) Chrome/137.0.7151.103 Mobile Safari/537.36 (compatible; Googlebot/2.1; +http://www.google.com/bot.html)"
209.74.77.214 - - [13/Jul/2025:14:07:28 +0000] "POST /wp-cron.php?doing_wp_cron=1752415648.4041590690612792968750 HTTP/1.1" 200 - "-" "WordPress/6.8.1; https://teamhachem.com"
85.208.96.205 - - [13/Jul/2025:14:07:26 +0000] "GET /events/list/?eventDisplay=past&tribe-bar-date=2025-08-17 HTTP/1.1" 200 20218 "-" "Mozilla/5.0 (compatible; SemrushBot/7~bl; +http://www.semrush.com/bot.html)"
209.74.77.214 - - [13/Jul/2025:14:08:12 +0000] "POST /wp-cron.php?doing_wp_cron=1752415692.9135410785675048828125 HTTP/1.1" 200 - "-" "WordPress/6.8.1; https://teamhachem.com"
216.73.216.126 - - [13/Jul/2025:14:08:11 +0000] "GET /events/list/?ical=1&tribe-bar-date=2028-03-15 HTTP/1.1" 200 1138 "-" "Mozilla/5.0 AppleWebKit/537.36 (KHTML, like Gecko; compatible; ClaudeBot/1.0; [email protected])"
209.74.77.214 - - [13/Jul/2025:14:09:17 +0000] "POST /wp-cron.php?doing_wp_cron=1752415757.1275629997253417968750 HTTP/1.1" 200 - "-" "WordPress/6.8.1; https://teamhachem.com"
51.222.253.2 - - [13/Jul/2025:14:09:14 +0000] "GET /events/2026-01-10/ HTTP/1.1" 200 19469 "-" "Mozilla/5.0 (compatible; AhrefsBot/7.0; +http://ahrefs.com/robot/)"
209.74.77.214 - - [13/Jul/2025:14:13:22 +0000] "POST /wp-cron.php?doing_wp_cron=1752416002.5489370822906494140625 HTTP/1.1" 200 - "-" "WordPress/6.8.1; https://teamhachem.com"
51.222.253.7 - - [13/Jul/2025:14:13:20 +0000] "GET /events/2026-01-21/ HTTP/1.1" 200 19466 "-" "Mozilla/5.0 (compatible; AhrefsBot/7.0; +http://ahrefs.com/robot/)"
209.74.77.214 - - [13/Jul/2025:14:13:57 +0000] "POST /wp-cron.php?doing_wp_cron=1752416037.8046610355377197265625 HTTP/1.1" 200 - "-" "WordPress/6.8.1; https://teamhachem.com"
216.73.216.126 - - [13/Jul/2025:14:13:55 +0000] "GET /events/list/?ical=1&tribe-bar-date=2028-03-13 HTTP/1.1" 200 1137 "-" "Mozilla/5.0 AppleWebKit/537.36 (KHTML, like Gecko; compatible; ClaudeBot/1.0; [email protected])"
209.74.77.214 - - [13/Jul/2025:14:16:11 +0000] "POST /wp-cron.php?doing_wp_cron=1752416171.3171029090881347656250 HTTP/1.1" 200 - "-" "WordPress/6.8.1; https://teamhachem.com"
216.73.216.126 - - [13/Jul/2025:14:16:08 +0000] "GET /events/list/?eventDisplay=past&tribe-bar-date=2028-03-25 HTTP/1.1" 200 20223 "-" "Mozilla/5.0 AppleWebKit/537.36 (KHTML, like Gecko; compatible; ClaudeBot/1.0; [email protected])"
209.74.77.214 - - [13/Jul/2025:14:17:25 +0000] "POST /wp-cron.php?doing_wp_cron=1752416245.0972800254821777343750 HTTP/1.1" 200 - "-" "WordPress/6.8.1; https://teamhachem.com"
51.222.253.10 - - [13/Jul/2025:14:17:23 +0000] "GET /events/list/?tribe-bar-date=2026-03-06 HTTP/1.1" 200 19798 "-" "Mozilla/5.0 (compatible; AhrefsBot/7.0; +http://ahrefs.com/robot/)"
209.74.77.214 - - [13/Jul/2025:14:19:21 +0000] "POST /wp-cron.php?doing_wp_cron=1752416361.5485498905181884765625 HTTP/1.1" 200 - "-" "WordPress/6.8.1; https://teamhachem.com"
18.213.102.186 - - [13/Jul/2025:14:19:19 +0000] "GET /robots.txt HTTP/1.1" 200 154 "-" "Mozilla/5.0 AppleWebKit/537.36 (KHTML, like Gecko; compatible; Amazonbot/0.1; +https://developer.amazon.com/support/amazonbot) Chrome/119.0.6045.214 Safari/537.36"
52.0.63.151 - - [13/Jul/2025:14:19:24 +0000] "GET /events/list/?eventDisplay=past&tribe-bar-date=2026-07-27 HTTP/1.1" 200 20216 "-" "Mozilla/5.0 AppleWebKit/537.36 (KHTML, like Gecko; compatible; Amazonbot/0.1; +https://developer.amazon.com/support/amazonbot) Chrome/119.0.6045.214 Safari/537.36"
209.74.77.214 - - [13/Jul/2025:14:20:53 +0000] "POST /wp-cron.php?doing_wp_cron=1752416453.6856889724731445312500 HTTP/1.1" 200 - "-" "WordPress/6.8.1; https://teamhachem.com"
198.235.24.171 - - [13/Jul/2025:14:20:51 +0000] "GET / HTTP/1.1" 200 135162 "-" "-"
209.74.77.214 - - [13/Jul/2025:14:22:02 +0000] "POST /wp-cron.php?doing_wp_cron=1752416522.1094470024108886718750 HTTP/1.1" 200 - "-" "WordPress/6.8.1; https://teamhachem.com"
216.73.216.126 - - [13/Jul/2025:14:22:00 +0000] "GET /events/list/?eventDisplay=past&ical=1&tribe-bar-date=2028-02-23 HTTP/1.1" 200 1291 "-" "Mozilla/5.0 AppleWebKit/537.36 (KHTML, like Gecko; compatible; ClaudeBot/1.0; [email protected])"
51.222.253.6 - - [13/Jul/2025:14:22:06 +0000] "GET /events/list/?tribe-bar-date=2025-12-12&eventDisplay=past HTTP/1.1" 200 20210 "-" "Mozilla/5.0 (compatible; AhrefsBot/7.0; +http://ahrefs.com/robot/)"
209.74.77.214 - - [13/Jul/2025:14:22:50 +0000] "POST /wp-cron.php?doing_wp_cron=1752416570.5304999351501464843750 HTTP/1.1" 200 - "-" "WordPress/6.8.1; https://teamhachem.com"
216.73.216.126 - - [13/Jul/2025:14:22:48 +0000] "GET /events/list/?ical=1&tribe-bar-date=2028-03-28 HTTP/1.1" 200 1137 "-" "Mozilla/5.0 AppleWebKit/537.36 (KHTML, like Gecko; compatible; ClaudeBot/1.0; [email protected])"
216.73.216.126 - - [13/Jul/2025:14:22:49 +0000] "GET /events/list/?outlook-ical=1&tribe-bar-date=2028-03-21 HTTP/1.1" 200 1131 "-" "Mozilla/5.0 AppleWebKit/537.36 (KHTML, like Gecko; compatible; ClaudeBot/1.0; [email protected])"
209.74.77.214 - - [13/Jul/2025:14:24:36 +0000] "POST /wp-cron.php?doing_wp_cron=1752416676.8323121070861816406250 HTTP/1.1" 200 - "-" "WordPress/6.8.1; https://teamhachem.com"
216.73.216.126 - - [13/Jul/2025:14:24:35 +0000] "GET /events/list/?tribe-bar-date=2028-04-09 HTTP/1.1" 200 19808 "-" "Mozilla/5.0 AppleWebKit/537.36 (KHTML, like Gecko; compatible; ClaudeBot/1.0; [email protected])"
209.74.77.214 - - [13/Jul/2025:14:25:26 +0000] "POST /wp-cron.php?doing_wp_cron=1752416726.6759660243988037109375 HTTP/1.1" 200 - "-" "WordPress/6.8.1; https://teamhachem.com"
209.74.77.214 - - [13/Jul/2025:14:25:26 +0000] "POST /wp-cron.php?doing_wp_cron=1752416726.6759569644927978515625 HTTP/1.1" 200 - "-" "WordPress/6.8.1; https://teamhachem.com"
216.73.216.126 - - [13/Jul/2025:14:25:24 +0000] "GET /events/list/?outlook-ical=1&tribe-bar-date=2028-03-23 HTTP/1.1" 200 1133 "-" "Mozilla/5.0 AppleWebKit/537.36 (KHTML, like Gecko; compatible; ClaudeBot/1.0; [email protected])"
216.73.216.126 - - [13/Jul/2025:14:25:24 +0000] "GET /events/list/?outlook-ical=1&tribe-bar-date=2028-03-22 HTTP/1.1" 200 1133 "-" "Mozilla/5.0 AppleWebKit/537.36 (KHTML, like Gecko; compatible; ClaudeBot/1.0; [email protected])"
209.74.77.214 - - [13/Jul/2025:14:26:27 +0000] "POST /wp-cron.php?doing_wp_cron=1752416787.7265250682830810546875 HTTP/1.1" 200 - "-" "WordPress/6.8.1; https://teamhachem.com"
51.222.253.8 - - [13/Jul/2025:14:26:25 +0000] "GET /events/list/?tribe-bar-date=2025-12-30&eventDisplay=past HTTP/1.1" 200 20228 "-" "Mozilla/5.0 (compatible; AhrefsBot/7.0; +http://ahrefs.com/robot/)"
209.74.77.214 - - [13/Jul/2025:14:26:57 +0000] "POST /wp-cron.php?doing_wp_cron=1752416817.6475989818572998046875 HTTP/1.1" 200 - "-" "WordPress/6.8.1; https://teamhachem.com"
216.73.216.126 - - [13/Jul/2025:14:26:57 +0000] "GET /events/list/?tribe-bar-date=2028-04-03 HTTP/1.1" 200 19805 "-" "Mozilla/5.0 AppleWebKit/537.36 (KHTML, like Gecko; compatible; ClaudeBot/1.0; [email protected])"
209.74.77.214 - - [13/Jul/2025:14:28:51 +0000] "POST /wp-cron.php?doing_wp_cron=1752416931.2195239067077636718750 HTTP/1.1" 200 - "-" "WordPress/6.8.1; https://teamhachem.com"
185.191.171.15 - - [13/Jul/2025:14:28:49 +0000] "GET /events/list/?tribe-bar-date=2025-05-30 HTTP/1.1" 200 19808 "-" "Mozilla/5.0 (compatible; SemrushBot/7~bl; +http://www.semrush.com/bot.html)"
209.74.77.214 - - [13/Jul/2025:14:30:45 +0000] "POST /wp-cron.php?doing_wp_cron=1752417045.6911671161651611328125 HTTP/1.1" 200 - "-" "WordPress/6.8.1; https://teamhachem.com"
51.222.253.3 - - [13/Jul/2025:14:30:43 +0000] "GET /events/list/?tribe-bar-date=2025-12-13&eventDisplay=past HTTP/1.1" 200 20220 "-" "Mozilla/5.0 (compatible; AhrefsBot/7.0; +http://ahrefs.com/robot/)"
209.74.77.214 - - [13/Jul/2025:14:33:31 +0000] "POST /wp-cron.php?doing_wp_cron=1752417211.6686019897460937500000 HTTP/1.1" 200 - "-" "WordPress/6.8.1; https://teamhachem.com"
216.73.216.126 - - [13/Jul/2025:14:33:29 +0000] "GET /events/list/?eventDisplay=past&tribe-bar-date=2028-03-21 HTTP/1.1" 200 20224 "-" "Mozilla/5.0 AppleWebKit/537.36 (KHTML, like Gecko; compatible; ClaudeBot/1.0; [email protected])"
209.74.77.214 - - [13/Jul/2025:14:34:19 +0000] "POST /wp-cron.php?doing_wp_cron=1752417258.9869439601898193359375 HTTP/1.1" 200 - "-" "WordPress/6.8.1; https://teamhachem.com"
216.73.216.126 - - [13/Jul/2025:14:34:17 +0000] "GET /events/2028-04-07/?ical=1 HTTP/1.1" 200 1137 "-" "Mozilla/5.0 AppleWebKit/537.36 (KHTML, like Gecko; compatible; ClaudeBot/1.0; [email protected])"
209.74.77.214 - - [13/Jul/2025:14:35:20 +0000] "POST /wp-cron.php?doing_wp_cron=1752417320.8186221122741699218750 HTTP/1.1" 200 - "-" "WordPress/6.8.1; https://teamhachem.com"
51.222.253.16 - - [13/Jul/2025:14:35:18 +0000] "GET /events/list/?tribe-bar-date=2026-01-04&eventDisplay=past HTTP/1.1" 200 20216 "-" "Mozilla/5.0 (compatible; AhrefsBot/7.0; +http://ahrefs.com/robot/)"
209.74.77.214 - - [13/Jul/2025:14:36:47 +0000] "POST /wp-cron.php?doing_wp_cron=1752417407.8171799182891845703125 HTTP/1.1" 200 - "-" "WordPress/6.8.1; https://teamhachem.com"
216.73.216.126 - - [13/Jul/2025:14:36:45 +0000] "GET /events/list/?outlook-ical=1&tribe-bar-date=2028-03-13 HTTP/1.1" 200 1131 "-" "Mozilla/5.0 AppleWebKit/537.36 (KHTML, like Gecko; compatible; ClaudeBot/1.0; [email protected])"
209.74.77.214 - - [13/Jul/2025:14:38:31 +0000] "POST /wp-cron.php?doing_wp_cron=1752417511.1884269714355468750000 HTTP/1.1" 200 - "-" "WordPress/6.8.1; https://teamhachem.com"
209.74.77.214 - - [13/Jul/2025:14:38:31 +0000] "POST /wp-cron.php?doing_wp_cron=1752417511.1884329319000244140625 HTTP/1.1" 200 - "-" "WordPress/6.8.1; https://teamhachem.com"
216.73.216.126 - - [13/Jul/2025:14:38:29 +0000] "GET /events/list/?eventDisplay=past&tribe-bar-date=2028-03-12 HTTP/1.1" 200 20222 "-" "Mozilla/5.0 AppleWebKit/537.36 (KHTML, like Gecko; compatible; ClaudeBot/1.0; [email protected])"
216.73.216.126 - - [13/Jul/2025:14:38:30 +0000] "GET /events/list/?tribe-bar-date=2028-04-07 HTTP/1.1" 200 19797 "-" "Mozilla/5.0 AppleWebKit/537.36 (KHTML, like Gecko; compatible; ClaudeBot/1.0; [email protected])"
209.74.77.214 - - [13/Jul/2025:14:39:43 +0000] "POST /wp-cron.php?doing_wp_cron=1752417583.2982349395751953125000 HTTP/1.1" 200 - "-" "WordPress/6.8.1; https://teamhachem.com"
