Current File : /home/kelaby89/access-logs/teamhachem.com.sixpack.studio-ssl_log
209.74.77.214 - - [13/Jul/2025:12:15:40 +0000] "POST /wp-cron.php?doing_wp_cron=1752408940.6899919509887695312500 HTTP/1.1" 200 - "-" "WordPress/6.8.1; https://teamhachem.com"
216.73.216.126 - - [13/Jul/2025:12:15:38 +0000] "GET /events/list/?outlook-ical=1&tribe-bar-date=2028-03-16 HTTP/1.1" 200 1132 "-" "Mozilla/5.0 AppleWebKit/537.36 (KHTML, like Gecko; compatible; ClaudeBot/1.0; [email protected])"
209.74.77.214 - - [13/Jul/2025:12:16:25 +0000] "POST /wp-cron.php?doing_wp_cron=1752408985.8589749336242675781250 HTTP/1.1" 200 - "-" "WordPress/6.8.1; https://teamhachem.com"
209.74.77.214 - - [13/Jul/2025:12:16:25 +0000] "POST /wp-cron.php?doing_wp_cron=1752408985.8590300083160400390625 HTTP/1.1" 200 - "-" "WordPress/6.8.1; https://teamhachem.com"
216.73.216.126 - - [13/Jul/2025:12:16:23 +0000] "GET /events/list/?outlook-ical=1&tribe-bar-date=2028-03-10 HTTP/1.1" 200 1132 "-" "Mozilla/5.0 AppleWebKit/537.36 (KHTML, like Gecko; compatible; ClaudeBot/1.0; [email protected])"
51.222.253.11 - - [13/Jul/2025:12:16:25 +0000] "GET /events/list/?tribe-bar-date=2025-12-16&eventDisplay=past HTTP/1.1" 200 20230 "-" "Mozilla/5.0 (compatible; AhrefsBot/7.0; +http://ahrefs.com/robot/)"
209.74.77.214 - - [13/Jul/2025:12:16:56 +0000] "POST /wp-cron.php?doing_wp_cron=1752409016.9156129360198974609375 HTTP/1.1" 200 - "-" "WordPress/6.8.1; https://teamhachem.com"
216.73.216.126 - - [13/Jul/2025:12:16:56 +0000] "GET /events/list/?outlook-ical=1&tribe-bar-date=2028-03-11 HTTP/1.1" 200 1132 "-" "Mozilla/5.0 AppleWebKit/537.36 (KHTML, like Gecko; compatible; ClaudeBot/1.0; [email protected])"
209.74.77.214 - - [13/Jul/2025:12:17:33 +0000] "POST /wp-cron.php?doing_wp_cron=1752409053.0280239582061767578125 HTTP/1.1" 200 - "-" "WordPress/6.8.1; https://teamhachem.com"
216.73.216.126 - - [13/Jul/2025:12:17:31 +0000] "GET /events/list/?outlook-ical=1&tribe-bar-date=2028-03-30 HTTP/1.1" 200 1131 "-" "Mozilla/5.0 AppleWebKit/537.36 (KHTML, like Gecko; compatible; ClaudeBot/1.0; [email protected])"
209.74.77.214 - - [13/Jul/2025:12:18:17 +0000] "POST /wp-cron.php?doing_wp_cron=1752409097.9567039012908935546875 HTTP/1.1" 200 - "-" "WordPress/6.8.1; https://teamhachem.com"
216.73.216.126 - - [13/Jul/2025:12:18:16 +0000] "GET /events/list/?outlook-ical=1&tribe-bar-date=2028-03-19 HTTP/1.1" 200 1132 "-" "Mozilla/5.0 AppleWebKit/537.36 (KHTML, like Gecko; compatible; ClaudeBot/1.0; [email protected])"
209.74.77.214 - - [13/Jul/2025:12:19:02 +0000] "POST /wp-cron.php?doing_wp_cron=1752409142.9077980518341064453125 HTTP/1.1" 200 - "-" "WordPress/6.8.1; https://teamhachem.com"
209.74.77.214 - - [13/Jul/2025:12:19:02 +0000] "POST /wp-cron.php?doing_wp_cron=1752409142.9076220989227294921875 HTTP/1.1" 200 - "-" "WordPress/6.8.1; https://teamhachem.com"
216.73.216.126 - - [13/Jul/2025:12:19:02 +0000] "GET /events/list/?outlook-ical=1&tribe-bar-date=2028-03-24 HTTP/1.1" 200 1131 "-" "Mozilla/5.0 AppleWebKit/537.36 (KHTML, like Gecko; compatible; ClaudeBot/1.0; [email protected])"
51.222.253.2 - - [13/Jul/2025:12:19:01 +0000] "GET /events/list/?tribe-bar-date=2025-12-26&eventDisplay=past HTTP/1.1" 200 20221 "-" "Mozilla/5.0 (compatible; AhrefsBot/7.0; +http://ahrefs.com/robot/)"
209.74.77.214 - - [13/Jul/2025:12:19:39 +0000] "POST /wp-cron.php?doing_wp_cron=1752409179.8383750915527343750000 HTTP/1.1" 200 - "-" "WordPress/6.8.1; https://teamhachem.com"
216.73.216.126 - - [13/Jul/2025:12:19:38 +0000] "GET /events/list/?ical=1&tribe-bar-date=2028-03-06 HTTP/1.1" 200 1138 "-" "Mozilla/5.0 AppleWebKit/537.36 (KHTML, like Gecko; compatible; ClaudeBot/1.0; [email protected])"
209.74.77.214 - - [13/Jul/2025:12:20:12 +0000] "POST /wp-cron.php?doing_wp_cron=1752409212.4102520942687988281250 HTTP/1.1" 200 - "-" "WordPress/6.8.1; https://teamhachem.com"
216.73.216.126 - - [13/Jul/2025:12:20:10 +0000] "GET /events/list/?ical=1&tribe-bar-date=2028-03-07 HTTP/1.1" 200 1138 "-" "Mozilla/5.0 AppleWebKit/537.36 (KHTML, like Gecko; compatible; ClaudeBot/1.0; [email protected])"
209.74.77.214 - - [13/Jul/2025:12:20:57 +0000] "POST /wp-cron.php?doing_wp_cron=1752409257.5170540809631347656250 HTTP/1.1" 200 - "-" "WordPress/6.8.1; https://teamhachem.com"
216.73.216.126 - - [13/Jul/2025:12:20:55 +0000] "GET /events/2028-04-06/?outlook-ical=1 HTTP/1.1" 200 1132 "-" "Mozilla/5.0 AppleWebKit/537.36 (KHTML, like Gecko; compatible; ClaudeBot/1.0; [email protected])"
209.74.77.214 - - [13/Jul/2025:12:21:15 +0000] "POST /wp-cron.php?doing_wp_cron=1752409275.1298360824584960937500 HTTP/1.1" 200 - "-" "WordPress/6.8.1; https://teamhachem.com"
51.222.253.2 - - [13/Jul/2025:12:21:14 +0000] "GET /events/list/?tribe-bar-date=2025-12-11&eventDisplay=past HTTP/1.1" 200 20221 "-" "Mozilla/5.0 (compatible; AhrefsBot/7.0; +http://ahrefs.com/robot/)"
216.73.216.126 - - [13/Jul/2025:12:21:31 +0000] "GET /events/list/?ical=1&tribe-bar-date=2028-03-16 HTTP/1.1" 200 1138 "-" "Mozilla/5.0 AppleWebKit/537.36 (KHTML, like Gecko; compatible; ClaudeBot/1.0; [email protected])"
209.74.77.214 - - [13/Jul/2025:12:22:27 +0000] "POST /wp-cron.php?doing_wp_cron=1752409347.7329759597778320312500 HTTP/1.1" 200 - "-" "WordPress/6.8.1; https://teamhachem.com"
216.73.216.126 - - [13/Jul/2025:12:22:25 +0000] "GET /events/list/?ical=1&tribe-bar-date=2028-03-10 HTTP/1.1" 200 1137 "-" "Mozilla/5.0 AppleWebKit/537.36 (KHTML, like Gecko; compatible; ClaudeBot/1.0; [email protected])"
209.74.77.214 - - [13/Jul/2025:12:23:17 +0000] "POST /wp-cron.php?doing_wp_cron=1752409397.6211740970611572265625 HTTP/1.1" 200 - "-" "WordPress/6.8.1; https://teamhachem.com"
216.73.216.126 - - [13/Jul/2025:12:23:15 +0000] "GET /events/list/?ical=1&tribe-bar-date=2028-03-11 HTTP/1.1" 200 1138 "-" "Mozilla/5.0 AppleWebKit/537.36 (KHTML, like Gecko; compatible; ClaudeBot/1.0; [email protected])"
85.208.96.193 - - [13/Jul/2025:12:23:29 +0000] "GET /robots.txt HTTP/1.1" 200 154 "-" "Mozilla/5.0 (compatible; SemrushBot/7~bl; +http://www.semrush.com/bot.html)"
85.208.96.193 - - [13/Jul/2025:12:23:29 +0000] "GET /events/list/ HTTP/1.1" 200 19731 "-" "Mozilla/5.0 (compatible; SemrushBot/7~bl; +http://www.semrush.com/bot.html)"
51.222.253.14 - - [13/Jul/2025:12:23:45 +0000] "GET /events/list/?tribe-bar-date=2025-12-19&eventDisplay=past HTTP/1.1" 200 20208 "-" "Mozilla/5.0 (compatible; AhrefsBot/7.0; +http://ahrefs.com/robot/)"
209.74.77.214 - - [13/Jul/2025:12:23:49 +0000] "POST /wp-cron.php?doing_wp_cron=1752409429.4327650070190429687500 HTTP/1.1" 200 - "-" "WordPress/6.8.1; https://teamhachem.com"
216.73.216.126 - - [13/Jul/2025:12:23:49 +0000] "GET /events/2028-04-10/?outlook-ical=1 HTTP/1.1" 200 1131 "-" "Mozilla/5.0 AppleWebKit/537.36 (KHTML, like Gecko; compatible; ClaudeBot/1.0; [email protected])"
209.74.77.214 - - [13/Jul/2025:12:24:28 +0000] "POST /wp-cron.php?doing_wp_cron=1752409468.0775070190429687500000 HTTP/1.1" 200 - "-" "WordPress/6.8.1; https://teamhachem.com"
216.73.216.126 - - [13/Jul/2025:12:24:26 +0000] "GET /events/list/?ical=1&tribe-bar-date=2028-03-30 HTTP/1.1" 200 1138 "-" "Mozilla/5.0 AppleWebKit/537.36 (KHTML, like Gecko; compatible; ClaudeBot/1.0; [email protected])"
209.74.77.214 - - [13/Jul/2025:12:25:08 +0000] "POST /wp-cron.php?doing_wp_cron=1752409508.1642251014709472656250 HTTP/1.1" 200 - "-" "WordPress/6.8.1; https://teamhachem.com"
216.73.216.126 - - [13/Jul/2025:12:25:06 +0000] "GET /events/2028-04-15/?outlook-ical=1 HTTP/1.1" 200 1131 "-" "Mozilla/5.0 AppleWebKit/537.36 (KHTML, like Gecko; compatible; ClaudeBot/1.0; [email protected])"
54.156.248.117 - - [13/Jul/2025:12:25:09 +0000] "GET /events/list/?eventDisplay=past&tribe-bar-date=2026-06-17 HTTP/1.1" 200 20222 "-" "Mozilla/5.0 AppleWebKit/537.36 (KHTML, like Gecko; compatible; Amazonbot/0.1; +https://developer.amazon.com/support/amazonbot) Chrome/119.0.6045.214 Safari/537.36"
209.74.77.214 - - [13/Jul/2025:12:25:12 +0000] "POST /wp-cron.php?doing_wp_cron=1752409512.9516689777374267578125 HTTP/1.1" 200 - "-" "WordPress/6.8.1; https://teamhachem.com"
3.219.80.71 - - [13/Jul/2025:12:25:12 +0000] "GET /events/list/?tribe-bar-date=2026-08-16 HTTP/1.1" 200 19798 "-" "Mozilla/5.0 AppleWebKit/537.36 (KHTML, like Gecko; compatible; Amazonbot/0.1; +https://developer.amazon.com/support/amazonbot) Chrome/119.0.6045.214 Safari/537.36"
34.192.125.239 - - [13/Jul/2025:12:25:17 +0000] "GET /events/list/?tribe-bar-date=2026-08-03 HTTP/1.1" 200 19784 "-" "Mozilla/5.0 AppleWebKit/537.36 (KHTML, like Gecko; compatible; Amazonbot/0.1; +https://developer.amazon.com/support/amazonbot) Chrome/119.0.6045.214 Safari/537.36"
35.174.253.85 - - [13/Jul/2025:12:25:22 +0000] "GET /events/list/?tribe-bar-date=2026-08-08 HTTP/1.1" 200 19793 "-" "Mozilla/5.0 AppleWebKit/537.36 (KHTML, like Gecko; compatible; Amazonbot/0.1; +https://developer.amazon.com/support/amazonbot) Chrome/119.0.6045.214 Safari/537.36"
209.74.77.214 - - [13/Jul/2025:12:25:53 +0000] "POST /wp-cron.php?doing_wp_cron=1752409553.0362958908081054687500 HTTP/1.1" 200 - "-" "WordPress/6.8.1; https://teamhachem.com"
216.73.216.126 - - [13/Jul/2025:12:25:52 +0000] "GET /events/list/?ical=1&tribe-bar-date=2028-03-19 HTTP/1.1" 200 1138 "-" "Mozilla/5.0 AppleWebKit/537.36 (KHTML, like Gecko; compatible; ClaudeBot/1.0; [email protected])"
209.74.77.214 - - [13/Jul/2025:12:26:15 +0000] "POST /wp-cron.php?doing_wp_cron=1752409575.1112608909606933593750 HTTP/1.1" 200 - "-" "WordPress/6.8.1; https://teamhachem.com"
51.222.253.1 - - [13/Jul/2025:12:26:14 +0000] "GET /events/list/?tribe-bar-date=2025-12-08&eventDisplay=past HTTP/1.1" 200 20223 "-" "Mozilla/5.0 (compatible; AhrefsBot/7.0; +http://ahrefs.com/robot/)"
216.73.216.126 - - [13/Jul/2025:12:26:27 +0000] "GET /events/2028-06-01 HTTP/1.1" 301 - "-" "Mozilla/5.0 AppleWebKit/537.36 (KHTML, like Gecko; compatible; ClaudeBot/1.0; [email protected])"
216.73.216.126 - - [13/Jul/2025:12:26:27 +0000] "GET /events/2028-06-01/ HTTP/1.1" 200 19473 "https://teamhachem.com/events/2028-06-01" "Mozilla/5.0 AppleWebKit/537.36 (KHTML, like Gecko; compatible; ClaudeBot/1.0; [email protected])"
209.74.77.214 - - [13/Jul/2025:12:27:06 +0000] "POST /wp-cron.php?doing_wp_cron=1752409626.4350140094757080078125 HTTP/1.1" 200 - "-" "WordPress/6.8.1; https://teamhachem.com"
216.73.216.126 - - [13/Jul/2025:12:27:04 +0000] "GET /events/list/?ical=1&tribe-bar-date=2028-03-24 HTTP/1.1" 200 1138 "-" "Mozilla/5.0 AppleWebKit/537.36 (KHTML, like Gecko; compatible; ClaudeBot/1.0; [email protected])"
209.74.77.214 - - [13/Jul/2025:12:27:29 +0000] "POST /wp-cron.php?doing_wp_cron=1752409649.6956388950347900390625 HTTP/1.1" 200 - "-" "WordPress/6.8.1; https://teamhachem.com"
185.191.171.14 - - [13/Jul/2025:12:27:29 +0000] "GET /events/list/?tribe-bar-date=2025-01-21 HTTP/1.1" 200 19786 "-" "Mozilla/5.0 (compatible; SemrushBot/7~bl; +http://www.semrush.com/bot.html)"
209.74.77.214 - - [13/Jul/2025:12:27:50 +0000] "POST /wp-cron.php?doing_wp_cron=1752409670.4584329128265380859375 HTTP/1.1" 200 - "-" "WordPress/6.8.1; https://teamhachem.com"
216.73.216.126 - - [13/Jul/2025:12:27:50 +0000] "GET /events/2028-04-08/?outlook-ical=1 HTTP/1.1" 200 1132 "-" "Mozilla/5.0 AppleWebKit/537.36 (KHTML, like Gecko; compatible; ClaudeBot/1.0; [email protected])"
209.74.77.214 - - [13/Jul/2025:12:28:29 +0000] "POST /wp-cron.php?doing_wp_cron=1752409709.5952310562133789062500 HTTP/1.1" 200 - "-" "WordPress/6.8.1; https://teamhachem.com"
216.73.216.126 - - [13/Jul/2025:12:28:27 +0000] "GET /events/2028-04-21/?outlook-ical=1 HTTP/1.1" 200 1131 "-" "Mozilla/5.0 AppleWebKit/537.36 (KHTML, like Gecko; compatible; ClaudeBot/1.0; [email protected])"
209.74.77.214 - - [13/Jul/2025:12:29:06 +0000] "POST /wp-cron.php?doing_wp_cron=1752409746.6702830791473388671875 HTTP/1.1" 200 - "-" "WordPress/6.8.1; https://teamhachem.com"
216.73.216.126 - - [13/Jul/2025:12:29:04 +0000] "GET /events/2028-04-30/?outlook-ical=1 HTTP/1.1" 200 1133 "-" "Mozilla/5.0 AppleWebKit/537.36 (KHTML, like Gecko; compatible; ClaudeBot/1.0; [email protected])"
209.74.77.214 - - [13/Jul/2025:12:29:40 +0000] "POST /wp-cron.php?doing_wp_cron=1752409780.6581330299377441406250 HTTP/1.1" 200 - "-" "WordPress/6.8.1; https://teamhachem.com"
51.222.253.1 - - [13/Jul/2025:12:29:38 +0000] "GET /wp-sitemap.xml HTTP/1.1" 200 325 "-" "Mozilla/5.0 (compatible; AhrefsBot/7.0; +http://ahrefs.com/robot/)"
209.74.77.214 - - [13/Jul/2025:12:29:49 +0000] "POST /wp-cron.php?doing_wp_cron=1752409789.9689750671386718750000 HTTP/1.1" 200 - "-" "WordPress/6.8.1; https://teamhachem.com"
51.222.253.13 - - [13/Jul/2025:12:29:49 +0000] "GET /wp-sitemap-posts-post-1.xml HTTP/1.1" 200 937 "-" "Mozilla/5.0 (compatible; AhrefsBot/7.0; +http://ahrefs.com/robot/)"
51.222.253.7 - - [13/Jul/2025:12:29:52 +0000] "GET /wp-sitemap-posts-page-1.xml HTTP/1.1" 200 805 "-" "Mozilla/5.0 (compatible; AhrefsBot/7.0; +http://ahrefs.com/robot/)"
51.222.253.2 - - [13/Jul/2025:12:29:54 +0000] "GET /wp-sitemap-posts-product-1.xml HTTP/1.1" 200 361 "-" "Mozilla/5.0 (compatible; AhrefsBot/7.0; +http://ahrefs.com/robot/)"
216.73.216.126 - - [13/Jul/2025:12:29:54 +0000] "GET /events/2028-04-28/?outlook-ical=1 HTTP/1.1" 200 1133 "-" "Mozilla/5.0 AppleWebKit/537.36 (KHTML, like Gecko; compatible; ClaudeBot/1.0; [email protected])"
51.222.253.17 - - [13/Jul/2025:12:29:55 +0000] "GET /wp-sitemap-posts-testimonials-1.xml HTTP/1.1" 200 389 "-" "Mozilla/5.0 (compatible; AhrefsBot/7.0; +http://ahrefs.com/robot/)"
51.222.253.5 - - [13/Jul/2025:12:29:57 +0000] "GET /wp-sitemap-posts-sections-1.xml HTTP/1.1" 200 222 "-" "Mozilla/5.0 (compatible; AhrefsBot/7.0; +http://ahrefs.com/robot/)"
51.222.253.15 - - [13/Jul/2025:12:29:59 +0000] "GET /wp-sitemap-posts-services-1.xml HTTP/1.1" 200 380 "-" "Mozilla/5.0 (compatible; AhrefsBot/7.0; +http://ahrefs.com/robot/)"
51.222.253.7 - - [13/Jul/2025:12:30:01 +0000] "GET /wp-sitemap-posts-sliders-1.xml HTTP/1.1" 200 346 "-" "Mozilla/5.0 (compatible; AhrefsBot/7.0; +http://ahrefs.com/robot/)"
51.222.253.2 - - [13/Jul/2025:12:30:04 +0000] "GET /wp-sitemap-posts-gallery-1.xml HTTP/1.1" 200 318 "-" "Mozilla/5.0 (compatible; AhrefsBot/7.0; +http://ahrefs.com/robot/)"
51.222.253.12 - - [13/Jul/2025:12:30:06 +0000] "GET /wp-sitemap-posts-team-1.xml HTTP/1.1" 200 346 "-" "Mozilla/5.0 (compatible; AhrefsBot/7.0; +http://ahrefs.com/robot/)"
209.74.77.214 - - [13/Jul/2025:12:30:16 +0000] "POST /wp-cron.php?doing_wp_cron=1752409816.4715659618377685546875 HTTP/1.1" 200 - "-" "WordPress/6.8.1; https://teamhachem.com"
51.222.253.13 - - [13/Jul/2025:12:30:16 +0000] "GET /wp-sitemap-posts-faq-1.xml HTTP/1.1" 200 535 "-" "Mozilla/5.0 (compatible; AhrefsBot/7.0; +http://ahrefs.com/robot/)"
51.222.253.9 - - [13/Jul/2025:12:30:17 +0000] "GET /wp-sitemap-posts-tribe_events-1.xml HTTP/1.1" 200 244 "-" "Mozilla/5.0 (compatible; AhrefsBot/7.0; +http://ahrefs.com/robot/)"
51.222.253.4 - - [13/Jul/2025:12:30:19 +0000] "GET /wp-sitemap-taxonomies-category-1.xml HTTP/1.1" 200 239 "-" "Mozilla/5.0 (compatible; AhrefsBot/7.0; +http://ahrefs.com/robot/)"
51.222.253.9 - - [13/Jul/2025:12:30:20 +0000] "GET /wp-sitemap-taxonomies-post_tag-1.xml HTTP/1.1" 200 229 "-" "Mozilla/5.0 (compatible; AhrefsBot/7.0; +http://ahrefs.com/robot/)"
51.222.253.8 - - [13/Jul/2025:12:30:22 +0000] "GET /wp-sitemap-taxonomies-post_format-1.xml HTTP/1.1" 200 213 "-" "Mozilla/5.0 (compatible; AhrefsBot/7.0; +http://ahrefs.com/robot/)"
51.222.253.10 - - [13/Jul/2025:12:30:24 +0000] "GET /wp-sitemap-taxonomies-product_cat-1.xml HTTP/1.1" 200 223 "-" "Mozilla/5.0 (compatible; AhrefsBot/7.0; +http://ahrefs.com/robot/)"
51.222.253.6 - - [13/Jul/2025:12:30:26 +0000] "GET /wp-sitemap-taxonomies-product_tag-1.xml HTTP/1.1" 200 219 "-" "Mozilla/5.0 (compatible; AhrefsBot/7.0; +http://ahrefs.com/robot/)"
51.222.253.6 - - [13/Jul/2025:12:30:27 +0000] "GET /wp-sitemap-taxonomies-services-category-1.xml HTTP/1.1" 200 220 "-" "Mozilla/5.0 (compatible; AhrefsBot/7.0; +http://ahrefs.com/robot/)"
51.222.253.17 - - [13/Jul/2025:12:30:29 +0000] "GET /wp-sitemap-taxonomies-sliders-category-1.xml HTTP/1.1" 200 220 "-" "Mozilla/5.0 (compatible; AhrefsBot/7.0; +http://ahrefs.com/robot/)"
51.222.253.10 - - [13/Jul/2025:12:30:30 +0000] "GET /wp-sitemap-taxonomies-faq-category-1.xml HTTP/1.1" 200 222 "-" "Mozilla/5.0 (compatible; AhrefsBot/7.0; +http://ahrefs.com/robot/)"
51.222.253.14 - - [13/Jul/2025:12:30:33 +0000] "GET /wp-sitemap-users-1.xml HTTP/1.1" 200 181 "-" "Mozilla/5.0 (compatible; AhrefsBot/7.0; +http://ahrefs.com/robot/)"
216.73.216.126 - - [13/Jul/2025:12:30:39 +0000] "GET /events/2028-04-23/?outlook-ical=1 HTTP/1.1" 200 1131 "-" "Mozilla/5.0 AppleWebKit/537.36 (KHTML, like Gecko; compatible; ClaudeBot/1.0; [email protected])"
209.74.77.214 - - [13/Jul/2025:12:31:15 +0000] "POST /wp-cron.php?doing_wp_cron=1752409875.6861109733581542968750 HTTP/1.1" 200 - "-" "WordPress/6.8.1; https://teamhachem.com"
216.73.216.126 - - [13/Jul/2025:12:31:13 +0000] "GET /events/2028-05-08 HTTP/1.1" 301 - "-" "Mozilla/5.0 AppleWebKit/537.36 (KHTML, like Gecko; compatible; ClaudeBot/1.0; [email protected])"
216.73.216.126 - - [13/Jul/2025:12:31:15 +0000] "GET /events/2028-05-08/ HTTP/1.1" 200 19473 "https://teamhachem.com/events/2028-05-08" "Mozilla/5.0 AppleWebKit/537.36 (KHTML, like Gecko; compatible; ClaudeBot/1.0; [email protected])"
209.74.77.214 - - [13/Jul/2025:12:31:53 +0000] "POST /wp-cron.php?doing_wp_cron=1752409913.3003249168395996093750 HTTP/1.1" 200 - "-" "WordPress/6.8.1; https://teamhachem.com"
216.73.216.126 - - [13/Jul/2025:12:31:51 +0000] "GET /events/2028-05-01 HTTP/1.1" 301 - "-" "Mozilla/5.0 AppleWebKit/537.36 (KHTML, like Gecko; compatible; ClaudeBot/1.0; [email protected])"
216.73.216.126 - - [13/Jul/2025:12:31:53 +0000] "GET /events/2028-05-01/ HTTP/1.1" 200 19458 "https://teamhachem.com/events/2028-05-01" "Mozilla/5.0 AppleWebKit/537.36 (KHTML, like Gecko; compatible; ClaudeBot/1.0; [email protected])"
209.74.77.214 - - [13/Jul/2025:12:33:04 +0000] "POST /wp-cron.php?doing_wp_cron=1752409984.3486299514770507812500 HTTP/1.1" 200 - "-" "WordPress/6.8.1; https://teamhachem.com"
216.73.216.126 - - [13/Jul/2025:12:33:02 +0000] "GET /events/2028-04-27/?outlook-ical=1 HTTP/1.1" 200 1132 "-" "Mozilla/5.0 AppleWebKit/537.36 (KHTML, like Gecko; compatible; ClaudeBot/1.0; [email protected])"
209.74.77.214 - - [13/Jul/2025:12:33:20 +0000] "POST /wp-cron.php?doing_wp_cron=1752409999.9987978935241699218750 HTTP/1.1" 200 - "-" "WordPress/6.8.1; https://teamhachem.com"
51.222.253.16 - - [13/Jul/2025:12:33:19 +0000] "GET /events/list/?tribe-bar-date=2026-01-22 HTTP/1.1" 200 19795 "-" "Mozilla/5.0 (compatible; AhrefsBot/7.0; +http://ahrefs.com/robot/)"
209.74.77.214 - - [13/Jul/2025:12:33:56 +0000] "POST /wp-cron.php?doing_wp_cron=1752410036.6456289291381835937500 HTTP/1.1" 200 - "-" "WordPress/6.8.1; https://teamhachem.com"
216.73.216.126 - - [13/Jul/2025:12:33:54 +0000] "GET /wp-sitemap.xml HTTP/1.1" 200 325 "-" "Mozilla/5.0 AppleWebKit/537.36 (KHTML, like Gecko; compatible; ClaudeBot/1.0; [email protected])"
209.74.77.214 - - [13/Jul/2025:12:34:51 +0000] "POST /wp-cron.php?doing_wp_cron=1752410091.4839000701904296875000 HTTP/1.1" 200 - "-" "WordPress/6.8.1; https://teamhachem.com"
216.73.216.126 - - [13/Jul/2025:12:34:49 +0000] "GET /events/2028-04-14/?outlook-ical=1 HTTP/1.1" 200 1132 "-" "Mozilla/5.0 AppleWebKit/537.36 (KHTML, like Gecko; compatible; ClaudeBot/1.0; [email protected])"
209.74.77.214 - - [13/Jul/2025:12:35:27 +0000] "POST /wp-cron.php?doing_wp_cron=1752410127.4550769329071044921875 HTTP/1.1" 200 - "-" "WordPress/6.8.1; https://teamhachem.com"
216.73.216.126 - - [13/Jul/2025:12:35:25 +0000] "GET /events/2028-04-22/?outlook-ical=1 HTTP/1.1" 200 1133 "-" "Mozilla/5.0 AppleWebKit/537.36 (KHTML, like Gecko; compatible; ClaudeBot/1.0; [email protected])"
209.74.77.214 - - [13/Jul/2025:12:36:03 +0000] "POST /wp-cron.php?doing_wp_cron=1752410163.2160201072692871093750 HTTP/1.1" 200 - "-" "WordPress/6.8.1; https://teamhachem.com"
216.73.216.126 - - [13/Jul/2025:12:36:01 +0000] "GET /events/2028-04-17/?outlook-ical=1 HTTP/1.1" 200 1132 "-" "Mozilla/5.0 AppleWebKit/537.36 (KHTML, like Gecko; compatible; ClaudeBot/1.0; [email protected])"
209.74.77.214 - - [13/Jul/2025:12:36:37 +0000] "POST /wp-cron.php?doing_wp_cron=1752410197.6396811008453369140625 HTTP/1.1" 200 - "-" "WordPress/6.8.1; https://teamhachem.com"
51.222.253.2 - - [13/Jul/2025:12:36:35 +0000] "GET /events/list/?tribe-bar-date=2026-01-19 HTTP/1.1" 200 19802 "-" "Mozilla/5.0 (compatible; AhrefsBot/7.0; +http://ahrefs.com/robot/)"
209.74.77.214 - - [13/Jul/2025:12:37:03 +0000] "POST /wp-cron.php?doing_wp_cron=1752410223.4388649463653564453125 HTTP/1.1" 200 - "-" "WordPress/6.8.1; https://teamhachem.com"
216.73.216.126 - - [13/Jul/2025:12:37:03 +0000] "GET /events/2028-04-24/?outlook-ical=1 HTTP/1.1" 200 1132 "-" "Mozilla/5.0 AppleWebKit/537.36 (KHTML, like Gecko; compatible; ClaudeBot/1.0; [email protected])"
209.74.77.214 - - [13/Jul/2025:12:37:56 +0000] "POST /wp-cron.php?doing_wp_cron=1752410276.1679930686950683593750 HTTP/1.1" 200 - "-" "WordPress/6.8.1; https://teamhachem.com"
216.73.216.126 - - [13/Jul/2025:12:37:54 +0000] "GET /events/2028-05-06 HTTP/1.1" 301 - "-" "Mozilla/5.0 AppleWebKit/537.36 (KHTML, like Gecko; compatible; ClaudeBot/1.0; [email protected])"
216.73.216.126 - - [13/Jul/2025:12:37:56 +0000] "GET /events/2028-05-06/ HTTP/1.1" 200 19466 "https://teamhachem.com/events/2028-05-06" "Mozilla/5.0 AppleWebKit/537.36 (KHTML, like Gecko; compatible; ClaudeBot/1.0; [email protected])"
209.74.77.214 - - [13/Jul/2025:12:38:31 +0000] "POST /wp-cron.php?doing_wp_cron=1752410311.3350729942321777343750 HTTP/1.1" 200 - "-" "WordPress/6.8.1; https://teamhachem.com"
216.73.216.126 - - [13/Jul/2025:12:38:29 +0000] "GET /events/2028-06-04 HTTP/1.1" 301 - "-" "Mozilla/5.0 AppleWebKit/537.36 (KHTML, like Gecko; compatible; ClaudeBot/1.0; [email protected])"
216.73.216.126 - - [13/Jul/2025:12:38:31 +0000] "GET /events/2028-06-04/ HTTP/1.1" 200 19476 "https://teamhachem.com/events/2028-06-04" "Mozilla/5.0 AppleWebKit/537.36 (KHTML, like Gecko; compatible; ClaudeBot/1.0; [email protected])"
209.74.77.214 - - [13/Jul/2025:12:39:06 +0000] "POST /wp-cron.php?doing_wp_cron=1752410346.1760799884796142578125 HTTP/1.1" 200 - "-" "WordPress/6.8.1; https://teamhachem.com"
216.73.216.126 - - [13/Jul/2025:12:39:04 +0000] "GET /events/2028-04-20/?outlook-ical=1 HTTP/1.1" 200 1133 "-" "Mozilla/5.0 AppleWebKit/537.36 (KHTML, like Gecko; compatible; ClaudeBot/1.0; [email protected])"
209.74.77.214 - - [13/Jul/2025:12:39:42 +0000] "POST /wp-cron.php?doing_wp_cron=1752410382.3591101169586181640625 HTTP/1.1" 200 - "-" "WordPress/6.8.1; https://teamhachem.com"
51.222.253.4 - - [13/Jul/2025:12:39:40 +0000] "GET /events/list/?tribe-bar-date=2026-01-15 HTTP/1.1" 200 19797 "-" "Mozilla/5.0 (compatible; AhrefsBot/7.0; +http://ahrefs.com/robot/)"
209.74.77.214 - - [13/Jul/2025:12:39:52 +0000] "POST /wp-cron.php?doing_wp_cron=1752410392.7598750591278076171875 HTTP/1.1" 200 - "-" "WordPress/6.8.1; https://teamhachem.com"
216.73.216.126 - - [13/Jul/2025:12:39:52 +0000] "GET /events/2028-04-25/?outlook-ical=1 HTTP/1.1" 200 1133 "-" "Mozilla/5.0 AppleWebKit/537.36 (KHTML, like Gecko; compatible; ClaudeBot/1.0; [email protected])"
209.74.77.214 - - [13/Jul/2025:12:40:29 +0000] "POST /wp-cron.php?doing_wp_cron=1752410429.3019199371337890625000 HTTP/1.1" 200 - "-" "WordPress/6.8.1; https://teamhachem.com"
216.73.216.126 - - [13/Jul/2025:12:40:27 +0000] "GET /events/2028-04-11/?outlook-ical=1 HTTP/1.1" 200 1130 "-" "Mozilla/5.0 AppleWebKit/537.36 (KHTML, like Gecko; compatible; ClaudeBot/1.0; [email protected])"
209.74.77.214 - - [13/Jul/2025:12:41:04 +0000] "POST /wp-cron.php?doing_wp_cron=1752410464.7104120254516601562500 HTTP/1.1" 200 - "-" "WordPress/6.8.1; https://teamhachem.com"
216.73.216.126 - - [13/Jul/2025:12:41:02 +0000] "GET /events/2028-04-12/?outlook-ical=1 HTTP/1.1" 200 1131 "-" "Mozilla/5.0 AppleWebKit/537.36 (KHTML, like Gecko; compatible; ClaudeBot/1.0; [email protected])"
209.74.77.214 - - [13/Jul/2025:12:41:56 +0000] "POST /wp-cron.php?doing_wp_cron=1752410516.1870989799499511718750 HTTP/1.1" 200 - "-" "WordPress/6.8.1; https://teamhachem.com"
216.73.216.126 - - [13/Jul/2025:12:41:54 +0000] "GET /events/list/?eventDisplay=past&ical=1&tribe-bar-date=2028-02-08 HTTP/1.1" 200 1290 "-" "Mozilla/5.0 AppleWebKit/537.36 (KHTML, like Gecko; compatible; ClaudeBot/1.0; [email protected])"
209.74.77.214 - - [13/Jul/2025:12:42:19 +0000] "POST /wp-cron.php?doing_wp_cron=1752410539.2579998970031738281250 HTTP/1.1" 200 - "-" "WordPress/6.8.1; https://teamhachem.com"
51.222.253.1 - - [13/Jul/2025:12:42:19 +0000] "GET /events/list/?tribe-bar-date=2026-01-06 HTTP/1.1" 200 19805 "-" "Mozilla/5.0 (compatible; AhrefsBot/7.0; +http://ahrefs.com/robot/)"
216.73.216.126 - - [13/Jul/2025:12:42:29 +0000] "GET /events/2028-04-19/?outlook-ical=1 HTTP/1.1" 200 1132 "-" "Mozilla/5.0 AppleWebKit/537.36 (KHTML, like Gecko; compatible; ClaudeBot/1.0; [email protected])"
209.74.77.214 - - [13/Jul/2025:12:43:02 +0000] "POST /wp-cron.php?doing_wp_cron=1752410582.9493091106414794921875 HTTP/1.1" 200 - "-" "WordPress/6.8.1; https://teamhachem.com"
216.73.216.126 - - [13/Jul/2025:12:43:01 +0000] "GET /events/2028-05-04 HTTP/1.1" 301 - "-" "Mozilla/5.0 AppleWebKit/537.36 (KHTML, like Gecko; compatible; ClaudeBot/1.0; [email protected])"
216.73.216.126 - - [13/Jul/2025:12:43:03 +0000] "GET /events/2028-05-04/ HTTP/1.1" 200 19475 "https://teamhachem.com/events/2028-05-04" "Mozilla/5.0 AppleWebKit/537.36 (KHTML, like Gecko; compatible; ClaudeBot/1.0; [email protected])"
209.74.77.214 - - [13/Jul/2025:12:43:47 +0000] "POST /wp-cron.php?doing_wp_cron=1752410627.6104331016540527343750 HTTP/1.1" 200 - "-" "WordPress/6.8.1; https://teamhachem.com"
216.73.216.126 - - [13/Jul/2025:12:43:45 +0000] "GET /events/2028-05-07 HTTP/1.1" 301 - "-" "Mozilla/5.0 AppleWebKit/537.36 (KHTML, like Gecko; compatible; ClaudeBot/1.0; [email protected])"
216.73.216.126 - - [13/Jul/2025:12:43:47 +0000] "GET /events/2028-05-07/ HTTP/1.1" 200 19470 "https://teamhachem.com/events/2028-05-07" "Mozilla/5.0 AppleWebKit/537.36 (KHTML, like Gecko; compatible; ClaudeBot/1.0; [email protected])"
209.74.77.214 - - [13/Jul/2025:12:44:39 +0000] "POST /wp-cron.php?doing_wp_cron=1752410679.3153300285339355468750 HTTP/1.1" 200 - "-" "WordPress/6.8.1; https://teamhachem.com"
216.73.216.126 - - [13/Jul/2025:12:44:37 +0000] "GET /events/2028-04-06/?ical=1 HTTP/1.1" 200 1137 "-" "Mozilla/5.0 AppleWebKit/537.36 (KHTML, like Gecko; compatible; ClaudeBot/1.0; [email protected])"
209.74.77.214 - - [13/Jul/2025:12:45:01 +0000] "POST /wp-cron.php?doing_wp_cron=1752410701.1968619823455810546875 HTTP/1.1" 200 - "-" "WordPress/6.8.1; https://teamhachem.com"
52.70.209.13 - - [13/Jul/2025:12:45:01 +0000] "GET /events/2024-03-30/ HTTP/1.1" 200 18823 "-" "Mozilla/5.0 AppleWebKit/537.36 (KHTML, like Gecko; compatible; Amazonbot/0.1; +https://developer.amazon.com/support/amazonbot) Chrome/119.0.6045.214 Safari/537.36"
51.222.253.13 - - [13/Jul/2025:12:45:02 +0000] "GET /events/list/?tribe-bar-date=2026-01-24 HTTP/1.1" 200 19792 "-" "Mozilla/5.0 (compatible; AhrefsBot/7.0; +http://ahrefs.com/robot/)"
54.84.147.79 - - [13/Jul/2025:12:45:05 +0000] "GET /events/2024-05-29/ HTTP/1.1" 200 18817 "-" "Mozilla/5.0 AppleWebKit/537.36 (KHTML, like Gecko; compatible; Amazonbot/0.1; +https://developer.amazon.com/support/amazonbot) Chrome/119.0.6045.214 Safari/537.36"
98.83.94.113 - - [13/Jul/2025:12:45:08 +0000] "GET /events/2026-10-01/ HTTP/1.1" 200 19468 "-" "Mozilla/5.0 AppleWebKit/537.36 (KHTML, like Gecko; compatible; Amazonbot/0.1; +https://developer.amazon.com/support/amazonbot) Chrome/119.0.6045.214 Safari/537.36"
209.74.77.214 - - [13/Jul/2025:12:45:12 +0000] "POST /wp-cron.php?doing_wp_cron=1752410712.4627649784088134765625 HTTP/1.1" 200 - "-" "WordPress/6.8.1; https://teamhachem.com"
216.73.216.126 - - [13/Jul/2025:12:45:12 +0000] "GET /events/2028-05-09 HTTP/1.1" 301 - "-" "Mozilla/5.0 AppleWebKit/537.36 (KHTML, like Gecko; compatible; ClaudeBot/1.0; [email protected])"
216.73.216.126 - - [13/Jul/2025:12:45:12 +0000] "GET /events/2028-05-09/ HTTP/1.1" 200 19474 "https://teamhachem.com/events/2028-05-09" "Mozilla/5.0 AppleWebKit/537.36 (KHTML, like Gecko; compatible; ClaudeBot/1.0; [email protected])"
34.225.243.131 - - [13/Jul/2025:12:45:13 +0000] "GET /events/2026-09-25/ HTTP/1.1" 200 19477 "-" "Mozilla/5.0 AppleWebKit/537.36 (KHTML, like Gecko; compatible; Amazonbot/0.1; +https://developer.amazon.com/support/amazonbot) Chrome/119.0.6045.214 Safari/537.36"
44.207.69.106 - - [13/Jul/2025:12:45:17 +0000] "GET /events/list/?tribe-bar-date=2026-09-06 HTTP/1.1" 200 19795 "-" "Mozilla/5.0 AppleWebKit/537.36 (KHTML, like Gecko; compatible; Amazonbot/0.1; +https://developer.amazon.com/support/amazonbot) Chrome/119.0.6045.214 Safari/537.36"
209.74.77.214 - - [13/Jul/2025:12:46:13 +0000] "POST /wp-cron.php?doing_wp_cron=1752410773.9289469718933105468750 HTTP/1.1" 200 - "-" "WordPress/6.8.1; https://teamhachem.com"
216.73.216.126 - - [13/Jul/2025:12:46:12 +0000] "GET /events/2028-04-05/?outlook-ical=1 HTTP/1.1" 200 1131 "-" "Mozilla/5.0 AppleWebKit/537.36 (KHTML, like Gecko; compatible; ClaudeBot/1.0; [email protected])"
209.74.77.214 - - [13/Jul/2025:12:47:01 +0000] "POST /wp-cron.php?doing_wp_cron=1752410821.3083930015563964843750 HTTP/1.1" 200 - "-" "WordPress/6.8.1; https://teamhachem.com"
216.73.216.126 - - [13/Jul/2025:12:46:59 +0000] "GET /events/2028-06-02 HTTP/1.1" 301 - "-" "Mozilla/5.0 AppleWebKit/537.36 (KHTML, like Gecko; compatible; ClaudeBot/1.0; [email protected])"
216.73.216.126 - - [13/Jul/2025:12:47:01 +0000] "GET /events/2028-06-02/ HTTP/1.1" 200 19476 "https://teamhachem.com/events/2028-06-02" "Mozilla/5.0 AppleWebKit/537.36 (KHTML, like Gecko; compatible; ClaudeBot/1.0; [email protected])"
209.74.77.214 - - [13/Jul/2025:12:47:39 +0000] "POST /wp-cron.php?doing_wp_cron=1752410859.3302760124206542968750 HTTP/1.1" 200 - "-" "WordPress/6.8.1; https://teamhachem.com"
216.73.216.126 - - [13/Jul/2025:12:47:37 +0000] "GET /events/list/?eventDisplay=past&ical=1&tribe-bar-date=2028-02-07 HTTP/1.1" 200 1292 "-" "Mozilla/5.0 AppleWebKit/537.36 (KHTML, like Gecko; compatible; ClaudeBot/1.0; [email protected])"
51.222.253.7 - - [13/Jul/2025:12:47:44 +0000] "GET /events/list/?tribe-bar-date=2026-01-16 HTTP/1.1" 200 19791 "-" "Mozilla/5.0 (compatible; AhrefsBot/7.0; +http://ahrefs.com/robot/)"
209.74.77.214 - - [13/Jul/2025:12:48:10 +0000] "POST /wp-cron.php?doing_wp_cron=1752410890.1617588996887207031250 HTTP/1.1" 200 - "-" "WordPress/6.8.1; https://teamhachem.com"
216.73.216.126 - - [13/Jul/2025:12:48:10 +0000] "GET /events/list/?eventDisplay=past&ical=1&tribe-bar-date=2028-02-04 HTTP/1.1" 200 1290 "-" "Mozilla/5.0 AppleWebKit/537.36 (KHTML, like Gecko; compatible; ClaudeBot/1.0; [email protected])"
209.74.77.214 - - [13/Jul/2025:12:48:59 +0000] "POST /wp-cron.php?doing_wp_cron=1752410939.9604349136352539062500 HTTP/1.1" 200 - "-" "WordPress/6.8.1; https://teamhachem.com"
216.73.216.126 - - [13/Jul/2025:12:48:58 +0000] "GET /events/list/?eventDisplay=past&ical=1&tribe-bar-date=2028-02-09 HTTP/1.1" 200 1291 "-" "Mozilla/5.0 AppleWebKit/537.36 (KHTML, like Gecko; compatible; ClaudeBot/1.0; [email protected])"
85.208.96.209 - - [13/Jul/2025:12:49:07 +0000] "GET /events/2025-01-15/ HTTP/1.1" 200 19477 "-" "Mozilla/5.0 (compatible; SemrushBot/7~bl; +http://www.semrush.com/bot.html)"
209.74.77.214 - - [13/Jul/2025:12:49:41 +0000] "POST /wp-cron.php?doing_wp_cron=1752410981.0298519134521484375000 HTTP/1.1" 200 - "-" "WordPress/6.8.1; https://teamhachem.com"
216.73.216.126 - - [13/Jul/2025:12:49:39 +0000] "GET /events/2028-04-29/?outlook-ical=1 HTTP/1.1" 200 1131 "-" "Mozilla/5.0 AppleWebKit/537.36 (KHTML, like Gecko; compatible; ClaudeBot/1.0; [email protected])"
209.74.77.214 - - [13/Jul/2025:12:50:16 +0000] "POST /wp-cron.php?doing_wp_cron=1752411016.3576369285583496093750 HTTP/1.1" 200 - "-" "WordPress/6.8.1; https://teamhachem.com"
216.73.216.126 - - [13/Jul/2025:12:50:14 +0000] "GET /events/list/?eventDisplay=past&ical=1&tribe-bar-date=2028-01-04 HTTP/1.1" 200 1291 "-" "Mozilla/5.0 AppleWebKit/537.36 (KHTML, like Gecko; compatible; ClaudeBot/1.0; [email protected])"
51.222.253.20 - - [13/Jul/2025:12:50:31 +0000] "GET /events/list/?tribe-bar-date=2026-01-27 HTTP/1.1" 200 19790 "-" "Mozilla/5.0 (compatible; AhrefsBot/7.0; +http://ahrefs.com/robot/)"
209.74.77.214 - - [13/Jul/2025:12:51:00 +0000] "POST /wp-cron.php?doing_wp_cron=1752411060.9334371089935302734375 HTTP/1.1" 200 - "-" "WordPress/6.8.1; https://teamhachem.com"
216.73.216.126 - - [13/Jul/2025:12:51:00 +0000] "GET /events/list/?tribe-bar-date=2028-04-08 HTTP/1.1" 200 19789 "-" "Mozilla/5.0 AppleWebKit/537.36 (KHTML, like Gecko; compatible; ClaudeBot/1.0; [email protected])"
209.74.77.214 - - [13/Jul/2025:12:51:39 +0000] "POST /wp-cron.php?doing_wp_cron=1752411099.4934759140014648437500 HTTP/1.1" 200 - "-" "WordPress/6.8.1; https://teamhachem.com"
216.73.216.126 - - [13/Jul/2025:12:51:37 +0000] "GET /events/list/?eventDisplay=past&ical=1&tribe-bar-date=2028-02-18 HTTP/1.1" 200 1292 "-" "Mozilla/5.0 AppleWebKit/537.36 (KHTML, like Gecko; compatible; ClaudeBot/1.0; [email protected])"
209.74.77.214 - - [13/Jul/2025:12:52:19 +0000] "POST /wp-cron.php?doing_wp_cron=1752411139.2919731140136718750000 HTTP/1.1" 200 - "-" "WordPress/6.8.1; https://teamhachem.com"
216.73.216.126 - - [13/Jul/2025:12:52:17 +0000] "GET /events/2028-06-03 HTTP/1.1" 301 - "-" "Mozilla/5.0 AppleWebKit/537.36 (KHTML, like Gecko; compatible; ClaudeBot/1.0; [email protected])"
216.73.216.126 - - [13/Jul/2025:12:52:19 +0000] "GET /events/2028-06-03/ HTTP/1.1" 200 19483 "https://teamhachem.com/events/2028-06-03" "Mozilla/5.0 AppleWebKit/537.36 (KHTML, like Gecko; compatible; ClaudeBot/1.0; [email protected])"
209.74.77.214 - - [13/Jul/2025:12:53:09 +0000] "POST /wp-cron.php?doing_wp_cron=1752411189.3552360534667968750000 HTTP/1.1" 200 - "-" "WordPress/6.8.1; https://teamhachem.com"
216.73.216.126 - - [13/Jul/2025:12:53:07 +0000] "GET /events/2028-05-12 HTTP/1.1" 301 - "-" "Mozilla/5.0 AppleWebKit/537.36 (KHTML, like Gecko; compatible; ClaudeBot/1.0; [email protected])"
216.73.216.126 - - [13/Jul/2025:12:53:09 +0000] "GET /events/2028-05-12/ HTTP/1.1" 200 19481 "https://teamhachem.com/events/2028-05-12" "Mozilla/5.0 AppleWebKit/537.36 (KHTML, like Gecko; compatible; ClaudeBot/1.0; [email protected])"
209.74.77.214 - - [13/Jul/2025:12:53:10 +0000] "POST /wp-cron.php?doing_wp_cron=1752411190.2260670661926269531250 HTTP/1.1" 200 - "-" "WordPress/6.8.1; https://teamhachem.com"
51.222.253.13 - - [13/Jul/2025:12:53:10 +0000] "GET /events/list/?tribe-bar-date=2026-03-26 HTTP/1.1" 200 19788 "-" "Mozilla/5.0 (compatible; AhrefsBot/7.0; +http://ahrefs.com/robot/)"
209.74.77.214 - - [13/Jul/2025:12:53:57 +0000] "POST /wp-cron.php?doing_wp_cron=1752411237.1068830490112304687500 HTTP/1.1" 200 - "-" "WordPress/6.8.1; https://teamhachem.com"
216.73.216.126 - - [13/Jul/2025:12:53:55 +0000] "GET /events/list/?eventDisplay=past&ical=1&tribe-bar-date=2028-02-11 HTTP/1.1" 200 1292 "-" "Mozilla/5.0 AppleWebKit/537.36 (KHTML, like Gecko; compatible; ClaudeBot/1.0; [email protected])"
209.74.77.214 - - [13/Jul/2025:12:54:36 +0000] "POST /wp-cron.php?doing_wp_cron=1752411276.8670129776000976562500 HTTP/1.1" 200 - "-" "WordPress/6.8.1; https://teamhachem.com"
216.73.216.126 - - [13/Jul/2025:12:54:35 +0000] "GET /events/2028-05-16 HTTP/1.1" 301 - "-" "Mozilla/5.0 AppleWebKit/537.36 (KHTML, like Gecko; compatible; ClaudeBot/1.0; [email protected])"
216.73.216.126 - - [13/Jul/2025:12:54:36 +0000] "GET /events/2028-05-16/ HTTP/1.1" 200 19461 "https://teamhachem.com/events/2028-05-16" "Mozilla/5.0 AppleWebKit/537.36 (KHTML, like Gecko; compatible; ClaudeBot/1.0; [email protected])"
209.74.77.214 - - [13/Jul/2025:12:55:13 +0000] "POST /wp-cron.php?doing_wp_cron=1752411313.5257110595703125000000 HTTP/1.1" 200 - "-" "WordPress/6.8.1; https://teamhachem.com"
216.73.216.126 - - [13/Jul/2025:12:55:11 +0000] "GET /events/list/?eventDisplay=past&ical=1&tribe-bar-date=2028-03-01 HTTP/1.1" 200 1292 "-" "Mozilla/5.0 AppleWebKit/537.36 (KHTML, like Gecko; compatible; ClaudeBot/1.0; [email protected])"
209.74.77.214 - - [13/Jul/2025:12:55:53 +0000] "POST /wp-cron.php?doing_wp_cron=1752411353.8176779747009277343750 HTTP/1.1" 200 - "-" "WordPress/6.8.1; https://teamhachem.com"
51.222.253.12 - - [13/Jul/2025:12:55:52 +0000] "GET /events/list/?tribe-bar-date=2026-03-10 HTTP/1.1" 200 19802 "-" "Mozilla/5.0 (compatible; AhrefsBot/7.0; +http://ahrefs.com/robot/)"
209.74.77.214 - - [13/Jul/2025:12:56:04 +0000] "POST /wp-cron.php?doing_wp_cron=1752411364.3540470600128173828125 HTTP/1.1" 200 - "-" "WordPress/6.8.1; https://teamhachem.com"
216.73.216.126 - - [13/Jul/2025:12:56:04 +0000] "GET /events/2028-05-02 HTTP/1.1" 301 - "-" "Mozilla/5.0 AppleWebKit/537.36 (KHTML, like Gecko; compatible; ClaudeBot/1.0; [email protected])"
216.73.216.126 - - [13/Jul/2025:12:56:04 +0000] "GET /events/2028-05-02/ HTTP/1.1" 200 19467 "https://teamhachem.com/events/2028-05-02" "Mozilla/5.0 AppleWebKit/537.36 (KHTML, like Gecko; compatible; ClaudeBot/1.0; [email protected])"
209.74.77.214 - - [13/Jul/2025:12:56:48 +0000] "POST /wp-cron.php?doing_wp_cron=1752411408.8701360225677490234375 HTTP/1.1" 200 - "-" "WordPress/6.8.1; https://teamhachem.com"
216.73.216.126 - - [13/Jul/2025:12:56:47 +0000] "GET /events/list/?tribe-bar-date=2028-04-06 HTTP/1.1" 200 19797 "-" "Mozilla/5.0 AppleWebKit/537.36 (KHTML, like Gecko; compatible; ClaudeBot/1.0; [email protected])"
209.74.77.214 - - [13/Jul/2025:12:57:41 +0000] "POST /wp-cron.php?doing_wp_cron=1752411461.0769970417022705078125 HTTP/1.1" 200 - "-" "WordPress/6.8.1; https://teamhachem.com"
216.73.216.126 - - [13/Jul/2025:12:57:39 +0000] "GET /events/2028-05-10 HTTP/1.1" 301 - "-" "Mozilla/5.0 AppleWebKit/537.36 (KHTML, like Gecko; compatible; ClaudeBot/1.0; [email protected])"
216.73.216.126 - - [13/Jul/2025:12:57:41 +0000] "GET /events/2028-05-10/ HTTP/1.1" 200 19467 "https://teamhachem.com/events/2028-05-10" "Mozilla/5.0 AppleWebKit/537.36 (KHTML, like Gecko; compatible; ClaudeBot/1.0; [email protected])"
209.74.77.214 - - [13/Jul/2025:12:58:14 +0000] "POST /wp-cron.php?doing_wp_cron=1752411494.3898870944976806640625 HTTP/1.1" 200 - "-" "WordPress/6.8.1; https://teamhachem.com"
216.73.216.126 - - [13/Jul/2025:12:58:12 +0000] "GET /events/list/?eventDisplay=past&ical=1&tribe-bar-date=2028-02-13 HTTP/1.1" 200 1292 "-" "Mozilla/5.0 AppleWebKit/537.36 (KHTML, like Gecko; compatible; ClaudeBot/1.0; [email protected])"
209.74.77.214 - - [13/Jul/2025:12:58:50 +0000] "POST /wp-cron.php?doing_wp_cron=1752411530.2718260288238525390625 HTTP/1.1" 200 - "-" "WordPress/6.8.1; https://teamhachem.com"
51.222.253.10 - - [13/Jul/2025:12:58:48 +0000] "GET /events/list/?tribe-bar-date=2026-03-25 HTTP/1.1" 200 19807 "-" "Mozilla/5.0 (compatible; AhrefsBot/7.0; +http://ahrefs.com/robot/)"
216.73.216.126 - - [13/Jul/2025:12:58:52 +0000] "GET /events/2028-05-03 HTTP/1.1" 301 - "-" "Mozilla/5.0 AppleWebKit/537.36 (KHTML, like Gecko; compatible; ClaudeBot/1.0; [email protected])"
216.73.216.126 - - [13/Jul/2025:12:58:53 +0000] "GET /events/2028-05-03/ HTTP/1.1" 200 19473 "https://teamhachem.com/events/2028-05-03" "Mozilla/5.0 AppleWebKit/537.36 (KHTML, like Gecko; compatible; ClaudeBot/1.0; [email protected])"
209.74.77.214 - - [13/Jul/2025:12:59:34 +0000] "POST /wp-cron.php?doing_wp_cron=1752411574.5176799297332763671875 HTTP/1.1" 200 - "-" "WordPress/6.8.1; https://teamhachem.com"
216.73.216.126 - - [13/Jul/2025:12:59:32 +0000] "GET /robots.txt HTTP/1.1" 200 154 "-" "Mozilla/5.0 AppleWebKit/537.36 (KHTML, like Gecko; compatible; ClaudeBot/1.0; [email protected])"
216.73.216.126 - - [13/Jul/2025:12:59:34 +0000] "GET /events/2028-05-11 HTTP/1.1" 301 - "-" "Mozilla/5.0 AppleWebKit/537.36 (KHTML, like Gecko; compatible; ClaudeBot/1.0; [email protected])"
216.73.216.126 - - [13/Jul/2025:12:59:34 +0000] "GET /events/2028-05-11/ HTTP/1.1" 200 19471 "https://teamhachem.com/events/2028-05-11" "Mozilla/5.0 AppleWebKit/537.36 (KHTML, like Gecko; compatible; ClaudeBot/1.0; [email protected])"
209.74.77.214 - - [13/Jul/2025:13:00:16 +0000] "POST /wp-cron.php?doing_wp_cron=1752411616.7982859611511230468750 HTTP/1.1" 200 - "-" "WordPress/6.8.1; https://teamhachem.com"
216.73.216.126 - - [13/Jul/2025:13:00:14 +0000] "GET /events/list/?eventDisplay=past&ical=1&tribe-bar-date=2028-02-26 HTTP/1.1" 200 1291 "-" "Mozilla/5.0 AppleWebKit/537.36 (KHTML, like Gecko; compatible; ClaudeBot/1.0; [email protected])"
209.74.77.214 - - [13/Jul/2025:13:00:55 +0000] "POST /wp-cron.php?doing_wp_cron=1752411655.2275910377502441406250 HTTP/1.1" 200 - "-" "WordPress/6.8.1; https://teamhachem.com"
216.73.216.126 - - [13/Jul/2025:13:00:52 +0000] "GET /events/2028-05-05 HTTP/1.1" 301 - "-" "Mozilla/5.0 AppleWebKit/537.36 (KHTML, like Gecko; compatible; ClaudeBot/1.0; [email protected])"
216.73.216.126 - - [13/Jul/2025:13:00:55 +0000] "GET /events/2028-05-05/ HTTP/1.1" 200 19477 "https://teamhachem.com/events/2028-05-05" "Mozilla/5.0 AppleWebKit/537.36 (KHTML, like Gecko; compatible; ClaudeBot/1.0; [email protected])"
209.74.77.214 - - [13/Jul/2025:13:01:33 +0000] "POST /wp-cron.php?doing_wp_cron=1752411693.1721670627593994140625 HTTP/1.1" 200 - "-" "WordPress/6.8.1; https://teamhachem.com"
51.222.253.13 - - [13/Jul/2025:13:01:31 +0000] "GET /events/list/?tribe-bar-date=2026-03-23 HTTP/1.1" 200 19789 "-" "Mozilla/5.0 (compatible; AhrefsBot/7.0; +http://ahrefs.com/robot/)"
216.73.216.126 - - [13/Jul/2025:13:01:36 +0000] "GET /events/2028-05-18 HTTP/1.1" 301 - "-" "Mozilla/5.0 AppleWebKit/537.36 (KHTML, like Gecko; compatible; ClaudeBot/1.0; [email protected])"
216.73.216.126 - - [13/Jul/2025:13:01:36 +0000] "GET /events/2028-05-18/ HTTP/1.1" 200 19469 "https://teamhachem.com/events/2028-05-18" "Mozilla/5.0 AppleWebKit/537.36 (KHTML, like Gecko; compatible; ClaudeBot/1.0; [email protected])"
209.74.77.214 - - [13/Jul/2025:13:02:19 +0000] "POST /wp-cron.php?doing_wp_cron=1752411739.3937089443206787109375 HTTP/1.1" 200 - "-" "WordPress/6.8.1; https://teamhachem.com"
216.73.216.126 - - [13/Jul/2025:13:02:17 +0000] "GET /events/list/?eventDisplay=past&ical=1&tribe-bar-date=2028-03-04 HTTP/1.1" 200 1291 "-" "Mozilla/5.0 AppleWebKit/537.36 (KHTML, like Gecko; compatible; ClaudeBot/1.0; [email protected])"
209.74.77.214 - - [13/Jul/2025:13:02:49 +0000] "POST /wp-cron.php?doing_wp_cron=1752411769.6550068855285644531250 HTTP/1.1" 200 - "-" "WordPress/6.8.1; https://teamhachem.com"
216.73.216.126 - - [13/Jul/2025:13:02:49 +0000] "GET /events/2028-04-10/?ical=1 HTTP/1.1" 200 1135 "-" "Mozilla/5.0 AppleWebKit/537.36 (KHTML, like Gecko; compatible; ClaudeBot/1.0; [email protected])"
209.74.77.214 - - [13/Jul/2025:13:03:33 +0000] "POST /wp-cron.php?doing_wp_cron=1752411813.0724420547485351562500 HTTP/1.1" 200 - "-" "WordPress/6.8.1; https://teamhachem.com"
216.73.216.126 - - [13/Jul/2025:13:03:31 +0000] "GET /events/2028-04-15/?ical=1 HTTP/1.1" 200 1138 "-" "Mozilla/5.0 AppleWebKit/537.36 (KHTML, like Gecko; compatible; ClaudeBot/1.0; [email protected])"
209.74.77.214 - - [13/Jul/2025:13:04:14 +0000] "POST /wp-cron.php?doing_wp_cron=1752411854.8725099563598632812500 HTTP/1.1" 200 - "-" "WordPress/6.8.1; https://teamhachem.com"
51.222.253.3 - - [13/Jul/2025:13:04:13 +0000] "GET /events/list/?tribe-bar-date=2026-03-19 HTTP/1.1" 200 19783 "-" "Mozilla/5.0 (compatible; AhrefsBot/7.0; +http://ahrefs.com/robot/)"
216.73.216.126 - - [13/Jul/2025:13:04:19 +0000] "GET /events/list/?eventDisplay=past&ical=1&tribe-bar-date=2028-02-24 HTTP/1.1" 200 1291 "-" "Mozilla/5.0 AppleWebKit/537.36 (KHTML, like Gecko; compatible; ClaudeBot/1.0; [email protected])"
209.74.77.214 - - [13/Jul/2025:13:04:56 +0000] "POST /wp-cron.php?doing_wp_cron=1752411896.4543190002441406250000 HTTP/1.1" 200 - "-" "WordPress/6.8.1; https://teamhachem.com"
216.73.216.126 - - [13/Jul/2025:13:04:54 +0000] "GET /events/list/?eventDisplay=past&ical=1&tribe-bar-date=2028-02-29 HTTP/1.1" 200 1292 "-" "Mozilla/5.0 AppleWebKit/537.36 (KHTML, like Gecko; compatible; ClaudeBot/1.0; [email protected])"
209.74.77.214 - - [13/Jul/2025:13:05:44 +0000] "POST /wp-cron.php?doing_wp_cron=1752411944.1103029251098632812500 HTTP/1.1" 200 - "-" "WordPress/6.8.1; https://teamhachem.com"
216.73.216.126 - - [13/Jul/2025:13:05:42 +0000] "GET /events/2028-04-08/?ical=1 HTTP/1.1" 200 1137 "-" "Mozilla/5.0 AppleWebKit/537.36 (KHTML, like Gecko; compatible; ClaudeBot/1.0; [email protected])"
209.74.77.214 - - [13/Jul/2025:13:06:25 +0000] "POST /wp-cron.php?doing_wp_cron=1752411985.0867650508880615234375 HTTP/1.1" 200 - "-" "WordPress/6.8.1; https://teamhachem.com"
216.73.216.126 - - [13/Jul/2025:13:06:23 +0000] "GET /events/list/?tribe-bar-date=2028-05-01 HTTP/1.1" 200 19795 "-" "Mozilla/5.0 AppleWebKit/537.36 (KHTML, like Gecko; compatible; ClaudeBot/1.0; [email protected])"
209.74.77.214 - - [13/Jul/2025:13:07:00 +0000] "POST /wp-cron.php?doing_wp_cron=1752412020.5708849430084228515625 HTTP/1.1" 200 - "-" "WordPress/6.8.1; https://teamhachem.com"
216.73.216.126 - - [13/Jul/2025:13:06:58 +0000] "GET /events/2028-04-21/?ical=1 HTTP/1.1" 200 1137 "-" "Mozilla/5.0 AppleWebKit/537.36 (KHTML, like Gecko; compatible; ClaudeBot/1.0; [email protected])"
51.222.253.2 - - [13/Jul/2025:13:07:02 +0000] "GET /events/list/?tribe-bar-date=2026-03-09 HTTP/1.1" 200 19807 "-" "Mozilla/5.0 (compatible; AhrefsBot/7.0; +http://ahrefs.com/robot/)"
209.74.77.214 - - [13/Jul/2025:13:08:03 +0000] "POST /wp-cron.php?doing_wp_cron=1752412083.2143468856811523437500 HTTP/1.1" 200 - "-" "WordPress/6.8.1; https://teamhachem.com"
216.73.216.126 - - [13/Jul/2025:13:08:01 +0000] "GET /events/2028-05-23 HTTP/1.1" 301 - "-" "Mozilla/5.0 AppleWebKit/537.36 (KHTML, like Gecko; compatible; ClaudeBot/1.0; [email protected])"
216.73.216.126 - - [13/Jul/2025:13:08:03 +0000] "GET /events/2028-05-23/ HTTP/1.1" 200 19469 "https://teamhachem.com/events/2028-05-23" "Mozilla/5.0 AppleWebKit/537.36 (KHTML, like Gecko; compatible; ClaudeBot/1.0; [email protected])"
209.74.77.214 - - [13/Jul/2025:13:08:52 +0000] "POST /wp-cron.php?doing_wp_cron=1752412132.8021469116210937500000 HTTP/1.1" 200 - "-" "WordPress/6.8.1; https://teamhachem.com"
216.73.216.126 - - [13/Jul/2025:13:08:51 +0000] "GET /events/2028-04-30/?ical=1 HTTP/1.1" 200 1138 "-" "Mozilla/5.0 AppleWebKit/537.36 (KHTML, like Gecko; compatible; ClaudeBot/1.0; [email protected])"
209.74.77.214 - - [13/Jul/2025:13:09:26 +0000] "POST /wp-cron.php?doing_wp_cron=1752412166.1164491176605224609375 HTTP/1.1" 200 - "-" "WordPress/6.8.1; https://teamhachem.com"
216.73.216.126 - - [13/Jul/2025:13:09:24 +0000] "GET /events/2028-05-13 HTTP/1.1" 301 - "-" "Mozilla/5.0 AppleWebKit/537.36 (KHTML, like Gecko; compatible; ClaudeBot/1.0; [email protected])"
216.73.216.126 - - [13/Jul/2025:13:09:26 +0000] "GET /events/2028-05-13/ HTTP/1.1" 200 19478 "https://teamhachem.com/events/2028-05-13" "Mozilla/5.0 AppleWebKit/537.36 (KHTML, like Gecko; compatible; ClaudeBot/1.0; [email protected])"
34.61.122.214 - - [13/Jul/2025:13:09:42 +0000] "GET / HTTP/1.1" 200 12369 "-" "Mozilla/5.0 (Windows NT 6.2; WOW64) AppleWebKit/537.36 (KHTML, like Gecko) Chrome/30.0.1599.17 Safari/537.36"
209.74.77.214 - - [13/Jul/2025:13:09:48 +0000] "POST /wp-cron.php?doing_wp_cron=1752412188.8055870532989501953125 HTTP/1.1" 200 - "-" "WordPress/6.8.1; https://teamhachem.com"
51.222.253.1 - - [13/Jul/2025:13:09:48 +0000] "GET /events/list/?tribe-bar-date=2026-03-22 HTTP/1.1" 200 19798 "-" "Mozilla/5.0 (compatible; AhrefsBot/7.0; +http://ahrefs.com/robot/)"
216.73.216.126 - - [13/Jul/2025:13:09:56 +0000] "GET /events/list/?tribe-bar-date=2028-04-12 HTTP/1.1" 200 19799 "-" "Mozilla/5.0 AppleWebKit/537.36 (KHTML, like Gecko; compatible; ClaudeBot/1.0; [email protected])"
209.74.77.214 - - [13/Jul/2025:13:10:45 +0000] "POST /wp-cron.php?doing_wp_cron=1752412245.1750719547271728515625 HTTP/1.1" 200 - "-" "WordPress/6.8.1; https://teamhachem.com"
216.73.216.126 - - [13/Jul/2025:13:10:43 +0000] "GET /events/2028-04-28/?ical=1 HTTP/1.1" 200 1137 "-" "Mozilla/5.0 AppleWebKit/537.36 (KHTML, like Gecko; compatible; ClaudeBot/1.0; [email protected])"
209.74.77.214 - - [13/Jul/2025:13:11:21 +0000] "POST /wp-cron.php?doing_wp_cron=1752412281.1122710704803466796875 HTTP/1.1" 200 - "-" "WordPress/6.8.1; https://teamhachem.com"
85.208.96.195 - - [13/Jul/2025:13:11:19 +0000] "GET /events/2025-10-14/ HTTP/1.1" 200 19464 "-" "Mozilla/5.0 (compatible; SemrushBot/7~bl; +http://www.semrush.com/bot.html)"
216.73.216.126 - - [13/Jul/2025:13:11:24 +0000] "GET /events/2028-05-30 HTTP/1.1" 301 - "-" "Mozilla/5.0 AppleWebKit/537.36 (KHTML, like Gecko; compatible; ClaudeBot/1.0; [email protected])"
216.73.216.126 - - [13/Jul/2025:13:11:24 +0000] "GET /events/2028-05-30/ HTTP/1.1" 200 19479 "https://teamhachem.com/events/2028-05-30" "Mozilla/5.0 AppleWebKit/537.36 (KHTML, like Gecko; compatible; ClaudeBot/1.0; [email protected])"
209.74.77.214 - - [13/Jul/2025:13:12:23 +0000] "POST /wp-cron.php?doing_wp_cron=1752412343.2608311176300048828125 HTTP/1.1" 200 - "-" "WordPress/6.8.1; https://teamhachem.com"
216.73.216.126 - - [13/Jul/2025:13:12:21 +0000] "GET /events/list/?eventDisplay=past&ical=1&tribe-bar-date=2028-02-15 HTTP/1.1" 200 1292 "-" "Mozilla/5.0 AppleWebKit/537.36 (KHTML, like Gecko; compatible; ClaudeBot/1.0; [email protected])"
51.222.253.14 - - [13/Jul/2025:13:12:32 +0000] "GET /events/list/?tribe-bar-date=2026-03-16 HTTP/1.1" 200 19780 "-" "Mozilla/5.0 (compatible; AhrefsBot/7.0; +http://ahrefs.com/robot/)"
209.74.77.214 - - [13/Jul/2025:13:12:56 +0000] "POST /wp-cron.php?doing_wp_cron=1752412376.8971281051635742187500 HTTP/1.1" 200 - "-" "WordPress/6.8.1; https://teamhachem.com"
216.73.216.126 - - [13/Jul/2025:13:12:56 +0000] "GET /events/2028-05-14 HTTP/1.1" 301 - "-" "Mozilla/5.0 AppleWebKit/537.36 (KHTML, like Gecko; compatible; ClaudeBot/1.0; [email protected])"
