222.79.104.23 - - [13/Jul/2025:16:45:49 +0000] "GET / HTTP/1.1" 200 22837 "http://teamhachem.com" "Mozilla/5.0 (iPhone; CPU iPhone OS 13_2_3 like Mac OS X) AppleWebKit/605.1.15 (KHTML, like Gecko) Version/13.0.3 Mobile/15E148 Safari/604.1"
209.74.77.214 - - [13/Jul/2025:16:48:24 +0000] "POST /wp-cron.php?doing_wp_cron=1752425304.7090239524841308593750 HTTP/1.1" 200 - "-" "WordPress/6.8.1; https://teamhachem.com"
51.222.253.9 - - [13/Jul/2025:16:48:22 +0000] "GET /events/list/?tribe-bar-date=2026-01-28&eventDisplay=past HTTP/1.1" 200 20224 "-" "Mozilla/5.0 (compatible; AhrefsBot/7.0; +http://ahrefs.com/robot/)"
209.74.77.214 - - [13/Jul/2025:16:52:56 +0000] "POST /wp-cron.php?doing_wp_cron=1752425576.9834570884704589843750 HTTP/1.1" 200 - "-" "WordPress/6.8.1; https://teamhachem.com"
51.222.253.17 - - [13/Jul/2025:16:52:54 +0000] "GET /wp-sitemap.xml HTTP/1.1" 200 325 "-" "Mozilla/5.0 (compatible; AhrefsBot/7.0; +http://ahrefs.com/robot/)"
209.74.77.214 - - [13/Jul/2025:16:53:10 +0000] "POST /wp-cron.php?doing_wp_cron=1752425590.5369729995727539062500 HTTP/1.1" 200 - "-" "WordPress/6.8.1; https://teamhachem.com"
51.222.253.13 - - [13/Jul/2025:16:53:10 +0000] "GET /wp-sitemap-posts-post-1.xml HTTP/1.1" 200 937 "-" "Mozilla/5.0 (compatible; AhrefsBot/7.0; +http://ahrefs.com/robot/)"
51.222.253.8 - - [13/Jul/2025:16:53:12 +0000] "GET /wp-sitemap-posts-page-1.xml HTTP/1.1" 200 805 "-" "Mozilla/5.0 (compatible; AhrefsBot/7.0; +http://ahrefs.com/robot/)"
51.222.253.12 - - [13/Jul/2025:16:53:14 +0000] "GET /wp-sitemap-posts-product-1.xml HTTP/1.1" 200 361 "-" "Mozilla/5.0 (compatible; AhrefsBot/7.0; +http://ahrefs.com/robot/)"
51.222.253.17 - - [13/Jul/2025:16:53:16 +0000] "GET /wp-sitemap-posts-testimonials-1.xml HTTP/1.1" 200 389 "-" "Mozilla/5.0 (compatible; AhrefsBot/7.0; +http://ahrefs.com/robot/)"
51.222.253.17 - - [13/Jul/2025:16:53:17 +0000] "GET /wp-sitemap-posts-sections-1.xml HTTP/1.1" 200 222 "-" "Mozilla/5.0 (compatible; AhrefsBot/7.0; +http://ahrefs.com/robot/)"
51.222.253.12 - - [13/Jul/2025:16:53:19 +0000] "GET /wp-sitemap-posts-services-1.xml HTTP/1.1" 200 380 "-" "Mozilla/5.0 (compatible; AhrefsBot/7.0; +http://ahrefs.com/robot/)"
51.222.253.20 - - [13/Jul/2025:16:53:21 +0000] "GET /wp-sitemap-posts-sliders-1.xml HTTP/1.1" 200 346 "-" "Mozilla/5.0 (compatible; AhrefsBot/7.0; +http://ahrefs.com/robot/)"
51.222.253.15 - - [13/Jul/2025:16:53:24 +0000] "GET /wp-sitemap-posts-gallery-1.xml HTTP/1.1" 200 318 "-" "Mozilla/5.0 (compatible; AhrefsBot/7.0; +http://ahrefs.com/robot/)"
51.222.253.10 - - [13/Jul/2025:16:53:27 +0000] "GET /wp-sitemap-posts-team-1.xml HTTP/1.1" 200 346 "-" "Mozilla/5.0 (compatible; AhrefsBot/7.0; +http://ahrefs.com/robot/)"
51.222.253.15 - - [13/Jul/2025:16:53:29 +0000] "GET /wp-sitemap-posts-faq-1.xml HTTP/1.1" 200 535 "-" "Mozilla/5.0 (compatible; AhrefsBot/7.0; +http://ahrefs.com/robot/)"
51.222.253.10 - - [13/Jul/2025:16:53:33 +0000] "GET /wp-sitemap-posts-tribe_events-1.xml HTTP/1.1" 200 244 "-" "Mozilla/5.0 (compatible; AhrefsBot/7.0; +http://ahrefs.com/robot/)"
51.222.253.11 - - [13/Jul/2025:16:53:37 +0000] "GET /wp-sitemap-taxonomies-category-1.xml HTTP/1.1" 200 239 "-" "Mozilla/5.0 (compatible; AhrefsBot/7.0; +http://ahrefs.com/robot/)"
51.222.253.7 - - [13/Jul/2025:16:53:39 +0000] "GET /wp-sitemap-taxonomies-post_tag-1.xml HTTP/1.1" 200 229 "-" "Mozilla/5.0 (compatible; AhrefsBot/7.0; +http://ahrefs.com/robot/)"
51.222.253.4 - - [13/Jul/2025:16:53:42 +0000] "GET /wp-sitemap-taxonomies-post_format-1.xml HTTP/1.1" 200 213 "-" "Mozilla/5.0 (compatible; AhrefsBot/7.0; +http://ahrefs.com/robot/)"
51.222.253.4 - - [13/Jul/2025:16:53:43 +0000] "GET /wp-sitemap-taxonomies-product_cat-1.xml HTTP/1.1" 200 223 "-" "Mozilla/5.0 (compatible; AhrefsBot/7.0; +http://ahrefs.com/robot/)"
51.222.253.2 - - [13/Jul/2025:16:53:45 +0000] "GET /wp-sitemap-taxonomies-product_tag-1.xml HTTP/1.1" 200 219 "-" "Mozilla/5.0 (compatible; AhrefsBot/7.0; +http://ahrefs.com/robot/)"
209.74.77.214 - - [13/Jul/2025:16:53:46 +0000] "POST /wp-cron.php?doing_wp_cron=1752425626.7714259624481201171875 HTTP/1.1" 200 - "-" "WordPress/6.8.1; https://teamhachem.com"
51.222.253.4 - - [13/Jul/2025:16:53:46 +0000] "GET /wp-sitemap-taxonomies-services-category-1.xml HTTP/1.1" 200 220 "-" "Mozilla/5.0 (compatible; AhrefsBot/7.0; +http://ahrefs.com/robot/)"
51.222.253.1 - - [13/Jul/2025:16:53:49 +0000] "GET /wp-sitemap-taxonomies-sliders-category-1.xml HTTP/1.1" 200 220 "-" "Mozilla/5.0 (compatible; AhrefsBot/7.0; +http://ahrefs.com/robot/)"
51.222.253.20 - - [13/Jul/2025:16:53:52 +0000] "GET /wp-sitemap-taxonomies-faq-category-1.xml HTTP/1.1" 200 222 "-" "Mozilla/5.0 (compatible; AhrefsBot/7.0; +http://ahrefs.com/robot/)"
51.222.253.12 - - [13/Jul/2025:16:53:53 +0000] "GET /wp-sitemap-users-1.xml HTTP/1.1" 200 181 "-" "Mozilla/5.0 (compatible; AhrefsBot/7.0; +http://ahrefs.com/robot/)"
209.74.77.214 - - [13/Jul/2025:16:56:24 +0000] "POST /wp-cron.php?doing_wp_cron=1752425784.8067579269409179687500 HTTP/1.1" 200 - "-" "WordPress/6.8.1; https://teamhachem.com"
51.222.253.14 - - [13/Jul/2025:16:56:22 +0000] "GET /events/list/?tribe-bar-date=2026-01-10 HTTP/1.1" 200 19796 "-" "Mozilla/5.0 (compatible; AhrefsBot/7.0; +http://ahrefs.com/robot/)"
209.74.77.214 - - [13/Jul/2025:16:57:18 +0000] "POST /wp-cron.php?doing_wp_cron=1752425838.7576990127563476562500 HTTP/1.1" 200 - "-" "WordPress/6.8.1; https://teamhachem.com"
52.202.52.82 - - [13/Jul/2025:16:57:16 +0000] "GET /events/2026-09-13/ HTTP/1.1" 200 19482 "-" "Mozilla/5.0 AppleWebKit/537.36 (KHTML, like Gecko; compatible; Amazonbot/0.1; +https://developer.amazon.com/support/amazonbot) Chrome/119.0.6045.214 Safari/537.36"
209.74.77.214 - - [13/Jul/2025:16:58:26 +0000] "POST /wp-cron.php?doing_wp_cron=1752425906.4158260822296142578125 HTTP/1.1" 200 - "-" "WordPress/6.8.1; https://teamhachem.com"
216.73.216.126 - - [13/Jul/2025:16:58:24 +0000] "GET /events/list/?ical=1&tribe-bar-date=2028-03-26 HTTP/1.1" 200 1138 "-" "Mozilla/5.0 AppleWebKit/537.36 (KHTML, like Gecko; compatible; ClaudeBot/1.0; [email protected])"
185.191.171.16 - - [13/Jul/2025:16:58:44 +0000] "GET /robots.txt HTTP/1.1" 200 154 "-" "Mozilla/5.0 (compatible; SemrushBot/7~bl; +http://www.semrush.com/bot.html)"
209.74.77.214 - - [13/Jul/2025:16:58:46 +0000] "POST /wp-cron.php?doing_wp_cron=1752425926.2523860931396484375000 HTTP/1.1" 200 - "-" "WordPress/6.8.1; https://teamhachem.com"
185.191.171.13 - - [13/Jul/2025:16:58:46 +0000] "GET /events/2024-12-22/ HTTP/1.1" 200 19469 "-" "Mozilla/5.0 (compatible; SemrushBot/7~bl; +http://www.semrush.com/bot.html)"
51.222.253.7 - - [13/Jul/2025:16:58:49 +0000] "GET /events/list/?tribe-bar-date=2026-01-21 HTTP/1.1" 200 19804 "-" "Mozilla/5.0 (compatible; AhrefsBot/7.0; +http://ahrefs.com/robot/)"
209.74.77.214 - - [13/Jul/2025:17:01:19 +0000] "POST /wp-cron.php?doing_wp_cron=1752426079.5694379806518554687500 HTTP/1.1" 200 - "-" "WordPress/6.8.1; https://teamhachem.com"
51.222.253.6 - - [13/Jul/2025:17:01:17 +0000] "GET /events/2026-04-06/ HTTP/1.1" 200 19478 "-" "Mozilla/5.0 (compatible; AhrefsBot/7.0; +http://ahrefs.com/robot/)"
209.74.77.214 - - [13/Jul/2025:17:03:18 +0000] "POST /wp-cron.php?doing_wp_cron=1752426198.5587940216064453125000 HTTP/1.1" 200 - "-" "WordPress/6.8.1; https://teamhachem.com"
51.222.253.10 - - [13/Jul/2025:17:03:16 +0000] "GET /events/2026-04-26/ HTTP/1.1" 200 19471 "-" "Mozilla/5.0 (compatible; AhrefsBot/7.0; +http://ahrefs.com/robot/)"
209.74.77.214 - - [13/Jul/2025:17:03:46 +0000] "POST /wp-cron.php?doing_wp_cron=1752426226.3059880733489990234375 HTTP/1.1" 200 - "-" "WordPress/6.8.1; https://teamhachem.com"
85.208.96.201 - - [13/Jul/2025:17:03:46 +0000] "GET /events/list/?tribe-bar-date=2024-08-04 HTTP/1.1" 200 20192 "-" "Mozilla/5.0 (compatible; SemrushBot/7~bl; +http://www.semrush.com/bot.html)"
209.74.77.214 - - [13/Jul/2025:17:04:14 +0000] "POST /wp-cron.php?doing_wp_cron=1752426254.0856580734252929687500 HTTP/1.1" 200 - "-" "WordPress/6.8.1; https://teamhachem.com"
216.73.216.126 - - [13/Jul/2025:17:04:13 +0000] "GET /events/list/?eventDisplay=past&ical=1&tribe-bar-date=2027-11-15 HTTP/1.1" 200 1292 "-" "Mozilla/5.0 AppleWebKit/537.36 (KHTML, like Gecko; compatible; ClaudeBot/1.0; [email protected])"
209.74.77.214 - - [13/Jul/2025:17:05:03 +0000] "POST /wp-cron.php?doing_wp_cron=1752426303.7616689205169677734375 HTTP/1.1" 200 - "-" "WordPress/6.8.1; https://teamhachem.com"
66.249.73.226 - - [13/Jul/2025:17:05:01 +0000] "GET /robots.txt HTTP/1.1" 200 154 "-" "Mozilla/5.0 (compatible; Googlebot/2.1; +http://www.google.com/bot.html)"
51.222.253.2 - - [13/Jul/2025:17:05:00 +0000] "GET /events/2026-04-07/ HTTP/1.1" 200 19471 "-" "Mozilla/5.0 (compatible; AhrefsBot/7.0; +http://ahrefs.com/robot/)"
66.249.73.226 - - [13/Jul/2025:17:05:03 +0000] "GET /events/2024-12-02/?outlook-ical=1 HTTP/1.1" 200 1131 "-" "Mozilla/5.0 (Linux; Android 6.0.1; Nexus 5X Build/MMB29P) AppleWebKit/537.36 (KHTML, like Gecko) Chrome/137.0.7151.103 Mobile Safari/537.36 (compatible; Googlebot/2.1; +http://www.google.com/bot.html)"
209.74.77.214 - - [13/Jul/2025:17:05:33 +0000] "POST /wp-cron.php?doing_wp_cron=1752426333.9240829944610595703125 HTTP/1.1" 200 - "-" "WordPress/6.8.1; https://teamhachem.com"
85.208.96.211 - - [13/Jul/2025:17:05:33 +0000] "GET /events/list/?eventDisplay=past&tribe-bar-date=2025-04-19 HTTP/1.1" 200 20223 "-" "Mozilla/5.0 (compatible; SemrushBot/7~bl; +http://www.semrush.com/bot.html)"
209.74.77.214 - - [13/Jul/2025:17:06:44 +0000] "POST /wp-cron.php?doing_wp_cron=1752426404.4903149604797363281250 HTTP/1.1" 200 - "-" "WordPress/6.8.1; https://teamhachem.com"
66.249.73.226 - - [13/Jul/2025:17:06:42 +0000] "GET /gallery/ HTTP/1.1" 200 13458 "-" "Mozilla/5.0 (Linux; Android 6.0.1; Nexus 5X Build/MMB29P) AppleWebKit/537.36 (KHTML, like Gecko) Chrome/137.0.7151.103 Mobile Safari/537.36 (compatible; Googlebot/2.1; +http://www.google.com/bot.html)"
209.74.77.214 - - [13/Jul/2025:17:07:03 +0000] "POST /wp-cron.php?doing_wp_cron=1752426423.0589361190795898437500 HTTP/1.1" 200 - "-" "WordPress/6.8.1; https://teamhachem.com"
51.222.253.13 - - [13/Jul/2025:17:07:02 +0000] "GET /events/2026-04-08/ HTTP/1.1" 200 19462 "-" "Mozilla/5.0 (compatible; AhrefsBot/7.0; +http://ahrefs.com/robot/)"
209.74.77.214 - - [13/Jul/2025:17:07:41 +0000] "POST /wp-cron.php?doing_wp_cron=1752426461.0684781074523925781250 HTTP/1.1" 200 - "-" "WordPress/6.8.1; https://teamhachem.com"
216.73.216.126 - - [13/Jul/2025:17:07:39 +0000] "GET /wp-sitemap.xml HTTP/1.1" 200 325 "-" "Mozilla/5.0 AppleWebKit/537.36 (KHTML, like Gecko; compatible; ClaudeBot/1.0; [email protected])"
209.74.77.214 - - [13/Jul/2025:17:08:45 +0000] "POST /wp-cron.php?doing_wp_cron=1752426525.9509088993072509765625 HTTP/1.1" 200 - "-" "WordPress/6.8.1; https://teamhachem.com"
51.222.253.20 - - [13/Jul/2025:17:08:44 +0000] "GET /events/2026-04-10/ HTTP/1.1" 200 19463 "-" "Mozilla/5.0 (compatible; AhrefsBot/7.0; +http://ahrefs.com/robot/)"
209.74.77.214 - - [13/Jul/2025:17:10:28 +0000] "POST /wp-cron.php?doing_wp_cron=1752426628.1742498874664306640625 HTTP/1.1" 200 - "-" "WordPress/6.8.1; https://teamhachem.com"
51.222.253.20 - - [13/Jul/2025:17:10:25 +0000] "GET /events/2026-04-11/ HTTP/1.1" 200 19471 "-" "Mozilla/5.0 (compatible; AhrefsBot/7.0; +http://ahrefs.com/robot/)"
209.74.77.214 - - [13/Jul/2025:17:11:28 +0000] "POST /wp-cron.php?doing_wp_cron=1752426688.3103990554809570312500 HTTP/1.1" 200 - "-" "WordPress/6.8.1; https://teamhachem.com"
216.73.216.126 - - [13/Jul/2025:17:11:26 +0000] "GET /robots.txt HTTP/1.1" 200 154 "-" "Mozilla/5.0 AppleWebKit/537.36 (KHTML, like Gecko; compatible; ClaudeBot/1.0; [email protected])"
216.73.216.126 - - [13/Jul/2025:17:11:28 +0000] "GET /events/list/?eventDisplay=past&ical=1&tribe-bar-date=2028-01-08 HTTP/1.1" 200 1292 "-" "Mozilla/5.0 AppleWebKit/537.36 (KHTML, like Gecko; compatible; ClaudeBot/1.0; [email protected])"
209.74.77.214 - - [13/Jul/2025:17:11:57 +0000] "POST /wp-cron.php?doing_wp_cron=1752426717.2946379184722900390625 HTTP/1.1" 200 - "-" "WordPress/6.8.1; https://teamhachem.com"
51.222.253.15 - - [13/Jul/2025:17:11:57 +0000] "GET /events/2026-04-13/ HTTP/1.1" 200 19473 "-" "Mozilla/5.0 (compatible; AhrefsBot/7.0; +http://ahrefs.com/robot/)"
209.74.77.214 - - [13/Jul/2025:17:13:36 +0000] "POST /wp-cron.php?doing_wp_cron=1752426816.9129989147186279296875 HTTP/1.1" 200 - "-" "WordPress/6.8.1; https://teamhachem.com"
51.222.253.16 - - [13/Jul/2025:17:13:35 +0000] "GET /events/2026-04-14/ HTTP/1.1" 200 19469 "-" "Mozilla/5.0 (compatible; AhrefsBot/7.0; +http://ahrefs.com/robot/)"
209.74.77.214 - - [13/Jul/2025:17:13:55 +0000] "POST /wp-cron.php?doing_wp_cron=1752426835.5413870811462402343750 HTTP/1.1" 200 - "-" "WordPress/6.8.1; https://teamhachem.com"
216.73.216.126 - - [13/Jul/2025:17:13:55 +0000] "GET /events/list/?eventDisplay=past&tribe-bar-date=2028-03-18 HTTP/1.1" 200 20227 "-" "Mozilla/5.0 AppleWebKit/537.36 (KHTML, like Gecko; compatible; ClaudeBot/1.0; [email protected])"
209.74.77.214 - - [13/Jul/2025:17:15:11 +0000] "POST /wp-cron.php?doing_wp_cron=1752426911.6963000297546386718750 HTTP/1.1" 200 - "-" "WordPress/6.8.1; https://teamhachem.com"
51.222.253.14 - - [13/Jul/2025:17:15:09 +0000] "GET /events/2026-04-15/ HTTP/1.1" 200 19470 "-" "Mozilla/5.0 (compatible; AhrefsBot/7.0; +http://ahrefs.com/robot/)"
209.74.77.214 - - [13/Jul/2025:17:15:49 +0000] "POST /wp-cron.php?doing_wp_cron=1752426949.0317859649658203125000 HTTP/1.1" 200 - "-" "WordPress/6.8.1; https://teamhachem.com"
159.75.126.74 - - [13/Jul/2025:17:15:47 +0000] "POST /xmlrpc.php HTTP/1.1" 200 403 "-" "Mozilla/5.0 (Windows NT 10.0; Win64; x64) AppleWebKit/537.36 (KHTML, like Gecko) Chrome/79.0.3945.88 Safari/537.36"
90.156.143.133 - - [13/Jul/2025:17:15:47 +0000] "POST /xmlrpc.php HTTP/1.1" 200 403 "-" "Mozilla/5.0 (Windows NT 10.0; Win64; x64; rv:85.0) Gecko/20100101 Firefox/85.0"
47.56.160.31 - - [13/Jul/2025:17:15:58 +0000] "POST /xmlrpc.php HTTP/1.1" 200 403 "-" "Mozilla/5.0 (Windows NT 6.2; Win64; x64) AppleWebKit/537.36 (KHTML, like Gecko) Chrome/60.0.3112.90 Safari/537.36"
157.66.13.60 - - [13/Jul/2025:17:15:59 +0000] "POST /xmlrpc.php HTTP/1.1" 200 403 "-" "Mozilla/5.0 (iPhone; CPU iPhone OS 14_6 like Mac OS X) AppleWebKit/605.1.15 (KHTML, like Gecko) CriOS/91.0.4472.80 Mobile/15E148 Safari/604.1"
47.56.160.31 - - [13/Jul/2025:17:16:06 +0000] "POST /xmlrpc.php HTTP/1.1" 200 403 "-" "Mozilla/5.0 (Windows NT 10.0; Win64; x64) AppleWebKit/537.36 (KHTML, like Gecko) Chrome/89.0.4389.90 Safari/537.36"
185.80.49.12 - - [13/Jul/2025:17:16:06 +0000] "POST /xmlrpc.php HTTP/1.1" 200 403 "-" "Mozilla/5.0 (Windows NT 6.3; Win64; x64; rv:73.0) Gecko/20100101 Firefox/73.0"
209.74.77.214 - - [13/Jul/2025:17:16:12 +0000] "POST /wp-cron.php?doing_wp_cron=1752426972.6052069664001464843750 HTTP/1.1" 200 - "-" "WordPress/6.8.1; https://teamhachem.com"
90.156.143.133 - - [13/Jul/2025:17:16:12 +0000] "POST /xmlrpc.php HTTP/1.1" 200 403 "-" "Mozilla/5.0 (Windows NT 10.0; WOW64) AppleWebKit/537.36 (KHTML, like Gecko) Chrome/91.0.4472.114 Safari/537.36"
185.80.49.12 - - [13/Jul/2025:17:16:13 +0000] "POST /xmlrpc.php HTTP/1.1" 200 403 "-" "Mozilla/5.0 (Linux; Android 10; LM-X420) AppleWebKit/537.36 (KHTML, like Gecko) Chrome/91.0.4472.114 Mobile Safari/537.36"
90.156.143.133 - - [13/Jul/2025:17:16:14 +0000] "POST /xmlrpc.php HTTP/1.1" 200 403 "-" "Mozilla/5.0 (Windows NT 10.0; Win64; x64) AppleWebKit/537.36 (KHTML, like Gecko) Chrome/60.0.3112.113 Safari/537.36"
193.202.110.22 - - [13/Jul/2025:17:16:27 +0000] "POST /xmlrpc.php HTTP/1.1" 200 403 "-" "Mozilla/5.0 (Linux; Android 10; SM-G960U) AppleWebKit/537.36 (KHTML, like Gecko) Chrome/91.0.4472.114 Mobile Safari/537.36"
207.244.240.203 - - [13/Jul/2025:17:16:40 +0000] "POST /xmlrpc.php HTTP/1.1" 200 403 "-" "Mozilla/5.0 (Windows NT 10.0; WOW64) AppleWebKit/537.36 (KHTML, like Gecko) Chrome/72.0.3626.121 Safari/537.36"
209.74.77.214 - - [13/Jul/2025:17:16:51 +0000] "POST /wp-cron.php?doing_wp_cron=1752427011.6351220607757568359375 HTTP/1.1" 200 - "-" "WordPress/6.8.1; https://teamhachem.com"
51.222.253.7 - - [13/Jul/2025:17:16:51 +0000] "GET /events/2026-04-16/ HTTP/1.1" 200 19467 "-" "Mozilla/5.0 (compatible; AhrefsBot/7.0; +http://ahrefs.com/robot/)"
3.227.180.70 - - [13/Jul/2025:17:17:01 +0000] "GET /events/list/?tribe-bar-date=2026-08-23 HTTP/1.1" 200 19796 "-" "Mozilla/5.0 AppleWebKit/537.36 (KHTML, like Gecko; compatible; Amazonbot/0.1; +https://developer.amazon.com/support/amazonbot) Chrome/119.0.6045.214 Safari/537.36"
209.74.77.214 - - [13/Jul/2025:17:18:34 +0000] "POST /wp-cron.php?doing_wp_cron=1752427114.3750689029693603515625 HTTP/1.1" 200 - "-" "WordPress/6.8.1; https://teamhachem.com"
51.222.253.19 - - [13/Jul/2025:17:18:32 +0000] "GET /events/2026-04-22/ HTTP/1.1" 200 19480 "-" "Mozilla/5.0 (compatible; AhrefsBot/7.0; +http://ahrefs.com/robot/)"
209.74.77.214 - - [13/Jul/2025:17:20:39 +0000] "POST /wp-cron.php?doing_wp_cron=1752427239.7845289707183837890625 HTTP/1.1" 200 - "-" "WordPress/6.8.1; https://teamhachem.com"
51.222.253.2 - - [13/Jul/2025:17:20:37 +0000] "GET /events/2026-04-09/ HTTP/1.1" 200 19483 "-" "Mozilla/5.0 (compatible; AhrefsBot/7.0; +http://ahrefs.com/robot/)"
209.74.77.214 - - [13/Jul/2025:17:21:42 +0000] "POST /wp-cron.php?doing_wp_cron=1752427302.9691269397735595703125 HTTP/1.1" 200 - "-" "WordPress/6.8.1; https://teamhachem.com"
216.73.216.126 - - [13/Jul/2025:17:21:41 +0000] "GET /events/list/?ical=1&tribe-bar-date=2028-03-08 HTTP/1.1" 200 1137 "-" "Mozilla/5.0 AppleWebKit/537.36 (KHTML, like Gecko; compatible; ClaudeBot/1.0; [email protected])"
209.74.77.214 - - [13/Jul/2025:17:22:12 +0000] "POST /wp-cron.php?doing_wp_cron=1752427332.0319030284881591796875 HTTP/1.1" 200 - "-" "WordPress/6.8.1; https://teamhachem.com"
51.222.253.20 - - [13/Jul/2025:17:22:11 +0000] "GET /events/2026-04-17/ HTTP/1.1" 200 19481 "-" "Mozilla/5.0 (compatible; AhrefsBot/7.0; +http://ahrefs.com/robot/)"
54.223.50.166 - - [13/Jul/2025:17:24:50 +0000] "GET /wp-content/uploads/2024/10/Teamw.png HTTP/1.1" 200 5125 "-" "Mozilla/5.0 (compatible; crawler)"
209.74.77.214 - - [13/Jul/2025:17:27:11 +0000] "POST /wp-cron.php?doing_wp_cron=1752427631.8183081150054931640625 HTTP/1.1" 200 - "-" "WordPress/6.8.1; https://teamhachem.com"
216.73.216.126 - - [13/Jul/2025:17:27:09 +0000] "GET /events/list/?ical=1&tribe-bar-date=2028-03-14 HTTP/1.1" 200 1137 "-" "Mozilla/5.0 AppleWebKit/537.36 (KHTML, like Gecko; compatible; ClaudeBot/1.0; [email protected])"
51.222.253.20 - - [13/Jul/2025:17:27:17 +0000] "GET /events/2026-04-21/ HTTP/1.1" 200 19482 "-" "Mozilla/5.0 (compatible; AhrefsBot/7.0; +http://ahrefs.com/robot/)"
209.74.77.214 - - [13/Jul/2025:17:27:51 +0000] "POST /wp-cron.php?doing_wp_cron=1752427671.8511240482330322265625 HTTP/1.1" 200 - "-" "WordPress/6.8.1; https://teamhachem.com"
185.191.171.18 - - [13/Jul/2025:17:27:50 +0000] "GET /events/2024-07-28/ HTTP/1.1" 200 18819 "-" "Mozilla/5.0 (compatible; SemrushBot/7~bl; +http://www.semrush.com/bot.html)"
209.74.77.214 - - [13/Jul/2025:17:28:39 +0000] "POST /wp-cron.php?doing_wp_cron=1752427719.7320959568023681640625 HTTP/1.1" 200 - "-" "WordPress/6.8.1; https://teamhachem.com"
216.73.216.126 - - [13/Jul/2025:17:28:37 +0000] "GET /events/list/?eventDisplay=past&ical=1&tribe-bar-date=2028-02-19 HTTP/1.1" 200 1292 "-" "Mozilla/5.0 AppleWebKit/537.36 (KHTML, like Gecko; compatible; ClaudeBot/1.0; [email protected])"
209.74.77.214 - - [13/Jul/2025:17:28:56 +0000] "POST /wp-cron.php?doing_wp_cron=1752427736.2452220916748046875000 HTTP/1.1" 200 - "-" "WordPress/6.8.1; https://teamhachem.com"
51.222.253.19 - - [13/Jul/2025:17:28:56 +0000] "GET /events/2026-04-23/ HTTP/1.1" 200 19474 "-" "Mozilla/5.0 (compatible; AhrefsBot/7.0; +http://ahrefs.com/robot/)"
209.74.77.214 - - [13/Jul/2025:17:29:31 +0000] "POST /wp-cron.php?doing_wp_cron=1752427771.7136878967285156250000 HTTP/1.1" 200 - "-" "WordPress/6.8.1; https://teamhachem.com"
216.73.216.126 - - [13/Jul/2025:17:29:29 +0000] "GET /events/list/?ical=1&tribe-bar-date=2028-03-31 HTTP/1.1" 200 1138 "-" "Mozilla/5.0 AppleWebKit/537.36 (KHTML, like Gecko; compatible; ClaudeBot/1.0; [email protected])"
209.74.77.214 - - [13/Jul/2025:17:29:47 +0000] "POST /wp-cron.php?doing_wp_cron=1752427787.8297410011291503906250 HTTP/1.1" 200 - "-" "WordPress/6.8.1; https://teamhachem.com"
85.208.96.208 - - [13/Jul/2025:17:29:47 +0000] "GET /events/2025-10-06/ HTTP/1.1" 200 19464 "-" "Mozilla/5.0 (compatible; SemrushBot/7~bl; +http://www.semrush.com/bot.html)"
209.74.77.214 - - [13/Jul/2025:17:30:32 +0000] "POST /wp-cron.php?doing_wp_cron=1752427832.4033260345458984375000 HTTP/1.1" 200 - "-" "WordPress/6.8.1; https://teamhachem.com"
51.222.253.3 - - [13/Jul/2025:17:30:30 +0000] "GET /events/2026-04-25/ HTTP/1.1" 200 19488 "-" "Mozilla/5.0 (compatible; AhrefsBot/7.0; +http://ahrefs.com/robot/)"
209.74.77.214 - - [13/Jul/2025:17:32:02 +0000] "POST /wp-cron.php?doing_wp_cron=1752427922.2333710193634033203125 HTTP/1.1" 200 - "-" "WordPress/6.8.1; https://teamhachem.com"
51.222.253.16 - - [13/Jul/2025:17:32:00 +0000] "GET /events/2026-04-19/ HTTP/1.1" 200 19467 "-" "Mozilla/5.0 (compatible; AhrefsBot/7.0; +http://ahrefs.com/robot/)"
209.74.77.214 - - [13/Jul/2025:17:33:42 +0000] "POST /wp-cron.php?doing_wp_cron=1752428022.4863929748535156250000 HTTP/1.1" 200 - "-" "WordPress/6.8.1; https://teamhachem.com"
51.222.253.9 - - [13/Jul/2025:17:33:40 +0000] "GET /events/2026-04-24/ HTTP/1.1" 200 19475 "-" "Mozilla/5.0 (compatible; AhrefsBot/7.0; +http://ahrefs.com/robot/)"
209.74.77.214 - - [13/Jul/2025:17:34:50 +0000] "POST /wp-cron.php?doing_wp_cron=1752428090.2669079303741455078125 HTTP/1.1" 200 - "-" "WordPress/6.8.1; https://teamhachem.com"
216.73.216.126 - - [13/Jul/2025:17:34:48 +0000] "GET /events/list/?eventDisplay=past&ical=1&tribe-bar-date=2028-03-03 HTTP/1.1" 200 1291 "-" "Mozilla/5.0 AppleWebKit/537.36 (KHTML, like Gecko; compatible; ClaudeBot/1.0; [email protected])"
209.74.77.214 - - [13/Jul/2025:17:35:14 +0000] "POST /wp-cron.php?doing_wp_cron=1752428114.3197860717773437500000 HTTP/1.1" 200 - "-" "WordPress/6.8.1; https://teamhachem.com"
51.222.253.7 - - [13/Jul/2025:17:35:14 +0000] "GET /events/2026-04-18/ HTTP/1.1" 200 19474 "-" "Mozilla/5.0 (compatible; AhrefsBot/7.0; +http://ahrefs.com/robot/)"
216.73.216.126 - - [13/Jul/2025:17:35:40 +0000] "GET /events/list/?eventDisplay=past&tribe-bar-date=2028-03-08 HTTP/1.1" 200 20217 "-" "Mozilla/5.0 AppleWebKit/537.36 (KHTML, like Gecko; compatible; ClaudeBot/1.0; [email protected])"
185.191.171.19 - - [13/Jul/2025:17:35:42 +0000] "GET /events/2025-01-25/ HTTP/1.1" 200 19455 "-" "Mozilla/5.0 (compatible; SemrushBot/7~bl; +http://www.semrush.com/bot.html)"
209.74.77.214 - - [13/Jul/2025:17:36:52 +0000] "POST /wp-cron.php?doing_wp_cron=1752428212.8861629962921142578125 HTTP/1.1" 200 - "-" "WordPress/6.8.1; https://teamhachem.com"
51.222.253.8 - - [13/Jul/2025:17:36:50 +0000] "GET /events/list/?tribe-bar-date=2026-02-22 HTTP/1.1" 200 19806 "-" "Mozilla/5.0 (compatible; AhrefsBot/7.0; +http://ahrefs.com/robot/)"
209.74.77.214 - - [13/Jul/2025:17:38:17 +0000] "POST /wp-cron.php?doing_wp_cron=1752428297.2853639125823974609375 HTTP/1.1" 200 - "-" "WordPress/6.8.1; https://teamhachem.com"
51.222.253.19 - - [13/Jul/2025:17:38:15 +0000] "GET /events/list/?tribe-bar-date=2026-02-03 HTTP/1.1" 200 19791 "-" "Mozilla/5.0 (compatible; AhrefsBot/7.0; +http://ahrefs.com/robot/)"
209.74.77.214 - - [13/Jul/2025:17:39:40 +0000] "POST /wp-cron.php?doing_wp_cron=1752428380.7106080055236816406250 HTTP/1.1" 200 - "-" "WordPress/6.8.1; https://teamhachem.com"
51.222.253.17 - - [13/Jul/2025:17:39:38 +0000] "GET /events/list/?tribe-bar-date=2026-03-21 HTTP/1.1" 200 19781 "-" "Mozilla/5.0 (compatible; AhrefsBot/7.0; +http://ahrefs.com/robot/)"
209.74.77.214 - - [13/Jul/2025:17:41:07 +0000] "POST /wp-cron.php?doing_wp_cron=1752428467.6412808895111083984375 HTTP/1.1" 200 - "-" "WordPress/6.8.1; https://teamhachem.com"
51.222.253.13 - - [13/Jul/2025:17:41:05 +0000] "GET /events/2026-04-01/ HTTP/1.1" 200 19478 "-" "Mozilla/5.0 (compatible; AhrefsBot/7.0; +http://ahrefs.com/robot/)"
209.74.77.214 - - [13/Jul/2025:17:42:36 +0000] "POST /wp-cron.php?doing_wp_cron=1752428556.6061410903930664062500 HTTP/1.1" 200 - "-" "WordPress/6.8.1; https://teamhachem.com"
51.222.253.5 - - [13/Jul/2025:17:42:34 +0000] "GET /events/list/?tribe-bar-date=2026-03-05 HTTP/1.1" 200 19804 "-" "Mozilla/5.0 (compatible; AhrefsBot/7.0; +http://ahrefs.com/robot/)"
209.74.77.214 - - [13/Jul/2025:17:43:10 +0000] "POST /wp-cron.php?doing_wp_cron=1752428590.3787569999694824218750 HTTP/1.1" 200 - "-" "WordPress/6.8.1; https://teamhachem.com"
4.227.36.16 - - [13/Jul/2025:17:43:08 +0000] "GET /robots.txt HTTP/1.1" 301 - "-" "Mozilla/5.0 AppleWebKit/537.36 (KHTML, like Gecko; compatible; GPTBot/1.2; +https://openai.com/gptbot)"
4.227.36.16 - - [13/Jul/2025:17:43:10 +0000] "GET /robots.txt HTTP/1.1" 200 154 "https://www.teamhachem.com/robots.txt" "Mozilla/5.0 AppleWebKit/537.36 (KHTML, like Gecko; compatible; GPTBot/1.2; +https://openai.com/gptbot)"
20.171.207.210 - - [13/Jul/2025:17:43:12 +0000] "GET / HTTP/1.1" 301 - "-" "Mozilla/5.0 AppleWebKit/537.36 (KHTML, like Gecko; compatible; GPTBot/1.2; +https://openai.com/gptbot)"
209.74.77.214 - - [13/Jul/2025:17:44:10 +0000] "POST /wp-cron.php?doing_wp_cron=1752428650.1230289936065673828125 HTTP/1.1" 200 - "-" "WordPress/6.8.1; https://teamhachem.com"
51.222.253.2 - - [13/Jul/2025:17:44:08 +0000] "GET /events/list/?tribe-bar-date=2026-03-02 HTTP/1.1" 200 19794 "-" "Mozilla/5.0 (compatible; AhrefsBot/7.0; +http://ahrefs.com/robot/)"
209.74.77.214 - - [13/Jul/2025:17:45:37 +0000] "POST /wp-cron.php?doing_wp_cron=1752428737.6349549293518066406250 HTTP/1.1" 200 - "-" "WordPress/6.8.1; https://teamhachem.com"
51.222.253.9 - - [13/Jul/2025:17:45:35 +0000] "GET /events/2026-04-04/ HTTP/1.1" 200 19477 "-" "Mozilla/5.0 (compatible; AhrefsBot/7.0; +http://ahrefs.com/robot/)"
85.208.96.197 - - [13/Jul/2025:17:45:44 +0000] "GET /events/list/?tribe-bar-date=2024-07-29 HTTP/1.1" 200 20180 "-" "Mozilla/5.0 (compatible; SemrushBot/7~bl; +http://www.semrush.com/bot.html)"
209.74.77.214 - - [13/Jul/2025:17:46:33 +0000] "POST /wp-cron.php?doing_wp_cron=1752428793.3688790798187255859375 HTTP/1.1" 200 - "-" "WordPress/6.8.1; https://teamhachem.com"
185.191.171.14 - - [13/Jul/2025:17:46:29 +0000] "GET /events/list/?tribe-bar-date=2025-09-12 HTTP/1.1" 200 19791 "-" "Mozilla/5.0 (compatible; SemrushBot/7~bl; +http://www.semrush.com/bot.html)"
209.74.77.214 - - [13/Jul/2025:17:47:13 +0000] "POST /wp-cron.php?doing_wp_cron=1752428833.3241539001464843750000 HTTP/1.1" 200 - "-" "WordPress/6.8.1; https://teamhachem.com"
51.222.253.15 - - [13/Jul/2025:17:47:11 +0000] "GET /events/2026-04-03/ HTTP/1.1" 200 19483 "-" "Mozilla/5.0 (compatible; AhrefsBot/7.0; +http://ahrefs.com/robot/)"
209.74.77.214 - - [13/Jul/2025:17:48:42 +0000] "POST /wp-cron.php?doing_wp_cron=1752428922.8214850425720214843750 HTTP/1.1" 200 - "-" "WordPress/6.8.1; https://teamhachem.com"
52.204.81.148 - - [13/Jul/2025:17:48:41 +0000] "GET /events/2026-09-20/ HTTP/1.1" 200 19472 "-" "Mozilla/5.0 AppleWebKit/537.36 (KHTML, like Gecko; compatible; Amazonbot/0.1; +https://developer.amazon.com/support/amazonbot) Chrome/119.0.6045.214 Safari/537.36"
98.83.10.183 - - [13/Jul/2025:17:48:44 +0000] "GET /events/2026-09-30/ HTTP/1.1" 200 19488 "-" "Mozilla/5.0 AppleWebKit/537.36 (KHTML, like Gecko; compatible; Amazonbot/0.1; +https://developer.amazon.com/support/amazonbot) Chrome/119.0.6045.214 Safari/537.36"
209.74.77.214 - - [13/Jul/2025:17:48:50 +0000] "POST /wp-cron.php?doing_wp_cron=1752428930.3628640174865722656250 HTTP/1.1" 200 - "-" "WordPress/6.8.1; https://teamhachem.com"
34.206.193.60 - - [13/Jul/2025:17:48:50 +0000] "GET /events/list/?tribe-bar-date=2026-08-24 HTTP/1.1" 200 19795 "-" "Mozilla/5.0 AppleWebKit/537.36 (KHTML, like Gecko; compatible; Amazonbot/0.1; +https://developer.amazon.com/support/amazonbot) Chrome/119.0.6045.214 Safari/537.36"
51.222.253.12 - - [13/Jul/2025:17:48:50 +0000] "GET /events/2026-03-30/ HTTP/1.1" 200 19471 "-" "Mozilla/5.0 (compatible; AhrefsBot/7.0; +http://ahrefs.com/robot/)"
209.74.77.214 - - [13/Jul/2025:17:50:38 +0000] "POST /wp-cron.php?doing_wp_cron=1752429038.6804618835449218750000 HTTP/1.1" 200 - "-" "WordPress/6.8.1; https://teamhachem.com"
51.222.253.5 - - [13/Jul/2025:17:50:36 +0000] "GET /events/2026-03-31/ HTTP/1.1" 200 19480 "-" "Mozilla/5.0 (compatible; AhrefsBot/7.0; +http://ahrefs.com/robot/)"
209.74.77.214 - - [13/Jul/2025:17:52:18 +0000] "POST /wp-cron.php?doing_wp_cron=1752429138.1418468952178955078125 HTTP/1.1" 200 - "-" "WordPress/6.8.1; https://teamhachem.com"
51.222.253.5 - - [13/Jul/2025:17:52:16 +0000] "GET /events/2026-04-02/ HTTP/1.1" 200 19483 "-" "Mozilla/5.0 (compatible; AhrefsBot/7.0; +http://ahrefs.com/robot/)"
85.208.96.207 - - [13/Jul/2025:17:52:30 +0000] "GET /events/2025-01-05/ HTTP/1.1" 200 19464 "-" "Mozilla/5.0 (compatible; SemrushBot/7~bl; +http://www.semrush.com/bot.html)"
209.74.77.214 - - [13/Jul/2025:17:54:04 +0000] "POST /wp-cron.php?doing_wp_cron=1752429244.0856258869171142578125 HTTP/1.1" 200 - "-" "WordPress/6.8.1; https://teamhachem.com"
51.222.253.10 - - [13/Jul/2025:17:54:01 +0000] "GET /events/2026-04-05/ HTTP/1.1" 200 19472 "-" "Mozilla/5.0 (compatible; AhrefsBot/7.0; +http://ahrefs.com/robot/)"
209.74.77.214 - - [13/Jul/2025:17:54:38 +0000] "POST /wp-cron.php?doing_wp_cron=1752429278.1644880771636962890625 HTTP/1.1" 200 - "-" "WordPress/6.8.1; https://teamhachem.com"
85.208.96.199 - - [13/Jul/2025:17:54:36 +0000] "GET /events/list/?eventDisplay=past&tribe-bar-date=2025-08-07 HTTP/1.1" 200 20208 "-" "Mozilla/5.0 (compatible; SemrushBot/7~bl; +http://www.semrush.com/bot.html)"
209.74.77.214 - - [13/Jul/2025:17:55:08 +0000] "POST /wp-cron.php?doing_wp_cron=1752429308.4347391128540039062500 HTTP/1.1" 200 - "-" "WordPress/6.8.1; https://teamhachem.com"
52.167.144.166 - - [13/Jul/2025:17:55:08 +0000] "GET /sliders-category/gym/ HTTP/1.1" 301 - "-" "Mozilla/5.0 AppleWebKit/537.36 (KHTML, like Gecko; compatible; bingbot/2.0; +http://www.bing.com/bingbot.htm) Chrome/116.0.1938.76 Safari/537.36"
209.74.77.214 - - [13/Jul/2025:17:55:31 +0000] "POST /wp-cron.php?doing_wp_cron=1752429331.6681869029998779296875 HTTP/1.1" 200 - "-" "WordPress/6.8.1; https://teamhachem.com"
51.222.253.7 - - [13/Jul/2025:17:55:31 +0000] "GET /events/list/?tribe-bar-date=2025-12-09&eventDisplay=past HTTP/1.1" 200 20224 "-" "Mozilla/5.0 (compatible; AhrefsBot/7.0; +http://ahrefs.com/robot/)"
209.74.77.214 - - [13/Jul/2025:17:56:29 +0000] "POST /wp-cron.php?doing_wp_cron=1752429389.0783619880676269531250 HTTP/1.1" 200 - "-" "WordPress/6.8.1; https://teamhachem.com"
216.73.216.126 - - [13/Jul/2025:17:56:27 +0000] "GET /events/list/?eventDisplay=past&ical=1&tribe-bar-date=2028-02-06 HTTP/1.1" 200 1292 "-" "Mozilla/5.0 AppleWebKit/537.36 (KHTML, like Gecko; compatible; ClaudeBot/1.0; [email protected])"
159.223.131.136 - - [13/Jul/2025:17:57:04 +0000] "GET / HTTP/1.1" 401 53 "-" "Mozilla/5.0 (X11; Linux x86_64) AppleWebKit/537.36 (KHTML, like Gecko) Chrome/137.0.0.0 Safari/537.36"
159.223.131.136 - - [13/Jul/2025:17:57:06 +0000] "GET /favicon.ico HTTP/1.1" 401 53 "https://cpcalendars.teamhachem.com/" "Mozilla/5.0 (X11; Linux x86_64) AppleWebKit/537.36 (KHTML, like Gecko) Chrome/137.0.0.0 Safari/537.36"
209.74.77.214 - - [13/Jul/2025:17:57:12 +0000] "POST /wp-cron.php?doing_wp_cron=1752429432.6356780529022216796875 HTTP/1.1" 200 - "-" "WordPress/6.8.1; https://teamhachem.com"
51.222.253.19 - - [13/Jul/2025:17:57:10 +0000] "GET /events/2026-02-04/ HTTP/1.1" 200 19473 "-" "Mozilla/5.0 (compatible; AhrefsBot/7.0; +http://ahrefs.com/robot/)"
209.74.77.214 - - [13/Jul/2025:17:58:48 +0000] "POST /wp-cron.php?doing_wp_cron=1752429528.7702460289001464843750 HTTP/1.1" 200 - "-" "WordPress/6.8.1; https://teamhachem.com"
51.222.253.3 - - [13/Jul/2025:17:58:46 +0000] "GET /events/2026-02-21/ HTTP/1.1" 200 19468 "-" "Mozilla/5.0 (compatible; AhrefsBot/7.0; +http://ahrefs.com/robot/)"
209.74.77.214 - - [13/Jul/2025:18:00:46 +0000] "POST /wp-cron.php?doing_wp_cron=1752429646.2972269058227539062500 HTTP/1.1" 200 - "-" "WordPress/6.8.1; https://teamhachem.com"
51.222.253.19 - - [13/Jul/2025:18:00:43 +0000] "GET /events/list/?tribe-bar-date=2026-01-08&eventDisplay=past HTTP/1.1" 200 20217 "-" "Mozilla/5.0 (compatible; AhrefsBot/7.0; +http://ahrefs.com/robot/)"
209.74.77.214 - - [13/Jul/2025:18:02:18 +0000] "POST /wp-cron.php?doing_wp_cron=1752429738.8039000034332275390625 HTTP/1.1" 200 - "-" "WordPress/6.8.1; https://teamhachem.com"
51.222.253.2 - - [13/Jul/2025:18:02:16 +0000] "GET /events/list/?tribe-bar-date=2026-01-07&eventDisplay=past HTTP/1.1" 200 20223 "-" "Mozilla/5.0 (compatible; AhrefsBot/7.0; +http://ahrefs.com/robot/)"
209.74.77.214 - - [13/Jul/2025:18:04:39 +0000] "POST /wp-cron.php?doing_wp_cron=1752429879.8085858821868896484375 HTTP/1.1" 200 - "-" "WordPress/6.8.1; https://teamhachem.com"
4.227.36.108 - - [13/Jul/2025:18:04:37 +0000] "GET /robots.txt HTTP/1.1" 200 154 "-" "Mozilla/5.0 AppleWebKit/537.36 (KHTML, like Gecko; compatible; GPTBot/1.2; +https://openai.com/gptbot)"
209.74.77.214 - - [13/Jul/2025:18:06:43 +0000] "POST /wp-cron.php?doing_wp_cron=1752430003.1014220714569091796875 HTTP/1.1" 200 - "-" "WordPress/6.8.1; https://teamhachem.com"
51.222.253.7 - - [13/Jul/2025:18:06:40 +0000] "GET /events/2026-03-04/ HTTP/1.1" 200 19468 "-" "Mozilla/5.0 (compatible; AhrefsBot/7.0; +http://ahrefs.com/robot/)"
209.74.77.214 - - [13/Jul/2025:18:08:01 +0000] "POST /wp-cron.php?doing_wp_cron=1752430081.3178100585937500000000 HTTP/1.1" 200 - "-" "WordPress/6.8.1; https://teamhachem.com"
51.222.253.19 - - [13/Jul/2025:18:07:59 +0000] "GET /events/2026-03-28/ HTTP/1.1" 200 19480 "-" "Mozilla/5.0 (compatible; AhrefsBot/7.0; +http://ahrefs.com/robot/)"
209.74.77.214 - - [13/Jul/2025:18:09:28 +0000] "POST /wp-cron.php?doing_wp_cron=1752430168.8231871128082275390625 HTTP/1.1" 200 - "-" "WordPress/6.8.1; https://teamhachem.com"
51.222.253.12 - - [13/Jul/2025:18:09:26 +0000] "GET /events/month/2026-05/ HTTP/1.1" 200 24579 "-" "Mozilla/5.0 (compatible; AhrefsBot/7.0; +http://ahrefs.com/robot/)"
209.74.77.214 - - [13/Jul/2025:18:09:53 +0000] "POST /wp-cron.php?doing_wp_cron=1752430193.1103301048278808593750 HTTP/1.1" 200 - "-" "WordPress/6.8.1; https://teamhachem.com"
3.213.213.161 - - [13/Jul/2025:18:09:52 +0000] "GET /events/list/?tribe-bar-date=2024-06-03 HTTP/1.1" 200 20199 "-" "Mozilla/5.0 AppleWebKit/537.36 (KHTML, like Gecko; compatible; Amazonbot/0.1; +https://developer.amazon.com/support/amazonbot) Chrome/119.0.6045.214 Safari/537.36"
52.3.26.180 - - [13/Jul/2025:18:09:57 +0000] "GET /events/list/?eventDisplay=past&tribe-bar-date=2024-07-03 HTTP/1.1" 200 19841 "-" "Mozilla/5.0 AppleWebKit/537.36 (KHTML, like Gecko; compatible; Amazonbot/0.1; +https://developer.amazon.com/support/amazonbot) Chrome/119.0.6045.214 Safari/537.36"
3.232.39.98 - - [13/Jul/2025:18:10:01 +0000] "GET /events/list/?tribe-bar-date=2026-08-31 HTTP/1.1" 200 19785 "-" "Mozilla/5.0 AppleWebKit/537.36 (KHTML, like Gecko; compatible; Amazonbot/0.1; +https://developer.amazon.com/support/amazonbot) Chrome/119.0.6045.214 Safari/537.36"
18.233.24.238 - - [13/Jul/2025:18:10:05 +0000] "GET /events/list/?tribe-bar-date=2026-08-12 HTTP/1.1" 200 19788 "-" "Mozilla/5.0 AppleWebKit/537.36 (KHTML, like Gecko; compatible; Amazonbot/0.1; +https://developer.amazon.com/support/amazonbot) Chrome/119.0.6045.214 Safari/537.36"
209.74.77.214 - - [13/Jul/2025:18:11:03 +0000] "POST /wp-cron.php?doing_wp_cron=1752430263.9740390777587890625000 HTTP/1.1" 200 - "-" "WordPress/6.8.1; https://teamhachem.com"
51.222.253.17 - - [13/Jul/2025:18:11:01 +0000] "GET /events/list/?tribe-bar-date=2026-04-01 HTTP/1.1" 200 19792 "-" "Mozilla/5.0 (compatible; AhrefsBot/7.0; +http://ahrefs.com/robot/)"
51.222.253.7 - - [13/Jul/2025:18:12:26 +0000] "GET /events/list/?tribe-bar-date=2025-12-21 HTTP/1.1" 200 19800 "-" "Mozilla/5.0 (compatible; AhrefsBot/7.0; +http://ahrefs.com/robot/)"
209.74.77.214 - - [13/Jul/2025:18:13:43 +0000] "POST /wp-cron.php?doing_wp_cron=1752430423.6514420509338378906250 HTTP/1.1" 200 - "-" "WordPress/6.8.1; https://teamhachem.com"
51.222.253.4 - - [13/Jul/2025:18:13:41 +0000] "GET /events/list/?tribe-bar-date=2026-03-01&eventDisplay=past HTTP/1.1" 200 20226 "-" "Mozilla/5.0 (compatible; AhrefsBot/7.0; +http://ahrefs.com/robot/)"
209.74.77.214 - - [13/Jul/2025:18:13:49 +0000] "POST /wp-cron.php?doing_wp_cron=1752430429.3362760543823242187500 HTTP/1.1" 200 - "-" "WordPress/6.8.1; https://teamhachem.com"
185.191.171.3 - - [13/Jul/2025:18:13:49 +0000] "GET /robots.txt HTTP/1.1" 200 154 "-" "Mozilla/5.0 (compatible; SemrushBot/7~bl; +http://www.semrush.com/bot.html)"
85.208.96.201 - - [13/Jul/2025:18:13:49 +0000] "GET /events/2025-10-27/ HTTP/1.1" 200 19463 "-" "Mozilla/5.0 (compatible; SemrushBot/7~bl; +http://www.semrush.com/bot.html)"
209.74.77.214 - - [13/Jul/2025:18:15:04 +0000] "POST /wp-cron.php?doing_wp_cron=1752430504.4836990833282470703125 HTTP/1.1" 200 - "-" "WordPress/6.8.1; https://teamhachem.com"
51.222.253.8 - - [13/Jul/2025:18:15:02 +0000] "GET /events/list/?tribe-bar-date=2026-01-06&eventDisplay=past HTTP/1.1" 200 20223 "-" "Mozilla/5.0 (compatible; AhrefsBot/7.0; +http://ahrefs.com/robot/)"
209.74.77.214 - - [13/Jul/2025:18:16:25 +0000] "POST /wp-cron.php?doing_wp_cron=1752430585.3651769161224365234375 HTTP/1.1" 200 - "-" "WordPress/6.8.1; https://teamhachem.com"
51.222.253.6 - - [13/Jul/2025:18:16:23 +0000] "GET /events/list/?tribe-bar-date=2026-01-29&eventDisplay=past HTTP/1.1" 200 20229 "-" "Mozilla/5.0 (compatible; AhrefsBot/7.0; +http://ahrefs.com/robot/)"
209.74.77.214 - - [13/Jul/2025:18:17:49 +0000] "POST /wp-cron.php?doing_wp_cron=1752430669.1040580272674560546875 HTTP/1.1" 200 - "-" "WordPress/6.8.1; https://teamhachem.com"
51.222.253.7 - - [13/Jul/2025:18:17:46 +0000] "GET /events/list/?tribe-bar-date=2026-01-17&eventDisplay=past HTTP/1.1" 200 20216 "-" "Mozilla/5.0 (compatible; AhrefsBot/7.0; +http://ahrefs.com/robot/)"
209.74.77.214 - - [13/Jul/2025:18:18:51 +0000] "POST /wp-cron.php?doing_wp_cron=1752430731.2429549694061279296875 HTTP/1.1" 200 - "-" "WordPress/6.8.1; https://teamhachem.com"
185.191.171.12 - - [13/Jul/2025:18:18:49 +0000] "GET /events/2024-06-28/ HTTP/1.1" 200 18818 "-" "Mozilla/5.0 (compatible; SemrushBot/7~bl; +http://www.semrush.com/bot.html)"
51.222.253.2 - - [13/Jul/2025:18:18:58 +0000] "GET /events/list/?tribe-bar-date=2026-01-27&eventDisplay=past HTTP/1.1" 200 20212 "-" "Mozilla/5.0 (compatible; AhrefsBot/7.0; +http://ahrefs.com/robot/)"
209.74.77.214 - - [13/Jul/2025:18:20:22 +0000] "POST /wp-cron.php?doing_wp_cron=1752430822.0336780548095703125000 HTTP/1.1" 200 - "-" "WordPress/6.8.1; https://teamhachem.com"
51.222.253.20 - - [13/Jul/2025:18:20:19 +0000] "GET /events/list/?tribe-bar-date=2026-01-22&eventDisplay=past HTTP/1.1" 200 20223 "-" "Mozilla/5.0 (compatible; AhrefsBot/7.0; +http://ahrefs.com/robot/)"
209.74.77.214 - - [13/Jul/2025:18:21:41 +0000] "POST /wp-cron.php?doing_wp_cron=1752430901.0496039390563964843750 HTTP/1.1" 200 - "-" "WordPress/6.8.1; https://teamhachem.com"
51.222.253.19 - - [13/Jul/2025:18:21:39 +0000] "GET /events/list/?tribe-bar-date=2026-01-09&eventDisplay=past HTTP/1.1" 200 20227 "-" "Mozilla/5.0 (compatible; AhrefsBot/7.0; +http://ahrefs.com/robot/)"
209.74.77.214 - - [13/Jul/2025:18:23:10 +0000] "POST /wp-cron.php?doing_wp_cron=1752430990.5830779075622558593750 HTTP/1.1" 200 - "-" "WordPress/6.8.1; https://teamhachem.com"
51.222.253.12 - - [13/Jul/2025:18:23:08 +0000] "GET /events/list/?tribe-bar-date=2026-01-30&eventDisplay=past HTTP/1.1" 200 20216 "-" "Mozilla/5.0 (compatible; AhrefsBot/7.0; +http://ahrefs.com/robot/)"
209.74.77.214 - - [13/Jul/2025:18:24:41 +0000] "POST /wp-cron.php?doing_wp_cron=1752431081.3732450008392333984375 HTTP/1.1" 200 - "-" "WordPress/6.8.1; https://teamhachem.com"
51.222.253.14 - - [13/Jul/2025:18:24:39 +0000] "GET /events/list/?tribe-bar-date=2026-02-23&eventDisplay=past HTTP/1.1" 200 20231 "-" "Mozilla/5.0 (compatible; AhrefsBot/7.0; +http://ahrefs.com/robot/)"
Page not found – Hello World !