51.222.253.8 - - [13/Jul/2025:14:39:40 +0000] "GET /events/list/?tribe-bar-date=2025-12-15&eventDisplay=past HTTP/1.1" 200 20212 "-" "Mozilla/5.0 (compatible; AhrefsBot/7.0; +http://ahrefs.com/robot/)"
209.74.77.214 - - [13/Jul/2025:14:40:29 +0000] "POST /wp-cron.php?doing_wp_cron=1752417629.1722609996795654296875 HTTP/1.1" 200 - "-" "WordPress/6.8.1; https://teamhachem.com"
85.208.96.194 - - [13/Jul/2025:14:40:26 +0000] "GET /events/2025-10-28/ HTTP/1.1" 200 19459 "-" "Mozilla/5.0 (compatible; SemrushBot/7~bl; +http://www.semrush.com/bot.html)"
185.191.171.19 - - [13/Jul/2025:14:40:31 +0000] "GET /events/list/?eventDisplay=past&tribe-bar-date=2025-08-16 HTTP/1.1" 200 20219 "-" "Mozilla/5.0 (compatible; SemrushBot/7~bl; +http://www.semrush.com/bot.html)"
216.73.216.126 - - [13/Jul/2025:14:40:34 +0000] "GET /events/list/?eventDisplay=past&tribe-bar-date=2028-03-13 HTTP/1.1" 200 20226 "-" "Mozilla/5.0 AppleWebKit/537.36 (KHTML, like Gecko; compatible; ClaudeBot/1.0; [email protected])"
216.73.216.126 - - [13/Jul/2025:14:40:34 +0000] "GET /events/list/?ical=1&tribe-bar-date=2028-03-20 HTTP/1.1" 200 1137 "-" "Mozilla/5.0 AppleWebKit/537.36 (KHTML, like Gecko; compatible; ClaudeBot/1.0; [email protected])"
54.156.124.2 - - [13/Jul/2025:14:40:44 +0000] "GET /events/2024-06-27/ HTTP/1.1" 200 18821 "-" "Mozilla/5.0 AppleWebKit/537.36 (KHTML, like Gecko; compatible; Amazonbot/0.1; +https://developer.amazon.com/support/amazonbot) Chrome/119.0.6045.214 Safari/537.36"
3.226.106.93 - - [13/Jul/2025:14:40:44 +0000] "GET /events/2024-08-06/ HTTP/1.1" 200 18818 "-" "Mozilla/5.0 AppleWebKit/537.36 (KHTML, like Gecko; compatible; Amazonbot/0.1; +https://developer.amazon.com/support/amazonbot) Chrome/119.0.6045.214 Safari/537.36"
43.154.140.188 - - [13/Jul/2025:14:43:56 +0000] "GET / HTTP/1.1" 200 22839 "http://www.teamhachem.com" "Mozilla/5.0 (iPhone; CPU iPhone OS 13_2_3 like Mac OS X) AppleWebKit/605.1.15 (KHTML, like Gecko) Version/13.0.3 Mobile/15E148 Safari/604.1"
209.74.77.214 - - [13/Jul/2025:14:44:13 +0000] "POST /wp-cron.php?doing_wp_cron=1752417853.5021820068359375000000 HTTP/1.1" 200 - "-" "WordPress/6.8.1; https://teamhachem.com"
51.222.253.17 - - [13/Jul/2025:14:44:12 +0000] "GET /events/list/?tribe-bar-date=2025-12-18&eventDisplay=past HTTP/1.1" 200 20218 "-" "Mozilla/5.0 (compatible; AhrefsBot/7.0; +http://ahrefs.com/robot/)"
209.74.77.214 - - [13/Jul/2025:14:45:29 +0000] "POST /wp-cron.php?doing_wp_cron=1752417929.4053690433502197265625 HTTP/1.1" 200 - "-" "WordPress/6.8.1; https://teamhachem.com"
209.74.77.214 - - [13/Jul/2025:14:45:29 +0000] "POST /wp-cron.php?doing_wp_cron=1752417929.4053521156311035156250 HTTP/1.1" 200 - "-" "WordPress/6.8.1; https://teamhachem.com"
216.73.216.126 - - [13/Jul/2025:14:45:28 +0000] "GET /events/2028-04-03/?outlook-ical=1 HTTP/1.1" 200 1132 "-" "Mozilla/5.0 AppleWebKit/537.36 (KHTML, like Gecko; compatible; ClaudeBot/1.0; [email protected])"
216.73.216.126 - - [13/Jul/2025:14:45:26 +0000] "GET /events/list/?eventDisplay=past&tribe-bar-date=2028-03-20 HTTP/1.1" 200 20232 "-" "Mozilla/5.0 AppleWebKit/537.36 (KHTML, like Gecko; compatible; ClaudeBot/1.0; [email protected])"
209.74.77.214 - - [13/Jul/2025:14:46:37 +0000] "POST /wp-cron.php?doing_wp_cron=1752417997.8613688945770263671875 HTTP/1.1" 200 - "-" "WordPress/6.8.1; https://teamhachem.com"
216.73.216.126 - - [13/Jul/2025:14:46:36 +0000] "GET /events/2028-04-03/?ical=1 HTTP/1.1" 200 1138 "-" "Mozilla/5.0 AppleWebKit/537.36 (KHTML, like Gecko; compatible; ClaudeBot/1.0; [email protected])"
209.74.77.214 - - [13/Jul/2025:14:49:13 +0000] "POST /wp-cron.php?doing_wp_cron=1752418153.0926649570465087890625 HTTP/1.1" 200 - "-" "WordPress/6.8.1; https://teamhachem.com"
51.222.253.11 - - [13/Jul/2025:14:49:10 +0000] "GET /events/list/?tribe-bar-date=2025-12-10&eventDisplay=past HTTP/1.1" 200 20206 "-" "Mozilla/5.0 (compatible; AhrefsBot/7.0; +http://ahrefs.com/robot/)"
209.74.77.214 - - [13/Jul/2025:14:51:10 +0000] "POST /wp-cron.php?doing_wp_cron=1752418270.8795819282531738281250 HTTP/1.1" 200 - "-" "WordPress/6.8.1; https://teamhachem.com"
185.191.171.18 - - [13/Jul/2025:14:51:09 +0000] "GET /robots.txt HTTP/1.1" 200 154 "-" "Mozilla/5.0 (compatible; SemrushBot/7~bl; +http://www.semrush.com/bot.html)"
185.191.171.16 - - [13/Jul/2025:14:51:11 +0000] "GET /events/2025-10-16/ HTTP/1.1" 200 19469 "-" "Mozilla/5.0 (compatible; SemrushBot/7~bl; +http://www.semrush.com/bot.html)"
216.73.216.126 - - [13/Jul/2025:14:51:15 +0000] "GET /events/2028-04-26/?ical=1 HTTP/1.1" 200 1137 "-" "Mozilla/5.0 AppleWebKit/537.36 (KHTML, like Gecko; compatible; ClaudeBot/1.0; [email protected])"
209.74.77.214 - - [13/Jul/2025:14:52:47 +0000] "POST /wp-cron.php?doing_wp_cron=1752418367.1659150123596191406250 HTTP/1.1" 200 - "-" "WordPress/6.8.1; https://teamhachem.com"
216.73.216.126 - - [13/Jul/2025:14:52:45 +0000] "GET /events/list/?outlook-ical=1&tribe-bar-date=2028-03-12 HTTP/1.1" 200 1133 "-" "Mozilla/5.0 AppleWebKit/537.36 (KHTML, like Gecko; compatible; ClaudeBot/1.0; [email protected])"
66.85.157.26 - - [13/Jul/2025:14:53:03 +0000] "POST /xmlrpc.php HTTP/1.1" 200 403 "-" "Mozilla/5.0 (Windows NT 6.1; WOW64; rv:38.0) Gecko/20100101 Firefox/38.0"
209.74.77.214 - - [13/Jul/2025:14:53:15 +0000] "POST /wp-cron.php?doing_wp_cron=1752418395.3729279041290283203125 HTTP/1.1" 200 - "-" "WordPress/6.8.1; https://teamhachem.com"
207.244.246.108 - - [13/Jul/2025:14:53:15 +0000] "POST /xmlrpc.php HTTP/1.1" 200 403 "-" "Mozilla/5.0 (Windows NT 10.0; Win64; x64; rv:85.0) Gecko/20100101 Firefox/85.0"
154.211.15.224 - - [13/Jul/2025:14:53:25 +0000] "POST /xmlrpc.php HTTP/1.1" 200 403 "-" "Mozilla/5.0 (Windows NT 5.1; rv:7.0.1) Gecko/20100101 Firefox/7.0.1"
207.244.246.108 - - [13/Jul/2025:14:53:30 +0000] "POST /xmlrpc.php HTTP/1.1" 200 403 "-" "Mozilla/5.0 (Windows NT 6.1; WOW64; rv:41.0) Gecko/20100101 Firefox/41.0"
207.244.240.203 - - [13/Jul/2025:14:53:34 +0000] "POST /xmlrpc.php HTTP/1.1" 200 403 "-" "Mozilla/5.0 (iPhone; CPU iPhone OS 14_6 like Mac OS X) AppleWebKit/605.1.15 (KHTML, like Gecko) CriOS/91.0.4472.80 Mobile/15E148 Safari/604.1"
216.73.216.126 - - [13/Jul/2025:14:53:36 +0000] "GET /wp-sitemap.xml HTTP/1.1" 200 325 "-" "Mozilla/5.0 AppleWebKit/537.36 (KHTML, like Gecko; compatible; ClaudeBot/1.0; [email protected])"
185.80.49.12 - - [13/Jul/2025:14:53:36 +0000] "POST /xmlrpc.php HTTP/1.1" 200 403 "-" "Mozilla/5.0 (Windows NT 10.0) AppleWebKit/537.36 (KHTML, like Gecko) Chrome/72.0.3626.121 Safari/537.36"
216.73.216.126 - - [13/Jul/2025:14:53:36 +0000] "GET /events/list/?outlook-ical=1&tribe-bar-date=2028-03-25 HTTP/1.1" 200 1132 "-" "Mozilla/5.0 AppleWebKit/537.36 (KHTML, like Gecko; compatible; ClaudeBot/1.0; [email protected])"
51.222.253.9 - - [13/Jul/2025:14:53:36 +0000] "GET /events/list/?tribe-bar-date=2025-12-24&eventDisplay=past HTTP/1.1" 200 20220 "-" "Mozilla/5.0 (compatible; AhrefsBot/7.0; +http://ahrefs.com/robot/)"
209.74.77.214 - - [13/Jul/2025:14:54:58 +0000] "POST /wp-cron.php?doing_wp_cron=1752418498.0054569244384765625000 HTTP/1.1" 200 - "-" "WordPress/6.8.1; https://teamhachem.com"
216.73.216.126 - - [13/Jul/2025:14:54:55 +0000] "GET /events/list/?ical=1&tribe-bar-date=2028-04-02 HTTP/1.1" 200 1138 "-" "Mozilla/5.0 AppleWebKit/537.36 (KHTML, like Gecko; compatible; ClaudeBot/1.0; [email protected])"
209.74.77.214 - - [13/Jul/2025:14:55:57 +0000] "POST /wp-cron.php?doing_wp_cron=1752418557.7728800773620605468750 HTTP/1.1" 200 - "-" "WordPress/6.8.1; https://teamhachem.com"
216.73.216.126 - - [13/Jul/2025:14:55:55 +0000] "GET /events/2028-04-26/?outlook-ical=1 HTTP/1.1" 200 1133 "-" "Mozilla/5.0 AppleWebKit/537.36 (KHTML, like Gecko; compatible; ClaudeBot/1.0; [email protected])"
209.74.77.214 - - [13/Jul/2025:14:56:14 +0000] "POST /wp-cron.php?doing_wp_cron=1752418574.8328020572662353515625 HTTP/1.1" 200 - "-" "WordPress/6.8.1; https://teamhachem.com"
185.191.171.4 - - [13/Jul/2025:14:56:14 +0000] "GET /events/list/?tribe-bar-date=2025-05-16 HTTP/1.1" 200 19785 "-" "Mozilla/5.0 (compatible; SemrushBot/7~bl; +http://www.semrush.com/bot.html)"
85.208.96.206 - - [13/Jul/2025:14:56:43 +0000] "GET /events/2025-02-16/ HTTP/1.1" 200 19480 "-" "Mozilla/5.0 (compatible; SemrushBot/7~bl; +http://www.semrush.com/bot.html)"
216.73.216.126 - - [13/Jul/2025:14:56:45 +0000] "GET /events/list/?ical=1&tribe-bar-date=2028-03-23 HTTP/1.1" 200 1137 "-" "Mozilla/5.0 AppleWebKit/537.36 (KHTML, like Gecko; compatible; ClaudeBot/1.0; [email protected])"
209.74.77.214 - - [13/Jul/2025:14:57:33 +0000] "POST /wp-cron.php?doing_wp_cron=1752418652.9899590015411376953125 HTTP/1.1" 200 - "-" "WordPress/6.8.1; https://teamhachem.com"
209.74.77.214 - - [13/Jul/2025:14:57:33 +0000] "POST /wp-cron.php?doing_wp_cron=1752418652.9899621009826660156250 HTTP/1.1" 200 - "-" "WordPress/6.8.1; https://teamhachem.com"
209.74.77.214 - - [13/Jul/2025:14:57:33 +0000] "POST /wp-cron.php?doing_wp_cron=1752418652.9899609088897705078125 HTTP/1.1" 200 - "-" "WordPress/6.8.1; https://teamhachem.com"
216.73.216.126 - - [13/Jul/2025:14:57:32 +0000] "GET /events/2028-04-07/?outlook-ical=1 HTTP/1.1" 200 1132 "-" "Mozilla/5.0 AppleWebKit/537.36 (KHTML, like Gecko; compatible; ClaudeBot/1.0; [email protected])"
216.73.216.126 - - [13/Jul/2025:14:57:31 +0000] "GET /events/list/?ical=1&tribe-bar-date=2028-03-25 HTTP/1.1" 200 1138 "-" "Mozilla/5.0 AppleWebKit/537.36 (KHTML, like Gecko; compatible; ClaudeBot/1.0; [email protected])"
216.73.216.126 - - [13/Jul/2025:14:57:31 +0000] "GET /events/list/?tribe-bar-date=2028-04-04 HTTP/1.1" 200 19791 "-" "Mozilla/5.0 AppleWebKit/537.36 (KHTML, like Gecko; compatible; ClaudeBot/1.0; [email protected])"
209.74.77.214 - - [13/Jul/2025:14:58:02 +0000] "POST /wp-cron.php?doing_wp_cron=1752418682.4230320453643798828125 HTTP/1.1" 200 - "-" "WordPress/6.8.1; https://teamhachem.com"
51.222.253.5 - - [13/Jul/2025:14:58:02 +0000] "GET /events/list/?tribe-bar-date=2026-02-23 HTTP/1.1" 200 19809 "-" "Mozilla/5.0 (compatible; AhrefsBot/7.0; +http://ahrefs.com/robot/)"
209.74.77.214 - - [13/Jul/2025:14:59:05 +0000] "POST /wp-cron.php?doing_wp_cron=1752418745.2433240413665771484375 HTTP/1.1" 200 - "-" "WordPress/6.8.1; https://teamhachem.com"
216.73.216.126 - - [13/Jul/2025:14:59:03 +0000] "GET /events/list/?eventDisplay=past&tribe-bar-date=2028-03-22 HTTP/1.1" 200 20209 "-" "Mozilla/5.0 AppleWebKit/537.36 (KHTML, like Gecko; compatible; ClaudeBot/1.0; [email protected])"
209.74.77.214 - - [13/Jul/2025:15:02:17 +0000] "POST /wp-cron.php?doing_wp_cron=1752418937.6574759483337402343750 HTTP/1.1" 200 - "-" "WordPress/6.8.1; https://teamhachem.com"
51.222.253.14 - - [13/Jul/2025:15:02:15 +0000] "GET /events/2026-02-22/ HTTP/1.1" 200 19486 "-" "Mozilla/5.0 (compatible; AhrefsBot/7.0; +http://ahrefs.com/robot/)"
209.74.77.214 - - [13/Jul/2025:15:03:51 +0000] "POST /wp-cron.php?doing_wp_cron=1752419031.3034749031066894531250 HTTP/1.1" 200 - "-" "WordPress/6.8.1; https://teamhachem.com"
54.84.250.51 - - [13/Jul/2025:15:03:48 +0000] "GET /events/2024-03-02/ HTTP/1.1" 200 18821 "-" "Mozilla/5.0 AppleWebKit/537.36 (KHTML, like Gecko; compatible; Amazonbot/0.1; +https://developer.amazon.com/support/amazonbot) Chrome/119.0.6045.214 Safari/537.36"
54.89.90.224 - - [13/Jul/2025:15:03:52 +0000] "GET /events/2024-04-03/ HTTP/1.1" 200 18813 "-" "Mozilla/5.0 AppleWebKit/537.36 (KHTML, like Gecko; compatible; Amazonbot/0.1; +https://developer.amazon.com/support/amazonbot) Chrome/119.0.6045.214 Safari/537.36"
52.6.97.88 - - [13/Jul/2025:15:03:57 +0000] "GET /events/2026-09-19/ HTTP/1.1" 200 19473 "-" "Mozilla/5.0 AppleWebKit/537.36 (KHTML, like Gecko; compatible; Amazonbot/0.1; +https://developer.amazon.com/support/amazonbot) Chrome/119.0.6045.214 Safari/537.36"
35.169.119.108 - - [13/Jul/2025:15:04:00 +0000] "GET /events/list/?tribe-bar-date=2026-09-03 HTTP/1.1" 200 19791 "-" "Mozilla/5.0 AppleWebKit/537.36 (KHTML, like Gecko; compatible; Amazonbot/0.1; +https://developer.amazon.com/support/amazonbot) Chrome/119.0.6045.214 Safari/537.36"
18.213.27.222 - - [13/Jul/2025:15:04:05 +0000] "GET /events/list/?tribe-bar-date=2026-08-20 HTTP/1.1" 200 19794 "-" "Mozilla/5.0 AppleWebKit/537.36 (KHTML, like Gecko; compatible; Amazonbot/0.1; +https://developer.amazon.com/support/amazonbot) Chrome/119.0.6045.214 Safari/537.36"
52.71.46.142 - - [13/Jul/2025:15:04:09 +0000] "GET /events/list/?tribe-bar-date=2026-09-05 HTTP/1.1" 200 19793 "-" "Mozilla/5.0 AppleWebKit/537.36 (KHTML, like Gecko; compatible; Amazonbot/0.1; +https://developer.amazon.com/support/amazonbot) Chrome/119.0.6045.214 Safari/537.36"
209.74.77.214 - - [13/Jul/2025:15:04:13 +0000] "POST /wp-cron.php?doing_wp_cron=1752419053.1172630786895751953125 HTTP/1.1" 200 - "-" "WordPress/6.8.1; https://teamhachem.com"
54.80.73.122 - - [13/Jul/2025:15:04:12 +0000] "GET /events/list/?tribe-bar-date=2026-08-06 HTTP/1.1" 200 19788 "-" "Mozilla/5.0 AppleWebKit/537.36 (KHTML, like Gecko; compatible; Amazonbot/0.1; +https://developer.amazon.com/support/amazonbot) Chrome/119.0.6045.214 Safari/537.36"
209.74.77.214 - - [13/Jul/2025:15:06:39 +0000] "POST /wp-cron.php?doing_wp_cron=1752419199.9495079517364501953125 HTTP/1.1" 200 - "-" "WordPress/6.8.1; https://teamhachem.com"
51.222.253.3 - - [13/Jul/2025:15:06:37 +0000] "GET /events/2026-02-03/ HTTP/1.1" 200 19472 "-" "Mozilla/5.0 (compatible; AhrefsBot/7.0; +http://ahrefs.com/robot/)"
209.74.77.214 - - [13/Jul/2025:15:07:54 +0000] "POST /wp-cron.php?doing_wp_cron=1752419274.6848559379577636718750 HTTP/1.1" 200 - "-" "WordPress/6.8.1; https://teamhachem.com"
216.73.216.126 - - [13/Jul/2025:15:07:52 +0000] "GET /robots.txt HTTP/1.1" 200 154 "-" "Mozilla/5.0 AppleWebKit/537.36 (KHTML, like Gecko; compatible; ClaudeBot/1.0; [email protected])"
216.73.216.126 - - [13/Jul/2025:15:07:54 +0000] "GET /events/list/?tribe-bar-date=2028-04-26 HTTP/1.1" 200 19790 "-" "Mozilla/5.0 AppleWebKit/537.36 (KHTML, like Gecko; compatible; ClaudeBot/1.0; [email protected])"
80.85.245.37 - - [13/Jul/2025:15:07:57 +0000] "GET / HTTP/1.1" 301 - "-" "Mozilla/5.0 (Macintosh; Intel Mac OS X 10_15_7) AppleWebKit/537.36 (KHTML, like Gecko) Chrome/133.0.0.0 Safari/537.36"
80.85.245.37 - - [13/Jul/2025:15:07:58 +0000] "GET / HTTP/1.1" 200 22837 "https://TEAMHACHEM.COM" "Mozilla/5.0 (Macintosh; Intel Mac OS X 10_15_7) AppleWebKit/537.36 (KHTML, like Gecko) Chrome/133.0.0.0 Safari/537.36"
41.57.189.140 - - [13/Jul/2025:15:08:01 +0000] "POST / HTTP/1.1" 200 22933 "-" "Mozilla/5.0 (Macintosh; Intel Mac OS X 10_15_7) AppleWebKit/537.36 (KHTML, like Gecko) Chrome/133.0.0.0 Safari/537.36"
41.57.189.140 - - [13/Jul/2025:15:08:04 +0000] "POST / HTTP/1.1" 200 22775 "-" "Mozilla/5.0 (Windows NT 10.0; Win64; x64) AppleWebKit/537.36 (KHTML, like Gecko) Chrome/120.0.0.0 Safari/537.36"
80.85.245.37 - - [13/Jul/2025:15:08:09 +0000] "GET /comments/feed/ HTTP/1.1" 200 2074 "-" "Mozilla/5.0 (Macintosh; Intel Mac OS X 10_15_7) AppleWebKit/537.36 (KHTML, like Gecko) Chrome/133.0.0.0 Safari/537.36"
209.74.77.214 - - [13/Jul/2025:15:08:10 +0000] "POST /wp-cron.php?doing_wp_cron=1752419290.2852680683135986328125 HTTP/1.1" 200 - "-" "WordPress/6.8.1; https://teamhachem.com"
80.85.245.37 - - [13/Jul/2025:15:08:10 +0000] "GET /martial-arts-for-women-the-best-way-of-self-defense/ HTTP/1.1" 200 19205 "-" "Mozilla/5.0 (Macintosh; Intel Mac OS X 10_15_7) AppleWebKit/537.36 (KHTML, like Gecko) Chrome/133.0.0.0 Safari/537.36"
41.57.189.140 - - [13/Jul/2025:15:08:13 +0000] "POST /wp-comments-post.php HTTP/1.1" 200 1106 "-" "Mozilla/5.0 (Macintosh; Intel Mac OS X 10_15_7) AppleWebKit/537.36 (KHTML, like Gecko) Chrome/133.0.0.0 Safari/537.36"
41.57.189.140 - - [13/Jul/2025:15:08:15 +0000] "POST /wp-comments-post.php HTTP/1.1" 200 - "-" "Mozilla/5.0 (Windows NT 10.0; Win64; x64) AppleWebKit/537.36 (KHTML, like Gecko) Chrome/120.0.0.0 Safari/537.36"
41.57.189.140 - - [13/Jul/2025:15:08:17 +0000] "POST /martial-arts-for-women-the-best-way-of-self-defense/ HTTP/1.1" 200 19312 "-" "Mozilla/5.0 (Macintosh; Intel Mac OS X 10_15_7) AppleWebKit/537.36 (KHTML, like Gecko) Chrome/133.0.0.0 Safari/537.36"
41.57.189.140 - - [13/Jul/2025:15:08:21 +0000] "POST /martial-arts-for-women-the-best-way-of-self-defense/ HTTP/1.1" 200 19156 "-" "Mozilla/5.0 (Windows NT 10.0; Win64; x64) AppleWebKit/537.36 (KHTML, like Gecko) Chrome/120.0.0.0 Safari/537.36"
80.85.245.37 - - [13/Jul/2025:15:08:22 +0000] "GET /checkout/ HTTP/1.1" 302 - "-" "Mozilla/5.0 (Macintosh; Intel Mac OS X 10_15_7) AppleWebKit/537.36 (KHTML, like Gecko) Chrome/133.0.0.0 Safari/537.36"
80.85.245.37 - - [13/Jul/2025:15:08:23 +0000] "GET /cart/ HTTP/1.1" 200 34320 "https://teamhachem.com/checkout/" "Mozilla/5.0 (Macintosh; Intel Mac OS X 10_15_7) AppleWebKit/537.36 (KHTML, like Gecko) Chrome/133.0.0.0 Safari/537.36"
41.57.189.140 - - [13/Jul/2025:15:08:25 +0000] "POST /cart/ HTTP/1.1" 200 34419 "-" "Mozilla/5.0 (Macintosh; Intel Mac OS X 10_15_7) AppleWebKit/537.36 (KHTML, like Gecko) Chrome/133.0.0.0 Safari/537.36"
41.57.189.140 - - [13/Jul/2025:15:08:29 +0000] "POST /cart/ HTTP/1.1" 200 34266 "-" "Mozilla/5.0 (Windows NT 10.0; Win64; x64) AppleWebKit/537.36 (KHTML, like Gecko) Chrome/120.0.0.0 Safari/537.36"
80.85.245.37 - - [13/Jul/2025:15:08:33 +0000] "GET /my-account/ HTTP/1.1" 200 13399 "-" "Mozilla/5.0 (Macintosh; Intel Mac OS X 10_15_7) AppleWebKit/537.36 (KHTML, like Gecko) Chrome/133.0.0.0 Safari/537.36"
41.57.189.140 - - [13/Jul/2025:15:08:35 +0000] "POST /my-account/ HTTP/1.1" 200 13504 "-" "Mozilla/5.0 (Macintosh; Intel Mac OS X 10_15_7) AppleWebKit/537.36 (KHTML, like Gecko) Chrome/133.0.0.0 Safari/537.36"
41.57.189.140 - - [13/Jul/2025:15:08:40 +0000] "POST /my-account/ HTTP/1.1" 200 13347 "-" "Mozilla/5.0 (Windows NT 10.0; Win64; x64) AppleWebKit/537.36 (KHTML, like Gecko) Chrome/120.0.0.0 Safari/537.36"
80.85.245.37 - - [13/Jul/2025:15:08:41 +0000] "GET /my-account/lost-password/ HTTP/1.1" 200 13326 "-" "Mozilla/5.0 (Macintosh; Intel Mac OS X 10_15_7) AppleWebKit/537.36 (KHTML, like Gecko) Chrome/133.0.0.0 Safari/537.36"
41.57.189.140 - - [13/Jul/2025:15:08:44 +0000] "POST /my-account/lost-password/ HTTP/1.1" 200 13308 "-" "Mozilla/5.0 (Macintosh; Intel Mac OS X 10_15_7) AppleWebKit/537.36 (KHTML, like Gecko) Chrome/133.0.0.0 Safari/537.36"
209.74.77.214 - - [13/Jul/2025:15:08:48 +0000] "POST /wp-cron.php?doing_wp_cron=1752419328.1832170486450195312500 HTTP/1.1" 200 - "-" "WordPress/6.8.1; https://teamhachem.com"
41.57.189.140 - - [13/Jul/2025:15:08:48 +0000] "POST /my-account/lost-password/ HTTP/1.1" 200 13276 "-" "Mozilla/5.0 (Windows NT 10.0; Win64; x64) AppleWebKit/537.36 (KHTML, like Gecko) Chrome/120.0.0.0 Safari/537.36"
41.57.189.140 - - [13/Jul/2025:15:08:51 +0000] "POST /my-account/lost-password/ HTTP/1.1" 200 13432 "-" "Mozilla/5.0 (Macintosh; Intel Mac OS X 10_15_7) AppleWebKit/537.36 (KHTML, like Gecko) Chrome/133.0.0.0 Safari/537.36"
41.57.189.140 - - [13/Jul/2025:15:08:55 +0000] "POST /my-account/lost-password/ HTTP/1.1" 200 13276 "-" "Mozilla/5.0 (Windows NT 10.0; Win64; x64) AppleWebKit/537.36 (KHTML, like Gecko) Chrome/120.0.0.0 Safari/537.36"
80.85.245.37 - - [13/Jul/2025:15:08:56 +0000] "GET /contacts/ HTTP/1.1" 200 14620 "-" "Mozilla/5.0 (Macintosh; Intel Mac OS X 10_15_7) AppleWebKit/537.36 (KHTML, like Gecko) Chrome/133.0.0.0 Safari/537.36"
41.57.189.140 - - [13/Jul/2025:15:08:59 +0000] "POST /contacts/ HTTP/1.1" 200 14732 "-" "Mozilla/5.0 (Macintosh; Intel Mac OS X 10_15_7) AppleWebKit/537.36 (KHTML, like Gecko) Chrome/133.0.0.0 Safari/537.36"
41.57.189.140 - - [13/Jul/2025:15:09:02 +0000] "POST /contacts/ HTTP/1.1" 200 14570 "-" "Mozilla/5.0 (Windows NT 10.0; Win64; x64) AppleWebKit/537.36 (KHTML, like Gecko) Chrome/120.0.0.0 Safari/537.36"
80.85.245.37 - - [13/Jul/2025:15:09:04 +0000] "GET /elements/accordions/ HTTP/1.1" 200 13575 "-" "Mozilla/5.0 (Macintosh; Intel Mac OS X 10_15_7) AppleWebKit/537.36 (KHTML, like Gecko) Chrome/133.0.0.0 Safari/537.36"
41.57.189.140 - - [13/Jul/2025:15:09:06 +0000] "POST /elements/accordions/ HTTP/1.1" 200 13692 "-" "Mozilla/5.0 (Macintosh; Intel Mac OS X 10_15_7) AppleWebKit/537.36 (KHTML, like Gecko) Chrome/133.0.0.0 Safari/537.36"
41.57.189.140 - - [13/Jul/2025:15:09:08 +0000] "POST /elements/accordions/ HTTP/1.1" 200 13523 "-" "Mozilla/5.0 (Windows NT 10.0; Win64; x64) AppleWebKit/537.36 (KHTML, like Gecko) Chrome/120.0.0.0 Safari/537.36"
209.74.77.214 - - [13/Jul/2025:15:09:10 +0000] "POST /wp-cron.php?doing_wp_cron=1752419350.4548010826110839843750 HTTP/1.1" 200 - "-" "WordPress/6.8.1; https://teamhachem.com"
80.85.245.37 - - [13/Jul/2025:15:09:10 +0000] "GET /blog/ HTTP/1.1" 200 14839 "-" "Mozilla/5.0 (Macintosh; Intel Mac OS X 10_15_7) AppleWebKit/537.36 (KHTML, like Gecko) Chrome/133.0.0.0 Safari/537.36"
41.57.189.140 - - [13/Jul/2025:15:09:13 +0000] "POST /blog/ HTTP/1.1" 200 14951 "-" "Mozilla/5.0 (Macintosh; Intel Mac OS X 10_15_7) AppleWebKit/537.36 (KHTML, like Gecko) Chrome/133.0.0.0 Safari/537.36"
41.57.189.140 - - [13/Jul/2025:15:09:16 +0000] "POST /blog/ HTTP/1.1" 200 14792 "-" "Mozilla/5.0 (Windows NT 10.0; Win64; x64) AppleWebKit/537.36 (KHTML, like Gecko) Chrome/120.0.0.0 Safari/537.36"
80.85.245.37 - - [13/Jul/2025:15:09:18 +0000] "GET /blog/ HTTP/1.1" 200 14839 "-" "Mozilla/5.0 (Macintosh; Intel Mac OS X 10_15_7) AppleWebKit/537.36 (KHTML, like Gecko) Chrome/133.0.0.0 Safari/537.36"
41.57.189.140 - - [13/Jul/2025:15:09:20 +0000] "POST /blog/ HTTP/1.1" 200 14952 "-" "Mozilla/5.0 (Macintosh; Intel Mac OS X 10_15_7) AppleWebKit/537.36 (KHTML, like Gecko) Chrome/133.0.0.0 Safari/537.36"
41.57.189.140 - - [13/Jul/2025:15:09:23 +0000] "POST /blog/ HTTP/1.1" 200 14793 "-" "Mozilla/5.0 (Windows NT 10.0; Win64; x64) AppleWebKit/537.36 (KHTML, like Gecko) Chrome/120.0.0.0 Safari/537.36"
80.85.245.37 - - [13/Jul/2025:15:09:24 +0000] "GET /7-most-high-profile-japan-martial-arts/ HTTP/1.1" 200 18314 "-" "Mozilla/5.0 (Macintosh; Intel Mac OS X 10_15_7) AppleWebKit/537.36 (KHTML, like Gecko) Chrome/133.0.0.0 Safari/537.36"
41.57.189.140 - - [13/Jul/2025:15:09:26 +0000] "POST /wp-comments-post.php HTTP/1.1" 200 1106 "-" "Mozilla/5.0 (Macintosh; Intel Mac OS X 10_15_7) AppleWebKit/537.36 (KHTML, like Gecko) Chrome/133.0.0.0 Safari/537.36"
41.57.189.140 - - [13/Jul/2025:15:09:29 +0000] "POST /wp-comments-post.php HTTP/1.1" 200 - "-" "Mozilla/5.0 (Windows NT 10.0; Win64; x64) AppleWebKit/537.36 (KHTML, like Gecko) Chrome/120.0.0.0 Safari/537.36"
41.57.189.140 - - [13/Jul/2025:15:09:31 +0000] "POST /7-most-high-profile-japan-martial-arts/ HTTP/1.1" 200 18420 "-" "Mozilla/5.0 (Macintosh; Intel Mac OS X 10_15_7) AppleWebKit/537.36 (KHTML, like Gecko) Chrome/133.0.0.0 Safari/537.36"
41.57.189.140 - - [13/Jul/2025:15:09:34 +0000] "POST /7-most-high-profile-japan-martial-arts/ HTTP/1.1" 200 18261 "-" "Mozilla/5.0 (Windows NT 10.0; Win64; x64) AppleWebKit/537.36 (KHTML, like Gecko) Chrome/120.0.0.0 Safari/537.36"
80.85.245.37 - - [13/Jul/2025:15:09:36 +0000] "GET /blog/page/2/ HTTP/1.1" 200 16526 "-" "Mozilla/5.0 (Macintosh; Intel Mac OS X 10_15_7) AppleWebKit/537.36 (KHTML, like Gecko) Chrome/133.0.0.0 Safari/537.36"
41.57.189.140 - - [13/Jul/2025:15:09:38 +0000] "POST /blog/page/2/ HTTP/1.1" 200 16634 "-" "Mozilla/5.0 (Macintosh; Intel Mac OS X 10_15_7) AppleWebKit/537.36 (KHTML, like Gecko) Chrome/133.0.0.0 Safari/537.36"
41.57.189.140 - - [13/Jul/2025:15:09:41 +0000] "POST /blog/page/2/ HTTP/1.1" 200 16479 "-" "Mozilla/5.0 (Windows NT 10.0; Win64; x64) AppleWebKit/537.36 (KHTML, like Gecko) Chrome/120.0.0.0 Safari/537.36"
209.74.77.214 - - [13/Jul/2025:15:10:45 +0000] "POST /wp-cron.php?doing_wp_cron=1752419444.9900720119476318359375 HTTP/1.1" 200 - "-" "WordPress/6.8.1; https://teamhachem.com"
216.73.216.126 - - [13/Jul/2025:15:10:43 +0000] "GET /events/list/?eventDisplay=past&ical=1&tribe-bar-date=2028-03-02 HTTP/1.1" 200 1292 "-" "Mozilla/5.0 AppleWebKit/537.36 (KHTML, like Gecko; compatible; ClaudeBot/1.0; [email protected])"
209.74.77.214 - - [13/Jul/2025:15:10:53 +0000] "POST /wp-cron.php?doing_wp_cron=1752419453.7338600158691406250000 HTTP/1.1" 200 - "-" "WordPress/6.8.1; https://teamhachem.com"
51.222.253.20 - - [13/Jul/2025:15:10:53 +0000] "GET /events/list/?tribe-bar-date=2026-03-07 HTTP/1.1" 200 19788 "-" "Mozilla/5.0 (compatible; AhrefsBot/7.0; +http://ahrefs.com/robot/)"
209.74.77.214 - - [13/Jul/2025:15:11:37 +0000] "POST /wp-cron.php?doing_wp_cron=1752419497.5209600925445556640625 HTTP/1.1" 200 - "-" "WordPress/6.8.1; https://teamhachem.com"
216.73.216.126 - - [13/Jul/2025:15:11:35 +0000] "GET /events/list/?outlook-ical=1&tribe-bar-date=2028-03-15 HTTP/1.1" 200 1132 "-" "Mozilla/5.0 AppleWebKit/537.36 (KHTML, like Gecko; compatible; ClaudeBot/1.0; [email protected])"
209.74.77.214 - - [13/Jul/2025:15:13:50 +0000] "POST /wp-cron.php?doing_wp_cron=1752419630.2712519168853759765625 HTTP/1.1" 200 - "-" "WordPress/6.8.1; https://teamhachem.com"
216.73.216.126 - - [13/Jul/2025:15:13:47 +0000] "GET /events/2028-04-09/?ical=1 HTTP/1.1" 200 1138 "-" "Mozilla/5.0 AppleWebKit/537.36 (KHTML, like Gecko; compatible; ClaudeBot/1.0; [email protected])"
209.74.77.214 - - [13/Jul/2025:15:14:25 +0000] "POST /wp-cron.php?doing_wp_cron=1752419665.3989169597625732421875 HTTP/1.1" 200 - "-" "WordPress/6.8.1; https://teamhachem.com"
216.73.216.126 - - [13/Jul/2025:15:14:23 +0000] "GET /events/list/?outlook-ical=1&tribe-bar-date=2028-03-28 HTTP/1.1" 200 1132 "-" "Mozilla/5.0 AppleWebKit/537.36 (KHTML, like Gecko; compatible; ClaudeBot/1.0; [email protected])"
209.74.77.214 - - [13/Jul/2025:15:15:46 +0000] "POST /wp-cron.php?doing_wp_cron=1752419746.3434839248657226562500 HTTP/1.1" 200 - "-" "WordPress/6.8.1; https://teamhachem.com"
51.222.253.5 - - [13/Jul/2025:15:15:43 +0000] "GET /events/2026-03-02/ HTTP/1.1" 200 19476 "-" "Mozilla/5.0 (compatible; AhrefsBot/7.0; +http://ahrefs.com/robot/)"
209.74.77.214 - - [13/Jul/2025:15:16:31 +0000] "POST /wp-cron.php?doing_wp_cron=1752419791.8717639446258544921875 HTTP/1.1" 200 - "-" "WordPress/6.8.1; https://teamhachem.com"
216.73.216.126 - - [13/Jul/2025:15:16:30 +0000] "GET /events/list/?ical=1&tribe-bar-date=2028-03-22 HTTP/1.1" 200 1137 "-" "Mozilla/5.0 AppleWebKit/537.36 (KHTML, like Gecko; compatible; ClaudeBot/1.0; [email protected])"
209.74.77.214 - - [13/Jul/2025:15:17:31 +0000] "POST /wp-cron.php?doing_wp_cron=1752419851.2290599346160888671875 HTTP/1.1" 200 - "-" "WordPress/6.8.1; https://teamhachem.com"
85.208.96.212 - - [13/Jul/2025:15:17:28 +0000] "GET /events/list/?tribe-bar-date=2025-09-28 HTTP/1.1" 200 19794 "-" "Mozilla/5.0 (compatible; SemrushBot/7~bl; +http://www.semrush.com/bot.html)"
209.74.77.214 - - [13/Jul/2025:15:18:31 +0000] "POST /wp-cron.php?doing_wp_cron=1752419911.6608750820159912109375 HTTP/1.1" 200 - "-" "WordPress/6.8.1; https://teamhachem.com"
216.73.216.126 - - [13/Jul/2025:15:18:29 +0000] "GET /events/2028-04-04/?outlook-ical=1 HTTP/1.1" 200 1132 "-" "Mozilla/5.0 AppleWebKit/537.36 (KHTML, like Gecko; compatible; ClaudeBot/1.0; [email protected])"
209.74.77.214 - - [13/Jul/2025:15:20:08 +0000] "POST /wp-cron.php?doing_wp_cron=1752420008.4937140941619873046875 HTTP/1.1" 200 - "-" "WordPress/6.8.1; https://teamhachem.com"
51.222.253.10 - - [13/Jul/2025:15:20:06 +0000] "GET /events/2026-03-05/ HTTP/1.1" 200 19474 "-" "Mozilla/5.0 (compatible; AhrefsBot/7.0; +http://ahrefs.com/robot/)"
209.74.77.214 - - [13/Jul/2025:15:24:16 +0000] "POST /wp-cron.php?doing_wp_cron=1752420256.0031659603118896484375 HTTP/1.1" 200 - "-" "WordPress/6.8.1; https://teamhachem.com"
51.222.253.10 - - [13/Jul/2025:15:24:13 +0000] "GET /events/2026-03-27/ HTTP/1.1" 200 19475 "-" "Mozilla/5.0 (compatible; AhrefsBot/7.0; +http://ahrefs.com/robot/)"
209.74.77.214 - - [13/Jul/2025:15:25:43 +0000] "POST /wp-cron.php?doing_wp_cron=1752420343.8036160469055175781250 HTTP/1.1" 200 - "-" "WordPress/6.8.1; https://teamhachem.com"
209.74.77.214 - - [13/Jul/2025:15:25:43 +0000] "POST /wp-cron.php?doing_wp_cron=1752420343.8036160469055175781250 HTTP/1.1" 200 - "-" "WordPress/6.8.1; https://teamhachem.com"
216.73.216.126 - - [13/Jul/2025:15:25:41 +0000] "GET /events/list/?ical=1&tribe-bar-date=2028-03-21 HTTP/1.1" 200 1138 "-" "Mozilla/5.0 AppleWebKit/537.36 (KHTML, like Gecko; compatible; ClaudeBot/1.0; [email protected])"
216.73.216.126 - - [13/Jul/2025:15:25:42 +0000] "GET /events/list/?ical=1&tribe-bar-date=2028-03-12 HTTP/1.1" 200 1138 "-" "Mozilla/5.0 AppleWebKit/537.36 (KHTML, like Gecko; compatible; ClaudeBot/1.0; [email protected])"
209.74.77.214 - - [13/Jul/2025:15:27:09 +0000] "POST /wp-cron.php?doing_wp_cron=1752420429.1376678943634033203125 HTTP/1.1" 200 - "-" "WordPress/6.8.1; https://teamhachem.com"
216.73.216.126 - - [13/Jul/2025:15:27:07 +0000] "GET /events/2028-04-09/?outlook-ical=1 HTTP/1.1" 200 1132 "-" "Mozilla/5.0 AppleWebKit/537.36 (KHTML, like Gecko; compatible; ClaudeBot/1.0; [email protected])"
209.74.77.214 - - [13/Jul/2025:15:27:23 +0000] "POST /wp-cron.php?doing_wp_cron=1752420443.4596140384674072265625 HTTP/1.1" 200 - "-" "WordPress/6.8.1; https://teamhachem.com"
185.191.171.19 - - [13/Jul/2025:15:27:23 +0000] "GET /events/list/?tribe-bar-date=2024-09-05 HTTP/1.1" 200 20189 "-" "Mozilla/5.0 (compatible; SemrushBot/7~bl; +http://www.semrush.com/bot.html)"
209.74.77.214 - - [13/Jul/2025:15:28:24 +0000] "POST /wp-cron.php?doing_wp_cron=1752420504.4634919166564941406250 HTTP/1.1" 200 - "-" "WordPress/6.8.1; https://teamhachem.com"
51.222.253.8 - - [13/Jul/2025:15:28:22 +0000] "GET /events/month/2026-04/ HTTP/1.1" 200 24563 "-" "Mozilla/5.0 (compatible; AhrefsBot/7.0; +http://ahrefs.com/robot/)"
216.73.216.126 - - [13/Jul/2025:15:28:27 +0000] "GET /events/list/?eventDisplay=past&tribe-bar-date=2028-03-23 HTTP/1.1" 200 20213 "-" "Mozilla/5.0 AppleWebKit/537.36 (KHTML, like Gecko; compatible; ClaudeBot/1.0; [email protected])"
209.74.77.214 - - [13/Jul/2025:15:32:13 +0000] "POST /wp-cron.php?doing_wp_cron=1752420733.8989539146423339843750 HTTP/1.1" 200 - "-" "WordPress/6.8.1; https://teamhachem.com"
216.73.216.126 - - [13/Jul/2025:15:32:11 +0000] "GET /events/2028-04-04/?ical=1 HTTP/1.1" 200 1138 "-" "Mozilla/5.0 AppleWebKit/537.36 (KHTML, like Gecko; compatible; ClaudeBot/1.0; [email protected])"
209.74.77.214 - - [13/Jul/2025:15:33:26 +0000] "POST /wp-cron.php?doing_wp_cron=1752420806.4137759208679199218750 HTTP/1.1" 200 - "-" "WordPress/6.8.1; https://teamhachem.com"
216.73.216.126 - - [13/Jul/2025:15:33:24 +0000] "GET /events/list/?eventDisplay=past&ical=1&tribe-bar-date=2028-02-17 HTTP/1.1" 200 1292 "-" "Mozilla/5.0 AppleWebKit/537.36 (KHTML, like Gecko; compatible; ClaudeBot/1.0; [email protected])"
209.74.77.214 - - [13/Jul/2025:15:34:56 +0000] "POST /wp-cron.php?doing_wp_cron=1752420896.4411110877990722656250 HTTP/1.1" 200 - "-" "WordPress/6.8.1; https://teamhachem.com"
216.73.216.126 - - [13/Jul/2025:15:34:54 +0000] "GET /events/list/?eventDisplay=past&ical=1&tribe-bar-date=2028-02-21 HTTP/1.1" 200 1291 "-" "Mozilla/5.0 AppleWebKit/537.36 (KHTML, like Gecko; compatible; ClaudeBot/1.0; [email protected])"
209.74.77.214 - - [13/Jul/2025:15:35:36 +0000] "POST /wp-cron.php?doing_wp_cron=1752420936.1818420886993408203125 HTTP/1.1" 200 - "-" "WordPress/6.8.1; https://teamhachem.com"
216.73.216.126 - - [13/Jul/2025:15:35:34 +0000] "GET /events/list/?eventDisplay=past&ical=1&tribe-bar-date=2028-02-12 HTTP/1.1" 200 1292 "-" "Mozilla/5.0 AppleWebKit/537.36 (KHTML, like Gecko; compatible; ClaudeBot/1.0; [email protected])"
209.74.77.214 - - [13/Jul/2025:15:37:03 +0000] "POST /wp-cron.php?doing_wp_cron=1752421023.0028040409088134765625 HTTP/1.1" 200 - "-" "WordPress/6.8.1; https://teamhachem.com"
51.222.253.1 - - [13/Jul/2025:15:37:00 +0000] "GET /events/list/?tribe-bar-date=2025-12-09 HTTP/1.1" 200 19788 "-" "Mozilla/5.0 (compatible; AhrefsBot/7.0; +http://ahrefs.com/robot/)"
209.74.77.214 - - [13/Jul/2025:15:38:19 +0000] "POST /wp-cron.php?doing_wp_cron=1752421099.3869750499725341796875 HTTP/1.1" 200 - "-" "WordPress/6.8.1; https://teamhachem.com"
85.208.96.207 - - [13/Jul/2025:15:38:17 +0000] "GET /events/list/?tribe-bar-date=2024-12-24 HTTP/1.1" 200 19798 "-" "Mozilla/5.0 (compatible; SemrushBot/7~bl; +http://www.semrush.com/bot.html)"
209.74.77.214 - - [13/Jul/2025:15:39:07 +0000] "POST /wp-cron.php?doing_wp_cron=1752421147.3413989543914794921875 HTTP/1.1" 200 - "-" "WordPress/6.8.1; https://teamhachem.com"
216.73.216.126 - - [13/Jul/2025:15:39:04 +0000] "GET /events/list/?eventDisplay=past&ical=1&tribe-bar-date=2028-02-28 HTTP/1.1" 200 1291 "-" "Mozilla/5.0 AppleWebKit/537.36 (KHTML, like Gecko; compatible; ClaudeBot/1.0; [email protected])"
209.74.77.214 - - [13/Jul/2025:15:40:14 +0000] "POST /wp-cron.php?doing_wp_cron=1752421214.1969010829925537109375 HTTP/1.1" 200 - "-" "WordPress/6.8.1; https://teamhachem.com"
185.191.171.13 - - [13/Jul/2025:15:40:11 +0000] "GET /events/2025-07-05/ HTTP/1.1" 200 19470 "-" "Mozilla/5.0 (compatible; SemrushBot/7~bl; +http://www.semrush.com/bot.html)"
209.74.77.214 - - [13/Jul/2025:15:41:27 +0000] "POST /wp-cron.php?doing_wp_cron=1752421287.0652699470520019531250 HTTP/1.1" 200 - "-" "WordPress/6.8.1; https://teamhachem.com"
51.222.253.11 - - [13/Jul/2025:15:41:25 +0000] "GET /events/list/?tribe-bar-date=2026-02-01&eventDisplay=past HTTP/1.1" 200 20226 "-" "Mozilla/5.0 (compatible; AhrefsBot/7.0; +http://ahrefs.com/robot/)"
209.74.77.214 - - [13/Jul/2025:15:43:25 +0000] "POST /wp-cron.php?doing_wp_cron=1752421405.0856490135192871093750 HTTP/1.1" 200 - "-" "WordPress/6.8.1; https://teamhachem.com"
216.73.216.126 - - [13/Jul/2025:15:43:22 +0000] "GET /events/list/?outlook-ical=1&tribe-bar-date=2028-03-08 HTTP/1.1" 200 1132 "-" "Mozilla/5.0 AppleWebKit/537.36 (KHTML, like Gecko; compatible; ClaudeBot/1.0; [email protected])"
209.74.77.214 - - [13/Jul/2025:15:45:31 +0000] "POST /wp-cron.php?doing_wp_cron=1752421531.5638229846954345703125 HTTP/1.1" 200 - "-" "WordPress/6.8.1; https://teamhachem.com"
52.167.144.59 - - [13/Jul/2025:15:45:28 +0000] "GET /robots.txt HTTP/1.1" 200 154 "-" "Mozilla/5.0 AppleWebKit/537.36 (KHTML, like Gecko; compatible; bingbot/2.0; +http://www.bing.com/bingbot.htm) Chrome/116.0.1938.76 Safari/537.36"
51.222.253.11 - - [13/Jul/2025:15:45:36 +0000] "GET /events/list/?tribe-bar-date=2026-01-07 HTTP/1.1" 200 19798 "-" "Mozilla/5.0 (compatible; AhrefsBot/7.0; +http://ahrefs.com/robot/)"
207.46.13.141 - - [13/Jul/2025:15:45:37 +0000] "GET /wp-sitemap-posts-page-1.xml HTTP/1.1" 200 805 "-" "Mozilla/5.0 AppleWebKit/537.36 (KHTML, like Gecko; compatible; bingbot/2.0; +http://www.bing.com/bingbot.htm) Chrome/116.0.1938.76 Safari/537.36"
209.74.77.214 - - [13/Jul/2025:15:46:01 +0000] "POST /wp-cron.php?doing_wp_cron=1752421561.8795258998870849609375 HTTP/1.1" 200 - "-" "WordPress/6.8.1; https://teamhachem.com"
216.73.216.126 - - [13/Jul/2025:15:46:01 +0000] "GET /events/list/?outlook-ical=1&tribe-bar-date=2028-03-31 HTTP/1.1" 200 1132 "-" "Mozilla/5.0 AppleWebKit/537.36 (KHTML, like Gecko; compatible; ClaudeBot/1.0; [email protected])"
209.74.77.214 - - [13/Jul/2025:15:49:46 +0000] "POST /wp-cron.php?doing_wp_cron=1752421786.0827419757843017578125 HTTP/1.1" 200 - "-" "WordPress/6.8.1; https://teamhachem.com"
51.222.253.11 - - [13/Jul/2025:15:49:43 +0000] "GET /robots.txt HTTP/1.1" 200 154 "-" "Mozilla/5.0 (compatible; AhrefsBot/7.0; +http://ahrefs.com/robot/)"
51.222.253.4 - - [13/Jul/2025:15:49:47 +0000] "GET /events/list/?tribe-bar-date=2026-01-18 HTTP/1.1" 200 19805 "-" "Mozilla/5.0 (compatible; AhrefsBot/7.0; +http://ahrefs.com/robot/)"
209.74.77.214 - - [13/Jul/2025:15:51:05 +0000] "POST /wp-cron.php?doing_wp_cron=1752421865.1302390098571777343750 HTTP/1.1" 200 - "-" "WordPress/6.8.1; https://teamhachem.com"
52.167.144.142 - - [13/Jul/2025:15:51:02 +0000] "GET /wp-sitemap.xml HTTP/1.1" 200 325 "-" "Mozilla/5.0 AppleWebKit/537.36 (KHTML, like Gecko; compatible; bingbot/2.0; +http://www.bing.com/bingbot.htm) Chrome/116.0.1938.76 Safari/537.36"
43.130.100.35 - - [13/Jul/2025:15:53:30 +0000] "GET / HTTP/1.1" 200 22820 "http://teamhachem.com" "Mozilla/5.0 (iPhone; CPU iPhone OS 13_2_3 like Mac OS X) AppleWebKit/605.1.15 (KHTML, like Gecko) Version/13.0.3 Mobile/15E148 Safari/604.1"
209.74.77.214 - - [13/Jul/2025:15:54:13 +0000] "POST /wp-cron.php?doing_wp_cron=1752422053.2380530834197998046875 HTTP/1.1" 200 - "-" "WordPress/6.8.1; https://teamhachem.com"
51.222.253.7 - - [13/Jul/2025:15:54:11 +0000] "GET /events/list/?tribe-bar-date=2026-01-08 HTTP/1.1" 200 19800 "-" "Mozilla/5.0 (compatible; AhrefsBot/7.0; +http://ahrefs.com/robot/)"
209.74.77.214 - - [13/Jul/2025:15:55:05 +0000] "POST /wp-cron.php?doing_wp_cron=1752422105.5857889652252197265625 HTTP/1.1" 200 - "-" "WordPress/6.8.1; https://teamhachem.com"
185.191.171.9 - - [13/Jul/2025:15:55:03 +0000] "GET /robots.txt HTTP/1.1" 200 154 "-" "Mozilla/5.0 (compatible; SemrushBot/7~bl; +http://www.semrush.com/bot.html)"
85.208.96.211 - - [13/Jul/2025:15:55:05 +0000] "GET /events/2024-11-01/ HTTP/1.1" 200 19610 "-" "Mozilla/5.0 (compatible; SemrushBot/7~bl; +http://www.semrush.com/bot.html)"
209.74.77.214 - - [13/Jul/2025:15:59:42 +0000] "POST /wp-cron.php?doing_wp_cron=1752422382.6369190216064453125000 HTTP/1.1" 200 - "-" "WordPress/6.8.1; https://teamhachem.com"
85.208.96.205 - - [13/Jul/2025:15:59:40 +0000] "GET /events/list/?tribe-bar-date=2025-01-15 HTTP/1.1" 200 19782 "-" "Mozilla/5.0 (compatible; SemrushBot/7~bl; +http://www.semrush.com/bot.html)"
209.74.77.214 - - [13/Jul/2025:15:59:49 +0000] "POST /wp-cron.php?doing_wp_cron=1752422389.0900869369506835937500 HTTP/1.1" 200 - "-" "WordPress/6.8.1; https://teamhachem.com"
216.73.216.126 - - [13/Jul/2025:15:59:48 +0000] "GET /events/list/?outlook-ical=1&tribe-bar-date=2028-03-26 HTTP/1.1" 200 1132 "-" "Mozilla/5.0 AppleWebKit/537.36 (KHTML, like Gecko; compatible; ClaudeBot/1.0; [email protected])"
209.74.77.214 - - [13/Jul/2025:16:00:48 +0000] "POST /wp-cron.php?doing_wp_cron=1752422448.8258399963378906250000 HTTP/1.1" 200 - "-" "WordPress/6.8.1; https://teamhachem.com"
85.208.96.203 - - [13/Jul/2025:16:00:46 +0000] "GET /events/list/?tribe-bar-date=2025-10-02 HTTP/1.1" 200 19786 "-" "Mozilla/5.0 (compatible; SemrushBot/7~bl; +http://www.semrush.com/bot.html)"
209.74.77.214 - - [13/Jul/2025:16:02:35 +0000] "POST /wp-cron.php?doing_wp_cron=1752422555.9355349540710449218750 HTTP/1.1" 200 - "-" "WordPress/6.8.1; https://teamhachem.com"
54.90.244.132 - - [13/Jul/2025:16:02:33 +0000] "GET /events/2026-09-27/ HTTP/1.1" 200 19479 "-" "Mozilla/5.0 AppleWebKit/537.36 (KHTML, like Gecko; compatible; Amazonbot/0.1; +https://developer.amazon.com/support/amazonbot) Chrome/119.0.6045.214 Safari/537.36"
35.169.240.53 - - [13/Jul/2025:16:02:36 +0000] "GET /events/list/?tribe-bar-date=2026-08-09 HTTP/1.1" 200 19798 "-" "Mozilla/5.0 AppleWebKit/537.36 (KHTML, like Gecko; compatible; Amazonbot/0.1; +https://developer.amazon.com/support/amazonbot) Chrome/119.0.6045.214 Safari/537.36"
51.222.253.13 - - [13/Jul/2025:16:02:44 +0000] "GET /events/list/?tribe-bar-date=2026-01-13&eventDisplay=past HTTP/1.1" 200 20224 "-" "Mozilla/5.0 (compatible; AhrefsBot/7.0; +http://ahrefs.com/robot/)"
209.74.77.214 - - [13/Jul/2025:16:06:04 +0000] "POST /wp-cron.php?doing_wp_cron=1752422764.9324131011962890625000 HTTP/1.1" 200 - "-" "WordPress/6.8.1; https://teamhachem.com"
85.208.96.195 - - [13/Jul/2025:16:06:02 +0000] "GET /events/list/?eventDisplay=past&tribe-bar-date=2025-06-22 HTTP/1.1" 200 20199 "-" "Mozilla/5.0 (compatible; SemrushBot/7~bl; +http://www.semrush.com/bot.html)"
209.74.77.214 - - [13/Jul/2025:16:07:12 +0000] "POST /wp-cron.php?doing_wp_cron=1752422832.5402450561523437500000 HTTP/1.1" 200 - "-" "WordPress/6.8.1; https://teamhachem.com"
51.222.253.13 - - [13/Jul/2025:16:07:10 +0000] "GET /events/list/?tribe-bar-date=2026-01-16&eventDisplay=past HTTP/1.1" 200 20221 "-" "Mozilla/5.0 (compatible; AhrefsBot/7.0; +http://ahrefs.com/robot/)"
209.74.77.214 - - [13/Jul/2025:16:09:41 +0000] "POST /wp-cron.php?doing_wp_cron=1752422981.9615540504455566406250 HTTP/1.1" 200 - "-" "WordPress/6.8.1; https://teamhachem.com"
216.73.216.126 - - [13/Jul/2025:16:09:39 +0000] "GET /robots.txt HTTP/1.1" 200 154 "-" "Mozilla/5.0 AppleWebKit/537.36 (KHTML, like Gecko; compatible; ClaudeBot/1.0; [email protected])"
216.73.216.126 - - [13/Jul/2025:16:09:42 +0000] "GET /events/list/?eventDisplay=past&tribe-bar-date=2028-03-26 HTTP/1.1" 200 20221 "-" "Mozilla/5.0 AppleWebKit/537.36 (KHTML, like Gecko; compatible; ClaudeBot/1.0; [email protected])"
209.74.77.214 - - [13/Jul/2025:16:10:48 +0000] "POST /wp-cron.php?doing_wp_cron=1752423048.9126119613647460937500 HTTP/1.1" 200 - "-" "WordPress/6.8.1; https://teamhachem.com"
216.73.216.126 - - [13/Jul/2025:16:10:46 +0000] "GET /events/list/?ical=1&tribe-bar-date=2028-03-18 HTTP/1.1" 200 1138 "-" "Mozilla/5.0 AppleWebKit/537.36 (KHTML, like Gecko; compatible; ClaudeBot/1.0; [email protected])"
209.74.77.214 - - [13/Jul/2025:16:11:14 +0000] "POST /wp-cron.php?doing_wp_cron=1752423074.4746010303497314453125 HTTP/1.1" 200 - "-" "WordPress/6.8.1; https://teamhachem.com"
51.222.253.6 - - [13/Jul/2025:16:11:13 +0000] "GET /events/list/?tribe-bar-date=2026-01-24&eventDisplay=past HTTP/1.1" 200 20213 "-" "Mozilla/5.0 (compatible; AhrefsBot/7.0; +http://ahrefs.com/robot/)"
185.39.19.34 - - [13/Jul/2025:16:12:40 +0000] "GET / HTTP/1.0" 200 135166 "https://teamhachem.com/" "Mozilla/5.0 (Windows NT 10.0; Win64; x64) AppleWebKit/537.36 (KHTML, like Gecko) Chrome/131.0.0.0 Safari/537.36"
185.39.19.34 - - [13/Jul/2025:16:12:41 +0000] "GET /contacts/ HTTP/1.0" 200 62259 "https://teamhachem.com/contacts/" "Mozilla/5.0 (Windows NT 10.0; Win64; x64) AppleWebKit/537.36 (KHTML, like Gecko) Chrome/131.0.0.0 Safari/537.36"
209.74.77.214 - - [13/Jul/2025:16:12:49 +0000] "POST /wp-cron.php?doing_wp_cron=1752423169.2435019016265869140625 HTTP/1.1" 200 - "-" "WordPress/6.8.1; https://teamhachem.com"
85.208.96.201 - - [13/Jul/2025:16:12:49 +0000] "GET /events/2025-09-18/ HTTP/1.1" 200 19470 "-" "Mozilla/5.0 (compatible; SemrushBot/7~bl; +http://www.semrush.com/bot.html)"
209.74.77.214 - - [13/Jul/2025:16:15:16 +0000] "POST /wp-cron.php?doing_wp_cron=1752423316.5447359085083007812500 HTTP/1.1" 200 - "-" "WordPress/6.8.1; https://teamhachem.com"
51.222.253.11 - - [13/Jul/2025:16:15:13 +0000] "GET /events/list/?tribe-bar-date=2026-01-26&eventDisplay=past HTTP/1.1" 200 20208 "-" "Mozilla/5.0 (compatible; AhrefsBot/7.0; +http://ahrefs.com/robot/)"
209.74.77.214 - - [13/Jul/2025:16:19:05 +0000] "POST /wp-cron.php?doing_wp_cron=1752423545.7678129673004150390625 HTTP/1.1" 200 - "-" "WordPress/6.8.1; https://teamhachem.com"
4.227.36.122 - - [13/Jul/2025:16:19:03 +0000] "GET /robots.txt HTTP/1.1" 200 154 "-" "Mozilla/5.0 AppleWebKit/537.36 (KHTML, like Gecko; compatible; GPTBot/1.2; +https://openai.com/gptbot)"
51.222.253.7 - - [13/Jul/2025:16:19:06 +0000] "GET /events/list/?tribe-bar-date=2026-01-15&eventDisplay=past HTTP/1.1" 200 20224 "-" "Mozilla/5.0 (compatible; AhrefsBot/7.0; +http://ahrefs.com/robot/)"
209.74.77.214 - - [13/Jul/2025:16:22:14 +0000] "POST /wp-cron.php?doing_wp_cron=1752423734.4258010387420654296875 HTTP/1.1" 200 - "-" "WordPress/6.8.1; https://teamhachem.com"
185.191.171.16 - - [13/Jul/2025:16:22:12 +0000] "GET /events/list/?tribe-bar-date=2024-10-23 HTTP/1.1" 200 20046 "-" "Mozilla/5.0 (compatible; SemrushBot/7~bl; +http://www.semrush.com/bot.html)"
209.74.77.214 - - [13/Jul/2025:16:23:12 +0000] "POST /wp-cron.php?doing_wp_cron=1752423792.7884500026702880859375 HTTP/1.1" 200 - "-" "WordPress/6.8.1; https://teamhachem.com"
51.222.253.19 - - [13/Jul/2025:16:23:10 +0000] "GET /events/list/?tribe-bar-date=2026-01-19&eventDisplay=past HTTP/1.1" 200 20232 "-" "Mozilla/5.0 (compatible; AhrefsBot/7.0; +http://ahrefs.com/robot/)"
209.74.77.214 - - [13/Jul/2025:16:26:15 +0000] "POST /wp-cron.php?doing_wp_cron=1752423975.3500959873199462890625 HTTP/1.1" 200 - "-" "WordPress/6.8.1; https://teamhachem.com"
18.215.49.176 - - [13/Jul/2025:16:26:12 +0000] "GET /events/2024-07-05/ HTTP/1.1" 200 18814 "-" "Mozilla/5.0 AppleWebKit/537.36 (KHTML, like Gecko; compatible; Amazonbot/0.1; +https://developer.amazon.com/support/amazonbot) Chrome/119.0.6045.214 Safari/537.36"
18.205.213.231 - - [13/Jul/2025:16:26:17 +0000] "GET /events/2026-10-02/ HTTP/1.1" 200 19478 "-" "Mozilla/5.0 AppleWebKit/537.36 (KHTML, like Gecko; compatible; Amazonbot/0.1; +https://developer.amazon.com/support/amazonbot) Chrome/119.0.6045.214 Safari/537.36"
44.196.118.6 - - [13/Jul/2025:16:26:21 +0000] "GET /events/list/?tribe-bar-date=2024-02-01 HTTP/1.1" 200 20177 "-" "Mozilla/5.0 AppleWebKit/537.36 (KHTML, like Gecko; compatible; Amazonbot/0.1; +https://developer.amazon.com/support/amazonbot) Chrome/119.0.6045.214 Safari/537.36"
98.82.39.241 - - [13/Jul/2025:16:26:25 +0000] "GET /events/2026-09-10/ HTTP/1.1" 200 19467 "-" "Mozilla/5.0 AppleWebKit/537.36 (KHTML, like Gecko; compatible; Amazonbot/0.1; +https://developer.amazon.com/support/amazonbot) Chrome/119.0.6045.214 Safari/537.36"
209.74.77.214 - - [13/Jul/2025:16:26:30 +0000] "POST /wp-cron.php?doing_wp_cron=1752423990.2132968902587890625000 HTTP/1.1" 200 - "-" "WordPress/6.8.1; https://teamhachem.com"
44.196.118.6 - - [13/Jul/2025:16:26:30 +0000] "GET /events/list/?eventDisplay=past&tribe-bar-date=2026-07-25 HTTP/1.1" 200 20216 "-" "Mozilla/5.0 AppleWebKit/537.36 (KHTML, like Gecko; compatible; Amazonbot/0.1; +https://developer.amazon.com/support/amazonbot) Chrome/119.0.6045.214 Safari/537.36"
209.74.77.214 - - [13/Jul/2025:16:26:34 +0000] "POST /wp-cron.php?doing_wp_cron=1752423994.4987120628356933593750 HTTP/1.1" 200 - "-" "WordPress/6.8.1; https://teamhachem.com"
52.73.142.41 - - [13/Jul/2025:16:26:34 +0000] "GET /events/list/?eventDisplay=past&tribe-bar-date=2026-07-28 HTTP/1.1" 200 20217 "-" "Mozilla/5.0 AppleWebKit/537.36 (KHTML, like Gecko; compatible; Amazonbot/0.1; +https://developer.amazon.com/support/amazonbot) Chrome/119.0.6045.214 Safari/537.36"
209.74.77.214 - - [13/Jul/2025:16:29:06 +0000] "POST /wp-cron.php?doing_wp_cron=1752424146.1115109920501708984375 HTTP/1.1" 200 - "-" "WordPress/6.8.1; https://teamhachem.com"
185.191.171.1 - - [13/Jul/2025:16:29:04 +0000] "GET /events/2025-12-02/ HTTP/1.1" 200 19468 "-" "Mozilla/5.0 (compatible; SemrushBot/7~bl; +http://www.semrush.com/bot.html)"
209.74.77.214 - - [13/Jul/2025:16:30:55 +0000] "POST /wp-cron.php?doing_wp_cron=1752424255.9798159599304199218750 HTTP/1.1" 200 - "-" "WordPress/6.8.1; https://teamhachem.com"
216.73.216.126 - - [13/Jul/2025:16:30:54 +0000] "GET /events/list/?eventDisplay=past&tribe-bar-date=2028-03-31 HTTP/1.1" 200 20227 "-" "Mozilla/5.0 AppleWebKit/537.36 (KHTML, like Gecko; compatible; ClaudeBot/1.0; [email protected])"
209.74.77.214 - - [13/Jul/2025:16:31:21 +0000] "POST /wp-cron.php?doing_wp_cron=1752424281.1075179576873779296875 HTTP/1.1" 200 - "-" "WordPress/6.8.1; https://teamhachem.com"
51.222.253.7 - - [13/Jul/2025:16:31:20 +0000] "GET /events/list/?tribe-bar-date=2026-01-31&eventDisplay=past HTTP/1.1" 200 20214 "-" "Mozilla/5.0 (compatible; AhrefsBot/7.0; +http://ahrefs.com/robot/)"
209.74.77.214 - - [13/Jul/2025:16:32:22 +0000] "POST /wp-cron.php?doing_wp_cron=1752424342.8170340061187744140625 HTTP/1.1" 200 - "-" "WordPress/6.8.1; https://teamhachem.com"
216.73.216.126 - - [13/Jul/2025:16:32:20 +0000] "GET /events/list/?outlook-ical=1&tribe-bar-date=2028-03-14 HTTP/1.1" 200 1133 "-" "Mozilla/5.0 AppleWebKit/537.36 (KHTML, like Gecko; compatible; ClaudeBot/1.0; [email protected])"
209.74.77.214 - - [13/Jul/2025:16:35:27 +0000] "POST /wp-cron.php?doing_wp_cron=1752424527.8382580280303955078125 HTTP/1.1" 200 - "-" "WordPress/6.8.1; https://teamhachem.com"
51.222.253.6 - - [13/Jul/2025:16:35:25 +0000] "GET /events/list/?tribe-bar-date=2026-01-05&eventDisplay=past HTTP/1.1" 200 20222 "-" "Mozilla/5.0 (compatible; AhrefsBot/7.0; +http://ahrefs.com/robot/)"
209.74.77.214 - - [13/Jul/2025:16:39:55 +0000] "POST /wp-cron.php?doing_wp_cron=1752424795.3215100765228271484375 HTTP/1.1" 200 - "-" "WordPress/6.8.1; https://teamhachem.com"
51.222.253.17 - - [13/Jul/2025:16:39:52 +0000] "GET /events/list/?tribe-bar-date=2026-01-12&eventDisplay=past HTTP/1.1" 200 20227 "-" "Mozilla/5.0 (compatible; AhrefsBot/7.0; +http://ahrefs.com/robot/)"
209.74.77.214 - - [13/Jul/2025:16:40:51 +0000] "POST /wp-cron.php?doing_wp_cron=1752424851.9607470035552978515625 HTTP/1.1" 200 - "-" "WordPress/6.8.1; https://teamhachem.com"
216.73.216.126 - - [13/Jul/2025:16:40:49 +0000] "GET /events/list/?outlook-ical=1&tribe-bar-date=2028-03-18 HTTP/1.1" 200 1132 "-" "Mozilla/5.0 AppleWebKit/537.36 (KHTML, like Gecko; compatible; ClaudeBot/1.0; [email protected])"
209.74.77.214 - - [13/Jul/2025:16:42:53 +0000] "POST /wp-cron.php?doing_wp_cron=1752424973.2696681022644042968750 HTTP/1.1" 200 - "-" "WordPress/6.8.1; https://teamhachem.com"
216.73.216.126 - - [13/Jul/2025:16:42:51 +0000] "GET /events/list/?eventDisplay=past&tribe-bar-date=2028-03-14 HTTP/1.1" 200 20217 "-" "Mozilla/5.0 AppleWebKit/537.36 (KHTML, like Gecko; compatible; ClaudeBot/1.0; [email protected])"
209.74.77.214 - - [13/Jul/2025:16:44:19 +0000] "POST /wp-cron.php?doing_wp_cron=1752425059.4295849800109863281250 HTTP/1.1" 200 - "-" "WordPress/6.8.1; https://teamhachem.com"
51.222.253.13 - - [13/Jul/2025:16:44:17 +0000] "GET /events/list/?tribe-bar-date=2026-01-25&eventDisplay=past HTTP/1.1" 200 20224 "-" "Mozilla/5.0 (compatible; AhrefsBot/7.0; +http://ahrefs.com/robot/)"
209.74.77.214 - - [13/Jul/2025:16:45:04 +0000] "POST /wp-cron.php?doing_wp_cron=1752425104.0821340084075927734375 HTTP/1.1" 200 - "-" "WordPress/6.8.1; https://teamhachem.com"
185.191.171.12 - - [13/Jul/2025:16:45:01 +0000] "GET /events/list/?tribe-bar-date=2025-01-17 HTTP/1.1" 200 19799 "-" "Mozilla/5.0 (compatible; SemrushBot/7~bl; +http://www.semrush.com/bot.html)"
209.74.77.214 - - [13/Jul/2025:16:45:49 +0000] "POST /wp-cron.php?doing_wp_cron=1752425149.6057898998260498046875 HTTP/1.1" 200 - "-" "WordPress/6.8.1; https://teamhachem.com"
