66.249.65.164 - - [14/Jul/2025:13:02:23 +0000] "GET /?k=81988924071900&mod=cb826161&uri=article.php%3Fid%3D2736125-364%26name%3Dwomen%27s+wool+coats+and+jackets HTTP/1.1" 200 19663 "-" "Mozilla/5.0 (Linux; Android 6.0.1; Nexus 5X Build/MMB29P) AppleWebKit/537.36 (KHTML, like Gecko) Chrome/137.0.7151.103 Mobile Safari/537.36 (compatible; Googlebot/2.1; +http://www.google.com/bot.html)"
66.249.65.164 - - [14/Jul/2025:13:02:23 +0000] "GET /?k=82085057041900&mod=798e5a5d&uri=search.php%3Fid%3D2739332-197%26name%3Dgreen+thigh+high+socks HTTP/1.1" 200 19627 "-" "Mozilla/5.0 (Linux; Android 6.0.1; Nexus 5X Build/MMB29P) AppleWebKit/537.36 (KHTML, like Gecko) Chrome/137.0.7151.103 Mobile Safari/537.36 (compatible; Googlebot/2.1; +http://www.google.com/bot.html)"
209.74.77.214 - - [14/Jul/2025:13:02:28 +0000] "POST /wp-cron.php?doing_wp_cron=1752498148.3858180046081542968750 HTTP/1.1" 200 - "-" "WordPress/6.8.1; https://alalamy.com.au"
216.73.216.203 - - [14/Jul/2025:13:02:28 +0000] "GET /shopbrand/42294787.htm HTTP/1.1" 404 20340 "-" "Mozilla/5.0 AppleWebKit/537.36 (KHTML, like Gecko; compatible; ClaudeBot/1.0; [email protected])"
66.249.65.164 - - [14/Jul/2025:13:02:29 +0000] "GET /?k=82099097041900&mod=9bcdf808&uri=article.php%3Fid%3D2739800-193%26name%3Dneiman+marcus+last+call+burberry HTTP/1.1" 200 19662 "-" "Mozilla/5.0 (Linux; Android 6.0.1; Nexus 5X Build/MMB29P) AppleWebKit/537.36 (KHTML, like Gecko) Chrome/137.0.7151.103 Mobile Safari/537.36 (compatible; Googlebot/2.1; +http://www.google.com/bot.html)"
216.73.216.203 - - [14/Jul/2025:13:02:31 +0000] "GET /shopbrand/42240589.htm HTTP/1.1" 404 20340 "-" "Mozilla/5.0 AppleWebKit/537.36 (KHTML, like Gecko; compatible; ClaudeBot/1.0; [email protected])"
66.249.65.164 - - [14/Jul/2025:13:02:31 +0000] "GET /shopbrand/212236733.htm HTTP/1.1" 200 19134 "-" "Mozilla/5.0 (Linux; Android 6.0.1; Nexus 5X Build/MMB29P) AppleWebKit/537.36 (KHTML, like Gecko) Chrome/137.0.7151.103 Mobile Safari/537.36 (compatible; GoogleOther)"
66.249.65.164 - - [14/Jul/2025:13:02:31 +0000] "POST /get-message-notify HTTP/1.1" 200 19554 "https://alalamy.com.au/?k=23509241011900&mod=962ebbfe&uri=product.php%3Fid%3D784685-394%26name%3Dcoffee+and+latte+machine" "Mozilla/5.0 (Linux; Android 6.0.1; Nexus 5X Build/MMB29P) AppleWebKit/537.36 (KHTML, like Gecko) Chrome/137.0.7151.119 Mobile Safari/537.36 (compatible; Googlebot/2.1; +http://www.google.com/bot.html)"
209.74.77.214 - - [14/Jul/2025:13:02:34 +0000] "POST /wp-cron.php?doing_wp_cron=1752498154.6617219448089599609375 HTTP/1.1" 200 - "-" "WordPress/6.8.1; https://alalamy.com.au"
216.73.216.203 - - [14/Jul/2025:13:02:34 +0000] "GET /shopbrand/42272952.htm HTTP/1.1" 404 20340 "-" "Mozilla/5.0 AppleWebKit/537.36 (KHTML, like Gecko; compatible; ClaudeBot/1.0; [email protected])"
209.74.77.214 - - [14/Jul/2025:13:02:34 +0000] "POST /wp-admin/admin-ajax.php?action=async_litespeed&nonce=op1OPo5Kx5pU6wqZZILSqbUbY1Jb0U1n&litespeed_type=imgoptm HTTP/1.1" 200 21 "-" "WordPress/6.8.1; https://alalamy.com.au"
66.249.65.165 - - [14/Jul/2025:13:02:35 +0000] "GET /?k=82083437021900&mod=9bcdf808&uri=goods.php%3Fid%3D2739278-193%26name%3Dburberry+men%27s+deodorant HTTP/1.1" 200 19617 "-" "Mozilla/5.0 (Linux; Android 6.0.1; Nexus 5X Build/MMB29P) AppleWebKit/537.36 (KHTML, like Gecko) Chrome/137.0.7151.103 Mobile Safari/537.36 (compatible; Googlebot/2.1; +http://www.google.com/bot.html)"
216.73.216.203 - - [14/Jul/2025:13:02:37 +0000] "GET /shopbrand/42251965.htm HTTP/1.1" 404 20340 "-" "Mozilla/5.0 AppleWebKit/537.36 (KHTML, like Gecko; compatible; ClaudeBot/1.0; [email protected])"
66.249.65.164 - - [14/Jul/2025:13:02:38 +0000] "GET /?k=82098557141900&mod=798e5a5d&uri=shared.php%3Fid%3D2739782-197%26name%3Dpastel+thigh+high+socks HTTP/1.1" 200 19636 "-" "Mozilla/5.0 (Linux; Android 6.0.1; Nexus 5X Build/MMB29P) AppleWebKit/537.36 (KHTML, like Gecko) Chrome/137.0.7151.103 Mobile Safari/537.36 (compatible; Googlebot/2.1; +http://www.google.com/bot.html)"
216.73.216.203 - - [14/Jul/2025:13:02:40 +0000] "GET /shopbrand/42244207.htm HTTP/1.1" 404 20340 "-" "Mozilla/5.0 AppleWebKit/537.36 (KHTML, like Gecko; compatible; ClaudeBot/1.0; [email protected])"
66.249.65.165 - - [14/Jul/2025:13:02:41 +0000] "GET /?k=82081007051900&mod=6b7d24fd&uri=news.php%3Fid%3D2739197-195%26name%3Dchampion+x+mcm HTTP/1.1" 200 19591 "-" "Mozilla/5.0 (Linux; Android 6.0.1; Nexus 5X Build/MMB29P) AppleWebKit/537.36 (KHTML, like Gecko) Chrome/137.0.7151.103 Mobile Safari/537.36 (compatible; Googlebot/2.1; +http://www.google.com/bot.html)"
66.249.65.165 - - [14/Jul/2025:13:02:42 +0000] "GET /shopbrand/212133899.htm HTTP/1.1" 200 18906 "-" "Mozilla/5.0 (Linux; Android 6.0.1; Nexus 5X Build/MMB29P) AppleWebKit/537.36 (KHTML, like Gecko) Chrome/137.0.7151.103 Mobile Safari/537.36 (compatible; GoogleOther)"
216.73.216.203 - - [14/Jul/2025:13:02:43 +0000] "GET /shopbrand/42172201.htm HTTP/1.1" 404 20340 "-" "Mozilla/5.0 AppleWebKit/537.36 (KHTML, like Gecko; compatible; ClaudeBot/1.0; [email protected])"
66.249.65.165 - - [14/Jul/2025:13:02:44 +0000] "GET /?k=81939590051900&mod=cb826161&uri=products.php%3Fid%3D2734480-364%26name%3Disabel+marant+gabrion+coat+beige HTTP/1.1" 200 19653 "-" "Mozilla/5.0 (Linux; Android 6.0.1; Nexus 5X Build/MMB29P) AppleWebKit/537.36 (KHTML, like Gecko) Chrome/137.0.7151.103 Mobile Safari/537.36 (compatible; Googlebot/2.1; +http://www.google.com/bot.html)"
216.73.216.203 - - [14/Jul/2025:13:02:46 +0000] "GET /shopbrand/42248232.htm HTTP/1.1" 404 20340 "-" "Mozilla/5.0 AppleWebKit/537.36 (KHTML, like Gecko; compatible; ClaudeBot/1.0; [email protected])"
66.249.65.165 - - [14/Jul/2025:13:02:48 +0000] "GET /?k=82096127081900&mod=798e5a5d&uri=us.php%3Fid%3D2739701-197%26name%3Dblack+pantyhose+with+designs HTTP/1.1" 200 19606 "-" "Mozilla/5.0 (Linux; Android 6.0.1; Nexus 5X Build/MMB29P) AppleWebKit/537.36 (KHTML, like Gecko) Chrome/137.0.7151.103 Mobile Safari/537.36 (compatible; Googlebot/2.1; +http://www.google.com/bot.html)"
66.249.65.165 - - [14/Jul/2025:13:02:53 +0000] "GET /shopbrand/212227563.htm HTTP/1.1" 200 19315 "-" "Mozilla/5.0 (Linux; Android 6.0.1; Nexus 5X Build/MMB29P) AppleWebKit/537.36 (KHTML, like Gecko) Chrome/137.0.7151.103 Mobile Safari/537.36 (compatible; GoogleOther)"
66.249.65.164 - - [14/Jul/2025:13:02:53 +0000] "GET /?k=52680561061900&mod=0afe1037&uri=shop.php%3Fid%3D1758002-345%26name%3Dblusas+extra+largas HTTP/1.1" 200 19599 "-" "Mozilla/5.0 (Linux; Android 6.0.1; Nexus 5X Build/MMB29P) AppleWebKit/537.36 (KHTML, like Gecko) Chrome/137.0.7151.103 Mobile Safari/537.36 (compatible; Googlebot/2.1; +http://www.google.com/bot.html)"
66.249.65.165 - - [14/Jul/2025:13:02:55 +0000] "GET /?k=6664015001900&mod=ead6d4ad&uri=product.php%3Fid%3D222564-374%26name%3Dgemo+bombers+femme HTTP/1.1" 200 19597 "-" "Mozilla/5.0 (Linux; Android 6.0.1; Nexus 5X Build/MMB29P) AppleWebKit/537.36 (KHTML, like Gecko) Chrome/137.0.7151.103 Mobile Safari/537.36 (compatible; Googlebot/2.1; +http://www.google.com/bot.html)"
66.249.65.166 - - [14/Jul/2025:13:03:01 +0000] "GET /?k=52685661061900&mod=0afe1037&uri=shop.php%3Fid%3D1758172-345%26name%3Dtiendas+gij%C3%83%C2%B3n+ropa HTTP/1.1" 200 19618 "-" "Mozilla/5.0 (Linux; Android 6.0.1; Nexus 5X Build/MMB29P) AppleWebKit/537.36 (KHTML, like Gecko) Chrome/137.0.7151.103 Mobile Safari/537.36 (compatible; Googlebot/2.1; +http://www.google.com/bot.html)"
66.249.65.165 - - [14/Jul/2025:13:03:01 +0000] "GET /?k=8990323121900&mod=343e8f41&uri=itm.php%3Fid%3D300189-368%26name%3D40x100+tent HTTP/1.1" 200 19582 "-" "Mozilla/5.0 (Linux; Android 6.0.1; Nexus 5X Build/MMB29P) AppleWebKit/537.36 (KHTML, like Gecko) Chrome/137.0.7151.103 Mobile Safari/537.36 (compatible; Googlebot/2.1; +http://www.google.com/bot.html)"
66.249.65.165 - - [14/Jul/2025:13:03:02 +0000] "POST /get-message-notify HTTP/1.1" 200 19554 "https://alalamy.com.au/shopbrand/212197126.htm" "Mozilla/5.0 (Linux; Android 6.0.1; Nexus 5X Build/MMB29P) AppleWebKit/537.36 (KHTML, like Gecko) Chrome/137.0.7151.119 Mobile Safari/537.36 (compatible; Googlebot/2.1; +http://www.google.com/bot.html)"
66.249.65.164 - - [14/Jul/2025:13:03:14 +0000] "GET /shopbrand/212239938.htm HTTP/1.1" 200 18679 "-" "Mozilla/5.0 (Linux; Android 6.0.1; Nexus 5X Build/MMB29P) AppleWebKit/537.36 (KHTML, like Gecko) Chrome/137.0.7151.103 Mobile Safari/537.36 (compatible; GoogleOther)"
66.249.65.164 - - [14/Jul/2025:13:03:20 +0000] "GET /?k=7146659091900&mod=8763d72b&uri=goods.php%3Fid%3D238673-57%26name%3D%24100+bluetooth+headphones HTTP/1.1" 200 19610 "-" "Mozilla/5.0 (Linux; Android 6.0.1; Nexus 5X Build/MMB29P) AppleWebKit/537.36 (KHTML, like Gecko) Chrome/137.0.7151.103 Mobile Safari/537.36 (compatible; Googlebot/2.1; +http://www.google.com/bot.html)"
66.249.65.164 - - [14/Jul/2025:13:03:25 +0000] "GET /shopbrand/212165831.htm HTTP/1.1" 200 18727 "-" "Mozilla/5.0 (Linux; Android 6.0.1; Nexus 5X Build/MMB29P) AppleWebKit/537.36 (KHTML, like Gecko) Chrome/137.0.7151.103 Mobile Safari/537.36 (compatible; GoogleOther)"
209.74.77.214 - - [14/Jul/2025:13:03:26 +0000] "POST /wp-cron.php?doing_wp_cron=1752498206.7137780189514160156250 HTTP/1.1" 200 - "-" "WordPress/6.8.1; https://alalamy.com.au"
216.73.216.203 - - [14/Jul/2025:13:03:26 +0000] "GET /shopbrand/42209038.htm HTTP/1.1" 404 20340 "-" "Mozilla/5.0 AppleWebKit/537.36 (KHTML, like Gecko; compatible; ClaudeBot/1.0; [email protected])"
216.73.216.203 - - [14/Jul/2025:13:03:29 +0000] "GET /shopbrand/42240688.htm HTTP/1.1" 404 20340 "-" "Mozilla/5.0 AppleWebKit/537.36 (KHTML, like Gecko; compatible; ClaudeBot/1.0; [email protected])"
209.74.77.214 - - [14/Jul/2025:13:03:32 +0000] "POST /wp-cron.php?doing_wp_cron=1752498212.5533590316772460937500 HTTP/1.1" 200 - "-" "WordPress/6.8.1; https://alalamy.com.au"
216.73.216.203 - - [14/Jul/2025:13:03:32 +0000] "GET /shopbrand/42246115.htm HTTP/1.1" 404 20340 "-" "Mozilla/5.0 AppleWebKit/537.36 (KHTML, like Gecko; compatible; ClaudeBot/1.0; [email protected])"
209.74.77.214 - - [14/Jul/2025:13:03:32 +0000] "POST /wp-admin/admin-ajax.php?action=async_litespeed&nonce=G7plsWsigrWWzSfxlLuxPVQz0tRNeggW&litespeed_type=imgoptm HTTP/1.1" 200 21 "-" "WordPress/6.8.1; https://alalamy.com.au"
209.74.77.214 - - [14/Jul/2025:13:03:35 +0000] "POST /wp-cron.php?doing_wp_cron=1752498215.5712549686431884765625 HTTP/1.1" 200 - "-" "WordPress/6.8.1; https://alalamy.com.au"
216.73.216.203 - - [14/Jul/2025:13:03:35 +0000] "GET /shopbrand/42294487.htm HTTP/1.1" 404 20340 "-" "Mozilla/5.0 AppleWebKit/537.36 (KHTML, like Gecko; compatible; ClaudeBot/1.0; [email protected])"
66.249.65.164 - - [14/Jul/2025:13:03:36 +0000] "GET /shopbrand/212225754.htm HTTP/1.1" 200 20116 "-" "Mozilla/5.0 (Linux; Android 6.0.1; Nexus 5X Build/MMB29P) AppleWebKit/537.36 (KHTML, like Gecko) Chrome/137.0.7151.103 Mobile Safari/537.36 (compatible; GoogleOther)"
216.73.216.203 - - [14/Jul/2025:13:03:38 +0000] "GET /shopbrand/42197620.htm HTTP/1.1" 404 20340 "-" "Mozilla/5.0 AppleWebKit/537.36 (KHTML, like Gecko; compatible; ClaudeBot/1.0; [email protected])"
216.73.216.203 - - [14/Jul/2025:13:03:41 +0000] "GET /shopbrand/42176764.htm HTTP/1.1" 404 20340 "-" "Mozilla/5.0 AppleWebKit/537.36 (KHTML, like Gecko; compatible; ClaudeBot/1.0; [email protected])"
216.73.216.203 - - [14/Jul/2025:13:03:44 +0000] "GET /shopbrand/42229312.htm HTTP/1.1" 404 20340 "-" "Mozilla/5.0 AppleWebKit/537.36 (KHTML, like Gecko; compatible; ClaudeBot/1.0; [email protected])"
66.249.65.164 - - [14/Jul/2025:13:03:47 +0000] "GET /shopbrand/212242418.htm HTTP/1.1" 200 19323 "-" "Mozilla/5.0 (Linux; Android 6.0.1; Nexus 5X Build/MMB29P) AppleWebKit/537.36 (KHTML, like Gecko) Chrome/137.0.7151.103 Mobile Safari/537.36 (compatible; GoogleOther)"
66.249.65.164 - - [14/Jul/2025:13:03:57 +0000] "GET /shopbrand/212182827.htm HTTP/1.1" 200 19501 "-" "Mozilla/5.0 (Linux; Android 6.0.1; Nexus 5X Build/MMB29P) AppleWebKit/537.36 (KHTML, like Gecko) Chrome/137.0.7151.103 Mobile Safari/537.36 (compatible; GoogleOther)"
66.249.65.164 - - [14/Jul/2025:13:03:58 +0000] "POST /get-message-notify HTTP/1.1" 200 19554 "https://alalamy.com.au/?k=82098287051900&mod=9bcdf808&uri=search.php%3Fid%3D2739773-193%26name%3Dburberry+online+clearance" "Mozilla/5.0 (Linux; Android 6.0.1; Nexus 5X Build/MMB29P) AppleWebKit/537.36 (KHTML, like Gecko) Chrome/137.0.7151.119 Mobile Safari/537.36 (compatible; Googlebot/2.1; +http://www.google.com/bot.html)"
66.249.65.164 - - [14/Jul/2025:13:03:59 +0000] "GET /?k=7163392071900&mod=4d383d5c&uri=dp.php%3Fid%3D239231-234%26name%3Djoop+jacken+m%C3%83%C2%A4nner HTTP/1.1" 200 19616 "-" "Mozilla/5.0 (Linux; Android 6.0.1; Nexus 5X Build/MMB29P) AppleWebKit/537.36 (KHTML, like Gecko) Chrome/137.0.7151.103 Mobile Safari/537.36 (compatible; Googlebot/2.1; +http://www.google.com/bot.html)"
66.249.65.165 - - [14/Jul/2025:13:04:08 +0000] "GET /shopbrand/212165990.htm HTTP/1.1" 200 19912 "-" "Mozilla/5.0 (Linux; Android 6.0.1; Nexus 5X Build/MMB29P) AppleWebKit/537.36 (KHTML, like Gecko) Chrome/137.0.7151.103 Mobile Safari/537.36 (compatible; GoogleOther)"
66.249.65.165 - - [14/Jul/2025:13:04:19 +0000] "GET /shopbrand/212126514.htm HTTP/1.1" 200 18582 "-" "Mozilla/5.0 (Linux; Android 6.0.1; Nexus 5X Build/MMB29P) AppleWebKit/537.36 (KHTML, like Gecko) Chrome/137.0.7151.103 Mobile Safari/537.36 (compatible; GoogleOther)"
66.249.65.164 - - [14/Jul/2025:13:04:23 +0000] "GET /?k=119802952041900&mod=f9c1b5bf&uri=blog.php%3Fid%3D3998188-129%26name%3Dbattery+for+iphone+near+me HTTP/1.1" 200 19613 "-" "Mozilla/5.0 (Linux; Android 6.0.1; Nexus 5X Build/MMB29P) AppleWebKit/537.36 (KHTML, like Gecko) Chrome/137.0.7151.103 Mobile Safari/537.36 (compatible; Googlebot/2.1; +http://www.google.com/bot.html)"
66.249.65.164 - - [14/Jul/2025:13:04:26 +0000] "GET /?k=7164462031900&mod=7a51ab26&uri=form.php%3Fid%3D239267-371%26name%3Dnordstrom+rack+quay HTTP/1.1" 200 19595 "-" "Mozilla/5.0 (Linux; Android 6.0.1; Nexus 5X Build/MMB29P) AppleWebKit/537.36 (KHTML, like Gecko) Chrome/137.0.7151.103 Mobile Safari/537.36 (compatible; Googlebot/2.1; +http://www.google.com/bot.html)"
66.249.65.164 - - [14/Jul/2025:13:04:30 +0000] "GET /shopbrand/212181689.htm HTTP/1.1" 200 18723 "-" "Mozilla/5.0 (Linux; Android 6.0.1; Nexus 5X Build/MMB29P) AppleWebKit/537.36 (KHTML, like Gecko) Chrome/137.0.7151.103 Mobile Safari/537.36 (compatible; GoogleOther)"
209.74.77.214 - - [14/Jul/2025:13:04:31 +0000] "POST /wp-cron.php?doing_wp_cron=1752498271.9477798938751220703125 HTTP/1.1" 200 - "-" "WordPress/6.8.1; https://alalamy.com.au"
216.73.216.203 - - [14/Jul/2025:13:04:31 +0000] "GET /shopbrand/42179139.htm HTTP/1.1" 404 20340 "-" "Mozilla/5.0 AppleWebKit/537.36 (KHTML, like Gecko; compatible; ClaudeBot/1.0; [email protected])"
209.74.77.214 - - [14/Jul/2025:13:04:32 +0000] "POST /wp-admin/admin-ajax.php?action=async_litespeed&nonce=9UU38TtRHMHBmRguLIOj7kvAaIodxv8W&litespeed_type=imgoptm HTTP/1.1" 200 21 "-" "WordPress/6.8.1; https://alalamy.com.au"
66.249.65.164 - - [14/Jul/2025:13:04:32 +0000] "GET /?k=7157452141900&mod=8763d72b&uri=category-info.php%3Fid%3D239033-57%26name%3Dearbuds+combo+offer HTTP/1.1" 200 19657 "-" "Mozilla/5.0 (Linux; Android 6.0.1; Nexus 5X Build/MMB29P) AppleWebKit/537.36 (KHTML, like Gecko) Chrome/137.0.7151.103 Mobile Safari/537.36 (compatible; Googlebot/2.1; +http://www.google.com/bot.html)"
209.74.77.214 - - [14/Jul/2025:13:04:34 +0000] "POST /wp-cron.php?doing_wp_cron=1752498274.2996220588684082031250 HTTP/1.1" 200 - "-" "WordPress/6.8.1; https://alalamy.com.au"
216.73.216.203 - - [14/Jul/2025:13:04:34 +0000] "GET /shopbrand/42241667.htm HTTP/1.1" 404 20340 "-" "Mozilla/5.0 AppleWebKit/537.36 (KHTML, like Gecko; compatible; ClaudeBot/1.0; [email protected])"
66.249.65.164 - - [14/Jul/2025:13:04:35 +0000] "GET /?k=66416206031900&mod=3d1327c1&uri=us.php%3Fid%3D2216361-395%26name%3Dintersport+sous+v%C3%83%C2%AAtement+femme HTTP/1.1" 200 19634 "-" "Mozilla/5.0 (Linux; Android 6.0.1; Nexus 5X Build/MMB29P) AppleWebKit/537.36 (KHTML, like Gecko) Chrome/137.0.7151.103 Mobile Safari/537.36 (compatible; Googlebot/2.1; +http://www.google.com/bot.html)"
216.73.216.203 - - [14/Jul/2025:13:04:37 +0000] "GET /shopbrand/42285625.htm HTTP/1.1" 404 20340 "-" "Mozilla/5.0 AppleWebKit/537.36 (KHTML, like Gecko; compatible; ClaudeBot/1.0; [email protected])"
216.73.216.203 - - [14/Jul/2025:13:04:40 +0000] "GET /shopbrand/42195112.htm HTTP/1.1" 404 20340 "-" "Mozilla/5.0 AppleWebKit/537.36 (KHTML, like Gecko; compatible; ClaudeBot/1.0; [email protected])"
66.249.65.164 - - [14/Jul/2025:13:04:41 +0000] "GET /shopbrand/212140686.htm HTTP/1.1" 200 19591 "-" "Mozilla/5.0 (Linux; Android 6.0.1; Nexus 5X Build/MMB29P) AppleWebKit/537.36 (KHTML, like Gecko) Chrome/137.0.7151.103 Mobile Safari/537.36 (compatible; GoogleOther)"
66.249.65.164 - - [14/Jul/2025:13:04:41 +0000] "GET /?k=7015664041900&mod=3d1327c1&uri=category-info.php%3Fid%3D234300-395%26name%3Ddoudoune+sans+manche+guess+femme HTTP/1.1" 200 19682 "-" "Mozilla/5.0 (Linux; Android 6.0.1; Nexus 5X Build/MMB29P) AppleWebKit/537.36 (KHTML, like Gecko) Chrome/137.0.7151.103 Mobile Safari/537.36 (compatible; Googlebot/2.1; +http://www.google.com/bot.html)"
216.73.216.203 - - [14/Jul/2025:13:04:43 +0000] "GET /shopbrand/42186216.htm HTTP/1.1" 404 20340 "-" "Mozilla/5.0 AppleWebKit/537.36 (KHTML, like Gecko; compatible; ClaudeBot/1.0; [email protected])"
66.249.65.164 - - [14/Jul/2025:13:04:45 +0000] "GET /?k=7146389051900&mod=8763d72b&uri=us.php%3Fid%3D238664-57%26name%3Dbluedio+microphone HTTP/1.1" 200 19585 "-" "Mozilla/5.0 (Linux; Android 6.0.1; Nexus 5X Build/MMB29P) AppleWebKit/537.36 (KHTML, like Gecko) Chrome/137.0.7151.103 Mobile Safari/537.36 (compatible; Googlebot/2.1; +http://www.google.com/bot.html)"
216.73.216.203 - - [14/Jul/2025:13:04:46 +0000] "GET /shopbrand/42293391.htm HTTP/1.1" 404 20340 "-" "Mozilla/5.0 AppleWebKit/537.36 (KHTML, like Gecko; compatible; ClaudeBot/1.0; [email protected])"
66.249.65.164 - - [14/Jul/2025:13:04:48 +0000] "GET /?k=7159612111900&mod=8763d72b&uri=brands.php%3Fid%3D239105-57%26name%3Dbest+microphone+in+wireless+earbuds HTTP/1.1" 200 19650 "-" "Mozilla/5.0 (Linux; Android 6.0.1; Nexus 5X Build/MMB29P) AppleWebKit/537.36 (KHTML, like Gecko) Chrome/137.0.7151.103 Mobile Safari/537.36 (compatible; Googlebot/2.1; +http://www.google.com/bot.html)"
216.73.216.203 - - [14/Jul/2025:13:04:49 +0000] "GET /shopbrand/42283923.htm HTTP/1.1" 404 20340 "-" "Mozilla/5.0 AppleWebKit/537.36 (KHTML, like Gecko; compatible; ClaudeBot/1.0; [email protected])"
66.249.65.164 - - [14/Jul/2025:13:04:51 +0000] "GET /?k=7157182001900&mod=8763d72b&uri=shop.php%3Fid%3D239024-57%26name%3Dnoise+shots+x1+air+true+wireless+bluetooth+headset+with+mic HTTP/1.1" 200 19681 "-" "Mozilla/5.0 (Linux; Android 6.0.1; Nexus 5X Build/MMB29P) AppleWebKit/537.36 (KHTML, like Gecko) Chrome/137.0.7151.103 Mobile Safari/537.36 (compatible; Googlebot/2.1; +http://www.google.com/bot.html)"
66.249.65.164 - - [14/Jul/2025:13:04:51 +0000] "GET /shopbrand/212250917.htm HTTP/1.1" 200 20149 "-" "Mozilla/5.0 (Linux; Android 6.0.1; Nexus 5X Build/MMB29P) AppleWebKit/537.36 (KHTML, like Gecko) Chrome/137.0.7151.103 Mobile Safari/537.36 (compatible; GoogleOther)"
66.249.65.164 - - [14/Jul/2025:13:04:58 +0000] "GET /?k=7155832001900&mod=8763d72b&uri=category-info.php%3Fid%3D238979-57%26name%3Dconnect+bluetooth+headphones+to+mi+tv HTTP/1.1" 200 19687 "-" "Mozilla/5.0 (Linux; Android 6.0.1; Nexus 5X Build/MMB29P) AppleWebKit/537.36 (KHTML, like Gecko) Chrome/137.0.7151.103 Mobile Safari/537.36 (compatible; Googlebot/2.1; +http://www.google.com/bot.html)"
66.249.65.164 - - [14/Jul/2025:13:05:01 +0000] "GET /?k=7160962021900&mod=8763d72b&uri=blog.php%3Fid%3D239150-57%26name%3Djoyroom+pro+tws+wireless+earbuds+white HTTP/1.1" 200 19623 "-" "Mozilla/5.0 (Linux; Android 6.0.1; Nexus 5X Build/MMB29P) AppleWebKit/537.36 (KHTML, like Gecko) Chrome/137.0.7151.103 Mobile Safari/537.36 (compatible; Googlebot/2.1; +http://www.google.com/bot.html)"
66.249.65.164 - - [14/Jul/2025:13:05:02 +0000] "GET /shopbrand/212222303.htm HTTP/1.1" 200 18888 "-" "Mozilla/5.0 (Linux; Android 6.0.1; Nexus 5X Build/MMB29P) AppleWebKit/537.36 (KHTML, like Gecko) Chrome/137.0.7151.103 Mobile Safari/537.36 (compatible; GoogleOther)"
66.249.65.164 - - [14/Jul/2025:13:05:05 +0000] "GET /?k=5810258071900&mod=f1a860c4&uri=itm.php%3Fid%3D194029-336%26name%3Dborse+piquadro+in+saldo HTTP/1.1" 200 19603 "-" "Mozilla/5.0 (Linux; Android 6.0.1; Nexus 5X Build/MMB29P) AppleWebKit/537.36 (KHTML, like Gecko) Chrome/137.0.7151.103 Mobile Safari/537.36 (compatible; Googlebot/2.1; +http://www.google.com/bot.html)"
66.249.65.164 - - [14/Jul/2025:13:05:10 +0000] "GET /?k=5811338031900&mod=2b0c3bf2&uri=blog.php%3Fid%3D194065-337%26name%3Dhm+mallas+mujer HTTP/1.1" 200 19597 "-" "Mozilla/5.0 (Linux; Android 6.0.1; Nexus 5X Build/MMB29P) AppleWebKit/537.36 (KHTML, like Gecko) Chrome/137.0.7151.103 Mobile Safari/537.36 (compatible; Googlebot/2.1; +http://www.google.com/bot.html)"
66.249.65.164 - - [14/Jul/2025:13:05:13 +0000] "GET /shopbrand/212220891.htm HTTP/1.1" 200 17994 "-" "Mozilla/5.0 (Linux; Android 6.0.1; Nexus 5X Build/MMB29P) AppleWebKit/537.36 (KHTML, like Gecko) Chrome/137.0.7151.103 Mobile Safari/537.36 (compatible; GoogleOther)"
66.249.65.164 - - [14/Jul/2025:13:05:13 +0000] "GET /?k=119847926081900&mod=41814002&uri=shop.php%3Fid%3D3999688-321%26name%3Dloving+rest+pet+cremation+cost HTTP/1.1" 200 19646 "-" "Mozilla/5.0 (Linux; Android 6.0.1; Nexus 5X Build/MMB29P) AppleWebKit/537.36 (KHTML, like Gecko) Chrome/137.0.7151.103 Mobile Safari/537.36 (compatible; Googlebot/2.1; +http://www.google.com/bot.html)"
66.249.65.164 - - [14/Jul/2025:13:05:14 +0000] "GET /?k=7162312051900&mod=4d383d5c&uri=category-info.php%3Fid%3D239195-234%26name%3Dherren+winterjacken+g%C3%83%C2%BCnstig HTTP/1.1" 200 19691 "-" "Mozilla/5.0 (Linux; Android 6.0.1; Nexus 5X Build/MMB29P) AppleWebKit/537.36 (KHTML, like Gecko) Chrome/137.0.7151.103 Mobile Safari/537.36 (compatible; Googlebot/2.1; +http://www.google.com/bot.html)"
66.249.65.164 - - [14/Jul/2025:13:05:16 +0000] "POST /get-message-notify HTTP/1.1" 200 19554 "https://alalamy.com.au/?k=7162312051900&mod=4d383d5c&uri=category-info.php%3Fid%3D239195-234%26name%3Dherren+winterjacken+g%C3%83%C2%BCnstig" "Mozilla/5.0 AppleWebKit/537.36 (KHTML, like Gecko; compatible; Googlebot/2.1; +http://www.google.com/bot.html) Chrome/137.0.7151.119 Safari/537.36"
66.249.65.164 - - [14/Jul/2025:13:05:17 +0000] "GET /?k=119844686041900&mod=41814002&uri=brands.php%3Fid%3D3999580-321%26name%3Dperuvian+satin+guinea+pig HTTP/1.1" 200 19646 "-" "Mozilla/5.0 (Linux; Android 6.0.1; Nexus 5X Build/MMB29P) AppleWebKit/537.36 (KHTML, like Gecko) Chrome/137.0.7151.103 Mobile Safari/537.36 (compatible; Googlebot/2.1; +http://www.google.com/bot.html)"
66.249.65.164 - - [14/Jul/2025:13:05:24 +0000] "GET /?k=99254287091900&mod=41814002&uri=blog.php%3Fid%3D3312369-321%26name%3Dbleakholt+kittens HTTP/1.1" 200 19593 "-" "Mozilla/5.0 (Linux; Android 6.0.1; Nexus 5X Build/MMB29P) AppleWebKit/537.36 (KHTML, like Gecko) Chrome/137.0.7151.103 Mobile Safari/537.36 (compatible; Googlebot/2.1; +http://www.google.com/bot.html)"
66.249.65.164 - - [14/Jul/2025:13:05:24 +0000] "GET /shopbrand/212163907.htm HTTP/1.1" 200 17881 "-" "Mozilla/5.0 (Linux; Android 6.0.1; Nexus 5X Build/MMB29P) AppleWebKit/537.36 (KHTML, like Gecko) Chrome/137.0.7151.103 Mobile Safari/537.36 (compatible; GoogleOther)"
66.249.65.164 - - [14/Jul/2025:13:05:27 +0000] "GET /?k=119846666011900&mod=34a95ac7&uri=us.php%3Fid%3D3999646-323%26name%3Dyeti+colster+purple HTTP/1.1" 200 19592 "-" "Mozilla/5.0 (Linux; Android 6.0.1; Nexus 5X Build/MMB29P) AppleWebKit/537.36 (KHTML, like Gecko) Chrome/137.0.7151.103 Mobile Safari/537.36 (compatible; Googlebot/2.1; +http://www.google.com/bot.html)"
209.74.77.214 - - [14/Jul/2025:13:05:29 +0000] "POST /wp-cron.php?doing_wp_cron=1752498329.0938670635223388671875 HTTP/1.1" 200 - "-" "WordPress/6.8.1; https://alalamy.com.au"
216.73.216.203 - - [14/Jul/2025:13:05:28 +0000] "GET /shopbrand/42261683.htm HTTP/1.1" 404 20340 "-" "Mozilla/5.0 AppleWebKit/537.36 (KHTML, like Gecko; compatible; ClaudeBot/1.0; [email protected])"
216.73.216.203 - - [14/Jul/2025:13:05:31 +0000] "GET /shopbrand/42186500.htm HTTP/1.1" 404 20340 "-" "Mozilla/5.0 AppleWebKit/537.36 (KHTML, like Gecko; compatible; ClaudeBot/1.0; [email protected])"
66.249.65.164 - - [14/Jul/2025:13:05:32 +0000] "GET /?k=119848646001900&mod=34a95ac7&uri=info.php%3Fid%3D3999712-323%26name%3Daladdin+thermo+jar HTTP/1.1" 200 19606 "-" "Mozilla/5.0 (Linux; Android 6.0.1; Nexus 5X Build/MMB29P) AppleWebKit/537.36 (KHTML, like Gecko) Chrome/137.0.7151.103 Mobile Safari/537.36 (compatible; Googlebot/2.1; +http://www.google.com/bot.html)"
209.74.77.214 - - [14/Jul/2025:13:05:34 +0000] "POST /wp-cron.php?doing_wp_cron=1752498334.9737958908081054687500 HTTP/1.1" 200 - "-" "WordPress/6.8.1; https://alalamy.com.au"
216.73.216.203 - - [14/Jul/2025:13:05:34 +0000] "GET /shopbrand/42236963.htm HTTP/1.1" 404 20340 "-" "Mozilla/5.0 AppleWebKit/537.36 (KHTML, like Gecko; compatible; ClaudeBot/1.0; [email protected])"
66.249.65.164 - - [14/Jul/2025:13:05:34 +0000] "GET /shopbrand/212179749.htm HTTP/1.1" 200 19246 "-" "Mozilla/5.0 (Linux; Android 6.0.1; Nexus 5X Build/MMB29P) AppleWebKit/537.36 (KHTML, like Gecko) Chrome/137.0.7151.103 Mobile Safari/537.36 (compatible; GoogleOther)"
209.74.77.214 - - [14/Jul/2025:13:05:35 +0000] "POST /wp-admin/admin-ajax.php?action=async_litespeed&nonce=EZAuh6fEIZdUIumoqYkNB42nhgAQzj0L&litespeed_type=imgoptm HTTP/1.1" 200 21 "-" "WordPress/6.8.1; https://alalamy.com.au"
66.249.65.164 - - [14/Jul/2025:13:05:36 +0000] "GET /?k=99254767001900&mod=41814002&uri=info.php%3Fid%3D3312385-321%26name%3Dtypes+of+mixed+dogs HTTP/1.1" 200 19595 "-" "Mozilla/5.0 (Linux; Android 6.0.1; Nexus 5X Build/MMB29P) AppleWebKit/537.36 (KHTML, like Gecko) Chrome/137.0.7151.103 Mobile Safari/537.36 (compatible; Googlebot/2.1; +http://www.google.com/bot.html)"
216.73.216.203 - - [14/Jul/2025:13:05:38 +0000] "GET /shopbrand/42253103.htm HTTP/1.1" 404 20340 "-" "Mozilla/5.0 AppleWebKit/537.36 (KHTML, like Gecko; compatible; ClaudeBot/1.0; [email protected])"
66.249.65.165 - - [14/Jul/2025:13:05:39 +0000] "GET /?k=7024859031900&mod=156cc497&uri=category-info.php%3Fid%3D234607-396%26name%3Dsandales+gabor+2021 HTTP/1.1" 200 19658 "-" "Mozilla/5.0 (Linux; Android 6.0.1; Nexus 5X Build/MMB29P) AppleWebKit/537.36 (KHTML, like Gecko) Chrome/137.0.7151.103 Mobile Safari/537.36 (compatible; Googlebot/2.1; +http://www.google.com/bot.html)"
66.249.65.165 - - [14/Jul/2025:13:05:39 +0000] "POST /get-message-notify HTTP/1.1" 200 19554 "https://alalamy.com.au/?k=7155832001900&mod=8763d72b&uri=category-info.php%3Fid%3D238979-57%26name%3Dconnect+bluetooth+headphones+to+mi+tv" "Mozilla/5.0 (Linux; Android 6.0.1; Nexus 5X Build/MMB29P) AppleWebKit/537.36 (KHTML, like Gecko) Chrome/137.0.7151.119 Mobile Safari/537.36 (compatible; Googlebot/2.1; +http://www.google.com/bot.html)"
216.73.216.203 - - [14/Jul/2025:13:05:41 +0000] "GET /shopbrand/42208456.htm HTTP/1.1" 404 20340 "-" "Mozilla/5.0 AppleWebKit/537.36 (KHTML, like Gecko; compatible; ClaudeBot/1.0; [email protected])"
66.249.65.165 - - [14/Jul/2025:13:05:42 +0000] "GET /?k=7022429121900&mod=156cc497&uri=us.php%3Fid%3D234526-396%26name%3Dpanier+de+basket+pour+maison HTTP/1.1" 200 19607 "-" "Mozilla/5.0 (Linux; Android 6.0.1; Nexus 5X Build/MMB29P) AppleWebKit/537.36 (KHTML, like Gecko) Chrome/137.0.7151.103 Mobile Safari/537.36 (compatible; Googlebot/2.1; +http://www.google.com/bot.html)"
216.73.216.203 - - [14/Jul/2025:13:05:43 +0000] "GET /shopbrand/42247658.htm HTTP/1.1" 404 20340 "-" "Mozilla/5.0 AppleWebKit/537.36 (KHTML, like Gecko; compatible; ClaudeBot/1.0; [email protected])"
66.249.65.165 - - [14/Jul/2025:13:05:45 +0000] "GET /shopbrand/212233266.htm HTTP/1.1" 200 18586 "-" "Mozilla/5.0 (Linux; Android 6.0.1; Nexus 5X Build/MMB29P) AppleWebKit/537.36 (KHTML, like Gecko) Chrome/137.0.7151.103 Mobile Safari/537.36 (compatible; GoogleOther)"
66.249.65.165 - - [14/Jul/2025:13:05:45 +0000] "GET /?k=6737769071900&mod=de3358ca&uri=goods.php%3Fid%3D225024-378%26name%3Dbassinet+in+flight+etihad HTTP/1.1" 200 19606 "-" "Mozilla/5.0 (Linux; Android 6.0.1; Nexus 5X Build/MMB29P) AppleWebKit/537.36 (KHTML, like Gecko) Chrome/137.0.7151.103 Mobile Safari/537.36 (compatible; Googlebot/2.1; +http://www.google.com/bot.html)"
66.249.65.165 - - [14/Jul/2025:13:05:46 +0000] "GET /?k=6760998021900&mod=b75fccec&uri=shared.php%3Fid%3D225800-233%26name%3Dpantalon+con+cierre+en+la+rodilla+hombre HTTP/1.1" 200 19659 "-" "Mozilla/5.0 (Linux; Android 6.0.1; Nexus 5X Build/MMB29P) AppleWebKit/537.36 (KHTML, like Gecko) Chrome/137.0.7151.103 Mobile Safari/537.36 (compatible; Googlebot/2.1; +http://www.google.com/bot.html)"
216.73.216.203 - - [14/Jul/2025:13:05:46 +0000] "GET /shopbrand/42182606.htm HTTP/1.1" 404 20340 "-" "Mozilla/5.0 AppleWebKit/537.36 (KHTML, like Gecko; compatible; ClaudeBot/1.0; [email protected])"
66.249.65.164 - - [14/Jul/2025:13:05:51 +0000] "GET /?k=6738842001900&mod=b75fccec&uri=dp.php%3Fid%3D225060-233%26name%3Dbob+abrigos HTTP/1.1" 200 19578 "-" "Mozilla/5.0 (Linux; Android 6.0.1; Nexus 5X Build/MMB29P) AppleWebKit/537.36 (KHTML, like Gecko) Chrome/137.0.7151.103 Mobile Safari/537.36 (compatible; Googlebot/2.1; +http://www.google.com/bot.html)"
66.249.65.164 - - [14/Jul/2025:13:05:55 +0000] "GET /?k=6738129041900&mod=b75fccec&uri=brands.php%3Fid%3D225036-233%26name%3Dcazadora+element+el+corte+ingles HTTP/1.1" 200 19648 "-" "Mozilla/5.0 (Linux; Android 6.0.1; Nexus 5X Build/MMB29P) AppleWebKit/537.36 (KHTML, like Gecko) Chrome/137.0.7151.103 Mobile Safari/537.36 (compatible; Googlebot/2.1; +http://www.google.com/bot.html)"
66.249.65.164 - - [14/Jul/2025:13:05:56 +0000] "POST /get-message-notify HTTP/1.1" 200 19554 "https://alalamy.com.au/?k=119847566061900&mod=41814002&uri=search.php%3Fid%3D3999676-321%26name%3Duntil+we+meet+again+cremation" "Mozilla/5.0 (Linux; Android 6.0.1; Nexus 5X Build/MMB29P) AppleWebKit/537.36 (KHTML, like Gecko) Chrome/137.0.7151.119 Mobile Safari/537.36 (compatible; Googlebot/2.1; +http://www.google.com/bot.html)"
66.249.65.165 - - [14/Jul/2025:13:05:56 +0000] "GET /shopbrand/212197257.htm HTTP/1.1" 200 18742 "-" "Mozilla/5.0 (Linux; Android 6.0.1; Nexus 5X Build/MMB29P) AppleWebKit/537.36 (KHTML, like Gecko) Chrome/137.0.7151.103 Mobile Safari/537.36 (compatible; GoogleOther)"
66.249.65.165 - - [14/Jul/2025:13:05:58 +0000] "GET /?k=7107705111900&mod=46489c17&uri=blog.php%3Fid%3D237373-44%26name%3D3d+fdm HTTP/1.1" 200 19573 "-" "Mozilla/5.0 (Linux; Android 6.0.1; Nexus 5X Build/MMB29P) AppleWebKit/537.36 (KHTML, like Gecko) Chrome/137.0.7151.103 Mobile Safari/537.36 (compatible; Googlebot/2.1; +http://www.google.com/bot.html)"
66.249.65.165 - - [14/Jul/2025:13:06:01 +0000] "POST /get-message-notify HTTP/1.1" 200 19554 "https://alalamy.com.au/shopbrand/212225754.htm" "Mozilla/5.0 (Linux; Android 6.0.1; Nexus 5X Build/MMB29P) AppleWebKit/537.36 (KHTML, like Gecko) Chrome/137.0.7151.119 Mobile Safari/537.36 (compatible; Googlebot/2.1; +http://www.google.com/bot.html)"
66.249.65.166 - - [14/Jul/2025:13:06:02 +0000] "GET /?k=7108755011900&mod=46489c17&uri=shop.php%3Fid%3D237408-44%26name%3Dt+shirt+damen+fila HTTP/1.1" 200 19591 "-" "Mozilla/5.0 (Linux; Android 6.0.1; Nexus 5X Build/MMB29P) AppleWebKit/537.36 (KHTML, like Gecko) Chrome/137.0.7151.103 Mobile Safari/537.36 (compatible; Googlebot/2.1; +http://www.google.com/bot.html)"
66.249.65.164 - - [14/Jul/2025:13:06:07 +0000] "GET /shopbrand/212165565.htm HTTP/1.1" 200 18924 "-" "Mozilla/5.0 (Linux; Android 6.0.1; Nexus 5X Build/MMB29P) AppleWebKit/537.36 (KHTML, like Gecko) Chrome/137.0.7151.103 Mobile Safari/537.36 (compatible; GoogleOther)"
66.249.65.164 - - [14/Jul/2025:13:06:11 +0000] "GET /?k=7103295061900&mod=539ef09c&uri=dp.php%3Fid%3D237226-397%26name%3Dflipside+slippers HTTP/1.1" 200 19588 "-" "Mozilla/5.0 (Linux; Android 6.0.1; Nexus 5X Build/MMB29P) AppleWebKit/537.36 (KHTML, like Gecko) Chrome/137.0.7151.103 Mobile Safari/537.36 (compatible; Googlebot/2.1; +http://www.google.com/bot.html)"
66.249.65.164 - - [14/Jul/2025:13:06:15 +0000] "GET /?k=26444695031900&mod=962ebbfe&uri=goods.php%3Fid%3D882605-394%26name%3Dtea+cup+and+saucer+teapot+set HTTP/1.1" 200 19647 "-" "Mozilla/5.0 (Linux; Android 6.0.1; Nexus 5X Build/MMB29P) AppleWebKit/537.36 (KHTML, like Gecko) Chrome/137.0.7151.103 Mobile Safari/537.36 (compatible; Googlebot/2.1; +http://www.google.com/bot.html)"
66.249.65.164 - - [14/Jul/2025:13:06:15 +0000] "POST /get-message-notify HTTP/1.1" 200 19554 "https://alalamy.com.au/?k=7024859031900&mod=156cc497&uri=category-info.php%3Fid%3D234607-396%26name%3Dsandales+gabor+2021" "Mozilla/5.0 (Linux; Android 6.0.1; Nexus 5X Build/MMB29P) AppleWebKit/537.36 (KHTML, like Gecko) Chrome/137.0.7151.119 Mobile Safari/537.36 (compatible; Googlebot/2.1; +http://www.google.com/bot.html)"
66.249.65.164 - - [14/Jul/2025:13:06:18 +0000] "GET /shopbrand/212567579.htm HTTP/1.1" 200 19548 "-" "Mozilla/5.0 (Linux; Android 6.0.1; Nexus 5X Build/MMB29P) AppleWebKit/537.36 (KHTML, like Gecko) Chrome/137.0.7151.103 Mobile Safari/537.36 (compatible; GoogleOther)"
66.249.65.164 - - [14/Jul/2025:13:06:18 +0000] "GET /?k=7101417011900&mod=539ef09c&uri=dp.php%3Fid%3D237163-397%26name%3Dshoes+for+navy+formal+dress HTTP/1.1" 200 19603 "-" "Mozilla/5.0 (Linux; Android 6.0.1; Nexus 5X Build/MMB29P) AppleWebKit/537.36 (KHTML, like Gecko) Chrome/137.0.7151.103 Mobile Safari/537.36 (compatible; Googlebot/2.1; +http://www.google.com/bot.html)"
66.249.65.164 - - [14/Jul/2025:13:06:19 +0000] "POST /get-message-notify HTTP/1.1" 200 19554 "https://alalamy.com.au/?k=119802952041900&mod=f9c1b5bf&uri=blog.php%3Fid%3D3998188-129%26name%3Dbattery+for+iphone+near+me" "Mozilla/5.0 (Linux; Android 6.0.1; Nexus 5X Build/MMB29P) AppleWebKit/537.36 (KHTML, like Gecko) Chrome/137.0.7151.119 Mobile Safari/537.36 (compatible; Googlebot/2.1; +http://www.google.com/bot.html)"
66.249.65.164 - - [14/Jul/2025:13:06:21 +0000] "GET /?k=7105605011900&mod=46489c17&uri=products.php%3Fid%3D237303-44%26name%3Dender+v2+filament HTTP/1.1" 200 19620 "-" "Mozilla/5.0 (Linux; Android 6.0.1; Nexus 5X Build/MMB29P) AppleWebKit/537.36 (KHTML, like Gecko) Chrome/137.0.7151.103 Mobile Safari/537.36 (compatible; Googlebot/2.1; +http://www.google.com/bot.html)"
66.249.65.164 - - [14/Jul/2025:13:06:21 +0000] "POST /get-message-notify HTTP/1.1" 200 19554 "https://alalamy.com.au/?k=119844686041900&mod=41814002&uri=brands.php%3Fid%3D3999580-321%26name%3Dperuvian+satin+guinea+pig" "Mozilla/5.0 (Linux; Android 6.0.1; Nexus 5X Build/MMB29P) AppleWebKit/537.36 (KHTML, like Gecko) Chrome/137.0.7151.119 Mobile Safari/537.36 (compatible; Googlebot/2.1; +http://www.google.com/bot.html)"
66.249.65.164 - - [14/Jul/2025:13:06:22 +0000] "POST /get-message-notify HTTP/1.1" 200 19554 "https://alalamy.com.au/?k=7107705111900&mod=46489c17&uri=blog.php%3Fid%3D237373-44%26name%3D3d+fdm" "Mozilla/5.0 (Linux; Android 6.0.1; Nexus 5X Build/MMB29P) AppleWebKit/537.36 (KHTML, like Gecko) Chrome/137.0.7151.119 Mobile Safari/537.36 (compatible; Googlebot/2.1; +http://www.google.com/bot.html)"
66.249.65.164 - - [14/Jul/2025:13:06:23 +0000] "GET /?k=51534638001900&mod=962ebbfe&uri=brands.php%3Fid%3D1719782-394%26name%3Dcoffee+pods+compatible+with+keurig+rivo HTTP/1.1" 200 19664 "-" "Mozilla/5.0 (Linux; Android 6.0.1; Nexus 5X Build/MMB29P) AppleWebKit/537.36 (KHTML, like Gecko) Chrome/137.0.7151.103 Mobile Safari/537.36 (compatible; Googlebot/2.1; +http://www.google.com/bot.html)"
66.249.65.164 - - [14/Jul/2025:13:06:23 +0000] "POST /get-message-notify HTTP/1.1" 200 19554 "https://alalamy.com.au/?k=5811338031900&mod=2b0c3bf2&uri=blog.php%3Fid%3D194065-337%26name%3Dhm+mallas+mujer" "Mozilla/5.0 (Linux; Android 6.0.1; Nexus 5X Build/MMB29P) AppleWebKit/537.36 (KHTML, like Gecko) Chrome/137.0.7151.119 Mobile Safari/537.36 (compatible; Googlebot/2.1; +http://www.google.com/bot.html)"
209.74.77.214 - - [14/Jul/2025:13:06:25 +0000] "POST /wp-cron.php?doing_wp_cron=1752498385.9338009357452392578125 HTTP/1.1" 200 - "-" "WordPress/6.8.1; https://alalamy.com.au"
216.73.216.203 - - [14/Jul/2025:13:06:25 +0000] "GET /shopbrand/42196790.htm HTTP/1.1" 404 20340 "-" "Mozilla/5.0 AppleWebKit/537.36 (KHTML, like Gecko; compatible; ClaudeBot/1.0; [email protected])"
66.249.65.165 - - [14/Jul/2025:13:06:27 +0000] "GET /?k=7099947071900&mod=539ef09c&uri=pin.php%3Fid%3D237114-397%26name%3Dno+flip+flops HTTP/1.1" 200 19586 "-" "Mozilla/5.0 (Linux; Android 6.0.1; Nexus 5X Build/MMB29P) AppleWebKit/537.36 (KHTML, like Gecko) Chrome/137.0.7151.103 Mobile Safari/537.36 (compatible; Googlebot/2.1; +http://www.google.com/bot.html)"
216.73.216.203 - - [14/Jul/2025:13:06:28 +0000] "GET /shopbrand/42207485.htm HTTP/1.1" 404 20340 "-" "Mozilla/5.0 AppleWebKit/537.36 (KHTML, like Gecko; compatible; ClaudeBot/1.0; [email protected])"
66.249.65.165 - - [14/Jul/2025:13:06:30 +0000] "GET /?k=82086407051900&mod=9bcdf808&uri=goods.php%3Fid%3D2739377-193%26name%3Dburberry+flagship HTTP/1.1" 200 19604 "-" "Mozilla/5.0 (Linux; Android 6.0.1; Nexus 5X Build/MMB29P) AppleWebKit/537.36 (KHTML, like Gecko) Chrome/137.0.7151.103 Mobile Safari/537.36 (compatible; Googlebot/2.1; +http://www.google.com/bot.html)"
209.74.77.214 - - [14/Jul/2025:13:06:32 +0000] "POST /wp-cron.php?doing_wp_cron=1752498392.1631400585174560546875 HTTP/1.1" 200 - "-" "WordPress/6.8.1; https://alalamy.com.au"
216.73.216.203 - - [14/Jul/2025:13:06:31 +0000] "GET /shopbrand/42195835.htm HTTP/1.1" 404 20340 "-" "Mozilla/5.0 AppleWebKit/537.36 (KHTML, like Gecko; compatible; ClaudeBot/1.0; [email protected])"
209.74.77.214 - - [14/Jul/2025:13:06:32 +0000] "POST /wp-admin/admin-ajax.php?action=async_litespeed&nonce=USXliGcoJlmHNAnfj38Oo8F8gm61qQM1&litespeed_type=imgoptm HTTP/1.1" 200 21 "-" "WordPress/6.8.1; https://alalamy.com.au"
66.249.65.164 - - [14/Jul/2025:13:06:34 +0000] "POST /get-message-notify HTTP/1.1" 200 19554 "https://alalamy.com.au/?k=7162312051900&mod=4d383d5c&uri=category-info.php%3Fid%3D239195-234%26name%3Dherren+winterjacken+g%C3%83%C2%BCnstig" "Mozilla/5.0 (Linux; Android 6.0.1; Nexus 5X Build/MMB29P) AppleWebKit/537.36 (KHTML, like Gecko) Chrome/137.0.7151.119 Mobile Safari/537.36 (compatible; Googlebot/2.1; +http://www.google.com/bot.html)"
209.74.77.214 - - [14/Jul/2025:13:06:34 +0000] "POST /wp-cron.php?doing_wp_cron=1752498394.8344058990478515625000 HTTP/1.1" 200 - "-" "WordPress/6.8.1; https://alalamy.com.au"
216.73.216.203 - - [14/Jul/2025:13:06:34 +0000] "GET /shopbrand/42259874.htm HTTP/1.1" 404 20340 "-" "Mozilla/5.0 AppleWebKit/537.36 (KHTML, like Gecko; compatible; ClaudeBot/1.0; [email protected])"
66.249.65.164 - - [14/Jul/2025:13:06:37 +0000] "GET /?k=82086677031900&mod=9bcdf808&uri=news.php%3Fid%3D2739386-193%26name%3Dburberry+sunglasses+case+black HTTP/1.1" 200 19620 "-" "Mozilla/5.0 (Linux; Android 6.0.1; Nexus 5X Build/MMB29P) AppleWebKit/537.36 (KHTML, like Gecko) Chrome/137.0.7151.103 Mobile Safari/537.36 (compatible; Googlebot/2.1; +http://www.google.com/bot.html)"
216.73.216.203 - - [14/Jul/2025:13:06:37 +0000] "GET /shopbrand/42285891.htm HTTP/1.1" 404 20340 "-" "Mozilla/5.0 AppleWebKit/537.36 (KHTML, like Gecko; compatible; ClaudeBot/1.0; [email protected])"
66.249.65.165 - - [14/Jul/2025:13:06:39 +0000] "GET /shopbrand/212232295.htm HTTP/1.1" 200 19348 "-" "Mozilla/5.0 (Linux; Android 6.0.1; Nexus 5X Build/MMB29P) AppleWebKit/537.36 (KHTML, like Gecko) Chrome/137.0.7151.103 Mobile Safari/537.36 (compatible; GoogleOther)"
216.73.216.203 - - [14/Jul/2025:13:06:41 +0000] "GET /shopbrand/42184715.htm HTTP/1.1" 404 20340 "-" "Mozilla/5.0 AppleWebKit/537.36 (KHTML, like Gecko; compatible; ClaudeBot/1.0; [email protected])"
66.249.65.165 - - [14/Jul/2025:13:06:41 +0000] "GET /?k=82083167011900&mod=6b7d24fd&uri=news.php%3Fid%3D2739269-195%26name%3Dchampion+basic+tee HTTP/1.1" 200 19601 "-" "Mozilla/5.0 (Linux; Android 6.0.1; Nexus 5X Build/MMB29P) AppleWebKit/537.36 (KHTML, like Gecko) Chrome/137.0.7151.103 Mobile Safari/537.36 (compatible; Googlebot/2.1; +http://www.google.com/bot.html)"
216.73.216.203 - - [14/Jul/2025:13:06:43 +0000] "GET /shopbrand/42231121.htm HTTP/1.1" 404 20340 "-" "Mozilla/5.0 AppleWebKit/537.36 (KHTML, like Gecko; compatible; ClaudeBot/1.0; [email protected])"
66.249.65.165 - - [14/Jul/2025:13:06:44 +0000] "GET /?k=82082627071900&mod=798e5a5d&uri=dp.php%3Fid%3D2739251-197%26name%3Dthigh+high+sock+leggings HTTP/1.1" 200 19598 "-" "Mozilla/5.0 (Linux; Android 6.0.1; Nexus 5X Build/MMB29P) AppleWebKit/537.36 (KHTML, like Gecko) Chrome/137.0.7151.103 Mobile Safari/537.36 (compatible; Googlebot/2.1; +http://www.google.com/bot.html)"
66.249.65.164 - - [14/Jul/2025:13:06:48 +0000] "GET /?k=82081817041900&mod=6b7d24fd&uri=products.php%3Fid%3D2739224-195%26name%3Dchampion+men%27s+crew+socks HTTP/1.1" 200 19649 "-" "Mozilla/5.0 (Linux; Android 6.0.1; Nexus 5X Build/MMB29P) AppleWebKit/537.36 (KHTML, like Gecko) Chrome/137.0.7151.103 Mobile Safari/537.36 (compatible; Googlebot/2.1; +http://www.google.com/bot.html)"
66.249.65.165 - - [14/Jul/2025:13:06:50 +0000] "GET /shopbrand/212223814.htm HTTP/1.1" 200 19222 "-" "Mozilla/5.0 (Linux; Android 6.0.1; Nexus 5X Build/MMB29P) AppleWebKit/537.36 (KHTML, like Gecko) Chrome/137.0.7151.103 Mobile Safari/537.36 (compatible; GoogleOther)"
66.249.65.165 - - [14/Jul/2025:13:06:55 +0000] "GET /?k=82099637001900&mod=6b7d24fd&uri=blog.php%3Fid%3D2739818-195%26name%3Dmacys+kids+champion HTTP/1.1" 200 19603 "-" "Mozilla/5.0 (Linux; Android 6.0.1; Nexus 5X Build/MMB29P) AppleWebKit/537.36 (KHTML, like Gecko) Chrome/137.0.7151.103 Mobile Safari/537.36 (compatible; Googlebot/2.1; +http://www.google.com/bot.html)"
66.249.65.165 - - [14/Jul/2025:13:06:59 +0000] "GET /?k=82083707141900&mod=798e5a5d&uri=us.php%3Fid%3D2739287-197%26name%3Dbaby+pink+leggings+and+matching+kurtis HTTP/1.1" 200 19627 "-" "Mozilla/5.0 (Linux; Android 6.0.1; Nexus 5X Build/MMB29P) AppleWebKit/537.36 (KHTML, like Gecko) Chrome/137.0.7151.103 Mobile Safari/537.36 (compatible; Googlebot/2.1; +http://www.google.com/bot.html)"
66.249.65.164 - - [14/Jul/2025:13:07:01 +0000] "GET /shopbrand/212160960.htm HTTP/1.1" 200 18732 "-" "Mozilla/5.0 (Linux; Android 6.0.1; Nexus 5X Build/MMB29P) AppleWebKit/537.36 (KHTML, like Gecko) Chrome/137.0.7151.103 Mobile Safari/537.36 (compatible; GoogleOther)"
66.249.65.164 - - [14/Jul/2025:13:07:01 +0000] "POST /get-message-notify HTTP/1.1" 200 19554 "https://alalamy.com.au/?k=6738842001900&mod=b75fccec&uri=dp.php%3Fid%3D225060-233%26name%3Dbob+abrigos" "Mozilla/5.0 (Linux; Android 6.0.1; Nexus 5X Build/MMB29P) AppleWebKit/537.36 (KHTML, like Gecko) Chrome/137.0.7151.119 Mobile Safari/537.36 (compatible; Googlebot/2.1; +http://www.google.com/bot.html)"
66.249.65.164 - - [14/Jul/2025:13:07:02 +0000] "GET /?k=82084517061900&mod=9bcdf808&uri=shared.php%3Fid%3D2739314-193%26name%3Dburberry+xl+size HTTP/1.1" 200 19604 "-" "Mozilla/5.0 (Linux; Android 6.0.1; Nexus 5X Build/MMB29P) AppleWebKit/537.36 (KHTML, like Gecko) Chrome/137.0.7151.103 Mobile Safari/537.36 (compatible; Googlebot/2.1; +http://www.google.com/bot.html)"
66.249.65.165 - - [14/Jul/2025:13:07:02 +0000] "GET /?k=7018679091900&mod=3d1327c1&uri=dp.php%3Fid%3D234401-395%26name%3Dveste+ikks+cuir HTTP/1.1" 200 19589 "-" "Mozilla/5.0 (Linux; Android 6.0.1; Nexus 5X Build/MMB29P) AppleWebKit/537.36 (KHTML, like Gecko) Chrome/137.0.7151.103 Mobile Safari/537.36 (compatible; Googlebot/2.1; +http://www.google.com/bot.html)"
66.249.65.164 - - [14/Jul/2025:13:07:06 +0000] "GET /?k=82085867111900&mod=9bcdf808&uri=search.php%3Fid%3D2739359-193%26name%3Dburberry+clearfork HTTP/1.1" 200 19599 "-" "Mozilla/5.0 (Linux; Android 6.0.1; Nexus 5X Build/MMB29P) AppleWebKit/537.36 (KHTML, like Gecko) Chrome/137.0.7151.103 Mobile Safari/537.36 (compatible; Googlebot/2.1; +http://www.google.com/bot.html)"
66.249.65.164 - - [14/Jul/2025:13:07:10 +0000] "GET /?k=82098827031900&mod=9bcdf808&uri=us.php%3Fid%3D2739791-193%26name%3Dburberry+a HTTP/1.1" 200 19582 "-" "Mozilla/5.0 (Linux; Android 6.0.1; Nexus 5X Build/MMB29P) AppleWebKit/537.36 (KHTML, like Gecko) Chrome/137.0.7151.103 Mobile Safari/537.36 (compatible; Googlebot/2.1; +http://www.google.com/bot.html)"
66.249.65.164 - - [14/Jul/2025:13:07:11 +0000] "GET /shopbrand/212151947.htm HTTP/1.1" 200 20408 "-" "Mozilla/5.0 (Linux; Android 6.0.1; Nexus 5X Build/MMB29P) AppleWebKit/537.36 (KHTML, like Gecko) Chrome/137.0.7151.103 Mobile Safari/537.36 (compatible; GoogleOther)"
216.73.216.203 - - [14/Jul/2025:13:07:12 +0000] "GET /shopbrand/42176359.htm HTTP/1.1" 404 20339 "-" "Mozilla/5.0 AppleWebKit/537.36 (KHTML, like Gecko; compatible; ClaudeBot/1.0; [email protected])"
66.249.65.164 - - [14/Jul/2025:13:07:13 +0000] "GET /?k=82097747021900&mod=9bcdf808&uri=info.php%3Fid%3D2739755-193%26name%3Dburberry+marina+mall HTTP/1.1" 200 19602 "-" "Mozilla/5.0 (Linux; Android 6.0.1; Nexus 5X Build/MMB29P) AppleWebKit/537.36 (KHTML, like Gecko) Chrome/137.0.7151.103 Mobile Safari/537.36 (compatible; Googlebot/2.1; +http://www.google.com/bot.html)"
216.73.216.203 - - [14/Jul/2025:13:07:15 +0000] "GET /shopbrand/42265875.htm HTTP/1.1" 404 20339 "-" "Mozilla/5.0 AppleWebKit/537.36 (KHTML, like Gecko; compatible; ClaudeBot/1.0; [email protected])"
209.74.77.214 - - [14/Jul/2025:13:07:18 +0000] "POST /wp-cron.php?doing_wp_cron=1752498438.5489690303802490234375 HTTP/1.1" 200 - "-" "WordPress/6.8.1; https://alalamy.com.au"
216.73.216.203 - - [14/Jul/2025:13:07:18 +0000] "GET /shopbrand/42252231.htm HTTP/1.1" 404 20339 "-" "Mozilla/5.0 AppleWebKit/537.36 (KHTML, like Gecko; compatible; ClaudeBot/1.0; [email protected])"
66.249.65.164 - - [14/Jul/2025:13:07:19 +0000] "GET /?k=119839556051900&mod=34a95ac7&uri=brands.php%3Fid%3D3999409-323%26name%3Dyeti+flaskap HTTP/1.1" 200 19628 "-" "Mozilla/5.0 (Linux; Android 6.0.1; Nexus 5X Build/MMB29P) AppleWebKit/537.36 (KHTML, like Gecko) Chrome/137.0.7151.103 Mobile Safari/537.36 (compatible; Googlebot/2.1; +http://www.google.com/bot.html)"
216.73.216.203 - - [14/Jul/2025:13:07:21 +0000] "GET /shopbrand/42269600.htm HTTP/1.1" 404 20339 "-" "Mozilla/5.0 AppleWebKit/537.36 (KHTML, like Gecko; compatible; ClaudeBot/1.0; [email protected])"
66.249.65.164 - - [14/Jul/2025:13:07:22 +0000] "GET /?k=82084247021900&mod=ff091855&uri=form.php%3Fid%3D2739305-1514%26name%3Dmaxi+cosi+adorra+black HTTP/1.1" 200 19609 "-" "Mozilla/5.0 (Linux; Android 6.0.1; Nexus 5X Build/MMB29P) AppleWebKit/537.36 (KHTML, like Gecko) Chrome/137.0.7151.103 Mobile Safari/537.36 (compatible; Googlebot/2.1; +http://www.google.com/bot.html)"
66.249.65.164 - - [14/Jul/2025:13:07:22 +0000] "GET /shopbrand/212215631.htm HTTP/1.1" 200 19013 "-" "Mozilla/5.0 (Linux; Android 6.0.1; Nexus 5X Build/MMB29P) AppleWebKit/537.36 (KHTML, like Gecko) Chrome/137.0.7151.103 Mobile Safari/537.36 (compatible; GoogleOther)"
66.249.65.164 - - [14/Jul/2025:13:07:24 +0000] "GET /?k=8359001001900&mod=0afe1037&uri=itm.php%3Fid%3D279138-345%26name%3Dbatas+de+estar+por+casa+corte+ingles HTTP/1.1" 200 19615 "-" "Mozilla/5.0 (Linux; Android 6.0.1; Nexus 5X Build/MMB29P) AppleWebKit/537.36 (KHTML, like Gecko) Chrome/137.0.7151.103 Mobile Safari/537.36 (compatible; Googlebot/2.1; +http://www.google.com/bot.html)"
216.73.216.203 - - [14/Jul/2025:13:07:24 +0000] "GET /shopbrand/42201653.htm HTTP/1.1" 404 20339 "-" "Mozilla/5.0 AppleWebKit/537.36 (KHTML, like Gecko; compatible; ClaudeBot/1.0; [email protected])"
52.167.144.174 - - [14/Jul/2025:13:07:25 +0000] "GET /books.html HTTP/1.1" 200 19690 "-" "Mozilla/5.0 AppleWebKit/537.36 (KHTML, like Gecko; compatible; bingbot/2.0; +http://www.bing.com/bingbot.htm) Chrome/116.0.1938.76 Safari/537.36"
216.73.216.203 - - [14/Jul/2025:13:07:28 +0000] "GET /shopbrand/42276570.htm HTTP/1.1" 404 20339 "-" "Mozilla/5.0 AppleWebKit/537.36 (KHTML, like Gecko; compatible; ClaudeBot/1.0; [email protected])"
66.249.65.164 - - [14/Jul/2025:13:07:29 +0000] "GET /?k=52690459111900&mod=0afe1037&uri=article.php%3Fid%3D1758332-345%26name%3Dpantalon+warm+mango HTTP/1.1" 200 19635 "-" "Mozilla/5.0 (Linux; Android 6.0.1; Nexus 5X Build/MMB29P) AppleWebKit/537.36 (KHTML, like Gecko) Chrome/137.0.7151.103 Mobile Safari/537.36 (compatible; Googlebot/2.1; +http://www.google.com/bot.html)"
216.73.216.203 - - [14/Jul/2025:13:07:30 +0000] "GET /shopbrand/42185926.htm HTTP/1.1" 404 20339 "-" "Mozilla/5.0 AppleWebKit/537.36 (KHTML, like Gecko; compatible; ClaudeBot/1.0; [email protected])"
66.249.65.164 - - [14/Jul/2025:13:07:32 +0000] "GET /?k=6569665061900&mod=0afe1037&uri=us.php%3Fid%3D219419-345%26name%3Dsudadera+kappa+hombre+azul HTTP/1.1" 200 19601 "-" "Mozilla/5.0 (Linux; Android 6.0.1; Nexus 5X Build/MMB29P) AppleWebKit/537.36 (KHTML, like Gecko) Chrome/137.0.7151.103 Mobile Safari/537.36 (compatible; Googlebot/2.1; +http://www.google.com/bot.html)"
66.249.65.164 - - [14/Jul/2025:13:07:33 +0000] "POST /get-message-notify HTTP/1.1" 200 19554 "https://alalamy.com.au/?k=82097207141900&mod=798e5a5d&uri=dp.php%3Fid%3D2739737-197%26name%3Dsupport+thigh+highs" "Mozilla/5.0 (Linux; Android 6.0.1; Nexus 5X Build/MMB29P) AppleWebKit/537.36 (KHTML, like Gecko) Chrome/137.0.7151.119 Mobile Safari/537.36 (compatible; Googlebot/2.1; +http://www.google.com/bot.html)"
66.249.65.164 - - [14/Jul/2025:13:07:33 +0000] "GET /shopbrand/212217972.htm HTTP/1.1" 200 18983 "-" "Mozilla/5.0 (Linux; Android 6.0.1; Nexus 5X Build/MMB29P) AppleWebKit/537.36 (KHTML, like Gecko) Chrome/137.0.7151.103 Mobile Safari/537.36 (compatible; GoogleOther)"
66.249.65.165 - - [14/Jul/2025:13:07:34 +0000] "GET /?k=52674025031900&mod=0afe1037&uri=shop.php%3Fid%3D1757784-345%26name%3Dzara+online+espa%C3%83%C2%B1a+ni%C3%83%C2%B1as HTTP/1.1" 200 19661 "-" "Mozilla/5.0 (Linux; Android 6.0.1; Nexus 5X Build/MMB29P) AppleWebKit/537.36 (KHTML, like Gecko) Chrome/137.0.7151.103 Mobile Safari/537.36 (compatible; Googlebot/2.1; +http://www.google.com/bot.html)"
