66.249.65.164 - - [14/Jul/2025:16:49:40 +0000] "GET /?k=7047536021900&mod=cb826161&uri=products.php?kaden.html HTTP/1.1" 200 19018 "-" "Mozilla/5.0 (Linux; Android 6.0.1; Nexus 5X Build/MMB29P) AppleWebKit/537.36 (KHTML, like Gecko) Chrome/137.0.7151.103 Mobile Safari/537.36 (compatible; Googlebot/2.1; +http://www.google.com/bot.html)"
66.249.65.164 - - [14/Jul/2025:16:49:46 +0000] "POST /get-message-notify HTTP/1.1" 200 19554 "https://alalamy.com.au/?k=7047536021900&mod=cb826161&uri=products.php?kaden.html" "Mozilla/5.0 (Linux; Android 6.0.1; Nexus 5X Build/MMB29P) AppleWebKit/537.36 (KHTML, like Gecko) Chrome/137.0.7151.119 Mobile Safari/537.36 (compatible; Googlebot/2.1; +http://www.google.com/bot.html)"
66.249.65.164 - - [14/Jul/2025:16:49:53 +0000] "GET /?k=6405176011900&mod=55e58848&uri=shared.php%3Fid%3D213935-183%26name%3Dkarizma+bike+2012 HTTP/1.1" 200 19598 "-" "Mozilla/5.0 (Linux; Android 6.0.1; Nexus 5X Build/MMB29P) AppleWebKit/537.36 (KHTML, like Gecko) Chrome/137.0.7151.103 Mobile Safari/537.36 (compatible; Googlebot/2.1; +http://www.google.com/bot.html)"
66.249.65.164 - - [14/Jul/2025:16:49:58 +0000] "GET /?k=119836230031900&mod=41814002&uri=product.php?shopbrand/246447.htm HTTP/1.1" 200 19002 "-" "Mozilla/5.0 (Linux; Android 6.0.1; Nexus 5X Build/MMB29P) AppleWebKit/537.36 (KHTML, like Gecko) Chrome/137.0.7151.103 Mobile Safari/537.36 (compatible; Googlebot/2.1; +http://www.google.com/bot.html)"
66.249.65.165 - - [14/Jul/2025:16:50:16 +0000] "GET /?k=82098287051900&mod=9bcdf808&uri=search.php?shopbrand/252025.htm HTTP/1.1" 200 19334 "-" "Mozilla/5.0 (Linux; Android 6.0.1; Nexus 5X Build/MMB29P) AppleWebKit/537.36 (KHTML, like Gecko) Chrome/137.0.7151.103 Mobile Safari/537.36 (compatible; Googlebot/2.1; +http://www.google.com/bot.html)"
66.249.65.165 - - [14/Jul/2025:16:50:28 +0000] "POST /get-message-notify HTTP/1.1" 200 19554 "https://alalamy.com.au/?k=119836230031900&mod=41814002&uri=product.php?shopbrand/246447.htm" "Mozilla/5.0 (Linux; Android 6.0.1; Nexus 5X Build/MMB29P) AppleWebKit/537.36 (KHTML, like Gecko) Chrome/137.0.7151.119 Mobile Safari/537.36 (compatible; Googlebot/2.1; +http://www.google.com/bot.html)"
66.249.65.164 - - [14/Jul/2025:16:50:34 +0000] "GET /?k=119836230031900&mod=41814002&uri=product.php?shopbrand/250482.htm HTTP/1.1" 200 19410 "-" "Mozilla/5.0 (Linux; Android 6.0.1; Nexus 5X Build/MMB29P) AppleWebKit/537.36 (KHTML, like Gecko) Chrome/137.0.7151.103 Mobile Safari/537.36 (compatible; Googlebot/2.1; +http://www.google.com/bot.html)"
66.249.65.164 - - [14/Jul/2025:16:50:35 +0000] "GET /?k=119836230031900&mod=41814002&uri=product.php?shopbrand/245194.htm HTTP/1.1" 200 19167 "-" "Mozilla/5.0 (Linux; Android 6.0.1; Nexus 5X Build/MMB29P) AppleWebKit/537.36 (KHTML, like Gecko) Chrome/137.0.7151.103 Mobile Safari/537.36 (compatible; Googlebot/2.1; +http://www.google.com/bot.html)"
66.249.65.164 - - [14/Jul/2025:16:50:56 +0000] "POST /get-message-notify HTTP/1.1" 200 19554 "https://alalamy.com.au/?k=7149895021900&mod=8763d72b&uri=products.php?shopbrand/245768.htm" "Mozilla/5.0 (Linux; Android 6.0.1; Nexus 5X Build/MMB29P) AppleWebKit/537.36 (KHTML, like Gecko) Chrome/137.0.7151.119 Mobile Safari/537.36 (compatible; Googlebot/2.1; +http://www.google.com/bot.html)"
66.249.65.164 - - [14/Jul/2025:16:50:59 +0000] "GET /?k=6389996071900&mod=4e17fdfe&uri=products.php%3Fid%3D213429-363%26name%3Dbrownish+gemstone HTTP/1.1" 200 19627 "-" "Mozilla/5.0 (Linux; Android 6.0.1; Nexus 5X Build/MMB29P) AppleWebKit/537.36 (KHTML, like Gecko) Chrome/137.0.7151.103 Mobile Safari/537.36 (compatible; Googlebot/2.1; +http://www.google.com/bot.html)"
66.249.65.164 - - [14/Jul/2025:16:51:11 +0000] "GET /?k=7328389111900&mod=c242ee43&uri=itm.php?shopbrand/247958.htm HTTP/1.1" 200 20180 "-" "Mozilla/5.0 (Linux; Android 6.0.1; Nexus 5X Build/MMB29P) AppleWebKit/537.36 (KHTML, like Gecko) Chrome/137.0.7151.103 Mobile Safari/537.36 (compatible; Googlebot/2.1; +http://www.google.com/bot.html)"
66.249.65.164 - - [14/Jul/2025:16:51:20 +0000] "GET /?k=7047536021900&mod=cb826161&uri=products.php?toreka/goods_menu.html HTTP/1.1" 200 20206 "-" "Mozilla/5.0 (Linux; Android 6.0.1; Nexus 5X Build/MMB29P) AppleWebKit/537.36 (KHTML, like Gecko) Chrome/137.0.7151.103 Mobile Safari/537.36 (compatible; Googlebot/2.1; +http://www.google.com/bot.html)"
66.249.65.164 - - [14/Jul/2025:16:51:38 +0000] "GET /?k=119836230031900&mod=41814002&uri=product.php?shopbrand/248117.htm HTTP/1.1" 200 20949 "-" "Mozilla/5.0 (Linux; Android 6.0.1; Nexus 5X Build/MMB29P) AppleWebKit/537.36 (KHTML, like Gecko) Chrome/137.0.7151.103 Mobile Safari/537.36 (compatible; Googlebot/2.1; +http://www.google.com/bot.html)"
66.249.65.164 - - [14/Jul/2025:16:51:52 +0000] "GET /?k=6857064051900&mod=365adce6&uri=pin.php%3Fid%3D229007-385%26name%3Damazfit+bip+vs+xiaomi+mi+band HTTP/1.1" 200 19615 "-" "Mozilla/5.0 (Linux; Android 6.0.1; Nexus 5X Build/MMB29P) AppleWebKit/537.36 (KHTML, like Gecko) Chrome/137.0.7151.103 Mobile Safari/537.36 (compatible; Googlebot/2.1; +http://www.google.com/bot.html)"
66.249.65.164 - - [14/Jul/2025:16:51:57 +0000] "GET /?k=119836230031900&mod=41814002&uri=product.php?shopbrand/242714.htm HTTP/1.1" 200 20488 "-" "Mozilla/5.0 (Linux; Android 6.0.1; Nexus 5X Build/MMB29P) AppleWebKit/537.36 (KHTML, like Gecko) Chrome/137.0.7151.103 Mobile Safari/537.36 (compatible; Googlebot/2.1; +http://www.google.com/bot.html)"
66.249.65.164 - - [14/Jul/2025:16:52:00 +0000] "POST /get-message-notify HTTP/1.1" 200 19554 "https://alalamy.com.au/?k=119836230031900&mod=41814002&uri=product.php?shopbrand/248117.htm" "Mozilla/5.0 (Linux; Android 6.0.1; Nexus 5X Build/MMB29P) AppleWebKit/537.36 (KHTML, like Gecko) Chrome/137.0.7151.119 Mobile Safari/537.36 (compatible; Googlebot/2.1; +http://www.google.com/bot.html)"
66.249.65.164 - - [14/Jul/2025:16:52:00 +0000] "POST /get-message-notify HTTP/1.1" 200 19554 "https://alalamy.com.au/?k=119836230031900&mod=41814002&uri=product.php?shopbrand/242714.htm" "Mozilla/5.0 (Linux; Android 6.0.1; Nexus 5X Build/MMB29P) AppleWebKit/537.36 (KHTML, like Gecko) Chrome/137.0.7151.119 Mobile Safari/537.36 (compatible; Googlebot/2.1; +http://www.google.com/bot.html)"
66.249.65.164 - - [14/Jul/2025:16:52:03 +0000] "GET /shopbrand/212780104.htm HTTP/1.1" 200 19590 "-" "Mozilla/5.0 (Linux; Android 6.0.1; Nexus 5X Build/MMB29P) AppleWebKit/537.36 (KHTML, like Gecko) Chrome/137.0.7151.103 Mobile Safari/537.36 (compatible; GoogleOther)"
66.249.65.164 - - [14/Jul/2025:16:52:07 +0000] "GET /?k=7328389111900&mod=c242ee43&uri=itm.php?feature/shoplist/index.html HTTP/1.1" 200 20984 "-" "Mozilla/5.0 (Linux; Android 6.0.1; Nexus 5X Build/MMB29P) AppleWebKit/537.36 (KHTML, like Gecko) Chrome/137.0.7151.103 Mobile Safari/537.36 (compatible; Googlebot/2.1; +http://www.google.com/bot.html)"
66.249.65.164 - - [14/Jul/2025:16:52:08 +0000] "GET /?k=82098287051900&mod=9bcdf808&uri=search.php?shopbrand/245194.htm HTTP/1.1" 200 19164 "-" "Mozilla/5.0 (Linux; Android 6.0.1; Nexus 5X Build/MMB29P) AppleWebKit/537.36 (KHTML, like Gecko) Chrome/137.0.7151.103 Mobile Safari/537.36 (compatible; Googlebot/2.1; +http://www.google.com/bot.html)"
66.249.65.164 - - [14/Jul/2025:16:52:10 +0000] "POST /get-message-notify HTTP/1.1" 200 19554 "https://alalamy.com.au/?k=7328389111900&mod=c242ee43&uri=itm.php?feature/shoplist/index.html" "Mozilla/5.0 (Linux; Android 6.0.1; Nexus 5X Build/MMB29P) AppleWebKit/537.36 (KHTML, like Gecko) Chrome/137.0.7151.119 Mobile Safari/537.36 (compatible; Googlebot/2.1; +http://www.google.com/bot.html)"
66.249.65.164 - - [14/Jul/2025:16:52:27 +0000] "GET /?k=7047536021900&mod=cb826161&uri=products.php?shopbrand/241743.htm HTTP/1.1" 200 19296 "-" "Mozilla/5.0 (Linux; Android 6.0.1; Nexus 5X Build/MMB29P) AppleWebKit/537.36 (KHTML, like Gecko) Chrome/137.0.7151.103 Mobile Safari/537.36 (compatible; Googlebot/2.1; +http://www.google.com/bot.html)"
66.249.65.164 - - [14/Jul/2025:16:52:51 +0000] "GET /?k=82098287051900&mod=9bcdf808&uri=search.php?boyslove.html HTTP/1.1" 200 20503 "-" "Mozilla/5.0 (Linux; Android 6.0.1; Nexus 5X Build/MMB29P) AppleWebKit/537.36 (KHTML, like Gecko) Chrome/137.0.7151.103 Mobile Safari/537.36 (compatible; Googlebot/2.1; +http://www.google.com/bot.html)"
66.249.65.164 - - [14/Jul/2025:16:52:51 +0000] "GET /?k=119848466061900&mod=34a95ac7&uri=info.php?shopbrand/252821.htm HTTP/1.1" 200 19397 "-" "Mozilla/5.0 (Linux; Android 6.0.1; Nexus 5X Build/MMB29P) AppleWebKit/537.36 (KHTML, like Gecko) Chrome/137.0.7151.103 Mobile Safari/537.36 (compatible; Googlebot/2.1; +http://www.google.com/bot.html)"
66.249.65.166 - - [14/Jul/2025:16:53:04 +0000] "GET /?k=119836230031900&mod=41814002&uri=product.php?shopbrand/244523.htm HTTP/1.1" 200 19074 "-" "Mozilla/5.0 (Linux; Android 6.0.1; Nexus 5X Build/MMB29P) AppleWebKit/537.36 (KHTML, like Gecko) Chrome/137.0.7151.103 Mobile Safari/537.36 (compatible; Googlebot/2.1; +http://www.google.com/bot.html)"
66.249.65.165 - - [14/Jul/2025:16:53:31 +0000] "POST /get-message-notify HTTP/1.1" 200 19554 "https://alalamy.com.au/shopbrand/212780104.htm" "Mozilla/5.0 (Linux; Android 6.0.1; Nexus 5X Build/MMB29P) AppleWebKit/537.36 (KHTML, like Gecko) Chrome/137.0.7151.119 Mobile Safari/537.36 (compatible; Googlebot/2.1; +http://www.google.com/bot.html)"
66.249.65.164 - - [14/Jul/2025:16:53:43 +0000] "GET /?k=82095317061900&mod=9bcdf808&uri=brands.php?shopbrand/251012.htm HTTP/1.1" 200 19353 "-" "Mozilla/5.0 (Linux; Android 6.0.1; Nexus 5X Build/MMB29P) AppleWebKit/537.36 (KHTML, like Gecko) Chrome/137.0.7151.103 Mobile Safari/537.36 (compatible; Googlebot/2.1; +http://www.google.com/bot.html)"
66.249.65.164 - - [14/Jul/2025:16:53:44 +0000] "GET /?k=37628766031900&mod=edbe13ca&uri=blog.php%3Fid%3D1255885-1120%26name%3Dadidas+store+bari HTTP/1.1" 200 19599 "-" "Mozilla/5.0 (Linux; Android 6.0.1; Nexus 5X Build/MMB29P) AppleWebKit/537.36 (KHTML, like Gecko) Chrome/137.0.7151.103 Mobile Safari/537.36 (compatible; Googlebot/2.1; +http://www.google.com/bot.html)"
66.249.65.166 - - [14/Jul/2025:16:54:04 +0000] "GET /?k=82098287051900&mod=9bcdf808&uri=search.php?shopbrand/250897.htm HTTP/1.1" 200 20950 "-" "Mozilla/5.0 (Linux; Android 6.0.1; Nexus 5X Build/MMB29P) AppleWebKit/537.36 (KHTML, like Gecko) Chrome/137.0.7151.103 Mobile Safari/537.36 (compatible; Googlebot/2.1; +http://www.google.com/bot.html)"
66.249.65.164 - - [14/Jul/2025:16:54:19 +0000] "GET /?k=7047536021900&mod=cb826161&uri=products.php?shopbrand/251012.htm HTTP/1.1" 200 19348 "-" "Mozilla/5.0 (Linux; Android 6.0.1; Nexus 5X Build/MMB29P) AppleWebKit/537.36 (KHTML, like Gecko) Chrome/137.0.7151.103 Mobile Safari/537.36 (compatible; Googlebot/2.1; +http://www.google.com/bot.html)"
66.249.65.164 - - [14/Jul/2025:16:54:45 +0000] "GET /?k=119836230031900&mod=41814002&uri=product.php?shopbrand/244223.htm HTTP/1.1" 200 21487 "-" "Mozilla/5.0 (Linux; Android 6.0.1; Nexus 5X Build/MMB29P) AppleWebKit/537.36 (KHTML, like Gecko) Chrome/137.0.7151.103 Mobile Safari/537.36 (compatible; Googlebot/2.1; +http://www.google.com/bot.html)"
66.249.65.164 - - [14/Jul/2025:16:54:56 +0000] "GET /?k=119836230031900&mod=41814002&uri=product.php?shopbrand/248415.htm HTTP/1.1" 200 19000 "-" "Mozilla/5.0 (Linux; Android 6.0.1; Nexus 5X Build/MMB29P) AppleWebKit/537.36 (KHTML, like Gecko) Chrome/137.0.7151.103 Mobile Safari/537.36 (compatible; Googlebot/2.1; +http://www.google.com/bot.html)"
66.249.65.164 - - [14/Jul/2025:16:55:17 +0000] "GET /?k=119848466061900&mod=34a95ac7&uri=info.php?shopbrand/252547.htm HTTP/1.1" 200 19857 "-" "Mozilla/5.0 (Linux; Android 6.0.1; Nexus 5X Build/MMB29P) AppleWebKit/537.36 (KHTML, like Gecko) Chrome/137.0.7151.103 Mobile Safari/537.36 (compatible; Googlebot/2.1; +http://www.google.com/bot.html)"
66.249.65.165 - - [14/Jul/2025:16:56:05 +0000] "GET /?k=4507021001900&mod=72417e4a&uri=dp.php%3Fid%3D150430-269%26name%3Dzorki+camera HTTP/1.1" 200 19578 "-" "Mozilla/5.0 (Linux; Android 6.0.1; Nexus 5X Build/MMB29P) AppleWebKit/537.36 (KHTML, like Gecko) Chrome/137.0.7151.103 Mobile Safari/537.36 (compatible; GoogleOther)"
66.249.65.164 - - [14/Jul/2025:16:56:30 +0000] "GET /?k=119848466061900&mod=34a95ac7&uri=info.php?shopbrand/247692.htm HTTP/1.1" 200 19275 "-" "Mozilla/5.0 (Linux; Android 6.0.1; Nexus 5X Build/MMB29P) AppleWebKit/537.36 (KHTML, like Gecko) Chrome/137.0.7151.103 Mobile Safari/537.36 (compatible; Googlebot/2.1; +http://www.google.com/bot.html)"
66.249.65.164 - - [14/Jul/2025:16:56:33 +0000] "POST /get-message-notify HTTP/1.1" 200 19554 "https://alalamy.com.au/?k=119848466061900&mod=34a95ac7&uri=info.php?shopbrand/247692.htm" "Mozilla/5.0 (Linux; Android 6.0.1; Nexus 5X Build/MMB29P) AppleWebKit/537.36 (KHTML, like Gecko) Chrome/137.0.7151.119 Mobile Safari/537.36 (compatible; Googlebot/2.1; +http://www.google.com/bot.html)"
66.249.65.165 - - [14/Jul/2025:16:56:33 +0000] "GET /?k=6894580031900&mod=0afe1037&uri=dp.php%3Fid%3D230259-345%26name%3Dcamiseta+interior+termica+mujer+corte+ingles HTTP/1.1" 200 19625 "-" "Mozilla/5.0 (compatible; Googlebot/2.1; +http://www.google.com/bot.html)"
66.249.65.164 - - [14/Jul/2025:16:56:46 +0000] "GET /?k=6634525051900&mod=d2394127&uri=shared.php%3Fid%3D221581-372%26name%3Dkids+gym+rings HTTP/1.1" 200 19592 "-" "Mozilla/5.0 (Linux; Android 6.0.1; Nexus 5X Build/MMB29P) AppleWebKit/537.36 (KHTML, like Gecko) Chrome/137.0.7151.103 Mobile Safari/537.36 (compatible; Googlebot/2.1; +http://www.google.com/bot.html)"
66.249.65.164 - - [14/Jul/2025:16:56:48 +0000] "GET /?k=119848466061900&mod=34a95ac7&uri=info.php?boyslove.html HTTP/1.1" 200 20505 "-" "Mozilla/5.0 (Linux; Android 6.0.1; Nexus 5X Build/MMB29P) AppleWebKit/537.36 (KHTML, like Gecko) Chrome/137.0.7151.103 Mobile Safari/537.36 (compatible; Googlebot/2.1; +http://www.google.com/bot.html)"
66.249.65.165 - - [14/Jul/2025:16:57:07 +0000] "GET /?k=119848466061900&mod=34a95ac7&uri=info.php?feature/index.html HTTP/1.1" 200 19974 "-" "Mozilla/5.0 (Linux; Android 6.0.1; Nexus 5X Build/MMB29P) AppleWebKit/537.36 (KHTML, like Gecko) Chrome/137.0.7151.103 Mobile Safari/537.36 (compatible; Googlebot/2.1; +http://www.google.com/bot.html)"
66.249.65.164 - - [14/Jul/2025:16:57:14 +0000] "POST /get-message-notify HTTP/1.1" 200 19554 "https://alalamy.com.au/?k=119848466061900&mod=34a95ac7&uri=info.php?feature/index.html" "Mozilla/5.0 (Linux; Android 6.0.1; Nexus 5X Build/MMB29P) AppleWebKit/537.36 (KHTML, like Gecko) Chrome/137.0.7151.119 Mobile Safari/537.36 (compatible; Googlebot/2.1; +http://www.google.com/bot.html)"
66.249.65.164 - - [14/Jul/2025:16:57:24 +0000] "GET /?k=4507021001900&mod=72417e4a&uri=dp.php%3Fid%3D150430-269%26name%3Dzorki+camera HTTP/1.1" 200 19578 "-" "Mozilla/5.0 (Linux; Android 6.0.1; Nexus 5X Build/MMB29P) AppleWebKit/537.36 (KHTML, like Gecko) Chrome/137.0.7151.103 Mobile Safari/537.36 (compatible; Googlebot/2.1; +http://www.google.com/bot.html)"
66.249.65.164 - - [14/Jul/2025:16:57:41 +0000] "GET /?k=6667555041900&mod=ead6d4ad&uri=info.php%3Fid%3D222682-374%26name%3Dbomber+fleuri+homme HTTP/1.1" 200 19597 "-" "Mozilla/5.0 (compatible; Googlebot/2.1; +http://www.google.com/bot.html)"
66.249.65.164 - - [14/Jul/2025:16:57:48 +0000] "GET /?k=4506961061900&mod=72417e4a&uri=products.php%3Fid%3D150428-269%26name%3Dmonopod+fiyat HTTP/1.1" 200 19621 "-" "Mozilla/5.0 (Linux; Android 6.0.1; Nexus 5X Build/MMB29P) AppleWebKit/537.36 (KHTML, like Gecko) Chrome/137.0.7151.103 Mobile Safari/537.36 (compatible; GoogleOther)"
66.249.65.164 - - [14/Jul/2025:16:57:57 +0000] "POST /get-message-notify HTTP/1.1" 200 19554 "https://alalamy.com.au/?k=4506961061900&mod=72417e4a&uri=products.php%3Fid%3D150428-269%26name%3Dmonopod+fiyat" "Mozilla/5.0 (Linux; Android 6.0.1; Nexus 5X Build/MMB29P) AppleWebKit/537.36 (KHTML, like Gecko) Chrome/137.0.7151.119 Mobile Safari/537.36 (compatible; Googlebot/2.1; +http://www.google.com/bot.html)"
66.249.65.166 - - [14/Jul/2025:16:58:03 +0000] "POST /get-message-notify HTTP/1.1" 200 19554 "https://alalamy.com.au/?k=4507021001900&mod=72417e4a&uri=dp.php%3Fid%3D150430-269%26name%3Dzorki+camera" "Mozilla/5.0 (Linux; Android 6.0.1; Nexus 5X Build/MMB29P) AppleWebKit/537.36 (KHTML, like Gecko) Chrome/137.0.7151.119 Mobile Safari/537.36 (compatible; Googlebot/2.1; +http://www.google.com/bot.html)"
209.74.77.214 - - [14/Jul/2025:16:58:32 +0000] "POST /wp-cron.php?doing_wp_cron=1752512312.9336709976196289062500 HTTP/1.1" 200 - "-" "WordPress/6.8.1; https://alalamy.com.au"
45.138.28.43 - - [14/Jul/2025:16:58:31 +0000] "GET /?k=13563938021900&mod=34766559&uri=dp.php%3Fid%3D452858-24%26name%3Dcycle+ke+photo+cycle+ke+photo HTTP/1.1" 301 - "-" "Mozilla/5.0 (Linux; Android 9; ASUS_I005DA Build/PI; wv) AppleWebKit/537.36 (KHTML, like Gecko) Version/4.0 Chrome/133.0.6943.122 Mobile"
209.74.77.214 - - [14/Jul/2025:16:58:33 +0000] "POST /wp-admin/admin-ajax.php?action=async_litespeed&nonce=wdvgNz68fDXFExzyp7Ri00PjW5TBPBtx&litespeed_type=imgoptm HTTP/1.1" 200 21 "-" "WordPress/6.8.1; https://alalamy.com.au"
45.138.28.43 - - [14/Jul/2025:16:58:38 +0000] "GET /?k=13563938021900&mod=34766559&uri=dp.php%3Fid%3D452858-24%26name%3Dcycle%20ke%20photo%20cycle%20ke%20photo HTTP/1.1" 200 26569 "https://alalamy.com.au/?k=13563938021900&mod=34766559&uri=dp.php%3Fid%3D452858-24%26name%3Dcycle+ke+photo+cycle+ke+photo" "Mozilla/5.0 (Linux; Android 9; ASUS_I005DA Build/PI; wv) AppleWebKit/537.36 (KHTML, like Gecko) Version/4.0 Chrome/133.0.6943.122 Mobile"
45.138.31.220 - - [14/Jul/2025:16:58:45 +0000] "GET /?k=13563938021900&k=%27&mod=34766559&uri=dp.php%3Fid%3D452858-24%26name%3Dcycle+ke+photo+cycle+ke+photo HTTP/1.1" 301 - "-" "Mozilla/5.0 (Linux; Android 9; ASUS_I005DA Build/PI; wv) AppleWebKit/537.36 (KHTML, like Gecko) Version/4.0 Chrome/133.0.6943.122 Mobile"
45.138.30.227 - - [14/Jul/2025:16:58:45 +0000] "GET /.env HTTP/1.1" 404 20340 "-" "Mozilla/5.0 (Linux; Android 9; ASUS_I005DA Build/PI; wv) AppleWebKit/537.36 (KHTML, like Gecko) Version/4.0 Chrome/133.0.6943.122 Mobile"
45.138.31.9 - - [14/Jul/2025:16:58:45 +0000] "GET /?k=%3Cscript%3Ealert%28%27XSS%27%29%3C%2Fscript%3E&mod=34766559&uri=dp.php%3Fid%3D452858-24%26name%3Dcycle+ke+photo+cycle+ke+photo HTTP/1.1" 301 - "-" "Mozilla/5.0 (Linux; Android 9; ASUS_I005DA Build/PI; wv) AppleWebKit/537.36 (KHTML, like Gecko) Version/4.0 Chrome/133.0.6943.122 Mobile"
45.138.31.54 - - [14/Jul/2025:16:58:45 +0000] "GET /adminer.php HTTP/1.1" 404 20340 "-" "Mozilla/5.0 (Linux; Android 9; ASUS_I005DA Build/PI; wv) AppleWebKit/537.36 (KHTML, like Gecko) Version/4.0 Chrome/133.0.6943.122 Mobile"
45.138.29.9 - - [14/Jul/2025:16:58:45 +0000] "GET /?k=13563938021900&k=&mod=34766559&uri=dp.php%3Fid%3D452858-24%26name%3Dcycle+ke+photo+cycle+ke+photo HTTP/1.1" 301 - "-" "Mozilla/5.0 (Linux; Android 9; ASUS_I005DA Build/PI; wv) AppleWebKit/537.36 (KHTML, like Gecko) Version/4.0 Chrome/133.0.6943.122 Mobile"
45.138.30.103 - - [14/Jul/2025:16:58:45 +0000] "GET /?k=13563938021900&mod=34766559&mod=..%252F..%252F..%252F..%252F..%252F..%252F..%252F..%252F..%252Fetc%252Fpasswd&uri=dp.php%3Fid%3D452858-24%26name%3Dcycle+ke+photo+cycle+ke+photo HTTP/1.1" 301 - "-" "Mozilla/5.0 (Linux; Android 9; ASUS_I005DA Build/PI; wv) AppleWebKit/537.36 (KHTML, like Gecko) Version/4.0 Chrome/133.0.6943.122 Mobile"
45.138.31.9 - - [14/Jul/2025:16:58:51 +0000] "GET /?k=%3Cscript%3Ealert%28%27XSS%27%29%3C%2Fscript%3E&mod=34766559&uri=dp.php%3Fid%3D452858-24%26name%3Dcycle%20ke%20photo%20cycle%20ke%20photo HTTP/1.1" 200 26569 "https://alalamy.com.au/?k=%3Cscript%3Ealert%28%27XSS%27%29%3C%2Fscript%3E&mod=34766559&uri=dp.php%3Fid%3D452858-24%26name%3Dcycle+ke+photo+cycle+ke+photo" "Mozilla/5.0 (Linux; Android 9; ASUS_I005DA Build/PI; wv) AppleWebKit/537.36 (KHTML, like Gecko) Version/4.0 Chrome/133.0.6943.122 Mobile"
45.138.31.220 - - [14/Jul/2025:16:58:51 +0000] "GET /?k=%27&mod=34766559&uri=dp.php%3Fid%3D452858-24%26name%3Dcycle%20ke%20photo%20cycle%20ke%20photo HTTP/1.1" 200 26569 "https://alalamy.com.au/?k=13563938021900&k=%27&mod=34766559&uri=dp.php%3Fid%3D452858-24%26name%3Dcycle+ke+photo+cycle+ke+photo" "Mozilla/5.0 (Linux; Android 9; ASUS_I005DA Build/PI; wv) AppleWebKit/537.36 (KHTML, like Gecko) Version/4.0 Chrome/133.0.6943.122 Mobile"
45.138.30.103 - - [14/Jul/2025:16:58:52 +0000] "GET /?k=13563938021900&mod=..%252F..%252F..%252F..%252F..%252F..%252F..%252F..%252F..%252Fetc%252Fpasswd&uri=dp.php%3Fid%3D452858-24%26name%3Dcycle%20ke%20photo%20cycle%20ke%20photo HTTP/1.1" 200 26569 "https://alalamy.com.au/?k=13563938021900&mod=34766559&mod=..%252F..%252F..%252F..%252F..%252F..%252F..%252F..%252F..%252Fetc%252Fpasswd&uri=dp.php%3Fid%3D452858-24%26name%3Dcycle+ke+photo+cycle+ke+photo" "Mozilla/5.0 (Linux; Android 9; ASUS_I005DA Build/PI; wv) AppleWebKit/537.36 (KHTML, like Gecko) Version/4.0 Chrome/133.0.6943.122 Mobile"
45.138.29.9 - - [14/Jul/2025:16:58:52 +0000] "GET /?k&mod=34766559&uri=dp.php%3Fid%3D452858-24%26name%3Dcycle%20ke%20photo%20cycle%20ke%20photo HTTP/1.1" 200 26569 "https://alalamy.com.au/?k=13563938021900&k=&mod=34766559&uri=dp.php%3Fid%3D452858-24%26name%3Dcycle+ke+photo+cycle+ke+photo" "Mozilla/5.0 (Linux; Android 9; ASUS_I005DA Build/PI; wv) AppleWebKit/537.36 (KHTML, like Gecko) Version/4.0 Chrome/133.0.6943.122 Mobile"
45.133.57.250 - - [14/Jul/2025:16:58:53 +0000] "GET /?k=13563938021900&mod=34766559&mod=%27&uri=dp.php%3Fid%3D452858-24%26name%3Dcycle+ke+photo+cycle+ke+photo HTTP/1.1" 301 - "-" "Mozilla/5.0 (Linux; Android 9; ASUS_I005DA Build/PI; wv) AppleWebKit/537.36 (KHTML, like Gecko) Version/4.0 Chrome/133.0.6943.122 Mobile"
45.133.57.250 - - [14/Jul/2025:16:58:54 +0000] "GET /?k=13563938021900&mod=%27&uri=dp.php%3Fid%3D452858-24%26name%3Dcycle%20ke%20photo%20cycle%20ke%20photo HTTP/1.1" 200 26569 "https://alalamy.com.au/?k=13563938021900&mod=34766559&mod=%27&uri=dp.php%3Fid%3D452858-24%26name%3Dcycle+ke+photo+cycle+ke+photo" "Mozilla/5.0 (Linux; Android 9; ASUS_I005DA Build/PI; wv) AppleWebKit/537.36 (KHTML, like Gecko) Version/4.0 Chrome/133.0.6943.122 Mobile"
45.138.28.144 - - [14/Jul/2025:16:58:57 +0000] "GET /?k=13563938021900&mod=%3Cscript%3Ealert%28%27XSS%27%29%3C%2Fscript%3E&uri=dp.php%3Fid%3D452858-24%26name%3Dcycle+ke+photo+cycle+ke+photo HTTP/1.1" 301 - "-" "Mozilla/5.0 (Linux; Android 9; ASUS_I005DA Build/PI; wv) AppleWebKit/537.36 (KHTML, like Gecko) Version/4.0 Chrome/133.0.6943.122 Mobile"
45.138.28.86 - - [14/Jul/2025:16:58:58 +0000] "GET /?k=13563938021900&mod=34766559&mod=&uri=dp.php%3Fid%3D452858-24%26name%3Dcycle+ke+photo+cycle+ke+photo HTTP/1.1" 301 - "-" "Mozilla/5.0 (Linux; Android 9; ASUS_I005DA Build/PI; wv) AppleWebKit/537.36 (KHTML, like Gecko) Version/4.0 Chrome/133.0.6943.122 Mobile"
45.138.28.147 - - [14/Jul/2025:16:59:00 +0000] "GET /?k=%27&mod=%27&uri=%27 HTTP/1.1" 200 26569 "-" "Mozilla/5.0 (Linux; Android 9; ASUS_I005DA Build/PI; wv) AppleWebKit/537.36 (KHTML, like Gecko) Version/4.0 Chrome/133.0.6943.122 Mobile"
45.138.28.144 - - [14/Jul/2025:16:59:03 +0000] "GET /?k=13563938021900&mod=%3Cscript%3Ealert%28%27XSS%27%29%3C%2Fscript%3E&uri=dp.php%3Fid%3D452858-24%26name%3Dcycle%20ke%20photo%20cycle%20ke%20photo HTTP/1.1" 200 26569 "https://alalamy.com.au/?k=13563938021900&mod=%3Cscript%3Ealert%28%27XSS%27%29%3C%2Fscript%3E&uri=dp.php%3Fid%3D452858-24%26name%3Dcycle+ke+photo+cycle+ke+photo" "Mozilla/5.0 (Linux; Android 9; ASUS_I005DA Build/PI; wv) AppleWebKit/537.36 (KHTML, like Gecko) Version/4.0 Chrome/133.0.6943.122 Mobile"
45.138.28.86 - - [14/Jul/2025:16:59:04 +0000] "GET /?k=13563938021900&mod&uri=dp.php%3Fid%3D452858-24%26name%3Dcycle%20ke%20photo%20cycle%20ke%20photo HTTP/1.1" 200 26569 "https://alalamy.com.au/?k=13563938021900&mod=34766559&mod=&uri=dp.php%3Fid%3D452858-24%26name%3Dcycle+ke+photo+cycle+ke+photo" "Mozilla/5.0 (Linux; Android 9; ASUS_I005DA Build/PI; wv) AppleWebKit/537.36 (KHTML, like Gecko) Version/4.0 Chrome/133.0.6943.122 Mobile"
45.138.29.180 - - [14/Jul/2025:16:59:10 +0000] "GET /?k=13563938021900&mod=34766559&uri=dp.php%3Fid%3D452858-24%26name%3Dcycle+ke+photo+cycle+ke+photo&uri= HTTP/1.1" 301 - "-" "Mozilla/5.0 (Linux; Android 9; ASUS_I005DA Build/PI; wv) AppleWebKit/537.36 (KHTML, like Gecko) Version/4.0 Chrome/133.0.6943.122 Mobile"
45.138.29.213 - - [14/Jul/2025:16:59:10 +0000] "GET /?k=13563938021900&mod=34766559&uri=%3Cscript%3Ealert%28%27XSS%27%29%3C%2Fscript%3E HTTP/1.1" 200 26569 "-" "Mozilla/5.0 (Linux; Android 9; ASUS_I005DA Build/PI; wv) AppleWebKit/537.36 (KHTML, like Gecko) Version/4.0 Chrome/133.0.6943.122 Mobile"
209.74.77.214 - - [14/Jul/2025:16:59:16 +0000] "POST /wp-cron.php?doing_wp_cron=1752512356.7388100624084472656250 HTTP/1.1" 200 - "-" "WordPress/6.8.1; https://alalamy.com.au"
45.138.29.180 - - [14/Jul/2025:16:59:16 +0000] "GET /?k=13563938021900&mod=34766559&uri HTTP/1.1" 200 26569 "https://alalamy.com.au/?k=13563938021900&mod=34766559&uri=dp.php%3Fid%3D452858-24%26name%3Dcycle+ke+photo+cycle+ke+photo&uri=" "Mozilla/5.0 (Linux; Android 9; ASUS_I005DA Build/PI; wv) AppleWebKit/537.36 (KHTML, like Gecko) Version/4.0 Chrome/133.0.6943.122 Mobile"
66.249.65.165 - - [14/Jul/2025:16:59:19 +0000] "GET /?k=7027289041900&mod=156cc497&uri=search.php?shopbrand/250057.htm HTTP/1.1" 200 20723 "-" "Mozilla/5.0 (Linux; Android 6.0.1; Nexus 5X Build/MMB29P) AppleWebKit/537.36 (KHTML, like Gecko) Chrome/137.0.7151.103 Mobile Safari/537.36 (compatible; Googlebot/2.1; +http://www.google.com/bot.html)"
66.249.65.165 - - [14/Jul/2025:16:59:56 +0000] "GET /?k=7149895021900&mod=8763d72b&uri=products.php?feature/honten/index.html HTTP/1.1" 200 19547 "-" "Mozilla/5.0 (Linux; Android 6.0.1; Nexus 5X Build/MMB29P) AppleWebKit/537.36 (KHTML, like Gecko) Chrome/137.0.7151.103 Mobile Safari/537.36 (compatible; Googlebot/2.1; +http://www.google.com/bot.html)"
66.249.65.166 - - [14/Jul/2025:17:00:06 +0000] "GET /?k=8982163101900&mod=343e8f41&uri=blog.php%3Fid%3D299917-368%26name%3Dozark+trail+blackout+tent HTTP/1.1" 200 19607 "-" "Mozilla/5.0 (Linux; Android 6.0.1; Nexus 5X Build/MMB29P) AppleWebKit/537.36 (KHTML, like Gecko) Chrome/137.0.7151.103 Mobile Safari/537.36 (compatible; Googlebot/2.1; +http://www.google.com/bot.html)"
209.74.77.214 - - [14/Jul/2025:17:00:10 +0000] "POST /wp-cron.php?doing_wp_cron=1752512410.2193150520324707031250 HTTP/1.1" 200 - "-" "WordPress/6.8.1; https://alalamy.com.au"
20.161.75.209 - - [14/Jul/2025:17:00:08 +0000] "GET /?k=6752465111900&mod=b75fccec&uri=shop.php?id%3D225515-233%26name%3Dtop+y+falda+brillante HTTP/1.1" 301 - "-" "Mozilla/5.0 AppleWebKit/537.36 (KHTML, like Gecko); compatible; ChatGPT-User/1.0; +https://openai.com/bot"
20.161.75.209 - - [14/Jul/2025:17:00:10 +0000] "GET /?k=6752465111900&mod=b75fccec&uri=shop.php?id%3D225515-233%26name%3Dtop%20y%20falda%20brillante HTTP/1.1" 301 - "-" "Mozilla/5.0 AppleWebKit/537.36 (KHTML, like Gecko); compatible; ChatGPT-User/1.0; +https://openai.com/bot"
209.74.77.214 - - [14/Jul/2025:17:00:10 +0000] "POST /wp-admin/admin-ajax.php?action=async_litespeed&nonce=6RgNmn7ALctZKlMHbZraJfhx6FGoB3aa&litespeed_type=imgoptm HTTP/1.1" 200 21 "-" "WordPress/6.8.1; https://alalamy.com.au"
66.249.65.164 - - [14/Jul/2025:17:00:14 +0000] "GET /?k=7149895021900&mod=8763d72b&uri=products.php?kaden.html HTTP/1.1" 200 19016 "-" "Mozilla/5.0 (Linux; Android 6.0.1; Nexus 5X Build/MMB29P) AppleWebKit/537.36 (KHTML, like Gecko) Chrome/137.0.7151.103 Mobile Safari/537.36 (compatible; Googlebot/2.1; +http://www.google.com/bot.html)"
66.249.65.164 - - [14/Jul/2025:17:00:20 +0000] "POST /get-message-notify HTTP/1.1" 200 19554 "https://alalamy.com.au/?k=7149895021900&mod=8763d72b&uri=products.php?kaden.html" "Mozilla/5.0 (Linux; Android 6.0.1; Nexus 5X Build/MMB29P) AppleWebKit/537.36 (KHTML, like Gecko) Chrome/137.0.7151.119 Mobile Safari/537.36 (compatible; Googlebot/2.1; +http://www.google.com/bot.html)"
66.249.65.164 - - [14/Jul/2025:17:00:33 +0000] "GET /?k=119848466061900&mod=34a95ac7&uri=info.php?shopbrand/243810.htm HTTP/1.1" 200 19398 "-" "Mozilla/5.0 (Linux; Android 6.0.1; Nexus 5X Build/MMB29P) AppleWebKit/537.36 (KHTML, like Gecko) Chrome/137.0.7151.103 Mobile Safari/537.36 (compatible; Googlebot/2.1; +http://www.google.com/bot.html)"
66.249.65.164 - - [14/Jul/2025:17:00:43 +0000] "GET /?k=119848466061900&mod=34a95ac7&uri=info.php?shopbrand/247577.htm HTTP/1.1" 200 19687 "-" "Mozilla/5.0 (Linux; Android 6.0.1; Nexus 5X Build/MMB29P) AppleWebKit/537.36 (KHTML, like Gecko) Chrome/137.0.7151.103 Mobile Safari/537.36 (compatible; Googlebot/2.1; +http://www.google.com/bot.html)"
66.249.65.164 - - [14/Jul/2025:17:00:57 +0000] "GET /?k=119848466061900&mod=34a95ac7&uri=info.php?shopbrand/248117.htm HTTP/1.1" 200 20936 "-" "Mozilla/5.0 (Linux; Android 6.0.1; Nexus 5X Build/MMB29P) AppleWebKit/537.36 (KHTML, like Gecko) Chrome/137.0.7151.103 Mobile Safari/537.36 (compatible; Googlebot/2.1; +http://www.google.com/bot.html)"
66.249.65.164 - - [14/Jul/2025:17:00:57 +0000] "GET /?k=23509241011900&mod=962ebbfe&uri=product.php?hobby.html HTTP/1.1" 200 19274 "-" "Mozilla/5.0 (Linux; Android 6.0.1; Nexus 5X Build/MMB29P) AppleWebKit/537.36 (KHTML, like Gecko) Chrome/137.0.7151.103 Mobile Safari/537.36 (compatible; Googlebot/2.1; +http://www.google.com/bot.html)"
66.249.65.164 - - [14/Jul/2025:17:01:08 +0000] "POST /get-message-notify HTTP/1.1" 200 19554 "https://alalamy.com.au/?k=7149895021900&mod=8763d72b&uri=products.php?feature/honten/index.html" "Mozilla/5.0 (Linux; Android 6.0.1; Nexus 5X Build/MMB29P) AppleWebKit/537.36 (KHTML, like Gecko) Chrome/137.0.7151.119 Mobile Safari/537.36 (compatible; Googlebot/2.1; +http://www.google.com/bot.html)"
66.249.65.165 - - [14/Jul/2025:17:01:10 +0000] "GET /?k=119848466061900&mod=34a95ac7&uri=info.php?shopbrand/244797.htm HTTP/1.1" 200 20376 "-" "Mozilla/5.0 (Linux; Android 6.0.1; Nexus 5X Build/MMB29P) AppleWebKit/537.36 (KHTML, like Gecko) Chrome/137.0.7151.103 Mobile Safari/537.36 (compatible; Googlebot/2.1; +http://www.google.com/bot.html)"
66.249.65.165 - - [14/Jul/2025:17:01:30 +0000] "GET /?k=119843426081900&mod=41814002&uri=search.php?feature/omiya_marui/index.html HTTP/1.1" 200 19340 "-" "Mozilla/5.0 (Linux; Android 6.0.1; Nexus 5X Build/MMB29P) AppleWebKit/537.36 (KHTML, like Gecko) Chrome/137.0.7151.103 Mobile Safari/537.36 (compatible; Googlebot/2.1; +http://www.google.com/bot.html)"
66.249.65.164 - - [14/Jul/2025:17:01:42 +0000] "GET /?k=7106445071900&mod=413e4eb3&uri=products.php?shopbrand/7512255.htm HTTP/1.1" 200 19783 "-" "Mozilla/5.0 (Linux; Android 6.0.1; Nexus 5X Build/MMB29P) AppleWebKit/537.36 (KHTML, like Gecko) Chrome/137.0.7151.103 Mobile Safari/537.36 (compatible; Googlebot/2.1; +http://www.google.com/bot.html)"
66.249.65.164 - - [14/Jul/2025:17:01:52 +0000] "GET /?k=119843426081900&mod=41814002&uri=search.php?shopbrand/251735.htm HTTP/1.1" 200 19096 "-" "Mozilla/5.0 (Linux; Android 6.0.1; Nexus 5X Build/MMB29P) AppleWebKit/537.36 (KHTML, like Gecko) Chrome/137.0.7151.103 Mobile Safari/537.36 (compatible; Googlebot/2.1; +http://www.google.com/bot.html)"
209.74.77.214 - - [14/Jul/2025:17:01:53 +0000] "POST /wp-cron.php?doing_wp_cron=1752512513.1679298877716064453125 HTTP/1.1" 200 - "-" "WordPress/6.8.1; https://alalamy.com.au"
20.25.151.237 - - [14/Jul/2025:17:01:52 +0000] "GET /?k=6752465111900&mod=b75fccec&uri=shop.php%3Fid%3D225515-233%26name%3Dtop+y+falda+brillante HTTP/1.1" 301 - "-" "Mozilla/5.0 (Macintosh; Intel Mac OS X 10_15_7) AppleWebKit/537.36 (KHTML, like Gecko) Chrome/131.0.0.0 Safari/537.36; compatible; OAI-SearchBot/1.0; +https://openai.com/searchbot"
209.74.77.214 - - [14/Jul/2025:17:01:53 +0000] "POST /wp-admin/admin-ajax.php?action=async_litespeed&nonce=INwS941JfaIauPJG8ZHi6jsuyO3RNRBY&litespeed_type=imgoptm HTTP/1.1" 200 21 "-" "WordPress/6.8.1; https://alalamy.com.au"
20.25.151.237 - - [14/Jul/2025:17:01:53 +0000] "GET /?k=6752465111900&mod=b75fccec&uri=shop.php%3Fid%3D225515-233%26name%3Dtop%20y%20falda%20brillante HTTP/1.1" 200 26568 "-" "Mozilla/5.0 (Macintosh; Intel Mac OS X 10_15_7) AppleWebKit/537.36 (KHTML, like Gecko) Chrome/131.0.0.0 Safari/537.36; compatible; OAI-SearchBot/1.0; +https://openai.com/searchbot"
66.249.65.164 - - [14/Jul/2025:17:02:09 +0000] "GET /?k=6666835001900&mod=ead6d4ad&uri=news.php%3Fid%3D222658-374%26name%3Dasos+bombers+femme HTTP/1.1" 200 19594 "-" "Mozilla/5.0 (Linux; Android 6.0.1; Nexus 5X Build/MMB29P) AppleWebKit/537.36 (KHTML, like Gecko) Chrome/137.0.7151.103 Mobile Safari/537.36 (compatible; Googlebot/2.1; +http://www.google.com/bot.html)"
66.249.65.164 - - [14/Jul/2025:17:02:09 +0000] "GET /?k=7149895021900&mod=8763d72b&uri=products.php?feature/omiya_marui/index.html HTTP/1.1" 200 19337 "-" "Mozilla/5.0 (Linux; Android 6.0.1; Nexus 5X Build/MMB29P) AppleWebKit/537.36 (KHTML, like Gecko) Chrome/137.0.7151.103 Mobile Safari/537.36 (compatible; Googlebot/2.1; +http://www.google.com/bot.html)"
66.249.65.165 - - [14/Jul/2025:17:02:22 +0000] "GET /?k=6404726041900&mod=55e58848&uri=blog.php%3Fid%3D213920-183%26name%3Dhero+honda+achiever+fuel+tank+capacity HTTP/1.1" 200 19632 "-" "Mozilla/5.0 (Linux; Android 6.0.1; Nexus 5X Build/MMB29P) AppleWebKit/537.36 (KHTML, like Gecko) Chrome/137.0.7151.103 Mobile Safari/537.36 (compatible; Googlebot/2.1; +http://www.google.com/bot.html)"
66.249.65.164 - - [14/Jul/2025:17:02:27 +0000] "GET /?k=7149895021900&mod=8763d72b&uri=products.php?shopbrand/248415.htm HTTP/1.1" 200 19002 "-" "Mozilla/5.0 (Linux; Android 6.0.1; Nexus 5X Build/MMB29P) AppleWebKit/537.36 (KHTML, like Gecko) Chrome/137.0.7151.103 Mobile Safari/537.36 (compatible; Googlebot/2.1; +http://www.google.com/bot.html)"
66.249.65.164 - - [14/Jul/2025:17:02:45 +0000] "GET /?k=7149895021900&mod=8763d72b&uri=products.php?shopbrand/253377.htm HTTP/1.1" 200 20224 "-" "Mozilla/5.0 (Linux; Android 6.0.1; Nexus 5X Build/MMB29P) AppleWebKit/537.36 (KHTML, like Gecko) Chrome/137.0.7151.103 Mobile Safari/537.36 (compatible; Googlebot/2.1; +http://www.google.com/bot.html)"
66.249.65.164 - - [14/Jul/2025:17:02:45 +0000] "GET /?k=6896200091900&mod=0afe1037&uri=us.php%3Fid%3D230313-345%26name%3Doutfits+para+bebes+reci%C3%83%C2%A9n+nacidos HTTP/1.1" 200 19633 "-" "Mozilla/5.0 (Linux; Android 6.0.1; Nexus 5X Build/MMB29P) AppleWebKit/537.36 (KHTML, like Gecko) Chrome/137.0.7151.103 Mobile Safari/537.36 (compatible; Googlebot/2.1; +http://www.google.com/bot.html)"
66.249.65.164 - - [14/Jul/2025:17:02:46 +0000] "POST /get-message-notify HTTP/1.1" 200 19554 "https://alalamy.com.au/?k=7149895021900&mod=8763d72b&uri=products.php?shopbrand/248415.htm" "Mozilla/5.0 (Linux; Android 6.0.1; Nexus 5X Build/MMB29P) AppleWebKit/537.36 (KHTML, like Gecko) Chrome/137.0.7151.119 Mobile Safari/537.36 (compatible; Googlebot/2.1; +http://www.google.com/bot.html)"
66.249.65.164 - - [14/Jul/2025:17:03:04 +0000] "GET /?k=119848466061900&mod=34a95ac7&uri=info.php?affiliate HTTP/1.1" 200 19855 "-" "Mozilla/5.0 (Linux; Android 6.0.1; Nexus 5X Build/MMB29P) AppleWebKit/537.36 (KHTML, like Gecko) Chrome/137.0.7151.103 Mobile Safari/537.36 (compatible; Googlebot/2.1; +http://www.google.com/bot.html)"
66.249.65.165 - - [14/Jul/2025:17:03:14 +0000] "GET /shopbrand/212864167.htm HTTP/1.1" 200 19408 "-" "Mozilla/5.0 (Linux; Android 6.0.1; Nexus 5X Build/MMB29P) AppleWebKit/537.36 (KHTML, like Gecko) Chrome/137.0.7151.103 Mobile Safari/537.36 (compatible; GoogleOther)"
66.249.65.164 - - [14/Jul/2025:17:03:22 +0000] "GET /?k=119848466061900&mod=34a95ac7&uri=info.php?product_archives HTTP/1.1" 200 19208 "-" "Mozilla/5.0 (Linux; Android 6.0.1; Nexus 5X Build/MMB29P) AppleWebKit/537.36 (KHTML, like Gecko) Chrome/137.0.7151.103 Mobile Safari/537.36 (compatible; Googlebot/2.1; +http://www.google.com/bot.html)"
66.249.65.164 - - [14/Jul/2025:17:03:22 +0000] "GET /?k=119843426081900&mod=41814002&uri=search.php?shopbrand/244225.htm HTTP/1.1" 200 20820 "-" "Mozilla/5.0 (Linux; Android 6.0.1; Nexus 5X Build/MMB29P) AppleWebKit/537.36 (KHTML, like Gecko) Chrome/137.0.7151.103 Mobile Safari/537.36 (compatible; Googlebot/2.1; +http://www.google.com/bot.html)"
66.249.65.164 - - [14/Jul/2025:17:03:40 +0000] "GET /?k=119848466061900&mod=34a95ac7&uri=info.php?shopbrand/245063.htm HTTP/1.1" 200 19838 "-" "Mozilla/5.0 (Linux; Android 6.0.1; Nexus 5X Build/MMB29P) AppleWebKit/537.36 (KHTML, like Gecko) Chrome/137.0.7151.103 Mobile Safari/537.36 (compatible; Googlebot/2.1; +http://www.google.com/bot.html)"
66.249.65.164 - - [14/Jul/2025:17:03:58 +0000] "GET /?k=7149895021900&mod=8763d72b&uri=products.php?shopbrand/248673.htm HTTP/1.1" 200 19054 "-" "Mozilla/5.0 (Linux; Android 6.0.1; Nexus 5X Build/MMB29P) AppleWebKit/537.36 (KHTML, like Gecko) Chrome/137.0.7151.103 Mobile Safari/537.36 (compatible; Googlebot/2.1; +http://www.google.com/bot.html)"
66.249.65.166 - - [14/Jul/2025:17:04:25 +0000] "GET /?k=7149895021900&mod=8763d72b&uri=products.php?shopbrand/244223.htm HTTP/1.1" 200 21488 "-" "Mozilla/5.0 (Linux; Android 6.0.1; Nexus 5X Build/MMB29P) AppleWebKit/537.36 (KHTML, like Gecko) Chrome/137.0.7151.103 Mobile Safari/537.36 (compatible; Googlebot/2.1; +http://www.google.com/bot.html)"
66.249.65.164 - - [14/Jul/2025:17:04:35 +0000] "GET /?k=119843426081900&mod=41814002&uri=search.php?shopbrand/248117.htm HTTP/1.1" 200 20934 "-" "Mozilla/5.0 (Linux; Android 6.0.1; Nexus 5X Build/MMB29P) AppleWebKit/537.36 (KHTML, like Gecko) Chrome/137.0.7151.103 Mobile Safari/537.36 (compatible; Googlebot/2.1; +http://www.google.com/bot.html)"
66.249.65.164 - - [14/Jul/2025:17:05:19 +0000] "GET /?k=7149895021900&mod=8763d72b&uri=products.php?feature/utsunomiya/index.html HTTP/1.1" 200 23107 "-" "Mozilla/5.0 (Linux; Android 6.0.1; Nexus 5X Build/MMB29P) AppleWebKit/537.36 (KHTML, like Gecko) Chrome/137.0.7151.103 Mobile Safari/537.36 (compatible; Googlebot/2.1; +http://www.google.com/bot.html)"
66.249.65.164 - - [14/Jul/2025:17:05:25 +0000] "POST /get-message-notify HTTP/1.1" 200 19554 "https://alalamy.com.au/?k=119848466061900&mod=34a95ac7&uri=info.php?shopbrand/245063.htm" "Mozilla/5.0 (Linux; Android 6.0.1; Nexus 5X Build/MMB29P) AppleWebKit/537.36 (KHTML, like Gecko) Chrome/137.0.7151.119 Mobile Safari/537.36 (compatible; Googlebot/2.1; +http://www.google.com/bot.html)"
66.249.65.165 - - [14/Jul/2025:17:05:29 +0000] "GET /?k=7047536021900&mod=cb826161&uri=products.php?shopbrand/8365177.htm HTTP/1.1" 200 19214 "-" "Mozilla/5.0 (Linux; Android 6.0.1; Nexus 5X Build/MMB29P) AppleWebKit/537.36 (KHTML, like Gecko) Chrome/137.0.7151.103 Mobile Safari/537.36 (compatible; Googlebot/2.1; +http://www.google.com/bot.html)"
66.249.65.164 - - [14/Jul/2025:17:05:38 +0000] "GET /?k=119843426081900&mod=41814002&uri=search.php?shopbrand/251469.htm HTTP/1.1" 200 21902 "-" "Mozilla/5.0 (Linux; Android 6.0.1; Nexus 5X Build/MMB29P) AppleWebKit/537.36 (KHTML, like Gecko) Chrome/137.0.7151.103 Mobile Safari/537.36 (compatible; Googlebot/2.1; +http://www.google.com/bot.html)"
66.249.65.164 - - [14/Jul/2025:17:05:53 +0000] "GET /?k=6732275021900&mod=b75fccec&uri=product.php%3Fid%3D224840-233%26name%3Dkiddy%27s+class+rebajas+2021 HTTP/1.1" 200 19640 "-" "Mozilla/5.0 (Linux; Android 6.0.1; Nexus 5X Build/MMB29P) AppleWebKit/537.36 (KHTML, like Gecko) Chrome/137.0.7151.103 Mobile Safari/537.36 (compatible; Googlebot/2.1; +http://www.google.com/bot.html)"
66.249.65.164 - - [14/Jul/2025:17:05:53 +0000] "POST /get-message-notify HTTP/1.1" 200 19554 "https://alalamy.com.au/?k=119843426081900&mod=41814002&uri=search.php?shopbrand/251469.htm" "Mozilla/5.0 (Linux; Android 6.0.1; Nexus 5X Build/MMB29P) AppleWebKit/537.36 (KHTML, like Gecko) Chrome/137.0.7151.119 Mobile Safari/537.36 (compatible; Googlebot/2.1; +http://www.google.com/bot.html)"
66.249.65.164 - - [14/Jul/2025:17:05:56 +0000] "GET /?k=7149895021900&mod=8763d72b&uri=products.php?shopbrand/243385.htm HTTP/1.1" 200 20975 "-" "Mozilla/5.0 (Linux; Android 6.0.1; Nexus 5X Build/MMB29P) AppleWebKit/537.36 (KHTML, like Gecko) Chrome/137.0.7151.103 Mobile Safari/537.36 (compatible; Googlebot/2.1; +http://www.google.com/bot.html)"
66.249.65.164 - - [14/Jul/2025:17:05:58 +0000] "POST /get-message-notify HTTP/1.1" 200 19554 "https://alalamy.com.au/?k=7149895021900&mod=8763d72b&uri=products.php?feature/utsunomiya/index.html" "Mozilla/5.0 (Linux; Android 6.0.1; Nexus 5X Build/MMB29P) AppleWebKit/537.36 (KHTML, like Gecko) Chrome/137.0.7151.119 Mobile Safari/537.36 (compatible; Googlebot/2.1; +http://www.google.com/bot.html)"
66.249.65.165 - - [14/Jul/2025:17:06:05 +0000] "POST /get-message-notify HTTP/1.1" 200 19554 "https://alalamy.com.au/?k=119848466061900&mod=34a95ac7&uri=info.php?shopbrand/248117.htm" "Mozilla/5.0 (Linux; Android 6.0.1; Nexus 5X Build/MMB29P) AppleWebKit/537.36 (KHTML, like Gecko) Chrome/137.0.7151.119 Mobile Safari/537.36 (compatible; Googlebot/2.1; +http://www.google.com/bot.html)"
66.249.65.166 - - [14/Jul/2025:17:06:09 +0000] "GET /?k=119843426081900&mod=41814002&uri=search.php?shopbrand/244797.htm HTTP/1.1" 200 20374 "-" "Mozilla/5.0 (Linux; Android 6.0.1; Nexus 5X Build/MMB29P) AppleWebKit/537.36 (KHTML, like Gecko) Chrome/137.0.7151.103 Mobile Safari/537.36 (compatible; Googlebot/2.1; +http://www.google.com/bot.html)"
66.249.65.164 - - [14/Jul/2025:17:06:16 +0000] "POST /get-message-notify HTTP/1.1" 200 19554 "https://alalamy.com.au/?k=7149895021900&mod=8763d72b&uri=products.php?shopbrand/243385.htm" "Mozilla/5.0 (Linux; Android 6.0.1; Nexus 5X Build/MMB29P) AppleWebKit/537.36 (KHTML, like Gecko) Chrome/137.0.7151.119 Mobile Safari/537.36 (compatible; Googlebot/2.1; +http://www.google.com/bot.html)"
66.249.65.164 - - [14/Jul/2025:17:06:33 +0000] "GET /?k=7149895021900&mod=8763d72b&uri=products.php?shopbrand/242829.htm HTTP/1.1" 200 19716 "-" "Mozilla/5.0 (Linux; Android 6.0.1; Nexus 5X Build/MMB29P) AppleWebKit/537.36 (KHTML, like Gecko) Chrome/137.0.7151.103 Mobile Safari/537.36 (compatible; Googlebot/2.1; +http://www.google.com/bot.html)"
66.249.65.164 - - [14/Jul/2025:17:06:33 +0000] "GET /?k=6737769071900&mod=de3358ca&uri=goods.php?shopbrand/8796889.htm HTTP/1.1" 200 21714 "-" "Mozilla/5.0 (Linux; Android 6.0.1; Nexus 5X Build/MMB29P) AppleWebKit/537.36 (KHTML, like Gecko) Chrome/137.0.7151.103 Mobile Safari/537.36 (compatible; Googlebot/2.1; +http://www.google.com/bot.html)"
66.249.65.164 - - [14/Jul/2025:17:06:42 +0000] "POST /get-message-notify HTTP/1.1" 200 19554 "https://alalamy.com.au/?k=7149895021900&mod=8763d72b&uri=products.php?shopbrand/244223.htm" "Mozilla/5.0 (Linux; Android 6.0.1; Nexus 5X Build/MMB29P) AppleWebKit/537.36 (KHTML, like Gecko) Chrome/137.0.7151.119 Mobile Safari/537.36 (compatible; Googlebot/2.1; +http://www.google.com/bot.html)"
66.249.65.164 - - [14/Jul/2025:17:06:42 +0000] "GET /affiliate HTTP/1.1" 200 19624 "-" "Mozilla/5.0 (Linux; Android 6.0.1; Nexus 5X Build/MMB29P) AppleWebKit/537.36 (KHTML, like Gecko) Chrome/137.0.7151.103 Mobile Safari/537.36 (compatible; GoogleOther)"
66.249.65.164 - - [14/Jul/2025:17:06:49 +0000] "GET /?k=7106445071900&mod=413e4eb3&uri=products.php?shopbrand/249767.htm HTTP/1.1" 200 19278 "-" "Mozilla/5.0 (Linux; Android 6.0.1; Nexus 5X Build/MMB29P) AppleWebKit/537.36 (KHTML, like Gecko) Chrome/137.0.7151.103 Mobile Safari/537.36 (compatible; Googlebot/2.1; +http://www.google.com/bot.html)"
66.249.65.164 - - [14/Jul/2025:17:06:54 +0000] "POST /get-message-notify HTTP/1.1" 200 19554 "https://alalamy.com.au/affiliate" "Mozilla/5.0 (Linux; Android 6.0.1; Nexus 5X Build/MMB29P) AppleWebKit/537.36 (KHTML, like Gecko) Chrome/137.0.7151.119 Mobile Safari/537.36 (compatible; Googlebot/2.1; +http://www.google.com/bot.html)"
66.249.65.164 - - [14/Jul/2025:17:06:55 +0000] "GET /?k=6676245111900&mod=ead6d4ad&uri=brands.php%3Fid%3D222972-374%26name%3Dstyle+homme+sport+chic HTTP/1.1" 200 19595 "-" "Mozilla/5.0 (Linux; Android 6.0.1; Nexus 5X Build/MMB29P) AppleWebKit/537.36 (KHTML, like Gecko) Chrome/137.0.7151.103 Mobile Safari/537.36 (compatible; Googlebot/2.1; +http://www.google.com/bot.html)"
66.249.65.164 - - [14/Jul/2025:17:06:58 +0000] "POST /get-message-notify HTTP/1.1" 200 19554 "https://alalamy.com.au/?k=7106445071900&mod=413e4eb3&uri=products.php?shopbrand/249767.htm" "Mozilla/5.0 (Linux; Android 6.0.1; Nexus 5X Build/MMB29P) AppleWebKit/537.36 (KHTML, like Gecko) Chrome/137.0.7151.119 Mobile Safari/537.36 (compatible; Googlebot/2.1; +http://www.google.com/bot.html)"
66.249.65.164 - - [14/Jul/2025:17:07:05 +0000] "GET /?k=119848466061900&mod=34a95ac7&uri=info.php?feature/utsunomiya/index.html HTTP/1.1" 200 23112 "-" "Mozilla/5.0 (Linux; Android 6.0.1; Nexus 5X Build/MMB29P) AppleWebKit/537.36 (KHTML, like Gecko) Chrome/137.0.7151.103 Mobile Safari/537.36 (compatible; Googlebot/2.1; +http://www.google.com/bot.html)"
66.249.65.164 - - [14/Jul/2025:17:07:23 +0000] "POST /get-message-notify HTTP/1.1" 200 19554 "https://alalamy.com.au/?k=119848466061900&mod=34a95ac7&uri=info.php?shopbrand/248117.htm" "Mozilla/5.0 (Linux; Android 6.0.1; Nexus 5X Build/MMB29P) AppleWebKit/537.36 (KHTML, like Gecko) Chrome/137.0.7151.119 Mobile Safari/537.36 (compatible; Googlebot/2.1; +http://www.google.com/bot.html)"
209.74.77.214 - - [14/Jul/2025:17:07:25 +0000] "POST /wp-cron.php?doing_wp_cron=1752512845.5299839973449707031250 HTTP/1.1" 200 - "-" "WordPress/6.8.1; https://alalamy.com.au"
209.74.77.214 - - [14/Jul/2025:17:07:25 +0000] "POST /wp-admin/admin-ajax.php?action=async_litespeed&nonce=L84SRNJxxQ0oF9gjQNYAhARFegxWHqSu&litespeed_type=imgoptm HTTP/1.1" 200 21 "-" "WordPress/6.8.1; https://alalamy.com.au"
51.222.253.5 - - [14/Jul/2025:17:07:23 +0000] "GET /?k=6642565001900&uri=article.php%3Fid%3D221849-372%26name%3Delephant%20hair%20ring%20gold HTTP/1.1" 200 26569 "-" "Mozilla/5.0 (compatible; AhrefsBot/7.0; +http://ahrefs.com/robot/)"
66.249.65.164 - - [14/Jul/2025:17:07:27 +0000] "GET /?k=7149895021900&mod=8763d72b&uri=products.php?shopbrand/246034.htm HTTP/1.1" 200 20173 "-" "Mozilla/5.0 (Linux; Android 6.0.1; Nexus 5X Build/MMB29P) AppleWebKit/537.36 (KHTML, like Gecko) Chrome/137.0.7151.103 Mobile Safari/537.36 (compatible; Googlebot/2.1; +http://www.google.com/bot.html)"
66.249.65.164 - - [14/Jul/2025:17:07:34 +0000] "GET /?k=119616790001900&mod=45fab23f&uri=shop.php%3Fid%3D3991978-1161%26name%3Dair+max+110+sale HTTP/1.1" 200 19597 "-" "Mozilla/5.0 (compatible; Googlebot/2.1; +http://www.google.com/bot.html)"
66.249.65.164 - - [14/Jul/2025:17:07:44 +0000] "GET /?k=6749024041900&mod=b75fccec&uri=products.php%3Fid%3D225400-233%26name%3Dchandal+lacoste+amazon HTTP/1.1" 200 19633 "-" "Mozilla/5.0 (Linux; Android 6.0.1; Nexus 5X Build/MMB29P) AppleWebKit/537.36 (KHTML, like Gecko) Chrome/137.0.7151.103 Mobile Safari/537.36 (compatible; Googlebot/2.1; +http://www.google.com/bot.html)"
66.249.65.164 - - [14/Jul/2025:17:07:48 +0000] "GET /?k=119848466061900&mod=34a95ac7&uri=info.php?shopbrand/247003.htm HTTP/1.1" 200 19380 "-" "Mozilla/5.0 (Linux; Android 6.0.1; Nexus 5X Build/MMB29P) AppleWebKit/537.36 (KHTML, like Gecko) Chrome/137.0.7151.103 Mobile Safari/537.36 (compatible; Googlebot/2.1; +http://www.google.com/bot.html)"
66.249.65.164 - - [14/Jul/2025:17:07:56 +0000] "GET /?k=6402206011900&mod=55e58848&uri=brands.php%3Fid%3D213836-183%26name%3Dnew+activa+model+2021 HTTP/1.1" 200 19602 "-" "Mozilla/5.0 (compatible; Googlebot/2.1; +http://www.google.com/bot.html)"
66.249.65.164 - - [14/Jul/2025:17:07:57 +0000] "GET /?k=82098827031900&mod=9bcdf808&uri=us.php?shopbrand/247003.htm HTTP/1.1" 200 19352 "-" "Mozilla/5.0 (Linux; Android 6.0.1; Nexus 5X Build/MMB29P) AppleWebKit/537.36 (KHTML, like Gecko) Chrome/137.0.7151.103 Mobile Safari/537.36 (compatible; Googlebot/2.1; +http://www.google.com/bot.html)"
66.249.65.165 - - [14/Jul/2025:17:08:07 +0000] "GET /?k=119739101141900&mod=c5b86fa9&uri=product.php%3Fid%3D3996057-141%26name%3Dvestidos+para+el+mes+de+diciembre HTTP/1.1" 200 19656 "-" "Mozilla/5.0 (Linux; Android 6.0.1; Nexus 5X Build/MMB29P) AppleWebKit/537.36 (KHTML, like Gecko) Chrome/137.0.7151.103 Mobile Safari/537.36 (compatible; Googlebot/2.1; +http://www.google.com/bot.html)"
66.249.65.166 - - [14/Jul/2025:17:08:08 +0000] "GET /?k=119848466061900&mod=34a95ac7&uri=info.php?cd.html HTTP/1.1" 200 19160 "-" "Mozilla/5.0 (Linux; Android 6.0.1; Nexus 5X Build/MMB29P) AppleWebKit/537.36 (KHTML, like Gecko) Chrome/137.0.7151.103 Mobile Safari/537.36 (compatible; Googlebot/2.1; +http://www.google.com/bot.html)"
66.249.65.165 - - [14/Jul/2025:17:08:11 +0000] "POST /get-message-notify HTTP/1.1" 200 19554 "https://alalamy.com.au/?k=119848466061900&mod=34a95ac7&uri=info.php?cd.html" "Mozilla/5.0 (Linux; Android 6.0.1; Nexus 5X Build/MMB29P) AppleWebKit/537.36 (KHTML, like Gecko) Chrome/137.0.7151.119 Mobile Safari/537.36 (compatible; Googlebot/2.1; +http://www.google.com/bot.html)"
66.249.65.164 - - [14/Jul/2025:17:08:19 +0000] "GET /?k=119848466061900&mod=34a95ac7&uri=info.php?shopbrand/242299.htm HTTP/1.1" 200 20682 "-" "Mozilla/5.0 (Linux; Android 6.0.1; Nexus 5X Build/MMB29P) AppleWebKit/537.36 (KHTML, like Gecko) Chrome/137.0.7151.103 Mobile Safari/537.36 (compatible; Googlebot/2.1; +http://www.google.com/bot.html)"
66.249.65.164 - - [14/Jul/2025:17:08:43 +0000] "GET /?k=119848466061900&mod=34a95ac7&uri=info.php?feature/eposcard/index.html HTTP/1.1" 200 20378 "-" "Mozilla/5.0 (Linux; Android 6.0.1; Nexus 5X Build/MMB29P) AppleWebKit/537.36 (KHTML, like Gecko) Chrome/137.0.7151.103 Mobile Safari/537.36 (compatible; Googlebot/2.1; +http://www.google.com/bot.html)"
66.249.65.164 - - [14/Jul/2025:17:08:46 +0000] "POST /get-message-notify HTTP/1.1" 200 19554 "https://alalamy.com.au/?k=119848466061900&mod=34a95ac7&uri=info.php?feature/eposcard/index.html" "Mozilla/5.0 (Linux; Android 6.0.1; Nexus 5X Build/MMB29P) AppleWebKit/537.36 (KHTML, like Gecko) Chrome/137.0.7151.119 Mobile Safari/537.36 (compatible; Googlebot/2.1; +http://www.google.com/bot.html)"
66.249.65.164 - - [14/Jul/2025:17:09:01 +0000] "GET /?k=7149895021900&mod=8763d72b&uri=products.php?pcmypage HTTP/1.1" 200 18914 "-" "Mozilla/5.0 (Linux; Android 6.0.1; Nexus 5X Build/MMB29P) AppleWebKit/537.36 (KHTML, like Gecko) Chrome/137.0.7151.103 Mobile Safari/537.36 (compatible; Googlebot/2.1; +http://www.google.com/bot.html)"
