66.249.65.164 - - [14/Jul/2025:13:23:27 +0000] "GET /?k=119834430041900&mod=41814002&uri=news.php%3Fid%3D3999238-321%26name%3Dbest+rated+vet+near+me HTTP/1.1" 200 19606 "-" "Mozilla/5.0 (Linux; Android 6.0.1; Nexus 5X Build/MMB29P) AppleWebKit/537.36 (KHTML, like Gecko) Chrome/137.0.7151.103 Mobile Safari/537.36 (compatible; Googlebot/2.1; +http://www.google.com/bot.html)"
216.73.216.203 - - [14/Jul/2025:13:23:29 +0000] "GET /shopbrand/42232771.htm HTTP/1.1" 404 20340 "-" "Mozilla/5.0 AppleWebKit/537.36 (KHTML, like Gecko; compatible; ClaudeBot/1.0; [email protected])"
66.249.65.164 - - [14/Jul/2025:13:23:31 +0000] "GET /?k=119855906081900&mod=b597d2ce&uri=itm.php%3Fid%3D3999954-648%26name%3Dysl+bag+yupoo HTTP/1.1" 200 19592 "-" "Mozilla/5.0 (Linux; Android 6.0.1; Nexus 5X Build/MMB29P) AppleWebKit/537.36 (KHTML, like Gecko) Chrome/137.0.7151.103 Mobile Safari/537.36 (compatible; Googlebot/2.1; +http://www.google.com/bot.html)"
66.249.65.164 - - [14/Jul/2025:13:23:50 +0000] "GET /?k=119853656031900&mod=34a95ac7&uri=info.php%3Fid%3D3999879-323%26name%3Dyeti+cup+spill+proof+lid HTTP/1.1" 200 19614 "-" "Mozilla/5.0 (Linux; Android 6.0.1; Nexus 5X Build/MMB29P) AppleWebKit/537.36 (KHTML, like Gecko) Chrome/137.0.7151.103 Mobile Safari/537.36 (compatible; Googlebot/2.1; +http://www.google.com/bot.html)"
66.249.65.164 - - [14/Jul/2025:13:23:52 +0000] "GET /?k=119855096111900&mod=34a95ac7&uri=shared.php%3Fid%3D3999927-323%26name%3Dwide+food+flask HTTP/1.1" 200 19630 "-" "Mozilla/5.0 (Linux; Android 6.0.1; Nexus 5X Build/MMB29P) AppleWebKit/537.36 (KHTML, like Gecko) Chrome/137.0.7151.103 Mobile Safari/537.36 (compatible; Googlebot/2.1; +http://www.google.com/bot.html)"
209.74.77.214 - - [14/Jul/2025:13:23:52 +0000] "POST /wp-cron.php?doing_wp_cron=1752499432.7652199268341064453125 HTTP/1.1" 200 - "-" "WordPress/6.8.1; https://alalamy.com.au"
57.141.2.13 - - [14/Jul/2025:13:23:52 +0000] "GET /product-category/drinks/ HTTP/1.1" 200 101585 "-" "meta-externalagent/1.1 (+https://developers.facebook.com/docs/sharing/webmasters/crawler)"
66.249.65.164 - - [14/Jul/2025:13:23:52 +0000] "POST /get-message-notify HTTP/1.1" 200 19554 "https://alalamy.com.au/?k=119853656031900&mod=34a95ac7&uri=info.php%3Fid%3D3999879-323%26name%3Dyeti+cup+spill+proof+lid" "Mozilla/5.0 (Linux; Android 6.0.1; Nexus 5X Build/MMB29P) AppleWebKit/537.36 (KHTML, like Gecko) Chrome/137.0.7151.119 Mobile Safari/537.36 (compatible; Googlebot/2.1; +http://www.google.com/bot.html)"
209.74.77.214 - - [14/Jul/2025:13:23:53 +0000] "POST /wp-admin/admin-ajax.php?action=async_litespeed&nonce=BP3kSoDxC4VEHBllf3PZncRdwU7dmfNC&litespeed_type=imgoptm HTTP/1.1" 200 21 "-" "WordPress/6.8.1; https://alalamy.com.au"
66.249.65.164 - - [14/Jul/2025:13:23:54 +0000] "POST /get-message-notify HTTP/1.1" 200 19554 "https://alalamy.com.au/?k=119855096111900&mod=34a95ac7&uri=shared.php%3Fid%3D3999927-323%26name%3Dwide+food+flask" "Mozilla/5.0 (Linux; Android 6.0.1; Nexus 5X Build/MMB29P) AppleWebKit/537.36 (KHTML, like Gecko) Chrome/137.0.7151.119 Mobile Safari/537.36 (compatible; Googlebot/2.1; +http://www.google.com/bot.html)"
66.249.65.164 - - [14/Jul/2025:13:23:56 +0000] "GET /?k=47650270031900&mod=c6776f93&uri=pin.php%3Fid%3D1590199-76%26name%3Dcaberg+uno+jet HTTP/1.1" 200 19595 "-" "Mozilla/5.0 (Linux; Android 6.0.1; Nexus 5X Build/MMB29P) AppleWebKit/537.36 (KHTML, like Gecko) Chrome/137.0.7151.103 Mobile Safari/537.36 (compatible; Googlebot/2.1; +http://www.google.com/bot.html)"
66.249.65.164 - - [14/Jul/2025:13:23:59 +0000] "GET /?k=5859700001900&mod=e07472e7&uri=news.php%3Fid%3D195679-341%26name%3Dplatos+en+vidrio HTTP/1.1" 200 19588 "-" "Mozilla/5.0 (Linux; Android 6.0.1; Nexus 5X Build/MMB29P) AppleWebKit/537.36 (KHTML, like Gecko) Chrome/137.0.7151.103 Mobile Safari/537.36 (compatible; Googlebot/2.1; +http://www.google.com/bot.html)"
66.249.65.164 - - [14/Jul/2025:13:24:03 +0000] "GET /?k=5873988031900&mod=e07472e7&uri=dp.php%3Fid%3D196157-341%26name%3Dlicuado+de+pi%C3%83%C2%B1a+platano+y+avena HTTP/1.1" 200 19638 "-" "Mozilla/5.0 (Linux; Android 6.0.1; Nexus 5X Build/MMB29P) AppleWebKit/537.36 (KHTML, like Gecko) Chrome/137.0.7151.103 Mobile Safari/537.36 (compatible; Googlebot/2.1; +http://www.google.com/bot.html)"
216.73.216.203 - - [14/Jul/2025:13:24:03 +0000] "GET /robots.txt HTTP/1.1" 200 92 "-" "Mozilla/5.0 AppleWebKit/537.36 (KHTML, like Gecko; compatible; ClaudeBot/1.0; [email protected])"
216.73.216.203 - - [14/Jul/2025:13:24:03 +0000] "GET /shopbrand/42250712.htm HTTP/1.1" 404 20340 "-" "Mozilla/5.0 AppleWebKit/537.36 (KHTML, like Gecko; compatible; ClaudeBot/1.0; [email protected])"
216.73.216.203 - - [14/Jul/2025:13:24:06 +0000] "GET /shopbrand/42177604.htm HTTP/1.1" 404 20340 "-" "Mozilla/5.0 AppleWebKit/537.36 (KHTML, like Gecko; compatible; ClaudeBot/1.0; [email protected])"
209.74.77.214 - - [14/Jul/2025:13:24:10 +0000] "POST /wp-cron.php?doing_wp_cron=1752499450.0104761123657226562500 HTTP/1.1" 200 - "-" "WordPress/6.8.1; https://alalamy.com.au"
216.73.216.203 - - [14/Jul/2025:13:24:09 +0000] "GET /shopbrand/42248339.htm HTTP/1.1" 404 20340 "-" "Mozilla/5.0 AppleWebKit/537.36 (KHTML, like Gecko; compatible; ClaudeBot/1.0; [email protected])"
66.249.65.164 - - [14/Jul/2025:13:24:10 +0000] "GET /?k=7150765041900&mod=8763d72b&uri=itm.php%3Fid%3D238810-57%26name%3Dsamsung+galaxy+u+flex HTTP/1.1" 200 19601 "-" "Mozilla/5.0 (Linux; Android 6.0.1; Nexus 5X Build/MMB29P) AppleWebKit/537.36 (KHTML, like Gecko) Chrome/137.0.7151.103 Mobile Safari/537.36 (compatible; Googlebot/2.1; +http://www.google.com/bot.html)"
216.73.216.203 - - [14/Jul/2025:13:24:12 +0000] "GET /shopbrand/42265309.htm HTTP/1.1" 404 20340 "-" "Mozilla/5.0 AppleWebKit/537.36 (KHTML, like Gecko; compatible; ClaudeBot/1.0; [email protected])"
66.249.65.164 - - [14/Jul/2025:13:24:13 +0000] "GET /?k=7153822001900&mod=8763d72b&uri=brands.php%3Fid%3D238912-57%26name%3Dboult+audio+curve+wireless+neckband+magnetic+earphone+with+mic HTTP/1.1" 200 19697 "-" "Mozilla/5.0 (Linux; Android 6.0.1; Nexus 5X Build/MMB29P) AppleWebKit/537.36 (KHTML, like Gecko) Chrome/137.0.7151.103 Mobile Safari/537.36 (compatible; Googlebot/2.1; +http://www.google.com/bot.html)"
209.74.77.214 - - [14/Jul/2025:13:24:16 +0000] "POST /wp-cron.php?doing_wp_cron=1752499456.0203649997711181640625 HTTP/1.1" 200 - "-" "WordPress/6.8.1; https://alalamy.com.au"
216.73.216.203 - - [14/Jul/2025:13:24:15 +0000] "GET /shopbrand/42194026.htm HTTP/1.1" 404 20340 "-" "Mozilla/5.0 AppleWebKit/537.36 (KHTML, like Gecko; compatible; ClaudeBot/1.0; [email protected])"
66.249.65.164 - - [14/Jul/2025:13:24:16 +0000] "GET /?k=7349659021900&mod=c242ee43&uri=products.php%3Fid%3D245462-405%26name%3Dfive+ten+guide+tennie+women%27s HTTP/1.1" 200 19646 "-" "Mozilla/5.0 (Linux; Android 6.0.1; Nexus 5X Build/MMB29P) AppleWebKit/537.36 (KHTML, like Gecko) Chrome/137.0.7151.103 Mobile Safari/537.36 (compatible; Googlebot/2.1; +http://www.google.com/bot.html)"
216.73.216.203 - - [14/Jul/2025:13:24:18 +0000] "GET /shopbrand/42180797.htm HTTP/1.1" 404 20340 "-" "Mozilla/5.0 AppleWebKit/537.36 (KHTML, like Gecko; compatible; ClaudeBot/1.0; [email protected])"
66.249.65.164 - - [14/Jul/2025:13:24:22 +0000] "GET /?k=5873628011900&mod=e07472e7&uri=product.php%3Fid%3D196145-341%26name%3Daviador+gafas+ray+ban HTTP/1.1" 200 19629 "-" "Mozilla/5.0 (Linux; Android 6.0.1; Nexus 5X Build/MMB29P) AppleWebKit/537.36 (KHTML, like Gecko) Chrome/137.0.7151.103 Mobile Safari/537.36 (compatible; Googlebot/2.1; +http://www.google.com/bot.html)"
216.73.216.203 - - [14/Jul/2025:13:24:22 +0000] "GET /shopbrand/42263385.htm HTTP/1.1" 404 20340 "-" "Mozilla/5.0 AppleWebKit/537.36 (KHTML, like Gecko; compatible; ClaudeBot/1.0; [email protected])"
66.249.65.164 - - [14/Jul/2025:13:24:27 +0000] "GET /?k=7335259091900&mod=c242ee43&uri=shop.php%3Fid%3D244982-405%26name%3Dblack+ballet+flats+pointed+toe HTTP/1.1" 200 19612 "-" "Mozilla/5.0 (Linux; Android 6.0.1; Nexus 5X Build/MMB29P) AppleWebKit/537.36 (KHTML, like Gecko) Chrome/137.0.7151.103 Mobile Safari/537.36 (compatible; Googlebot/2.1; +http://www.google.com/bot.html)"
66.249.65.164 - - [14/Jul/2025:13:24:30 +0000] "GET /?k=38590888101900&mod=1894ea67&uri=dp.php%3Fid%3D1287975-314%26name%3Dnorth+face+hosen HTTP/1.1" 200 19594 "-" "Mozilla/5.0 (Linux; Android 6.0.1; Nexus 5X Build/MMB29P) AppleWebKit/537.36 (KHTML, like Gecko) Chrome/137.0.7151.103 Mobile Safari/537.36 (compatible; Googlebot/2.1; +http://www.google.com/bot.html)"
66.249.65.164 - - [14/Jul/2025:13:24:36 +0000] "GET /?k=7317199001900&mod=1177967c&uri=pin.php%3Fid%3D244380-22%26name%3Dlieferzeit+rolex+explorer HTTP/1.1" 200 19607 "-" "Mozilla/5.0 (Linux; Android 6.0.1; Nexus 5X Build/MMB29P) AppleWebKit/537.36 (KHTML, like Gecko) Chrome/137.0.7151.103 Mobile Safari/537.36 (compatible; Googlebot/2.1; +http://www.google.com/bot.html)"
66.249.65.164 - - [14/Jul/2025:13:24:39 +0000] "GET /?k=7470551021900&mod=c5b86fa9&uri=category-info.php%3Fid%3D249500-141%26name%3Dlooks+sofisticados+para+mujer HTTP/1.1" 200 19676 "-" "Mozilla/5.0 (Linux; Android 6.0.1; Nexus 5X Build/MMB29P) AppleWebKit/537.36 (KHTML, like Gecko) Chrome/137.0.7151.103 Mobile Safari/537.36 (compatible; Googlebot/2.1; +http://www.google.com/bot.html)"
66.249.65.164 - - [14/Jul/2025:13:24:45 +0000] "GET /?k=7470731051900&mod=c5b86fa9&uri=goods.php%3Fid%3D249506-141%26name%3Ddama+de+honor+y+madrina HTTP/1.1" 200 19608 "-" "Mozilla/5.0 (Linux; Android 6.0.1; Nexus 5X Build/MMB29P) AppleWebKit/537.36 (KHTML, like Gecko) Chrome/137.0.7151.103 Mobile Safari/537.36 (compatible; Googlebot/2.1; +http://www.google.com/bot.html)"
66.249.65.164 - - [14/Jul/2025:13:24:48 +0000] "GET /?k=7434589141900&mod=357a689f&uri=form.php%3Fid%3D248300-410%26name%3Dthings+with+lego HTTP/1.1" 200 19588 "-" "Mozilla/5.0 (Linux; Android 6.0.1; Nexus 5X Build/MMB29P) AppleWebKit/537.36 (KHTML, like Gecko) Chrome/137.0.7151.103 Mobile Safari/537.36 (compatible; Googlebot/2.1; +http://www.google.com/bot.html)"
209.74.77.214 - - [14/Jul/2025:13:24:49 +0000] "POST /wp-cron.php?doing_wp_cron=1752499488.9964830875396728515625 HTTP/1.1" 200 - "-" "WordPress/6.8.1; https://alalamy.com.au"
216.73.216.203 - - [14/Jul/2025:13:24:48 +0000] "GET /shopbrand/42249070.htm HTTP/1.1" 404 20340 "-" "Mozilla/5.0 AppleWebKit/537.36 (KHTML, like Gecko; compatible; ClaudeBot/1.0; [email protected])"
209.74.77.214 - - [14/Jul/2025:13:24:49 +0000] "POST /wp-admin/admin-ajax.php?action=async_litespeed&nonce=16ej8EvcL4WudUDIT48wpimcLygRhBki&litespeed_type=imgoptm HTTP/1.1" 200 21 "-" "WordPress/6.8.1; https://alalamy.com.au"
216.73.216.203 - - [14/Jul/2025:13:24:51 +0000] "GET /shopbrand/42204133.htm HTTP/1.1" 404 20340 "-" "Mozilla/5.0 AppleWebKit/537.36 (KHTML, like Gecko; compatible; ClaudeBot/1.0; [email protected])"
66.249.65.164 - - [14/Jul/2025:13:24:51 +0000] "GET /?k=7489097071900&mod=c5b86fa9&uri=pin.php%3Fid%3D250119-141%26name%3Dbodas+2021+verano HTTP/1.1" 200 19593 "-" "Mozilla/5.0 (Linux; Android 6.0.1; Nexus 5X Build/MMB29P) AppleWebKit/537.36 (KHTML, like Gecko) Chrome/137.0.7151.103 Mobile Safari/537.36 (compatible; Googlebot/2.1; +http://www.google.com/bot.html)"
216.73.216.203 - - [14/Jul/2025:13:24:54 +0000] "GET /shopbrand/42296330.htm HTTP/1.1" 404 20340 "-" "Mozilla/5.0 AppleWebKit/537.36 (KHTML, like Gecko; compatible; ClaudeBot/1.0; [email protected])"
216.73.216.203 - - [14/Jul/2025:13:24:57 +0000] "GET /shopbrand/42217352.htm HTTP/1.1" 404 20340 "-" "Mozilla/5.0 AppleWebKit/537.36 (KHTML, like Gecko; compatible; ClaudeBot/1.0; [email protected])"
216.73.216.203 - - [14/Jul/2025:13:25:00 +0000] "GET /shopbrand/42265194.htm HTTP/1.1" 404 20340 "-" "Mozilla/5.0 AppleWebKit/537.36 (KHTML, like Gecko; compatible; ClaudeBot/1.0; [email protected])"
216.73.216.203 - - [14/Jul/2025:13:25:03 +0000] "GET /shopbrand/42289914.htm HTTP/1.1" 404 20340 "-" "Mozilla/5.0 AppleWebKit/537.36 (KHTML, like Gecko; compatible; ClaudeBot/1.0; [email protected])"
216.73.216.203 - - [14/Jul/2025:13:25:06 +0000] "GET /shopbrand/42195279.htm HTTP/1.1" 404 20340 "-" "Mozilla/5.0 AppleWebKit/537.36 (KHTML, like Gecko; compatible; ClaudeBot/1.0; [email protected])"
66.249.65.164 - - [14/Jul/2025:13:25:08 +0000] "GET /?k=7477408031900&mod=c5b86fa9&uri=goods.php%3Fid%3D249729-141%26name%3Dtrajes+en+flores+avellaneda HTTP/1.1" 200 19614 "-" "Mozilla/5.0 (Linux; Android 6.0.1; Nexus 5X Build/MMB29P) AppleWebKit/537.36 (KHTML, like Gecko) Chrome/137.0.7151.103 Mobile Safari/537.36 (compatible; Googlebot/2.1; +http://www.google.com/bot.html)"
66.249.65.166 - - [14/Jul/2025:13:25:11 +0000] "GET /?k=7455854041900&mod=160c8865&uri=dp.php%3Fid%3D249009-11%26name%3Ddockers+by+gerli+erkek+sneaker HTTP/1.1" 200 19616 "-" "Mozilla/5.0 (Linux; Android 6.0.1; Nexus 5X Build/MMB29P) AppleWebKit/537.36 (KHTML, like Gecko) Chrome/137.0.7151.103 Mobile Safari/537.36 (compatible; Googlebot/2.1; +http://www.google.com/bot.html)"
66.249.65.164 - - [14/Jul/2025:13:25:14 +0000] "GET /?k=7446014061900&mod=160c8865&uri=brands.php%3Fid%3D248681-11%26name%3Djeffrey+campbell+amarra+sandals HTTP/1.1" 200 19647 "-" "Mozilla/5.0 (Linux; Android 6.0.1; Nexus 5X Build/MMB29P) AppleWebKit/537.36 (KHTML, like Gecko) Chrome/137.0.7151.103 Mobile Safari/537.36 (compatible; Googlebot/2.1; +http://www.google.com/bot.html)"
66.249.65.165 - - [14/Jul/2025:13:25:15 +0000] "POST /get-message-notify HTTP/1.1" 200 19554 "https://alalamy.com.au/shopbrand/212183367.htm" "Mozilla/5.0 (Linux; Android 6.0.1; Nexus 5X Build/MMB29P) AppleWebKit/537.36 (KHTML, like Gecko) Chrome/137.0.7151.119 Mobile Safari/537.36 (compatible; Googlebot/2.1; +http://www.google.com/bot.html)"
66.249.65.165 - - [14/Jul/2025:13:25:17 +0000] "GET /?k=47438046051900&mod=1177967c&uri=products.php%3Fid%3D1583121-22%26name%3Dswatch+herrenuhren+chronograph HTTP/1.1" 200 19645 "-" "Mozilla/5.0 (Linux; Android 6.0.1; Nexus 5X Build/MMB29P) AppleWebKit/537.36 (KHTML, like Gecko) Chrome/137.0.7151.103 Mobile Safari/537.36 (compatible; Googlebot/2.1; +http://www.google.com/bot.html)"
66.249.65.164 - - [14/Jul/2025:13:25:20 +0000] "GET /?k=7446734001900&mod=160c8865&uri=form.php%3Fid%3D248705-11%26name%3Ddo+nike+dunks+run+small+or+big HTTP/1.1" 200 19615 "-" "Mozilla/5.0 (Linux; Android 6.0.1; Nexus 5X Build/MMB29P) AppleWebKit/537.36 (KHTML, like Gecko) Chrome/137.0.7151.103 Mobile Safari/537.36 (compatible; Googlebot/2.1; +http://www.google.com/bot.html)"
66.249.65.164 - - [14/Jul/2025:13:25:23 +0000] "GET /?k=7439654011900&mod=0afe1037&uri=itm.php%3Fid%3D248469-345%26name%3Dsueter+de+navidad+shein HTTP/1.1" 200 19600 "-" "Mozilla/5.0 (Linux; Android 6.0.1; Nexus 5X Build/MMB29P) AppleWebKit/537.36 (KHTML, like Gecko) Chrome/137.0.7151.103 Mobile Safari/537.36 (compatible; Googlebot/2.1; +http://www.google.com/bot.html)"
66.249.65.164 - - [14/Jul/2025:13:25:39 +0000] "GET /?k=82083707141900&mod=798e5a5d&uri=us.php?toreka/toreka_menu.html HTTP/1.1" 200 19175 "-" "Mozilla/5.0 (Linux; Android 6.0.1; Nexus 5X Build/MMB29P) AppleWebKit/537.36 (KHTML, like Gecko) Chrome/137.0.7151.103 Mobile Safari/537.36 (compatible; Googlebot/2.1; +http://www.google.com/bot.html)"
209.74.77.214 - - [14/Jul/2025:13:25:44 +0000] "POST /wp-cron.php?doing_wp_cron=1752499544.9591228961944580078125 HTTP/1.1" 200 - "-" "WordPress/6.8.1; https://alalamy.com.au"
216.73.216.203 - - [14/Jul/2025:13:25:44 +0000] "GET /shopbrand/42268927.htm HTTP/1.1" 404 20340 "-" "Mozilla/5.0 AppleWebKit/537.36 (KHTML, like Gecko; compatible; ClaudeBot/1.0; [email protected])"
209.74.77.214 - - [14/Jul/2025:13:25:45 +0000] "POST /wp-admin/admin-ajax.php?action=async_litespeed&nonce=piQjgvfazF8KoqEl2THKzfCNL0IcOhkD&litespeed_type=imgoptm HTTP/1.1" 200 21 "-" "WordPress/6.8.1; https://alalamy.com.au"
216.73.216.203 - - [14/Jul/2025:13:25:46 +0000] "GET /shopbrand/42285051.htm HTTP/1.1" 404 20340 "-" "Mozilla/5.0 AppleWebKit/537.36 (KHTML, like Gecko; compatible; ClaudeBot/1.0; [email protected])"
216.73.216.203 - - [14/Jul/2025:13:25:49 +0000] "GET /shopbrand/42281433.htm HTTP/1.1" 404 20340 "-" "Mozilla/5.0 AppleWebKit/537.36 (KHTML, like Gecko; compatible; ClaudeBot/1.0; [email protected])"
216.73.216.203 - - [14/Jul/2025:13:25:52 +0000] "GET /shopbrand/42268629.htm HTTP/1.1" 404 20340 "-" "Mozilla/5.0 AppleWebKit/537.36 (KHTML, like Gecko; compatible; ClaudeBot/1.0; [email protected])"
216.73.216.203 - - [14/Jul/2025:13:25:55 +0000] "GET /shopbrand/42276014.htm HTTP/1.1" 404 20340 "-" "Mozilla/5.0 AppleWebKit/537.36 (KHTML, like Gecko; compatible; ClaudeBot/1.0; [email protected])"
216.73.216.203 - - [14/Jul/2025:13:25:59 +0000] "GET /shopbrand/42199844.htm HTTP/1.1" 404 20340 "-" "Mozilla/5.0 AppleWebKit/537.36 (KHTML, like Gecko; compatible; ClaudeBot/1.0; [email protected])"
216.73.216.203 - - [14/Jul/2025:13:26:01 +0000] "GET /shopbrand/42289783.htm HTTP/1.1" 404 20340 "-" "Mozilla/5.0 AppleWebKit/537.36 (KHTML, like Gecko; compatible; ClaudeBot/1.0; [email protected])"
66.249.65.165 - - [14/Jul/2025:13:26:03 +0000] "GET /shopbrand/212136812.htm HTTP/1.1" 200 18388 "-" "Mozilla/5.0 (Linux; Android 6.0.1; Nexus 5X Build/MMB29P) AppleWebKit/537.36 (KHTML, like Gecko) Chrome/137.0.7151.103 Mobile Safari/537.36 (compatible; GoogleOther)"
66.249.65.164 - - [14/Jul/2025:13:26:04 +0000] "POST /get-message-notify HTTP/1.1" 200 19554 "https://alalamy.com.au/?k=7439654011900&mod=0afe1037&uri=itm.php%3Fid%3D248469-345%26name%3Dsueter+de+navidad+shein" "Mozilla/5.0 (Linux; Android 6.0.1; Nexus 5X Build/MMB29P) AppleWebKit/537.36 (KHTML, like Gecko) Chrome/137.0.7151.119 Mobile Safari/537.36 (compatible; Googlebot/2.1; +http://www.google.com/bot.html)"
66.249.65.165 - - [14/Jul/2025:13:26:14 +0000] "GET /shopbrand/212178794.htm HTTP/1.1" 200 19111 "-" "Mozilla/5.0 (Linux; Android 6.0.1; Nexus 5X Build/MMB29P) AppleWebKit/537.36 (KHTML, like Gecko) Chrome/137.0.7151.103 Mobile Safari/537.36 (compatible; GoogleOther)"
66.249.65.164 - - [14/Jul/2025:13:26:22 +0000] "GET /?k=7023779071900&mod=156cc497&uri=form.php?shopbrand/245619.htm HTTP/1.1" 200 20454 "-" "Mozilla/5.0 (Linux; Android 6.0.1; Nexus 5X Build/MMB29P) AppleWebKit/537.36 (KHTML, like Gecko) Chrome/137.0.7151.103 Mobile Safari/537.36 (compatible; Googlebot/2.1; +http://www.google.com/bot.html)"
66.249.65.164 - - [14/Jul/2025:13:26:25 +0000] "GET /shopbrand/212250377.htm HTTP/1.1" 200 19364 "-" "Mozilla/5.0 (Linux; Android 6.0.1; Nexus 5X Build/MMB29P) AppleWebKit/537.36 (KHTML, like Gecko) Chrome/137.0.7151.103 Mobile Safari/537.36 (compatible; GoogleOther)"
209.74.77.214 - - [14/Jul/2025:13:26:34 +0000] "POST /wp-cron.php?doing_wp_cron=1752499594.6264979839324951171875 HTTP/1.1" 200 - "-" "WordPress/6.8.1; https://alalamy.com.au"
216.73.216.203 - - [14/Jul/2025:13:26:34 +0000] "GET /shopbrand/42196208.htm HTTP/1.1" 404 20340 "-" "Mozilla/5.0 AppleWebKit/537.36 (KHTML, like Gecko; compatible; ClaudeBot/1.0; [email protected])"
209.74.77.214 - - [14/Jul/2025:13:26:34 +0000] "POST /wp-admin/admin-ajax.php?action=async_litespeed&nonce=lms81EAuRJsrflTytZESvTt5QGc7MNhg&litespeed_type=imgoptm HTTP/1.1" 200 21 "-" "WordPress/6.8.1; https://alalamy.com.au"
66.249.65.164 - - [14/Jul/2025:13:26:34 +0000] "GET /?k=82082087051900&mod=9bcdf808&uri=brands.php?shopbrand/252706.htm HTTP/1.1" 200 22868 "-" "Mozilla/5.0 (Linux; Android 6.0.1; Nexus 5X Build/MMB29P) AppleWebKit/537.36 (KHTML, like Gecko) Chrome/137.0.7151.103 Mobile Safari/537.36 (compatible; Googlebot/2.1; +http://www.google.com/bot.html)"
66.249.65.164 - - [14/Jul/2025:13:26:36 +0000] "GET /shopbrand/212127898.htm HTTP/1.1" 200 18653 "-" "Mozilla/5.0 (Linux; Android 6.0.1; Nexus 5X Build/MMB29P) AppleWebKit/537.36 (KHTML, like Gecko) Chrome/137.0.7151.103 Mobile Safari/537.36 (compatible; GoogleOther)"
216.73.216.203 - - [14/Jul/2025:13:26:37 +0000] "GET /shopbrand/42221395.htm HTTP/1.1" 404 20340 "-" "Mozilla/5.0 AppleWebKit/537.36 (KHTML, like Gecko; compatible; ClaudeBot/1.0; [email protected])"
216.73.216.203 - - [14/Jul/2025:13:26:40 +0000] "GET /shopbrand/42268929.htm HTTP/1.1" 404 20340 "-" "Mozilla/5.0 AppleWebKit/537.36 (KHTML, like Gecko; compatible; ClaudeBot/1.0; [email protected])"
216.73.216.203 - - [14/Jul/2025:13:26:43 +0000] "GET /shopbrand/42235984.htm HTTP/1.1" 404 20340 "-" "Mozilla/5.0 AppleWebKit/537.36 (KHTML, like Gecko; compatible; ClaudeBot/1.0; [email protected])"
216.73.216.203 - - [14/Jul/2025:13:26:46 +0000] "GET /shopbrand/42216107.htm HTTP/1.1" 404 20340 "-" "Mozilla/5.0 AppleWebKit/537.36 (KHTML, like Gecko; compatible; ClaudeBot/1.0; [email protected])"
66.249.65.164 - - [14/Jul/2025:13:26:46 +0000] "GET /shopbrand/212244245.htm HTTP/1.1" 200 20077 "-" "Mozilla/5.0 (Linux; Android 6.0.1; Nexus 5X Build/MMB29P) AppleWebKit/537.36 (KHTML, like Gecko) Chrome/137.0.7151.103 Mobile Safari/537.36 (compatible; GoogleOther)"
216.73.216.203 - - [14/Jul/2025:13:26:49 +0000] "GET /shopbrand/42275186.htm HTTP/1.1" 404 20340 "-" "Mozilla/5.0 AppleWebKit/537.36 (KHTML, like Gecko; compatible; ClaudeBot/1.0; [email protected])"
216.73.216.203 - - [14/Jul/2025:13:26:52 +0000] "GET /shopbrand/42179254.htm HTTP/1.1" 404 20340 "-" "Mozilla/5.0 AppleWebKit/537.36 (KHTML, like Gecko; compatible; ClaudeBot/1.0; [email protected])"
66.249.65.164 - - [14/Jul/2025:13:26:57 +0000] "GET /shopbrand/212202660.htm HTTP/1.1" 200 19015 "-" "Mozilla/5.0 (Linux; Android 6.0.1; Nexus 5X Build/MMB29P) AppleWebKit/537.36 (KHTML, like Gecko) Chrome/137.0.7151.103 Mobile Safari/537.36 (compatible; GoogleOther)"
170.39.218.50 - - [14/Jul/2025:13:26:58 +0000] "GET /wp-content/plugins/happy-elementor-addons/assets/js/extension-equal-height.min.js?ver=3.17.0 HTTP/1.1" 200 805 "-" "Mozilla/5.0 (Windows NT 10.0; Win64; x64) AppleWebKit/537.36 Chrome/121.0.0.0"
66.249.65.164 - - [14/Jul/2025:13:27:16 +0000] "GET /?k=7027289041900&mod=156cc497&uri=search.php?man/customer_guide HTTP/1.1" 200 21058 "-" "Mozilla/5.0 (Linux; Android 6.0.1; Nexus 5X Build/MMB29P) AppleWebKit/537.36 (KHTML, like Gecko) Chrome/137.0.7151.103 Mobile Safari/537.36 (compatible; Googlebot/2.1; +http://www.google.com/bot.html)"
66.249.65.166 - - [14/Jul/2025:13:27:16 +0000] "GET /?k=82083707141900&mod=798e5a5d&uri=us.php?hobby.html HTTP/1.1" 200 19270 "-" "Mozilla/5.0 (Linux; Android 6.0.1; Nexus 5X Build/MMB29P) AppleWebKit/537.36 (KHTML, like Gecko) Chrome/137.0.7151.103 Mobile Safari/537.36 (compatible; Googlebot/2.1; +http://www.google.com/bot.html)"
66.249.65.165 - - [14/Jul/2025:13:27:19 +0000] "GET /shopbrand/212141111.htm HTTP/1.1" 200 19275 "-" "Mozilla/5.0 (Linux; Android 6.0.1; Nexus 5X Build/MMB29P) AppleWebKit/537.36 (KHTML, like Gecko) Chrome/137.0.7151.103 Mobile Safari/537.36 (compatible; GoogleOther)"
209.74.77.214 - - [14/Jul/2025:13:27:23 +0000] "POST /wp-cron.php?doing_wp_cron=1752499643.1308488845825195312500 HTTP/1.1" 200 - "-" "WordPress/6.8.1; https://alalamy.com.au"
216.73.216.203 - - [14/Jul/2025:13:27:22 +0000] "GET /shopbrand/42236697.htm HTTP/1.1" 404 20339 "-" "Mozilla/5.0 AppleWebKit/537.36 (KHTML, like Gecko; compatible; ClaudeBot/1.0; [email protected])"
216.73.216.203 - - [14/Jul/2025:13:27:25 +0000] "GET /shopbrand/42235269.htm HTTP/1.1" 404 20339 "-" "Mozilla/5.0 AppleWebKit/537.36 (KHTML, like Gecko; compatible; ClaudeBot/1.0; [email protected])"
216.73.216.203 - - [14/Jul/2025:13:27:28 +0000] "GET /shopbrand/42184989.htm HTTP/1.1" 404 20339 "-" "Mozilla/5.0 AppleWebKit/537.36 (KHTML, like Gecko; compatible; ClaudeBot/1.0; [email protected])"
66.249.65.164 - - [14/Jul/2025:13:27:29 +0000] "GET /shopbrand/212240212.htm HTTP/1.1" 200 18907 "-" "Mozilla/5.0 (Linux; Android 6.0.1; Nexus 5X Build/MMB29P) AppleWebKit/537.36 (KHTML, like Gecko) Chrome/137.0.7151.103 Mobile Safari/537.36 (compatible; GoogleOther)"
216.73.216.203 - - [14/Jul/2025:13:27:31 +0000] "GET /shopbrand/42289358.htm HTTP/1.1" 404 20340 "-" "Mozilla/5.0 AppleWebKit/537.36 (KHTML, like Gecko; compatible; ClaudeBot/1.0; [email protected])"
209.74.77.214 - - [14/Jul/2025:13:27:34 +0000] "POST /wp-cron.php?doing_wp_cron=1752499654.3406889438629150390625 HTTP/1.1" 200 - "-" "WordPress/6.8.1; https://alalamy.com.au"
216.73.216.203 - - [14/Jul/2025:13:27:34 +0000] "GET /shopbrand/42246689.htm HTTP/1.1" 404 20340 "-" "Mozilla/5.0 AppleWebKit/537.36 (KHTML, like Gecko; compatible; ClaudeBot/1.0; [email protected])"
209.74.77.214 - - [14/Jul/2025:13:27:34 +0000] "POST /wp-admin/admin-ajax.php?action=async_litespeed&nonce=spkvrcD6L58HZ9xxz958Gh4zLDQQyQKw&litespeed_type=imgoptm HTTP/1.1" 200 21 "-" "WordPress/6.8.1; https://alalamy.com.au"
66.249.65.164 - - [14/Jul/2025:13:27:34 +0000] "GET /?k=82083707141900&mod=798e5a5d&uri=us.php?feature/omiya_marui/index.html HTTP/1.1" 200 19333 "-" "Mozilla/5.0 (Linux; Android 6.0.1; Nexus 5X Build/MMB29P) AppleWebKit/537.36 (KHTML, like Gecko) Chrome/137.0.7151.103 Mobile Safari/537.36 (compatible; Googlebot/2.1; +http://www.google.com/bot.html)"
216.73.216.203 - - [14/Jul/2025:13:27:38 +0000] "GET /shopbrand/42236123.htm HTTP/1.1" 404 20340 "-" "Mozilla/5.0 AppleWebKit/537.36 (KHTML, like Gecko; compatible; ClaudeBot/1.0; [email protected])"
216.73.216.203 - - [14/Jul/2025:13:27:40 +0000] "GET /shopbrand/42291741.htm HTTP/1.1" 404 20340 "-" "Mozilla/5.0 AppleWebKit/537.36 (KHTML, like Gecko; compatible; ClaudeBot/1.0; [email protected])"
66.249.65.164 - - [14/Jul/2025:13:27:40 +0000] "GET /shopbrand/212191582.htm HTTP/1.1" 200 19069 "-" "Mozilla/5.0 (Linux; Android 6.0.1; Nexus 5X Build/MMB29P) AppleWebKit/537.36 (KHTML, like Gecko) Chrome/137.0.7151.103 Mobile Safari/537.36 (compatible; GoogleOther)"
66.249.65.164 - - [14/Jul/2025:13:27:40 +0000] "GET /?k=82098827031900&mod=9bcdf808&uri=us.php?toiawase HTTP/1.1" 200 21011 "-" "Mozilla/5.0 (Linux; Android 6.0.1; Nexus 5X Build/MMB29P) AppleWebKit/537.36 (KHTML, like Gecko) Chrome/137.0.7151.103 Mobile Safari/537.36 (compatible; Googlebot/2.1; +http://www.google.com/bot.html)"
66.249.65.164 - - [14/Jul/2025:13:27:41 +0000] "POST /get-message-notify HTTP/1.1" 200 19554 "https://alalamy.com.au/?k=7153822001900&mod=8763d72b&uri=brands.php%3Fid%3D238912-57%26name%3Dboult+audio+curve+wireless+neckband+magnetic+earphone+with+mic" "Mozilla/5.0 (Linux; Android 6.0.1; Nexus 5X Build/MMB29P) AppleWebKit/537.36 (KHTML, like Gecko) Chrome/137.0.7151.119 Mobile Safari/537.36 (compatible; Googlebot/2.1; +http://www.google.com/bot.html)"
66.249.65.164 - - [14/Jul/2025:13:27:43 +0000] "GET /?k=82098827031900&mod=9bcdf808&uri=us.php?shopbrand/245194.htm HTTP/1.1" 200 19157 "-" "Mozilla/5.0 (Linux; Android 6.0.1; Nexus 5X Build/MMB29P) AppleWebKit/537.36 (KHTML, like Gecko) Chrome/137.0.7151.103 Mobile Safari/537.36 (compatible; Googlebot/2.1; +http://www.google.com/bot.html)"
66.249.65.164 - - [14/Jul/2025:13:27:46 +0000] "GET /?k=82098827031900&mod=9bcdf808&uri=us.php?shopbrand/248117.htm HTTP/1.1" 200 20926 "-" "Mozilla/5.0 (Linux; Android 6.0.1; Nexus 5X Build/MMB29P) AppleWebKit/537.36 (KHTML, like Gecko) Chrome/137.0.7151.103 Mobile Safari/537.36 (compatible; Googlebot/2.1; +http://www.google.com/bot.html)"
66.249.65.164 - - [14/Jul/2025:13:27:50 +0000] "GET /?k=82098827031900&mod=9bcdf808&uri=us.php?shopbrand/251012.htm HTTP/1.1" 200 19339 "-" "Mozilla/5.0 (Linux; Android 6.0.1; Nexus 5X Build/MMB29P) AppleWebKit/537.36 (KHTML, like Gecko) Chrome/137.0.7151.103 Mobile Safari/537.36 (compatible; Googlebot/2.1; +http://www.google.com/bot.html)"
66.249.65.164 - - [14/Jul/2025:13:27:53 +0000] "GET /?k=82098827031900&mod=9bcdf808&uri=us.php?shopbrand/243651.htm HTTP/1.1" 200 19115 "-" "Mozilla/5.0 (Linux; Android 6.0.1; Nexus 5X Build/MMB29P) AppleWebKit/537.36 (KHTML, like Gecko) Chrome/137.0.7151.103 Mobile Safari/537.36 (compatible; Googlebot/2.1; +http://www.google.com/bot.html)"
66.249.65.164 - - [14/Jul/2025:13:27:56 +0000] "GET /?k=82098827031900&mod=9bcdf808&uri=us.php?shopbrand/246447.htm HTTP/1.1" 200 18977 "-" "Mozilla/5.0 (Linux; Android 6.0.1; Nexus 5X Build/MMB29P) AppleWebKit/537.36 (KHTML, like Gecko) Chrome/137.0.7151.103 Mobile Safari/537.36 (compatible; Googlebot/2.1; +http://www.google.com/bot.html)"
66.249.65.164 - - [14/Jul/2025:13:27:57 +0000] "GET /?k=82083707141900&mod=798e5a5d&uri=us.php?shopbrand/249086.htm HTTP/1.1" 200 18882 "-" "Mozilla/5.0 (Linux; Android 6.0.1; Nexus 5X Build/MMB29P) AppleWebKit/537.36 (KHTML, like Gecko) Chrome/137.0.7151.103 Mobile Safari/537.36 (compatible; Googlebot/2.1; +http://www.google.com/bot.html)"
66.249.65.164 - - [14/Jul/2025:13:27:57 +0000] "GET /?k=7146659091900&mod=8763d72b&uri=goods.php?shopbrand/247843.htm HTTP/1.1" 200 19582 "-" "Mozilla/5.0 (Linux; Android 6.0.1; Nexus 5X Build/MMB29P) AppleWebKit/537.36 (KHTML, like Gecko) Chrome/137.0.7151.103 Mobile Safari/537.36 (compatible; Googlebot/2.1; +http://www.google.com/bot.html)"
66.249.65.165 - - [14/Jul/2025:13:28:00 +0000] "POST /get-message-notify HTTP/1.1" 200 19554 "https://alalamy.com.au/?k=7146659091900&mod=8763d72b&uri=goods.php?shopbrand/247843.htm" "Mozilla/5.0 (Linux; Android 6.0.1; Nexus 5X Build/MMB29P) AppleWebKit/537.36 (KHTML, like Gecko) Chrome/137.0.7151.119 Mobile Safari/537.36 (compatible; Googlebot/2.1; +http://www.google.com/bot.html)"
66.249.65.164 - - [14/Jul/2025:13:28:00 +0000] "GET /?k=82083707141900&mod=798e5a5d&uri=us.php?feature/osu_main/index.html HTTP/1.1" 200 21613 "-" "Mozilla/5.0 (Linux; Android 6.0.1; Nexus 5X Build/MMB29P) AppleWebKit/537.36 (KHTML, like Gecko) Chrome/137.0.7151.103 Mobile Safari/537.36 (compatible; Googlebot/2.1; +http://www.google.com/bot.html)"
66.249.65.164 - - [14/Jul/2025:13:28:02 +0000] "GET /shopbrand/212164181.htm HTTP/1.1" 200 20855 "-" "Mozilla/5.0 (Linux; Android 6.0.1; Nexus 5X Build/MMB29P) AppleWebKit/537.36 (KHTML, like Gecko) Chrome/137.0.7151.103 Mobile Safari/537.36 (compatible; GoogleOther)"
66.249.65.164 - - [14/Jul/2025:13:28:03 +0000] "GET /?k=82098827031900&mod=9bcdf808&uri=us.php?shopbrand/249088.htm HTTP/1.1" 200 18974 "-" "Mozilla/5.0 (Linux; Android 6.0.1; Nexus 5X Build/MMB29P) AppleWebKit/537.36 (KHTML, like Gecko) Chrome/137.0.7151.103 Mobile Safari/537.36 (compatible; Googlebot/2.1; +http://www.google.com/bot.html)"
66.249.65.164 - - [14/Jul/2025:13:28:10 +0000] "GET /?k=82083707141900&mod=798e5a5d&uri=us.php?shopbrand/245734.htm HTTP/1.1" 200 19371 "-" "Mozilla/5.0 (Linux; Android 6.0.1; Nexus 5X Build/MMB29P) AppleWebKit/537.36 (KHTML, like Gecko) Chrome/137.0.7151.103 Mobile Safari/537.36 (compatible; Googlebot/2.1; +http://www.google.com/bot.html)"
216.73.216.203 - - [14/Jul/2025:13:28:14 +0000] "GET /shopbrand/42220573.htm HTTP/1.1" 404 20340 "-" "Mozilla/5.0 AppleWebKit/537.36 (KHTML, like Gecko; compatible; ClaudeBot/1.0; [email protected])"
209.74.77.214 - - [14/Jul/2025:13:28:17 +0000] "POST /wp-cron.php?doing_wp_cron=1752499697.4258348941802978515625 HTTP/1.1" 200 - "-" "WordPress/6.8.1; https://alalamy.com.au"
216.73.216.203 - - [14/Jul/2025:13:28:17 +0000] "GET /shopbrand/42261020.htm HTTP/1.1" 404 20340 "-" "Mozilla/5.0 AppleWebKit/537.36 (KHTML, like Gecko; compatible; ClaudeBot/1.0; [email protected])"
216.73.216.203 - - [14/Jul/2025:13:28:20 +0000] "GET /shopbrand/42260704.htm HTTP/1.1" 404 20340 "-" "Mozilla/5.0 AppleWebKit/537.36 (KHTML, like Gecko; compatible; ClaudeBot/1.0; [email protected])"
216.73.216.203 - - [14/Jul/2025:13:28:23 +0000] "GET /shopbrand/42286463.htm HTTP/1.1" 404 20340 "-" "Mozilla/5.0 AppleWebKit/537.36 (KHTML, like Gecko; compatible; ClaudeBot/1.0; [email protected])"
216.73.216.203 - - [14/Jul/2025:13:28:26 +0000] "GET /shopbrand/42204018.htm HTTP/1.1" 404 20340 "-" "Mozilla/5.0 AppleWebKit/537.36 (KHTML, like Gecko; compatible; ClaudeBot/1.0; [email protected])"
66.249.65.164 - - [14/Jul/2025:13:28:26 +0000] "GET /?k=7426856041900&mod=357a689f&uri=article.php%3Fid%3D248042-410%26name%3Dused+lego+jurassic+world HTTP/1.1" 200 19645 "-" "Mozilla/5.0 (Linux; Android 6.0.1; Nexus 5X Build/MMB29P) AppleWebKit/537.36 (KHTML, like Gecko) Chrome/137.0.7151.103 Mobile Safari/537.36 (compatible; Googlebot/2.1; +http://www.google.com/bot.html)"
216.73.216.203 - - [14/Jul/2025:13:28:29 +0000] "GET /shopbrand/42287549.htm HTTP/1.1" 404 20340 "-" "Mozilla/5.0 AppleWebKit/537.36 (KHTML, like Gecko; compatible; ClaudeBot/1.0; [email protected])"
66.249.65.164 - - [14/Jul/2025:13:28:32 +0000] "POST /get-message-notify HTTP/1.1" 200 19554 "https://alalamy.com.au/?k=82098827031900&mod=9bcdf808&uri=us.php?shopbrand/245194.htm" "Mozilla/5.0 (Linux; Android 6.0.1; Nexus 5X Build/MMB29P) AppleWebKit/537.36 (KHTML, like Gecko) Chrome/137.0.7151.119 Mobile Safari/537.36 (compatible; Googlebot/2.1; +http://www.google.com/bot.html)"
209.74.77.214 - - [14/Jul/2025:13:28:33 +0000] "POST /wp-cron.php?doing_wp_cron=1752499713.4936530590057373046875 HTTP/1.1" 200 - "-" "WordPress/6.8.1; https://alalamy.com.au"
216.73.216.203 - - [14/Jul/2025:13:28:33 +0000] "GET /shopbrand/42239443.htm HTTP/1.1" 404 20340 "-" "Mozilla/5.0 AppleWebKit/537.36 (KHTML, like Gecko; compatible; ClaudeBot/1.0; [email protected])"
209.74.77.214 - - [14/Jul/2025:13:28:33 +0000] "POST /wp-admin/admin-ajax.php?action=async_litespeed&nonce=2nRxVPcH74hFA6BVpWqACOddvM8P9o2p&litespeed_type=imgoptm HTTP/1.1" 200 21 "-" "WordPress/6.8.1; https://alalamy.com.au"
66.249.65.164 - - [14/Jul/2025:13:28:42 +0000] "GET /?k=6702155041900&mod=1366e101&uri=products.php%3Fid%3D223836-376%26name%3Dsteven+universe+change+your+mind+kisscartoon HTTP/1.1" 200 19670 "-" "Mozilla/5.0 (Linux; Android 6.0.1; Nexus 5X Build/MMB29P) AppleWebKit/537.36 (KHTML, like Gecko) Chrome/137.0.7151.103 Mobile Safari/537.36 (compatible; GoogleOther)"
216.73.216.203 - - [14/Jul/2025:13:28:54 +0000] "GET /shopbrand/42191345.htm HTTP/1.1" 404 20340 "-" "Mozilla/5.0 AppleWebKit/537.36 (KHTML, like Gecko; compatible; ClaudeBot/1.0; [email protected])"
66.249.65.164 - - [14/Jul/2025:13:28:56 +0000] "GET /?k=82083707141900&mod=798e5a5d&uri=us.php?toreka/toreka_single.html HTTP/1.1" 200 20287 "-" "Mozilla/5.0 (Linux; Android 6.0.1; Nexus 5X Build/MMB29P) AppleWebKit/537.36 (KHTML, like Gecko) Chrome/137.0.7151.103 Mobile Safari/537.36 (compatible; Googlebot/2.1; +http://www.google.com/bot.html)"
216.73.216.203 - - [14/Jul/2025:13:28:57 +0000] "GET /shopbrand/42233204.htm HTTP/1.1" 404 20340 "-" "Mozilla/5.0 AppleWebKit/537.36 (KHTML, like Gecko; compatible; ClaudeBot/1.0; [email protected])"
216.73.216.203 - - [14/Jul/2025:13:29:00 +0000] "GET /shopbrand/42285335.htm HTTP/1.1" 404 20340 "-" "Mozilla/5.0 AppleWebKit/537.36 (KHTML, like Gecko; compatible; ClaudeBot/1.0; [email protected])"
216.73.216.203 - - [14/Jul/2025:13:29:03 +0000] "GET /shopbrand/42282571.htm HTTP/1.1" 404 20340 "-" "Mozilla/5.0 AppleWebKit/537.36 (KHTML, like Gecko; compatible; ClaudeBot/1.0; [email protected])"
216.73.216.203 - - [14/Jul/2025:13:29:06 +0000] "GET /shopbrand/42289616.htm HTTP/1.1" 404 20340 "-" "Mozilla/5.0 AppleWebKit/537.36 (KHTML, like Gecko; compatible; ClaudeBot/1.0; [email protected])"
66.249.65.164 - - [14/Jul/2025:13:29:08 +0000] "GET /?k=7369639031900&mod=078fbc1d&uri=pin.php%3Fid%3D246128-408%26name%3Dgenji+sweater HTTP/1.1" 200 19585 "-" "Mozilla/5.0 (Linux; Android 6.0.1; Nexus 5X Build/MMB29P) AppleWebKit/537.36 (KHTML, like Gecko) Chrome/137.0.7151.103 Mobile Safari/537.36 (compatible; Googlebot/2.1; +http://www.google.com/bot.html)"
66.249.65.164 - - [14/Jul/2025:13:29:08 +0000] "POST /get-message-notify HTTP/1.1" 200 19554 "https://alalamy.com.au/shopbrand/212127898.htm" "Mozilla/5.0 (Linux; Android 6.0.1; Nexus 5X Build/MMB29P) AppleWebKit/537.36 (KHTML, like Gecko) Chrome/137.0.7151.119 Mobile Safari/537.36 (compatible; Googlebot/2.1; +http://www.google.com/bot.html)"
216.73.216.203 - - [14/Jul/2025:13:29:09 +0000] "GET /shopbrand/42185386.htm HTTP/1.1" 404 20340 "-" "Mozilla/5.0 AppleWebKit/537.36 (KHTML, like Gecko; compatible; ClaudeBot/1.0; [email protected])"
216.73.216.203 - - [14/Jul/2025:13:29:12 +0000] "GET /shopbrand/42281302.htm HTTP/1.1" 404 20340 "-" "Mozilla/5.0 AppleWebKit/537.36 (KHTML, like Gecko; compatible; ClaudeBot/1.0; [email protected])"
66.249.65.165 - - [14/Jul/2025:13:29:35 +0000] "GET /?k=7458884041900&mod=160c8865&uri=blog.php%3Fid%3D249110-11%26name%3Dbest+hard+wearing+trainers HTTP/1.1" 200 19607 "-" "Mozilla/5.0 (Linux; Android 6.0.1; Nexus 5X Build/MMB29P) AppleWebKit/537.36 (KHTML, like Gecko) Chrome/137.0.7151.103 Mobile Safari/537.36 (compatible; Googlebot/2.1; +http://www.google.com/bot.html)"
209.74.77.214 - - [14/Jul/2025:13:29:54 +0000] "POST /wp-cron.php?doing_wp_cron=1752499794.1614210605621337890625 HTTP/1.1" 200 - "-" "WordPress/6.8.1; https://alalamy.com.au"
216.73.216.203 - - [14/Jul/2025:13:29:53 +0000] "GET /shopbrand/42283657.htm HTTP/1.1" 404 20340 "-" "Mozilla/5.0 AppleWebKit/537.36 (KHTML, like Gecko; compatible; ClaudeBot/1.0; [email protected])"
209.74.77.214 - - [14/Jul/2025:13:29:54 +0000] "POST /wp-admin/admin-ajax.php?action=async_litespeed&nonce=q80UXXBarihoXoA7CdHVrIc3EfHnXkfQ&litespeed_type=imgoptm HTTP/1.1" 200 21 "-" "WordPress/6.8.1; https://alalamy.com.au"
216.73.216.203 - - [14/Jul/2025:13:29:56 +0000] "GET /shopbrand/42236663.htm HTTP/1.1" 404 20340 "-" "Mozilla/5.0 AppleWebKit/537.36 (KHTML, like Gecko; compatible; ClaudeBot/1.0; [email protected])"
216.73.216.203 - - [14/Jul/2025:13:29:59 +0000] "GET /shopbrand/42232108.htm HTTP/1.1" 404 20340 "-" "Mozilla/5.0 AppleWebKit/537.36 (KHTML, like Gecko; compatible; ClaudeBot/1.0; [email protected])"
216.73.216.203 - - [14/Jul/2025:13:30:02 +0000] "GET /shopbrand/42178160.htm HTTP/1.1" 404 20340 "-" "Mozilla/5.0 AppleWebKit/537.36 (KHTML, like Gecko; compatible; ClaudeBot/1.0; [email protected])"
216.73.216.203 - - [14/Jul/2025:13:30:05 +0000] "GET /shopbrand/42190515.htm HTTP/1.1" 404 20340 "-" "Mozilla/5.0 AppleWebKit/537.36 (KHTML, like Gecko; compatible; ClaudeBot/1.0; [email protected])"
216.73.216.203 - - [14/Jul/2025:13:30:08 +0000] "GET /shopbrand/42293808.htm HTTP/1.1" 404 20340 "-" "Mozilla/5.0 AppleWebKit/537.36 (KHTML, like Gecko; compatible; ClaudeBot/1.0; [email protected])"
216.73.216.203 - - [14/Jul/2025:13:30:11 +0000] "GET /shopbrand/42256554.htm HTTP/1.1" 404 20340 "-" "Mozilla/5.0 AppleWebKit/537.36 (KHTML, like Gecko; compatible; ClaudeBot/1.0; [email protected])"
66.249.65.165 - - [14/Jul/2025:13:30:17 +0000] "GET /?k=7468393001900&mod=c5b86fa9&uri=shop.php%3Fid%3D249428-141%26name%3Dvestidos+de+ba%C3%83%C2%B1o+para+gorditas+de+dos+piezas HTTP/1.1" 200 19681 "-" "Mozilla/5.0 (Linux; Android 6.0.1; Nexus 5X Build/MMB29P) AppleWebKit/537.36 (KHTML, like Gecko) Chrome/137.0.7151.103 Mobile Safari/537.36 (compatible; Googlebot/2.1; +http://www.google.com/bot.html)"
209.74.77.214 - - [14/Jul/2025:13:30:43 +0000] "POST /wp-cron.php?doing_wp_cron=1752499843.1227169036865234375000 HTTP/1.1" 200 - "-" "WordPress/6.8.1; https://alalamy.com.au"
216.73.216.203 - - [14/Jul/2025:13:30:42 +0000] "GET /shopbrand/42198599.htm HTTP/1.1" 404 20340 "-" "Mozilla/5.0 AppleWebKit/537.36 (KHTML, like Gecko; compatible; ClaudeBot/1.0; [email protected])"
209.74.77.214 - - [14/Jul/2025:13:30:43 +0000] "POST /wp-admin/admin-ajax.php?action=async_litespeed&nonce=fkymd7gBoABHKr6HKGgxLLdhBv1XK0nD&litespeed_type=imgoptm HTTP/1.1" 200 21 "-" "WordPress/6.8.1; https://alalamy.com.au"
66.249.65.164 - - [14/Jul/2025:13:30:45 +0000] "GET /?k=7108755011900&mod=46489c17&uri=shop.php?shopbrand/248415.htm HTTP/1.1" 200 19001 "-" "Mozilla/5.0 (Linux; Android 6.0.1; Nexus 5X Build/MMB29P) AppleWebKit/537.36 (KHTML, like Gecko) Chrome/137.0.7151.103 Mobile Safari/537.36 (compatible; Googlebot/2.1; +http://www.google.com/bot.html)"
216.73.216.203 - - [14/Jul/2025:13:30:46 +0000] "GET /shopbrand/42264340.htm HTTP/1.1" 404 20340 "-" "Mozilla/5.0 AppleWebKit/537.36 (KHTML, like Gecko; compatible; ClaudeBot/1.0; [email protected])"
216.73.216.203 - - [14/Jul/2025:13:30:48 +0000] "GET /shopbrand/42292678.htm HTTP/1.1" 404 20340 "-" "Mozilla/5.0 AppleWebKit/537.36 (KHTML, like Gecko; compatible; ClaudeBot/1.0; [email protected])"
216.73.216.203 - - [14/Jul/2025:13:30:51 +0000] "GET /shopbrand/42267376.htm HTTP/1.1" 404 20340 "-" "Mozilla/5.0 AppleWebKit/537.36 (KHTML, like Gecko; compatible; ClaudeBot/1.0; [email protected])"
66.249.65.164 - - [14/Jul/2025:13:30:54 +0000] "GET /shopbrand/212166802.htm HTTP/1.1" 200 18483 "-" "Mozilla/5.0 (Linux; Android 6.0.1; Nexus 5X Build/MMB29P) AppleWebKit/537.36 (KHTML, like Gecko) Chrome/137.0.7151.103 Mobile Safari/537.36 (compatible; GoogleOther)"
216.73.216.203 - - [14/Jul/2025:13:30:54 +0000] "GET /shopbrand/42264066.htm HTTP/1.1" 404 20340 "-" "Mozilla/5.0 AppleWebKit/537.36 (KHTML, like Gecko; compatible; ClaudeBot/1.0; [email protected])"
216.73.216.203 - - [14/Jul/2025:13:30:57 +0000] "GET /shopbrand/42193172.htm HTTP/1.1" 404 20340 "-" "Mozilla/5.0 AppleWebKit/537.36 (KHTML, like Gecko; compatible; ClaudeBot/1.0; [email protected])"
216.73.216.203 - - [14/Jul/2025:13:31:00 +0000] "GET /shopbrand/42230962.htm HTTP/1.1" 404 20340 "-" "Mozilla/5.0 AppleWebKit/537.36 (KHTML, like Gecko; compatible; ClaudeBot/1.0; [email protected])"
66.249.65.164 - - [14/Jul/2025:13:31:00 +0000] "GET /?k=82083707141900&mod=798e5a5d&uri=us.php?shopbrand/244896.htm HTTP/1.1" 200 19407 "-" "Mozilla/5.0 (Linux; Android 6.0.1; Nexus 5X Build/MMB29P) AppleWebKit/537.36 (KHTML, like Gecko) Chrome/137.0.7151.103 Mobile Safari/537.36 (compatible; Googlebot/2.1; +http://www.google.com/bot.html)"
66.249.65.166 - - [14/Jul/2025:13:31:04 +0000] "GET /?k=7464554031900&mod=160c8865&uri=dp.php%3Fid%3D249299-11%26name%3Ddune+emilia+trainers HTTP/1.1" 200 19590 "-" "Mozilla/5.0 (Linux; Android 6.0.1; Nexus 5X Build/MMB29P) AppleWebKit/537.36 (KHTML, like Gecko) Chrome/137.0.7151.103 Mobile Safari/537.36 (compatible; Googlebot/2.1; +http://www.google.com/bot.html)"
66.249.65.165 - - [14/Jul/2025:13:31:05 +0000] "GET /shopbrand/212242575.htm HTTP/1.1" 200 18809 "-" "Mozilla/5.0 (Linux; Android 6.0.1; Nexus 5X Build/MMB29P) AppleWebKit/537.36 (KHTML, like Gecko) Chrome/137.0.7151.103 Mobile Safari/537.36 (compatible; GoogleOther)"
66.249.65.164 - - [14/Jul/2025:13:31:09 +0000] "POST /get-message-notify HTTP/1.1" 200 19554 "https://alalamy.com.au/?k=82083707141900&mod=798e5a5d&uri=us.php?shopbrand/244896.htm" "Mozilla/5.0 (Linux; Android 6.0.1; Nexus 5X Build/MMB29P) AppleWebKit/537.36 (KHTML, like Gecko) Chrome/137.0.7151.119 Mobile Safari/537.36 (compatible; Googlebot/2.1; +http://www.google.com/bot.html)"
66.249.65.164 - - [14/Jul/2025:13:31:26 +0000] "GET /shopbrand/212157807.htm HTTP/1.1" 200 19493 "-" "Mozilla/5.0 (Linux; Android 6.0.1; Nexus 5X Build/MMB29P) AppleWebKit/537.36 (KHTML, like Gecko) Chrome/137.0.7151.103 Mobile Safari/537.36 (compatible; GoogleOther)"
66.249.65.164 - - [14/Jul/2025:13:31:29 +0000] "GET /?k=6758900021900&mod=b75fccec&uri=us.php?pcmypage HTTP/1.1" 200 18897 "-" "Mozilla/5.0 (Linux; Android 6.0.1; Nexus 5X Build/MMB29P) AppleWebKit/537.36 (KHTML, like Gecko) Chrome/137.0.7151.103 Mobile Safari/537.36 (compatible; Googlebot/2.1; +http://www.google.com/bot.html)"
209.74.77.214 - - [14/Jul/2025:13:31:30 +0000] "POST /wp-cron.php?doing_wp_cron=1752499890.6726770401000976562500 HTTP/1.1" 200 - "-" "WordPress/6.8.1; https://alalamy.com.au"
216.73.216.203 - - [14/Jul/2025:13:31:30 +0000] "GET /shopbrand/42227801.htm HTTP/1.1" 404 20340 "-" "Mozilla/5.0 AppleWebKit/537.36 (KHTML, like Gecko; compatible; ClaudeBot/1.0; [email protected])"
209.74.77.214 - - [14/Jul/2025:13:31:33 +0000] "POST /wp-cron.php?doing_wp_cron=1752499893.5599689483642578125000 HTTP/1.1" 200 - "-" "WordPress/6.8.1; https://alalamy.com.au"
216.73.216.203 - - [14/Jul/2025:13:31:33 +0000] "GET /shopbrand/42260746.htm HTTP/1.1" 404 20340 "-" "Mozilla/5.0 AppleWebKit/537.36 (KHTML, like Gecko; compatible; ClaudeBot/1.0; [email protected])"
209.74.77.214 - - [14/Jul/2025:13:31:33 +0000] "POST /wp-admin/admin-ajax.php?action=async_litespeed&nonce=guUUkPi486cQPYXi8PpBmSLnHXmbHlBC&litespeed_type=imgoptm HTTP/1.1" 200 21 "-" "WordPress/6.8.1; https://alalamy.com.au"
216.73.216.203 - - [14/Jul/2025:13:31:36 +0000] "GET /shopbrand/42190249.htm HTTP/1.1" 404 20340 "-" "Mozilla/5.0 AppleWebKit/537.36 (KHTML, like Gecko; compatible; ClaudeBot/1.0; [email protected])"
66.249.65.164 - - [14/Jul/2025:13:31:37 +0000] "GET /shopbrand/212189872.htm HTTP/1.1" 200 19175 "-" "Mozilla/5.0 (Linux; Android 6.0.1; Nexus 5X Build/MMB29P) AppleWebKit/537.36 (KHTML, like Gecko) Chrome/137.0.7151.103 Mobile Safari/537.36 (compatible; GoogleOther)"
216.73.216.203 - - [14/Jul/2025:13:31:39 +0000] "GET /shopbrand/42199983.htm HTTP/1.1" 404 20340 "-" "Mozilla/5.0 AppleWebKit/537.36 (KHTML, like Gecko; compatible; ClaudeBot/1.0; [email protected])"
216.73.216.203 - - [14/Jul/2025:13:31:42 +0000] "GET /shopbrand/42188309.htm HTTP/1.1" 404 20340 "-" "Mozilla/5.0 AppleWebKit/537.36 (KHTML, like Gecko; compatible; ClaudeBot/1.0; [email protected])"
66.249.65.164 - - [14/Jul/2025:13:31:43 +0000] "GET /?k=82098827031900&mod=9bcdf808&uri=us.php?shopbrand/245619.htm HTTP/1.1" 200 20450 "-" "Mozilla/5.0 (Linux; Android 6.0.1; Nexus 5X Build/MMB29P) AppleWebKit/537.36 (KHTML, like Gecko) Chrome/137.0.7151.103 Mobile Safari/537.36 (compatible; Googlebot/2.1; +http://www.google.com/bot.html)"
66.249.65.164 - - [14/Jul/2025:13:31:44 +0000] "GET /?k=7108755011900&mod=46489c17&uri=shop.php?shopbrand/244896.htm HTTP/1.1" 200 19406 "-" "Mozilla/5.0 (Linux; Android 6.0.1; Nexus 5X Build/MMB29P) AppleWebKit/537.36 (KHTML, like Gecko) Chrome/137.0.7151.103 Mobile Safari/537.36 (compatible; Googlebot/2.1; +http://www.google.com/bot.html)"
66.249.65.164 - - [14/Jul/2025:13:31:44 +0000] "GET /?k=7108755011900&mod=46489c17&uri=shop.php?vintagegame.html HTTP/1.1" 200 19164 "-" "Mozilla/5.0 (Linux; Android 6.0.1; Nexus 5X Build/MMB29P) AppleWebKit/537.36 (KHTML, like Gecko) Chrome/137.0.7151.103 Mobile Safari/537.36 (compatible; Googlebot/2.1; +http://www.google.com/bot.html)"
216.73.216.203 - - [14/Jul/2025:13:31:45 +0000] "GET /shopbrand/42284495.htm HTTP/1.1" 404 20340 "-" "Mozilla/5.0 AppleWebKit/537.36 (KHTML, like Gecko; compatible; ClaudeBot/1.0; [email protected])"
66.249.65.164 - - [14/Jul/2025:13:31:47 +0000] "GET /?k=7466697011900&mod=c5b86fa9&uri=article.php%3Fid%3D249371-141%26name%3Dvestidos+en+color+chicle HTTP/1.1" 200 19637 "-" "Mozilla/5.0 (Linux; Android 6.0.1; Nexus 5X Build/MMB29P) AppleWebKit/537.36 (KHTML, like Gecko) Chrome/137.0.7151.103 Mobile Safari/537.36 (compatible; Googlebot/2.1; +http://www.google.com/bot.html)"
66.249.65.164 - - [14/Jul/2025:13:31:48 +0000] "GET /shopbrand/212175442.htm HTTP/1.1" 200 19464 "-" "Mozilla/5.0 (Linux; Android 6.0.1; Nexus 5X Build/MMB29P) AppleWebKit/537.36 (KHTML, like Gecko) Chrome/137.0.7151.103 Mobile Safari/537.36 (compatible; GoogleOther)"
216.73.216.203 - - [14/Jul/2025:13:31:48 +0000] "GET /shopbrand/42203196.htm HTTP/1.1" 404 20340 "-" "Mozilla/5.0 AppleWebKit/537.36 (KHTML, like Gecko; compatible; ClaudeBot/1.0; [email protected])"
66.249.65.164 - - [14/Jul/2025:13:31:59 +0000] "GET /shopbrand/212136379.htm HTTP/1.1" 200 18792 "-" "Mozilla/5.0 (Linux; Android 6.0.1; Nexus 5X Build/MMB29P) AppleWebKit/537.36 (KHTML, like Gecko) Chrome/137.0.7151.103 Mobile Safari/537.36 (compatible; GoogleOther)"
66.249.65.166 - - [14/Jul/2025:13:32:09 +0000] "GET /shopbrand/212147358.htm HTTP/1.1" 200 19908 "-" "Mozilla/5.0 (Linux; Android 6.0.1; Nexus 5X Build/MMB29P) AppleWebKit/537.36 (KHTML, like Gecko) Chrome/137.0.7151.103 Mobile Safari/537.36 (compatible; GoogleOther)"
66.249.65.164 - - [14/Jul/2025:13:32:14 +0000] "POST /get-message-notify HTTP/1.1" 200 19554 "https://alalamy.com.au/?k=6758900021900&mod=b75fccec&uri=us.php?pcmypage" "Mozilla/5.0 (Linux; Android 6.0.1; Nexus 5X Build/MMB29P) AppleWebKit/537.36 (KHTML, like Gecko) Chrome/137.0.7151.119 Mobile Safari/537.36 (compatible; Googlebot/2.1; +http://www.google.com/bot.html)"
66.249.65.164 - - [14/Jul/2025:13:32:20 +0000] "GET /shopbrand/212138049.htm HTTP/1.1" 200 19074 "-" "Mozilla/5.0 (Linux; Android 6.0.1; Nexus 5X Build/MMB29P) AppleWebKit/537.36 (KHTML, like Gecko) Chrome/137.0.7151.103 Mobile Safari/537.36 (compatible; GoogleOther)"
66.249.65.164 - - [14/Jul/2025:13:32:24 +0000] "GET /?k=7146659091900&mod=8763d72b&uri=goods.php?shopbrand/244523.htm HTTP/1.1" 200 19077 "-" "Mozilla/5.0 (Linux; Android 6.0.1; Nexus 5X Build/MMB29P) AppleWebKit/537.36 (KHTML, like Gecko) Chrome/137.0.7151.103 Mobile Safari/537.36 (compatible; Googlebot/2.1; +http://www.google.com/bot.html)"
66.249.65.164 - - [14/Jul/2025:13:32:28 +0000] "GET /?k=119851046111900&mod=34a95ac7&uri=news.php%3Fid%3D3999792-323%26name%3Drambler+coaster HTTP/1.1" 200 19596 "-" "Mozilla/5.0 (Linux; Android 6.0.1; Nexus 5X Build/MMB29P) AppleWebKit/537.36 (KHTML, like Gecko) Chrome/137.0.7151.103 Mobile Safari/537.36 (compatible; Googlebot/2.1; +http://www.google.com/bot.html)"
209.74.77.214 - - [14/Jul/2025:13:32:38 +0000] "POST /wp-cron.php?doing_wp_cron=1752499958.1881868839263916015625 HTTP/1.1" 200 - "-" "WordPress/6.8.1; https://alalamy.com.au"
216.73.216.203 - - [14/Jul/2025:13:32:37 +0000] "GET /shopbrand/42230291.htm HTTP/1.1" 404 20340 "-" "Mozilla/5.0 AppleWebKit/537.36 (KHTML, like Gecko; compatible; ClaudeBot/1.0; [email protected])"
209.74.77.214 - - [14/Jul/2025:13:32:38 +0000] "POST /wp-admin/admin-ajax.php?action=async_litespeed&nonce=h97iQpKxOpW3ceaku8OCsFnRSVkv3gHc&litespeed_type=imgoptm HTTP/1.1" 200 21 "-" "WordPress/6.8.1; https://alalamy.com.au"
216.73.216.203 - - [14/Jul/2025:13:32:40 +0000] "GET /shopbrand/42177171.htm HTTP/1.1" 404 20340 "-" "Mozilla/5.0 AppleWebKit/537.36 (KHTML, like Gecko; compatible; ClaudeBot/1.0; [email protected])"
216.73.216.203 - - [14/Jul/2025:13:32:43 +0000] "GET /shopbrand/42281699.htm HTTP/1.1" 404 20340 "-" "Mozilla/5.0 AppleWebKit/537.36 (KHTML, like Gecko; compatible; ClaudeBot/1.0; [email protected])"
216.73.216.203 - - [14/Jul/2025:13:32:46 +0000] "GET /shopbrand/42282273.htm HTTP/1.1" 404 20340 "-" "Mozilla/5.0 AppleWebKit/537.36 (KHTML, like Gecko; compatible; ClaudeBot/1.0; [email protected])"
