20.171.207.217 - - [14/Jul/2025:18:14:26 +0000] "GET /shopbrand/231757347.htm HTTP/1.1" 404 20340 "-" "Mozilla/5.0 AppleWebKit/537.36 (KHTML, like Gecko; compatible; GPTBot/1.2; +https://openai.com/gptbot)"
20.171.207.10 - - [14/Jul/2025:18:14:26 +0000] "GET /shopbrand/231738733.htm HTTP/1.1" 301 - "-" "Mozilla/5.0 AppleWebKit/537.36 (KHTML, like Gecko; compatible; GPTBot/1.2; +https://openai.com/gptbot)"
20.171.207.10 - - [14/Jul/2025:18:14:27 +0000] "GET /shopbrand/231733032.htm HTTP/1.1" 301 - "-" "Mozilla/5.0 AppleWebKit/537.36 (KHTML, like Gecko; compatible; GPTBot/1.2; +https://openai.com/gptbot)"
20.171.207.10 - - [14/Jul/2025:18:14:28 +0000] "GET /shopbrand/231737321.htm HTTP/1.1" 301 - "-" "Mozilla/5.0 AppleWebKit/537.36 (KHTML, like Gecko; compatible; GPTBot/1.2; +https://openai.com/gptbot)"
20.171.207.217 - - [14/Jul/2025:18:14:29 +0000] "GET /shopbrand/231712982.htm HTTP/1.1" 404 20340 "-" "Mozilla/5.0 AppleWebKit/537.36 (KHTML, like Gecko; compatible; GPTBot/1.2; +https://openai.com/gptbot)"
20.171.207.10 - - [14/Jul/2025:18:14:30 +0000] "GET /shopbrand/231811851.htm HTTP/1.1" 301 - "-" "Mozilla/5.0 AppleWebKit/537.36 (KHTML, like Gecko; compatible; GPTBot/1.2; +https://openai.com/gptbot)"
20.171.207.10 - - [14/Jul/2025:18:14:31 +0000] "GET /shopbrand/231714112.htm HTTP/1.1" 301 - "-" "Mozilla/5.0 AppleWebKit/537.36 (KHTML, like Gecko; compatible; GPTBot/1.2; +https://openai.com/gptbot)"
209.74.77.214 - - [14/Jul/2025:18:14:32 +0000] "POST /wp-cron.php?doing_wp_cron=1752516872.7464509010314941406250 HTTP/1.1" 200 - "-" "WordPress/6.8.1; https://alalamy.com.au"
20.171.207.10 - - [14/Jul/2025:18:14:32 +0000] "GET /shopbrand/231832812.htm HTTP/1.1" 301 - "-" "Mozilla/5.0 AppleWebKit/537.36 (KHTML, like Gecko; compatible; GPTBot/1.2; +https://openai.com/gptbot)"
20.171.207.217 - - [14/Jul/2025:18:14:32 +0000] "GET /shopbrand/231711886.htm HTTP/1.1" 404 20340 "-" "Mozilla/5.0 AppleWebKit/537.36 (KHTML, like Gecko; compatible; GPTBot/1.2; +https://openai.com/gptbot)"
209.74.77.214 - - [14/Jul/2025:18:14:32 +0000] "POST /wp-admin/admin-ajax.php?action=async_litespeed&nonce=KDaXZKylDGlpvhLeqLhtM6KkXKo6TxOS&litespeed_type=imgoptm HTTP/1.1" 200 21 "-" "WordPress/6.8.1; https://alalamy.com.au"
209.74.77.214 - - [14/Jul/2025:18:14:33 +0000] "POST /wp-cron.php?doing_wp_cron=1752516873.9202520847320556640625 HTTP/1.1" 200 - "-" "WordPress/6.8.1; https://alalamy.com.au"
20.171.207.10 - - [14/Jul/2025:18:14:33 +0000] "GET /shopbrand/231731330.htm HTTP/1.1" 301 - "-" "Mozilla/5.0 AppleWebKit/537.36 (KHTML, like Gecko; compatible; GPTBot/1.2; +https://openai.com/gptbot)"
20.171.207.10 - - [14/Jul/2025:18:14:34 +0000] "GET /shopbrand/231811412.htm HTTP/1.1" 301 - "-" "Mozilla/5.0 AppleWebKit/537.36 (KHTML, like Gecko; compatible; GPTBot/1.2; +https://openai.com/gptbot)"
20.171.207.217 - - [14/Jul/2025:18:14:35 +0000] "GET /shopbrand/231816001.htm HTTP/1.1" 404 20340 "-" "Mozilla/5.0 AppleWebKit/537.36 (KHTML, like Gecko; compatible; GPTBot/1.2; +https://openai.com/gptbot)"
20.171.207.10 - - [14/Jul/2025:18:14:36 +0000] "GET /shopbrand/231793336.htm HTTP/1.1" 301 - "-" "Mozilla/5.0 AppleWebKit/537.36 (KHTML, like Gecko; compatible; GPTBot/1.2; +https://openai.com/gptbot)"
20.171.207.10 - - [14/Jul/2025:18:14:37 +0000] "GET /shopbrand/231755538.htm HTTP/1.1" 301 - "-" "Mozilla/5.0 AppleWebKit/537.36 (KHTML, like Gecko; compatible; GPTBot/1.2; +https://openai.com/gptbot)"
66.249.65.166 - - [14/Jul/2025:18:14:38 +0000] "GET /?k=6436826001900&mod=462b7359&uri=shared.php%3Fid%3D214990-220%26name%3Drustoleum+as5600 HTTP/1.1" 200 19599 "-" "Mozilla/5.0 (compatible; Googlebot/2.1; +http://www.google.com/bot.html)"
20.171.207.10 - - [14/Jul/2025:18:14:38 +0000] "GET /shopbrand/231782226.htm HTTP/1.1" 301 - "-" "Mozilla/5.0 AppleWebKit/537.36 (KHTML, like Gecko; compatible; GPTBot/1.2; +https://openai.com/gptbot)"
20.171.207.217 - - [14/Jul/2025:18:14:39 +0000] "GET /shopbrand/231726326.htm HTTP/1.1" 404 20340 "-" "Mozilla/5.0 AppleWebKit/537.36 (KHTML, like Gecko; compatible; GPTBot/1.2; +https://openai.com/gptbot)"
20.171.207.10 - - [14/Jul/2025:18:14:39 +0000] "GET /shopbrand/231788898.htm HTTP/1.1" 301 - "-" "Mozilla/5.0 AppleWebKit/537.36 (KHTML, like Gecko; compatible; GPTBot/1.2; +https://openai.com/gptbot)"
20.171.207.10 - - [14/Jul/2025:18:14:40 +0000] "GET /shopbrand/231777097.htm HTTP/1.1" 301 - "-" "Mozilla/5.0 AppleWebKit/537.36 (KHTML, like Gecko; compatible; GPTBot/1.2; +https://openai.com/gptbot)"
20.171.207.10 - - [14/Jul/2025:18:14:41 +0000] "GET /shopbrand/231738999.htm HTTP/1.1" 301 - "-" "Mozilla/5.0 AppleWebKit/537.36 (KHTML, like Gecko; compatible; GPTBot/1.2; +https://openai.com/gptbot)"
20.171.207.217 - - [14/Jul/2025:18:14:42 +0000] "GET /shopbrand/231812125.htm HTTP/1.1" 404 20340 "-" "Mozilla/5.0 AppleWebKit/537.36 (KHTML, like Gecko; compatible; GPTBot/1.2; +https://openai.com/gptbot)"
20.171.207.10 - - [14/Jul/2025:18:14:42 +0000] "GET /shopbrand/231777478.htm HTTP/1.1" 301 - "-" "Mozilla/5.0 AppleWebKit/537.36 (KHTML, like Gecko; compatible; GPTBot/1.2; +https://openai.com/gptbot)"
20.171.207.10 - - [14/Jul/2025:18:14:44 +0000] "GET /shopbrand/231775554.htm HTTP/1.1" 301 - "-" "Mozilla/5.0 AppleWebKit/537.36 (KHTML, like Gecko; compatible; GPTBot/1.2; +https://openai.com/gptbot)"
20.171.207.10 - - [14/Jul/2025:18:14:45 +0000] "GET /shopbrand/231749994.htm HTTP/1.1" 301 - "-" "Mozilla/5.0 AppleWebKit/537.36 (KHTML, like Gecko; compatible; GPTBot/1.2; +https://openai.com/gptbot)"
20.171.207.217 - - [14/Jul/2025:18:14:45 +0000] "GET /shopbrand/231740244.htm HTTP/1.1" 404 20340 "-" "Mozilla/5.0 AppleWebKit/537.36 (KHTML, like Gecko; compatible; GPTBot/1.2; +https://openai.com/gptbot)"
20.171.207.10 - - [14/Jul/2025:18:14:46 +0000] "GET /shopbrand/231777363.htm HTTP/1.1" 301 - "-" "Mozilla/5.0 AppleWebKit/537.36 (KHTML, like Gecko; compatible; GPTBot/1.2; +https://openai.com/gptbot)"
20.171.207.10 - - [14/Jul/2025:18:14:47 +0000] "GET /shopbrand/231768882.htm HTTP/1.1" 301 - "-" "Mozilla/5.0 AppleWebKit/537.36 (KHTML, like Gecko; compatible; GPTBot/1.2; +https://openai.com/gptbot)"
20.171.207.217 - - [14/Jul/2025:18:14:48 +0000] "GET /shopbrand/231719273.htm HTTP/1.1" 404 20340 "-" "Mozilla/5.0 AppleWebKit/537.36 (KHTML, like Gecko; compatible; GPTBot/1.2; +https://openai.com/gptbot)"
20.171.207.10 - - [14/Jul/2025:18:14:48 +0000] "GET /shopbrand/231779992.htm HTTP/1.1" 301 - "-" "Mozilla/5.0 AppleWebKit/537.36 (KHTML, like Gecko; compatible; GPTBot/1.2; +https://openai.com/gptbot)"
20.171.207.10 - - [14/Jul/2025:18:14:49 +0000] "GET /shopbrand/231735222.htm HTTP/1.1" 301 - "-" "Mozilla/5.0 AppleWebKit/537.36 (KHTML, like Gecko; compatible; GPTBot/1.2; +https://openai.com/gptbot)"
20.171.207.10 - - [14/Jul/2025:18:14:51 +0000] "GET /shopbrand/231830888.htm HTTP/1.1" 301 - "-" "Mozilla/5.0 AppleWebKit/537.36 (KHTML, like Gecko; compatible; GPTBot/1.2; +https://openai.com/gptbot)"
20.171.207.217 - - [14/Jul/2025:18:14:52 +0000] "GET /shopbrand/231800848.htm HTTP/1.1" 404 20340 "-" "Mozilla/5.0 AppleWebKit/537.36 (KHTML, like Gecko; compatible; GPTBot/1.2; +https://openai.com/gptbot)"
20.171.207.10 - - [14/Jul/2025:18:14:52 +0000] "GET /shopbrand/231752333.htm HTTP/1.1" 301 - "-" "Mozilla/5.0 AppleWebKit/537.36 (KHTML, like Gecko; compatible; GPTBot/1.2; +https://openai.com/gptbot)"
20.171.207.10 - - [14/Jul/2025:18:14:53 +0000] "GET /shopbrand/231777212.htm HTTP/1.1" 301 - "-" "Mozilla/5.0 AppleWebKit/537.36 (KHTML, like Gecko; compatible; GPTBot/1.2; +https://openai.com/gptbot)"
20.171.207.10 - - [14/Jul/2025:18:14:54 +0000] "GET /shopbrand/231812224.htm HTTP/1.1" 301 - "-" "Mozilla/5.0 AppleWebKit/537.36 (KHTML, like Gecko; compatible; GPTBot/1.2; +https://openai.com/gptbot)"
66.249.65.164 - - [14/Jul/2025:18:14:54 +0000] "GET /?k=6652825061900&mod=d2394127&uri=search.php%3Fid%3D222191-372%26name%3Dbest+tungsten+wedding+bands HTTP/1.1" 200 19606 "-" "Mozilla/5.0 (Linux; Android 6.0.1; Nexus 5X Build/MMB29P) AppleWebKit/537.36 (KHTML, like Gecko) Chrome/137.0.7151.103 Mobile Safari/537.36 (compatible; Googlebot/2.1; +http://www.google.com/bot.html)"
20.171.207.217 - - [14/Jul/2025:18:14:55 +0000] "GET /shopbrand/231822788.htm HTTP/1.1" 404 20340 "-" "Mozilla/5.0 AppleWebKit/537.36 (KHTML, like Gecko; compatible; GPTBot/1.2; +https://openai.com/gptbot)"
20.171.207.10 - - [14/Jul/2025:18:14:55 +0000] "GET /shopbrand/231833378.htm HTTP/1.1" 301 - "-" "Mozilla/5.0 AppleWebKit/537.36 (KHTML, like Gecko; compatible; GPTBot/1.2; +https://openai.com/gptbot)"
20.171.207.10 - - [14/Jul/2025:18:14:56 +0000] "GET /shopbrand/231777637.htm HTTP/1.1" 301 - "-" "Mozilla/5.0 AppleWebKit/537.36 (KHTML, like Gecko; compatible; GPTBot/1.2; +https://openai.com/gptbot)"
20.171.207.10 - - [14/Jul/2025:18:14:58 +0000] "GET /shopbrand/231811138.htm HTTP/1.1" 301 - "-" "Mozilla/5.0 AppleWebKit/537.36 (KHTML, like Gecko; compatible; GPTBot/1.2; +https://openai.com/gptbot)"
20.171.207.217 - - [14/Jul/2025:18:14:58 +0000] "GET /shopbrand/231781801.htm HTTP/1.1" 404 20340 "-" "Mozilla/5.0 AppleWebKit/537.36 (KHTML, like Gecko; compatible; GPTBot/1.2; +https://openai.com/gptbot)"
20.171.207.10 - - [14/Jul/2025:18:14:59 +0000] "GET /shopbrand/231822248.htm HTTP/1.1" 301 - "-" "Mozilla/5.0 AppleWebKit/537.36 (KHTML, like Gecko; compatible; GPTBot/1.2; +https://openai.com/gptbot)"
20.171.207.10 - - [14/Jul/2025:18:15:00 +0000] "GET /shopbrand/231711173.htm HTTP/1.1" 301 - "-" "Mozilla/5.0 AppleWebKit/537.36 (KHTML, like Gecko; compatible; GPTBot/1.2; +https://openai.com/gptbot)"
20.171.207.10 - - [14/Jul/2025:18:15:01 +0000] "GET /shopbrand/231784450.htm HTTP/1.1" 301 - "-" "Mozilla/5.0 AppleWebKit/537.36 (KHTML, like Gecko; compatible; GPTBot/1.2; +https://openai.com/gptbot)"
20.171.207.217 - - [14/Jul/2025:18:15:01 +0000] "GET /shopbrand/231812391.htm HTTP/1.1" 404 20340 "-" "Mozilla/5.0 AppleWebKit/537.36 (KHTML, like Gecko; compatible; GPTBot/1.2; +https://openai.com/gptbot)"
20.171.207.10 - - [14/Jul/2025:18:15:02 +0000] "GET /shopbrand/231771777.htm HTTP/1.1" 301 - "-" "Mozilla/5.0 AppleWebKit/537.36 (KHTML, like Gecko; compatible; GPTBot/1.2; +https://openai.com/gptbot)"
20.171.207.10 - - [14/Jul/2025:18:15:03 +0000] "GET /shopbrand/231800008.htm HTTP/1.1" 301 - "-" "Mozilla/5.0 AppleWebKit/537.36 (KHTML, like Gecko; compatible; GPTBot/1.2; +https://openai.com/gptbot)"
20.171.207.217 - - [14/Jul/2025:18:15:04 +0000] "GET /shopbrand/231828789.htm HTTP/1.1" 404 20340 "-" "Mozilla/5.0 AppleWebKit/537.36 (KHTML, like Gecko; compatible; GPTBot/1.2; +https://openai.com/gptbot)"
20.171.207.10 - - [14/Jul/2025:18:15:05 +0000] "GET /shopbrand/231810000.htm HTTP/1.1" 301 - "-" "Mozilla/5.0 AppleWebKit/537.36 (KHTML, like Gecko; compatible; GPTBot/1.2; +https://openai.com/gptbot)"
20.171.207.10 - - [14/Jul/2025:18:15:06 +0000] "GET /shopbrand/231820447.htm HTTP/1.1" 301 - "-" "Mozilla/5.0 AppleWebKit/537.36 (KHTML, like Gecko; compatible; GPTBot/1.2; +https://openai.com/gptbot)"
20.171.207.10 - - [14/Jul/2025:18:15:07 +0000] "GET /shopbrand/231769553.htm HTTP/1.1" 301 - "-" "Mozilla/5.0 AppleWebKit/537.36 (KHTML, like Gecko; compatible; GPTBot/1.2; +https://openai.com/gptbot)"
20.171.207.217 - - [14/Jul/2025:18:15:08 +0000] "GET /shopbrand/231793336.htm HTTP/1.1" 404 20340 "-" "Mozilla/5.0 AppleWebKit/537.36 (KHTML, like Gecko; compatible; GPTBot/1.2; +https://openai.com/gptbot)"
20.171.207.10 - - [14/Jul/2025:18:15:08 +0000] "GET /shopbrand/231723846.htm HTTP/1.1" 301 - "-" "Mozilla/5.0 AppleWebKit/537.36 (KHTML, like Gecko; compatible; GPTBot/1.2; +https://openai.com/gptbot)"
20.171.207.10 - - [14/Jul/2025:18:15:09 +0000] "GET /shopbrand/231749279.htm HTTP/1.1" 301 - "-" "Mozilla/5.0 AppleWebKit/537.36 (KHTML, like Gecko; compatible; GPTBot/1.2; +https://openai.com/gptbot)"
20.171.207.10 - - [14/Jul/2025:18:15:10 +0000] "GET /shopbrand/231775669.htm HTTP/1.1" 301 - "-" "Mozilla/5.0 AppleWebKit/537.36 (KHTML, like Gecko; compatible; GPTBot/1.2; +https://openai.com/gptbot)"
20.171.207.217 - - [14/Jul/2025:18:15:11 +0000] "GET /shopbrand/231782226.htm HTTP/1.1" 404 20340 "-" "Mozilla/5.0 AppleWebKit/537.36 (KHTML, like Gecko; compatible; GPTBot/1.2; +https://openai.com/gptbot)"
20.171.207.10 - - [14/Jul/2025:18:15:11 +0000] "GET /shopbrand/231810979.htm HTTP/1.1" 301 - "-" "Mozilla/5.0 AppleWebKit/537.36 (KHTML, like Gecko; compatible; GPTBot/1.2; +https://openai.com/gptbot)"
20.171.207.10 - - [14/Jul/2025:18:15:13 +0000] "GET /shopbrand/231757196.htm HTTP/1.1" 301 - "-" "Mozilla/5.0 AppleWebKit/537.36 (KHTML, like Gecko; compatible; GPTBot/1.2; +https://openai.com/gptbot)"
20.171.207.10 - - [14/Jul/2025:18:15:14 +0000] "GET /shopbrand/231782341.htm HTTP/1.1" 301 - "-" "Mozilla/5.0 AppleWebKit/537.36 (KHTML, like Gecko; compatible; GPTBot/1.2; +https://openai.com/gptbot)"
20.171.207.217 - - [14/Jul/2025:18:15:14 +0000] "GET /shopbrand/231788898.htm HTTP/1.1" 404 20340 "-" "Mozilla/5.0 AppleWebKit/537.36 (KHTML, like Gecko; compatible; GPTBot/1.2; +https://openai.com/gptbot)"
20.171.207.10 - - [14/Jul/2025:18:15:15 +0000] "GET /shopbrand/231751803.htm HTTP/1.1" 301 - "-" "Mozilla/5.0 AppleWebKit/537.36 (KHTML, like Gecko; compatible; GPTBot/1.2; +https://openai.com/gptbot)"
209.74.77.214 - - [14/Jul/2025:18:15:16 +0000] "POST /wp-cron.php?doing_wp_cron=1752516916.7250719070434570312500 HTTP/1.1" 200 - "-" "WordPress/6.8.1; https://alalamy.com.au"
20.171.207.10 - - [14/Jul/2025:18:15:16 +0000] "GET /shopbrand/231744003.htm HTTP/1.1" 301 - "-" "Mozilla/5.0 AppleWebKit/537.36 (KHTML, like Gecko; compatible; GPTBot/1.2; +https://openai.com/gptbot)"
20.171.207.217 - - [14/Jul/2025:18:15:17 +0000] "GET /shopbrand/231755538.htm HTTP/1.1" 404 20340 "-" "Mozilla/5.0 AppleWebKit/537.36 (KHTML, like Gecko; compatible; GPTBot/1.2; +https://openai.com/gptbot)"
20.171.207.10 - - [14/Jul/2025:18:15:17 +0000] "GET /shopbrand/231765562.htm HTTP/1.1" 301 - "-" "Mozilla/5.0 AppleWebKit/537.36 (KHTML, like Gecko; compatible; GPTBot/1.2; +https://openai.com/gptbot)"
20.171.207.10 - - [14/Jul/2025:18:15:18 +0000] "GET /shopbrand/231772349.htm HTTP/1.1" 301 - "-" "Mozilla/5.0 AppleWebKit/537.36 (KHTML, like Gecko; compatible; GPTBot/1.2; +https://openai.com/gptbot)"
20.171.207.10 - - [14/Jul/2025:18:15:20 +0000] "GET /shopbrand/231749696.htm HTTP/1.1" 301 - "-" "Mozilla/5.0 AppleWebKit/537.36 (KHTML, like Gecko; compatible; GPTBot/1.2; +https://openai.com/gptbot)"
20.171.207.217 - - [14/Jul/2025:18:15:20 +0000] "GET /shopbrand/231749994.htm HTTP/1.1" 404 20340 "-" "Mozilla/5.0 AppleWebKit/537.36 (KHTML, like Gecko; compatible; GPTBot/1.2; +https://openai.com/gptbot)"
20.171.207.10 - - [14/Jul/2025:18:15:21 +0000] "GET /shopbrand/231742184.htm HTTP/1.1" 301 - "-" "Mozilla/5.0 AppleWebKit/537.36 (KHTML, like Gecko; compatible; GPTBot/1.2; +https://openai.com/gptbot)"
20.171.207.10 - - [14/Jul/2025:18:15:22 +0000] "GET /shopbrand/231764293.htm HTTP/1.1" 301 - "-" "Mozilla/5.0 AppleWebKit/537.36 (KHTML, like Gecko; compatible; GPTBot/1.2; +https://openai.com/gptbot)"
20.171.207.10 - - [14/Jul/2025:18:15:23 +0000] "GET /shopbrand/231754857.htm HTTP/1.1" 301 - "-" "Mozilla/5.0 AppleWebKit/537.36 (KHTML, like Gecko; compatible; GPTBot/1.2; +https://openai.com/gptbot)"
20.171.207.217 - - [14/Jul/2025:18:15:23 +0000] "GET /shopbrand/231777363.htm HTTP/1.1" 404 20340 "-" "Mozilla/5.0 AppleWebKit/537.36 (KHTML, like Gecko; compatible; GPTBot/1.2; +https://openai.com/gptbot)"
20.171.207.10 - - [14/Jul/2025:18:15:24 +0000] "GET /shopbrand/231732061.htm HTTP/1.1" 301 - "-" "Mozilla/5.0 AppleWebKit/537.36 (KHTML, like Gecko; compatible; GPTBot/1.2; +https://openai.com/gptbot)"
20.171.207.10 - - [14/Jul/2025:18:15:26 +0000] "GET /shopbrand/231798763.htm HTTP/1.1" 301 - "-" "Mozilla/5.0 AppleWebKit/537.36 (KHTML, like Gecko; compatible; GPTBot/1.2; +https://openai.com/gptbot)"
20.171.207.217 - - [14/Jul/2025:18:15:26 +0000] "GET /shopbrand/231738999.htm HTTP/1.1" 404 20340 "-" "Mozilla/5.0 AppleWebKit/537.36 (KHTML, like Gecko; compatible; GPTBot/1.2; +https://openai.com/gptbot)"
20.171.207.10 - - [14/Jul/2025:18:15:27 +0000] "GET /shopbrand/231827675.htm HTTP/1.1" 301 - "-" "Mozilla/5.0 AppleWebKit/537.36 (KHTML, like Gecko; compatible; GPTBot/1.2; +https://openai.com/gptbot)"
20.171.207.10 - - [14/Jul/2025:18:15:28 +0000] "GET /shopbrand/231831684.htm HTTP/1.1" 301 - "-" "Mozilla/5.0 AppleWebKit/537.36 (KHTML, like Gecko; compatible; GPTBot/1.2; +https://openai.com/gptbot)"
20.171.207.10 - - [14/Jul/2025:18:15:29 +0000] "GET /shopbrand/231826980.htm HTTP/1.1" 301 - "-" "Mozilla/5.0 AppleWebKit/537.36 (KHTML, like Gecko; compatible; GPTBot/1.2; +https://openai.com/gptbot)"
20.171.207.217 - - [14/Jul/2025:18:15:30 +0000] "GET /shopbrand/231775554.htm HTTP/1.1" 404 20340 "-" "Mozilla/5.0 AppleWebKit/537.36 (KHTML, like Gecko; compatible; GPTBot/1.2; +https://openai.com/gptbot)"
20.171.207.10 - - [14/Jul/2025:18:15:30 +0000] "GET /shopbrand/231745546.htm HTTP/1.1" 301 - "-" "Mozilla/5.0 AppleWebKit/537.36 (KHTML, like Gecko; compatible; GPTBot/1.2; +https://openai.com/gptbot)"
209.74.77.214 - - [14/Jul/2025:18:15:32 +0000] "POST /wp-cron.php?doing_wp_cron=1752516932.0625839233398437500000 HTTP/1.1" 200 - "-" "WordPress/6.8.1; https://alalamy.com.au"
20.171.207.10 - - [14/Jul/2025:18:15:31 +0000] "GET /shopbrand/231809329.htm HTTP/1.1" 301 - "-" "Mozilla/5.0 AppleWebKit/537.36 (KHTML, like Gecko; compatible; GPTBot/1.2; +https://openai.com/gptbot)"
209.74.77.214 - - [14/Jul/2025:18:15:32 +0000] "POST /wp-admin/admin-ajax.php?action=async_litespeed&nonce=VfsJsWP8hvLX5thnsZLNOU7pgK8QY3WX&litespeed_type=imgoptm HTTP/1.1" 200 21 "-" "WordPress/6.8.1; https://alalamy.com.au"
209.74.77.214 - - [14/Jul/2025:18:15:33 +0000] "POST /wp-cron.php?doing_wp_cron=1752516933.1979169845581054687500 HTTP/1.1" 200 - "-" "WordPress/6.8.1; https://alalamy.com.au"
20.171.207.10 - - [14/Jul/2025:18:15:32 +0000] "GET /shopbrand/231830439.htm HTTP/1.1" 301 - "-" "Mozilla/5.0 AppleWebKit/537.36 (KHTML, like Gecko; compatible; GPTBot/1.2; +https://openai.com/gptbot)"
20.171.207.217 - - [14/Jul/2025:18:15:33 +0000] "GET /shopbrand/231822248.htm HTTP/1.1" 404 20340 "-" "Mozilla/5.0 AppleWebKit/537.36 (KHTML, like Gecko; compatible; GPTBot/1.2; +https://openai.com/gptbot)"
20.171.207.10 - - [14/Jul/2025:18:15:34 +0000] "GET /shopbrand/231788473.htm HTTP/1.1" 301 - "-" "Mozilla/5.0 AppleWebKit/537.36 (KHTML, like Gecko; compatible; GPTBot/1.2; +https://openai.com/gptbot)"
20.171.207.10 - - [14/Jul/2025:18:15:35 +0000] "GET /shopbrand/231827949.htm HTTP/1.1" 301 - "-" "Mozilla/5.0 AppleWebKit/537.36 (KHTML, like Gecko; compatible; GPTBot/1.2; +https://openai.com/gptbot)"
216.73.216.135 - - [14/Jul/2025:18:15:36 +0000] "GET /robots.txt HTTP/1.1" 200 92 "-" "Mozilla/5.0 AppleWebKit/537.36 (KHTML, like Gecko; compatible; ClaudeBot/1.0; [email protected])"
20.171.207.10 - - [14/Jul/2025:18:15:36 +0000] "GET /shopbrand/231725389.htm HTTP/1.1" 301 - "-" "Mozilla/5.0 AppleWebKit/537.36 (KHTML, like Gecko; compatible; GPTBot/1.2; +https://openai.com/gptbot)"
216.73.216.135 - - [14/Jul/2025:18:15:36 +0000] "GET /faq HTTP/1.1" 301 - "-" "Mozilla/5.0 AppleWebKit/537.36 (KHTML, like Gecko; compatible; ClaudeBot/1.0; [email protected])"
20.171.207.217 - - [14/Jul/2025:18:15:36 +0000] "GET /shopbrand/231779992.htm HTTP/1.1" 404 20340 "-" "Mozilla/5.0 AppleWebKit/537.36 (KHTML, like Gecko; compatible; GPTBot/1.2; +https://openai.com/gptbot)"
216.73.216.135 - - [14/Jul/2025:18:15:36 +0000] "GET /faq/ HTTP/1.1" 200 22138 "-" "Mozilla/5.0 AppleWebKit/537.36 (KHTML, like Gecko; compatible; ClaudeBot/1.0; [email protected])"
216.73.216.135 - - [14/Jul/2025:18:15:37 +0000] "GET /wp-includes/js/jquery/jquery.min.js?ver=3.7.1 HTTP/1.1" 200 30368 "https://alalamy.com.au/faq/" "Mozilla/5.0 AppleWebKit/537.36 (KHTML, like Gecko; compatible; ClaudeBot/1.0; [email protected])"
216.73.216.135 - - [14/Jul/2025:18:15:37 +0000] "GET /wp-includes/js/jquery/jquery-migrate.min.js?ver=3.4.1 HTTP/1.1" 200 4872 "https://alalamy.com.au/faq/" "Mozilla/5.0 AppleWebKit/537.36 (KHTML, like Gecko; compatible; ClaudeBot/1.0; [email protected])"
216.73.216.135 - - [14/Jul/2025:18:15:37 +0000] "GET /wp-content/plugins/kaffen-plugin/elementor/assets/js/front-end-widgets.js?ver=6.8.1 HTTP/1.1" 200 293 "https://alalamy.com.au/faq/" "Mozilla/5.0 AppleWebKit/537.36 (KHTML, like Gecko; compatible; ClaudeBot/1.0; [email protected])"
216.73.216.135 - - [14/Jul/2025:18:15:37 +0000] "GET /wp-content/plugins/leadconnector/public/js/lc-public.js?ver=3.0.8 HTTP/1.1" 200 1322 "https://alalamy.com.au/faq/" "Mozilla/5.0 AppleWebKit/537.36 (KHTML, like Gecko; compatible; ClaudeBot/1.0; [email protected])"
216.73.216.135 - - [14/Jul/2025:18:15:37 +0000] "GET /wp-content/plugins/elementor/assets/lib/font-awesome/js/v4-shims.min.js?ver=3.29.1 HTTP/1.1" 200 4209 "https://alalamy.com.au/faq/" "Mozilla/5.0 AppleWebKit/537.36 (KHTML, like Gecko; compatible; ClaudeBot/1.0; [email protected])"
216.73.216.135 - - [14/Jul/2025:18:15:37 +0000] "GET /wp-content/plugins/happy-elementor-addons/assets/vendor/dom-purify/purify.min.js?ver=3.1.6 HTTP/1.1" 200 8355 "https://alalamy.com.au/faq/" "Mozilla/5.0 AppleWebKit/537.36 (KHTML, like Gecko; compatible; ClaudeBot/1.0; [email protected])"
216.73.216.135 - - [14/Jul/2025:18:15:37 +0000] "GET /wp-includes/js/dist/hooks.min.js?ver=4d63a3d491d11ffd8ac6 HTTP/1.1" 200 1648 "https://alalamy.com.au/faq/" "Mozilla/5.0 AppleWebKit/537.36 (KHTML, like Gecko; compatible; ClaudeBot/1.0; [email protected])"
216.73.216.135 - - [14/Jul/2025:18:15:37 +0000] "GET /wp-includes/js/dist/i18n.min.js?ver=5e580eb46a90c2b997e6 HTTP/1.1" 200 3667 "https://alalamy.com.au/faq/" "Mozilla/5.0 AppleWebKit/537.36 (KHTML, like Gecko; compatible; ClaudeBot/1.0; [email protected])"
216.73.216.135 - - [14/Jul/2025:18:15:37 +0000] "GET /wp-content/plugins/contact-form-7/includes/js/index.js?ver=6.0.6 HTTP/1.1" 200 4265 "https://alalamy.com.au/faq/" "Mozilla/5.0 AppleWebKit/537.36 (KHTML, like Gecko; compatible; ClaudeBot/1.0; [email protected])"
216.73.216.135 - - [14/Jul/2025:18:15:37 +0000] "GET /wp-content/plugins/contact-form-7/includes/swv/js/index.js?ver=6.0.6 HTTP/1.1" 200 3503 "https://alalamy.com.au/faq/" "Mozilla/5.0 AppleWebKit/537.36 (KHTML, like Gecko; compatible; ClaudeBot/1.0; [email protected])"
216.73.216.135 - - [14/Jul/2025:18:15:37 +0000] "GET /wp-content/themes/kaffen/assets/js/skip-link-focus-fix.js?ver=20151215 HTTP/1.1" 200 438 "https://alalamy.com.au/faq/" "Mozilla/5.0 AppleWebKit/537.36 (KHTML, like Gecko; compatible; ClaudeBot/1.0; [email protected])"
216.73.216.135 - - [14/Jul/2025:18:15:37 +0000] "GET /wp-content/themes/kaffen/assets/js/bootstrap.js?ver=1.0.0 HTTP/1.1" 200 22411 "https://alalamy.com.au/faq/" "Mozilla/5.0 AppleWebKit/537.36 (KHTML, like Gecko; compatible; ClaudeBot/1.0; [email protected])"
216.73.216.135 - - [14/Jul/2025:18:15:37 +0000] "GET /wp-content/plugins/elementor/assets/lib/swiper/v8/swiper.min.js?ver=8.4.5 HTTP/1.1" 200 39695 "https://alalamy.com.au/faq/" "Mozilla/5.0 AppleWebKit/537.36 (KHTML, like Gecko; compatible; ClaudeBot/1.0; [email protected])"
216.73.216.135 - - [14/Jul/2025:18:15:37 +0000] "GET /wp-content/themes/kaffen/assets/js/splitting.js?ver=1.0.0 HTTP/1.1" 200 1735 "https://alalamy.com.au/faq/" "Mozilla/5.0 AppleWebKit/537.36 (KHTML, like Gecko; compatible; ClaudeBot/1.0; [email protected])"
216.73.216.135 - - [14/Jul/2025:18:15:37 +0000] "GET /wp-content/themes/kaffen/assets/js/jquery.paroller.min.js?ver=1.0.0 HTTP/1.1" 200 1198 "https://alalamy.com.au/faq/" "Mozilla/5.0 AppleWebKit/537.36 (KHTML, like Gecko; compatible; ClaudeBot/1.0; [email protected])"
216.73.216.135 - - [14/Jul/2025:18:15:37 +0000] "GET /wp-content/themes/kaffen/assets/js/parallax.js?ver=1.0.0 HTTP/1.1" 200 4003 "https://alalamy.com.au/faq/" "Mozilla/5.0 AppleWebKit/537.36 (KHTML, like Gecko; compatible; ClaudeBot/1.0; [email protected])"
216.73.216.135 - - [14/Jul/2025:18:15:37 +0000] "GET /wp-content/themes/kaffen/assets/js/magnific-popup.js?ver=1.0.0 HTTP/1.1" 200 7346 "https://alalamy.com.au/faq/" "Mozilla/5.0 AppleWebKit/537.36 (KHTML, like Gecko; compatible; ClaudeBot/1.0; [email protected])"
216.73.216.135 - - [14/Jul/2025:18:15:37 +0000] "GET /wp-content/themes/kaffen/assets/js/imagesloaded.pkgd.js?ver=1.0.0 HTTP/1.1" 200 1810 "https://alalamy.com.au/faq/" "Mozilla/5.0 AppleWebKit/537.36 (KHTML, like Gecko; compatible; ClaudeBot/1.0; [email protected])"
216.73.216.135 - - [14/Jul/2025:18:15:37 +0000] "GET /wp-content/themes/kaffen/assets/js/jquery.easy_number_animate.js?ver=1.0.0 HTTP/1.1" 200 854 "https://alalamy.com.au/faq/" "Mozilla/5.0 AppleWebKit/537.36 (KHTML, like Gecko; compatible; ClaudeBot/1.0; [email protected])"
216.73.216.135 - - [14/Jul/2025:18:15:37 +0000] "GET /wp-content/themes/kaffen/assets/js/jquery.scrolla.js?ver=1.0.0 HTTP/1.1" 200 733 "https://alalamy.com.au/faq/" "Mozilla/5.0 AppleWebKit/537.36 (KHTML, like Gecko; compatible; ClaudeBot/1.0; [email protected])"
216.73.216.135 - - [14/Jul/2025:18:15:37 +0000] "GET /wp-content/themes/kaffen/assets/js/isotope.pkgd.js?ver=1.0.0 HTTP/1.1" 200 21617 "https://alalamy.com.au/faq/" "Mozilla/5.0 AppleWebKit/537.36 (KHTML, like Gecko; compatible; ClaudeBot/1.0; [email protected])"
216.73.216.135 - - [14/Jul/2025:18:15:37 +0000] "GET /wp-content/themes/kaffen/assets/js/common.js?ver=1.0.0 HTTP/1.1" 200 3661 "https://alalamy.com.au/faq/" "Mozilla/5.0 AppleWebKit/537.36 (KHTML, like Gecko; compatible; ClaudeBot/1.0; [email protected])"
216.73.216.135 - - [14/Jul/2025:18:15:37 +0000] "GET /wp-content/themes/kaffen/assets/js/skrollr.js?ver=1.0.0 HTTP/1.1" 200 13874 "https://alalamy.com.au/faq/" "Mozilla/5.0 AppleWebKit/537.36 (KHTML, like Gecko; compatible; ClaudeBot/1.0; [email protected])"
216.73.216.135 - - [14/Jul/2025:18:15:37 +0000] "GET /wp-content/themes/kaffen/assets/js/rrssb.js?ver=1.0.0 HTTP/1.1" 200 1642 "https://alalamy.com.au/faq/" "Mozilla/5.0 AppleWebKit/537.36 (KHTML, like Gecko; compatible; ClaudeBot/1.0; [email protected])"
216.73.216.135 - - [14/Jul/2025:18:15:37 +0000] "GET /wp-content/plugins/woocommerce/assets/js/frontend/order-attribution.min.js?ver=9.8.5 HTTP/1.1" 200 1137 "https://alalamy.com.au/faq/" "Mozilla/5.0 AppleWebKit/537.36 (KHTML, like Gecko; compatible; ClaudeBot/1.0; [email protected])"
216.73.216.135 - - [14/Jul/2025:18:15:37 +0000] "GET /wp-content/plugins/woocommerce/assets/js/sourcebuster/sourcebuster.min.js?ver=9.8.5 HTTP/1.1" 200 4807 "https://alalamy.com.au/faq/" "Mozilla/5.0 AppleWebKit/537.36 (KHTML, like Gecko; compatible; ClaudeBot/1.0; [email protected])"
216.73.216.135 - - [14/Jul/2025:18:15:37 +0000] "GET /wp-content/plugins/happy-elementor-addons/assets/js/extension-reading-progress-bar.min.js?ver=3.17.0 HTTP/1.1" 200 582 "https://alalamy.com.au/faq/" "Mozilla/5.0 AppleWebKit/537.36 (KHTML, like Gecko; compatible; ClaudeBot/1.0; [email protected])"
216.73.216.135 - - [14/Jul/2025:18:15:37 +0000] "GET /wp-content/plugins/elementor/assets/js/webpack.runtime.min.js?ver=3.29.1 HTTP/1.1" 200 2516 "https://alalamy.com.au/faq/" "Mozilla/5.0 AppleWebKit/537.36 (KHTML, like Gecko; compatible; ClaudeBot/1.0; [email protected])"
216.73.216.135 - - [14/Jul/2025:18:15:37 +0000] "GET /wp-content/plugins/elementor/assets/js/frontend-modules.min.js?ver=3.29.1 HTTP/1.1" 200 14815 "https://alalamy.com.au/faq/" "Mozilla/5.0 AppleWebKit/537.36 (KHTML, like Gecko; compatible; ClaudeBot/1.0; [email protected])"
216.73.216.135 - - [14/Jul/2025:18:15:37 +0000] "GET /wp-includes/js/jquery/ui/core.min.js?ver=1.13.3 HTTP/1.1" 200 7106 "https://alalamy.com.au/faq/" "Mozilla/5.0 AppleWebKit/537.36 (KHTML, like Gecko; compatible; ClaudeBot/1.0; [email protected])"
216.73.216.135 - - [14/Jul/2025:18:15:37 +0000] "GET /wp-content/plugins/happy-elementor-addons/assets/js/happy-addons.min.js?ver=3.17.0 HTTP/1.1" 200 8561 "https://alalamy.com.au/faq/" "Mozilla/5.0 AppleWebKit/537.36 (KHTML, like Gecko; compatible; ClaudeBot/1.0; [email protected])"
216.73.216.135 - - [14/Jul/2025:18:15:37 +0000] "GET /wp-content/plugins/elementor/assets/js/frontend.min.js?ver=3.29.1 HTTP/1.1" 200 10595 "https://alalamy.com.au/faq/" "Mozilla/5.0 AppleWebKit/537.36 (KHTML, like Gecko; compatible; ClaudeBot/1.0; [email protected])"
20.171.207.10 - - [14/Jul/2025:18:15:37 +0000] "GET /shopbrand/231787502.htm HTTP/1.1" 301 - "-" "Mozilla/5.0 AppleWebKit/537.36 (KHTML, like Gecko; compatible; GPTBot/1.2; +https://openai.com/gptbot)"
216.73.216.135 - - [14/Jul/2025:18:15:37 +0000] "GET /wp-content/plugins/elementor-pro/assets/js/webpack-pro.runtime.min.js?ver=3.29.1 HTTP/1.1" 200 2855 "https://alalamy.com.au/faq/" "Mozilla/5.0 AppleWebKit/537.36 (KHTML, like Gecko; compatible; ClaudeBot/1.0; [email protected])"
216.73.216.135 - - [14/Jul/2025:18:15:37 +0000] "GET /wp-content/plugins/elementor-pro/assets/js/frontend.min.js?ver=3.29.1 HTTP/1.1" 200 6511 "https://alalamy.com.au/faq/" "Mozilla/5.0 AppleWebKit/537.36 (KHTML, like Gecko; compatible; ClaudeBot/1.0; [email protected])"
216.73.216.135 - - [14/Jul/2025:18:15:37 +0000] "GET /wp-content/plugins/elementor-pro/assets/js/elements-handlers.min.js?ver=3.29.1 HTTP/1.1" 200 10701 "https://alalamy.com.au/faq/" "Mozilla/5.0 AppleWebKit/537.36 (KHTML, like Gecko; compatible; ClaudeBot/1.0; [email protected])"
216.73.216.135 - - [14/Jul/2025:18:15:37 +0000] "GET /wp-content/plugins/woocommerce/assets/js/jquery-blockui/jquery.blockUI.min.js?ver=2.7.0-wc.9.8.5 HTTP/1.1" 200 3537 "https://alalamy.com.au/faq/" "Mozilla/5.0 AppleWebKit/537.36 (KHTML, like Gecko; compatible; ClaudeBot/1.0; [email protected])"
216.73.216.135 - - [14/Jul/2025:18:15:37 +0000] "GET /wp-content/plugins/woocommerce/assets/js/frontend/add-to-cart.min.js?ver=9.8.5 HTTP/1.1" 200 1368 "https://alalamy.com.au/faq/" "Mozilla/5.0 AppleWebKit/537.36 (KHTML, like Gecko; compatible; ClaudeBot/1.0; [email protected])"
216.73.216.135 - - [14/Jul/2025:18:15:37 +0000] "GET /wp-content/plugins/woocommerce/assets/js/js-cookie/js.cookie.min.js?ver=2.1.4-wc.9.8.5 HTTP/1.1" 200 833 "https://alalamy.com.au/faq/" "Mozilla/5.0 AppleWebKit/537.36 (KHTML, like Gecko; compatible; ClaudeBot/1.0; [email protected])"
216.73.216.135 - - [14/Jul/2025:18:15:38 +0000] "GET /wp-content/plugins/woocommerce/assets/js/frontend/woocommerce.min.js?ver=9.8.5 HTTP/1.1" 200 1437 "https://alalamy.com.au/faq/" "Mozilla/5.0 AppleWebKit/537.36 (KHTML, like Gecko; compatible; ClaudeBot/1.0; [email protected])"
216.73.216.135 - - [14/Jul/2025:18:15:38 +0000] "GET /wp-includes/js/wp-emoji-release.min.js?ver=6.8.1 HTTP/1.1" 200 5166 "https://alalamy.com.au/faq/" "Mozilla/5.0 AppleWebKit/537.36 (KHTML, like Gecko; compatible; ClaudeBot/1.0; [email protected])"
216.73.216.135 - - [14/Jul/2025:18:15:38 +0000] "GET /wp-content/plugins/elementor/assets/js/text-editor.c084ef86600b6f11690d.bundle.min.js HTTP/1.1" 200 685 "https://alalamy.com.au/faq/" "Mozilla/5.0 AppleWebKit/537.36 (KHTML, like Gecko; compatible; ClaudeBot/1.0; [email protected])"
216.73.216.135 - - [14/Jul/2025:18:15:38 +0000] "GET /wp-content/plugins/elementor/assets/js/shared-frontend-handlers.30dc2f9c080845a413a6.bundle.min.js HTTP/1.1" 200 2682 "https://alalamy.com.au/faq/" "Mozilla/5.0 AppleWebKit/537.36 (KHTML, like Gecko; compatible; ClaudeBot/1.0; [email protected])"
216.73.216.135 - - [14/Jul/2025:18:15:38 +0000] "GET /wp-content/plugins/elementor/assets/js/section-frontend-handlers.d85ab872da118940910d.bundle.min.js HTTP/1.1" 200 298 "https://alalamy.com.au/faq/" "Mozilla/5.0 AppleWebKit/537.36 (KHTML, like Gecko; compatible; ClaudeBot/1.0; [email protected])"
20.171.207.10 - - [14/Jul/2025:18:15:38 +0000] "GET /shopbrand/231718558.htm HTTP/1.1" 301 - "-" "Mozilla/5.0 AppleWebKit/537.36 (KHTML, like Gecko; compatible; GPTBot/1.2; +https://openai.com/gptbot)"
20.171.207.217 - - [14/Jul/2025:18:15:39 +0000] "GET /shopbrand/231777097.htm HTTP/1.1" 404 20340 "-" "Mozilla/5.0 AppleWebKit/537.36 (KHTML, like Gecko; compatible; GPTBot/1.2; +https://openai.com/gptbot)"
20.171.207.10 - - [14/Jul/2025:18:15:40 +0000] "GET /shopbrand/231710899.htm HTTP/1.1" 301 - "-" "Mozilla/5.0 AppleWebKit/537.36 (KHTML, like Gecko; compatible; GPTBot/1.2; +https://openai.com/gptbot)"
20.171.207.10 - - [14/Jul/2025:18:15:41 +0000] "GET /shopbrand/231723687.htm HTTP/1.1" 301 - "-" "Mozilla/5.0 AppleWebKit/537.36 (KHTML, like Gecko; compatible; GPTBot/1.2; +https://openai.com/gptbot)"
20.171.207.10 - - [14/Jul/2025:18:15:42 +0000] "GET /shopbrand/231743024.htm HTTP/1.1" 301 - "-" "Mozilla/5.0 AppleWebKit/537.36 (KHTML, like Gecko; compatible; GPTBot/1.2; +https://openai.com/gptbot)"
20.171.207.217 - - [14/Jul/2025:18:15:42 +0000] "GET /shopbrand/231768882.htm HTTP/1.1" 404 20340 "-" "Mozilla/5.0 AppleWebKit/537.36 (KHTML, like Gecko; compatible; GPTBot/1.2; +https://openai.com/gptbot)"
20.171.207.10 - - [14/Jul/2025:18:15:43 +0000] "GET /shopbrand/231780417.htm HTTP/1.1" 301 - "-" "Mozilla/5.0 AppleWebKit/537.36 (KHTML, like Gecko; compatible; GPTBot/1.2; +https://openai.com/gptbot)"
20.171.207.10 - - [14/Jul/2025:18:15:44 +0000] "GET /shopbrand/231808489.htm HTTP/1.1" 301 - "-" "Mozilla/5.0 AppleWebKit/537.36 (KHTML, like Gecko; compatible; GPTBot/1.2; +https://openai.com/gptbot)"
20.171.207.10 - - [14/Jul/2025:18:15:45 +0000] "GET /shopbrand/231787204.htm HTTP/1.1" 301 - "-" "Mozilla/5.0 AppleWebKit/537.36 (KHTML, like Gecko; compatible; GPTBot/1.2; +https://openai.com/gptbot)"
20.171.207.217 - - [14/Jul/2025:18:15:46 +0000] "GET /shopbrand/231777478.htm HTTP/1.1" 404 20340 "-" "Mozilla/5.0 AppleWebKit/537.36 (KHTML, like Gecko; compatible; GPTBot/1.2; +https://openai.com/gptbot)"
20.171.207.10 - - [14/Jul/2025:18:15:46 +0000] "GET /shopbrand/231745504.htm HTTP/1.1" 301 - "-" "Mozilla/5.0 AppleWebKit/537.36 (KHTML, like Gecko; compatible; GPTBot/1.2; +https://openai.com/gptbot)"
20.171.207.10 - - [14/Jul/2025:18:15:48 +0000] "GET /shopbrand/231729380.htm HTTP/1.1" 301 - "-" "Mozilla/5.0 AppleWebKit/537.36 (KHTML, like Gecko; compatible; GPTBot/1.2; +https://openai.com/gptbot)"
20.171.207.217 - - [14/Jul/2025:18:15:49 +0000] "GET /shopbrand/231735222.htm HTTP/1.1" 404 20340 "-" "Mozilla/5.0 AppleWebKit/537.36 (KHTML, like Gecko; compatible; GPTBot/1.2; +https://openai.com/gptbot)"
20.171.207.10 - - [14/Jul/2025:18:15:49 +0000] "GET /shopbrand/231763040.htm HTTP/1.1" 301 - "-" "Mozilla/5.0 AppleWebKit/537.36 (KHTML, like Gecko; compatible; GPTBot/1.2; +https://openai.com/gptbot)"
20.171.207.10 - - [14/Jul/2025:18:15:50 +0000] "GET /shopbrand/231780715.htm HTTP/1.1" 301 - "-" "Mozilla/5.0 AppleWebKit/537.36 (KHTML, like Gecko; compatible; GPTBot/1.2; +https://openai.com/gptbot)"
20.171.207.10 - - [14/Jul/2025:18:15:51 +0000] "GET /shopbrand/231731902.htm HTTP/1.1" 301 - "-" "Mozilla/5.0 AppleWebKit/537.36 (KHTML, like Gecko; compatible; GPTBot/1.2; +https://openai.com/gptbot)"
20.171.207.217 - - [14/Jul/2025:18:15:52 +0000] "GET /shopbrand/231833378.htm HTTP/1.1" 404 20340 "-" "Mozilla/5.0 AppleWebKit/537.36 (KHTML, like Gecko; compatible; GPTBot/1.2; +https://openai.com/gptbot)"
20.171.207.10 - - [14/Jul/2025:18:15:52 +0000] "GET /shopbrand/231827536.htm HTTP/1.1" 301 - "-" "Mozilla/5.0 AppleWebKit/537.36 (KHTML, like Gecko; compatible; GPTBot/1.2; +https://openai.com/gptbot)"
20.171.207.10 - - [14/Jul/2025:18:15:53 +0000] "GET /shopbrand/231745927.htm HTTP/1.1" 301 - "-" "Mozilla/5.0 AppleWebKit/537.36 (KHTML, like Gecko; compatible; GPTBot/1.2; +https://openai.com/gptbot)"
20.171.207.10 - - [14/Jul/2025:18:15:55 +0000] "GET /shopbrand/231799718.htm HTTP/1.1" 301 - "-" "Mozilla/5.0 AppleWebKit/537.36 (KHTML, like Gecko; compatible; GPTBot/1.2; +https://openai.com/gptbot)"
20.171.207.217 - - [14/Jul/2025:18:15:55 +0000] "GET /shopbrand/231777637.htm HTTP/1.1" 404 20340 "-" "Mozilla/5.0 AppleWebKit/537.36 (KHTML, like Gecko; compatible; GPTBot/1.2; +https://openai.com/gptbot)"
20.171.207.10 - - [14/Jul/2025:18:15:56 +0000] "GET /shopbrand/231753429.htm HTTP/1.1" 301 - "-" "Mozilla/5.0 AppleWebKit/537.36 (KHTML, like Gecko; compatible; GPTBot/1.2; +https://openai.com/gptbot)"
20.171.207.10 - - [14/Jul/2025:18:15:57 +0000] "GET /shopbrand/231752758.htm HTTP/1.1" 301 - "-" "Mozilla/5.0 AppleWebKit/537.36 (KHTML, like Gecko; compatible; GPTBot/1.2; +https://openai.com/gptbot)"
20.171.207.10 - - [14/Jul/2025:18:15:58 +0000] "GET /shopbrand/231766392.htm HTTP/1.1" 301 - "-" "Mozilla/5.0 AppleWebKit/537.36 (KHTML, like Gecko; compatible; GPTBot/1.2; +https://openai.com/gptbot)"
20.171.207.217 - - [14/Jul/2025:18:15:58 +0000] "GET /shopbrand/231811138.htm HTTP/1.1" 404 20340 "-" "Mozilla/5.0 AppleWebKit/537.36 (KHTML, like Gecko; compatible; GPTBot/1.2; +https://openai.com/gptbot)"
20.171.207.10 - - [14/Jul/2025:18:15:59 +0000] "GET /shopbrand/231817651.htm HTTP/1.1" 301 - "-" "Mozilla/5.0 AppleWebKit/537.36 (KHTML, like Gecko; compatible; GPTBot/1.2; +https://openai.com/gptbot)"
20.171.207.10 - - [14/Jul/2025:18:16:00 +0000] "GET /shopbrand/231825866.htm HTTP/1.1" 301 - "-" "Mozilla/5.0 AppleWebKit/537.36 (KHTML, like Gecko; compatible; GPTBot/1.2; +https://openai.com/gptbot)"
20.171.207.217 - - [14/Jul/2025:18:16:01 +0000] "GET /shopbrand/231812224.htm HTTP/1.1" 404 20340 "-" "Mozilla/5.0 AppleWebKit/537.36 (KHTML, like Gecko; compatible; GPTBot/1.2; +https://openai.com/gptbot)"
20.171.207.10 - - [14/Jul/2025:18:16:02 +0000] "GET /shopbrand/231724559.htm HTTP/1.1" 301 - "-" "Mozilla/5.0 AppleWebKit/537.36 (KHTML, like Gecko; compatible; GPTBot/1.2; +https://openai.com/gptbot)"
20.171.207.10 - - [14/Jul/2025:18:16:03 +0000] "GET /shopbrand/231716036.htm HTTP/1.1" 301 - "-" "Mozilla/5.0 AppleWebKit/537.36 (KHTML, like Gecko; compatible; GPTBot/1.2; +https://openai.com/gptbot)"
20.171.207.10 - - [14/Jul/2025:18:16:04 +0000] "GET /shopbrand/231751918.htm HTTP/1.1" 301 - "-" "Mozilla/5.0 AppleWebKit/537.36 (KHTML, like Gecko; compatible; GPTBot/1.2; +https://openai.com/gptbot)"
20.171.207.217 - - [14/Jul/2025:18:16:04 +0000] "GET /shopbrand/231777212.htm HTTP/1.1" 404 20340 "-" "Mozilla/5.0 AppleWebKit/537.36 (KHTML, like Gecko; compatible; GPTBot/1.2; +https://openai.com/gptbot)"
20.171.207.10 - - [14/Jul/2025:18:16:05 +0000] "GET /shopbrand/231829186.htm HTTP/1.1" 301 - "-" "Mozilla/5.0 AppleWebKit/537.36 (KHTML, like Gecko; compatible; GPTBot/1.2; +https://openai.com/gptbot)"
20.171.207.10 - - [14/Jul/2025:18:16:06 +0000] "GET /shopbrand/231760516.htm HTTP/1.1" 301 - "-" "Mozilla/5.0 AppleWebKit/537.36 (KHTML, like Gecko; compatible; GPTBot/1.2; +https://openai.com/gptbot)"
20.171.207.10 - - [14/Jul/2025:18:16:07 +0000] "GET /shopbrand/231820864.htm HTTP/1.1" 301 - "-" "Mozilla/5.0 AppleWebKit/537.36 (KHTML, like Gecko; compatible; GPTBot/1.2; +https://openai.com/gptbot)"
20.171.207.217 - - [14/Jul/2025:18:16:08 +0000] "GET /shopbrand/231752333.htm HTTP/1.1" 404 20340 "-" "Mozilla/5.0 AppleWebKit/537.36 (KHTML, like Gecko; compatible; GPTBot/1.2; +https://openai.com/gptbot)"
20.171.207.10 - - [14/Jul/2025:18:16:09 +0000] "GET /shopbrand/231820705.htm HTTP/1.1" 301 - "-" "Mozilla/5.0 AppleWebKit/537.36 (KHTML, like Gecko; compatible; GPTBot/1.2; +https://openai.com/gptbot)"
20.171.207.10 - - [14/Jul/2025:18:16:10 +0000] "GET /shopbrand/231805435.htm HTTP/1.1" 301 - "-" "Mozilla/5.0 AppleWebKit/537.36 (KHTML, like Gecko; compatible; GPTBot/1.2; +https://openai.com/gptbot)"
20.171.207.217 - - [14/Jul/2025:18:16:11 +0000] "GET /shopbrand/231711173.htm HTTP/1.1" 404 20340 "-" "Mozilla/5.0 AppleWebKit/537.36 (KHTML, like Gecko; compatible; GPTBot/1.2; +https://openai.com/gptbot)"
20.171.207.10 - - [14/Jul/2025:18:16:11 +0000] "GET /shopbrand/231820034.htm HTTP/1.1" 301 - "-" "Mozilla/5.0 AppleWebKit/537.36 (KHTML, like Gecko; compatible; GPTBot/1.2; +https://openai.com/gptbot)"
66.249.65.166 - - [14/Jul/2025:18:16:11 +0000] "GET /?k=82083707141900&mod=798e5a5d&uri=us.php HTTP/1.1" 200 19652 "-" "Mozilla/5.0 (Linux; Android 6.0.1; Nexus 5X Build/MMB29P) AppleWebKit/537.36 (KHTML, like Gecko) Chrome/137.0.7151.103 Mobile Safari/537.36 (compatible; Googlebot/2.1; +http://www.google.com/bot.html)"
20.171.207.10 - - [14/Jul/2025:18:16:12 +0000] "GET /shopbrand/231790822.htm HTTP/1.1" 301 - "-" "Mozilla/5.0 AppleWebKit/537.36 (KHTML, like Gecko; compatible; GPTBot/1.2; +https://openai.com/gptbot)"
20.171.207.10 - - [14/Jul/2025:18:16:13 +0000] "GET /shopbrand/231808755.htm HTTP/1.1" 301 - "-" "Mozilla/5.0 AppleWebKit/537.36 (KHTML, like Gecko; compatible; GPTBot/1.2; +https://openai.com/gptbot)"
20.171.207.217 - - [14/Jul/2025:18:16:14 +0000] "GET /shopbrand/231830888.htm HTTP/1.1" 404 20340 "-" "Mozilla/5.0 AppleWebKit/537.36 (KHTML, like Gecko; compatible; GPTBot/1.2; +https://openai.com/gptbot)"
20.171.207.10 - - [14/Jul/2025:18:16:14 +0000] "GET /shopbrand/231807520.htm HTTP/1.1" 301 - "-" "Mozilla/5.0 AppleWebKit/537.36 (KHTML, like Gecko; compatible; GPTBot/1.2; +https://openai.com/gptbot)"
209.74.77.214 - - [14/Jul/2025:18:16:16 +0000] "POST /wp-cron.php?doing_wp_cron=1752516976.2450430393218994140625 HTTP/1.1" 200 - "-" "WordPress/6.8.1; https://alalamy.com.au"
20.171.207.10 - - [14/Jul/2025:18:16:16 +0000] "GET /shopbrand/231715206.htm HTTP/1.1" 301 - "-" "Mozilla/5.0 AppleWebKit/537.36 (KHTML, like Gecko; compatible; GPTBot/1.2; +https://openai.com/gptbot)"
20.171.207.10 - - [14/Jul/2025:18:16:17 +0000] "GET /shopbrand/231785280.htm HTTP/1.1" 301 - "-" "Mozilla/5.0 AppleWebKit/537.36 (KHTML, like Gecko; compatible; GPTBot/1.2; +https://openai.com/gptbot)"
20.171.207.217 - - [14/Jul/2025:18:16:17 +0000] "GET /shopbrand/231762210.htm HTTP/1.1" 404 20340 "-" "Mozilla/5.0 AppleWebKit/537.36 (KHTML, like Gecko; compatible; GPTBot/1.2; +https://openai.com/gptbot)"
20.171.207.10 - - [14/Jul/2025:18:16:18 +0000] "GET /shopbrand/231793205.htm HTTP/1.1" 301 - "-" "Mozilla/5.0 AppleWebKit/537.36 (KHTML, like Gecko; compatible; GPTBot/1.2; +https://openai.com/gptbot)"
40.77.167.187 - - [14/Jul/2025:18:16:18 +0000] "GET /robots.txt HTTP/1.1" 200 92 "-" "Mozilla/5.0 AppleWebKit/537.36 (KHTML, like Gecko; compatible; bingbot/2.0; +http://www.bing.com/bingbot.htm) Chrome/116.0.1938.76 Safari/537.36"
20.171.207.10 - - [14/Jul/2025:18:16:19 +0000] "GET /shopbrand/231815445.htm HTTP/1.1" 301 - "-" "Mozilla/5.0 AppleWebKit/537.36 (KHTML, like Gecko; compatible; GPTBot/1.2; +https://openai.com/gptbot)"
20.171.207.10 - - [14/Jul/2025:18:16:20 +0000] "GET /shopbrand/231796557.htm HTTP/1.1" 301 - "-" "Mozilla/5.0 AppleWebKit/537.36 (KHTML, like Gecko; compatible; GPTBot/1.2; +https://openai.com/gptbot)"
20.171.207.217 - - [14/Jul/2025:18:16:20 +0000] "GET /shopbrand/231747313.htm HTTP/1.1" 404 20340 "-" "Mozilla/5.0 AppleWebKit/537.36 (KHTML, like Gecko; compatible; GPTBot/1.2; +https://openai.com/gptbot)"
20.171.207.10 - - [14/Jul/2025:18:16:21 +0000] "GET /shopbrand/231779587.htm HTTP/1.1" 301 - "-" "Mozilla/5.0 AppleWebKit/537.36 (KHTML, like Gecko; compatible; GPTBot/1.2; +https://openai.com/gptbot)"
20.171.207.10 - - [14/Jul/2025:18:16:23 +0000] "GET /shopbrand/231825735.htm HTTP/1.1" 301 - "-" "Mozilla/5.0 AppleWebKit/537.36 (KHTML, like Gecko; compatible; GPTBot/1.2; +https://openai.com/gptbot)"
20.171.207.217 - - [14/Jul/2025:18:16:23 +0000] "GET /shopbrand/231828515.htm HTTP/1.1" 404 20340 "-" "Mozilla/5.0 AppleWebKit/537.36 (KHTML, like Gecko; compatible; GPTBot/1.2; +https://openai.com/gptbot)"
20.171.207.10 - - [14/Jul/2025:18:16:24 +0000] "GET /shopbrand/231792365.htm HTTP/1.1" 301 - "-" "Mozilla/5.0 AppleWebKit/537.36 (KHTML, like Gecko; compatible; GPTBot/1.2; +https://openai.com/gptbot)"
20.171.207.10 - - [14/Jul/2025:18:16:25 +0000] "GET /shopbrand/231826440.htm HTTP/1.1" 301 - "-" "Mozilla/5.0 AppleWebKit/537.36 (KHTML, like Gecko; compatible; GPTBot/1.2; +https://openai.com/gptbot)"
20.171.207.10 - - [14/Jul/2025:18:16:26 +0000] "GET /shopbrand/231756507.htm HTTP/1.1" 301 - "-" "Mozilla/5.0 AppleWebKit/537.36 (KHTML, like Gecko; compatible; GPTBot/1.2; +https://openai.com/gptbot)"
20.171.207.217 - - [14/Jul/2025:18:16:26 +0000] "GET /shopbrand/231820308.htm HTTP/1.1" 404 20340 "-" "Mozilla/5.0 AppleWebKit/537.36 (KHTML, like Gecko; compatible; GPTBot/1.2; +https://openai.com/gptbot)"
20.171.207.10 - - [14/Jul/2025:18:16:27 +0000] "GET /shopbrand/231761239.htm HTTP/1.1" 301 - "-" "Mozilla/5.0 AppleWebKit/537.36 (KHTML, like Gecko; compatible; GPTBot/1.2; +https://openai.com/gptbot)"
20.171.207.10 - - [14/Jul/2025:18:16:28 +0000] "GET /shopbrand/231815842.htm HTTP/1.1" 301 - "-" "Mozilla/5.0 AppleWebKit/537.36 (KHTML, like Gecko; compatible; GPTBot/1.2; +https://openai.com/gptbot)"
207.46.13.102 - - [14/Jul/2025:18:16:29 +0000] "GET /kaffen/ HTTP/1.1" 200 18593 "-" "Mozilla/5.0 AppleWebKit/537.36 (KHTML, like Gecko; compatible; bingbot/2.0; +http://www.bing.com/bingbot.htm) Chrome/116.0.1938.76 Safari/537.36"
20.171.207.10 - - [14/Jul/2025:18:16:30 +0000] "GET /shopbrand/231814764.htm HTTP/1.1" 301 - "-" "Mozilla/5.0 AppleWebKit/537.36 (KHTML, like Gecko; compatible; GPTBot/1.2; +https://openai.com/gptbot)"
20.171.207.217 - - [14/Jul/2025:18:16:29 +0000] "GET /shopbrand/231833078.htm HTTP/1.1" 404 20340 "-" "Mozilla/5.0 AppleWebKit/537.36 (KHTML, like Gecko; compatible; GPTBot/1.2; +https://openai.com/gptbot)"
20.171.207.10 - - [14/Jul/2025:18:16:31 +0000] "GET /shopbrand/231821958.htm HTTP/1.1" 301 - "-" "Mozilla/5.0 AppleWebKit/537.36 (KHTML, like Gecko; compatible; GPTBot/1.2; +https://openai.com/gptbot)"
66.249.65.165 - - [14/Jul/2025:18:16:32 +0000] "GET /?k=6568345031900&mod=c5136a36&uri=category-info.php%3Fid%3D219375-366%26name%3Dlevi+tshirt+ladies HTTP/1.1" 200 19656 "-" "Mozilla/5.0 (compatible; Googlebot/2.1; +http://www.google.com/bot.html)"
209.74.77.214 - - [14/Jul/2025:18:16:32 +0000] "POST /wp-cron.php?doing_wp_cron=1752516992.6929659843444824218750 HTTP/1.1" 200 - "-" "WordPress/6.8.1; https://alalamy.com.au"
20.171.207.10 - - [14/Jul/2025:18:16:32 +0000] "GET /shopbrand/231716592.htm HTTP/1.1" 301 - "-" "Mozilla/5.0 AppleWebKit/537.36 (KHTML, like Gecko; compatible; GPTBot/1.2; +https://openai.com/gptbot)"
209.74.77.214 - - [14/Jul/2025:18:16:32 +0000] "POST /wp-admin/admin-ajax.php?action=async_litespeed&nonce=J3N3oBHlFEvSC93CNCQzYKsXNKjvdeQR&litespeed_type=imgoptm HTTP/1.1" 200 21 "-" "WordPress/6.8.1; https://alalamy.com.au"
209.74.77.214 - - [14/Jul/2025:18:16:33 +0000] "POST /wp-cron.php?doing_wp_cron=1752516993.4330239295959472656250 HTTP/1.1" 200 - "-" "WordPress/6.8.1; https://alalamy.com.au"
20.171.207.217 - - [14/Jul/2025:18:16:33 +0000] "GET /shopbrand/231736352.htm HTTP/1.1" 404 20340 "-" "Mozilla/5.0 AppleWebKit/537.36 (KHTML, like Gecko; compatible; GPTBot/1.2; +https://openai.com/gptbot)"
20.171.207.10 - - [14/Jul/2025:18:16:33 +0000] "GET /shopbrand/231792631.htm HTTP/1.1" 301 - "-" "Mozilla/5.0 AppleWebKit/537.36 (KHTML, like Gecko; compatible; GPTBot/1.2; +https://openai.com/gptbot)"
20.171.207.10 - - [14/Jul/2025:18:16:34 +0000] "GET /shopbrand/231749537.htm HTTP/1.1" 301 - "-" "Mozilla/5.0 AppleWebKit/537.36 (KHTML, like Gecko; compatible; GPTBot/1.2; +https://openai.com/gptbot)"
20.171.207.10 - - [14/Jul/2025:18:16:35 +0000] "GET /shopbrand/231729978.htm HTTP/1.1" 301 - "-" "Mozilla/5.0 AppleWebKit/537.36 (KHTML, like Gecko; compatible; GPTBot/1.2; +https://openai.com/gptbot)"
20.171.207.217 - - [14/Jul/2025:18:16:36 +0000] "GET /shopbrand/231814871.htm HTTP/1.1" 404 20340 "-" "Mozilla/5.0 AppleWebKit/537.36 (KHTML, like Gecko; compatible; GPTBot/1.2; +https://openai.com/gptbot)"
20.171.207.10 - - [14/Jul/2025:18:16:37 +0000] "GET /shopbrand/231759005.htm HTTP/1.1" 301 - "-" "Mozilla/5.0 AppleWebKit/537.36 (KHTML, like Gecko; compatible; GPTBot/1.2; +https://openai.com/gptbot)"
20.171.207.10 - - [14/Jul/2025:18:16:38 +0000] "GET /shopbrand/231815576.htm HTTP/1.1" 301 - "-" "Mozilla/5.0 AppleWebKit/537.36 (KHTML, like Gecko; compatible; GPTBot/1.2; +https://openai.com/gptbot)"
20.171.207.10 - - [14/Jul/2025:18:16:39 +0000] "GET /shopbrand/231736765.htm HTTP/1.1" 301 - "-" "Mozilla/5.0 AppleWebKit/537.36 (KHTML, like Gecko; compatible; GPTBot/1.2; +https://openai.com/gptbot)"
20.171.207.217 - - [14/Jul/2025:18:16:39 +0000] "GET /shopbrand/231711729.htm HTTP/1.1" 404 20340 "-" "Mozilla/5.0 AppleWebKit/537.36 (KHTML, like Gecko; compatible; GPTBot/1.2; +https://openai.com/gptbot)"
20.171.207.10 - - [14/Jul/2025:18:16:40 +0000] "GET /shopbrand/231715762.htm HTTP/1.1" 301 - "-" "Mozilla/5.0 AppleWebKit/537.36 (KHTML, like Gecko; compatible; GPTBot/1.2; +https://openai.com/gptbot)"
20.171.207.10 - - [14/Jul/2025:18:16:41 +0000] "GET /shopbrand/231714684.htm HTTP/1.1" 301 - "-" "Mozilla/5.0 AppleWebKit/537.36 (KHTML, like Gecko; compatible; GPTBot/1.2; +https://openai.com/gptbot)"
20.171.207.10 - - [14/Jul/2025:18:16:43 +0000] "GET /shopbrand/231709962.htm HTTP/1.1" 301 - "-" "Mozilla/5.0 AppleWebKit/537.36 (KHTML, like Gecko; compatible; GPTBot/1.2; +https://openai.com/gptbot)"
20.171.207.217 - - [14/Jul/2025:18:16:42 +0000] "GET /shopbrand/231735778.htm HTTP/1.1" 404 20340 "-" "Mozilla/5.0 AppleWebKit/537.36 (KHTML, like Gecko; compatible; GPTBot/1.2; +https://openai.com/gptbot)"
20.171.207.10 - - [14/Jul/2025:18:16:44 +0000] "GET /shopbrand/231770691.htm HTTP/1.1" 301 - "-" "Mozilla/5.0 AppleWebKit/537.36 (KHTML, like Gecko; compatible; GPTBot/1.2; +https://openai.com/gptbot)"
20.171.207.10 - - [14/Jul/2025:18:16:45 +0000] "GET /shopbrand/231805137.htm HTTP/1.1" 301 - "-" "Mozilla/5.0 AppleWebKit/537.36 (KHTML, like Gecko; compatible; GPTBot/1.2; +https://openai.com/gptbot)"
20.171.207.217 - - [14/Jul/2025:18:16:46 +0000] "GET /shopbrand/231772234.htm HTTP/1.1" 404 20340 "-" "Mozilla/5.0 AppleWebKit/537.36 (KHTML, like Gecko; compatible; GPTBot/1.2; +https://openai.com/gptbot)"
20.171.207.10 - - [14/Jul/2025:18:16:46 +0000] "GET /shopbrand/231775967.htm HTTP/1.1" 301 - "-" "Mozilla/5.0 AppleWebKit/537.36 (KHTML, like Gecko; compatible; GPTBot/1.2; +https://openai.com/gptbot)"
