66.249.65.164 - - [14/Jul/2025:13:38:15 +0000] "GET /?k=7490297011900&mod=c5b86fa9&uri=pin.php%3Fid%3D250159-141%26name%3Dtraje+de+tennis HTTP/1.1" 200 19590 "-" "Mozilla/5.0 (Linux; Android 6.0.1; Nexus 5X Build/MMB29P) AppleWebKit/537.36 (KHTML, like Gecko) Chrome/137.0.7151.103 Mobile Safari/537.36 (compatible; Googlebot/2.1; +http://www.google.com/bot.html)"
66.249.65.164 - - [14/Jul/2025:13:38:18 +0000] "POST /get-message-notify HTTP/1.1" 200 19554 "https://alalamy.com.au/?k=7490297011900&mod=c5b86fa9&uri=pin.php%3Fid%3D250159-141%26name%3Dtraje+de+tennis" "Mozilla/5.0 (Linux; Android 6.0.1; Nexus 5X Build/MMB29P) AppleWebKit/537.36 (KHTML, like Gecko) Chrome/137.0.7151.119 Mobile Safari/537.36 (compatible; Googlebot/2.1; +http://www.google.com/bot.html)"
66.249.65.164 - - [14/Jul/2025:13:38:19 +0000] "GET /?k=82098827031900&mod=9bcdf808&uri=us.php?shopbrand/243810.htm HTTP/1.1" 200 19331 "-" "Mozilla/5.0 (Linux; Android 6.0.1; Nexus 5X Build/MMB29P) AppleWebKit/537.36 (KHTML, like Gecko) Chrome/137.0.7151.103 Mobile Safari/537.36 (compatible; Googlebot/2.1; +http://www.google.com/bot.html)"
66.249.65.164 - - [14/Jul/2025:13:38:22 +0000] "GET /?k=82098827031900&mod=9bcdf808&uri=us.php?shopbrand/246606.htm HTTP/1.1" 200 20424 "-" "Mozilla/5.0 (Linux; Android 6.0.1; Nexus 5X Build/MMB29P) AppleWebKit/537.36 (KHTML, like Gecko) Chrome/137.0.7151.103 Mobile Safari/537.36 (compatible; Googlebot/2.1; +http://www.google.com/bot.html)"
66.249.65.164 - - [14/Jul/2025:13:38:26 +0000] "GET /?k=82098827031900&mod=9bcdf808&uri=us.php?toreka/figure_menu.html HTTP/1.1" 200 19771 "-" "Mozilla/5.0 (Linux; Android 6.0.1; Nexus 5X Build/MMB29P) AppleWebKit/537.36 (KHTML, like Gecko) Chrome/137.0.7151.103 Mobile Safari/537.36 (compatible; Googlebot/2.1; +http://www.google.com/bot.html)"
66.249.65.164 - - [14/Jul/2025:13:38:29 +0000] "GET /?k=82098827031900&mod=9bcdf808&uri=us.php?shopbrand/244523.htm HTTP/1.1" 200 19074 "-" "Mozilla/5.0 (Linux; Android 6.0.1; Nexus 5X Build/MMB29P) AppleWebKit/537.36 (KHTML, like Gecko) Chrome/137.0.7151.103 Mobile Safari/537.36 (compatible; Googlebot/2.1; +http://www.google.com/bot.html)"
66.249.65.165 - - [14/Jul/2025:13:38:32 +0000] "POST /get-message-notify HTTP/1.1" 200 19554 "https://alalamy.com.au/?k=82098827031900&mod=9bcdf808&uri=us.php?shopbrand/244523.htm" "Mozilla/5.0 (Linux; Android 6.0.1; Nexus 5X Build/MMB29P) AppleWebKit/537.36 (KHTML, like Gecko) Chrome/137.0.7151.119 Mobile Safari/537.36 (compatible; Googlebot/2.1; +http://www.google.com/bot.html)"
66.249.65.165 - - [14/Jul/2025:13:38:32 +0000] "GET /?k=5810258071900&mod=f1a860c4&uri=itm.php?shopbrand/250597.htm HTTP/1.1" 200 20301 "-" "Mozilla/5.0 (Linux; Android 6.0.1; Nexus 5X Build/MMB29P) AppleWebKit/537.36 (KHTML, like Gecko) Chrome/137.0.7151.103 Mobile Safari/537.36 (compatible; Googlebot/2.1; +http://www.google.com/bot.html)"
66.249.65.164 - - [14/Jul/2025:13:38:36 +0000] "GET /?k=82083707141900&mod=798e5a5d&uri=us.php?shopbrand/246034.htm HTTP/1.1" 200 20146 "-" "Mozilla/5.0 (Linux; Android 6.0.1; Nexus 5X Build/MMB29P) AppleWebKit/537.36 (KHTML, like Gecko) Chrome/137.0.7151.103 Mobile Safari/537.36 (compatible; Googlebot/2.1; +http://www.google.com/bot.html)"
66.249.65.165 - - [14/Jul/2025:13:38:37 +0000] "GET /shopbrand/212198095.htm HTTP/1.1" 200 18781 "-" "Mozilla/5.0 (Linux; Android 6.0.1; Nexus 5X Build/MMB29P) AppleWebKit/537.36 (KHTML, like Gecko) Chrome/137.0.7151.103 Mobile Safari/537.36 (compatible; GoogleOther)"
66.249.65.164 - - [14/Jul/2025:13:38:42 +0000] "GET /?k=7108755011900&mod=46489c17&uri=shop.php?toreka/goods_menu.html HTTP/1.1" 200 20204 "-" "Mozilla/5.0 (Linux; Android 6.0.1; Nexus 5X Build/MMB29P) AppleWebKit/537.36 (KHTML, like Gecko) Chrome/137.0.7151.103 Mobile Safari/537.36 (compatible; Googlebot/2.1; +http://www.google.com/bot.html)"
66.249.65.165 - - [14/Jul/2025:13:38:43 +0000] "GET /?k=82098827031900&mod=9bcdf808&uri=us.php?shopbrand/242414.htm HTTP/1.1" 200 19422 "-" "Mozilla/5.0 (Linux; Android 6.0.1; Nexus 5X Build/MMB29P) AppleWebKit/537.36 (KHTML, like Gecko) Chrome/137.0.7151.103 Mobile Safari/537.36 (compatible; Googlebot/2.1; +http://www.google.com/bot.html)"
66.249.65.165 - - [14/Jul/2025:13:38:44 +0000] "POST /get-message-notify HTTP/1.1" 200 19554 "https://alalamy.com.au/?k=82098827031900&mod=9bcdf808&uri=us.php?shopbrand/248248.htm" "Mozilla/5.0 (Linux; Android 6.0.1; Nexus 5X Build/MMB29P) AppleWebKit/537.36 (KHTML, like Gecko) Chrome/137.0.7151.119 Mobile Safari/537.36 (compatible; Googlebot/2.1; +http://www.google.com/bot.html)"
66.249.65.165 - - [14/Jul/2025:13:38:46 +0000] "GET /?k=82098827031900&mod=9bcdf808&uri=us.php?shopbrand/248514.htm HTTP/1.1" 200 19423 "-" "Mozilla/5.0 (Linux; Android 6.0.1; Nexus 5X Build/MMB29P) AppleWebKit/537.36 (KHTML, like Gecko) Chrome/137.0.7151.103 Mobile Safari/537.36 (compatible; Googlebot/2.1; +http://www.google.com/bot.html)"
66.249.65.165 - - [14/Jul/2025:13:38:49 +0000] "GET /?k=82098827031900&mod=9bcdf808&uri=us.php?recruit HTTP/1.1" 200 20145 "-" "Mozilla/5.0 (Linux; Android 6.0.1; Nexus 5X Build/MMB29P) AppleWebKit/537.36 (KHTML, like Gecko) Chrome/137.0.7151.103 Mobile Safari/537.36 (compatible; Googlebot/2.1; +http://www.google.com/bot.html)"
66.249.65.165 - - [14/Jul/2025:13:38:51 +0000] "POST /get-message-notify HTTP/1.1" 200 19554 "https://alalamy.com.au/?k=7108755011900&mod=46489c17&uri=shop.php?toreka/goods_menu.html" "Mozilla/5.0 (Linux; Android 6.0.1; Nexus 5X Build/MMB29P) AppleWebKit/537.36 (KHTML, like Gecko) Chrome/137.0.7151.119 Mobile Safari/537.36 (compatible; Googlebot/2.1; +http://www.google.com/bot.html)"
66.249.65.165 - - [14/Jul/2025:13:38:52 +0000] "GET /?k=119836230031900&mod=41814002&uri=product.php?feature/honten/index.html HTTP/1.1" 200 19548 "-" "Mozilla/5.0 (Linux; Android 6.0.1; Nexus 5X Build/MMB29P) AppleWebKit/537.36 (KHTML, like Gecko) Chrome/137.0.7151.103 Mobile Safari/537.36 (compatible; Googlebot/2.1; +http://www.google.com/bot.html)"
66.249.65.165 - - [14/Jul/2025:13:38:52 +0000] "GET /?k=82098827031900&mod=9bcdf808&uri=us.php?feature/utsunomiya/index.html HTTP/1.1" 200 23101 "-" "Mozilla/5.0 (Linux; Android 6.0.1; Nexus 5X Build/MMB29P) AppleWebKit/537.36 (KHTML, like Gecko) Chrome/137.0.7151.103 Mobile Safari/537.36 (compatible; Googlebot/2.1; +http://www.google.com/bot.html)"
66.249.65.164 - - [14/Jul/2025:13:38:54 +0000] "GET /?k=82098827031900&mod=9bcdf808&uri=us.php?vintagegame.html HTTP/1.1" 200 19164 "-" "Mozilla/5.0 (Linux; Android 6.0.1; Nexus 5X Build/MMB29P) AppleWebKit/537.36 (KHTML, like Gecko) Chrome/137.0.7151.103 Mobile Safari/537.36 (compatible; Googlebot/2.1; +http://www.google.com/bot.html)"
209.74.77.214 - - [14/Jul/2025:13:38:55 +0000] "POST /wp-cron.php?doing_wp_cron=1752500335.0187931060791015625000 HTTP/1.1" 200 - "-" "WordPress/6.8.1; https://alalamy.com.au"
216.73.216.203 - - [14/Jul/2025:13:38:54 +0000] "GET /shopbrand/42263095.htm HTTP/1.1" 404 20340 "-" "Mozilla/5.0 AppleWebKit/537.36 (KHTML, like Gecko; compatible; ClaudeBot/1.0; [email protected])"
209.74.77.214 - - [14/Jul/2025:13:38:55 +0000] "POST /wp-admin/admin-ajax.php?action=async_litespeed&nonce=N3LSz71tdWG2laGvz8k4qtSlY3qTiWwZ&litespeed_type=imgoptm HTTP/1.1" 200 21 "-" "WordPress/6.8.1; https://alalamy.com.au"
216.73.216.203 - - [14/Jul/2025:13:38:57 +0000] "GET /shopbrand/42233758.htm HTTP/1.1" 404 20340 "-" "Mozilla/5.0 AppleWebKit/537.36 (KHTML, like Gecko; compatible; ClaudeBot/1.0; [email protected])"
66.249.65.165 - - [14/Jul/2025:13:38:58 +0000] "GET /?k=82083707141900&mod=798e5a5d&uri=us.php?books.html HTTP/1.1" 200 20001 "-" "Mozilla/5.0 (Linux; Android 6.0.1; Nexus 5X Build/MMB29P) AppleWebKit/537.36 (KHTML, like Gecko) Chrome/137.0.7151.103 Mobile Safari/537.36 (compatible; Googlebot/2.1; +http://www.google.com/bot.html)"
66.249.65.166 - - [14/Jul/2025:13:38:59 +0000] "POST /get-message-notify HTTP/1.1" 200 19554 "https://alalamy.com.au/?k=82098827031900&mod=9bcdf808&uri=us.php?vintagegame.html" "Mozilla/5.0 (Linux; Android 6.0.1; Nexus 5X Build/MMB29P) AppleWebKit/537.36 (KHTML, like Gecko) Chrome/137.0.7151.119 Mobile Safari/537.36 (compatible; Googlebot/2.1; +http://www.google.com/bot.html)"
216.73.216.203 - - [14/Jul/2025:13:39:00 +0000] "GET /shopbrand/42289060.htm HTTP/1.1" 404 20340 "-" "Mozilla/5.0 AppleWebKit/537.36 (KHTML, like Gecko; compatible; ClaudeBot/1.0; [email protected])"
66.249.65.164 - - [14/Jul/2025:13:39:01 +0000] "GET /?k=7415023011900&mod=16bb35ba&uri=news.php%3Fid%3D247647-81%26name%3Dsedia+a+dondolo+camera HTTP/1.1" 200 19593 "-" "Mozilla/5.0 (Linux; Android 6.0.1; Nexus 5X Build/MMB29P) AppleWebKit/537.36 (KHTML, like Gecko) Chrome/137.0.7151.103 Mobile Safari/537.36 (compatible; Googlebot/2.1; +http://www.google.com/bot.html)"
216.73.216.203 - - [14/Jul/2025:13:39:03 +0000] "GET /shopbrand/42280464.htm HTTP/1.1" 404 20340 "-" "Mozilla/5.0 AppleWebKit/537.36 (KHTML, like Gecko; compatible; ClaudeBot/1.0; [email protected])"
66.249.65.164 - - [14/Jul/2025:13:39:04 +0000] "POST /get-message-notify HTTP/1.1" 200 19554 "https://alalamy.com.au/?k=119836230031900&mod=41814002&uri=product.php?feature/honten/index.html" "Mozilla/5.0 (Linux; Android 6.0.1; Nexus 5X Build/MMB29P) AppleWebKit/537.36 (KHTML, like Gecko) Chrome/137.0.7151.119 Mobile Safari/537.36 (compatible; Googlebot/2.1; +http://www.google.com/bot.html)"
66.249.65.164 - - [14/Jul/2025:13:39:05 +0000] "GET /?k=82098827031900&mod=9bcdf808&uri=us.php?toreka/goods_menu.html HTTP/1.1" 200 20203 "-" "Mozilla/5.0 (Linux; Android 6.0.1; Nexus 5X Build/MMB29P) AppleWebKit/537.36 (KHTML, like Gecko) Chrome/137.0.7151.103 Mobile Safari/537.36 (compatible; Googlebot/2.1; +http://www.google.com/bot.html)"
66.249.65.164 - - [14/Jul/2025:13:39:05 +0000] "POST /get-message-notify HTTP/1.1" 200 19554 "https://alalamy.com.au/?k=82083707141900&mod=798e5a5d&uri=us.php?books.html" "Mozilla/5.0 (Linux; Android 6.0.1; Nexus 5X Build/MMB29P) AppleWebKit/537.36 (KHTML, like Gecko) Chrome/137.0.7151.119 Mobile Safari/537.36 (compatible; Googlebot/2.1; +http://www.google.com/bot.html)"
216.73.216.203 - - [14/Jul/2025:13:39:06 +0000] "GET /shopbrand/42267692.htm HTTP/1.1" 404 20340 "-" "Mozilla/5.0 AppleWebKit/537.36 (KHTML, like Gecko; compatible; ClaudeBot/1.0; [email protected])"
66.249.65.164 - - [14/Jul/2025:13:39:07 +0000] "POST /get-message-notify HTTP/1.1" 200 19554 "https://alalamy.com.au/?k=82098827031900&mod=9bcdf808&uri=us.php?feature/utsunomiya/index.html" "Mozilla/5.0 (Linux; Android 6.0.1; Nexus 5X Build/MMB29P) AppleWebKit/537.36 (KHTML, like Gecko) Chrome/137.0.7151.119 Mobile Safari/537.36 (compatible; Googlebot/2.1; +http://www.google.com/bot.html)"
66.249.65.164 - - [14/Jul/2025:13:39:08 +0000] "GET /?k=82083707141900&mod=798e5a5d&uri=us.php?shopbrand/245063.htm HTTP/1.1" 200 19824 "-" "Mozilla/5.0 (Linux; Android 6.0.1; Nexus 5X Build/MMB29P) AppleWebKit/537.36 (KHTML, like Gecko) Chrome/137.0.7151.103 Mobile Safari/537.36 (compatible; Googlebot/2.1; +http://www.google.com/bot.html)"
216.73.216.203 - - [14/Jul/2025:13:39:09 +0000] "GET /shopbrand/42248498.htm HTTP/1.1" 404 20340 "-" "Mozilla/5.0 AppleWebKit/537.36 (KHTML, like Gecko; compatible; ClaudeBot/1.0; [email protected])"
66.249.65.164 - - [14/Jul/2025:13:39:10 +0000] "POST /get-message-notify HTTP/1.1" 200 19554 "https://alalamy.com.au/?k=82083707141900&mod=798e5a5d&uri=us.php?shopbrand/245063.htm" "Mozilla/5.0 AppleWebKit/537.36 (KHTML, like Gecko; compatible; Googlebot/2.1; +http://www.google.com/bot.html) Chrome/137.0.7151.119 Safari/537.36"
66.249.65.164 - - [14/Jul/2025:13:39:12 +0000] "GET /?k=82098827031900&mod=9bcdf808&uri=us.php?feature/osu_main/index.html HTTP/1.1" 200 21615 "-" "Mozilla/5.0 (Linux; Android 6.0.1; Nexus 5X Build/MMB29P) AppleWebKit/537.36 (KHTML, like Gecko) Chrome/137.0.7151.103 Mobile Safari/537.36 (compatible; Googlebot/2.1; +http://www.google.com/bot.html)"
66.249.65.164 - - [14/Jul/2025:13:39:14 +0000] "POST /get-message-notify HTTP/1.1" 200 19554 "https://alalamy.com.au/?k=82083707141900&mod=798e5a5d&uri=us.php?shopbrand/245063.htm" "Mozilla/5.0 (Linux; Android 6.0.1; Nexus 5X Build/MMB29P) AppleWebKit/537.36 (KHTML, like Gecko) Chrome/137.0.7151.119 Mobile Safari/537.36 (compatible; Googlebot/2.1; +http://www.google.com/bot.html)"
66.249.65.164 - - [14/Jul/2025:13:39:15 +0000] "POST /get-message-notify HTTP/1.1" 200 19554 "https://alalamy.com.au/?k=82098827031900&mod=9bcdf808&uri=us.php?toreka/figure_menu.html" "Mozilla/5.0 (Linux; Android 6.0.1; Nexus 5X Build/MMB29P) AppleWebKit/537.36 (KHTML, like Gecko) Chrome/137.0.7151.119 Mobile Safari/537.36 (compatible; Googlebot/2.1; +http://www.google.com/bot.html)"
66.249.65.164 - - [14/Jul/2025:13:39:15 +0000] "GET /?k=82098827031900&mod=9bcdf808&uri=us.php?shopbrand/246149.htm HTTP/1.1" 200 20690 "-" "Mozilla/5.0 (Linux; Android 6.0.1; Nexus 5X Build/MMB29P) AppleWebKit/537.36 (KHTML, like Gecko) Chrome/137.0.7151.103 Mobile Safari/537.36 (compatible; Googlebot/2.1; +http://www.google.com/bot.html)"
66.249.65.164 - - [14/Jul/2025:13:39:24 +0000] "GET /?k=82098827031900&mod=9bcdf808&uri=us.php?shopbrand/250323.htm HTTP/1.1" 200 19340 "-" "Mozilla/5.0 (Linux; Android 6.0.1; Nexus 5X Build/MMB29P) AppleWebKit/537.36 (KHTML, like Gecko) Chrome/137.0.7151.103 Mobile Safari/537.36 (compatible; Googlebot/2.1; +http://www.google.com/bot.html)"
66.249.65.164 - - [14/Jul/2025:13:39:27 +0000] "GET /?k=82098827031900&mod=9bcdf808&uri=us.php?%3Fid%3D2739791-193%26name%3Dburberry+a HTTP/1.1" 200 19582 "-" "Mozilla/5.0 (Linux; Android 6.0.1; Nexus 5X Build/MMB29P) AppleWebKit/537.36 (KHTML, like Gecko) Chrome/137.0.7151.103 Mobile Safari/537.36 (compatible; Googlebot/2.1; +http://www.google.com/bot.html)"
66.249.65.164 - - [14/Jul/2025:13:39:27 +0000] "GET /?k=82083707141900&mod=798e5a5d&uri=us.php?shopbrand/247162.htm HTTP/1.1" 200 19252 "-" "Mozilla/5.0 (Linux; Android 6.0.1; Nexus 5X Build/MMB29P) AppleWebKit/537.36 (KHTML, like Gecko) Chrome/137.0.7151.103 Mobile Safari/537.36 (compatible; Googlebot/2.1; +http://www.google.com/bot.html)"
66.249.65.165 - - [14/Jul/2025:13:39:29 +0000] "POST /get-message-notify HTTP/1.1" 200 19554 "https://alalamy.com.au/?k=82098827031900&mod=9bcdf808&uri=us.php?%3Fid%3D2739791-193%26name%3Dburberry+a" "Mozilla/5.0 (Linux; Android 6.0.1; Nexus 5X Build/MMB29P) AppleWebKit/537.36 (KHTML, like Gecko) Chrome/137.0.7151.119 Mobile Safari/537.36 (compatible; Googlebot/2.1; +http://www.google.com/bot.html)"
66.249.65.165 - - [14/Jul/2025:13:39:30 +0000] "GET /?k=82098827031900&mod=9bcdf808&uri=us.php?shopbrand/246705.htm HTTP/1.1" 200 19789 "-" "Mozilla/5.0 (Linux; Android 6.0.1; Nexus 5X Build/MMB29P) AppleWebKit/537.36 (KHTML, like Gecko) Chrome/137.0.7151.103 Mobile Safari/537.36 (compatible; Googlebot/2.1; +http://www.google.com/bot.html)"
66.249.65.164 - - [14/Jul/2025:13:39:30 +0000] "GET /?k=7108755011900&mod=46489c17&uri=shop.php?shopbrand/248788.htm HTTP/1.1" 200 20040 "-" "Mozilla/5.0 (Linux; Android 6.0.1; Nexus 5X Build/MMB29P) AppleWebKit/537.36 (KHTML, like Gecko) Chrome/137.0.7151.103 Mobile Safari/537.36 (compatible; Googlebot/2.1; +http://www.google.com/bot.html)"
66.249.65.165 - - [14/Jul/2025:13:39:31 +0000] "POST /get-message-notify HTTP/1.1" 200 19554 "https://alalamy.com.au/shopbrand/212242575.htm" "Mozilla/5.0 (Linux; Android 6.0.1; Nexus 5X Build/MMB29P) AppleWebKit/537.36 (KHTML, like Gecko) Chrome/137.0.7151.119 Mobile Safari/537.36 (compatible; Googlebot/2.1; +http://www.google.com/bot.html)"
66.249.65.164 - - [14/Jul/2025:13:39:33 +0000] "GET /?k=82098827031900&mod=9bcdf808&uri=us.php?shopbrand/249926.htm HTTP/1.1" 200 19680 "-" "Mozilla/5.0 (Linux; Android 6.0.1; Nexus 5X Build/MMB29P) AppleWebKit/537.36 (KHTML, like Gecko) Chrome/137.0.7151.103 Mobile Safari/537.36 (compatible; Googlebot/2.1; +http://www.google.com/bot.html)"
66.249.65.165 - - [14/Jul/2025:13:39:37 +0000] "GET /?k=82098827031900&mod=9bcdf808&uri=us.php?man/customer_guide HTTP/1.1" 200 21055 "-" "Mozilla/5.0 (Linux; Android 6.0.1; Nexus 5X Build/MMB29P) AppleWebKit/537.36 (KHTML, like Gecko) Chrome/137.0.7151.103 Mobile Safari/537.36 (compatible; Googlebot/2.1; +http://www.google.com/bot.html)"
66.249.65.165 - - [14/Jul/2025:13:39:39 +0000] "POST /get-message-notify HTTP/1.1" 200 19554 "https://alalamy.com.au/?k=82098827031900&mod=9bcdf808&uri=us.php?man/customer_guide" "Mozilla/5.0 (Linux; Android 6.0.1; Nexus 5X Build/MMB29P) AppleWebKit/537.36 (KHTML, like Gecko) Chrome/137.0.7151.119 Mobile Safari/537.36 (compatible; Googlebot/2.1; +http://www.google.com/bot.html)"
66.249.65.164 - - [14/Jul/2025:13:39:40 +0000] "GET /?k=82098827031900&mod=9bcdf808&uri=us.php?shopbrand/249227.htm HTTP/1.1" 200 21009 "-" "Mozilla/5.0 (Linux; Android 6.0.1; Nexus 5X Build/MMB29P) AppleWebKit/537.36 (KHTML, like Gecko) Chrome/137.0.7151.103 Mobile Safari/537.36 (compatible; Googlebot/2.1; +http://www.google.com/bot.html)"
66.249.65.164 - - [14/Jul/2025:13:39:42 +0000] "GET /shopbrand/212197116.htm HTTP/1.1" 200 18293 "-" "Mozilla/5.0 (Linux; Android 6.0.1; Nexus 5X Build/MMB29P) AppleWebKit/537.36 (KHTML, like Gecko) Chrome/137.0.7151.103 Mobile Safari/537.36 (compatible; GoogleOther)"
66.249.65.165 - - [14/Jul/2025:13:39:46 +0000] "GET /?k=7479208121900&mod=c5b86fa9&uri=info.php%3Fid%3D249789-141%26name%3Ddama+boda HTTP/1.1" 200 19585 "-" "Mozilla/5.0 (Linux; Android 6.0.1; Nexus 5X Build/MMB29P) AppleWebKit/537.36 (KHTML, like Gecko) Chrome/137.0.7151.103 Mobile Safari/537.36 (compatible; Googlebot/2.1; +http://www.google.com/bot.html)"
66.249.65.164 - - [14/Jul/2025:13:39:48 +0000] "GET /?k=82098827031900&mod=9bcdf808&uri=us.php?shopbrand/244638.htm HTTP/1.1" 200 20140 "-" "Mozilla/5.0 (Linux; Android 6.0.1; Nexus 5X Build/MMB29P) AppleWebKit/537.36 (KHTML, like Gecko) Chrome/137.0.7151.103 Mobile Safari/537.36 (compatible; Googlebot/2.1; +http://www.google.com/bot.html)"
66.249.65.165 - - [14/Jul/2025:13:39:51 +0000] "GET /?k=82098827031900&mod=9bcdf808&uri=us.php?shopbrand/247577.htm HTTP/1.1" 200 19660 "-" "Mozilla/5.0 (Linux; Android 6.0.1; Nexus 5X Build/MMB29P) AppleWebKit/537.36 (KHTML, like Gecko) Chrome/137.0.7151.103 Mobile Safari/537.36 (compatible; Googlebot/2.1; +http://www.google.com/bot.html)"
66.249.65.164 - - [14/Jul/2025:13:39:52 +0000] "POST /get-message-notify HTTP/1.1" 200 19554 "https://alalamy.com.au/?k=82083707141900&mod=798e5a5d&uri=us.php?shopbrand/247162.htm" "Mozilla/5.0 (Linux; Android 6.0.1; Nexus 5X Build/MMB29P) AppleWebKit/537.36 (KHTML, like Gecko) Chrome/137.0.7151.119 Mobile Safari/537.36 (compatible; Googlebot/2.1; +http://www.google.com/bot.html)"
66.249.65.165 - - [14/Jul/2025:13:39:53 +0000] "GET /shopbrand/212188230.htm HTTP/1.1" 200 19327 "-" "Mozilla/5.0 (Linux; Android 6.0.1; Nexus 5X Build/MMB29P) AppleWebKit/537.36 (KHTML, like Gecko) Chrome/137.0.7151.103 Mobile Safari/537.36 (compatible; GoogleOther)"
66.249.65.165 - - [14/Jul/2025:13:39:54 +0000] "GET /?k=82098827031900&mod=9bcdf808&uri=us.php?shopbrand/243385.htm HTTP/1.1" 200 20963 "-" "Mozilla/5.0 (Linux; Android 6.0.1; Nexus 5X Build/MMB29P) AppleWebKit/537.36 (KHTML, like Gecko) Chrome/137.0.7151.103 Mobile Safari/537.36 (compatible; Googlebot/2.1; +http://www.google.com/bot.html)"
209.74.77.214 - - [14/Jul/2025:13:39:56 +0000] "POST /wp-cron.php?doing_wp_cron=1752500396.4146840572357177734375 HTTP/1.1" 200 - "-" "WordPress/6.8.1; https://alalamy.com.au"
216.73.216.203 - - [14/Jul/2025:13:39:56 +0000] "GET /shopbrand/42250879.htm HTTP/1.1" 404 20340 "-" "Mozilla/5.0 AppleWebKit/537.36 (KHTML, like Gecko; compatible; ClaudeBot/1.0; [email protected])"
209.74.77.214 - - [14/Jul/2025:13:39:56 +0000] "POST /wp-admin/admin-ajax.php?action=async_litespeed&nonce=3rNA4PZInvNVKV0asnbxJ30tR5deocQu&litespeed_type=imgoptm HTTP/1.1" 200 21 "-" "WordPress/6.8.1; https://alalamy.com.au"
216.73.216.203 - - [14/Jul/2025:13:39:58 +0000] "GET /shopbrand/42229884.htm HTTP/1.1" 404 20340 "-" "Mozilla/5.0 AppleWebKit/537.36 (KHTML, like Gecko; compatible; ClaudeBot/1.0; [email protected])"
66.249.65.164 - - [14/Jul/2025:13:40:00 +0000] "GET /?k=7023779071900&mod=156cc497&uri=form.php?feature/campaign/index.html HTTP/1.1" 200 19393 "-" "Mozilla/5.0 (Linux; Android 6.0.1; Nexus 5X Build/MMB29P) AppleWebKit/537.36 (KHTML, like Gecko) Chrome/137.0.7151.103 Mobile Safari/537.36 (compatible; Googlebot/2.1; +http://www.google.com/bot.html)"
66.249.65.164 - - [14/Jul/2025:13:40:01 +0000] "GET /?k=82083707141900&mod=798e5a5d&uri=us.php?shopbrand/247277.htm HTTP/1.1" 200 18947 "-" "Mozilla/5.0 (Linux; Android 6.0.1; Nexus 5X Build/MMB29P) AppleWebKit/537.36 (KHTML, like Gecko) Chrome/137.0.7151.103 Mobile Safari/537.36 (compatible; Googlebot/2.1; +http://www.google.com/bot.html)"
216.73.216.203 - - [14/Jul/2025:13:40:01 +0000] "GET /shopbrand/42210134.htm HTTP/1.1" 404 20340 "-" "Mozilla/5.0 AppleWebKit/537.36 (KHTML, like Gecko; compatible; ClaudeBot/1.0; [email protected])"
66.249.65.166 - - [14/Jul/2025:13:40:04 +0000] "GET /?k=82083707141900&mod=798e5a5d&uri=us.php?shopbrand/252821.htm HTTP/1.1" 200 19393 "-" "Mozilla/5.0 (Linux; Android 6.0.1; Nexus 5X Build/MMB29P) AppleWebKit/537.36 (KHTML, like Gecko) Chrome/137.0.7151.103 Mobile Safari/537.36 (compatible; Googlebot/2.1; +http://www.google.com/bot.html)"
216.73.216.203 - - [14/Jul/2025:13:40:04 +0000] "GET /shopbrand/42176192.htm HTTP/1.1" 404 20340 "-" "Mozilla/5.0 AppleWebKit/537.36 (KHTML, like Gecko; compatible; ClaudeBot/1.0; [email protected])"
216.73.216.203 - - [14/Jul/2025:13:40:08 +0000] "GET /shopbrand/42279890.htm HTTP/1.1" 404 20340 "-" "Mozilla/5.0 AppleWebKit/537.36 (KHTML, like Gecko; compatible; ClaudeBot/1.0; [email protected])"
66.249.65.165 - - [14/Jul/2025:13:40:08 +0000] "GET /?k=82098827031900&mod=9bcdf808&uri=us.php?shopbrand/248788.htm HTTP/1.1" 200 20040 "-" "Mozilla/5.0 (Linux; Android 6.0.1; Nexus 5X Build/MMB29P) AppleWebKit/537.36 (KHTML, like Gecko) Chrome/137.0.7151.103 Mobile Safari/537.36 (compatible; Googlebot/2.1; +http://www.google.com/bot.html)"
216.73.216.203 - - [14/Jul/2025:13:40:10 +0000] "GET /shopbrand/42208996.htm HTTP/1.1" 404 20340 "-" "Mozilla/5.0 AppleWebKit/537.36 (KHTML, like Gecko; compatible; ClaudeBot/1.0; [email protected])"
66.249.65.164 - - [14/Jul/2025:13:40:13 +0000] "POST /get-message-notify HTTP/1.1" 200 19554 "https://alalamy.com.au/?k=82098827031900&mod=9bcdf808&uri=us.php?shopbrand/248788.htm" "Mozilla/5.0 (Linux; Android 6.0.1; Nexus 5X Build/MMB29P) AppleWebKit/537.36 (KHTML, like Gecko) Chrome/137.0.7151.119 Mobile Safari/537.36 (compatible; Googlebot/2.1; +http://www.google.com/bot.html)"
66.249.65.164 - - [14/Jul/2025:13:40:14 +0000] "GET /?k=82098827031900&mod=9bcdf808&uri=us.php?shopbrand/250639.htm HTTP/1.1" 200 20914 "-" "Mozilla/5.0 (Linux; Android 6.0.1; Nexus 5X Build/MMB29P) AppleWebKit/537.36 (KHTML, like Gecko) Chrome/137.0.7151.103 Mobile Safari/537.36 (compatible; Googlebot/2.1; +http://www.google.com/bot.html)"
66.249.65.164 - - [14/Jul/2025:13:40:14 +0000] "GET /shopbrand/212166387.htm HTTP/1.1" 200 18760 "-" "Mozilla/5.0 (Linux; Android 6.0.1; Nexus 5X Build/MMB29P) AppleWebKit/537.36 (KHTML, like Gecko) Chrome/137.0.7151.103 Mobile Safari/537.36 (compatible; GoogleOther)"
66.249.65.164 - - [14/Jul/2025:13:40:15 +0000] "POST /get-message-notify HTTP/1.1" 200 19554 "https://alalamy.com.au/?k=82083707141900&mod=798e5a5d&uri=us.php?shopbrand/247277.htm" "Mozilla/5.0 (Linux; Android 6.0.1; Nexus 5X Build/MMB29P) AppleWebKit/537.36 (KHTML, like Gecko) Chrome/137.0.7151.119 Mobile Safari/537.36 (compatible; Googlebot/2.1; +http://www.google.com/bot.html)"
66.249.65.164 - - [14/Jul/2025:13:40:17 +0000] "GET /?k=82083707141900&mod=798e5a5d&uri=us.php?pcmypage/ HTTP/1.1" 200 18902 "-" "Mozilla/5.0 (Linux; Android 6.0.1; Nexus 5X Build/MMB29P) AppleWebKit/537.36 (KHTML, like Gecko) Chrome/137.0.7151.103 Mobile Safari/537.36 (compatible; Googlebot/2.1; +http://www.google.com/bot.html)"
66.249.65.164 - - [14/Jul/2025:13:40:20 +0000] "GET /?k=82083707141900&mod=798e5a5d&uri=us.php?shopbrand/249501.htm HTTP/1.1" 200 18743 "-" "Mozilla/5.0 (Linux; Android 6.0.1; Nexus 5X Build/MMB29P) AppleWebKit/537.36 (KHTML, like Gecko) Chrome/137.0.7151.103 Mobile Safari/537.36 (compatible; Googlebot/2.1; +http://www.google.com/bot.html)"
66.249.65.164 - - [14/Jul/2025:13:40:20 +0000] "GET /?k=6737769071900&mod=de3358ca&uri=goods.php?shopbrand/247843.htm HTTP/1.1" 200 19584 "-" "Mozilla/5.0 (Linux; Android 6.0.1; Nexus 5X Build/MMB29P) AppleWebKit/537.36 (KHTML, like Gecko) Chrome/137.0.7151.103 Mobile Safari/537.36 (compatible; Googlebot/2.1; +http://www.google.com/bot.html)"
66.249.65.164 - - [14/Jul/2025:13:40:24 +0000] "GET /?k=82083707141900&mod=798e5a5d&uri=us.php?shopbrand/250323.htm HTTP/1.1" 200 19343 "-" "Mozilla/5.0 (Linux; Android 6.0.1; Nexus 5X Build/MMB29P) AppleWebKit/537.36 (KHTML, like Gecko) Chrome/137.0.7151.103 Mobile Safari/537.36 (compatible; Googlebot/2.1; +http://www.google.com/bot.html)"
66.249.65.164 - - [14/Jul/2025:13:40:24 +0000] "GET /?k=82098827031900&mod=9bcdf808&uri=us.php?shopbrand/245768.htm HTTP/1.1" 200 19445 "-" "Mozilla/5.0 (Linux; Android 6.0.1; Nexus 5X Build/MMB29P) AppleWebKit/537.36 (KHTML, like Gecko) Chrome/137.0.7151.103 Mobile Safari/537.36 (compatible; Googlebot/2.1; +http://www.google.com/bot.html)"
66.249.65.164 - - [14/Jul/2025:13:40:29 +0000] "GET /?k=82098827031900&mod=9bcdf808&uri=us.php?shopbrand/241743.htm HTTP/1.1" 200 19285 "-" "Mozilla/5.0 (Linux; Android 6.0.1; Nexus 5X Build/MMB29P) AppleWebKit/537.36 (KHTML, like Gecko) Chrome/137.0.7151.103 Mobile Safari/537.36 (compatible; Googlebot/2.1; +http://www.google.com/bot.html)"
66.249.65.164 - - [14/Jul/2025:13:40:29 +0000] "GET /?k=82098827031900&mod=9bcdf808&uri=us.php?man/kaitori/ansin.html HTTP/1.1" 200 20422 "-" "Mozilla/5.0 (Linux; Android 6.0.1; Nexus 5X Build/MMB29P) AppleWebKit/537.36 (KHTML, like Gecko) Chrome/137.0.7151.103 Mobile Safari/537.36 (compatible; Googlebot/2.1; +http://www.google.com/bot.html)"
66.249.65.164 - - [14/Jul/2025:13:40:30 +0000] "GET /?k=82098827031900&mod=9bcdf808&uri=us.php?shopbrand/243544.htm HTTP/1.1" 200 21747 "-" "Mozilla/5.0 (Linux; Android 6.0.1; Nexus 5X Build/MMB29P) AppleWebKit/537.36 (KHTML, like Gecko) Chrome/137.0.7151.103 Mobile Safari/537.36 (compatible; Googlebot/2.1; +http://www.google.com/bot.html)"
66.249.65.165 - - [14/Jul/2025:13:40:33 +0000] "GET /?k=82098827031900&mod=9bcdf808&uri=us.php?shopbrand/242829.htm HTTP/1.1" 200 19711 "-" "Mozilla/5.0 (Linux; Android 6.0.1; Nexus 5X Build/MMB29P) AppleWebKit/537.36 (KHTML, like Gecko) Chrome/137.0.7151.103 Mobile Safari/537.36 (compatible; Googlebot/2.1; +http://www.google.com/bot.html)"
66.249.65.165 - - [14/Jul/2025:13:40:34 +0000] "POST /get-message-notify HTTP/1.1" 200 19554 "https://alalamy.com.au/?k=82083707141900&mod=798e5a5d&uri=us.php?pcmypage/" "Mozilla/5.0 (Linux; Android 6.0.1; Nexus 5X Build/MMB29P) AppleWebKit/537.36 (KHTML, like Gecko) Chrome/137.0.7151.119 Mobile Safari/537.36 (compatible; Googlebot/2.1; +http://www.google.com/bot.html)"
66.249.65.164 - - [14/Jul/2025:13:40:34 +0000] "POST /get-message-notify HTTP/1.1" 200 19554 "https://alalamy.com.au/?k=7479208121900&mod=c5b86fa9&uri=info.php%3Fid%3D249789-141%26name%3Ddama+boda" "Mozilla/5.0 (Linux; Android 6.0.1; Nexus 5X Build/MMB29P) AppleWebKit/537.36 (KHTML, like Gecko) Chrome/137.0.7151.119 Mobile Safari/537.36 (compatible; Googlebot/2.1; +http://www.google.com/bot.html)"
66.249.65.165 - - [14/Jul/2025:13:40:36 +0000] "GET /shopbrand/212152777.htm HTTP/1.1" 200 19356 "-" "Mozilla/5.0 (Linux; Android 6.0.1; Nexus 5X Build/MMB29P) AppleWebKit/537.36 (KHTML, like Gecko) Chrome/137.0.7151.103 Mobile Safari/537.36 (compatible; GoogleOther)"
209.74.77.214 - - [14/Jul/2025:13:40:37 +0000] "POST /wp-cron.php?doing_wp_cron=1752500437.3060400485992431640625 HTTP/1.1" 200 - "-" "WordPress/6.8.1; https://alalamy.com.au"
216.73.216.203 - - [14/Jul/2025:13:40:37 +0000] "GET /shopbrand/42174681.htm HTTP/1.1" 404 20340 "-" "Mozilla/5.0 AppleWebKit/537.36 (KHTML, like Gecko; compatible; ClaudeBot/1.0; [email protected])"
209.74.77.214 - - [14/Jul/2025:13:40:37 +0000] "POST /wp-admin/admin-ajax.php?action=async_litespeed&nonce=z6GokpazjKIsyzFJu4ZW50RG2gpBR4v6&litespeed_type=imgoptm HTTP/1.1" 200 21 "-" "WordPress/6.8.1; https://alalamy.com.au"
216.73.216.203 - - [14/Jul/2025:13:40:39 +0000] "GET /shopbrand/42213029.htm HTTP/1.1" 404 20339 "-" "Mozilla/5.0 AppleWebKit/537.36 (KHTML, like Gecko; compatible; ClaudeBot/1.0; [email protected])"
216.73.216.203 - - [14/Jul/2025:13:40:42 +0000] "GET /shopbrand/42200241.htm HTTP/1.1" 404 20340 "-" "Mozilla/5.0 AppleWebKit/537.36 (KHTML, like Gecko; compatible; ClaudeBot/1.0; [email protected])"
66.249.65.164 - - [14/Jul/2025:13:40:44 +0000] "GET /?k=82098827031900&mod=9bcdf808&uri=us.php?dozin.html HTTP/1.1" 200 20774 "-" "Mozilla/5.0 (Linux; Android 6.0.1; Nexus 5X Build/MMB29P) AppleWebKit/537.36 (KHTML, like Gecko) Chrome/137.0.7151.103 Mobile Safari/537.36 (compatible; Googlebot/2.1; +http://www.google.com/bot.html)"
216.73.216.203 - - [14/Jul/2025:13:40:45 +0000] "GET /shopbrand/42185255.htm HTTP/1.1" 404 20340 "-" "Mozilla/5.0 AppleWebKit/537.36 (KHTML, like Gecko; compatible; ClaudeBot/1.0; [email protected])"
66.249.65.165 - - [14/Jul/2025:13:40:47 +0000] "GET /shopbrand/212188071.htm HTTP/1.1" 200 19038 "-" "Mozilla/5.0 (Linux; Android 6.0.1; Nexus 5X Build/MMB29P) AppleWebKit/537.36 (KHTML, like Gecko) Chrome/137.0.7151.103 Mobile Safari/537.36 (compatible; GoogleOther)"
66.249.65.164 - - [14/Jul/2025:13:40:48 +0000] "POST /get-message-notify HTTP/1.1" 200 19554 "https://alalamy.com.au/?k=82098827031900&mod=9bcdf808&uri=us.php?shopbrand/243810.htm" "Mozilla/5.0 (Linux; Android 6.0.1; Nexus 5X Build/MMB29P) AppleWebKit/537.36 (KHTML, like Gecko) Chrome/137.0.7151.119 Mobile Safari/537.36 (compatible; Googlebot/2.1; +http://www.google.com/bot.html)"
216.73.216.203 - - [14/Jul/2025:13:40:49 +0000] "GET /shopbrand/42232505.htm HTTP/1.1" 404 20340 "-" "Mozilla/5.0 AppleWebKit/537.36 (KHTML, like Gecko; compatible; ClaudeBot/1.0; [email protected])"
66.249.65.165 - - [14/Jul/2025:13:40:50 +0000] "GET /?k=82098827031900&mod=9bcdf808&uri=us.php?shopbrand/246034.htm HTTP/1.1" 200 20147 "-" "Mozilla/5.0 (Linux; Android 6.0.1; Nexus 5X Build/MMB29P) AppleWebKit/537.36 (KHTML, like Gecko) Chrome/137.0.7151.103 Mobile Safari/537.36 (compatible; Googlebot/2.1; +http://www.google.com/bot.html)"
216.73.216.203 - - [14/Jul/2025:13:40:51 +0000] "GET /shopbrand/42295359.htm HTTP/1.1" 404 20340 "-" "Mozilla/5.0 AppleWebKit/537.36 (KHTML, like Gecko; compatible; ClaudeBot/1.0; [email protected])"
66.249.65.165 - - [14/Jul/2025:13:40:53 +0000] "GET /?k=82098827031900&mod=9bcdf808&uri=us.php?affiliate HTTP/1.1" 200 19848 "-" "Mozilla/5.0 (Linux; Android 6.0.1; Nexus 5X Build/MMB29P) AppleWebKit/537.36 (KHTML, like Gecko) Chrome/137.0.7151.103 Mobile Safari/537.36 (compatible; Googlebot/2.1; +http://www.google.com/bot.html)"
66.249.65.164 - - [14/Jul/2025:13:40:56 +0000] "GET /?k=82098827031900&mod=9bcdf808&uri=us.php?shopbrand/244223.htm HTTP/1.1" 200 21488 "-" "Mozilla/5.0 (Linux; Android 6.0.1; Nexus 5X Build/MMB29P) AppleWebKit/537.36 (KHTML, like Gecko) Chrome/137.0.7151.103 Mobile Safari/537.36 (compatible; Googlebot/2.1; +http://www.google.com/bot.html)"
66.249.65.164 - - [14/Jul/2025:13:40:56 +0000] "GET /?k=5810258071900&mod=f1a860c4&uri=itm.php?shopbrand/246308.htm HTTP/1.1" 200 19037 "-" "Mozilla/5.0 (Linux; Android 6.0.1; Nexus 5X Build/MMB29P) AppleWebKit/537.36 (KHTML, like Gecko) Chrome/137.0.7151.103 Mobile Safari/537.36 (compatible; Googlebot/2.1; +http://www.google.com/bot.html)"
66.249.65.164 - - [14/Jul/2025:13:40:58 +0000] "GET /?k=82098827031900&mod=9bcdf808&uri=us.php?shopbrand/249660.htm HTTP/1.1" 200 19575 "-" "Mozilla/5.0 (Linux; Android 6.0.1; Nexus 5X Build/MMB29P) AppleWebKit/537.36 (KHTML, like Gecko) Chrome/137.0.7151.103 Mobile Safari/537.36 (compatible; Googlebot/2.1; +http://www.google.com/bot.html)"
66.249.65.166 - - [14/Jul/2025:13:41:02 +0000] "GET /?k=82098827031900&mod=9bcdf808&uri=us.php?shopbrand/242299.htm HTTP/1.1" 200 20674 "-" "Mozilla/5.0 (Linux; Android 6.0.1; Nexus 5X Build/MMB29P) AppleWebKit/537.36 (KHTML, like Gecko) Chrome/137.0.7151.103 Mobile Safari/537.36 (compatible; Googlebot/2.1; +http://www.google.com/bot.html)"
66.249.65.164 - - [14/Jul/2025:13:41:05 +0000] "GET /?k=82098827031900&mod=9bcdf808&uri=us.php?hobby/boardgame/index.html HTTP/1.1" 200 19946 "-" "Mozilla/5.0 (Linux; Android 6.0.1; Nexus 5X Build/MMB29P) AppleWebKit/537.36 (KHTML, like Gecko) Chrome/137.0.7151.103 Mobile Safari/537.36 (compatible; Googlebot/2.1; +http://www.google.com/bot.html)"
66.249.65.165 - - [14/Jul/2025:13:41:09 +0000] "GET /?k=82098827031900&mod=9bcdf808&uri=us.php?shopbrand/250057.htm HTTP/1.1" 200 20720 "-" "Mozilla/5.0 (Linux; Android 6.0.1; Nexus 5X Build/MMB29P) AppleWebKit/537.36 (KHTML, like Gecko) Chrome/137.0.7151.103 Mobile Safari/537.36 (compatible; Googlebot/2.1; +http://www.google.com/bot.html)"
66.249.65.165 - - [14/Jul/2025:13:41:09 +0000] "POST /get-message-notify HTTP/1.1" 200 19554 "https://alalamy.com.au/?k=82098827031900&mod=9bcdf808&uri=us.php?hobby/boardgame/index.html" "Mozilla/5.0 (Linux; Android 6.0.1; Nexus 5X Build/MMB29P) AppleWebKit/537.36 (KHTML, like Gecko) Chrome/137.0.7151.119 Mobile Safari/537.36 (compatible; Googlebot/2.1; +http://www.google.com/bot.html)"
66.249.65.165 - - [14/Jul/2025:13:41:12 +0000] "GET /?k=82083707141900&mod=798e5a5d&uri=us.php?product_archives HTTP/1.1" 200 19129 "-" "Mozilla/5.0 (Linux; Android 6.0.1; Nexus 5X Build/MMB29P) AppleWebKit/537.36 (KHTML, like Gecko) Chrome/137.0.7151.103 Mobile Safari/537.36 (compatible; Googlebot/2.1; +http://www.google.com/bot.html)"
66.249.65.164 - - [14/Jul/2025:13:41:19 +0000] "GET /shopbrand/212248153.htm HTTP/1.1" 200 18886 "-" "Mozilla/5.0 (Linux; Android 6.0.1; Nexus 5X Build/MMB29P) AppleWebKit/537.36 (KHTML, like Gecko) Chrome/137.0.7151.103 Mobile Safari/537.36 (compatible; GoogleOther)"
66.249.65.164 - - [14/Jul/2025:13:41:21 +0000] "GET /?k=82098827031900&mod=9bcdf808&uri=us.php?man/kaitori/kantan.html HTTP/1.1" 200 20444 "-" "Mozilla/5.0 (Linux; Android 6.0.1; Nexus 5X Build/MMB29P) AppleWebKit/537.36 (KHTML, like Gecko) Chrome/137.0.7151.103 Mobile Safari/537.36 (compatible; Googlebot/2.1; +http://www.google.com/bot.html)"
66.249.65.164 - - [14/Jul/2025:13:41:21 +0000] "GET /?k=7108755011900&mod=46489c17&uri=shop.php?shopbrand/243254.htm HTTP/1.1" 200 19185 "-" "Mozilla/5.0 (Linux; Android 6.0.1; Nexus 5X Build/MMB29P) AppleWebKit/537.36 (KHTML, like Gecko) Chrome/137.0.7151.103 Mobile Safari/537.36 (compatible; Googlebot/2.1; +http://www.google.com/bot.html)"
66.249.65.164 - - [14/Jul/2025:13:41:21 +0000] "GET /?k=7146659091900&mod=8763d72b&uri=goods.php?text/terms HTTP/1.1" 200 19895 "-" "Mozilla/5.0 (Linux; Android 6.0.1; Nexus 5X Build/MMB29P) AppleWebKit/537.36 (KHTML, like Gecko) Chrome/137.0.7151.103 Mobile Safari/537.36 (compatible; Googlebot/2.1; +http://www.google.com/bot.html)"
66.249.65.164 - - [14/Jul/2025:13:41:23 +0000] "GET /?k=82098827031900&mod=9bcdf808&uri=us.php?text/terms HTTP/1.1" 200 19893 "-" "Mozilla/5.0 (Linux; Android 6.0.1; Nexus 5X Build/MMB29P) AppleWebKit/537.36 (KHTML, like Gecko) Chrome/137.0.7151.103 Mobile Safari/537.36 (compatible; Googlebot/2.1; +http://www.google.com/bot.html)"
209.74.77.214 - - [14/Jul/2025:13:41:26 +0000] "POST /wp-cron.php?doing_wp_cron=1752500486.4249310493469238281250 HTTP/1.1" 200 - "-" "WordPress/6.8.1; https://alalamy.com.au"
216.73.216.203 - - [14/Jul/2025:13:41:26 +0000] "GET /shopbrand/42196524.htm HTTP/1.1" 404 20340 "-" "Mozilla/5.0 AppleWebKit/537.36 (KHTML, like Gecko; compatible; ClaudeBot/1.0; [email protected])"
66.249.65.164 - - [14/Jul/2025:13:41:28 +0000] "POST /get-message-notify HTTP/1.1" 200 19554 "https://alalamy.com.au/?k=82098827031900&mod=9bcdf808&uri=us.php?man/kaitori/kantan.html" "Mozilla/5.0 (Linux; Android 6.0.1; Nexus 5X Build/MMB29P) AppleWebKit/537.36 (KHTML, like Gecko) Chrome/137.0.7151.119 Mobile Safari/537.36 (compatible; Googlebot/2.1; +http://www.google.com/bot.html)"
66.249.65.164 - - [14/Jul/2025:13:41:28 +0000] "GET /?k=82098827031900&mod=9bcdf808&uri=us.php?events/ HTTP/1.1" 200 20174 "-" "Mozilla/5.0 (Linux; Android 6.0.1; Nexus 5X Build/MMB29P) AppleWebKit/537.36 (KHTML, like Gecko) Chrome/137.0.7151.103 Mobile Safari/537.36 (compatible; Googlebot/2.1; +http://www.google.com/bot.html)"
216.73.216.203 - - [14/Jul/2025:13:41:29 +0000] "GET /shopbrand/42250422.htm HTTP/1.1" 404 20340 "-" "Mozilla/5.0 AppleWebKit/537.36 (KHTML, like Gecko; compatible; ClaudeBot/1.0; [email protected])"
66.249.65.164 - - [14/Jul/2025:13:41:31 +0000] "GET /?k=6758900021900&mod=b75fccec&uri=us.php?shopbrand/253675.htm HTTP/1.1" 200 20328 "-" "Mozilla/5.0 (Linux; Android 6.0.1; Nexus 5X Build/MMB29P) AppleWebKit/537.36 (KHTML, like Gecko) Chrome/137.0.7151.103 Mobile Safari/537.36 (compatible; Googlebot/2.1; +http://www.google.com/bot.html)"
209.74.77.214 - - [14/Jul/2025:13:41:32 +0000] "POST /wp-cron.php?doing_wp_cron=1752500492.3157200813293457031250 HTTP/1.1" 200 - "-" "WordPress/6.8.1; https://alalamy.com.au"
216.73.216.203 - - [14/Jul/2025:13:41:32 +0000] "GET /shopbrand/42175263.htm HTTP/1.1" 404 20340 "-" "Mozilla/5.0 AppleWebKit/537.36 (KHTML, like Gecko; compatible; ClaudeBot/1.0; [email protected])"
209.74.77.214 - - [14/Jul/2025:13:41:32 +0000] "POST /wp-admin/admin-ajax.php?action=async_litespeed&nonce=M1JmIh2JlS4GwdSI1ErBtisE5vUCtcAt&litespeed_type=imgoptm HTTP/1.1" 200 21 "-" "WordPress/6.8.1; https://alalamy.com.au"
66.249.65.164 - - [14/Jul/2025:13:41:33 +0000] "POST /get-message-notify HTTP/1.1" 200 19554 "https://alalamy.com.au/?k=7108755011900&mod=46489c17&uri=shop.php?feature/shoplist-friendly/index.html" "Mozilla/5.0 (Linux; Android 6.0.1; Nexus 5X Build/MMB29P) AppleWebKit/537.36 (KHTML, like Gecko) Chrome/137.0.7151.119 Mobile Safari/537.36 (compatible; Googlebot/2.1; +http://www.google.com/bot.html)"
209.74.77.214 - - [14/Jul/2025:13:41:35 +0000] "POST /wp-cron.php?doing_wp_cron=1752500495.3111259937286376953125 HTTP/1.1" 200 - "-" "WordPress/6.8.1; https://alalamy.com.au"
216.73.216.203 - - [14/Jul/2025:13:41:35 +0000] "GET /shopbrand/42209594.htm HTTP/1.1" 404 20340 "-" "Mozilla/5.0 AppleWebKit/537.36 (KHTML, like Gecko; compatible; ClaudeBot/1.0; [email protected])"
66.249.65.165 - - [14/Jul/2025:13:41:37 +0000] "GET /?k=82098827031900&mod=9bcdf808&uri=us.php?shopbrand/246308.htm HTTP/1.1" 200 19037 "-" "Mozilla/5.0 (Linux; Android 6.0.1; Nexus 5X Build/MMB29P) AppleWebKit/537.36 (KHTML, like Gecko) Chrome/137.0.7151.103 Mobile Safari/537.36 (compatible; Googlebot/2.1; +http://www.google.com/bot.html)"
66.249.65.165 - - [14/Jul/2025:13:41:37 +0000] "GET /?k=82098827031900&mod=9bcdf808&uri=us.php?oreka/plamodel_menu.html HTTP/1.1" 200 19500 "-" "Mozilla/5.0 (Linux; Android 6.0.1; Nexus 5X Build/MMB29P) AppleWebKit/537.36 (KHTML, like Gecko) Chrome/137.0.7151.103 Mobile Safari/537.36 (compatible; Googlebot/2.1; +http://www.google.com/bot.html)"
216.73.216.203 - - [14/Jul/2025:13:41:38 +0000] "GET /shopbrand/42184673.htm HTTP/1.1" 404 20340 "-" "Mozilla/5.0 AppleWebKit/537.36 (KHTML, like Gecko; compatible; ClaudeBot/1.0; [email protected])"
66.249.65.164 - - [14/Jul/2025:13:41:40 +0000] "GET /?k=82083707141900&mod=798e5a5d&uri=us.php?pcsp.html HTTP/1.1" 200 21375 "-" "Mozilla/5.0 (Linux; Android 6.0.1; Nexus 5X Build/MMB29P) AppleWebKit/537.36 (KHTML, like Gecko) Chrome/137.0.7151.103 Mobile Safari/537.36 (compatible; Googlebot/2.1; +http://www.google.com/bot.html)"
216.73.216.203 - - [14/Jul/2025:13:41:41 +0000] "GET /shopbrand/42213901.htm HTTP/1.1" 404 20339 "-" "Mozilla/5.0 AppleWebKit/537.36 (KHTML, like Gecko; compatible; ClaudeBot/1.0; [email protected])"
66.249.65.164 - - [14/Jul/2025:13:41:44 +0000] "GET /?k=82083707141900&mod=798e5a5d&uri=us.php? HTTP/1.1" 200 19654 "-" "Mozilla/5.0 (Linux; Android 6.0.1; Nexus 5X Build/MMB29P) AppleWebKit/537.36 (KHTML, like Gecko) Chrome/137.0.7151.103 Mobile Safari/537.36 (compatible; Googlebot/2.1; +http://www.google.com/bot.html)"
66.249.65.165 - - [14/Jul/2025:13:41:48 +0000] "GET /?k=82083707141900&mod=798e5a5d&uri=us.php?shopbrand/244638.htm HTTP/1.1" 200 20139 "-" "Mozilla/5.0 (Linux; Android 6.0.1; Nexus 5X Build/MMB29P) AppleWebKit/537.36 (KHTML, like Gecko) Chrome/137.0.7151.103 Mobile Safari/537.36 (compatible; Googlebot/2.1; +http://www.google.com/bot.html)"
66.249.65.164 - - [14/Jul/2025:13:41:51 +0000] "GET /?k=82098827031900&mod=9bcdf808&uri=us.php?shopbrand/249386.htm HTTP/1.1" 200 20716 "-" "Mozilla/5.0 (Linux; Android 6.0.1; Nexus 5X Build/MMB29P) AppleWebKit/537.36 (KHTML, like Gecko) Chrome/137.0.7151.103 Mobile Safari/537.36 (compatible; Googlebot/2.1; +http://www.google.com/bot.html)"
66.249.65.164 - - [14/Jul/2025:13:41:53 +0000] "POST /get-message-notify HTTP/1.1" 200 19554 "https://alalamy.com.au/?k=82098827031900&mod=9bcdf808&uri=us.php?shopbrand/246308.htm" "Mozilla/5.0 (Linux; Android 6.0.1; Nexus 5X Build/MMB29P) AppleWebKit/537.36 (KHTML, like Gecko) Chrome/137.0.7151.119 Mobile Safari/537.36 (compatible; Googlebot/2.1; +http://www.google.com/bot.html)"
66.249.65.164 - - [14/Jul/2025:13:41:54 +0000] "GET /?k=82095857041900&mod=9bcdf808&uri=category-info.php?shopbrand/244223.htm HTTP/1.1" 200 21526 "-" "Mozilla/5.0 (Linux; Android 6.0.1; Nexus 5X Build/MMB29P) AppleWebKit/537.36 (KHTML, like Gecko) Chrome/137.0.7151.103 Mobile Safari/537.36 (compatible; Googlebot/2.1; +http://www.google.com/bot.html)"
66.249.65.165 - - [14/Jul/2025:13:41:54 +0000] "GET /?k=7109805061900&mod=46489c17&uri=category-info.php?man/kaitori/kantan.html HTTP/1.1" 200 20497 "-" "Mozilla/5.0 (Linux; Android 6.0.1; Nexus 5X Build/MMB29P) AppleWebKit/537.36 (KHTML, like Gecko) Chrome/137.0.7151.103 Mobile Safari/537.36 (compatible; Googlebot/2.1; +http://www.google.com/bot.html)"
66.249.65.165 - - [14/Jul/2025:13:41:54 +0000] "POST /get-message-notify HTTP/1.1" 200 19554 "https://alalamy.com.au/?k=82098827031900&mod=9bcdf808&uri=us.php?shopbrand/249386.htm" "Mozilla/5.0 (Linux; Android 6.0.1; Nexus 5X Build/MMB29P) AppleWebKit/537.36 (KHTML, like Gecko) Chrome/137.0.7151.119 Mobile Safari/537.36 (compatible; Googlebot/2.1; +http://www.google.com/bot.html)"
66.249.65.165 - - [14/Jul/2025:13:41:55 +0000] "GET /?k=82098827031900&mod=9bcdf808&uri=us.php?hobby.html HTTP/1.1" 200 19269 "-" "Mozilla/5.0 (Linux; Android 6.0.1; Nexus 5X Build/MMB29P) AppleWebKit/537.36 (KHTML, like Gecko) Chrome/137.0.7151.103 Mobile Safari/537.36 (compatible; Googlebot/2.1; +http://www.google.com/bot.html)"
66.249.65.164 - - [14/Jul/2025:13:41:58 +0000] "GET /?k=82098827031900&mod=9bcdf808&uri=us.php?shopbrand/250597.htm HTTP/1.1" 200 20302 "-" "Mozilla/5.0 (Linux; Android 6.0.1; Nexus 5X Build/MMB29P) AppleWebKit/537.36 (KHTML, like Gecko) Chrome/137.0.7151.103 Mobile Safari/537.36 (compatible; Googlebot/2.1; +http://www.google.com/bot.html)"
66.249.65.164 - - [14/Jul/2025:13:42:02 +0000] "GET /shopbrand/212211026.htm HTTP/1.1" 200 18470 "-" "Mozilla/5.0 (Linux; Android 6.0.1; Nexus 5X Build/MMB29P) AppleWebKit/537.36 (KHTML, like Gecko) Chrome/137.0.7151.103 Mobile Safari/537.36 (compatible; GoogleOther)"
66.249.65.164 - - [14/Jul/2025:13:42:05 +0000] "GET /?k=82098827031900&mod=9bcdf808&uri=us.php?shopbrand/247277.htm HTTP/1.1" 200 18945 "-" "Mozilla/5.0 (Linux; Android 6.0.1; Nexus 5X Build/MMB29P) AppleWebKit/537.36 (KHTML, like Gecko) Chrome/137.0.7151.103 Mobile Safari/537.36 (compatible; Googlebot/2.1; +http://www.google.com/bot.html)"
66.249.65.164 - - [14/Jul/2025:13:42:11 +0000] "GET /?k=82083707141900&mod=798e5a5d&uri=us.php?shopbrand/246308.htm HTTP/1.1" 200 19037 "-" "Mozilla/5.0 (Linux; Android 6.0.1; Nexus 5X Build/MMB29P) AppleWebKit/537.36 (KHTML, like Gecko) Chrome/137.0.7151.103 Mobile Safari/537.36 (compatible; Googlebot/2.1; +http://www.google.com/bot.html)"
66.249.65.164 - - [14/Jul/2025:13:42:11 +0000] "GET /?k=5810258071900&mod=f1a860c4&uri=itm.php?shopbrand/247543.htm HTTP/1.1" 200 21404 "-" "Mozilla/5.0 (Linux; Android 6.0.1; Nexus 5X Build/MMB29P) AppleWebKit/537.36 (KHTML, like Gecko) Chrome/137.0.7151.103 Mobile Safari/537.36 (compatible; Googlebot/2.1; +http://www.google.com/bot.html)"
66.249.65.164 - - [14/Jul/2025:13:42:11 +0000] "GET /?k=7146659091900&mod=8763d72b&uri=goods.php?shopbrand/252821.htm HTTP/1.1" 200 19391 "-" "Mozilla/5.0 (Linux; Android 6.0.1; Nexus 5X Build/MMB29P) AppleWebKit/537.36 (KHTML, like Gecko) Chrome/137.0.7151.103 Mobile Safari/537.36 (compatible; Googlebot/2.1; +http://www.google.com/bot.html)"
66.249.65.164 - - [14/Jul/2025:13:42:12 +0000] "GET /?k=7108755011900&mod=46489c17&uri=shop.php?shopbrand/252025.htm HTTP/1.1" 200 19333 "-" "Mozilla/5.0 (Linux; Android 6.0.1; Nexus 5X Build/MMB29P) AppleWebKit/537.36 (KHTML, like Gecko) Chrome/137.0.7151.103 Mobile Safari/537.36 (compatible; Googlebot/2.1; +http://www.google.com/bot.html)"
66.249.65.164 - - [14/Jul/2025:13:42:12 +0000] "GET /?k=82098827031900&mod=9bcdf808&uri=us.php?shopbrand/248415.htm HTTP/1.1" 200 18996 "-" "Mozilla/5.0 (Linux; Android 6.0.1; Nexus 5X Build/MMB29P) AppleWebKit/537.36 (KHTML, like Gecko) Chrome/137.0.7151.103 Mobile Safari/537.36 (compatible; Googlebot/2.1; +http://www.google.com/bot.html)"
66.249.65.164 - - [14/Jul/2025:13:42:13 +0000] "GET /shopbrand/212181848.htm HTTP/1.1" 200 18832 "-" "Mozilla/5.0 (Linux; Android 6.0.1; Nexus 5X Build/MMB29P) AppleWebKit/537.36 (KHTML, like Gecko) Chrome/137.0.7151.103 Mobile Safari/537.36 (compatible; GoogleOther)"
66.249.65.164 - - [14/Jul/2025:13:42:16 +0000] "POST /get-message-notify HTTP/1.1" 200 19554 "https://alalamy.com.au/?k=7108755011900&mod=46489c17&uri=shop.php?shopbrand/243254.htm" "Mozilla/5.0 (Linux; Android 6.0.1; Nexus 5X Build/MMB29P) AppleWebKit/537.36 (KHTML, like Gecko) Chrome/137.0.7151.119 Mobile Safari/537.36 (compatible; Googlebot/2.1; +http://www.google.com/bot.html)"
66.249.65.164 - - [14/Jul/2025:13:42:20 +0000] "GET /?k=82083707141900&mod=798e5a5d&uri=us.php?shopbrand/243925.htm HTTP/1.1" 200 19123 "-" "Mozilla/5.0 (Linux; Android 6.0.1; Nexus 5X Build/MMB29P) AppleWebKit/537.36 (KHTML, like Gecko) Chrome/137.0.7151.103 Mobile Safari/537.36 (compatible; Googlebot/2.1; +http://www.google.com/bot.html)"
66.249.65.164 - - [14/Jul/2025:13:42:23 +0000] "GET /?k=82098827031900&mod=9bcdf808&uri=us.php?shopbrand/245734.htm HTTP/1.1" 200 19373 "-" "Mozilla/5.0 (Linux; Android 6.0.1; Nexus 5X Build/MMB29P) AppleWebKit/537.36 (KHTML, like Gecko) Chrome/137.0.7151.103 Mobile Safari/537.36 (compatible; Googlebot/2.1; +http://www.google.com/bot.html)"
66.249.65.164 - - [14/Jul/2025:13:42:24 +0000] "GET /shopbrand/212235746.htm HTTP/1.1" 200 19957 "-" "Mozilla/5.0 (Linux; Android 6.0.1; Nexus 5X Build/MMB29P) AppleWebKit/537.36 (KHTML, like Gecko) Chrome/137.0.7151.103 Mobile Safari/537.36 (compatible; GoogleOther)"
209.74.77.214 - - [14/Jul/2025:13:42:25 +0000] "POST /wp-cron.php?doing_wp_cron=1752500545.0759899616241455078125 HTTP/1.1" 200 - "-" "WordPress/6.8.1; https://alalamy.com.au"
216.73.216.203 - - [14/Jul/2025:13:42:24 +0000] "GET /shopbrand/42296288.htm HTTP/1.1" 404 20340 "-" "Mozilla/5.0 AppleWebKit/537.36 (KHTML, like Gecko; compatible; ClaudeBot/1.0; [email protected])"
216.73.216.203 - - [14/Jul/2025:13:42:27 +0000] "GET /shopbrand/42225543.htm HTTP/1.1" 404 20340 "-" "Mozilla/5.0 AppleWebKit/537.36 (KHTML, like Gecko; compatible; ClaudeBot/1.0; [email protected])"
66.249.65.164 - - [14/Jul/2025:13:42:29 +0000] "GET /?k=82083707141900&mod=798e5a5d&uri=us.php?feature/utsunomiya/index.html HTTP/1.1" 200 23102 "-" "Mozilla/5.0 (Linux; Android 6.0.1; Nexus 5X Build/MMB29P) AppleWebKit/537.36 (KHTML, like Gecko) Chrome/137.0.7151.103 Mobile Safari/537.36 (compatible; Googlebot/2.1; +http://www.google.com/bot.html)"
216.73.216.203 - - [14/Jul/2025:13:42:30 +0000] "GET /shopbrand/42269342.htm HTTP/1.1" 404 20340 "-" "Mozilla/5.0 AppleWebKit/537.36 (KHTML, like Gecko; compatible; ClaudeBot/1.0; [email protected])"
66.249.65.164 - - [14/Jul/2025:13:42:32 +0000] "GET /?k=82098827031900&mod=9bcdf808&uri=us.php?feature/shoplist-friendly/index.html HTTP/1.1" 200 19261 "-" "Mozilla/5.0 (Linux; Android 6.0.1; Nexus 5X Build/MMB29P) AppleWebKit/537.36 (KHTML, like Gecko) Chrome/137.0.7151.103 Mobile Safari/537.36 (compatible; Googlebot/2.1; +http://www.google.com/bot.html)"
209.74.77.214 - - [14/Jul/2025:13:42:33 +0000] "POST /wp-cron.php?doing_wp_cron=1752500553.9447760581970214843750 HTTP/1.1" 200 - "-" "WordPress/6.8.1; https://alalamy.com.au"
216.73.216.203 - - [14/Jul/2025:13:42:33 +0000] "GET /shopbrand/42294106.htm HTTP/1.1" 404 20340 "-" "Mozilla/5.0 AppleWebKit/537.36 (KHTML, like Gecko; compatible; ClaudeBot/1.0; [email protected])"
209.74.77.214 - - [14/Jul/2025:13:42:34 +0000] "POST /wp-admin/admin-ajax.php?action=async_litespeed&nonce=kCIunHcCXhRhkk3Sqnp3OgKkd7r29Bu9&litespeed_type=imgoptm HTTP/1.1" 200 21 "-" "WordPress/6.8.1; https://alalamy.com.au"
66.249.65.165 - - [14/Jul/2025:13:42:34 +0000] "GET /?k=82098827031900&mod=9bcdf808&uri=us.php?feature/shoplist/index.html HTTP/1.1" 200 20984 "-" "Mozilla/5.0 (Linux; Android 6.0.1; Nexus 5X Build/MMB29P) AppleWebKit/537.36 (KHTML, like Gecko) Chrome/137.0.7151.103 Mobile Safari/537.36 (compatible; Googlebot/2.1; +http://www.google.com/bot.html)"
66.249.65.165 - - [14/Jul/2025:13:42:35 +0000] "GET /shopbrand/212167259.htm HTTP/1.1" 200 19355 "-" "Mozilla/5.0 (Linux; Android 6.0.1; Nexus 5X Build/MMB29P) AppleWebKit/537.36 (KHTML, like Gecko) Chrome/137.0.7151.103 Mobile Safari/537.36 (compatible; GoogleOther)"
216.73.216.203 - - [14/Jul/2025:13:42:36 +0000] "GET /shopbrand/42199155.htm HTTP/1.1" 404 20340 "-" "Mozilla/5.0 AppleWebKit/537.36 (KHTML, like Gecko; compatible; ClaudeBot/1.0; [email protected])"
