Current File : /home/kelaby89/access-logs/diamondtiptiling.com.sixpack.studio
209.74.77.214 - - [15/Jul/2025:12:48:56 +0000] "POST /wp-cron.php?doing_wp_cron=1752583736.1589500904083251953125 HTTP/1.1" 200 - "-" "WordPress/6.8.1; https://diamondtiptiling.com"
120.71.59.24 - - [15/Jul/2025:12:48:54 +0000] "GET / HTTP/1.1" 301 - "-" "Mozilla/5.0 (iPhone; CPU iPhone OS 13_2_3 like Mac OS X) AppleWebKit/605.1.15 (KHTML, like Gecko) Version/13.0.3 Mobile/15E148 Safari/604.1"
209.74.77.214 - - [15/Jul/2025:13:46:42 +0000] "POST /wp-cron.php?doing_wp_cron=1752587202.4853239059448242187500 HTTP/1.1" 200 - "-" "WordPress/6.8.1; https://diamondtiptiling.com"
43.166.132.142 - - [15/Jul/2025:13:46:40 +0000] "GET / HTTP/1.1" 301 - "-" "Mozilla/5.0 (iPhone; CPU iPhone OS 13_2_3 like Mac OS X) AppleWebKit/605.1.15 (KHTML, like Gecko) Version/13.0.3 Mobile/15E148 Safari/604.1"
209.74.77.214 - - [15/Jul/2025:14:55:29 +0000] "GET /.well-known/acme-challenge/52GRC22NFF952M1UPJ7Y7BBEOHS1LGXQ HTTP/1.1" 200 64 "-" "Cpanel-HTTP-Client/1.0"
209.74.77.214 - - [15/Jul/2025:14:55:30 +0000] "GET /.well-known/acme-challenge/-2697ETCUTUOA0THUZ4ASMYXOC-9OTQG HTTP/1.1" 200 64 "-" "Cpanel-HTTP-Client/1.0"
209.74.77.214 - - [15/Jul/2025:14:55:30 +0000] "GET /.well-known/acme-challenge/QRU1QEQTKEME4I32Y42CA2BYNFZRYWKQ HTTP/1.1" 200 64 "-" "Cpanel-HTTP-Client/1.0"
209.74.77.214 - - [15/Jul/2025:14:55:30 +0000] "GET /.well-known/acme-challenge/4GXXQOPO-G-IJLM0I23C10BL2DWU2Y6K HTTP/1.1" 200 64 "-" "Cpanel-HTTP-Client/1.0"
209.74.77.214 - - [15/Jul/2025:14:55:30 +0000] "GET /.well-known/acme-challenge/OH34BPP6RTIME8LH-1EW49SS2A949GAC HTTP/1.1" 200 64 "-" "Cpanel-HTTP-Client/1.0"
209.74.77.214 - - [15/Jul/2025:14:55:30 +0000] "GET /.well-known/acme-challenge/YE25UVOX6CPKY-VBAIFKC_WTSA2WZ5FI HTTP/1.1" 200 64 "-" "Cpanel-HTTP-Client/1.0"
209.74.77.214 - - [15/Jul/2025:14:55:40 +0000] "GET /.well-known/acme-challenge/1WPR7436HQEW2NRQ-YM5A1OMPXGX_M0E HTTP/1.1" 200 64 "-" "Cpanel-HTTP-Client/1.0"
209.74.77.214 - - [15/Jul/2025:14:55:40 +0000] "GET /.well-known/acme-challenge/D829S7_3JTM20TXCUFR-PXDX9GGNUQ6G HTTP/1.1" 200 64 "-" "Cpanel-HTTP-Client/1.0"
209.74.77.214 - - [15/Jul/2025:15:51:27 +0000] "POST /wp-cron.php?doing_wp_cron=1752594687.5948419570922851562500 HTTP/1.1" 200 - "-" "WordPress/6.8.1; https://diamondtiptiling.com"
45.84.107.33 - - [15/Jul/2025:15:51:25 +0000] "GET / HTTP/1.1" 301 - "diamondtiptiling.com" "Mozilla/5.0 (Linux; Android 8.1.0) AppleWebKit/537.36 (KHTML, like Gecko) Version/4.0 Chrome/81.0.4044.138 Mobile Safari/537.36 DuckDuckGo/5"
209.74.77.214 - - [15/Jul/2025:16:01:03 +0000] "POST /wp-cron.php?doing_wp_cron=1752595263.1286389827728271484375 HTTP/1.1" 200 - "-" "WordPress/6.8.1; https://diamondtiptiling.com"
43.135.183.82 - - [15/Jul/2025:16:01:01 +0000] "GET / HTTP/1.1" 301 - "-" "Mozilla/5.0 (iPhone; CPU iPhone OS 13_2_3 like Mac OS X) AppleWebKit/605.1.15 (KHTML, like Gecko) Version/13.0.3 Mobile/15E148 Safari/604.1"
209.74.77.214 - - [15/Jul/2025:16:01:57 +0000] "POST /wp-cron.php?doing_wp_cron=1752595317.7524249553680419921875 HTTP/1.1" 200 - "-" "WordPress/6.8.1; https://diamondtiptiling.com"
82.156.68.74 - - [15/Jul/2025:16:01:56 +0000] "GET / HTTP/1.1" 301 - "-" "Mozilla/5.0 (iPhone; CPU iPhone OS 13_2_3 like Mac OS X) AppleWebKit/605.1.15 (KHTML, like Gecko) Version/13.0.3 Mobile/15E148 Safari/604.1"
209.74.77.214 - - [15/Jul/2025:17:55:27 +0000] "GET /.well-known/acme-challenge/O1UW2_GXNIL2IXY5XWBG6WYFJC44I441 HTTP/1.1" 200 64 "-" "Cpanel-HTTP-Client/1.0"
209.74.77.214 - - [15/Jul/2025:17:55:28 +0000] "GET /.well-known/acme-challenge/0XQ6Q9_99OJIFDMM0_96M959YCVR0J-7 HTTP/1.1" 200 64 "-" "Cpanel-HTTP-Client/1.0"
209.74.77.214 - - [15/Jul/2025:17:55:28 +0000] "GET /.well-known/acme-challenge/1H4LX0MP7S8YEQZI90UH8KXIWAG193BY HTTP/1.1" 200 64 "-" "Cpanel-HTTP-Client/1.0"
209.74.77.214 - - [15/Jul/2025:17:55:28 +0000] "GET /.well-known/acme-challenge/AMIGYANX_EPQE9J8OX087WSTNV6YLRLF HTTP/1.1" 200 64 "-" "Cpanel-HTTP-Client/1.0"
209.74.77.214 - - [15/Jul/2025:17:55:28 +0000] "GET /.well-known/acme-challenge/6040USNJYA6TE9BWIQ45Y6980XDPBXT6 HTTP/1.1" 200 64 "-" "Cpanel-HTTP-Client/1.0"
209.74.77.214 - - [15/Jul/2025:17:55:28 +0000] "GET /.well-known/acme-challenge/5NAPI-FZNP0LDL3P0E8DGG1OAK9Y1FOI HTTP/1.1" 200 64 "-" "Cpanel-HTTP-Client/1.0"
209.74.77.214 - - [15/Jul/2025:17:55:38 +0000] "GET /.well-known/acme-challenge/8ZBFMRI_7MPPNE3_MG6PMZAOPGIG7VT3 HTTP/1.1" 200 64 "-" "Cpanel-HTTP-Client/1.0"
209.74.77.214 - - [15/Jul/2025:17:55:38 +0000] "GET /.well-known/acme-challenge/7VX20SWXICKC79U-8RGJ0OUYSU6SNXHD HTTP/1.1" 200 64 "-" "Cpanel-HTTP-Client/1.0"
216.244.66.201 - - [15/Jul/2025:18:09:53 +0000] "GET /robots.txt HTTP/1.1" 200 85 "-" "Mozilla/5.0 (compatible; DotBot/1.2; +https://opensiteexplorer.org/dotbot; [email protected])"
209.74.77.214 - - [15/Jul/2025:18:14:40 +0000] "POST /wp-cron.php?doing_wp_cron=1752603280.4888420104980468750000 HTTP/1.1" 200 - "-" "WordPress/6.8.1; https://diamondtiptiling.com"
216.244.66.201 - - [15/Jul/2025:18:14:38 +0000] "GET / HTTP/1.1" 301 - "-" "Mozilla/5.0 (compatible; DotBot/1.2; +https://opensiteexplorer.org/dotbot; [email protected])"
209.74.77.214 - - [15/Jul/2025:18:15:12 +0000] "POST /wp-cron.php?doing_wp_cron=1752603312.4465670585632324218750 HTTP/1.1" 200 - "-" "WordPress/6.8.1; https://diamondtiptiling.com"
2a06:98c0:3600::103 - - [15/Jul/2025:18:15:12 +0000] "GET /wp-admin/setup-config.php HTTP/1.1" 404 17067 "-" "Mozilla/5.0 (Windows NT 10.0; Win64; x64) AppleWebKit/537.36 (KHTML, like Gecko) Chrome/137.0.0.0 Safari/537.36"
209.74.77.214 - - [15/Jul/2025:18:16:08 +0000] "POST /wp-cron.php?doing_wp_cron=1752603368.7822139263153076171875 HTTP/1.1" 200 - "-" "WordPress/6.8.1; https://diamondtiptiling.com"
2a06:98c0:3600::103 - - [15/Jul/2025:18:16:06 +0000] "GET /wordpress/wp-admin/setup-config.php HTTP/1.1" 404 17066 "-" "Mozilla/5.0 (Windows NT 10.0; Win64; x64) AppleWebKit/537.36 (KHTML, like Gecko) Chrome/137.0.0.0 Safari/537.36"
209.74.77.214 - - [15/Jul/2025:18:30:24 +0000] "POST /wp-cron.php?doing_wp_cron=1752604224.4133129119873046875000 HTTP/1.1" 200 - "-" "WordPress/6.8.1; https://diamondtiptiling.com"
64.227.173.18 - - [15/Jul/2025:18:30:22 +0000] "GET / HTTP/1.1" 301 - "-" "Mozilla/5.0 (X11; Linux x86_64) AppleWebKit/537.36 (KHTML, like Gecko) Chrome/137.0.0.0 Safari/537.36"
64.227.173.18 - - [15/Jul/2025:18:30:24 +0000] "GET /favicon.ico HTTP/1.1" 302 - "http://diamondtiptiling.com/" "Mozilla/5.0 (X11; Linux x86_64) AppleWebKit/537.36 (KHTML, like Gecko) Chrome/137.0.0.0 Safari/537.36"
182.42.110.255 - - [15/Jul/2025:19:06:20 +0000] "GET / HTTP/1.1" 301 - "-" "Mozilla/5.0 (iPhone; CPU iPhone OS 13_2_3 like Mac OS X) AppleWebKit/605.1.15 (KHTML, like Gecko) Version/13.0.3 Mobile/15E148 Safari/604.1"
209.74.77.214 - - [15/Jul/2025:20:55:14 +0000] "GET /.well-known/acme-challenge/FLG0K5YH4TA1UO5RVIMC5LXPYLBSW9G9 HTTP/1.1" 200 64 "-" "Cpanel-HTTP-Client/1.0"
209.74.77.214 - - [15/Jul/2025:20:55:15 +0000] "GET /.well-known/acme-challenge/HO3GUEUVM5CINH4M830UJO3_77H8577Q HTTP/1.1" 200 64 "-" "Cpanel-HTTP-Client/1.0"
209.74.77.214 - - [15/Jul/2025:20:55:15 +0000] "GET /.well-known/acme-challenge/AJWKWP9_W8EHJYOM1N9R5Y8MQ13506B7 HTTP/1.1" 200 64 "-" "Cpanel-HTTP-Client/1.0"
209.74.77.214 - - [15/Jul/2025:20:55:15 +0000] "GET /.well-known/acme-challenge/WQYRQKL6_36Z0K40EVMVGXE77I9R9-KD HTTP/1.1" 200 64 "-" "Cpanel-HTTP-Client/1.0"
209.74.77.214 - - [15/Jul/2025:20:55:15 +0000] "GET /.well-known/acme-challenge/421TO0PBGLBX-QI551DBQ__1UDQSR_EO HTTP/1.1" 200 64 "-" "Cpanel-HTTP-Client/1.0"
209.74.77.214 - - [15/Jul/2025:20:55:15 +0000] "GET /.well-known/acme-challenge/MRR8DEXPKJHKWESR8VPKCVDURN6TJ6NS HTTP/1.1" 200 64 "-" "Cpanel-HTTP-Client/1.0"
209.74.77.214 - - [15/Jul/2025:20:55:25 +0000] "GET /.well-known/acme-challenge/TRSP6E169XDWVI98UCSKX0S6DA_C31R5 HTTP/1.1" 200 64 "-" "Cpanel-HTTP-Client/1.0"
209.74.77.214 - - [15/Jul/2025:20:55:25 +0000] "GET /.well-known/acme-challenge/Q_4XB_72AY8HJ1JNNQTXERLTQE5AIKO- HTTP/1.1" 200 64 "-" "Cpanel-HTTP-Client/1.0"
209.74.77.214 - - [15/Jul/2025:21:39:54 +0000] "POST /wp-cron.php?doing_wp_cron=1752615594.7769980430603027343750 HTTP/1.1" 200 - "-" "WordPress/6.8.1; https://diamondtiptiling.com"
43.130.57.76 - - [15/Jul/2025:21:39:52 +0000] "GET / HTTP/1.1" 301 - "-" "Mozilla/5.0 (iPhone; CPU iPhone OS 13_2_3 like Mac OS X) AppleWebKit/605.1.15 (KHTML, like Gecko) Version/13.0.3 Mobile/15E148 Safari/604.1"
209.74.77.214 - - [15/Jul/2025:21:46:42 +0000] "POST /wp-cron.php?doing_wp_cron=1752616002.6181509494781494140625 HTTP/1.1" 200 - "-" "WordPress/6.8.1; https://diamondtiptiling.com"
198.55.98.215 - - [15/Jul/2025:21:46:40 +0000] "GET /.env HTTP/1.1" 404 80662 "-" "-"
209.74.77.214 - - [15/Jul/2025:22:03:31 +0000] "POST /wp-cron.php?doing_wp_cron=1752617011.5003020763397216796875 HTTP/1.1" 200 - "-" "WordPress/6.8.1; https://diamondtiptiling.com"
125.94.144.102 - - [15/Jul/2025:22:03:29 +0000] "GET / HTTP/1.1" 301 - "-" "Mozilla/5.0 (iPhone; CPU iPhone OS 13_2_3 like Mac OS X) AppleWebKit/605.1.15 (KHTML, like Gecko) Version/13.0.3 Mobile/15E148 Safari/604.1"
209.74.77.214 - - [15/Jul/2025:22:51:37 +0000] "POST /wp-cron.php?doing_wp_cron=1752619897.5525240898132324218750 HTTP/1.1" 200 - "-" "WordPress/6.8.1; https://diamondtiptiling.com"
2a06:98c0:3600::103 - - [15/Jul/2025:22:51:35 +0000] "GET /wordpress/wp-admin/setup-config.php HTTP/1.1" 404 17067 "-" "Mozilla/5.0 (Windows NT 10.0; Win64; x64) AppleWebKit/537.36 (KHTML, like Gecko) Chrome/137.0.0.0 Safari/537.36"
209.74.77.214 - - [15/Jul/2025:22:54:32 +0000] "POST /wp-cron.php?doing_wp_cron=1752620072.4723939895629882812500 HTTP/1.1" 200 - "-" "WordPress/6.8.1; https://diamondtiptiling.com"
2a06:98c0:3600::103 - - [15/Jul/2025:22:54:30 +0000] "GET /wp-admin/setup-config.php HTTP/1.1" 404 17067 "-" "Mozilla/5.0 (Windows NT 10.0; Win64; x64) AppleWebKit/537.36 (KHTML, like Gecko) Chrome/137.0.0.0 Safari/537.36"
209.74.77.214 - - [15/Jul/2025:23:55:14 +0000] "GET /.well-known/acme-challenge/Q64-3BQX8GM_CC2H9EA4WEONJBW_FRH3 HTTP/1.1" 200 64 "-" "Cpanel-HTTP-Client/1.0"
209.74.77.214 - - [15/Jul/2025:23:55:15 +0000] "GET /.well-known/acme-challenge/YZAH_66-K-_ZQRATFGLKA1GFQ9JG0NOZ HTTP/1.1" 200 64 "-" "Cpanel-HTTP-Client/1.0"
209.74.77.214 - - [15/Jul/2025:23:55:15 +0000] "GET /.well-known/acme-challenge/K_7_C2FBCT2QFNFE0ZRWYDGJ-B_NQ6FI HTTP/1.1" 200 64 "-" "Cpanel-HTTP-Client/1.0"
209.74.77.214 - - [15/Jul/2025:23:55:15 +0000] "GET /.well-known/acme-challenge/FDG0N68RLEEB1YYWW33IQTND_GI4BGO4 HTTP/1.1" 200 64 "-" "Cpanel-HTTP-Client/1.0"
209.74.77.214 - - [15/Jul/2025:23:55:15 +0000] "GET /.well-known/acme-challenge/TGOYZODETVTWQD8FRGVNKUGRZSIZXVV0 HTTP/1.1" 200 64 "-" "Cpanel-HTTP-Client/1.0"
209.74.77.214 - - [15/Jul/2025:23:55:15 +0000] "GET /.well-known/acme-challenge/-H8I11MWF_ZGPB4SOQ-BQKN3VVDTG2K- HTTP/1.1" 200 64 "-" "Cpanel-HTTP-Client/1.0"
209.74.77.214 - - [15/Jul/2025:23:55:25 +0000] "GET /.well-known/acme-challenge/RPKU7MDZ0BTOKMQHE5K46X6MJB__-TCQ HTTP/1.1" 200 64 "-" "Cpanel-HTTP-Client/1.0"
209.74.77.214 - - [15/Jul/2025:23:55:25 +0000] "GET /.well-known/acme-challenge/Q827MZNYN43Q0CC1W3J877ZNB_TISH6M HTTP/1.1" 200 64 "-" "Cpanel-HTTP-Client/1.0"
209.74.77.214 - - [16/Jul/2025:00:48:01 +0000] "POST /wp-cron.php?doing_wp_cron=1752626881.2473149299621582031250 HTTP/1.1" 200 - "-" "WordPress/6.8.1; https://diamondtiptiling.com"
43.135.145.117 - - [16/Jul/2025:00:47:58 +0000] "GET / HTTP/1.1" 301 - "-" "Mozilla/5.0 (iPhone; CPU iPhone OS 13_2_3 like Mac OS X) AppleWebKit/605.1.15 (KHTML, like Gecko) Version/13.0.3 Mobile/15E148 Safari/604.1"
209.74.77.214 - - [16/Jul/2025:01:03:25 +0000] "POST /wp-cron.php?doing_wp_cron=1752627805.9715709686279296875000 HTTP/1.1" 200 - "-" "WordPress/6.8.1; https://diamondtiptiling.com"
120.71.59.24 - - [16/Jul/2025:01:03:23 +0000] "GET / HTTP/1.1" 301 - "-" "Mozilla/5.0 (iPhone; CPU iPhone OS 13_2_3 like Mac OS X) AppleWebKit/605.1.15 (KHTML, like Gecko) Version/13.0.3 Mobile/15E148 Safari/604.1"
209.74.77.214 - - [16/Jul/2025:02:55:13 +0000] "GET /.well-known/acme-challenge/TR9EYI_4VM_NZDSFZ35JC3NUJIWUPTKU HTTP/1.1" 200 64 "-" "Cpanel-HTTP-Client/1.0"
209.74.77.214 - - [16/Jul/2025:02:55:14 +0000] "GET /.well-known/acme-challenge/EJ8Y6HIVXGUDM66Y_4TO-7YGSNTY-JJD HTTP/1.1" 200 64 "-" "Cpanel-HTTP-Client/1.0"
209.74.77.214 - - [16/Jul/2025:02:55:14 +0000] "GET /.well-known/acme-challenge/YUU4I536V16G2VVZ-PT3_00T478TUAQH HTTP/1.1" 200 64 "-" "Cpanel-HTTP-Client/1.0"
209.74.77.214 - - [16/Jul/2025:02:55:14 +0000] "GET /.well-known/acme-challenge/RB7KTJXRY3HCOTHKL82MAR7DJ5106YGX HTTP/1.1" 200 64 "-" "Cpanel-HTTP-Client/1.0"
209.74.77.214 - - [16/Jul/2025:02:55:14 +0000] "GET /.well-known/acme-challenge/O8IRT6J0GLS9S9BSF4BBSKWV1TPC6KOK HTTP/1.1" 200 64 "-" "Cpanel-HTTP-Client/1.0"
209.74.77.214 - - [16/Jul/2025:02:55:14 +0000] "GET /.well-known/acme-challenge/T5GKNBTBKV3CLT6FU68RUXDU33PX0-G6 HTTP/1.1" 200 64 "-" "Cpanel-HTTP-Client/1.0"
209.74.77.214 - - [16/Jul/2025:02:55:24 +0000] "GET /.well-known/acme-challenge/V4HW3BG_3KLXFIJ89I-DYTXTQ99H_M02 HTTP/1.1" 200 64 "-" "Cpanel-HTTP-Client/1.0"
209.74.77.214 - - [16/Jul/2025:02:55:24 +0000] "GET /.well-known/acme-challenge/44OXZCJJ2LNOQLDOK6LGQPFM4IRWZMMJ HTTP/1.1" 200 64 "-" "Cpanel-HTTP-Client/1.0"
209.74.77.214 - - [16/Jul/2025:03:10:04 +0000] "POST /wp-cron.php?doing_wp_cron=1752635404.1400229930877685546875 HTTP/1.1" 200 - "-" "WordPress/6.8.1; https://diamondtiptiling.com"
35.86.112.230 - - [16/Jul/2025:03:10:01 +0000] "GET / HTTP/1.1" 301 - "-" "Mozilla/5.0 (iPhone; CPU iPhone OS 14_4 like Mac OS X) AppleWebKit/605.1.15 (KHTML, like Gecko) Version/15.4 Mobile/15E148 Safari/604.1"
209.74.77.214 - - [16/Jul/2025:04:03:09 +0000] "POST /wp-cron.php?doing_wp_cron=1752638589.8163270950317382812500 HTTP/1.1" 200 - "-" "WordPress/6.8.1; https://diamondtiptiling.com"
182.42.110.255 - - [16/Jul/2025:04:03:07 +0000] "GET / HTTP/1.1" 301 - "-" "Mozilla/5.0 (iPhone; CPU iPhone OS 13_2_3 like Mac OS X) AppleWebKit/605.1.15 (KHTML, like Gecko) Version/13.0.3 Mobile/15E148 Safari/604.1"
209.74.77.214 - - [16/Jul/2025:04:09:01 +0000] "POST /wp-cron.php?doing_wp_cron=1752638941.5680580139160156250000 HTTP/1.1" 200 - "-" "WordPress/6.8.1; https://diamondtiptiling.com"
191.96.168.141 - - [16/Jul/2025:04:08:59 +0000] "GET / HTTP/1.0" 301 - "http://diamondtiptiling.com/" "Mozilla/5.0 (Windows NT 10.0; Win64; x64) AppleWebKit/537.36 (KHTML, like Gecko) Chrome/130.0.0.0 Safari/537.36"
209.74.77.214 - - [16/Jul/2025:04:16:07 +0000] "POST /wp-cron.php?doing_wp_cron=1752639367.4237799644470214843750 HTTP/1.1" 200 - "-" "WordPress/6.8.1; https://diamondtiptiling.com"
157.230.42.149 - - [16/Jul/2025:04:16:05 +0000] "GET /wp-includes/wlwmanifest.xml HTTP/1.1" 404 17065 "-" "python-requests/2.27.1"
157.230.42.149 - - [16/Jul/2025:04:16:08 +0000] "GET /administrator/index.php HTTP/1.1" 301 - "-" "python-requests/2.27.1"
157.230.42.149 - - [16/Jul/2025:04:16:08 +0000] "GET /administrator/ HTTP/1.1" 404 17065 "-" "python-requests/2.27.1"
157.230.42.149 - - [16/Jul/2025:04:16:09 +0000] "GET /view-source: HTTP/1.1" 404 17065 "-" "python-requests/2.27.1"
157.230.42.149 - - [16/Jul/2025:04:16:10 +0000] "GET /misc/ajax.js HTTP/1.1" 404 17066 "-" "python-requests/2.27.1"
209.74.77.214 - - [16/Jul/2025:04:46:10 +0000] "POST /wp-cron.php?doing_wp_cron=1752641170.8289508819580078125000 HTTP/1.1" 200 - "-" "WordPress/6.8.1; https://diamondtiptiling.com"
209.74.77.214 - - [16/Jul/2025:04:46:10 +0000] "POST /wp-cron.php?doing_wp_cron=1752641170.8289508819580078125000 HTTP/1.1" 200 - "-" "WordPress/6.8.1; https://diamondtiptiling.com"
2a06:98c0:3600::103 - - [16/Jul/2025:04:46:09 +0000] "GET /wp-admin/setup-config.php HTTP/1.1" 404 17065 "-" "Mozilla/5.0 (Windows NT 10.0; Win64; x64) AppleWebKit/537.36 (KHTML, like Gecko) Chrome/137.0.0.0 Safari/537.36"
2a06:98c0:3600::103 - - [16/Jul/2025:04:46:09 +0000] "GET /wordpress/wp-admin/setup-config.php HTTP/1.1" 404 17065 "-" "Mozilla/5.0 (Windows NT 10.0; Win64; x64) AppleWebKit/537.36 (KHTML, like Gecko) Chrome/137.0.0.0 Safari/537.36"
205.169.39.7 - - [16/Jul/2025:04:47:44 +0000] "GET / HTTP/1.1" 301 - "-" "Mozilla/5.0 (Windows NT 10.0) AppleWebKit/537.36 (KHTML, like Gecko) Chrome/106.0.0.0 Safari/537.36"
209.74.77.214 - - [16/Jul/2025:05:22:39 +0000] "POST /wp-cron.php?doing_wp_cron=1752643359.6332409381866455078125 HTTP/1.1" 200 - "-" "WordPress/6.8.1; https://diamondtiptiling.com"
43.130.100.35 - - [16/Jul/2025:05:22:37 +0000] "GET / HTTP/1.1" 301 - "-" "Mozilla/5.0 (iPhone; CPU iPhone OS 13_2_3 like Mac OS X) AppleWebKit/605.1.15 (KHTML, like Gecko) Version/13.0.3 Mobile/15E148 Safari/604.1"
209.74.77.214 - - [16/Jul/2025:05:55:29 +0000] "GET /.well-known/acme-challenge/Z_EJXEL8TUETEI9JSLWJAIJXGWXSX7_U HTTP/1.1" 200 64 "-" "Cpanel-HTTP-Client/1.0"
209.74.77.214 - - [16/Jul/2025:05:55:30 +0000] "GET /.well-known/acme-challenge/NXX_-XK-V--Y2_07JA158_KZ6Z1PHYMA HTTP/1.1" 200 64 "-" "Cpanel-HTTP-Client/1.0"
209.74.77.214 - - [16/Jul/2025:05:55:30 +0000] "GET /.well-known/acme-challenge/KF-56541AAKJCUP_NFFZS-NX7M5LNGHZ HTTP/1.1" 200 64 "-" "Cpanel-HTTP-Client/1.0"
209.74.77.214 - - [16/Jul/2025:05:55:30 +0000] "GET /.well-known/acme-challenge/RW1HMWBS3RY2CPFVTT7SKM18-NBVK_P8 HTTP/1.1" 200 64 "-" "Cpanel-HTTP-Client/1.0"
209.74.77.214 - - [16/Jul/2025:05:55:30 +0000] "GET /.well-known/acme-challenge/UJA8OV7MAKA18P13BTQ89IZGMJAHSO40 HTTP/1.1" 200 64 "-" "Cpanel-HTTP-Client/1.0"
209.74.77.214 - - [16/Jul/2025:05:55:30 +0000] "GET /.well-known/acme-challenge/T33JN4NSEC5084TCS775BAFZ0GGB2M26 HTTP/1.1" 200 64 "-" "Cpanel-HTTP-Client/1.0"
209.74.77.214 - - [16/Jul/2025:05:55:40 +0000] "GET /.well-known/acme-challenge/_OT-3TSI6A624CO4KV4GV4W527W-4ILZ HTTP/1.1" 200 64 "-" "Cpanel-HTTP-Client/1.0"
209.74.77.214 - - [16/Jul/2025:05:55:40 +0000] "GET /.well-known/acme-challenge/7L7Q9HH-0GKH_A5DLFTG8LW29QL8N93A HTTP/1.1" 200 64 "-" "Cpanel-HTTP-Client/1.0"
209.74.77.214 - - [16/Jul/2025:06:57:49 +0000] "POST /wp-cron.php?doing_wp_cron=1752649069.0997850894927978515625 HTTP/1.1" 200 - "-" "WordPress/6.8.2; https://diamondtiptiling.com"
46.101.111.185 - - [16/Jul/2025:06:57:47 +0000] "GET / HTTP/1.1" 301 - "-" "-"
209.74.77.214 - - [16/Jul/2025:07:13:17 +0000] "POST /wp-cron.php?doing_wp_cron=1752649997.0442969799041748046875 HTTP/1.1" 200 - "-" "WordPress/6.8.2; https://diamondtiptiling.com"
222.79.104.23 - - [16/Jul/2025:07:13:16 +0000] "GET / HTTP/1.1" 301 - "-" "Mozilla/5.0 (iPhone; CPU iPhone OS 13_2_3 like Mac OS X) AppleWebKit/605.1.15 (KHTML, like Gecko) Version/13.0.3 Mobile/15E148 Safari/604.1"
43.166.247.155 - - [16/Jul/2025:07:32:34 +0000] "GET / HTTP/1.1" 301 - "-" "Mozilla/5.0 (iPhone; CPU iPhone OS 13_2_3 like Mac OS X) AppleWebKit/605.1.15 (KHTML, like Gecko) Version/13.0.3 Mobile/15E148 Safari/604.1"
209.74.77.214 - - [16/Jul/2025:08:55:14 +0000] "GET /.well-known/acme-challenge/TZGGMCX362I7WMDMGU6V9ZU62B9LM_PE HTTP/1.1" 200 64 "-" "Cpanel-HTTP-Client/1.0"
209.74.77.214 - - [16/Jul/2025:08:55:15 +0000] "GET /.well-known/acme-challenge/0EW57QAHG7-MSPHVUY97K313GQL7OJY8 HTTP/1.1" 200 64 "-" "Cpanel-HTTP-Client/1.0"
209.74.77.214 - - [16/Jul/2025:08:55:15 +0000] "GET /.well-known/acme-challenge/0SGU_J1BV6MLV7XGK630BM3CV41F6C_- HTTP/1.1" 200 64 "-" "Cpanel-HTTP-Client/1.0"
209.74.77.214 - - [16/Jul/2025:08:55:15 +0000] "GET /.well-known/acme-challenge/MX9OXA_MICN-VL9_Z801IU9ZNG4FACTU HTTP/1.1" 200 64 "-" "Cpanel-HTTP-Client/1.0"
209.74.77.214 - - [16/Jul/2025:08:55:15 +0000] "GET /.well-known/acme-challenge/859_C4L81V1NJ2SZWLN63DIMLU-I1K59 HTTP/1.1" 200 64 "-" "Cpanel-HTTP-Client/1.0"
209.74.77.214 - - [16/Jul/2025:08:55:15 +0000] "GET /.well-known/acme-challenge/B3S2OOX2ZLQ7KUI3K3BNYA6G7-P3PD7R HTTP/1.1" 200 64 "-" "Cpanel-HTTP-Client/1.0"
209.74.77.214 - - [16/Jul/2025:08:55:26 +0000] "GET /.well-known/acme-challenge/CXWTA53RF24TXBYO2IB58XAVUD3SV9K- HTTP/1.1" 200 64 "-" "Cpanel-HTTP-Client/1.0"
209.74.77.214 - - [16/Jul/2025:08:55:26 +0000] "GET /.well-known/acme-challenge/X34UAB1AR0TBVP_UXR0X-NZY38ZSC26B HTTP/1.1" 200 64 "-" "Cpanel-HTTP-Client/1.0"
209.74.77.214 - - [16/Jul/2025:09:45:54 +0000] "POST /wp-cron.php?doing_wp_cron=1752659154.6085739135742187500000 HTTP/1.1" 200 - "-" "WordPress/6.8.2; https://diamondtiptiling.com"
205.210.31.26 - - [16/Jul/2025:09:45:52 +0000] "GET / HTTP/1.1" 301 - "-" "Hello from Palo Alto Networks, find out more about our scans in https://docs-cortex.paloaltonetworks.com/r/1/Cortex-Xpanse/Scanning-activity"
205.210.31.122 - - [16/Jul/2025:09:59:10 +0000] "GET / HTTP/1.1" 301 - "-" "\"Xpanse-bot"
34.122.147.229 - - [16/Jul/2025:10:00:14 +0000] "GET / HTTP/1.1" 301 - "-" "Mozilla/5.0 (X11; Linux x86_64) AppleWebKit/537.36 (KHTML, like Gecko) HeadlessChrome/117.0.5938.132 Safari/537.36"
34.122.147.229 - - [16/Jul/2025:10:00:21 +0000] "GET / HTTP/1.1" 301 - "-" "Mozilla/5.0 (Macintosh; Intel Mac OS X 10_15_4) AppleWebKit/537.36 (KHTML, like Gecko) Chrome/83.0.4103.97 Safari/537.36"
Page not found – Hello World !