Current File : /home/kelaby89/access-logs/game-gainz.com.sixpack.studio
66.249.75.202 - - [14/Jul/2025:12:18:36 +0000] "GET /?f=5344599011370&mod=aebb462e&uri=form.php?item/57410970.shtml HTTP/1.1" 200 19675 "-" "Mozilla/5.0 (Linux; Android 6.0.1; Nexus 5X Build/MMB29P) AppleWebKit/537.36 (KHTML, like Gecko) Chrome/137.0.7151.103 Mobile Safari/537.36 (compatible; Googlebot/2.1; +http://www.google.com/bot.html)"
66.249.75.201 - - [14/Jul/2025:12:29:55 +0000] "GET /?f=5344599011370&mod=aebb462e&uri=form.php?item/2859450.shtml HTTP/1.1" 200 21096 "-" "Mozilla/5.0 (Linux; Android 6.0.1; Nexus 5X Build/MMB29P) AppleWebKit/537.36 (KHTML, like Gecko) Chrome/137.0.7151.103 Mobile Safari/537.36 (compatible; Googlebot/2.1; +http://www.google.com/bot.html)"
66.249.75.201 - - [14/Jul/2025:12:29:56 +0000] "GET /?f=5344599011370&mod=aebb462e&uri=form.php?product/edit/G4047539326 HTTP/1.1" 200 19352 "-" "Mozilla/5.0 (Linux; Android 6.0.1; Nexus 5X Build/MMB29P) AppleWebKit/537.36 (KHTML, like Gecko) Chrome/137.0.7151.103 Mobile Safari/537.36 (compatible; Googlebot/2.1; +http://www.google.com/bot.html)"
43.157.22.57 - - [14/Jul/2025:13:03:45 +0000] "GET / HTTP/1.1" 301 - "-" "Mozilla/5.0 (iPhone; CPU iPhone OS 13_2_3 like Mac OS X) AppleWebKit/605.1.15 (KHTML, like Gecko) Version/13.0.3 Mobile/15E148 Safari/604.1"
43.157.22.57 - - [14/Jul/2025:13:03:46 +0000] "GET / HTTP/1.1" 200 12983 "http://www.game-gainz.com" "Mozilla/5.0 (iPhone; CPU iPhone OS 13_2_3 like Mac OS X) AppleWebKit/605.1.15 (KHTML, like Gecko) Version/13.0.3 Mobile/15E148 Safari/604.1"
171.228.157.4 - - [14/Jul/2025:13:19:19 +0000] "GET /wp-json/wp/v2/posts HTTP/1.1" 200 672 "-" "Mozilla/5.0 (Windows NT 10.0; Win64; x64) AppleWebKit/537.36 (KHTML, like Gecko) Chrome/120.0.0.0 Safari/537.36"
66.249.75.202 - - [14/Jul/2025:14:11:38 +0000] "GET /?f=5144236001370&mod=e6e9099e&uri=form.php%3Fid%3D171731-57%26name%3Dcylo+true+wireless+earbuds+review HTTP/1.1" 200 19799 "-" "Mozilla/5.0 (Linux; Android 6.0.1; Nexus 5X Build/MMB29P) AppleWebKit/537.36 (KHTML, like Gecko) Chrome/137.0.7151.103 Mobile Safari/537.36 (compatible; Googlebot/2.1; +http://www.google.com/bot.html)"
66.249.75.202 - - [14/Jul/2025:14:33:34 +0000] "GET /?f=5344599011370&mod=aebb462e&uri=form.php?item/269036360.shtml HTTP/1.1" 200 19052 "-" "Mozilla/5.0 (Linux; Android 6.0.1; Nexus 5X Build/MMB29P) AppleWebKit/537.36 (KHTML, like Gecko) Chrome/137.0.7151.103 Mobile Safari/537.36 (compatible; Googlebot/2.1; +http://www.google.com/bot.html)"
66.249.75.202 - - [14/Jul/2025:14:43:38 +0000] "GET /?f=119603770071370&mod=7b7903c6&uri=product.php%3Fid%3D3991544-1161%26name%3Dnikecourt+air+zoom+vapor+x+knit+ds HTTP/1.1" 200 19857 "-" "Mozilla/5.0 (Linux; Android 6.0.1; Nexus 5X Build/MMB29P) AppleWebKit/537.36 (KHTML, like Gecko) Chrome/137.0.7151.103 Mobile Safari/537.36 (compatible; Googlebot/2.1; +http://www.google.com/bot.html)"
66.249.75.203 - - [14/Jul/2025:14:47:39 +0000] "GET /?f=5344599011370&mod=aebb462e&uri=form.php?item/2829782.shtml HTTP/1.1" 200 21022 "-" "Mozilla/5.0 (Linux; Android 6.0.1; Nexus 5X Build/MMB29P) AppleWebKit/537.36 (KHTML, like Gecko) Chrome/137.0.7151.103 Mobile Safari/537.36 (compatible; Googlebot/2.1; +http://www.google.com/bot.html)"
66.249.75.201 - - [14/Jul/2025:15:09:32 +0000] "GET /?f=5344599011370&mod=aebb462e&uri=form.php?item/57498500.shtml HTTP/1.1" 200 19217 "-" "Mozilla/5.0 (Linux; Android 6.0.1; Nexus 5X Build/MMB29P) AppleWebKit/537.36 (KHTML, like Gecko) Chrome/137.0.7151.103 Mobile Safari/537.36 (compatible; Googlebot/2.1; +http://www.google.com/bot.html)"
66.249.75.203 - - [14/Jul/2025:15:09:33 +0000] "GET /?f=5344599011370&mod=aebb462e&uri=form.php?item/269023110.shtml HTTP/1.1" 200 19141 "-" "Mozilla/5.0 (Linux; Android 6.0.1; Nexus 5X Build/MMB29P) AppleWebKit/537.36 (KHTML, like Gecko) Chrome/137.0.7151.103 Mobile Safari/537.36 (compatible; Googlebot/2.1; +http://www.google.com/bot.html)"
209.74.77.214 - - [14/Jul/2025:15:26:21 +0000] "POST /wp-cron.php?doing_wp_cron=1752506781.3202149868011474609375 HTTP/1.1" 200 - "-" "WordPress/6.8.1; https://game-gainz.com"
209.74.77.214 - - [14/Jul/2025:15:26:21 +0000] "POST /wp-cron.php?doing_wp_cron=1752506781.3202888965606689453125 HTTP/1.1" 200 - "-" "WordPress/6.8.1; https://game-gainz.com"
194.26.192.154 - - [14/Jul/2025:15:26:21 +0000] "GET /wp-content/themes/seotheme/db.php?u HTTP/1.1" 404 61355 "www.google.com" "Mozlila/5.0 (Linux; Android 7.0; SM-G892A Bulid/NRD90M; wv) AppleWebKit/537.36 (KHTML, like Gecko) Version/4.0 Chrome/60.0.3112.107 Moblie Safari/537.36"
194.26.192.154 - - [14/Jul/2025:15:26:21 +0000] "GET / HTTP/1.1" 200 65414 "-" "Mozlila/5.0 (Linux; Android 7.0; SM-G892A Bulid/NRD90M; wv) AppleWebKit/537.36 (KHTML, like Gecko) Version/4.0 Chrome/60.0.3112.107 Moblie Safari/537.36"
194.26.192.154 - - [14/Jul/2025:15:26:21 +0000] "POST /ALFA_DATA/alfacgiapi/perl.alfa HTTP/1.1" 404 61284 "www.google.com" "Mozlila/5.0 (Linux; Android 7.0; SM-G892A Bulid/NRD90M; wv) AppleWebKit/537.36 (KHTML, like Gecko) Version/4.0 Chrome/60.0.3112.107 Moblie Safari/537.36"
194.26.192.154 - - [14/Jul/2025:15:26:21 +0000] "POST /wp-plain.php HTTP/1.1" 404 61355 "www.google.com" "Mozilla/5.0 (Linux; Android 7.0; SM-G892A Bulid/NRD90M; wv) AppleWebKit/537.36 (KHTML, like Gecko) Version/4.0 Chrome/60.0.3112.107 Moblie Safari/537.36"
194.26.192.154 - - [14/Jul/2025:15:26:21 +0000] "GET /wp-content/plugins/fix/up.php HTTP/1.1" 404 61355 "-" "Mozilla/5.0 (Windows NT 10.0; Win64; x64) AppleWebKit/537.36 (KHTML, like Gecko) Chrome/85.0.4183.102 Safari/537.36"
194.26.192.154 - - [14/Jul/2025:15:26:21 +0000] "GET /wp-content/plugins/apikey/apikey.php?test=hello HTTP/1.1" 404 61355 "-" "Mozlila/5.0 (Linux; Android 7.0; SM-G892A Bulid/NRD90M; wv) AppleWebKit/537.36 (KHTML, like Gecko) Version/4.0 Chrome/60.0.3112.107 Moblie Safari/537.36"
194.26.192.154 - - [14/Jul/2025:15:26:21 +0000] "POST /alfacgiapi/perl.alfa HTTP/1.1" 404 61284 "www.google.com" "Mozlila/5.0 (Linux; Android 7.0; SM-G892A Bulid/NRD90M; wv) AppleWebKit/537.36 (KHTML, like Gecko) Version/4.0 Chrome/60.0.3112.107 Moblie Safari/537.36"
194.26.192.154 - - [14/Jul/2025:15:26:21 +0000] "GET /mcpjauxl.php?Fox=d3wL7 HTTP/1.1" 404 61355 "www.google.com" "Mozilla/5.0 (Linux; Android 7.0; SM-G892A Bulid/NRD90M; wv) AppleWebKit/537.36 (KHTML, like Gecko) Version/4.0 Chrome/60.0.3112.107 Moblie Safari/537.36"
194.26.192.154 - - [14/Jul/2025:15:26:22 +0000] "GET /wp-content/plugins/apikey/apikey.php.suspected?test=hello HTTP/1.1" 404 61355 "-" "Mozlila/5.0 (Linux; Android 7.0; SM-G892A Bulid/NRD90M; wv) AppleWebKit/537.36 (KHTML, like Gecko) Version/4.0 Chrome/60.0.3112.107 Moblie Safari/537.36"
194.26.192.154 - - [14/Jul/2025:15:26:22 +0000] "GET /plugins/content/apismtp/apismtp.php.suspected?test=hello HTTP/1.1" 404 61355 "-" "Mozlila/5.0 (Linux; Android 7.0; SM-G892A Bulid/NRD90M; wv) AppleWebKit/537.36 (KHTML, like Gecko) Version/4.0 Chrome/60.0.3112.107 Moblie Safari/537.36"
66.249.75.203 - - [14/Jul/2025:15:30:56 +0000] "GET /?f=5534524031370&mod=48f27972&uri=news.php%3Fid%3D184764-326%26name%3Ddior+lv HTTP/1.1" 200 19762 "-" "Mozilla/5.0 (Linux; Android 6.0.1; Nexus 5X Build/MMB29P) AppleWebKit/537.36 (KHTML, like Gecko) Chrome/137.0.7151.103 Mobile Safari/537.36 (compatible; Googlebot/2.1; +http://www.google.com/bot.html)"
66.249.75.203 - - [14/Jul/2025:16:03:31 +0000] "GET /?f=5344599011370&mod=aebb462e&uri=form.php?item/57513224.shtml HTTP/1.1" 200 21825 "-" "Mozilla/5.0 (Linux; Android 6.0.1; Nexus 5X Build/MMB29P) AppleWebKit/537.36 (KHTML, like Gecko) Chrome/137.0.7151.103 Mobile Safari/537.36 (compatible; Googlebot/2.1; +http://www.google.com/bot.html)"
66.249.75.202 - - [14/Jul/2025:16:25:37 +0000] "GET /?f=5344599011370&mod=aebb462e&uri=form.php?game.html HTTP/1.1" 200 20081 "-" "Mozilla/5.0 (Linux; Android 6.0.1; Nexus 5X Build/MMB29P) AppleWebKit/537.36 (KHTML, like Gecko) Chrome/137.0.7151.103 Mobile Safari/537.36 (compatible; Googlebot/2.1; +http://www.google.com/bot.html)"
66.249.75.201 - - [14/Jul/2025:16:32:26 +0000] "GET /?f=5344599011370&mod=aebb462e&uri=form.php?item/2819758.shtml HTTP/1.1" 200 19905 "-" "Mozilla/5.0 (Linux; Android 6.0.1; Nexus 5X Build/MMB29P) AppleWebKit/537.36 (KHTML, like Gecko) Chrome/137.0.7151.103 Mobile Safari/537.36 (compatible; Googlebot/2.1; +http://www.google.com/bot.html)"
209.74.77.214 - - [14/Jul/2025:16:40:18 +0000] "POST /wp-cron.php?doing_wp_cron=1752511218.4527449607849121093750 HTTP/1.1" 200 - "-" "WordPress/6.8.1; https://game-gainz.com"
115.77.174.154 - - [14/Jul/2025:16:40:17 +0000] "GET /wp-json/wp/v2/posts HTTP/1.1" 200 672 "-" "Mozilla/5.0 (Windows NT 10.0; Win64; x64) AppleWebKit/537.36 (KHTML, like Gecko) Chrome/120.0.0.0 Safari/537.36"
66.249.79.65 - - [14/Jul/2025:16:51:31 +0000] "GET /?f=5329779031370&mod=f3a3d61b&uri=blog.php?item/4075610.shtml HTTP/1.1" 200 19498 "-" "Mozilla/5.0 (Linux; Android 6.0.1; Nexus 5X Build/MMB29P) AppleWebKit/537.36 (KHTML, like Gecko) Chrome/137.0.7151.103 Mobile Safari/537.36 (compatible; Googlebot/2.1; +http://www.google.com/bot.html)"
66.249.79.65 - - [14/Jul/2025:16:57:38 +0000] "GET /?f=119603320041370&mod=7b7903c6&uri=article.php%3Fid%3D3991529-1161%26name%3Dlime+green+and+grey+nike+shoes HTTP/1.1" 200 19849 "-" "Mozilla/5.0 (Linux; Android 6.0.1; Nexus 5X Build/MMB29P) AppleWebKit/537.36 (KHTML, like Gecko) Chrome/137.0.7151.103 Mobile Safari/537.36 (compatible; Googlebot/2.1; +http://www.google.com/bot.html)"
209.74.77.214 - - [14/Jul/2025:17:03:23 +0000] "POST /wp-cron.php?doing_wp_cron=1752512603.8968439102172851562500 HTTP/1.1" 200 - "-" "WordPress/6.8.1; https://game-gainz.com"
84.239.43.55 - - [14/Jul/2025:17:03:22 +0000] "GET /wp-json/wp/v2/posts HTTP/1.1" 200 672 "-" "Mozilla/5.0 (Windows NT 10.0; Win64; x64) AppleWebKit/537.36 (KHTML, like Gecko) Chrome/120.0.0.0 Safari/537.36"
66.249.79.64 - - [14/Jul/2025:17:07:18 +0000] "GET /?f=5344599011370&mod=aebb462e&uri=form.php?item/269031696.shtml HTTP/1.1" 200 19079 "-" "Mozilla/5.0 (Linux; Android 6.0.1; Nexus 5X Build/MMB29P) AppleWebKit/537.36 (KHTML, like Gecko) Chrome/137.0.7151.103 Mobile Safari/537.36 (compatible; Googlebot/2.1; +http://www.google.com/bot.html)"
66.249.79.65 - - [14/Jul/2025:17:19:26 +0000] "GET /?f=5616675001370&mod=cb0b5f13&uri=product.php%3Fid%3D187529-332%26name%3Dkidnovations+premium+potty+training+watch HTTP/1.1" 200 19855 "-" "Mozilla/5.0 (Linux; Android 6.0.1; Nexus 5X Build/MMB29P) AppleWebKit/537.36 (KHTML, like Gecko) Chrome/137.0.7151.103 Mobile Safari/537.36 (compatible; Googlebot/2.1; +http://www.google.com/bot.html)"
209.74.77.214 - - [14/Jul/2025:17:20:35 +0000] "POST /wp-cron.php?doing_wp_cron=1752513635.1908969879150390625000 HTTP/1.1" 200 - "-" "WordPress/6.8.1; https://game-gainz.com"
43.155.26.193 - - [14/Jul/2025:17:20:33 +0000] "GET / HTTP/1.1" 200 12983 "-" "Mozilla/5.0 (iPhone; CPU iPhone OS 13_2_3 like Mac OS X) AppleWebKit/605.1.15 (KHTML, like Gecko) Version/13.0.3 Mobile/15E148 Safari/604.1"
170.39.218.50 - - [14/Jul/2025:17:21:15 +0000] "GET /wp-includes/js/dist/script-modules/interactivity/index.min.js?ver=55aebb6e0a16726baffb HTTP/1.1" 200 14072 "-" "Mozilla/5.0 (Macintosh; Intel Mac OS X 10_15_7) AppleWebKit/537.36 Chrome/120.0.0.0"
209.74.77.214 - - [14/Jul/2025:17:33:34 +0000] "POST /wp-cron.php?doing_wp_cron=1752514414.0719130039215087890625 HTTP/1.1" 200 - "-" "WordPress/6.8.1; https://game-gainz.com"
196.251.115.37 - - [14/Jul/2025:17:33:32 +0000] "GET /.env HTTP/1.1" 404 12526 "-" "Mozilla/5.0 (X11; Linux x86_64) AppleWebKit/537.36 (KHTML, like Gecko) Chrome/81.0.4044.129 Safari/537.36"
196.251.115.37 - - [14/Jul/2025:17:33:35 +0000] "POST / HTTP/1.1" 200 12932 "-" "Mozilla/5.0 (X11; Linux x86_64) AppleWebKit/537.36 (KHTML, like Gecko) Chrome/81.0.4044.129 Safari/537.36"
66.249.79.66 - - [14/Jul/2025:17:37:18 +0000] "GET /?f=4964987041370&mod=c5b3966b&uri=search.php%3Fid%3D165755-156%26name%3Devenflo+breast+pump+canada HTTP/1.1" 200 19830 "-" "Mozilla/5.0 (Linux; Android 6.0.1; Nexus 5X Build/MMB29P) AppleWebKit/537.36 (KHTML, like Gecko) Chrome/137.0.7151.103 Mobile Safari/537.36 (compatible; Googlebot/2.1; +http://www.google.com/bot.html)"
43.167.236.228 - - [14/Jul/2025:17:38:59 +0000] "GET /wp-content/themes/extendable/assets/fonts/ibm-plex-sans/ibm-plex-sans-medium.woff2 HTTP/1.1" 200 63968 "-" "Mozilla/5.0 (iPhone; CPU iPhone OS 13_2_3 like Mac OS X) AppleWebKit/605.1.15 (KHTML, like Gecko) Version/13.0.3 Mobile/15E148 Safari/604.1"
43.130.39.254 - - [14/Jul/2025:17:50:26 +0000] "GET /wp-content/themes/extendable/assets/fonts/mulish/mulish.woff2 HTTP/1.1" 200 77012 "-" "Mozilla/5.0 (iPhone; CPU iPhone OS 13_2_3 like Mac OS X) AppleWebKit/605.1.15 (KHTML, like Gecko) Version/13.0.3 Mobile/15E148 Safari/604.1"
209.74.77.214 - - [14/Jul/2025:17:51:39 +0000] "POST /wp-cron.php?doing_wp_cron=1752515499.7625439167022705078125 HTTP/1.1" 200 - "-" "WordPress/6.8.1; https://game-gainz.com"
45.138.16.130 - - [14/Jul/2025:17:51:38 +0000] "GET /wp-content/plugins/fix/up.php HTTP/1.1" 404 61355 "-" "Mozilla/5.0 (Windows NT 10.0; Win64; x64) AppleWebKit/537.36 (KHTML, like Gecko) Chrome/85.0.4183.102 Safari/537.36"
45.138.16.130 - - [14/Jul/2025:17:51:38 +0000] "GET /wp-content/themes/seotheme/db.php?u HTTP/1.1" 404 61355 "www.google.com" "Mozlila/5.0 (Linux; Android 7.0; SM-G892A Bulid/NRD90M; wv) AppleWebKit/537.36 (KHTML, like Gecko) Version/4.0 Chrome/60.0.3112.107 Moblie Safari/537.36"
45.138.16.130 - - [14/Jul/2025:17:51:39 +0000] "POST /wp-plain.php HTTP/1.1" 404 61355 "www.google.com" "Mozilla/5.0 (Linux; Android 7.0; SM-G892A Bulid/NRD90M; wv) AppleWebKit/537.36 (KHTML, like Gecko) Version/4.0 Chrome/60.0.3112.107 Moblie Safari/537.36"
45.138.16.130 - - [14/Jul/2025:17:51:38 +0000] "GET / HTTP/1.1" 200 65414 "-" "Mozlila/5.0 (Linux; Android 7.0; SM-G892A Bulid/NRD90M; wv) AppleWebKit/537.36 (KHTML, like Gecko) Version/4.0 Chrome/60.0.3112.107 Moblie Safari/537.36"
45.138.16.130 - - [14/Jul/2025:17:51:38 +0000] "POST /ALFA_DATA/alfacgiapi/perl.alfa HTTP/1.1" 404 61284 "www.google.com" "Mozlila/5.0 (Linux; Android 7.0; SM-G892A Bulid/NRD90M; wv) AppleWebKit/537.36 (KHTML, like Gecko) Version/4.0 Chrome/60.0.3112.107 Moblie Safari/537.36"
45.138.16.130 - - [14/Jul/2025:17:51:40 +0000] "POST /alfacgiapi/perl.alfa HTTP/1.1" 404 61284 "www.google.com" "Mozlila/5.0 (Linux; Android 7.0; SM-G892A Bulid/NRD90M; wv) AppleWebKit/537.36 (KHTML, like Gecko) Version/4.0 Chrome/60.0.3112.107 Moblie Safari/537.36"
45.138.16.130 - - [14/Jul/2025:17:51:41 +0000] "GET /wp-content/plugins/apikey/apikey.php?test=hello HTTP/1.1" 404 61355 "-" "Mozlila/5.0 (Linux; Android 7.0; SM-G892A Bulid/NRD90M; wv) AppleWebKit/537.36 (KHTML, like Gecko) Version/4.0 Chrome/60.0.3112.107 Moblie Safari/537.36"
45.138.16.130 - - [14/Jul/2025:17:51:42 +0000] "GET /plugins/content/apismtp/apismtp.php?test=hello HTTP/1.1" 404 61355 "-" "Mozlila/5.0 (Linux; Android 7.0; SM-G892A Bulid/NRD90M; wv) AppleWebKit/537.36 (KHTML, like Gecko) Version/4.0 Chrome/60.0.3112.107 Moblie Safari/537.36"
45.138.16.130 - - [14/Jul/2025:17:51:43 +0000] "GET /wp-content/plugins/apikey/apikey.php.suspected?test=hello HTTP/1.1" 404 61355 "-" "Mozlila/5.0 (Linux; Android 7.0; SM-G892A Bulid/NRD90M; wv) AppleWebKit/537.36 (KHTML, like Gecko) Version/4.0 Chrome/60.0.3112.107 Moblie Safari/537.36"
45.138.16.130 - - [14/Jul/2025:17:51:44 +0000] "GET /plugins/content/apismtp/apismtp.php.suspected?test=hello HTTP/1.1" 404 61355 "-" "Mozlila/5.0 (Linux; Android 7.0; SM-G892A Bulid/NRD90M; wv) AppleWebKit/537.36 (KHTML, like Gecko) Version/4.0 Chrome/60.0.3112.107 Moblie Safari/537.36"
209.74.77.214 - - [14/Jul/2025:17:59:26 +0000] "POST /wp-cron.php?doing_wp_cron=1752515966.0078449249267578125000 HTTP/1.1" 200 - "-" "WordPress/6.8.1; https://game-gainz.com"
146.19.215.118 - - [14/Jul/2025:17:59:24 +0000] "GET /style.php HTTP/1.1" 404 12526 "www.google.com" "Mozlila/5.0 (Linux; Android 7.0; SM-G892A Bulid/NRD90M; wv) AppleWebKit/537.36 (KHTML, like Gecko) Version/4.0 Chrome/60.0.3112.107 Moblie Safari/537.36"
49.51.33.159 - - [14/Jul/2025:18:00:19 +0000] "GET /wp-content/themes/extendable/assets/fonts/arsenal/arsenal-regular.woff2 HTTP/1.1" 200 53705 "-" "Mozilla/5.0 (iPhone; CPU iPhone OS 13_2_3 like Mac OS X) AppleWebKit/605.1.15 (KHTML, like Gecko) Version/13.0.3 Mobile/15E148 Safari/604.1"
43.153.76.247 - - [14/Jul/2025:18:13:20 +0000] "GET /wp-content/themes/extendable/assets/fonts/ibm-plex-sans/ibm-plex-sans-thin.woff2 HTTP/1.1" 200 59268 "-" "Mozilla/5.0 (iPhone; CPU iPhone OS 13_2_3 like Mac OS X) AppleWebKit/605.1.15 (KHTML, like Gecko) Version/13.0.3 Mobile/15E148 Safari/604.1"
43.153.67.21 - - [14/Jul/2025:18:21:36 +0000] "GET /wp-content/themes/extendable/assets/fonts/ibm-plex-sans/ibm-plex-sans-extra-light.woff2 HTTP/1.1" 200 64100 "-" "Mozilla/5.0 (iPhone; CPU iPhone OS 13_2_3 like Mac OS X) AppleWebKit/605.1.15 (KHTML, like Gecko) Version/13.0.3 Mobile/15E148 Safari/604.1"
66.249.79.66 - - [14/Jul/2025:18:29:54 +0000] "GET /?f=5344599011370&mod=aebb462e&uri=form.php?item/56144906.shtml HTTP/1.1" 200 21811 "-" "Mozilla/5.0 (Linux; Android 6.0.1; Nexus 5X Build/MMB29P) AppleWebKit/537.36 (KHTML, like Gecko) Chrome/137.0.7151.103 Mobile Safari/537.36 (compatible; Googlebot/2.1; +http://www.google.com/bot.html)"
66.249.79.66 - - [14/Jul/2025:18:29:55 +0000] "GET /?f=5028197051370&mod=67a4b0f5&uri=search.php%3Fid%3D167862-307%26name%3Dadidas+yeezy+boost+350+tutte+blu HTTP/1.1" 200 19841 "-" "Mozilla/5.0 (Linux; Android 6.0.1; Nexus 5X Build/MMB29P) AppleWebKit/537.36 (KHTML, like Gecko) Chrome/137.0.7151.103 Mobile Safari/537.36 (compatible; Googlebot/2.1; +http://www.google.com/bot.html)"
43.135.145.73 - - [14/Jul/2025:18:30:42 +0000] "GET /wp-content/themes/extendable/assets/fonts/archivo/archivo_wght.woff2 HTTP/1.1" 200 189340 "-" "Mozilla/5.0 (iPhone; CPU iPhone OS 13_2_3 like Mac OS X) AppleWebKit/605.1.15 (KHTML, like Gecko) Version/13.0.3 Mobile/15E148 Safari/604.1"
66.249.79.64 - - [14/Jul/2025:18:32:21 +0000] "GET /?f=5344599011370&mod=aebb462e&uri=form.php?item/56184562.shtml HTTP/1.1" 200 19196 "-" "Mozilla/5.0 (Linux; Android 6.0.1; Nexus 5X Build/MMB29P) AppleWebKit/537.36 (KHTML, like Gecko) Chrome/137.0.7151.103 Mobile Safari/537.36 (compatible; Googlebot/2.1; +http://www.google.com/bot.html)"
66.249.79.65 - - [14/Jul/2025:18:46:25 +0000] "GET /?f=5344599011370&mod=aebb462e&uri=form.php?item/4176654.shtml HTTP/1.1" 200 20339 "-" "Mozilla/5.0 (Linux; Android 6.0.1; Nexus 5X Build/MMB29P) AppleWebKit/537.36 (KHTML, like Gecko) Chrome/137.0.7151.103 Mobile Safari/537.36 (compatible; Googlebot/2.1; +http://www.google.com/bot.html)"
66.249.79.64 - - [14/Jul/2025:18:46:31 +0000] "POST /get-message-notify HTTP/1.1" 200 19634 "http://game-gainz.com/?f=5344599011370&mod=aebb462e&uri=form.php?item/56144906.shtml" "Mozilla/5.0 (Linux; Android 6.0.1; Nexus 5X Build/MMB29P) AppleWebKit/537.36 (KHTML, like Gecko) Chrome/137.0.7151.119 Mobile Safari/537.36 (compatible; Googlebot/2.1; +http://www.google.com/bot.html)"
209.74.77.214 - - [14/Jul/2025:18:49:41 +0000] "POST /wp-cron.php?doing_wp_cron=1752518981.8294630050659179687500 HTTP/1.1" 200 - "-" "WordPress/6.8.1; https://game-gainz.com"
196.251.67.143 - - [14/Jul/2025:18:49:38 +0000] "GET /.env HTTP/1.1" 404 12526 "-" "Mozilla/5.0 (X11; Linux x86_64) AppleWebKit/537.36 (KHTML, like Gecko) Chrome/81.0.4044.129 Safari/537.36"
196.251.67.143 - - [14/Jul/2025:18:49:42 +0000] "POST / HTTP/1.1" 200 12932 "-" "Mozilla/5.0 (X11; Linux x86_64) AppleWebKit/537.36 (KHTML, like Gecko) Chrome/81.0.4044.129 Safari/537.36"
209.74.77.214 - - [14/Jul/2025:19:19:27 +0000] "POST /wp-cron.php?doing_wp_cron=1752520767.2754709720611572265625 HTTP/1.1" 200 - "-" "WordPress/6.8.1; https://game-gainz.com"
143.244.57.121 - - [14/Jul/2025:19:19:26 +0000] "GET /wp-includes/wlwmanifest.xml HTTP/1.1" 404 61355 "-" "Mozilla/5.0 (Windows NT 10.0; Win64; x64) AppleWebKit/537.36 (KHTML, like Gecko) Chrome/78.0.3904.108 Safari/537.36"
143.244.57.121 - - [14/Jul/2025:19:19:27 +0000] "GET /?author=1 HTTP/1.1" 301 - "-" "Mozilla/5.0 (Windows NT 10.0; Win64; x64) AppleWebKit/537.36 (KHTML, like Gecko) Chrome/78.0.3904.108 Safari/537.36"
143.244.57.121 - - [14/Jul/2025:19:19:28 +0000] "GET /?author=2 HTTP/1.1" 404 61355 "-" "Mozilla/5.0 (Windows NT 10.0; Win64; x64) AppleWebKit/537.36 (KHTML, like Gecko) Chrome/78.0.3904.108 Safari/537.36"
143.244.57.121 - - [14/Jul/2025:19:19:28 +0000] "GET /wp-json/wp/v2/users/ HTTP/1.1" 200 735 "-" "Mozilla/5.0 (Windows NT 10.0; Win64; x64) AppleWebKit/537.36 (KHTML, like Gecko) Chrome/78.0.3904.108 Safari/537.36"
143.244.57.121 - - [14/Jul/2025:19:19:28 +0000] "POST /xmlrpc.php HTTP/1.1" 200 401 "-" "Mozilla/5.0 (Windows NT 10.0; Win64; x64) AppleWebKit/537.36 (KHTML, like Gecko) Chrome/78.0.3904.108 Safari/537.36"
143.244.57.121 - - [14/Jul/2025:19:19:29 +0000] "POST /xmlrpc.php HTTP/1.1" 200 401 "-" "Mozilla/5.0 (Windows NT 10.0; Win64; x64) AppleWebKit/537.36 (KHTML, like Gecko) Chrome/78.0.3904.108 Safari/537.36"
143.244.57.121 - - [14/Jul/2025:19:19:29 +0000] "POST /xmlrpc.php HTTP/1.1" 200 401 "-" "Mozilla/5.0 (Windows NT 10.0; Win64; x64) AppleWebKit/537.36 (KHTML, like Gecko) Chrome/78.0.3904.108 Safari/537.36"
143.244.57.121 - - [14/Jul/2025:19:19:29 +0000] "POST /xmlrpc.php HTTP/1.1" 200 401 "-" "Mozilla/5.0 (Windows NT 10.0; Win64; x64) AppleWebKit/537.36 (KHTML, like Gecko) Chrome/78.0.3904.108 Safari/537.36"
143.244.57.121 - - [14/Jul/2025:19:19:30 +0000] "POST /xmlrpc.php HTTP/1.1" 200 401 "-" "Mozilla/5.0 (Windows NT 10.0; Win64; x64) AppleWebKit/537.36 (KHTML, like Gecko) Chrome/78.0.3904.108 Safari/537.36"
143.244.57.121 - - [14/Jul/2025:19:19:30 +0000] "POST /xmlrpc.php HTTP/1.1" 200 401 "-" "Mozilla/5.0 (Windows NT 10.0; Win64; x64) AppleWebKit/537.36 (KHTML, like Gecko) Chrome/78.0.3904.108 Safari/537.36"
143.244.57.121 - - [14/Jul/2025:19:19:30 +0000] "POST /xmlrpc.php HTTP/1.1" 200 401 "-" "Mozilla/5.0 (Windows NT 10.0; Win64; x64) AppleWebKit/537.36 (KHTML, like Gecko) Chrome/78.0.3904.108 Safari/537.36"
143.244.57.121 - - [14/Jul/2025:19:19:31 +0000] "POST /xmlrpc.php HTTP/1.1" 200 401 "-" "Mozilla/5.0 (Windows NT 10.0; Win64; x64) AppleWebKit/537.36 (KHTML, like Gecko) Chrome/78.0.3904.108 Safari/537.36"
143.244.57.121 - - [14/Jul/2025:19:19:31 +0000] "POST /xmlrpc.php HTTP/1.1" 200 401 "-" "Mozilla/5.0 (Windows NT 10.0; Win64; x64) AppleWebKit/537.36 (KHTML, like Gecko) Chrome/78.0.3904.108 Safari/537.36"
143.244.57.121 - - [14/Jul/2025:19:19:31 +0000] "POST /xmlrpc.php HTTP/1.1" 200 401 "-" "Mozilla/5.0 (Windows NT 10.0; Win64; x64) AppleWebKit/537.36 (KHTML, like Gecko) Chrome/78.0.3904.108 Safari/537.36"
143.244.57.121 - - [14/Jul/2025:19:19:32 +0000] "POST /xmlrpc.php HTTP/1.1" 200 401 "-" "Mozilla/5.0 (Windows NT 10.0; Win64; x64) AppleWebKit/537.36 (KHTML, like Gecko) Chrome/78.0.3904.108 Safari/537.36"
143.244.57.121 - - [14/Jul/2025:19:19:32 +0000] "POST /xmlrpc.php HTTP/1.1" 200 401 "-" "Mozilla/5.0 (Windows NT 10.0; Win64; x64) AppleWebKit/537.36 (KHTML, like Gecko) Chrome/78.0.3904.108 Safari/537.36"
143.244.57.121 - - [14/Jul/2025:19:19:33 +0000] "POST /xmlrpc.php HTTP/1.1" 200 401 "-" "Mozilla/5.0 (Windows NT 10.0; Win64; x64) AppleWebKit/537.36 (KHTML, like Gecko) Chrome/78.0.3904.108 Safari/537.36"
143.244.57.121 - - [14/Jul/2025:19:19:33 +0000] "POST /xmlrpc.php HTTP/1.1" 200 401 "-" "Mozilla/5.0 (Windows NT 10.0; Win64; x64) AppleWebKit/537.36 (KHTML, like Gecko) Chrome/78.0.3904.108 Safari/537.36"
143.244.57.121 - - [14/Jul/2025:19:19:33 +0000] "POST /xmlrpc.php HTTP/1.1" 200 401 "-" "Mozilla/5.0 (Windows NT 10.0; Win64; x64) AppleWebKit/537.36 (KHTML, like Gecko) Chrome/78.0.3904.108 Safari/537.36"
143.244.57.121 - - [14/Jul/2025:19:19:34 +0000] "POST /xmlrpc.php HTTP/1.1" 200 401 "-" "Mozilla/5.0 (Windows NT 10.0; Win64; x64) AppleWebKit/537.36 (KHTML, like Gecko) Chrome/78.0.3904.108 Safari/537.36"
143.244.57.121 - - [14/Jul/2025:19:19:34 +0000] "POST /xmlrpc.php HTTP/1.1" 200 401 "-" "Mozilla/5.0 (Windows NT 10.0; Win64; x64) AppleWebKit/537.36 (KHTML, like Gecko) Chrome/78.0.3904.108 Safari/537.36"
143.244.57.121 - - [14/Jul/2025:19:19:34 +0000] "POST /xmlrpc.php HTTP/1.1" 200 401 "-" "Mozilla/5.0 (Windows NT 10.0; Win64; x64) AppleWebKit/537.36 (KHTML, like Gecko) Chrome/78.0.3904.108 Safari/537.36"
143.244.57.121 - - [14/Jul/2025:19:19:35 +0000] "POST /xmlrpc.php HTTP/1.1" 200 401 "-" "Mozilla/5.0 (Windows NT 10.0; Win64; x64) AppleWebKit/537.36 (KHTML, like Gecko) Chrome/78.0.3904.108 Safari/537.36"
143.244.57.121 - - [14/Jul/2025:19:19:35 +0000] "POST /xmlrpc.php HTTP/1.1" 200 401 "-" "Mozilla/5.0 (Windows NT 10.0; Win64; x64) AppleWebKit/537.36 (KHTML, like Gecko) Chrome/78.0.3904.108 Safari/537.36"
143.244.57.121 - - [14/Jul/2025:19:19:35 +0000] "POST /xmlrpc.php HTTP/1.1" 200 401 "-" "Mozilla/5.0 (Windows NT 10.0; Win64; x64) AppleWebKit/537.36 (KHTML, like Gecko) Chrome/78.0.3904.108 Safari/537.36"
143.244.57.121 - - [14/Jul/2025:19:19:36 +0000] "POST /xmlrpc.php HTTP/1.1" 200 401 "-" "Mozilla/5.0 (Windows NT 10.0; Win64; x64) AppleWebKit/537.36 (KHTML, like Gecko) Chrome/78.0.3904.108 Safari/537.36"
143.244.57.121 - - [14/Jul/2025:19:19:36 +0000] "POST /xmlrpc.php HTTP/1.1" 200 401 "-" "Mozilla/5.0 (Windows NT 10.0; Win64; x64) AppleWebKit/537.36 (KHTML, like Gecko) Chrome/78.0.3904.108 Safari/537.36"
143.244.57.121 - - [14/Jul/2025:19:19:36 +0000] "POST /xmlrpc.php HTTP/1.1" 200 401 "-" "Mozilla/5.0 (Windows NT 10.0; Win64; x64) AppleWebKit/537.36 (KHTML, like Gecko) Chrome/78.0.3904.108 Safari/537.36"
143.244.57.121 - - [14/Jul/2025:19:19:37 +0000] "POST /xmlrpc.php HTTP/1.1" 200 401 "-" "Mozilla/5.0 (Windows NT 10.0; Win64; x64) AppleWebKit/537.36 (KHTML, like Gecko) Chrome/78.0.3904.108 Safari/537.36"
143.244.57.121 - - [14/Jul/2025:19:19:37 +0000] "POST /xmlrpc.php HTTP/1.1" 200 401 "-" "Mozilla/5.0 (Windows NT 10.0; Win64; x64) AppleWebKit/537.36 (KHTML, like Gecko) Chrome/78.0.3904.108 Safari/537.36"
143.244.57.121 - - [14/Jul/2025:19:19:37 +0000] "POST /xmlrpc.php HTTP/1.1" 200 401 "-" "Mozilla/5.0 (Windows NT 10.0; Win64; x64) AppleWebKit/537.36 (KHTML, like Gecko) Chrome/78.0.3904.108 Safari/537.36"
143.244.57.121 - - [14/Jul/2025:19:19:38 +0000] "POST /xmlrpc.php HTTP/1.1" 200 401 "-" "Mozilla/5.0 (Windows NT 10.0; Win64; x64) AppleWebKit/537.36 (KHTML, like Gecko) Chrome/78.0.3904.108 Safari/537.36"
143.244.57.121 - - [14/Jul/2025:19:19:38 +0000] "POST /xmlrpc.php HTTP/1.1" 200 401 "-" "Mozilla/5.0 (Windows NT 10.0; Win64; x64) AppleWebKit/537.36 (KHTML, like Gecko) Chrome/78.0.3904.108 Safari/537.36"
143.244.57.121 - - [14/Jul/2025:19:19:38 +0000] "POST /xmlrpc.php HTTP/1.1" 200 401 "-" "Mozilla/5.0 (Windows NT 10.0; Win64; x64) AppleWebKit/537.36 (KHTML, like Gecko) Chrome/78.0.3904.108 Safari/537.36"
143.244.57.121 - - [14/Jul/2025:19:19:39 +0000] "POST /xmlrpc.php HTTP/1.1" 200 401 "-" "Mozilla/5.0 (Windows NT 10.0; Win64; x64) AppleWebKit/537.36 (KHTML, like Gecko) Chrome/78.0.3904.108 Safari/537.36"
143.244.57.121 - - [14/Jul/2025:19:19:39 +0000] "POST /xmlrpc.php HTTP/1.1" 200 401 "-" "Mozilla/5.0 (Windows NT 10.0; Win64; x64) AppleWebKit/537.36 (KHTML, like Gecko) Chrome/78.0.3904.108 Safari/537.36"
143.244.57.121 - - [14/Jul/2025:19:19:39 +0000] "POST /xmlrpc.php HTTP/1.1" 200 401 "-" "Mozilla/5.0 (Windows NT 10.0; Win64; x64) AppleWebKit/537.36 (KHTML, like Gecko) Chrome/78.0.3904.108 Safari/537.36"
143.244.57.121 - - [14/Jul/2025:19:19:40 +0000] "POST /xmlrpc.php HTTP/1.1" 200 401 "-" "Mozilla/5.0 (Windows NT 10.0; Win64; x64) AppleWebKit/537.36 (KHTML, like Gecko) Chrome/78.0.3904.108 Safari/537.36"
143.244.57.121 - - [14/Jul/2025:19:19:40 +0000] "POST /xmlrpc.php HTTP/1.1" 200 401 "-" "Mozilla/5.0 (Windows NT 10.0; Win64; x64) AppleWebKit/537.36 (KHTML, like Gecko) Chrome/78.0.3904.108 Safari/537.36"
143.244.57.121 - - [14/Jul/2025:19:19:40 +0000] "POST /xmlrpc.php HTTP/1.1" 200 401 "-" "Mozilla/5.0 (Windows NT 10.0; Win64; x64) AppleWebKit/537.36 (KHTML, like Gecko) Chrome/78.0.3904.108 Safari/537.36"
143.244.57.121 - - [14/Jul/2025:19:19:41 +0000] "POST /xmlrpc.php HTTP/1.1" 200 401 "-" "Mozilla/5.0 (Windows NT 10.0; Win64; x64) AppleWebKit/537.36 (KHTML, like Gecko) Chrome/78.0.3904.108 Safari/537.36"
143.244.57.121 - - [14/Jul/2025:19:19:41 +0000] "POST /xmlrpc.php HTTP/1.1" 200 401 "-" "Mozilla/5.0 (Windows NT 10.0; Win64; x64) AppleWebKit/537.36 (KHTML, like Gecko) Chrome/78.0.3904.108 Safari/537.36"
143.244.57.121 - - [14/Jul/2025:19:19:42 +0000] "POST /xmlrpc.php HTTP/1.1" 200 401 "-" "Mozilla/5.0 (Windows NT 10.0; Win64; x64) AppleWebKit/537.36 (KHTML, like Gecko) Chrome/78.0.3904.108 Safari/537.36"
143.244.57.121 - - [14/Jul/2025:19:19:42 +0000] "POST /xmlrpc.php HTTP/1.1" 200 401 "-" "Mozilla/5.0 (Windows NT 10.0; Win64; x64) AppleWebKit/537.36 (KHTML, like Gecko) Chrome/78.0.3904.108 Safari/537.36"
143.244.57.121 - - [14/Jul/2025:19:19:42 +0000] "POST /xmlrpc.php HTTP/1.1" 200 401 "-" "Mozilla/5.0 (Windows NT 10.0; Win64; x64) AppleWebKit/537.36 (KHTML, like Gecko) Chrome/78.0.3904.108 Safari/537.36"
143.244.57.121 - - [14/Jul/2025:19:19:43 +0000] "POST /xmlrpc.php HTTP/1.1" 200 401 "-" "Mozilla/5.0 (Windows NT 10.0; Win64; x64) AppleWebKit/537.36 (KHTML, like Gecko) Chrome/78.0.3904.108 Safari/537.36"
143.244.57.121 - - [14/Jul/2025:19:19:43 +0000] "POST /xmlrpc.php HTTP/1.1" 200 401 "-" "Mozilla/5.0 (Windows NT 10.0; Win64; x64) AppleWebKit/537.36 (KHTML, like Gecko) Chrome/78.0.3904.108 Safari/537.36"
143.244.57.121 - - [14/Jul/2025:19:19:43 +0000] "POST /xmlrpc.php HTTP/1.1" 200 401 "-" "Mozilla/5.0 (Windows NT 10.0; Win64; x64) AppleWebKit/537.36 (KHTML, like Gecko) Chrome/78.0.3904.108 Safari/537.36"
143.244.57.121 - - [14/Jul/2025:19:19:44 +0000] "POST /xmlrpc.php HTTP/1.1" 200 401 "-" "Mozilla/5.0 (Windows NT 10.0; Win64; x64) AppleWebKit/537.36 (KHTML, like Gecko) Chrome/78.0.3904.108 Safari/537.36"
143.244.57.121 - - [14/Jul/2025:19:19:44 +0000] "POST /xmlrpc.php HTTP/1.1" 200 401 "-" "Mozilla/5.0 (Windows NT 10.0; Win64; x64) AppleWebKit/537.36 (KHTML, like Gecko) Chrome/78.0.3904.108 Safari/537.36"
143.244.57.121 - - [14/Jul/2025:19:19:44 +0000] "POST /xmlrpc.php HTTP/1.1" 200 401 "-" "Mozilla/5.0 (Windows NT 10.0; Win64; x64) AppleWebKit/537.36 (KHTML, like Gecko) Chrome/78.0.3904.108 Safari/537.36"
143.244.57.121 - - [14/Jul/2025:19:19:45 +0000] "POST /xmlrpc.php HTTP/1.1" 200 401 "-" "Mozilla/5.0 (Windows NT 10.0; Win64; x64) AppleWebKit/537.36 (KHTML, like Gecko) Chrome/78.0.3904.108 Safari/537.36"
143.244.57.121 - - [14/Jul/2025:19:19:45 +0000] "POST /xmlrpc.php HTTP/1.1" 200 401 "-" "Mozilla/5.0 (Windows NT 10.0; Win64; x64) AppleWebKit/537.36 (KHTML, like Gecko) Chrome/78.0.3904.108 Safari/537.36"
143.244.57.121 - - [14/Jul/2025:19:19:45 +0000] "POST /xmlrpc.php HTTP/1.1" 200 401 "-" "Mozilla/5.0 (Windows NT 10.0; Win64; x64) AppleWebKit/537.36 (KHTML, like Gecko) Chrome/78.0.3904.108 Safari/537.36"
143.244.57.121 - - [14/Jul/2025:19:19:46 +0000] "POST /xmlrpc.php HTTP/1.1" 200 401 "-" "Mozilla/5.0 (Windows NT 10.0; Win64; x64) AppleWebKit/537.36 (KHTML, like Gecko) Chrome/78.0.3904.108 Safari/537.36"
143.244.57.121 - - [14/Jul/2025:19:19:46 +0000] "POST /xmlrpc.php HTTP/1.1" 200 401 "-" "Mozilla/5.0 (Windows NT 10.0; Win64; x64) AppleWebKit/537.36 (KHTML, like Gecko) Chrome/78.0.3904.108 Safari/537.36"
143.244.57.121 - - [14/Jul/2025:19:19:46 +0000] "POST /xmlrpc.php HTTP/1.1" 200 401 "-" "Mozilla/5.0 (Windows NT 10.0; Win64; x64) AppleWebKit/537.36 (KHTML, like Gecko) Chrome/78.0.3904.108 Safari/537.36"
143.244.57.121 - - [14/Jul/2025:19:19:47 +0000] "POST /xmlrpc.php HTTP/1.1" 200 401 "-" "Mozilla/5.0 (Windows NT 10.0; Win64; x64) AppleWebKit/537.36 (KHTML, like Gecko) Chrome/78.0.3904.108 Safari/537.36"
143.244.57.121 - - [14/Jul/2025:19:19:47 +0000] "POST /xmlrpc.php HTTP/1.1" 200 401 "-" "Mozilla/5.0 (Windows NT 10.0; Win64; x64) AppleWebKit/537.36 (KHTML, like Gecko) Chrome/78.0.3904.108 Safari/537.36"
143.244.57.121 - - [14/Jul/2025:19:19:47 +0000] "POST /xmlrpc.php HTTP/1.1" 200 401 "-" "Mozilla/5.0 (Windows NT 10.0; Win64; x64) AppleWebKit/537.36 (KHTML, like Gecko) Chrome/78.0.3904.108 Safari/537.36"
143.244.57.121 - - [14/Jul/2025:19:19:48 +0000] "POST /xmlrpc.php HTTP/1.1" 200 401 "-" "Mozilla/5.0 (Windows NT 10.0; Win64; x64) AppleWebKit/537.36 (KHTML, like Gecko) Chrome/78.0.3904.108 Safari/537.36"
143.244.57.121 - - [14/Jul/2025:19:19:48 +0000] "POST /xmlrpc.php HTTP/1.1" 200 401 "-" "Mozilla/5.0 (Windows NT 10.0; Win64; x64) AppleWebKit/537.36 (KHTML, like Gecko) Chrome/78.0.3904.108 Safari/537.36"
143.244.57.121 - - [14/Jul/2025:19:19:48 +0000] "POST /xmlrpc.php HTTP/1.1" 200 401 "-" "Mozilla/5.0 (Windows NT 10.0; Win64; x64) AppleWebKit/537.36 (KHTML, like Gecko) Chrome/78.0.3904.108 Safari/537.36"
143.244.57.121 - - [14/Jul/2025:19:19:49 +0000] "POST /xmlrpc.php HTTP/1.1" 200 401 "-" "Mozilla/5.0 (Windows NT 10.0; Win64; x64) AppleWebKit/537.36 (KHTML, like Gecko) Chrome/78.0.3904.108 Safari/537.36"
54.167.32.123 - - [14/Jul/2025:19:22:51 +0000] "GET /robots.txt HTTP/1.1" 200 94 "-" "Mozilla/5.0 AppleWebKit/537.36 (KHTML, like Gecko; compatible; Amazonbot/0.1; +https://developer.amazon.com/support/amazonbot) Chrome/119.0.6045.214 Safari/537.36"
209.74.77.214 - - [14/Jul/2025:19:22:52 +0000] "POST /wp-cron.php?doing_wp_cron=1752520972.2832260131835937500000 HTTP/1.1" 200 - "-" "WordPress/6.8.1; https://game-gainz.com"
23.23.104.107 - - [14/Jul/2025:19:22:51 +0000] "GET / HTTP/1.1" 200 12983 "-" "Mozilla/5.0 AppleWebKit/537.36 (KHTML, like Gecko; compatible; Amazonbot/0.1; +https://developer.amazon.com/support/amazonbot) Chrome/119.0.6045.214 Safari/537.36"
66.249.79.66 - - [14/Jul/2025:19:29:55 +0000] "GET /?f=5344599011370&mod=aebb462e&uri=form.php?item/4139626.shtml HTTP/1.1" 200 18721 "-" "Mozilla/5.0 (Linux; Android 6.0.1; Nexus 5X Build/MMB29P) AppleWebKit/537.36 (KHTML, like Gecko) Chrome/137.0.7151.103 Mobile Safari/537.36 (compatible; Googlebot/2.1; +http://www.google.com/bot.html)"
66.249.79.66 - - [14/Jul/2025:20:08:59 +0000] "GET /?f=5344599011370&mod=aebb462e&uri=form.php?item/4136360.shtml HTTP/1.1" 200 19266 "-" "Mozilla/5.0 (Linux; Android 6.0.1; Nexus 5X Build/MMB29P) AppleWebKit/537.36 (KHTML, like Gecko) Chrome/137.0.7151.103 Mobile Safari/537.36 (compatible; Googlebot/2.1; +http://www.google.com/bot.html)"
66.249.79.65 - - [14/Jul/2025:20:09:01 +0000] "GET /?f=5344599011370&mod=aebb462e&uri=form.php?item/4174586.shtml HTTP/1.1" 200 20237 "-" "Mozilla/5.0 (Linux; Android 6.0.1; Nexus 5X Build/MMB29P) AppleWebKit/537.36 (KHTML, like Gecko) Chrome/137.0.7151.103 Mobile Safari/537.36 (compatible; Googlebot/2.1; +http://www.google.com/bot.html)"
196.251.86.207 - - [14/Jul/2025:20:11:39 +0000] "GET / HTTP/1.1" 200 65414 "-" "-"
196.251.86.207 - - [14/Jul/2025:20:11:40 +0000] "GET /wordpress HTTP/1.1" 404 61355 "-" "-"
196.251.86.207 - - [14/Jul/2025:20:11:41 +0000] "GET /wp-admin/setup-config.php HTTP/1.1" 409 2665 "-" "-"
196.251.86.207 - - [14/Jul/2025:20:11:41 +0000] "GET /wp-admin/install.php HTTP/1.1" 404 61355 "-" "-"
196.251.86.207 - - [14/Jul/2025:20:11:41 +0000] "GET /wp HTTP/1.1" 404 61355 "-" "-"
196.251.86.207 - - [14/Jul/2025:20:11:42 +0000] "GET /blog HTTP/1.1" 404 61355 "-" "-"
196.251.86.207 - - [14/Jul/2025:20:11:43 +0000] "GET /new HTTP/1.1" 404 61355 "-" "-"
196.251.86.207 - - [14/Jul/2025:20:11:43 +0000] "GET /old HTTP/1.1" 404 61355 "-" "-"
196.251.86.207 - - [14/Jul/2025:20:11:44 +0000] "GET /newsite HTTP/1.1" 404 61355 "-" "-"
196.251.86.207 - - [14/Jul/2025:20:11:45 +0000] "GET /test HTTP/1.1" 404 61355 "-" "-"
196.251.86.207 - - [14/Jul/2025:20:11:45 +0000] "GET /main HTTP/1.1" 404 61355 "-" "-"
196.251.86.207 - - [14/Jul/2025:20:11:46 +0000] "GET /testing HTTP/1.1" 404 61355 "-" "-"
196.251.86.207 - - [14/Jul/2025:20:11:46 +0000] "GET /site HTTP/1.1" 404 61355 "-" "-"
196.251.86.207 - - [14/Jul/2025:20:11:47 +0000] "GET /backup HTTP/1.1" 404 61355 "-" "-"
196.251.86.207 - - [14/Jul/2025:20:11:47 +0000] "GET /demo HTTP/1.1" 404 61355 "-" "-"
196.251.86.207 - - [14/Jul/2025:20:11:48 +0000] "GET /home HTTP/1.1" 404 61355 "-" "-"
196.251.86.207 - - [14/Jul/2025:20:11:48 +0000] "GET /tmp HTTP/1.1" 404 61355 "-" "-"
196.251.86.207 - - [14/Jul/2025:20:11:49 +0000] "GET /dev HTTP/1.1" 404 61355 "-" "-"
196.251.86.207 - - [14/Jul/2025:20:11:49 +0000] "GET /cms HTTP/1.1" 404 61355 "-" "-"
196.251.86.207 - - [14/Jul/2025:20:11:50 +0000] "GET /portal HTTP/1.1" 404 61355 "-" "-"
196.251.86.207 - - [14/Jul/2025:20:11:50 +0000] "GET /web HTTP/1.1" 404 61355 "-" "-"
66.249.79.64 - - [14/Jul/2025:20:24:03 +0000] "GET /?f=5344599011370&mod=aebb462e&uri=form.php?item/4140800.shtml HTTP/1.1" 200 19010 "-" "Mozilla/5.0 (Linux; Android 6.0.1; Nexus 5X Build/MMB29P) AppleWebKit/537.36 (KHTML, like Gecko) Chrome/137.0.7151.103 Mobile Safari/537.36 (compatible; Googlebot/2.1; +http://www.google.com/bot.html)"
209.74.77.214 - - [14/Jul/2025:20:26:04 +0000] "POST /wp-cron.php?doing_wp_cron=1752524764.1432991027832031250000 HTTP/1.1" 200 - "-" "WordPress/6.8.1; https://game-gainz.com"
134.35.8.133 - - [14/Jul/2025:20:26:03 +0000] "GET /wp-json/wp/v2/posts HTTP/1.1" 200 672 "-" "Mozilla/5.0 (Windows NT 10.0; Win64; x64) AppleWebKit/537.36 (KHTML, like Gecko) Chrome/120.0.0.0 Safari/537.36"
115.77.169.27 - - [14/Jul/2025:20:26:07 +0000] "GET /wp-json/wp/v2/posts HTTP/1.1" 200 672 "-" "Mozilla/5.0 (Windows NT 10.0; Win64; x64) AppleWebKit/537.36 (KHTML, like Gecko) Chrome/120.0.0.0 Safari/537.36"
66.249.79.65 - - [14/Jul/2025:20:30:10 +0000] "GET /?f=5344599011370&mod=aebb462e&uri=form.php?item/4120206.shtml HTTP/1.1" 200 19828 "-" "Mozilla/5.0 (Linux; Android 6.0.1; Nexus 5X Build/MMB29P) AppleWebKit/537.36 (KHTML, like Gecko) Chrome/137.0.7151.103 Mobile Safari/537.36 (compatible; Googlebot/2.1; +http://www.google.com/bot.html)"
66.249.79.64 - - [14/Jul/2025:20:30:19 +0000] "GET /?f=5344599011370&mod=aebb462e&uri=form.php?item/56140174.shtml HTTP/1.1" 200 20112 "-" "Mozilla/5.0 (Linux; Android 6.0.1; Nexus 5X Build/MMB29P) AppleWebKit/537.36 (KHTML, like Gecko) Chrome/137.0.7151.103 Mobile Safari/537.36 (compatible; Googlebot/2.1; +http://www.google.com/bot.html)"
66.249.79.64 - - [14/Jul/2025:20:31:33 +0000] "GET /?f=5344599011370&mod=aebb462e&uri=form.php?item/4096732.shtml HTTP/1.1" 200 21718 "-" "Mozilla/5.0 (Linux; Android 6.0.1; Nexus 5X Build/MMB29P) AppleWebKit/537.36 (KHTML, like Gecko) Chrome/137.0.7151.103 Mobile Safari/537.36 (compatible; Googlebot/2.1; +http://www.google.com/bot.html)"
170.39.218.50 - - [14/Jul/2025:20:32:18 +0000] "GET /wp-includes/js/wp-emoji-release.min.js?ver=6.8.1 HTTP/1.1" 200 5166 "-" "Mozilla/5.0 (Windows NT 10.0; Win64; x64) AppleWebKit/537.36 Chrome/121.0.0.0"
209.74.77.214 - - [14/Jul/2025:20:38:38 +0000] "POST /wp-cron.php?doing_wp_cron=1752525518.0791339874267578125000 HTTP/1.1" 200 - "-" "WordPress/6.8.1; https://game-gainz.com"
43.133.69.37 - - [14/Jul/2025:20:38:37 +0000] "GET / HTTP/1.1" 301 - "-" "Mozilla/5.0 (iPhone; CPU iPhone OS 13_2_3 like Mac OS X) AppleWebKit/605.1.15 (KHTML, like Gecko) Version/13.0.3 Mobile/15E148 Safari/604.1"
43.133.69.37 - - [14/Jul/2025:20:38:39 +0000] "GET / HTTP/1.1" 200 12983 "http://www.game-gainz.com" "Mozilla/5.0 (iPhone; CPU iPhone OS 13_2_3 like Mac OS X) AppleWebKit/605.1.15 (KHTML, like Gecko) Version/13.0.3 Mobile/15E148 Safari/604.1"
43.157.172.39 - - [14/Jul/2025:20:51:41 +0000] "GET /wp-content/themes/extendable/assets/fonts/ibm-plex-sans/ibm-plex-sans-regular.woff2 HTTP/1.1" 200 60200 "-" "Mozilla/5.0 (iPhone; CPU iPhone OS 13_2_3 like Mac OS X) AppleWebKit/605.1.15 (KHTML, like Gecko) Version/13.0.3 Mobile/15E148 Safari/604.1"
66.249.79.65 - - [14/Jul/2025:20:54:50 +0000] "GET /?f=5344599011370&mod=aebb462e&uri=form.php?item/56183108.shtml HTTP/1.1" 200 19228 "-" "Mozilla/5.0 (Linux; Android 6.0.1; Nexus 5X Build/MMB29P) AppleWebKit/537.36 (KHTML, like Gecko) Chrome/137.0.7151.103 Mobile Safari/537.36 (compatible; Googlebot/2.1; +http://www.google.com/bot.html)"
66.249.79.64 - - [14/Jul/2025:20:54:51 +0000] "GET /?f=5344599011370&mod=aebb462e&uri=form.php?item/4127326.shtml HTTP/1.1" 200 19341 "-" "Mozilla/5.0 (Linux; Android 6.0.1; Nexus 5X Build/MMB29P) AppleWebKit/537.36 (KHTML, like Gecko) Chrome/137.0.7151.103 Mobile Safari/537.36 (compatible; Googlebot/2.1; +http://www.google.com/bot.html)"
209.74.77.214 - - [14/Jul/2025:21:01:35 +0000] "POST /wp-cron.php?doing_wp_cron=1752526895.2563230991363525390625 HTTP/1.1" 200 - "-" "WordPress/6.8.1; https://game-gainz.com"
198.46.234.28 - - [14/Jul/2025:21:01:34 +0000] "POST /index.php/wp-json/litespeed/v1/cdn_status HTTP/1.1" 404 117 "https://game-gainz.com/wp-admin/update.php?action=upload-plugin" "Mozilla/5.0 (Windows NT 10.0; Win64; x64; rv:128.0) Gecko/20100101 Firefox/128.0"
43.130.111.40 - - [14/Jul/2025:21:02:48 +0000] "GET /wp-content/themes/extendable/assets/fonts/heebo/heebo-variable-wght.woff2 HTTP/1.1" 200 63836 "-" "Mozilla/5.0 (iPhone; CPU iPhone OS 13_2_3 like Mac OS X) AppleWebKit/605.1.15 (KHTML, like Gecko) Version/13.0.3 Mobile/15E148 Safari/604.1"
66.249.79.64 - - [14/Jul/2025:21:04:35 +0000] "GET /?f=5344599011370&mod=aebb462e&uri=form.php?item/56121140.shtml HTTP/1.1" 200 19045 "-" "Mozilla/5.0 (Linux; Android 6.0.1; Nexus 5X Build/MMB29P) AppleWebKit/537.36 (KHTML, like Gecko) Chrome/137.0.7151.103 Mobile Safari/537.36 (compatible; Googlebot/2.1; +http://www.google.com/bot.html)"
43.130.12.43 - - [14/Jul/2025:21:13:34 +0000] "GET /wp-content/themes/extendable/assets/fonts/hind/hind-variable.woff2 HTTP/1.1" 200 23479 "-" "Mozilla/5.0 (iPhone; CPU iPhone OS 13_2_3 like Mac OS X) AppleWebKit/605.1.15 (KHTML, like Gecko) Version/13.0.3 Mobile/15E148 Safari/604.1"
66.249.79.66 - - [14/Jul/2025:21:16:28 +0000] "GET /?f=5344599011370&mod=aebb462e&uri=form.php?item/4152230.shtml HTTP/1.1" 200 20721 "-" "Mozilla/5.0 (Linux; Android 6.0.1; Nexus 5X Build/MMB29P) AppleWebKit/537.36 (KHTML, like Gecko) Chrome/137.0.7151.103 Mobile Safari/537.36 (compatible; Googlebot/2.1; +http://www.google.com/bot.html)"
66.249.79.64 - - [14/Jul/2025:21:17:52 +0000] "POST /get-message-notify HTTP/1.1" 200 19356 "http://game-gainz.com/?f=5344599011370&mod=aebb462e&uri=form.php?item/4127326.shtml" "Mozilla/5.0 (Linux; Android 6.0.1; Nexus 5X Build/MMB29P) AppleWebKit/537.36 (KHTML, like Gecko) Chrome/137.0.7151.119 Mobile Safari/537.36 (compatible; Googlebot/2.1; +http://www.google.com/bot.html)"
66.249.79.65 - - [14/Jul/2025:21:40:38 +0000] "GET /?f=5361162021370&mod=b3b0b34e&uri=pin.php?item/2859450.shtml HTTP/1.1" 200 21095 "-" "Mozilla/5.0 (Linux; Android 6.0.1; Nexus 5X Build/MMB29P) AppleWebKit/537.36 (KHTML, like Gecko) Chrome/137.0.7151.103 Mobile Safari/537.36 (compatible; Googlebot/2.1; +http://www.google.com/bot.html)"
66.249.79.66 - - [14/Jul/2025:21:42:21 +0000] "GET /?f=5344599011370&mod=aebb462e&uri=form.php?item/2839434.shtml HTTP/1.1" 200 19106 "-" "Mozilla/5.0 (Linux; Android 6.0.1; Nexus 5X Build/MMB29P) AppleWebKit/537.36 (KHTML, like Gecko) Chrome/137.0.7151.103 Mobile Safari/537.36 (compatible; Googlebot/2.1; +http://www.google.com/bot.html)"
209.74.77.214 - - [14/Jul/2025:21:46:17 +0000] "POST /wp-cron.php?doing_wp_cron=1752529577.6648769378662109375000 HTTP/1.1" 200 - "-" "WordPress/6.8.1; https://game-gainz.com"
132.232.203.74 - - [14/Jul/2025:21:46:16 +0000] "GET / HTTP/1.1" 200 12983 "-" "Mozilla/5.0 (iPhone; CPU iPhone OS 13_2_3 like Mac OS X) AppleWebKit/605.1.15 (KHTML, like Gecko) Version/13.0.3 Mobile/15E148 Safari/604.1"
66.249.79.64 - - [14/Jul/2025:21:51:58 +0000] "POST /get-message-notify HTTP/1.1" 200 19356 "http://game-gainz.com/?f=5344599011370&mod=aebb462e&uri=form.php?item/2839434.shtml" "Mozilla/5.0 (Linux; Android 6.0.1; Nexus 5X Build/MMB29P) AppleWebKit/537.36 (KHTML, like Gecko) Chrome/137.0.7151.119 Mobile Safari/537.36 (compatible; Googlebot/2.1; +http://www.google.com/bot.html)"
66.249.79.65 - - [14/Jul/2025:21:54:03 +0000] "GET /?f=5344599011370&mod=aebb462e&uri=form.php?item/56142546.shtml HTTP/1.1" 200 19110 "-" "Mozilla/5.0 (Linux; Android 6.0.1; Nexus 5X Build/MMB29P) AppleWebKit/537.36 (KHTML, like Gecko) Chrome/137.0.7151.103 Mobile Safari/537.36 (compatible; Googlebot/2.1; +http://www.google.com/bot.html)"
66.249.79.66 - - [14/Jul/2025:22:00:05 +0000] "GET /?f=5361162021370&mod=b3b0b34e&uri=pin.php?item/2869150.shtml HTTP/1.1" 200 19043 "-" "Mozilla/5.0 (Linux; Android 6.0.1; Nexus 5X Build/MMB29P) AppleWebKit/537.36 (KHTML, like Gecko) Chrome/137.0.7151.103 Mobile Safari/537.36 (compatible; Googlebot/2.1; +http://www.google.com/bot.html)"
66.249.79.66 - - [14/Jul/2025:22:52:14 +0000] "POST /get-message-notify HTTP/1.1" 200 19356 "http://game-gainz.com/?f=119603320041370&mod=7b7903c6&uri=article.php%3Fid%3D3991529-1161%26name%3Dlime+green+and+grey+nike+shoes" "Mozilla/5.0 (Linux; Android 6.0.1; Nexus 5X Build/MMB29P) AppleWebKit/537.36 (KHTML, like Gecko) Chrome/137.0.7151.119 Mobile Safari/537.36 (compatible; Googlebot/2.1; +http://www.google.com/bot.html)"
66.249.79.65 - - [14/Jul/2025:23:10:38 +0000] "GET /?f=32553724011370&mod=c5b3966b&uri=shared.php%3Fid%3D1086513-156%26name%3Dstroller+footmuffs HTTP/1.1" 200 19821 "-" "Mozilla/5.0 (Linux; Android 6.0.1; Nexus 5X Build/MMB29P) AppleWebKit/537.36 (KHTML, like Gecko) Chrome/137.0.7151.103 Mobile Safari/537.36 (compatible; Googlebot/2.1; +http://www.google.com/bot.html)"
66.249.79.66 - - [14/Jul/2025:23:15:41 +0000] "GET /?f=5344599011370&mod=aebb462e&uri=form.php?item/56114312.shtml HTTP/1.1" 200 20061 "-" "Mozilla/5.0 (Linux; Android 6.0.1; Nexus 5X Build/MMB29P) AppleWebKit/537.36 (KHTML, like Gecko) Chrome/137.0.7151.103 Mobile Safari/537.36 (compatible; Googlebot/2.1; +http://www.google.com/bot.html)"
66.249.79.65 - - [14/Jul/2025:23:54:50 +0000] "GET /?f=5344599011370&mod=aebb462e&uri=form.php?item/2845936.shtml HTTP/1.1" 200 18813 "-" "Mozilla/5.0 (Linux; Android 6.0.1; Nexus 5X Build/MMB29P) AppleWebKit/537.36 (KHTML, like Gecko) Chrome/137.0.7151.103 Mobile Safari/537.36 (compatible; Googlebot/2.1; +http://www.google.com/bot.html)"
66.249.79.64 - - [15/Jul/2025:00:13:27 +0000] "GET /?f=5344599011370&mod=aebb462e&uri=form.php?item/56158716.shtml HTTP/1.1" 200 20822 "-" "Mozilla/5.0 (Linux; Android 6.0.1; Nexus 5X Build/MMB29P) AppleWebKit/537.36 (KHTML, like Gecko) Chrome/137.0.7151.103 Mobile Safari/537.36 (compatible; Googlebot/2.1; +http://www.google.com/bot.html)"
66.249.79.65 - - [15/Jul/2025:00:17:43 +0000] "GET /?f=5361162021370&mod=b3b0b34e&uri=pin.php?man/kaitori/kaitoritop.html HTTP/1.1" 200 20684 "-" "Mozilla/5.0 (Linux; Android 6.0.1; Nexus 5X Build/MMB29P) AppleWebKit/537.36 (KHTML, like Gecko) Chrome/137.0.7151.103 Mobile Safari/537.36 (compatible; Googlebot/2.1; +http://www.google.com/bot.html)"
209.74.77.214 - - [15/Jul/2025:00:45:20 +0000] "POST /wp-cron.php?doing_wp_cron=1752540320.1256790161132812500000 HTTP/1.1" 200 - "-" "WordPress/6.8.1; https://game-gainz.com"
49.7.227.204 - - [15/Jul/2025:00:45:18 +0000] "GET / HTTP/1.1" 301 - "-" "Mozilla/5.0 (iPhone; CPU iPhone OS 13_2_3 like Mac OS X) AppleWebKit/605.1.15 (KHTML, like Gecko) Version/13.0.3 Mobile/15E148 Safari/604.1"
49.7.227.204 - - [15/Jul/2025:00:45:20 +0000] "GET / HTTP/1.1" 200 12983 "http://www.game-gainz.com" "Mozilla/5.0 (iPhone; CPU iPhone OS 13_2_3 like Mac OS X) AppleWebKit/605.1.15 (KHTML, like Gecko) Version/13.0.3 Mobile/15E148 Safari/604.1"
66.249.79.64 - - [15/Jul/2025:00:45:41 +0000] "GET /robots.txt HTTP/1.1" 200 94 "-" "Mozilla/5.0 (compatible; Googlebot/2.1; +http://www.google.com/bot.html)"
66.249.79.66 - - [15/Jul/2025:00:45:42 +0000] "GET /?f=5329779031370&mod=f3a3d61b&uri=blog.php?item/2846830.shtml HTTP/1.1" 200 19099 "-" "Mozilla/5.0 (Linux; Android 6.0.1; Nexus 5X Build/MMB29P) AppleWebKit/537.36 (KHTML, like Gecko) Chrome/137.0.7151.103 Mobile Safari/537.36 (compatible; Googlebot/2.1; +http://www.google.com/bot.html)"
66.249.79.65 - - [15/Jul/2025:00:54:03 +0000] "GET /?f=5344599011370&mod=aebb462e&uri=form.php?item/4129634.shtml HTTP/1.1" 200 19070 "-" "Mozilla/5.0 (Linux; Android 6.0.1; Nexus 5X Build/MMB29P) AppleWebKit/537.36 (KHTML, like Gecko) Chrome/137.0.7151.103 Mobile Safari/537.36 (compatible; Googlebot/2.1; +http://www.google.com/bot.html)"
66.249.79.65 - - [15/Jul/2025:00:58:27 +0000] "GET /?f=5330409061370&mod=f3a3d61b&uri=info.php?events/ HTTP/1.1" 200 19998 "-" "Mozilla/5.0 (Linux; Android 6.0.1; Nexus 5X Build/MMB29P) AppleWebKit/537.36 (KHTML, like Gecko) Chrome/137.0.7151.103 Mobile Safari/537.36 (compatible; Googlebot/2.1; +http://www.google.com/bot.html)"
Page not found – Hello World !