Current File : /home/kelaby89/access-logs/game-gainz.com.sixpack.studio-ssl_log
176.88.175.205 - - [15/Jul/2025:12:30:08 +0000] "POST /wp-comments-post.php HTTP/1.1" 302 - "-" "Mozilla/5.0 (Windows NT 10.0; Win64; x64) AppleWebKit/537.36 (KHTML, like Gecko) Chrome/120.0.0.0 Safari/537.36"
209.74.77.214 - - [15/Jul/2025:12:32:53 +0000] "POST /wp-cron.php?doing_wp_cron=1752582773.1706409454345703125000 HTTP/1.1" 200 - "-" "WordPress/6.8.1; https://game-gainz.com"
205.185.116.195 - - [15/Jul/2025:12:32:52 +0000] "GET /wp-login.php HTTP/1.1" 200 4443 "-" "Mozilla/5.0 (Windows NT 6.1; WOW64; Trident/7.0; rv:11.0) like Gecko"
205.185.116.195 - - [15/Jul/2025:12:32:53 +0000] "POST /wp-login.php HTTP/1.1" 200 4699 "-" "Mozilla/5.0 (Windows NT 6.1; WOW64; Trident/7.0; rv:11.0) like Gecko"
209.74.77.214 - - [15/Jul/2025:12:43:41 +0000] "POST /wp-cron.php?doing_wp_cron=1752583421.6507709026336669921875 HTTP/1.1" 200 - "-" "WordPress/6.8.1; https://game-gainz.com"
57.141.2.24 - - [15/Jul/2025:12:43:40 +0000] "GET /?f=105782123001370& HTTP/1.1" 301 - "-" "meta-externalagent/1.1 (+https://developers.facebook.com/docs/sharing/webmasters/crawler)"
209.74.77.214 - - [15/Jul/2025:13:04:08 +0000] "POST /wp-cron.php?doing_wp_cron=1752584648.0526900291442871093750 HTTP/1.1" 200 - "-" "WordPress/6.8.1; https://game-gainz.com"
57.141.2.2 - - [15/Jul/2025:13:04:06 +0000] "GET /?f=57351475061370& HTTP/1.1" 301 - "-" "meta-externalagent/1.1 (+https://developers.facebook.com/docs/sharing/webmasters/crawler)"
209.74.77.214 - - [15/Jul/2025:13:06:09 +0000] "POST /wp-cron.php?doing_wp_cron=1752584769.7737240791320800781250 HTTP/1.1" 200 - "-" "WordPress/6.8.1; https://game-gainz.com"
57.141.2.27 - - [15/Jul/2025:13:06:09 +0000] "GET / HTTP/1.1" 200 65454 "-" "meta-externalagent/1.1 (+https://developers.facebook.com/docs/sharing/webmasters/crawler)"
143.198.229.0 - - [15/Jul/2025:13:44:39 +0000] "GET /uploaded_script.php HTTP/1.1" 404 12521 "www.google.com" "Mozilla/5.0 (Linux; Android 7.0; SM-G892A Build/NRD90M; wv) AppleWebKit/537.36 (KHTML, like Gecko) Version/4.0 Chrome/60.0.3112.107 Mobile Safari/537.36"
209.74.77.214 - - [15/Jul/2025:13:55:30 +0000] "POST /wp-cron.php?doing_wp_cron=1752587730.6310069561004638671875 HTTP/1.1" 200 - "-" "WordPress/6.8.1; https://game-gainz.com"
57.141.2.4 - - [15/Jul/2025:13:55:29 +0000] "GET /?f=5183696001370& HTTP/1.1" 301 - "-" "meta-externalagent/1.1 (+https://developers.facebook.com/docs/sharing/webmasters/crawler)"
57.141.2.25 - - [15/Jul/2025:13:55:53 +0000] "GET /?f=5183696001370 HTTP/1.1" 200 65454 "-" "meta-externalagent/1.1 (+https://developers.facebook.com/docs/sharing/webmasters/crawler)"
209.74.77.214 - - [15/Jul/2025:14:04:12 +0000] "POST /wp-cron.php?doing_wp_cron=1752588252.8846659660339355468750 HTTP/1.1" 200 - "-" "WordPress/6.8.1; https://game-gainz.com"
43.153.53.250 - - [15/Jul/2025:14:04:11 +0000] "POST /xmlrpc.php HTTP/1.1" 200 403 "-" "Mozilla/5.0 (Windows NT 6.1; WOW64; rv:50.0) Gecko/20100101 Firefox/50.0"
209.74.77.214 - - [15/Jul/2025:14:04:13 +0000] "GET / HTTP/1.1" 200 12976 "-" "WordPress/6.8.1; https://game-gainz.com"
103.72.96.84 - - [15/Jul/2025:14:04:25 +0000] "POST /xmlrpc.php HTTP/1.1" 200 403 "-" "Mozilla/5.0 (Windows NT 6.1) AppleWebKit/537.36 (KHTML, like Gecko) Chrome/56.0.2924.76 Safari/537.36"
103.72.96.84 - - [15/Jul/2025:14:04:35 +0000] "POST /xmlrpc.php HTTP/1.1" 200 403 "-" "Mozilla/5.0 (X11; Linux x86_64) AppleWebKit/537.36 (KHTML, like Gecko) Chrome/91.0.4472.114 Safari/537.36"
173.212.219.7 - - [15/Jul/2025:14:04:39 +0000] "POST /xmlrpc.php HTTP/1.1" 200 403 "-" "Mozilla/5.0 (Windows NT 10.0; Win64; x64) AppleWebKit/537.36 (KHTML, like Gecko) Chrome/83.0.4103.116 Safari/537.36"
104.234.134.18 - - [15/Jul/2025:14:04:41 +0000] "POST /xmlrpc.php HTTP/1.1" 200 403 "-" "Mozilla/5.0 (Windows NT 6.3; Win64; x64) AppleWebKit/537.36 (KHTML, like Gecko) Chrome/60.0.3112.113 Safari/537.36"
51.68.11.211 - - [15/Jul/2025:14:04:49 +0000] "POST /xmlrpc.php HTTP/1.1" 200 403 "-" "Mozilla/5.0 (Windows NT 6.1; WOW64; rv:44.0) Gecko/20100101 Firefox/44.0"
110.164.163.22 - - [15/Jul/2025:14:04:57 +0000] "POST /xmlrpc.php HTTP/1.1" 200 403 "-" "Mozilla/5.0 (Windows NT 10.0; Win64; x64; rv:66.0) Gecko/20100101 Firefox/66.0"
92.204.19.225 - - [15/Jul/2025:14:05:07 +0000] "POST /xmlrpc.php HTTP/1.1" 200 403 "-" "Mozilla/5.0 (iPad; CPU OS 14_6 like Mac OS X) AppleWebKit/605.1.15 (KHTML, like Gecko) CriOS/91.0.4472.80 Mobile/15E148 Safari/604.1"
209.74.77.214 - - [15/Jul/2025:14:09:03 +0000] "POST /wp-cron.php?doing_wp_cron=1752588543.6706650257110595703125 HTTP/1.1" 200 - "-" "WordPress/6.8.1; https://game-gainz.com"
57.141.2.17 - - [15/Jul/2025:14:09:01 +0000] "GET /?f=101704433021370& HTTP/1.1" 301 - "-" "meta-externalagent/1.1 (+https://developers.facebook.com/docs/sharing/webmasters/crawler)"
209.74.77.214 - - [15/Jul/2025:14:13:50 +0000] "POST /wp-cron.php?doing_wp_cron=1752588830.7571270465850830078125 HTTP/1.1" 200 - "-" "WordPress/6.8.1; https://game-gainz.com"
57.141.2.22 - - [15/Jul/2025:14:13:49 +0000] "GET /?f=39184746021370& HTTP/1.1" 301 - "-" "meta-externalagent/1.1 (+https://developers.facebook.com/docs/sharing/webmasters/crawler)"
57.141.2.30 - - [15/Jul/2025:14:14:02 +0000] "GET /?f=39184746021370 HTTP/1.1" 200 65454 "-" "meta-externalagent/1.1 (+https://developers.facebook.com/docs/sharing/webmasters/crawler)"
209.74.77.214 - - [15/Jul/2025:14:15:45 +0000] "POST /wp-cron.php?doing_wp_cron=1752588945.8683969974517822265625 HTTP/1.1" 200 - "-" "WordPress/6.8.1; https://game-gainz.com"
57.141.2.16 - - [15/Jul/2025:14:15:44 +0000] "GET /?f=53583993031370& HTTP/1.1" 301 - "-" "meta-externalagent/1.1 (+https://developers.facebook.com/docs/sharing/webmasters/crawler)"
209.74.77.214 - - [15/Jul/2025:14:20:48 +0000] "POST /wp-cron.php?doing_wp_cron=1752589248.9813480377197265625000 HTTP/1.1" 200 - "-" "WordPress/6.8.1; https://game-gainz.com"
57.141.2.7 - - [15/Jul/2025:14:20:47 +0000] "GET /?f=6401006001370& HTTP/1.1" 301 - "-" "meta-externalagent/1.1 (+https://developers.facebook.com/docs/sharing/webmasters/crawler)"
45.227.253.15 - - [15/Jul/2025:14:40:15 +0000] "GET /index.php/jk HTTP/1.1" 200 59 "-" "Mozilla/5.0 (Macintosh; Intel Mac OS X 10.12; rv:103.0) Gecko/20100101 Firefox/103.0"
209.74.77.214 - - [15/Jul/2025:14:41:56 +0000] "POST /wp-cron.php?doing_wp_cron=1752590516.1511790752410888671875 HTTP/1.1" 200 - "-" "WordPress/6.8.1; https://game-gainz.com"
57.141.2.25 - - [15/Jul/2025:14:41:54 +0000] "GET /?f=50753467031370& HTTP/1.1" 301 - "-" "meta-externalagent/1.1 (+https://developers.facebook.com/docs/sharing/webmasters/crawler)"
57.141.2.27 - - [15/Jul/2025:14:42:02 +0000] "GET /?f=50753467031370 HTTP/1.1" 200 65454 "-" "meta-externalagent/1.1 (+https://developers.facebook.com/docs/sharing/webmasters/crawler)"
51.222.253.4 - - [15/Jul/2025:14:55:20 +0000] "GET /wp-sitemap.xml HTTP/1.1" 200 4314 "-" "Mozilla/5.0 (compatible; AhrefsBot/7.0; +http://ahrefs.com/robot/)"
209.74.77.214 - - [15/Jul/2025:15:16:43 +0000] "POST /wp-cron.php?doing_wp_cron=1752592603.3745648860931396484375 HTTP/1.1" 200 - "-" "WordPress/6.8.1; https://game-gainz.com"
57.141.2.4 - - [15/Jul/2025:15:16:42 +0000] "GET /?f=91051774001370& HTTP/1.1" 301 - "-" "meta-externalagent/1.1 (+https://developers.facebook.com/docs/sharing/webmasters/crawler)"
57.141.2.26 - - [15/Jul/2025:15:16:48 +0000] "GET /?f=91051774001370 HTTP/1.1" 200 65454 "-" "meta-externalagent/1.1 (+https://developers.facebook.com/docs/sharing/webmasters/crawler)"
209.74.77.214 - - [15/Jul/2025:15:32:31 +0000] "POST /wp-cron.php?doing_wp_cron=1752593551.6589329242706298828125 HTTP/1.1" 200 - "-" "WordPress/6.8.1; https://game-gainz.com"
198.98.53.3 - - [15/Jul/2025:15:32:30 +0000] "GET /wp-login.php HTTP/1.1" 200 4443 "-" "Mozilla/5.0 (Windows NT 6.1; rv:31.0) Gecko/20100101 Firefox/31.0"
198.98.53.3 - - [15/Jul/2025:15:32:31 +0000] "POST /wp-login.php HTTP/1.1" 200 4699 "-" "Mozilla/5.0 (Windows NT 6.1; rv:31.0) Gecko/20100101 Firefox/31.0"
45.227.253.15 - - [15/Jul/2025:15:41:28 +0000] "GET /?of=1 HTTP/1.1" 200 8285 "-" "Mozilla/5.0 (iPhone; CPU iPhone OS 13_5 like Mac OS X) AppleWebKit/605.1.15 (KHTML, like Gecko) Version/13.5.1 Mobile/15E148 Safari/604.1"
209.74.77.214 - - [15/Jul/2025:15:42:05 +0000] "POST /wp-cron.php?doing_wp_cron=1752594125.2002151012420654296875 HTTP/1.1" 200 - "-" "WordPress/6.8.1; https://game-gainz.com"
205.185.116.195 - - [15/Jul/2025:15:42:04 +0000] "GET /wp-login.php HTTP/1.1" 200 4443 "-" "Mozilla/5.0 (Macintosh; Intel Mac OS X 10_9_2) AppleWebKit/537.75.14 (KHTML, like Gecko) Version/7.0.3 Safari/537.75.14"
209.74.77.214 - - [15/Jul/2025:15:44:59 +0000] "POST /wp-cron.php?doing_wp_cron=1752594299.2666599750518798828125 HTTP/1.1" 200 - "-" "WordPress/6.8.1; https://game-gainz.com"
205.185.116.195 - - [15/Jul/2025:15:44:58 +0000] "POST /wp-login.php HTTP/1.1" 200 4699 "-" "Mozilla/5.0 (Macintosh; Intel Mac OS X 10_9_2) AppleWebKit/537.75.14 (KHTML, like Gecko) Version/7.0.3 Safari/537.75.14"
209.74.77.214 - - [15/Jul/2025:15:47:30 +0000] "POST /wp-cron.php?doing_wp_cron=1752594450.8478190898895263671875 HTTP/1.1" 200 - "-" "WordPress/6.8.1; https://game-gainz.com"
110.249.202.26 - - [15/Jul/2025:15:47:30 +0000] "GET / HTTP/1.1" 200 12976 "-" "Mozilla/5.0 (Linux; Android 5.0) AppleWebKit/537.36 (KHTML, like Gecko) Mobile Safari/537.36 (compatible; Bytespider; https://zhanzhang.toutiao.com/)"
110.249.202.26 - - [15/Jul/2025:15:47:31 +0000] "GET /wp-includes/blocks/social-links/style.min.css?ver=6.8.1 HTTP/1.1" 200 1537 "https://game-gainz.com/" "Mozilla/5.0 (Linux; Android 5.0) AppleWebKit/537.36 (KHTML, like Gecko) Mobile Safari/537.36 (compatible; Bytespider; https://zhanzhang.toutiao.com/)"
110.249.202.26 - - [15/Jul/2025:15:47:31 +0000] "GET /wp-content/themes/extendable/style.css?ver=2.0.26 HTTP/1.1" 200 3165 "https://game-gainz.com/" "Mozilla/5.0 (Linux; Android 5.0) AppleWebKit/537.36 (KHTML, like Gecko) Mobile Safari/537.36 (compatible; Bytespider; https://zhanzhang.toutiao.com/)"
110.249.202.37 - - [15/Jul/2025:15:47:31 +0000] "GET /wp-includes/blocks/navigation/style.min.css?ver=6.8.1 HTTP/1.1" 200 2275 "https://game-gainz.com/" "Mozilla/5.0 (Linux; Android 5.0) AppleWebKit/537.36 (KHTML, like Gecko) Mobile Safari/537.36 (compatible; Bytespider; https://zhanzhang.toutiao.com/)"
110.249.202.22 - - [15/Jul/2025:15:47:31 +0000] "GET /wp-includes/js/dist/script-modules/interactivity/index.min.js?ver=55aebb6e0a16726baffb HTTP/1.1" 200 14072 "https://game-gainz.com/" "Mozilla/5.0 (Linux; Android 5.0) AppleWebKit/537.36 (KHTML, like Gecko) Mobile Safari/537.36 (compatible; Bytespider; https://zhanzhang.toutiao.com/)"
110.249.202.38 - - [15/Jul/2025:15:47:31 +0000] "GET /wp-content/themes/extendable/assets/js/navigation-customization.js HTTP/1.1" 200 480 "https://game-gainz.com/" "Mozilla/5.0 (Linux; Android 5.0) AppleWebKit/537.36 (KHTML, like Gecko) Mobile Safari/537.36 (compatible; Bytespider; https://zhanzhang.toutiao.com/)"
110.249.202.35 - - [15/Jul/2025:15:47:31 +0000] "GET /wp-includes/js/dist/script-modules/block-library/navigation/view.min.js?ver=61572d447d60c0aa5240 HTTP/1.1" 200 1160 "https://game-gainz.com/" "Mozilla/5.0 (Linux; Android 5.0) AppleWebKit/537.36 (KHTML, like Gecko) Mobile Safari/537.36 (compatible; Bytespider; https://zhanzhang.toutiao.com/)"
45.227.253.15 - - [15/Jul/2025:16:02:14 +0000] "GET /wp-includes/sodium_compat/src/Core/ChaCha20/ChaCha20/index.php?ARRAY=7o2230223n313735323539393034302p2231223n22687474703n5p2s5p2s7n7334383176313373752r62757964792r70726s5p2s3s6p633q7068705s636s64655s6n6326743q313735323539353434302q3431333536613338376530613065393764616466383565346134636334356635222p2232223n223731366138343862343939626561626133386634393465316562313066653038222p2233223n223530366135366366633361623064313165366566393530373331636437656263222p2262696r675s70617373223n2231392q34372q35332q36342q37392q38312q3233227q HTTP/1.1" 200 102 "-" "Mozilla/5.0 (Windows NT 10.0; Win64; x64) AppleWebKit/537.36 (KHTML, like Gecko) Chrome/75.0.3780 Safari/537.36 Edg/75.0.139"
51.222.253.3 - - [15/Jul/2025:16:05:48 +0000] "GET /sitemap.xml HTTP/1.1" 200 4327 "-" "Mozilla/5.0 (compatible; AhrefsBot/7.0; +http://ahrefs.com/robot/)"
209.74.77.214 - - [15/Jul/2025:16:07:34 +0000] "POST /wp-cron.php?doing_wp_cron=1752595654.6989500522613525390625 HTTP/1.1" 200 - "-" "WordPress/6.8.1; https://game-gainz.com"
198.98.53.3 - - [15/Jul/2025:16:07:34 +0000] "GET /wp-login.php HTTP/1.1" 200 4443 "-" "Mozilla/5.0 (Macintosh; Intel Mac OS X 10_10_0) AppleWebKit/537.36 (KHTML, like Gecko) Chrome/36.0.1985.125 Safari/537.36"
209.74.77.214 - - [15/Jul/2025:16:09:58 +0000] "POST /wp-cron.php?doing_wp_cron=1752595798.6310529708862304687500 HTTP/1.1" 200 - "-" "WordPress/6.8.1; https://game-gainz.com"
198.98.53.3 - - [15/Jul/2025:16:09:58 +0000] "POST /wp-login.php HTTP/1.1" 200 4699 "-" "Mozilla/5.0 (Macintosh; Intel Mac OS X 10_10_0) AppleWebKit/537.36 (KHTML, like Gecko) Chrome/36.0.1985.125 Safari/537.36"
209.74.77.214 - - [15/Jul/2025:16:11:02 +0000] "POST /wp-cron.php?doing_wp_cron=1752595862.0183510780334472656250 HTTP/1.1" 200 - "-" "WordPress/6.8.1; https://game-gainz.com"
209.141.36.186 - - [15/Jul/2025:16:11:00 +0000] "GET /wp-login.php HTTP/1.1" 200 4443 "-" "Mozilla/5.0 (Windows NT 5.1) AppleWebKit/537.36 (KHTML, like Gecko) Chrome/36.0.1985.125 Safari/537.36"
209.141.36.186 - - [15/Jul/2025:16:11:06 +0000] "POST /wp-login.php HTTP/1.1" 200 4699 "-" "Mozilla/5.0 (Windows NT 5.1) AppleWebKit/537.36 (KHTML, like Gecko) Chrome/36.0.1985.125 Safari/537.36"
209.74.77.214 - - [15/Jul/2025:16:59:08 +0000] "POST /wp-cron.php?doing_wp_cron=1752598748.2202889919281005859375 HTTP/1.1" 200 - "-" "WordPress/6.8.1; https://game-gainz.com"
216.69.160.244 - - [15/Jul/2025:16:59:07 +0000] "POST /xmlrpc.php HTTP/1.1" 200 225 "-" "Mozilla/5.0 (X11; Ubuntu; Linux x86_64; rv:85.0) Gecko/20100101 Firefox/91.0"
209.74.77.214 - - [15/Jul/2025:17:08:53 +0000] "POST /wp-cron.php?doing_wp_cron=1752599333.2741560935974121093750 HTTP/1.1" 200 - "-" "WordPress/6.8.1; https://game-gainz.com"
43.131.243.61 - - [15/Jul/2025:17:08:52 +0000] "GET /sample-page/ HTTP/1.1" 200 14048 "-" "Mozilla/5.0 (iPhone; CPU iPhone OS 13_2_3 like Mac OS X) AppleWebKit/605.1.15 (KHTML, like Gecko) Version/13.0.3 Mobile/15E148 Safari/604.1"
209.74.77.214 - - [15/Jul/2025:17:17:34 +0000] "POST /wp-cron.php?doing_wp_cron=1752599854.5032610893249511718750 HTTP/1.1" 200 - "-" "WordPress/6.8.1; https://game-gainz.com"
82.165.76.172 - - [15/Jul/2025:17:17:34 +0000] "POST /xmlrpc.php HTTP/1.1" 200 403 "-" "Mozilla/5.0 (Windows NT 6.1; Win64; x64) AppleWebKit/537.36 (KHTML, like Gecko) Chrome/69.0.3497.100 Safari/537.36"
185.80.49.12 - - [15/Jul/2025:17:17:37 +0000] "POST /xmlrpc.php HTTP/1.1" 200 403 "-" "Mozilla/5.0 (Windows NT 10.0; Win64; x64) AppleWebKit/537.36 (KHTML, like Gecko) Chrome/88.0.4324.190 Safari/537.36"
68.65.122.206 - - [15/Jul/2025:17:17:42 +0000] "POST /xmlrpc.php HTTP/1.1" 200 403 "-" "Mozilla/5.0 (Windows NT 10.0; Win64; x64; rv:61.0) Gecko/20100101 Firefox/61.0"
185.80.49.12 - - [15/Jul/2025:17:17:54 +0000] "POST /xmlrpc.php HTTP/1.1" 200 403 "-" "Mozilla/5.0 (Windows NT 6.1) AppleWebKit/537.36 (KHTML, like Gecko) Chrome/56.0.2924.76 Safari/537.36"
209.74.77.214 - - [15/Jul/2025:17:18:09 +0000] "POST /wp-cron.php?doing_wp_cron=1752599889.5808510780334472656250 HTTP/1.1" 200 - "-" "WordPress/6.8.1; https://game-gainz.com"
43.153.53.250 - - [15/Jul/2025:17:18:09 +0000] "POST /xmlrpc.php HTTP/1.1" 200 403 "-" "Mozilla/5.0 (Windows NT 6.1; WOW64; rv:18.0) Gecko/20100101 Firefox/18.0"
205.196.217.56 - - [15/Jul/2025:17:18:13 +0000] "POST /xmlrpc.php HTTP/1.1" 200 403 "-" "Mozilla/5.0 (Windows NT 10.0; Win64; x64) AppleWebKit/537.36 (KHTML, like Gecko) Chrome/74.0.3729.131 Safari/537.36"
128.140.86.186 - - [15/Jul/2025:17:18:21 +0000] "POST /xmlrpc.php HTTP/1.1" 200 403 "-" "Mozilla/5.0 (Windows NT 10.0; Win64; x64) AppleWebKit/537.36 (KHTML, like Gecko) Chrome/79.0.3945.117 Safari/537.36"
43.157.156.190 - - [15/Jul/2025:17:18:44 +0000] "GET /feed/ HTTP/1.1" 200 715 "-" "Mozilla/5.0 (iPhone; CPU iPhone OS 13_2_3 like Mac OS X) AppleWebKit/605.1.15 (KHTML, like Gecko) Version/13.0.3 Mobile/15E148 Safari/604.1"
209.74.77.214 - - [15/Jul/2025:17:27:30 +0000] "POST /wp-cron.php?doing_wp_cron=1752600450.6695671081542968750000 HTTP/1.1" 200 - "-" "WordPress/6.8.1; https://game-gainz.com"
43.157.172.39 - - [15/Jul/2025:17:27:29 +0000] "GET /sample-page/feed/ HTTP/1.1" 200 420 "-" "Mozilla/5.0 (iPhone; CPU iPhone OS 13_2_3 like Mac OS X) AppleWebKit/605.1.15 (KHTML, like Gecko) Version/13.0.3 Mobile/15E148 Safari/604.1"
135.148.100.196 - - [15/Jul/2025:17:43:50 +0000] "GET / HTTP/1.1" 401 36 "-" "-"
101.32.49.171 - - [15/Jul/2025:17:44:15 +0000] "GET /wp-content/themes/extendable/assets/fonts/ibm-plex-sans/ibm-plex-sans-extra-light.woff2 HTTP/1.1" 200 64100 "-" "Mozilla/5.0 (iPhone; CPU iPhone OS 13_2_3 like Mac OS X) AppleWebKit/605.1.15 (KHTML, like Gecko) Version/13.0.3 Mobile/15E148 Safari/604.1"
43.135.133.241 - - [15/Jul/2025:17:47:58 +0000] "GET /wp-content/themes/extendable/assets/fonts/ibm-plex-sans/ibm-plex-sans-bold.woff2 HTTP/1.1" 200 60220 "-" "Mozilla/5.0 (iPhone; CPU iPhone OS 13_2_3 like Mac OS X) AppleWebKit/605.1.15 (KHTML, like Gecko) Version/13.0.3 Mobile/15E148 Safari/604.1"
209.74.77.214 - - [15/Jul/2025:17:48:24 +0000] "POST /wp-cron.php?doing_wp_cron=1752601704.4423620700836181640625 HTTP/1.1" 200 - "-" "WordPress/6.8.1; https://game-gainz.com"
54.206.4.86 - - [15/Jul/2025:17:48:23 +0000] "GET / HTTP/1.1" 200 12976 "https://www.google.com" "Mozilla/5.0"
209.74.77.214 - - [15/Jul/2025:17:58:40 +0000] "POST /wp-cron.php?doing_wp_cron=1752602320.0063340663909912109375 HTTP/1.1" 200 - "-" "WordPress/6.8.1; https://game-gainz.com"
43.153.7.191 - - [15/Jul/2025:17:58:39 +0000] "GET /wp-json/oembed/1.0/embed?url=https%3A%2F%2Fgame-gainz.com%2Fsample-page%2F&format=xml HTTP/1.1" 200 1076 "-" "Mozilla/5.0 (iPhone; CPU iPhone OS 13_2_3 like Mac OS X) AppleWebKit/605.1.15 (KHTML, like Gecko) Version/13.0.3 Mobile/15E148 Safari/604.1"
209.74.77.214 - - [15/Jul/2025:18:16:45 +0000] "POST /wp-cron.php?doing_wp_cron=1752603405.0618929862976074218750 HTTP/1.1" 200 - "-" "WordPress/6.8.1; https://game-gainz.com"
57.141.2.6 - - [15/Jul/2025:18:16:43 +0000] "GET /?f=98965452001370& HTTP/1.1" 301 - "-" "meta-externalagent/1.1 (+https://developers.facebook.com/docs/sharing/webmasters/crawler)"
57.141.2.11 - - [15/Jul/2025:18:17:03 +0000] "GET /?f=98965452001370 HTTP/1.1" 200 65454 "-" "meta-externalagent/1.1 (+https://developers.facebook.com/docs/sharing/webmasters/crawler)"
43.159.143.190 - - [15/Jul/2025:18:19:03 +0000] "GET /wp-content/themes/extendable/assets/fonts/archivo/archivo_wght.woff2 HTTP/1.1" 200 189340 "-" "Mozilla/5.0 (iPhone; CPU iPhone OS 13_2_3 like Mac OS X) AppleWebKit/605.1.15 (KHTML, like Gecko) Version/13.0.3 Mobile/15E148 Safari/604.1"
209.74.77.214 - - [15/Jul/2025:18:19:18 +0000] "POST /wp-cron.php?doing_wp_cron=1752603558.9704749584197998046875 HTTP/1.1" 200 - "-" "WordPress/6.8.1; https://game-gainz.com"
43.130.47.33 - - [15/Jul/2025:18:19:17 +0000] "GET /hello-world/feed/ HTTP/1.1" 200 717 "-" "Mozilla/5.0 (iPhone; CPU iPhone OS 13_2_3 like Mac OS X) AppleWebKit/605.1.15 (KHTML, like Gecko) Version/13.0.3 Mobile/15E148 Safari/604.1"
209.74.77.214 - - [15/Jul/2025:18:28:50 +0000] "POST /wp-cron.php?doing_wp_cron=1752604130.1771841049194335937500 HTTP/1.1" 200 - "-" "WordPress/6.8.1; https://game-gainz.com"
170.106.165.186 - - [15/Jul/2025:18:28:49 +0000] "GET /sample-page/embed/ HTTP/1.1" 200 6300 "-" "Mozilla/5.0 (iPhone; CPU iPhone OS 13_2_3 like Mac OS X) AppleWebKit/605.1.15 (KHTML, like Gecko) Version/13.0.3 Mobile/15E148 Safari/604.1"
45.227.253.15 - - [15/Jul/2025:18:29:53 +0000] "GET /index.php/jk HTTP/1.1" 200 59 "-" "Mozilla/5.0 (iPhone; CPU iPhone OS 13_5_1 like Mac OS X) AppleWebKit/605.1.15 (KHTML, like Gecko) Version/13.1.1 Mobile/15E148 Safari/604.1"
209.74.77.214 - - [15/Jul/2025:18:55:18 +0000] "POST /wp-cron.php?doing_wp_cron=1752605718.5222520828247070312500 HTTP/1.1" 200 - "-" "WordPress/6.8.1; https://game-gainz.com"
151.177.180.31 - - [15/Jul/2025:18:55:18 +0000] "GET /wp-admin/ HTTP/1.1" 302 - "http://www.game-gainz.com/wp-login.php" "Mozilla/5.0 (Windows NT 10.0; Win64; x64; rv:137.0) Gecko/20100101 Firefox/137.0"
151.177.180.31 - - [15/Jul/2025:18:55:19 +0000] "GET /wp-login.php?redirect_to=https3a2f2fgame-gainz.com2fwp-admin2f&reauth=1 HTTP/1.1" 200 1825 "https://game-gainz.com/wp-admin/" "Mozilla/5.0 (Windows NT 10.0; Win64; x64; rv:137.0) Gecko/20100101 Firefox/137.0"
151.177.180.31 - - [15/Jul/2025:18:55:20 +0000] "GET /wp-json/wp/v2/users HTTP/1.1" 200 311 "https://game-gainz.com/wp-admin/" "Mozilla/5.0 (Windows NT 10.0; Win64; x64; rv:137.0) Gecko/20100101 Firefox/137.0"
151.177.180.31 - - [15/Jul/2025:18:55:21 +0000] "POST /wp-login.php?redirect_to=https3a2f2fgame-gainz.com2fwp-admin2f&reauth=1 HTTP/1.1" 200 1812 "https://game-gainz.com/wp-login.php?redirect_to=https3a2f2fgame-gainz.com2fwp-admin2f&reauth=1?redirect_to=https%3A%2F%2Fgame-gainz.com%2Fwp-admin%2F" "Mozilla/5.0 (Windows NT 10.0; Win64; x64; rv:137.0) Gecko/20100101 Firefox/137.0"
151.177.180.31 - - [15/Jul/2025:18:55:22 +0000] "POST /wp-login.php?redirect_to=https3a2f2fgame-gainz.com2fwp-admin2f&reauth=1 HTTP/1.1" 200 1812 "https://game-gainz.com/wp-login.php?redirect_to=https3a2f2fgame-gainz.com2fwp-admin2f&reauth=1?redirect_to=https%3A%2F%2Fgame-gainz.com%2Fwp-admin%2F" "Mozilla/5.0 (Windows NT 10.0; Win64; x64; rv:137.0) Gecko/20100101 Firefox/137.0"
209.74.77.214 - - [15/Jul/2025:19:00:30 +0000] "POST /wp-cron.php?doing_wp_cron=1752606030.0875918865203857421875 HTTP/1.1" 200 - "-" "WordPress/6.8.1; https://game-gainz.com"
57.141.2.30 - - [15/Jul/2025:19:00:28 +0000] "GET /?f=89019568081370& HTTP/1.1" 301 - "-" "meta-externalagent/1.1 (+https://developers.facebook.com/docs/sharing/webmasters/crawler)"
51.81.46.212 - - [15/Jul/2025:19:16:58 +0000] "GET / HTTP/1.1" 200 37452 "-" "-"
49.48.144.21 - - [15/Jul/2025:19:36:58 +0000] "POST /wp-comments-post.php HTTP/1.1" 302 - "-" "Mozilla/5.0 (Windows NT 10.0; Win64; x64) AppleWebKit/537.36 (KHTML, like Gecko) Chrome/120.0.0.0 Safari/537.36"
209.74.77.214 - - [15/Jul/2025:19:48:26 +0000] "POST /wp-cron.php?doing_wp_cron=1752608906.6208970546722412109375 HTTP/1.1" 200 - "-" "WordPress/6.8.1; https://game-gainz.com"
198.98.53.3 - - [15/Jul/2025:19:48:25 +0000] "GET /wp-login.php HTTP/1.1" 200 4443 "-" "Mozilla/5.0 (X11; Linux x86_64) AppleWebKit/537.36 (KHTML, like Gecko) Chrome/36.0.1985.125 Safari/537.36"
198.98.53.3 - - [15/Jul/2025:19:48:26 +0000] "POST /wp-login.php HTTP/1.1" 200 4699 "-" "Mozilla/5.0 (X11; Linux x86_64) AppleWebKit/537.36 (KHTML, like Gecko) Chrome/36.0.1985.125 Safari/537.36"
209.74.77.214 - - [15/Jul/2025:19:55:27 +0000] "POST /wp-cron.php?doing_wp_cron=1752609327.2994849681854248046875 HTTP/1.1" 200 - "-" "WordPress/6.8.1; https://game-gainz.com"
57.141.2.28 - - [15/Jul/2025:19:55:26 +0000] "GET /?f=106071593021370& HTTP/1.1" 301 - "-" "meta-externalagent/1.1 (+https://developers.facebook.com/docs/sharing/webmasters/crawler)"
209.74.77.214 - - [15/Jul/2025:19:56:24 +0000] "POST /wp-cron.php?doing_wp_cron=1752609384.9345829486846923828125 HTTP/1.1" 200 - "-" "WordPress/6.8.1; https://game-gainz.com"
57.141.2.26 - - [15/Jul/2025:19:56:24 +0000] "GET /?f=106071593021370 HTTP/1.1" 200 65454 "-" "meta-externalagent/1.1 (+https://developers.facebook.com/docs/sharing/webmasters/crawler)"
209.74.77.214 - - [15/Jul/2025:20:29:12 +0000] "POST /wp-cron.php?doing_wp_cron=1752611352.3372480869293212890625 HTTP/1.1" 200 - "-" "WordPress/6.8.1; https://game-gainz.com"
34.118.163.20 - - [15/Jul/2025:20:29:11 +0000] "POST /xmlrpc.php HTTP/1.1" 200 403 "-" "Mozilla/5.0 (Windows NT 10.0; Win64; x64) AppleWebKit/537.36 (KHTML, like Gecko) Chrome/91.0.4472.114 Safari/537.36"
78.46.103.133 - - [15/Jul/2025:20:29:21 +0000] "POST /xmlrpc.php HTTP/1.1" 200 403 "-" "Mozilla/5.0 (Windows NT 6.0; rv:34.0) Gecko/20100101 Firefox/34.0"
110.164.163.22 - - [15/Jul/2025:20:29:31 +0000] "POST /xmlrpc.php HTTP/1.1" 200 403 "-" "Mozilla/5.0 (Windows NT 10.0; Win64; x64) AppleWebKit/537.36 (KHTML, like Gecko) Chrome/78.0.3904.108 Safari/537.36"
110.164.163.22 - - [15/Jul/2025:20:29:34 +0000] "POST /xmlrpc.php HTTP/1.1" 200 403 "-" "Mozilla/5.0 (Windows NT 6.1; WOW64; rv:40.0) Gecko/20100101 Firefox/40.1"
162.213.255.14 - - [15/Jul/2025:20:29:38 +0000] "POST /xmlrpc.php HTTP/1.1" 200 403 "-" "Mozilla/5.0 (Windows NT 6.0; rv:34.0) Gecko/20100101 Firefox/34.0"
110.164.163.22 - - [15/Jul/2025:20:29:58 +0000] "POST /xmlrpc.php HTTP/1.1" 200 403 "-" "Mozilla/5.0 (Windows NT 6.1; rv:17.0) Gecko/20100101 Firefox/20.6.14"
110.164.163.22 - - [15/Jul/2025:20:30:02 +0000] "POST /xmlrpc.php HTTP/1.1" 200 403 "-" "Mozilla/5.0 (Windows NT 10.0; Win64; x64) AppleWebKit/537.36 (KHTML, like Gecko) Chrome/91.0.4472.114 Safari/537.36"
209.74.77.214 - - [15/Jul/2025:20:34:17 +0000] "POST /wp-cron.php?doing_wp_cron=1752611657.9466810226440429687500 HTTP/1.1" 200 - "-" "WordPress/6.8.1; https://game-gainz.com"
57.141.2.2 - - [15/Jul/2025:20:34:17 +0000] "GET /?f=43583485031370& HTTP/1.1" 301 - "-" "meta-externalagent/1.1 (+https://developers.facebook.com/docs/sharing/webmasters/crawler)"
209.74.77.214 - - [15/Jul/2025:20:51:54 +0000] "POST /wp-cron.php?doing_wp_cron=1752612714.1877501010894775390625 HTTP/1.1" 200 - "-" "WordPress/6.8.1; https://game-gainz.com"
198.98.53.3 - - [15/Jul/2025:20:51:53 +0000] "GET /wp-login.php HTTP/1.1" 200 4443 "-" "Mozilla/5.0 (Windows NT 6.1; rv:24.0) Gecko/20100101 Firefox/24.0"
198.98.53.3 - - [15/Jul/2025:20:51:54 +0000] "POST /wp-login.php HTTP/1.1" 200 4699 "-" "Mozilla/5.0 (Windows NT 6.1; rv:24.0) Gecko/20100101 Firefox/24.0"
209.74.77.214 - - [15/Jul/2025:21:14:28 +0000] "POST /wp-cron.php?doing_wp_cron=1752614068.4656419754028320312500 HTTP/1.1" 200 - "-" "WordPress/6.8.1; https://game-gainz.com"
57.141.2.23 - - [15/Jul/2025:21:14:27 +0000] "GET /?f=40698268011370& HTTP/1.1" 301 - "-" "meta-externalagent/1.1 (+https://developers.facebook.com/docs/sharing/webmasters/crawler)"
209.74.77.214 - - [15/Jul/2025:21:29:22 +0000] "POST /wp-cron.php?doing_wp_cron=1752614962.9646229743957519531250 HTTP/1.1" 200 - "-" "WordPress/6.8.1; https://game-gainz.com"
57.141.2.13 - - [15/Jul/2025:21:29:21 +0000] "GET /?f=40060973021370& HTTP/1.1" 301 - "-" "meta-externalagent/1.1 (+https://developers.facebook.com/docs/sharing/webmasters/crawler)"
57.141.2.28 - - [15/Jul/2025:21:29:31 +0000] "GET /wp-sitemap.xml HTTP/1.1" 200 161607 "-" "meta-externalagent/1.1 (+https://developers.facebook.com/docs/sharing/webmasters/crawler)"
57.141.2.3 - - [15/Jul/2025:21:29:34 +0000] "GET /?f=40060973021370 HTTP/1.1" 200 65454 "-" "meta-externalagent/1.1 (+https://developers.facebook.com/docs/sharing/webmasters/crawler)"
209.74.77.214 - - [15/Jul/2025:21:39:12 +0000] "POST /wp-cron.php?doing_wp_cron=1752615552.4793310165405273437500 HTTP/1.1" 200 - "-" "WordPress/6.8.1; https://game-gainz.com"
57.141.2.19 - - [15/Jul/2025:21:39:11 +0000] "GET /?f=64105215061370& HTTP/1.1" 301 - "-" "meta-externalagent/1.1 (+https://developers.facebook.com/docs/sharing/webmasters/crawler)"
57.141.2.21 - - [15/Jul/2025:21:39:46 +0000] "GET /?f=114215156071370& HTTP/1.1" 301 - "-" "meta-externalagent/1.1 (+https://developers.facebook.com/docs/sharing/webmasters/crawler)"
57.141.2.30 - - [15/Jul/2025:21:39:51 +0000] "GET /?f=114215156071370 HTTP/1.1" 200 65454 "-" "meta-externalagent/1.1 (+https://developers.facebook.com/docs/sharing/webmasters/crawler)"
209.74.77.214 - - [15/Jul/2025:21:41:04 +0000] "POST /wp-cron.php?doing_wp_cron=1752615664.9053049087524414062500 HTTP/1.1" 200 - "-" "WordPress/6.8.1; https://game-gainz.com"
57.141.2.19 - - [15/Jul/2025:21:41:04 +0000] "GET /?f=80769566011370& HTTP/1.1" 301 - "-" "meta-externalagent/1.1 (+https://developers.facebook.com/docs/sharing/webmasters/crawler)"
209.74.77.214 - - [15/Jul/2025:21:41:24 +0000] "POST /wp-cron.php?doing_wp_cron=1752615684.4374549388885498046875 HTTP/1.1" 200 - "-" "WordPress/6.8.1; https://game-gainz.com"
57.141.2.5 - - [15/Jul/2025:21:41:24 +0000] "GET /?f=80769566011370 HTTP/1.1" 200 65454 "-" "meta-externalagent/1.1 (+https://developers.facebook.com/docs/sharing/webmasters/crawler)"
135.148.100.196 - - [15/Jul/2025:21:46:17 +0000] "GET / HTTP/1.1" 401 36 "-" "-"
209.74.77.214 - - [15/Jul/2025:21:53:27 +0000] "POST /wp-cron.php?doing_wp_cron=1752616407.1774389743804931640625 HTTP/1.1" 200 - "-" "WordPress/6.8.1; https://game-gainz.com"
57.141.2.11 - - [15/Jul/2025:21:53:26 +0000] "GET /?f=27355531051370& HTTP/1.1" 301 - "-" "meta-externalagent/1.1 (+https://developers.facebook.com/docs/sharing/webmasters/crawler)"
57.141.2.24 - - [15/Jul/2025:21:53:33 +0000] "GET /?f=48564074011370& HTTP/1.1" 301 - "-" "meta-externalagent/1.1 (+https://developers.facebook.com/docs/sharing/webmasters/crawler)"
209.74.77.214 - - [15/Jul/2025:21:54:17 +0000] "POST /wp-cron.php?doing_wp_cron=1752616457.8169059753417968750000 HTTP/1.1" 200 - "-" "WordPress/6.8.1; https://game-gainz.com"
57.141.2.25 - - [15/Jul/2025:21:54:17 +0000] "GET /?f=27355531051370 HTTP/1.1" 200 65454 "-" "meta-externalagent/1.1 (+https://developers.facebook.com/docs/sharing/webmasters/crawler)"
209.74.77.214 - - [15/Jul/2025:22:01:29 +0000] "POST /wp-cron.php?doing_wp_cron=1752616889.8506500720977783203125 HTTP/1.1" 200 - "-" "WordPress/6.8.1; https://game-gainz.com"
189.6.250.43 - - [15/Jul/2025:22:01:29 +0000] "POST /xmlrpc.php HTTP/1.1" 200 403 "-" "Mozilla/5.0 (Windows NT 10.0; Win64; x64) AppleWebKit/537.36 (KHTML, like Gecko) Chrome/91.0.4472.124 Safari/537.36"
209.74.77.214 - - [15/Jul/2025:22:09:03 +0000] "POST /wp-cron.php?doing_wp_cron=1752617343.9569718837738037109375 HTTP/1.1" 200 - "-" "WordPress/6.8.1; https://game-gainz.com"
57.141.2.16 - - [15/Jul/2025:22:09:01 +0000] "GET /?f=27716639011370& HTTP/1.1" 301 - "-" "meta-externalagent/1.1 (+https://developers.facebook.com/docs/sharing/webmasters/crawler)"
57.141.2.30 - - [15/Jul/2025:22:09:07 +0000] "GET /?f=27716639011370 HTTP/1.1" 200 65454 "-" "meta-externalagent/1.1 (+https://developers.facebook.com/docs/sharing/webmasters/crawler)"
135.148.100.196 - - [15/Jul/2025:22:12:30 +0000] "GET / HTTP/1.1" 200 37464 "-" "-"
209.74.77.214 - - [15/Jul/2025:22:15:36 +0000] "POST /wp-cron.php?doing_wp_cron=1752617736.8699650764465332031250 HTTP/1.1" 200 - "-" "WordPress/6.8.1; https://game-gainz.com"
57.141.2.17 - - [15/Jul/2025:22:15:36 +0000] "GET /?f=4740991001370& HTTP/1.1" 301 - "-" "meta-externalagent/1.1 (+https://developers.facebook.com/docs/sharing/webmasters/crawler)"
209.74.77.214 - - [15/Jul/2025:22:18:43 +0000] "POST /wp-cron.php?doing_wp_cron=1752617923.5572199821472167968750 HTTP/1.1" 200 - "-" "WordPress/6.8.1; https://game-gainz.com"
57.141.2.12 - - [15/Jul/2025:22:18:42 +0000] "GET /?f=72038992021370& HTTP/1.1" 301 - "-" "meta-externalagent/1.1 (+https://developers.facebook.com/docs/sharing/webmasters/crawler)"
209.74.77.214 - - [15/Jul/2025:22:24:13 +0000] "POST /wp-cron.php?doing_wp_cron=1752618253.2801880836486816406250 HTTP/1.1" 200 - "-" "WordPress/6.8.1; https://game-gainz.com"
198.98.57.237 - - [15/Jul/2025:22:24:12 +0000] "GET /wp-login.php HTTP/1.1" 200 4443 "-" "Mozilla/5.0 (Windows NT 6.1; WOW64; rv:30.0) Gecko/20100101 Firefox/30.0"
209.74.77.214 - - [15/Jul/2025:22:25:46 +0000] "POST /wp-cron.php?doing_wp_cron=1752618346.6735899448394775390625 HTTP/1.1" 200 - "-" "WordPress/6.8.1; https://game-gainz.com"
198.98.57.237 - - [15/Jul/2025:22:25:45 +0000] "POST /wp-login.php HTTP/1.1" 200 4699 "-" "Mozilla/5.0 (Windows NT 6.1; WOW64; rv:30.0) Gecko/20100101 Firefox/30.0"
185.191.171.12 - - [15/Jul/2025:22:31:13 +0000] "GET /robots.txt HTTP/1.1" 200 94 "-" "Mozilla/5.0 (compatible; SemrushBot/7~bl; +http://www.semrush.com/bot.html)"
209.74.77.214 - - [15/Jul/2025:22:31:14 +0000] "POST /wp-cron.php?doing_wp_cron=1752618674.6676659584045410156250 HTTP/1.1" 200 - "-" "WordPress/6.8.1; https://game-gainz.com"
85.208.96.194 - - [15/Jul/2025:22:31:13 +0000] "GET /sample-page/ HTTP/1.1" 200 14048 "-" "Mozilla/5.0 (compatible; SemrushBot/7~bl; +http://www.semrush.com/bot.html)"
209.74.77.214 - - [15/Jul/2025:22:33:26 +0000] "POST /wp-cron.php?doing_wp_cron=1752618806.1927959918975830078125 HTTP/1.1" 200 - "-" "WordPress/6.8.1; https://game-gainz.com"
57.141.2.19 - - [15/Jul/2025:22:33:25 +0000] "GET /?f=23811926051370& HTTP/1.1" 301 - "-" "meta-externalagent/1.1 (+https://developers.facebook.com/docs/sharing/webmasters/crawler)"
45.227.253.15 - - [15/Jul/2025:22:34:40 +0000] "GET /index.php/jk HTTP/1.1" 200 59 "-" "Mozilla/5.0 (Windows NT 10.0; Win64; x64) AppleWebKit/537.36 (KHTML, like Gecko) Chrome/83.0.3302.140 Safari/537.36 Edge/18.18960"
209.74.77.214 - - [15/Jul/2025:22:37:57 +0000] "POST /wp-cron.php?doing_wp_cron=1752619077.5573849678039550781250 HTTP/1.1" 200 - "-" "WordPress/6.8.1; https://game-gainz.com"
57.141.2.18 - - [15/Jul/2025:22:37:57 +0000] "GET /?f=89510296051370& HTTP/1.1" 301 - "-" "meta-externalagent/1.1 (+https://developers.facebook.com/docs/sharing/webmasters/crawler)"
57.141.2.8 - - [15/Jul/2025:22:38:05 +0000] "GET /?f=89510296051370 HTTP/1.1" 200 65454 "-" "meta-externalagent/1.1 (+https://developers.facebook.com/docs/sharing/webmasters/crawler)"
209.74.77.214 - - [15/Jul/2025:22:39:43 +0000] "POST /wp-cron.php?doing_wp_cron=1752619183.0184199810028076171875 HTTP/1.1" 200 - "-" "WordPress/6.8.1; https://game-gainz.com"
57.141.2.17 - - [15/Jul/2025:22:39:41 +0000] "GET /?f=32186604081370& HTTP/1.1" 301 - "-" "meta-externalagent/1.1 (+https://developers.facebook.com/docs/sharing/webmasters/crawler)"
209.74.77.214 - - [15/Jul/2025:22:48:25 +0000] "POST /wp-cron.php?doing_wp_cron=1752619705.6024520397186279296875 HTTP/1.1" 200 - "-" "WordPress/6.8.1; https://game-gainz.com"
57.141.2.18 - - [15/Jul/2025:22:48:24 +0000] "GET /?f=29793946061370& HTTP/1.1" 301 - "-" "meta-externalagent/1.1 (+https://developers.facebook.com/docs/sharing/webmasters/crawler)"
57.141.2.16 - - [15/Jul/2025:22:48:41 +0000] "GET /?f=29793946061370 HTTP/1.1" 200 65454 "-" "meta-externalagent/1.1 (+https://developers.facebook.com/docs/sharing/webmasters/crawler)"
209.74.77.214 - - [15/Jul/2025:22:53:04 +0000] "POST /wp-cron.php?doing_wp_cron=1752619984.5314118862152099609375 HTTP/1.1" 200 - "-" "WordPress/6.8.1; https://game-gainz.com"
57.141.2.7 - - [15/Jul/2025:22:53:03 +0000] "GET /?f=79738684021370& HTTP/1.1" 301 - "-" "meta-externalagent/1.1 (+https://developers.facebook.com/docs/sharing/webmasters/crawler)"
209.74.77.214 - - [15/Jul/2025:23:01:47 +0000] "POST /wp-cron.php?doing_wp_cron=1752620507.5945770740509033203125 HTTP/1.1" 200 - "-" "WordPress/6.8.1; https://game-gainz.com"
57.141.2.15 - - [15/Jul/2025:23:01:46 +0000] "GET /?f=1307211061370& HTTP/1.1" 301 - "-" "meta-externalagent/1.1 (+https://developers.facebook.com/docs/sharing/webmasters/crawler)"
57.141.2.6 - - [15/Jul/2025:23:01:53 +0000] "GET /?f=1307211061370 HTTP/1.1" 200 65454 "-" "meta-externalagent/1.1 (+https://developers.facebook.com/docs/sharing/webmasters/crawler)"
209.74.77.214 - - [15/Jul/2025:23:08:24 +0000] "POST /wp-cron.php?doing_wp_cron=1752620904.7410230636596679687500 HTTP/1.1" 200 - "-" "WordPress/6.8.1; https://game-gainz.com"
89.110.80.171 - - [15/Jul/2025:23:08:23 +0000] "GET / HTTP/1.1" 200 12976 "-" "Mozilla/5.0 (Macintosh; Intel Mac OS X 10_15_7) AppleWebKit/537.36 (KHTML, like Gecko) Chrome/133.0.0.0 Safari/537.36"
89.110.80.171 - - [15/Jul/2025:23:08:25 +0000] "GET /comments/feed/ HTTP/1.1" 200 731 "-" "Mozilla/5.0 (Macintosh; Intel Mac OS X 10_15_7) AppleWebKit/537.36 (KHTML, like Gecko) Chrome/133.0.0.0 Safari/537.36"
209.74.77.214 - - [15/Jul/2025:23:18:50 +0000] "POST /wp-cron.php?doing_wp_cron=1752621530.3250548839569091796875 HTTP/1.1" 200 - "-" "WordPress/6.8.1; https://game-gainz.com"
57.141.2.11 - - [15/Jul/2025:23:18:49 +0000] "GET /?f=118875391061370& HTTP/1.1" 301 - "-" "meta-externalagent/1.1 (+https://developers.facebook.com/docs/sharing/webmasters/crawler)"
209.74.77.214 - - [15/Jul/2025:23:20:41 +0000] "POST /wp-cron.php?doing_wp_cron=1752621641.7487909793853759765625 HTTP/1.1" 200 - "-" "WordPress/6.8.1; https://game-gainz.com"
45.61.186.232 - - [15/Jul/2025:23:20:40 +0000] "GET /wp-login.php HTTP/1.1" 200 4443 "-" "Mozilla/5.0 (Macintosh; Intel Mac OS X 10_9_2) AppleWebKit/537.74.9 (KHTML, like Gecko) Version/7.0.2 Safari/537.74.9"
45.61.186.232 - - [15/Jul/2025:23:20:45 +0000] "POST /wp-login.php HTTP/1.1" 200 4699 "-" "Mozilla/5.0 (Macintosh; Intel Mac OS X 10_9_2) AppleWebKit/537.74.9 (KHTML, like Gecko) Version/7.0.2 Safari/537.74.9"
209.74.77.214 - - [15/Jul/2025:23:24:49 +0000] "POST /wp-cron.php?doing_wp_cron=1752621889.8277060985565185546875 HTTP/1.1" 200 - "-" "WordPress/6.8.1; https://game-gainz.com"
57.141.2.2 - - [15/Jul/2025:23:24:48 +0000] "GET /?f=70987483021370& HTTP/1.1" 301 - "-" "meta-externalagent/1.1 (+https://developers.facebook.com/docs/sharing/webmasters/crawler)"
57.141.2.19 - - [15/Jul/2025:23:25:05 +0000] "GET /?f=70987483021370 HTTP/1.1" 200 65454 "-" "meta-externalagent/1.1 (+https://developers.facebook.com/docs/sharing/webmasters/crawler)"
209.74.77.214 - - [15/Jul/2025:23:30:13 +0000] "POST /wp-cron.php?doing_wp_cron=1752622213.3768360614776611328125 HTTP/1.1" 200 - "-" "WordPress/6.8.1; https://game-gainz.com"
57.141.2.12 - - [15/Jul/2025:23:30:12 +0000] "GET /?f=44921857031370& HTTP/1.1" 301 - "-" "meta-externalagent/1.1 (+https://developers.facebook.com/docs/sharing/webmasters/crawler)"
135.148.100.196 - - [15/Jul/2025:23:36:29 +0000] "GET / HTTP/1.1" 401 36 "-" "-"
45.227.253.15 - - [15/Jul/2025:23:39:29 +0000] "GET /wp-includes/sodium_compat/src/Core/ChaCha20/ChaCha20/index.php?ARRAY=7o2230223n313735323632363437352p2231223n22687474703n5p2s5p2s7n7334383176313373752r62757964792r70726s5p2s3s6p633q7068705s636s64655s6n6326743q313735323632323837352q3133383638383038313433326439643062633966646539623136393432383732222p2232223n223731366138343862343939626561626133386634393465316562313066653038222p2233223n223530366135366366633361623064313165366566393530373331636437656263222p2262696r675s70617373223n2231392q34372q35332q36342q37392q38312q3233227q HTTP/1.1" 200 102 "-" "Mozilla/5.0 (Windows NT 10.0; Win64; x64) AppleWebKit/537.36 (KHTML, like Gecko) Chrome/83.0.3302.140 Safari/537.36 Edge/18.18960"
209.74.77.214 - - [15/Jul/2025:23:42:22 +0000] "POST /wp-cron.php?doing_wp_cron=1752622942.8483018875122070312500 HTTP/1.1" 200 - "-" "WordPress/6.8.1; https://game-gainz.com"
57.141.2.2 - - [15/Jul/2025:23:42:21 +0000] "GET /?f=78028286041370& HTTP/1.1" 301 - "-" "meta-externalagent/1.1 (+https://developers.facebook.com/docs/sharing/webmasters/crawler)"
209.74.77.214 - - [15/Jul/2025:23:44:15 +0000] "POST /wp-cron.php?doing_wp_cron=1752623055.5546090602874755859375 HTTP/1.1" 200 - "-" "WordPress/6.8.1; https://game-gainz.com"
57.141.2.19 - - [15/Jul/2025:23:44:14 +0000] "GET /?f=97750350001370& HTTP/1.1" 301 - "-" "meta-externalagent/1.1 (+https://developers.facebook.com/docs/sharing/webmasters/crawler)"
57.141.2.19 - - [15/Jul/2025:23:44:49 +0000] "GET /?f=97750350001370 HTTP/1.1" 200 65454 "-" "meta-externalagent/1.1 (+https://developers.facebook.com/docs/sharing/webmasters/crawler)"
209.74.77.214 - - [15/Jul/2025:23:50:11 +0000] "POST /wp-cron.php?doing_wp_cron=1752623411.2917010784149169921875 HTTP/1.1" 200 - "-" "WordPress/6.8.1; https://game-gainz.com"
45.61.186.232 - - [15/Jul/2025:23:50:10 +0000] "GET /wp-login.php HTTP/1.1" 200 4443 "-" "Mozilla/5.0 (Macintosh; Intel Mac OS X 10_9_2) AppleWebKit/537.75.14 (KHTML, like Gecko) Version/7.0.3 Safari/537.75.14"
45.61.186.232 - - [15/Jul/2025:23:50:16 +0000] "POST /wp-login.php HTTP/1.1" 200 4699 "-" "Mozilla/5.0 (Macintosh; Intel Mac OS X 10_9_2) AppleWebKit/537.75.14 (KHTML, like Gecko) Version/7.0.3 Safari/537.75.14"
209.74.77.214 - - [15/Jul/2025:23:57:36 +0000] "POST /wp-cron.php?doing_wp_cron=1752623856.4570810794830322265625 HTTP/1.1" 200 - "-" "WordPress/6.8.1; https://game-gainz.com"
57.141.2.16 - - [15/Jul/2025:23:57:35 +0000] "GET /?f=75159469081370& HTTP/1.1" 301 - "-" "meta-externalagent/1.1 (+https://developers.facebook.com/docs/sharing/webmasters/crawler)"
57.141.2.25 - - [15/Jul/2025:23:57:50 +0000] "GET /?f=75159469081370 HTTP/1.1" 200 65454 "-" "meta-externalagent/1.1 (+https://developers.facebook.com/docs/sharing/webmasters/crawler)"
209.74.77.214 - - [16/Jul/2025:00:01:33 +0000] "POST /wp-cron.php?doing_wp_cron=1752624093.6617801189422607421875 HTTP/1.1" 200 - "-" "WordPress/6.8.1; https://game-gainz.com"
205.185.122.222 - - [16/Jul/2025:00:01:32 +0000] "GET /wp-login.php HTTP/1.1" 200 4443 "-" "Mozilla/5.0 (Windows NT 6.3; WOW64; Trident/7.0; rv:11.0) like Gecko"
209.74.77.214 - - [16/Jul/2025:00:02:28 +0000] "POST /wp-cron.php?doing_wp_cron=1752624148.6248340606689453125000 HTTP/1.1" 200 - "-" "WordPress/6.8.1; https://game-gainz.com"
205.185.122.222 - - [16/Jul/2025:00:02:28 +0000] "POST /wp-login.php HTTP/1.1" 200 4699 "-" "Mozilla/5.0 (Windows NT 6.3; WOW64; Trident/7.0; rv:11.0) like Gecko"
209.74.77.214 - - [16/Jul/2025:00:04:12 +0000] "POST /wp-cron.php?doing_wp_cron=1752624252.7544310092926025390625 HTTP/1.1" 200 - "-" "WordPress/6.8.1; https://game-gainz.com"
57.141.2.8 - - [16/Jul/2025:00:04:12 +0000] "GET /?f=78244701001370& HTTP/1.1" 301 - "-" "meta-externalagent/1.1 (+https://developers.facebook.com/docs/sharing/webmasters/crawler)"
209.74.77.214 - - [16/Jul/2025:00:06:23 +0000] "POST /wp-cron.php?doing_wp_cron=1752624383.8124170303344726562500 HTTP/1.1" 200 - "-" "WordPress/6.8.1; https://game-gainz.com"
57.141.2.15 - - [16/Jul/2025:00:06:23 +0000] "GET /?f=33798619021370& HTTP/1.1" 301 - "-" "meta-externalagent/1.1 (+https://developers.facebook.com/docs/sharing/webmasters/crawler)"
209.74.77.214 - - [16/Jul/2025:00:10:09 +0000] "POST /wp-cron.php?doing_wp_cron=1752624609.6177880764007568359375 HTTP/1.1" 200 - "-" "WordPress/6.8.1; https://game-gainz.com"
57.141.2.21 - - [16/Jul/2025:00:10:09 +0000] "GET /?f=66891048051370& HTTP/1.1" 301 - "-" "meta-externalagent/1.1 (+https://developers.facebook.com/docs/sharing/webmasters/crawler)"
57.141.2.8 - - [16/Jul/2025:00:10:37 +0000] "GET /?f=66891048051370 HTTP/1.1" 200 65454 "-" "meta-externalagent/1.1 (+https://developers.facebook.com/docs/sharing/webmasters/crawler)"
209.74.77.214 - - [16/Jul/2025:00:17:07 +0000] "POST /wp-cron.php?doing_wp_cron=1752625027.7591719627380371093750 HTTP/1.1" 200 - "-" "WordPress/6.8.1; https://game-gainz.com"
57.141.2.3 - - [16/Jul/2025:00:17:07 +0000] "GET /?f=114953194071370& HTTP/1.1" 301 - "-" "meta-externalagent/1.1 (+https://developers.facebook.com/docs/sharing/webmasters/crawler)"
209.74.77.214 - - [16/Jul/2025:00:17:14 +0000] "POST /wp-cron.php?doing_wp_cron=1752625034.8399269580841064453125 HTTP/1.1" 200 - "-" "WordPress/6.8.1; https://game-gainz.com"
57.141.2.25 - - [16/Jul/2025:00:17:14 +0000] "GET /?f=114953194071370 HTTP/1.1" 200 65454 "-" "meta-externalagent/1.1 (+https://developers.facebook.com/docs/sharing/webmasters/crawler)"
209.74.77.214 - - [16/Jul/2025:00:21:13 +0000] "POST /wp-cron.php?doing_wp_cron=1752625273.6975650787353515625000 HTTP/1.1" 200 - "-" "WordPress/6.8.1; https://game-gainz.com"
57.141.2.8 - - [16/Jul/2025:00:21:13 +0000] "GET /?f=90435282031370& HTTP/1.1" 301 - "-" "meta-externalagent/1.1 (+https://developers.facebook.com/docs/sharing/webmasters/crawler)"
45.227.253.15 - - [16/Jul/2025:00:23:29 +0000] "GET /?of=1 HTTP/1.1" 200 8285 "-" "Mozilla/5.0 (Macintosh; Intel Mac OS X 10.14; rv:103.0) Gecko/20100101 Firefox/103.0"
209.74.77.214 - - [16/Jul/2025:00:26:04 +0000] "POST /wp-cron.php?doing_wp_cron=1752625564.2752261161804199218750 HTTP/1.1" 200 - "-" "WordPress/6.8.1; https://game-gainz.com"
216.229.62.219 - - [16/Jul/2025:00:26:04 +0000] "POST /xmlrpc.php HTTP/1.1" 200 403 "-" "Mozilla/5.0 (Windows NT 10.0; Win64; x64; rv:62.0) Gecko/20100101 Firefox/62.0"
120.55.126.106 - - [16/Jul/2025:00:26:08 +0000] "POST /xmlrpc.php HTTP/1.1" 200 403 "-" "Mozilla/5.0 (Windows NT 6.1; Win64; x64; rv:58.0) Gecko/20100101 Firefox/58.0"
209.74.77.214 - - [16/Jul/2025:00:26:10 +0000] "POST /wp-cron.php?doing_wp_cron=1752625570.4590919017791748046875 HTTP/1.1" 200 - "-" "WordPress/6.8.1; https://game-gainz.com"
128.140.86.186 - - [16/Jul/2025:00:26:10 +0000] "POST /xmlrpc.php HTTP/1.1" 200 403 "-" "Mozilla/5.0 (Windows NT 6.1; Win64; x64; rv:57.0) Gecko/20100101 Firefox/57.0"
216.229.62.219 - - [16/Jul/2025:00:26:12 +0000] "POST /xmlrpc.php HTTP/1.1" 200 403 "-" "Mozilla/5.0 (Windows NT 10.0; Win64; x64; rv:84.0) Gecko/20100101 Firefox/84.0"
68.65.122.206 - - [16/Jul/2025:00:27:04 +0000] "POST /xmlrpc.php HTTP/1.1" 200 403 "-" "Mozilla/5.0 (Windows NT 6.1; WOW64; rv:17.0) Gecko/20100101 Firefox/17.0"
209.74.77.214 - - [16/Jul/2025:00:27:21 +0000] "POST /wp-cron.php?doing_wp_cron=1752625641.4884669780731201171875 HTTP/1.1" 200 - "-" "WordPress/6.8.1; https://game-gainz.com"
31.214.250.84 - - [16/Jul/2025:00:27:21 +0000] "POST /xmlrpc.php HTTP/1.1" 200 403 "-" "Mozilla/5.0 (Linux; Android 10; SM-N960U) AppleWebKit/537.36 (KHTML, like Gecko) Chrome/91.0.4472.114 Mobile Safari/537.36"
57.141.2.23 - - [16/Jul/2025:00:27:22 +0000] "GET /?f=94596424031370& HTTP/1.1" 301 - "-" "meta-externalagent/1.1 (+https://developers.facebook.com/docs/sharing/webmasters/crawler)"
209.74.77.214 - - [16/Jul/2025:00:46:40 +0000] "POST /wp-cron.php?doing_wp_cron=1752626800.5121130943298339843750 HTTP/1.1" 200 - "-" "WordPress/6.8.1; https://game-gainz.com"
57.141.2.2 - - [16/Jul/2025:00:46:40 +0000] "GET /?f=68512033021370& HTTP/1.1" 301 - "-" "meta-externalagent/1.1 (+https://developers.facebook.com/docs/sharing/webmasters/crawler)"
209.74.77.214 - - [16/Jul/2025:00:55:14 +0000] "POST /wp-cron.php?doing_wp_cron=1752627314.5905230045318603515625 HTTP/1.1" 200 - "-" "WordPress/6.8.1; https://game-gainz.com"
57.141.2.10 - - [16/Jul/2025:00:55:14 +0000] "GET /?f=59401657041370& HTTP/1.1" 301 - "-" "meta-externalagent/1.1 (+https://developers.facebook.com/docs/sharing/webmasters/crawler)"
57.141.2.26 - - [16/Jul/2025:00:55:27 +0000] "GET /?f=59401657041370 HTTP/1.1" 200 65454 "-" "meta-externalagent/1.1 (+https://developers.facebook.com/docs/sharing/webmasters/crawler)"
209.74.77.214 - - [16/Jul/2025:01:07:45 +0000] "POST /wp-cron.php?doing_wp_cron=1752628065.8831310272216796875000 HTTP/1.1" 200 - "-" "WordPress/6.8.1; https://game-gainz.com"
57.141.2.16 - - [16/Jul/2025:01:07:45 +0000] "GET /?f=6756201011370& HTTP/1.1" 301 - "-" "meta-externalagent/1.1 (+https://developers.facebook.com/docs/sharing/webmasters/crawler)"
57.141.2.23 - - [16/Jul/2025:01:07:52 +0000] "GET /?f=6756201011370 HTTP/1.1" 200 65454 "-" "meta-externalagent/1.1 (+https://developers.facebook.com/docs/sharing/webmasters/crawler)"
209.74.77.214 - - [16/Jul/2025:01:10:52 +0000] "POST /wp-cron.php?doing_wp_cron=1752628252.8710470199584960937500 HTTP/1.1" 200 - "-" "WordPress/6.8.1; https://game-gainz.com"
57.141.2.22 - - [16/Jul/2025:01:10:52 +0000] "GET /?f=1049573071370& HTTP/1.1" 301 - "-" "meta-externalagent/1.1 (+https://developers.facebook.com/docs/sharing/webmasters/crawler)"
57.141.2.23 - - [16/Jul/2025:01:10:59 +0000] "GET /?f=32209678011370& HTTP/1.1" 301 - "-" "meta-externalagent/1.1 (+https://developers.facebook.com/docs/sharing/webmasters/crawler)"
209.74.77.214 - - [16/Jul/2025:01:14:42 +0000] "POST /wp-cron.php?doing_wp_cron=1752628482.7975189685821533203125 HTTP/1.1" 200 - "-" "WordPress/6.8.1; https://game-gainz.com"
57.141.2.23 - - [16/Jul/2025:01:14:42 +0000] "GET /?f=106339380071370& HTTP/1.1" 301 - "-" "meta-externalagent/1.1 (+https://developers.facebook.com/docs/sharing/webmasters/crawler)"
209.74.77.214 - - [16/Jul/2025:01:15:17 +0000] "POST /wp-cron.php?doing_wp_cron=1752628517.9756000041961669921875 HTTP/1.1" 200 - "-" "WordPress/6.8.1; https://game-gainz.com"
57.141.2.24 - - [16/Jul/2025:01:15:17 +0000] "GET /?f=106339380071370 HTTP/1.1" 200 65454 "-" "meta-externalagent/1.1 (+https://developers.facebook.com/docs/sharing/webmasters/crawler)"
209.74.77.214 - - [16/Jul/2025:01:17:41 +0000] "POST /wp-cron.php?doing_wp_cron=1752628661.0823569297790527343750 HTTP/1.1" 200 - "-" "WordPress/6.8.1; https://game-gainz.com"
57.141.2.18 - - [16/Jul/2025:01:17:40 +0000] "GET /?f=118597558041370& HTTP/1.1" 301 - "-" "meta-externalagent/1.1 (+https://developers.facebook.com/docs/sharing/webmasters/crawler)"
209.74.77.214 - - [16/Jul/2025:01:21:23 +0000] "POST /wp-cron.php?doing_wp_cron=1752628883.8701169490814208984375 HTTP/1.1" 200 - "-" "WordPress/6.8.1; https://game-gainz.com"
57.141.2.17 - - [16/Jul/2025:01:21:23 +0000] "GET /?f=72220134051370& HTTP/1.1" 301 - "-" "meta-externalagent/1.1 (+https://developers.facebook.com/docs/sharing/webmasters/crawler)"
209.74.77.214 - - [16/Jul/2025:01:26:39 +0000] "POST /wp-cron.php?doing_wp_cron=1752629199.5465281009674072265625 HTTP/1.1" 200 - "-" "WordPress/6.8.1; https://game-gainz.com"
57.141.2.26 - - [16/Jul/2025:01:26:39 +0000] "GET /?f=79796704021370& HTTP/1.1" 301 - "-" "meta-externalagent/1.1 (+https://developers.facebook.com/docs/sharing/webmasters/crawler)"
57.141.2.23 - - [16/Jul/2025:01:26:45 +0000] "GET /?f=79796704021370 HTTP/1.1" 200 65454 "-" "meta-externalagent/1.1 (+https://developers.facebook.com/docs/sharing/webmasters/crawler)"
209.74.77.214 - - [16/Jul/2025:01:38:32 +0000] "POST /wp-cron.php?doing_wp_cron=1752629912.4249899387359619140625 HTTP/1.1" 200 - "-" "WordPress/6.8.1; https://game-gainz.com"
45.61.188.253 - - [16/Jul/2025:01:38:31 +0000] "GET /wp-login.php HTTP/1.1" 200 4443 "-" "Mozilla/5.0 (X11; Linux x86_64; rv:31.0) Gecko/20100101 Firefox/31.0"
45.61.188.253 - - [16/Jul/2025:01:38:36 +0000] "POST /wp-login.php HTTP/1.1" 200 4699 "-" "Mozilla/5.0 (X11; Linux x86_64; rv:31.0) Gecko/20100101 Firefox/31.0"
