45.227.253.15 - - [16/Jul/2025:01:49:16 +0000] "GET /index.php/jk HTTP/1.1" 200 59 "-" "Mozilla/5.0 (iPhone; CPU iPhone OS 13_4 like Mac OS X) AppleWebKit/605.1.15 (KHTML, like Gecko) Version/13.4.4 Mobile/15E148 Safari/604.1"
209.74.77.214 - - [16/Jul/2025:01:51:24 +0000] "POST /wp-cron.php?doing_wp_cron=1752630683.9926180839538574218750 HTTP/1.1" 200 - "-" "WordPress/6.8.1; https://game-gainz.com"
57.141.2.4 - - [16/Jul/2025:01:51:23 +0000] "GET /?f=31722824041370& HTTP/1.1" 301 - "-" "meta-externalagent/1.1 (+https://developers.facebook.com/docs/sharing/webmasters/crawler)"
209.74.77.214 - - [16/Jul/2025:01:53:17 +0000] "POST /wp-cron.php?doing_wp_cron=1752630797.6208200454711914062500 HTTP/1.1" 200 - "-" "WordPress/6.8.1; https://game-gainz.com"
57.141.2.1 - - [16/Jul/2025:01:53:17 +0000] "GET /?f=33019186051370& HTTP/1.1" 301 - "-" "meta-externalagent/1.1 (+https://developers.facebook.com/docs/sharing/webmasters/crawler)"
44.209.35.147 - - [16/Jul/2025:02:08:22 +0000] "GET /robots.txt HTTP/1.1" 200 94 "-" "Mozilla/5.0 AppleWebKit/537.36 (KHTML, like Gecko; compatible; Amazonbot/0.1; +https://developer.amazon.com/support/amazonbot) Chrome/119.0.6045.214 Safari/537.36"
209.74.77.214 - - [16/Jul/2025:02:08:23 +0000] "POST /wp-cron.php?doing_wp_cron=1752631703.4778859615325927734375 HTTP/1.1" 200 - "-" "WordPress/6.8.1; https://game-gainz.com"
18.213.27.222 - - [16/Jul/2025:02:08:23 +0000] "GET /sample-page/ HTTP/1.1" 200 14047 "-" "Mozilla/5.0 AppleWebKit/537.36 (KHTML, like Gecko; compatible; Amazonbot/0.1; +https://developer.amazon.com/support/amazonbot) Chrome/119.0.6045.214 Safari/537.36"
209.74.77.214 - - [16/Jul/2025:02:22:54 +0000] "POST /wp-cron.php?doing_wp_cron=1752632574.7794549465179443359375 HTTP/1.1" 200 - "-" "WordPress/6.8.1; https://game-gainz.com"
57.141.2.25 - - [16/Jul/2025:02:22:54 +0000] "GET /?f=20826967051370& HTTP/1.1" 301 - "-" "meta-externalagent/1.1 (+https://developers.facebook.com/docs/sharing/webmasters/crawler)"
57.141.2.13 - - [16/Jul/2025:02:23:05 +0000] "GET /?f=20826967051370 HTTP/1.1" 200 65454 "-" "meta-externalagent/1.1 (+https://developers.facebook.com/docs/sharing/webmasters/crawler)"
209.74.77.214 - - [16/Jul/2025:02:45:01 +0000] "POST /wp-cron.php?doing_wp_cron=1752633901.8620579242706298828125 HTTP/1.1" 200 - "-" "WordPress/6.8.1; https://game-gainz.com"
57.141.2.29 - - [16/Jul/2025:02:45:00 +0000] "GET /?f=99483309071370& HTTP/1.1" 301 - "-" "meta-externalagent/1.1 (+https://developers.facebook.com/docs/sharing/webmasters/crawler)"
57.141.2.8 - - [16/Jul/2025:02:45:05 +0000] "GET /?f=99483309071370 HTTP/1.1" 200 65454 "-" "meta-externalagent/1.1 (+https://developers.facebook.com/docs/sharing/webmasters/crawler)"
51.222.253.19 - - [16/Jul/2025:03:01:00 +0000] "GET /robots.txt HTTP/1.1" 200 94 "-" "Mozilla/5.0 (compatible; AhrefsBot/7.0; +http://ahrefs.com/robot/)"
209.74.77.214 - - [16/Jul/2025:03:01:05 +0000] "POST /wp-cron.php?doing_wp_cron=1752634865.2628319263458251953125 HTTP/1.1" 200 - "-" "WordPress/6.8.1; https://game-gainz.com"
51.222.253.17 - - [16/Jul/2025:03:01:05 +0000] "GET /item/1046573064.shtml HTTP/1.1" 404 12521 "-" "Mozilla/5.0 (compatible; AhrefsBot/7.0; +http://ahrefs.com/robot/)"
209.74.77.214 - - [16/Jul/2025:03:03:23 +0000] "POST /wp-cron.php?doing_wp_cron=1752635003.6026101112365722656250 HTTP/1.1" 200 - "-" "WordPress/6.8.1; https://game-gainz.com"
51.222.253.2 - - [16/Jul/2025:03:03:23 +0000] "GET /item/1046574502.shtml HTTP/1.1" 404 12522 "-" "Mozilla/5.0 (compatible; AhrefsBot/7.0; +http://ahrefs.com/robot/)"
209.74.77.214 - - [16/Jul/2025:03:05:17 +0000] "POST /wp-cron.php?doing_wp_cron=1752635117.6297130584716796875000 HTTP/1.1" 200 - "-" "WordPress/6.8.1; https://game-gainz.com"
51.222.253.8 - - [16/Jul/2025:03:05:17 +0000] "GET /item/1046611290.shtml HTTP/1.1" 404 12522 "-" "Mozilla/5.0 (compatible; AhrefsBot/7.0; +http://ahrefs.com/robot/)"
112.203.32.223 - - [16/Jul/2025:03:05:46 +0000] "POST /wp-comments-post.php HTTP/1.1" 302 - "-" "Mozilla/5.0 (Windows NT 10.0; Win64; x64) AppleWebKit/537.36 (KHTML, like Gecko) Chrome/120.0.0.0 Safari/537.36"
209.74.77.214 - - [16/Jul/2025:03:07:30 +0000] "POST /wp-cron.php?doing_wp_cron=1752635250.1825969219207763671875 HTTP/1.1" 200 - "-" "WordPress/6.8.1; https://game-gainz.com"
51.222.253.10 - - [16/Jul/2025:03:07:30 +0000] "GET /item/1046634804.shtml HTTP/1.1" 404 12522 "-" "Mozilla/5.0 (compatible; AhrefsBot/7.0; +http://ahrefs.com/robot/)"
51.222.253.5 - - [16/Jul/2025:03:11:18 +0000] "GET /item/1046742310.shtml HTTP/1.1" 404 12520 "-" "Mozilla/5.0 (compatible; AhrefsBot/7.0; +http://ahrefs.com/robot/)"
209.74.77.214 - - [16/Jul/2025:03:12:36 +0000] "POST /wp-cron.php?doing_wp_cron=1752635556.8739910125732421875000 HTTP/1.1" 200 - "-" "WordPress/6.8.1; https://game-gainz.com"
51.222.253.10 - - [16/Jul/2025:03:12:36 +0000] "GET /item/1046743772.shtml HTTP/1.1" 404 12522 "-" "Mozilla/5.0 (compatible; AhrefsBot/7.0; +http://ahrefs.com/robot/)"
209.74.77.214 - - [16/Jul/2025:03:13:22 +0000] "POST /wp-cron.php?doing_wp_cron=1752635602.3059151172637939453125 HTTP/1.1" 200 - "-" "WordPress/6.8.1; https://game-gainz.com"
57.141.2.12 - - [16/Jul/2025:03:13:22 +0000] "GET /?f=2544669041370& HTTP/1.1" 301 - "-" "meta-externalagent/1.1 (+https://developers.facebook.com/docs/sharing/webmasters/crawler)"
209.74.77.214 - - [16/Jul/2025:03:14:18 +0000] "POST /wp-cron.php?doing_wp_cron=1752635658.0244688987731933593750 HTTP/1.1" 200 - "-" "WordPress/6.8.1; https://game-gainz.com"
51.222.253.20 - - [16/Jul/2025:03:14:17 +0000] "GET /item/1046745246.shtml HTTP/1.1" 404 12522 "-" "Mozilla/5.0 (compatible; AhrefsBot/7.0; +http://ahrefs.com/robot/)"
209.74.77.214 - - [16/Jul/2025:03:16:03 +0000] "POST /wp-cron.php?doing_wp_cron=1752635763.8035008907318115234375 HTTP/1.1" 200 - "-" "WordPress/6.8.1; https://game-gainz.com"
51.222.253.8 - - [16/Jul/2025:03:16:03 +0000] "GET /item/1046754674.shtml HTTP/1.1" 404 12522 "-" "Mozilla/5.0 (compatible; AhrefsBot/7.0; +http://ahrefs.com/robot/)"
209.74.77.214 - - [16/Jul/2025:03:17:48 +0000] "POST /wp-cron.php?doing_wp_cron=1752635868.5386650562286376953125 HTTP/1.1" 200 - "-" "WordPress/6.8.1; https://game-gainz.com"
51.222.253.4 - - [16/Jul/2025:03:17:47 +0000] "GET /item/1046769894.shtml HTTP/1.1" 404 12522 "-" "Mozilla/5.0 (compatible; AhrefsBot/7.0; +http://ahrefs.com/robot/)"
209.74.77.214 - - [16/Jul/2025:03:19:46 +0000] "POST /wp-cron.php?doing_wp_cron=1752635986.4103090763092041015625 HTTP/1.1" 200 - "-" "WordPress/6.8.1; https://game-gainz.com"
51.222.253.13 - - [16/Jul/2025:03:19:45 +0000] "GET /item/1046790520.shtml HTTP/1.1" 404 12522 "-" "Mozilla/5.0 (compatible; AhrefsBot/7.0; +http://ahrefs.com/robot/)"
207.166.177.178 - - [16/Jul/2025:03:20:26 +0000] "POST /wp-comments-post.php HTTP/1.1" 302 - "-" "Mozilla/5.0 (Windows NT 10.0; Win64; x64) AppleWebKit/537.36 (KHTML, like Gecko) Chrome/120.0.0.0 Safari/537.36"
209.74.77.214 - - [16/Jul/2025:03:21:16 +0000] "POST /wp-cron.php?doing_wp_cron=1752636076.4571878910064697265625 HTTP/1.1" 200 - "-" "WordPress/6.8.1; https://game-gainz.com"
51.222.253.2 - - [16/Jul/2025:03:21:15 +0000] "GET /item/1046830196.shtml HTTP/1.1" 404 12521 "-" "Mozilla/5.0 (compatible; AhrefsBot/7.0; +http://ahrefs.com/robot/)"
209.74.77.214 - - [16/Jul/2025:03:22:42 +0000] "POST /wp-cron.php?doing_wp_cron=1752636162.8926370143890380859375 HTTP/1.1" 200 - "-" "WordPress/6.8.1; https://game-gainz.com"
51.222.253.17 - - [16/Jul/2025:03:22:42 +0000] "GET /item/1046841286.shtml HTTP/1.1" 404 12522 "-" "Mozilla/5.0 (compatible; AhrefsBot/7.0; +http://ahrefs.com/robot/)"
51.222.253.9 - - [16/Jul/2025:03:24:29 +0000] "GET /item/1046841578.shtml HTTP/1.1" 404 12522 "-" "Mozilla/5.0 (compatible; AhrefsBot/7.0; +http://ahrefs.com/robot/)"
209.74.77.214 - - [16/Jul/2025:03:25:56 +0000] "POST /wp-cron.php?doing_wp_cron=1752636356.1758129596710205078125 HTTP/1.1" 200 - "-" "WordPress/6.8.1; https://game-gainz.com"
51.222.253.12 - - [16/Jul/2025:03:25:55 +0000] "GET /item/1046873346.shtml HTTP/1.1" 404 12522 "-" "Mozilla/5.0 (compatible; AhrefsBot/7.0; +http://ahrefs.com/robot/)"
209.74.77.214 - - [16/Jul/2025:03:27:13 +0000] "POST /wp-cron.php?doing_wp_cron=1752636433.4789938926696777343750 HTTP/1.1" 200 - "-" "WordPress/6.8.1; https://game-gainz.com"
51.222.253.5 - - [16/Jul/2025:03:27:12 +0000] "GET /item/1046893294.shtml HTTP/1.1" 404 12522 "-" "Mozilla/5.0 (compatible; AhrefsBot/7.0; +http://ahrefs.com/robot/)"
57.141.2.23 - - [16/Jul/2025:03:28:00 +0000] "GET /?f=112356441141370& HTTP/1.1" 301 - "-" "meta-externalagent/1.1 (+https://developers.facebook.com/docs/sharing/webmasters/crawler)"
57.141.2.15 - - [16/Jul/2025:03:28:07 +0000] "GET /?f=112356441141370 HTTP/1.1" 200 65454 "-" "meta-externalagent/1.1 (+https://developers.facebook.com/docs/sharing/webmasters/crawler)"
209.74.77.214 - - [16/Jul/2025:03:28:35 +0000] "POST /wp-cron.php?doing_wp_cron=1752636515.8635730743408203125000 HTTP/1.1" 200 - "-" "WordPress/6.8.1; https://game-gainz.com"
51.222.253.1 - - [16/Jul/2025:03:28:35 +0000] "GET /item/1046897148.shtml HTTP/1.1" 404 12522 "-" "Mozilla/5.0 (compatible; AhrefsBot/7.0; +http://ahrefs.com/robot/)"
209.74.77.214 - - [16/Jul/2025:03:29:55 +0000] "POST /wp-cron.php?doing_wp_cron=1752636595.6833770275115966796875 HTTP/1.1" 200 - "-" "WordPress/6.8.1; https://game-gainz.com"
51.222.253.5 - - [16/Jul/2025:03:29:54 +0000] "GET /item/1046901588.shtml HTTP/1.1" 404 12522 "-" "Mozilla/5.0 (compatible; AhrefsBot/7.0; +http://ahrefs.com/robot/)"
209.74.77.214 - - [16/Jul/2025:03:31:30 +0000] "POST /wp-cron.php?doing_wp_cron=1752636690.7837131023406982421875 HTTP/1.1" 200 - "-" "WordPress/6.8.1; https://game-gainz.com"
51.222.253.12 - - [16/Jul/2025:03:31:29 +0000] "GET /item/1046903062.shtml HTTP/1.1" 404 12521 "-" "Mozilla/5.0 (compatible; AhrefsBot/7.0; +http://ahrefs.com/robot/)"
209.74.77.214 - - [16/Jul/2025:03:33:05 +0000] "POST /wp-cron.php?doing_wp_cron=1752636785.7415909767150878906250 HTTP/1.1" 200 - "-" "WordPress/6.8.1; https://game-gainz.com"
51.222.253.1 - - [16/Jul/2025:03:33:05 +0000] "GET /item/1046907108.shtml HTTP/1.1" 404 12522 "-" "Mozilla/5.0 (compatible; AhrefsBot/7.0; +http://ahrefs.com/robot/)"
209.74.77.214 - - [16/Jul/2025:03:34:53 +0000] "POST /wp-cron.php?doing_wp_cron=1752636893.6920530796051025390625 HTTP/1.1" 200 - "-" "WordPress/6.8.1; https://game-gainz.com"
51.222.253.13 - - [16/Jul/2025:03:34:52 +0000] "GET /item/1046973272.shtml HTTP/1.1" 404 12522 "-" "Mozilla/5.0 (compatible; AhrefsBot/7.0; +http://ahrefs.com/robot/)"
209.74.77.214 - - [16/Jul/2025:03:36:28 +0000] "POST /wp-cron.php?doing_wp_cron=1752636988.8748369216918945312500 HTTP/1.1" 200 - "-" "WordPress/6.8.1; https://game-gainz.com"
51.222.253.16 - - [16/Jul/2025:03:36:28 +0000] "GET /item/1046996128.shtml HTTP/1.1" 404 12522 "-" "Mozilla/5.0 (compatible; AhrefsBot/7.0; +http://ahrefs.com/robot/)"
209.74.77.214 - - [16/Jul/2025:03:37:57 +0000] "POST /wp-cron.php?doing_wp_cron=1752637077.1651589870452880859375 HTTP/1.1" 200 - "-" "WordPress/6.8.1; https://game-gainz.com"
51.222.253.6 - - [16/Jul/2025:03:37:56 +0000] "GET /item/1047002330.shtml HTTP/1.1" 404 12522 "-" "Mozilla/5.0 (compatible; AhrefsBot/7.0; +http://ahrefs.com/robot/)"
209.74.77.214 - - [16/Jul/2025:03:39:25 +0000] "POST /wp-cron.php?doing_wp_cron=1752637165.4370300769805908203125 HTTP/1.1" 200 - "-" "WordPress/6.8.1; https://game-gainz.com"
51.222.253.13 - - [16/Jul/2025:03:39:24 +0000] "GET /item/1047022940.shtml HTTP/1.1" 404 12522 "-" "Mozilla/5.0 (compatible; AhrefsBot/7.0; +http://ahrefs.com/robot/)"
209.74.77.214 - - [16/Jul/2025:03:40:56 +0000] "POST /wp-cron.php?doing_wp_cron=1752637256.2304420471191406250000 HTTP/1.1" 200 - "-" "WordPress/6.8.1; https://game-gainz.com"
51.222.253.4 - - [16/Jul/2025:03:40:55 +0000] "GET /item/1047030508.shtml HTTP/1.1" 404 12522 "-" "Mozilla/5.0 (compatible; AhrefsBot/7.0; +http://ahrefs.com/robot/)"
209.74.77.214 - - [16/Jul/2025:03:42:45 +0000] "POST /wp-cron.php?doing_wp_cron=1752637365.7477509975433349609375 HTTP/1.1" 200 - "-" "WordPress/6.8.1; https://game-gainz.com"
57.141.2.14 - - [16/Jul/2025:03:42:45 +0000] "GET /?f=23807821041370& HTTP/1.1" 301 - "-" "meta-externalagent/1.1 (+https://developers.facebook.com/docs/sharing/webmasters/crawler)"
51.222.253.3 - - [16/Jul/2025:03:42:49 +0000] "GET /item/1047057836.shtml HTTP/1.1" 404 12522 "-" "Mozilla/5.0 (compatible; AhrefsBot/7.0; +http://ahrefs.com/robot/)"
57.141.2.17 - - [16/Jul/2025:03:43:04 +0000] "GET /?f=23807821041370 HTTP/1.1" 200 65454 "-" "meta-externalagent/1.1 (+https://developers.facebook.com/docs/sharing/webmasters/crawler)"
209.74.77.214 - - [16/Jul/2025:03:44:57 +0000] "POST /wp-cron.php?doing_wp_cron=1752637496.9937679767608642578125 HTTP/1.1" 200 - "-" "WordPress/6.8.1; https://game-gainz.com"
51.222.253.9 - - [16/Jul/2025:03:44:55 +0000] "GET /item/1047062568.shtml HTTP/1.1" 404 12522 "-" "Mozilla/5.0 (compatible; AhrefsBot/7.0; +http://ahrefs.com/robot/)"
209.74.77.214 - - [16/Jul/2025:03:46:46 +0000] "POST /wp-cron.php?doing_wp_cron=1752637606.4154219627380371093750 HTTP/1.1" 200 - "-" "WordPress/6.8.1; https://game-gainz.com"
51.222.253.16 - - [16/Jul/2025:03:46:45 +0000] "GET /item/1047073998.shtml HTTP/1.1" 404 12521 "-" "Mozilla/5.0 (compatible; AhrefsBot/7.0; +http://ahrefs.com/robot/)"
209.74.77.214 - - [16/Jul/2025:03:48:26 +0000] "POST /wp-cron.php?doing_wp_cron=1752637706.8363699913024902343750 HTTP/1.1" 200 - "-" "WordPress/6.8.1; https://game-gainz.com"
51.222.253.8 - - [16/Jul/2025:03:48:25 +0000] "GET /item/1047074916.shtml HTTP/1.1" 404 12522 "-" "Mozilla/5.0 (compatible; AhrefsBot/7.0; +http://ahrefs.com/robot/)"
209.74.77.214 - - [16/Jul/2025:03:50:37 +0000] "POST /wp-cron.php?doing_wp_cron=1752637837.9154539108276367187500 HTTP/1.1" 200 - "-" "WordPress/6.8.1; https://game-gainz.com"
51.222.253.14 - - [16/Jul/2025:03:50:36 +0000] "GET /item/1047090802.shtml HTTP/1.1" 404 12522 "-" "Mozilla/5.0 (compatible; AhrefsBot/7.0; +http://ahrefs.com/robot/)"
209.74.77.214 - - [16/Jul/2025:03:52:44 +0000] "POST /wp-cron.php?doing_wp_cron=1752637964.7330698966979980468750 HTTP/1.1" 200 - "-" "WordPress/6.8.1; https://game-gainz.com"
51.222.253.14 - - [16/Jul/2025:03:52:43 +0000] "GET /item/1047128122.shtml HTTP/1.1" 404 12522 "-" "Mozilla/5.0 (compatible; AhrefsBot/7.0; +http://ahrefs.com/robot/)"
209.74.77.214 - - [16/Jul/2025:03:54:40 +0000] "POST /wp-cron.php?doing_wp_cron=1752638080.9065060615539550781250 HTTP/1.1" 200 - "-" "WordPress/6.8.1; https://game-gainz.com"
51.222.253.12 - - [16/Jul/2025:03:54:40 +0000] "GET /item/1047139544.shtml HTTP/1.1" 404 12522 "-" "Mozilla/5.0 (compatible; AhrefsBot/7.0; +http://ahrefs.com/robot/)"
57.141.2.7 - - [16/Jul/2025:03:55:07 +0000] "GET /?f=101850534071370& HTTP/1.1" 301 - "-" "meta-externalagent/1.1 (+https://developers.facebook.com/docs/sharing/webmasters/crawler)"
209.74.77.214 - - [16/Jul/2025:03:56:45 +0000] "POST /wp-cron.php?doing_wp_cron=1752638205.8404309749603271484375 HTTP/1.1" 200 - "-" "WordPress/6.8.1; https://game-gainz.com"
51.222.253.8 - - [16/Jul/2025:03:56:44 +0000] "GET /item/1047143066.shtml HTTP/1.1" 404 12522 "-" "Mozilla/5.0 (compatible; AhrefsBot/7.0; +http://ahrefs.com/robot/)"
209.74.77.214 - - [16/Jul/2025:03:58:33 +0000] "GET / HTTP/1.1" 200 65454 "-" "Mozilla/5.0 (Windows NT 10.0; Win64; x64; rv:122.0) Gecko/20100101 Firefox/122.0"
43.153.53.250 - - [16/Jul/2025:04:02:06 +0000] "POST /xmlrpc.php HTTP/1.1" 200 - "-" "Mozilla/5.0 (Windows NT 10.0; Win64; x64) AppleWebKit/537.36 (KHTML, like Gecko) Chrome/87.0.4280.141 Safari/537.36"
209.74.77.214 - - [16/Jul/2025:04:02:09 +0000] "POST /wp-cron.php?doing_wp_cron=1752638432.0480968952178955078125 HTTP/1.1" 200 - "-" "WordPress/6.8.1; https://game-gainz.com"
209.74.77.214 - - [16/Jul/2025:03:58:37 +0000] "GET / HTTP/1.1" 200 65454 "-" "Softaculous"
51.222.253.10 - - [16/Jul/2025:03:58:37 +0000] "GET /item/1047163936.shtml HTTP/1.1" 404 12521 "-" "Mozilla/5.0 (compatible; AhrefsBot/7.0; +http://ahrefs.com/robot/)"
209.74.77.214 - - [16/Jul/2025:04:02:10 +0000] "GET / HTTP/1.1" 200 65454 "-" "Mozilla/5.0 (Windows NT 10.0; Win64; x64; rv:122.0) Gecko/20100101 Firefox/122.0"
94.103.185.72 - - [16/Jul/2025:04:02:10 +0000] "POST /xmlrpc.php HTTP/1.1" 200 403 "-" "Mozilla/5.0 (iPod; CPU iPhone OS 14_6 like Mac OS X) AppleWebKit/605.1.15 (KHTML, like Gecko) CriOS/91.0.4472.80 Mobile/15E148 Safari/604.1"
103.127.198.198 - - [16/Jul/2025:04:02:16 +0000] "POST /xmlrpc.php HTTP/1.1" 200 403 "-" "Mozilla/5.0 (Windows NT 10.0; Win64; x64) AppleWebKit/537.36 (KHTML, like Gecko) Chrome/88.0.4324.104 Safari/537.36"
82.165.76.172 - - [16/Jul/2025:04:02:18 +0000] "POST /xmlrpc.php HTTP/1.1" 200 403 "-" "Mozilla/5.0 (Windows NT 6.1; WOW64; rv:41.0) Gecko/20100101 Firefox/41.0"
193.202.110.30 - - [16/Jul/2025:04:02:30 +0000] "POST /xmlrpc.php HTTP/1.1" 200 403 "-" "Mozilla/5.0 (Windows NT 10.0; WOW64; rv:50.0) Gecko/20100101 Firefox/50.0"
110.164.163.22 - - [16/Jul/2025:04:02:46 +0000] "POST /xmlrpc.php HTTP/1.1" 200 403 "-" "Mozilla/5.0 (Windows NT 10.0; Win64; x64) AppleWebKit/537.36 (KHTML, like Gecko) Chrome/72.0.3626.121 Safari/537.36"
51.222.253.13 - - [16/Jul/2025:04:03:52 +0000] "GET /item/1047247050.shtml HTTP/1.1" 404 12521 "-" "Mozilla/5.0 (compatible; AhrefsBot/7.0; +http://ahrefs.com/robot/)"
57.141.2.2 - - [16/Jul/2025:04:03:55 +0000] "GET /?f=49805714021370& HTTP/1.1" 301 - "-" "meta-externalagent/1.1 (+https://developers.facebook.com/docs/sharing/webmasters/crawler)"
209.74.77.214 - - [16/Jul/2025:04:04:10 +0000] "POST /wp-cron.php?doing_wp_cron=1752638650.5747449398040771484375 HTTP/1.1" 200 - "-" "WordPress/6.8.1; https://game-gainz.com"
57.141.2.25 - - [16/Jul/2025:04:04:10 +0000] "GET /?f=49805714021370 HTTP/1.1" 200 65454 "-" "meta-externalagent/1.1 (+https://developers.facebook.com/docs/sharing/webmasters/crawler)"
209.74.77.214 - - [16/Jul/2025:04:10:17 +0000] "POST /wp-cron.php?doing_wp_cron=1752639017.8595468997955322265625 HTTP/1.1" 200 - "-" "WordPress/6.8.1; https://game-gainz.com"
51.222.253.10 - - [16/Jul/2025:04:10:16 +0000] "GET /item/1047261482.shtml HTTP/1.1" 404 12521 "-" "Mozilla/5.0 (compatible; AhrefsBot/7.0; +http://ahrefs.com/robot/)"
134.17.14.12 - - [16/Jul/2025:04:14:58 +0000] "GET /userfuns.php HTTP/1.1" 404 12521 "-" "Mozilla/4.0 (compatible; MSIE 6.0; Windows NT 5.1; SV1)"
51.222.253.9 - - [16/Jul/2025:04:17:01 +0000] "GET /item/1047262912.shtml HTTP/1.1" 404 12521 "-" "Mozilla/5.0 (compatible; AhrefsBot/7.0; +http://ahrefs.com/robot/)"
57.141.2.10 - - [16/Jul/2025:04:17:06 +0000] "GET /?f=64346552041370& HTTP/1.1" 301 - "-" "meta-externalagent/1.1 (+https://developers.facebook.com/docs/sharing/webmasters/crawler)"
51.222.253.9 - - [16/Jul/2025:04:22:51 +0000] "GET /item/1047264386.shtml HTTP/1.1" 404 12521 "-" "Mozilla/5.0 (compatible; AhrefsBot/7.0; +http://ahrefs.com/robot/)"
45.227.253.15 - - [16/Jul/2025:04:26:32 +0000] "GET /index.php/jk HTTP/1.1" 200 59 "-" "Mozilla/5.0 (Macintosh; Intel Mac OS X 10.11; rv:103.0) Gecko/20100101 Firefox/101.0"
209.74.77.214 - - [16/Jul/2025:04:27:21 +0000] "POST /wp-cron.php?doing_wp_cron=1752640041.5973300933837890625000 HTTP/1.1" 200 - "-" "WordPress/6.8.1; https://game-gainz.com"
57.141.2.10 - - [16/Jul/2025:04:27:21 +0000] "GET /?f=75242779001370& HTTP/1.1" 301 - "-" "meta-externalagent/1.1 (+https://developers.facebook.com/docs/sharing/webmasters/crawler)"
209.74.77.214 - - [16/Jul/2025:04:29:28 +0000] "POST /wp-cron.php?doing_wp_cron=1752640168.6711299419403076171875 HTTP/1.1" 200 - "-" "WordPress/6.8.1; https://game-gainz.com"
51.222.253.5 - - [16/Jul/2025:04:29:28 +0000] "GET /item/1047275036.shtml HTTP/1.1" 404 12522 "-" "Mozilla/5.0 (compatible; AhrefsBot/7.0; +http://ahrefs.com/robot/)"
57.141.2.21 - - [16/Jul/2025:04:31:56 +0000] "GET /?f=107125101051370& HTTP/1.1" 301 - "-" "meta-externalagent/1.1 (+https://developers.facebook.com/docs/sharing/webmasters/crawler)"
209.74.77.214 - - [16/Jul/2025:04:42:33 +0000] "POST /wp-cron.php?doing_wp_cron=1752640953.6851220130920410156250 HTTP/1.1" 200 - "-" "WordPress/6.8.1; https://game-gainz.com"
51.222.253.9 - - [16/Jul/2025:04:42:33 +0000] "GET /item/1047323222.shtml HTTP/1.1" 404 12521 "-" "Mozilla/5.0 (compatible; AhrefsBot/7.0; +http://ahrefs.com/robot/)"
57.141.2.15 - - [16/Jul/2025:04:43:26 +0000] "GET /?f=42904422051370& HTTP/1.1" 301 - "-" "meta-externalagent/1.1 (+https://developers.facebook.com/docs/sharing/webmasters/crawler)"
57.141.2.29 - - [16/Jul/2025:04:43:37 +0000] "GET /?f=42904422051370 HTTP/1.1" 200 65454 "-" "meta-externalagent/1.1 (+https://developers.facebook.com/docs/sharing/webmasters/crawler)"
57.141.2.6 - - [16/Jul/2025:04:44:29 +0000] "GET /?f=55837031041370& HTTP/1.1" 301 - "-" "meta-externalagent/1.1 (+https://developers.facebook.com/docs/sharing/webmasters/crawler)"
51.222.253.2 - - [16/Jul/2025:04:47:52 +0000] "GET /item/1047340782.shtml HTTP/1.1" 404 12521 "-" "Mozilla/5.0 (compatible; AhrefsBot/7.0; +http://ahrefs.com/robot/)"
209.74.77.214 - - [16/Jul/2025:04:54:33 +0000] "POST /wp-cron.php?doing_wp_cron=1752641673.7001450061798095703125 HTTP/1.1" 200 - "-" "WordPress/6.8.1; https://game-gainz.com"
51.222.253.3 - - [16/Jul/2025:04:54:33 +0000] "GET /item/1334989210.shtml HTTP/1.1" 404 12522 "-" "Mozilla/5.0 (compatible; AhrefsBot/7.0; +http://ahrefs.com/robot/)"
57.141.2.23 - - [16/Jul/2025:05:05:47 +0000] "GET /?f=46647307031370& HTTP/1.1" 301 - "-" "meta-externalagent/1.1 (+https://developers.facebook.com/docs/sharing/webmasters/crawler)"
51.222.253.7 - - [16/Jul/2025:05:06:08 +0000] "GET /item/1335012468.shtml HTTP/1.1" 404 12522 "-" "Mozilla/5.0 (compatible; AhrefsBot/7.0; +http://ahrefs.com/robot/)"
209.74.77.214 - - [16/Jul/2025:05:06:15 +0000] "POST /wp-cron.php?doing_wp_cron=1752642375.3966360092163085937500 HTTP/1.1" 200 - "-" "WordPress/6.8.1; https://game-gainz.com"
57.141.2.21 - - [16/Jul/2025:05:06:15 +0000] "GET /?f=46647307031370 HTTP/1.1" 200 65454 "-" "meta-externalagent/1.1 (+https://developers.facebook.com/docs/sharing/webmasters/crawler)"
57.141.2.20 - - [16/Jul/2025:05:07:46 +0000] "GET /?f=92703996041370& HTTP/1.1" 301 - "-" "meta-externalagent/1.1 (+https://developers.facebook.com/docs/sharing/webmasters/crawler)"
57.141.2.27 - - [16/Jul/2025:05:08:07 +0000] "GET /?f=50748069071370& HTTP/1.1" 301 - "-" "meta-externalagent/1.1 (+https://developers.facebook.com/docs/sharing/webmasters/crawler)"
51.222.253.16 - - [16/Jul/2025:05:13:05 +0000] "GET /item/1335024508.shtml HTTP/1.1" 404 12521 "-" "Mozilla/5.0 (compatible; AhrefsBot/7.0; +http://ahrefs.com/robot/)"
209.74.77.214 - - [16/Jul/2025:05:13:20 +0000] "POST /wp-cron.php?doing_wp_cron=1752642800.6488709449768066406250 HTTP/1.1" 200 - "-" "WordPress/6.8.1; https://game-gainz.com"
57.141.2.9 - - [16/Jul/2025:05:13:20 +0000] "GET /?f=95125520041370& HTTP/1.1" 301 - "-" "meta-externalagent/1.1 (+https://developers.facebook.com/docs/sharing/webmasters/crawler)"
57.141.2.19 - - [16/Jul/2025:05:13:38 +0000] "GET /?f=95125520041370 HTTP/1.1" 200 65454 "-" "meta-externalagent/1.1 (+https://developers.facebook.com/docs/sharing/webmasters/crawler)"
49.48.55.2 - - [16/Jul/2025:05:16:31 +0000] "POST /wp-comments-post.php HTTP/1.1" 302 - "-" "Mozilla/5.0 (Windows NT 10.0; Win64; x64) AppleWebKit/537.36 (KHTML, like Gecko) Chrome/120.0.0.0 Safari/537.36"
51.222.253.12 - - [16/Jul/2025:05:16:58 +0000] "GET /item/1335025982.shtml HTTP/1.1" 404 12522 "-" "Mozilla/5.0 (compatible; AhrefsBot/7.0; +http://ahrefs.com/robot/)"
209.74.77.214 - - [16/Jul/2025:05:18:50 +0000] "POST /wp-cron.php?doing_wp_cron=1752643130.0425949096679687500000 HTTP/1.1" 200 - "-" "WordPress/6.8.1; https://game-gainz.com"
51.222.253.9 - - [16/Jul/2025:05:18:48 +0000] "GET /item/1335029752.shtml HTTP/1.1" 404 12522 "-" "Mozilla/5.0 (compatible; AhrefsBot/7.0; +http://ahrefs.com/robot/)"
209.74.77.214 - - [16/Jul/2025:05:20:48 +0000] "POST /wp-cron.php?doing_wp_cron=1752643248.6988921165466308593750 HTTP/1.1" 200 - "-" "WordPress/6.8.1; https://game-gainz.com"
51.222.253.8 - - [16/Jul/2025:05:20:48 +0000] "GET /item/1335064136.shtml HTTP/1.1" 404 12522 "-" "Mozilla/5.0 (compatible; AhrefsBot/7.0; +http://ahrefs.com/robot/)"
209.74.77.214 - - [16/Jul/2025:05:22:39 +0000] "POST /wp-cron.php?doing_wp_cron=1752643359.2264249324798583984375 HTTP/1.1" 200 - "-" "WordPress/6.8.1; https://game-gainz.com"
51.222.253.20 - - [16/Jul/2025:05:22:39 +0000] "GET /item/1335070902.shtml HTTP/1.1" 404 12522 "-" "Mozilla/5.0 (compatible; AhrefsBot/7.0; +http://ahrefs.com/robot/)"
51.222.253.1 - - [16/Jul/2025:05:24:27 +0000] "GET /item/1335082942.shtml HTTP/1.1" 404 12522 "-" "Mozilla/5.0 (compatible; AhrefsBot/7.0; +http://ahrefs.com/robot/)"
51.222.253.12 - - [16/Jul/2025:05:26:03 +0000] "GET /item/1335085334.shtml HTTP/1.1" 404 12522 "-" "Mozilla/5.0 (compatible; AhrefsBot/7.0; +http://ahrefs.com/robot/)"
51.222.253.10 - - [16/Jul/2025:05:27:38 +0000] "GET /item/1335102894.shtml HTTP/1.1" 404 12522 "-" "Mozilla/5.0 (compatible; AhrefsBot/7.0; +http://ahrefs.com/robot/)"
209.74.77.214 - - [16/Jul/2025:05:29:12 +0000] "POST /wp-cron.php?doing_wp_cron=1752643752.6041340827941894531250 HTTP/1.1" 200 - "-" "WordPress/6.8.1; https://game-gainz.com"
51.222.253.4 - - [16/Jul/2025:05:29:12 +0000] "GET /item/1335107626.shtml HTTP/1.1" 404 12522 "-" "Mozilla/5.0 (compatible; AhrefsBot/7.0; +http://ahrefs.com/robot/)"
209.74.77.214 - - [16/Jul/2025:05:30:21 +0000] "POST /wp-cron.php?doing_wp_cron=1752643821.2953128814697265625000 HTTP/1.1" 200 - "-" "WordPress/6.8.1; https://game-gainz.com"
57.141.2.25 - - [16/Jul/2025:05:30:21 +0000] "GET /?f=74823853041370& HTTP/1.1" 301 - "-" "meta-externalagent/1.1 (+https://developers.facebook.com/docs/sharing/webmasters/crawler)"
51.222.253.20 - - [16/Jul/2025:05:30:33 +0000] "GET /item/1335116432.shtml HTTP/1.1" 404 12522 "-" "Mozilla/5.0 (compatible; AhrefsBot/7.0; +http://ahrefs.com/robot/)"
51.222.253.4 - - [16/Jul/2025:05:31:57 +0000] "GET /item/1335131140.shtml HTTP/1.1" 404 12522 "-" "Mozilla/5.0 (compatible; AhrefsBot/7.0; +http://ahrefs.com/robot/)"
209.74.77.214 - - [16/Jul/2025:05:34:28 +0000] "POST /wp-cron.php?doing_wp_cron=1752644068.5240330696105957031250 HTTP/1.1" 200 - "-" "WordPress/6.8.1; https://game-gainz.com"
51.222.253.15 - - [16/Jul/2025:05:34:28 +0000] "GET /item/1335161064.shtml HTTP/1.1" 404 12522 "-" "Mozilla/5.0 (compatible; AhrefsBot/7.0; +http://ahrefs.com/robot/)"
209.74.77.214 - - [16/Jul/2025:05:35:43 +0000] "POST /wp-cron.php?doing_wp_cron=1752644143.5314550399780273437500 HTTP/1.1" 200 - "-" "WordPress/6.8.1; https://game-gainz.com"
51.222.253.2 - - [16/Jul/2025:05:35:43 +0000] "GET /item/1335169366.shtml HTTP/1.1" 404 12522 "-" "Mozilla/5.0 (compatible; AhrefsBot/7.0; +http://ahrefs.com/robot/)"
209.74.77.214 - - [16/Jul/2025:05:37:18 +0000] "POST /wp-cron.php?doing_wp_cron=1752644238.2545139789581298828125 HTTP/1.1" 200 - "-" "WordPress/6.8.1; https://game-gainz.com"
51.222.253.19 - - [16/Jul/2025:05:37:18 +0000] "GET /item/1335181666.shtml HTTP/1.1" 404 12522 "-" "Mozilla/5.0 (compatible; AhrefsBot/7.0; +http://ahrefs.com/robot/)"
209.74.77.214 - - [16/Jul/2025:05:38:41 +0000] "POST /wp-cron.php?doing_wp_cron=1752644321.9068570137023925781250 HTTP/1.1" 200 - "-" "WordPress/6.8.1; https://game-gainz.com"
51.222.253.16 - - [16/Jul/2025:05:38:41 +0000] "GET /item/1335186926.shtml HTTP/1.1" 404 12522 "-" "Mozilla/5.0 (compatible; AhrefsBot/7.0; +http://ahrefs.com/robot/)"
51.222.253.2 - - [16/Jul/2025:05:40:01 +0000] "GET /item/1335226326.shtml HTTP/1.1" 404 12522 "-" "Mozilla/5.0 (compatible; AhrefsBot/7.0; +http://ahrefs.com/robot/)"
209.74.77.214 - - [16/Jul/2025:05:40:45 +0000] "POST /wp-cron.php?doing_wp_cron=1752644445.1639029979705810546875 HTTP/1.1" 200 - "-" "WordPress/6.8.1; https://game-gainz.com"
195.182.25.114 - - [16/Jul/2025:05:40:45 +0000] "GET /.git/config HTTP/1.1" 404 12522 "-" "Mozilla/5.0 (Windows NT 10.0; Win64; x64) AppleWebKit/537.36 (KHTML, like Gecko) Chrome/46.0.2486.0 Safari/537.36 Edge/13.10586"
209.74.77.214 - - [16/Jul/2025:05:43:15 +0000] "POST /wp-cron.php?doing_wp_cron=1752644595.4509270191192626953125 HTTP/1.1" 200 - "-" "WordPress/6.8.1; https://game-gainz.com"
51.222.253.14 - - [16/Jul/2025:05:43:15 +0000] "GET /item/1335257188.shtml HTTP/1.1" 404 12522 "-" "Mozilla/5.0 (compatible; AhrefsBot/7.0; +http://ahrefs.com/robot/)"
209.74.77.214 - - [16/Jul/2025:05:44:09 +0000] "POST /wp-cron.php?doing_wp_cron=1752644649.7502739429473876953125 HTTP/1.1" 200 - "-" "WordPress/6.8.1; https://game-gainz.com"
209.74.77.214 - - [16/Jul/2025:05:44:15 +0000] "HEAD / HTTP/1.1" 200 - "-" "-"
209.74.77.214 - - [16/Jul/2025:05:44:18 +0000] "POST /wp-admin/upgrade.php?step=upgrade_db HTTP/1.1" 404 12576 "-" "WordPress/6.8.1; https://game-gainz.com"
209.74.77.214 - - [16/Jul/2025:05:44:21 +0000] "HEAD / HTTP/1.1" 200 - "-" "-"
51.222.253.1 - - [16/Jul/2025:05:45:07 +0000] "GET /item/1335292148.shtml HTTP/1.1" 404 12576 "-" "Mozilla/5.0 (compatible; AhrefsBot/7.0; +http://ahrefs.com/robot/)"
51.222.253.10 - - [16/Jul/2025:05:47:03 +0000] "GET /item/1335296556.shtml HTTP/1.1" 404 12576 "-" "Mozilla/5.0 (compatible; AhrefsBot/7.0; +http://ahrefs.com/robot/)"
51.222.253.8 - - [16/Jul/2025:05:48:39 +0000] "GET /item/1335300402.shtml HTTP/1.1" 404 12576 "-" "Mozilla/5.0 (compatible; AhrefsBot/7.0; +http://ahrefs.com/robot/)"
51.222.253.1 - - [16/Jul/2025:05:50:32 +0000] "GET /item/1046576842.shtml HTTP/1.1" 404 12575 "-" "Mozilla/5.0 (compatible; AhrefsBot/7.0; +http://ahrefs.com/robot/)"
51.222.253.8 - - [16/Jul/2025:05:54:02 +0000] "GET /item/1046653306.shtml HTTP/1.1" 404 12576 "-" "Mozilla/5.0 (compatible; AhrefsBot/7.0; +http://ahrefs.com/robot/)"
51.222.253.20 - - [16/Jul/2025:05:56:26 +0000] "GET /item/1046660618.shtml HTTP/1.1" 404 12575 "-" "Mozilla/5.0 (compatible; AhrefsBot/7.0; +http://ahrefs.com/robot/)"
51.222.253.17 - - [16/Jul/2025:05:58:21 +0000] "GET /item/1046689120.shtml HTTP/1.1" 404 12575 "-" "Mozilla/5.0 (compatible; AhrefsBot/7.0; +http://ahrefs.com/robot/)"
51.222.253.9 - - [16/Jul/2025:05:59:59 +0000] "GET /item/1046721432.shtml HTTP/1.1" 404 12575 "-" "Mozilla/5.0 (compatible; AhrefsBot/7.0; +http://ahrefs.com/robot/)"
51.222.253.10 - - [16/Jul/2025:06:03:59 +0000] "GET /item/1046778156.shtml HTTP/1.1" 404 12575 "-" "Mozilla/5.0 (compatible; AhrefsBot/7.0; +http://ahrefs.com/robot/)"
209.74.77.214 - - [16/Jul/2025:06:06:15 +0000] "POST /wp-cron.php?doing_wp_cron=1752645975.6165759563446044921875 HTTP/1.1" 200 - "-" "WordPress/6.8.2; https://game-gainz.com"
51.222.253.4 - - [16/Jul/2025:06:06:15 +0000] "GET /item/1046781934.shtml HTTP/1.1" 404 12575 "-" "Mozilla/5.0 (compatible; AhrefsBot/7.0; +http://ahrefs.com/robot/)"
51.222.253.3 - - [16/Jul/2025:06:08:04 +0000] "GET /item/1046794318.shtml HTTP/1.1" 404 12576 "-" "Mozilla/5.0 (compatible; AhrefsBot/7.0; +http://ahrefs.com/robot/)"
51.222.253.17 - - [16/Jul/2025:06:09:50 +0000] "GET /item/1046820172.shtml HTTP/1.1" 404 12575 "-" "Mozilla/5.0 (compatible; AhrefsBot/7.0; +http://ahrefs.com/robot/)"
51.222.253.19 - - [16/Jul/2025:06:11:59 +0000] "GET /item/1046994662.shtml HTTP/1.1" 404 12575 "-" "Mozilla/5.0 (compatible; AhrefsBot/7.0; +http://ahrefs.com/robot/)"
51.222.253.3 - - [16/Jul/2025:06:14:01 +0000] "GET /item/1047019086.shtml HTTP/1.1" 404 12575 "-" "Mozilla/5.0 (compatible; AhrefsBot/7.0; +http://ahrefs.com/robot/)"
51.222.253.17 - - [16/Jul/2025:06:15:41 +0000] "GET /item/1047046414.shtml HTTP/1.1" 404 12576 "-" "Mozilla/5.0 (compatible; AhrefsBot/7.0; +http://ahrefs.com/robot/)"
57.141.2.14 - - [16/Jul/2025:06:17:00 +0000] "GET /?f=44815358031370& HTTP/1.1" 301 - "-" "meta-externalagent/1.1 (+https://developers.facebook.com/docs/sharing/webmasters/crawler)"
51.222.253.10 - - [16/Jul/2025:06:17:24 +0000] "GET /item/1047068478.shtml HTTP/1.1" 404 12575 "-" "Mozilla/5.0 (compatible; AhrefsBot/7.0; +http://ahrefs.com/robot/)"
51.222.253.19 - - [16/Jul/2025:06:19:30 +0000] "GET /item/1047094592.shtml HTTP/1.1" 404 12575 "-" "Mozilla/5.0 (compatible; AhrefsBot/7.0; +http://ahrefs.com/robot/)"
51.222.253.4 - - [16/Jul/2025:06:21:23 +0000] "GET /item/1047173636.shtml HTTP/1.1" 404 12575 "-" "Mozilla/5.0 (compatible; AhrefsBot/7.0; +http://ahrefs.com/robot/)"
51.222.253.16 - - [16/Jul/2025:06:23:16 +0000] "GET /item/1047211862.shtml HTTP/1.1" 404 12575 "-" "Mozilla/5.0 (compatible; AhrefsBot/7.0; +http://ahrefs.com/robot/)"
51.222.253.10 - - [16/Jul/2025:06:25:06 +0000] "GET /item/1047256750.shtml HTTP/1.1" 404 12575 "-" "Mozilla/5.0 (compatible; AhrefsBot/7.0; +http://ahrefs.com/robot/)"
51.222.253.11 - - [16/Jul/2025:06:26:51 +0000] "GET /item/1047306142.shtml HTTP/1.1" 404 12575 "-" "Mozilla/5.0 (compatible; AhrefsBot/7.0; +http://ahrefs.com/robot/)"
57.141.2.27 - - [16/Jul/2025:06:27:43 +0000] "GET /?f=103460464021370& HTTP/1.1" 301 - "-" "meta-externalagent/1.1 (+https://developers.facebook.com/docs/sharing/webmasters/crawler)"
51.222.253.16 - - [16/Jul/2025:06:28:52 +0000] "GET /item/1047329948.shtml HTTP/1.1" 404 12575 "-" "Mozilla/5.0 (compatible; AhrefsBot/7.0; +http://ahrefs.com/robot/)"
51.222.253.16 - - [16/Jul/2025:06:30:46 +0000] "GET /item/1335149642.shtml HTTP/1.1" 404 12576 "-" "Mozilla/5.0 (compatible; AhrefsBot/7.0; +http://ahrefs.com/robot/)"
51.222.253.11 - - [16/Jul/2025:06:32:50 +0000] "GET /item/1335170764.shtml HTTP/1.1" 404 12575 "-" "Mozilla/5.0 (compatible; AhrefsBot/7.0; +http://ahrefs.com/robot/)"
51.222.253.8 - - [16/Jul/2025:06:34:59 +0000] "GET /item/1335184602.shtml HTTP/1.1" 404 12575 "-" "Mozilla/5.0 (compatible; AhrefsBot/7.0; +http://ahrefs.com/robot/)"
51.222.253.10 - - [16/Jul/2025:06:36:56 +0000] "GET /item/1335212780.shtml HTTP/1.1" 404 12577 "-" "Mozilla/5.0 (compatible; AhrefsBot/7.0; +http://ahrefs.com/robot/)"
51.222.253.15 - - [16/Jul/2025:06:38:58 +0000] "GET /item/1335262172.shtml HTTP/1.1" 404 12576 "-" "Mozilla/5.0 (compatible; AhrefsBot/7.0; +http://ahrefs.com/robot/)"
51.222.253.20 - - [16/Jul/2025:06:40:26 +0000] "GET /item/1335284240.shtml HTTP/1.1" 404 12576 "-" "Mozilla/5.0 (compatible; AhrefsBot/7.0; +http://ahrefs.com/robot/)"
51.222.253.3 - - [16/Jul/2025:06:42:47 +0000] "GET /item/1335308920.shtml HTTP/1.1" 404 12576 "-" "Mozilla/5.0 (compatible; AhrefsBot/7.0; +http://ahrefs.com/robot/)"
45.227.253.15 - - [16/Jul/2025:06:43:40 +0000] "GET /index.php/jk HTTP/1.1" 301 - "-" "Mozilla/5.0 (iPad; U; CPU OS 4_2_3 like Mac OS X; ja) AppleWebKit/533.17.9 (KHTML, like Gecko) Version/5.0.2 Mobile/8J2 Safari/6533.18.5"
45.227.253.15 - - [16/Jul/2025:06:43:41 +0000] "GET /jk HTTP/1.1" 404 12576 "https://game-gainz.com/index.php/jk" "Mozilla/5.0 (iPad; U; CPU OS 4_2_3 like Mac OS X; ja) AppleWebKit/533.17.9 (KHTML, like Gecko) Version/5.0.2 Mobile/8J2 Safari/6533.18.5"
51.222.253.16 - - [16/Jul/2025:06:44:56 +0000] "GET /item/1335310102.shtml HTTP/1.1" 404 12576 "-" "Mozilla/5.0 (compatible; AhrefsBot/7.0; +http://ahrefs.com/robot/)"
51.222.253.20 - - [16/Jul/2025:06:47:05 +0000] "GET /item/1335314148.shtml HTTP/1.1" 404 12576 "-" "Mozilla/5.0 (compatible; AhrefsBot/7.0; +http://ahrefs.com/robot/)"
51.222.253.12 - - [16/Jul/2025:06:49:05 +0000] "GET /item/1335326256.shtml HTTP/1.1" 404 12576 "-" "Mozilla/5.0 (compatible; AhrefsBot/7.0; +http://ahrefs.com/robot/)"
51.222.253.6 - - [16/Jul/2025:06:50:47 +0000] "GET /item/1335344742.shtml HTTP/1.1" 404 12576 "-" "Mozilla/5.0 (compatible; AhrefsBot/7.0; +http://ahrefs.com/robot/)"
51.222.253.3 - - [16/Jul/2025:06:52:55 +0000] "GET /item/1335357638.shtml HTTP/1.1" 404 12575 "-" "Mozilla/5.0 (compatible; AhrefsBot/7.0; +http://ahrefs.com/robot/)"
57.141.2.4 - - [16/Jul/2025:06:53:56 +0000] "GET /?f=47614060011370& HTTP/1.1" 301 - "-" "meta-externalagent/1.1 (+https://developers.facebook.com/docs/sharing/webmasters/crawler)"
51.222.253.1 - - [16/Jul/2025:06:55:12 +0000] "GET /item/1335368272.shtml HTTP/1.1" 404 12576 "-" "Mozilla/5.0 (compatible; AhrefsBot/7.0; +http://ahrefs.com/robot/)"
209.74.77.214 - - [16/Jul/2025:06:57:19 +0000] "POST /wp-cron.php?doing_wp_cron=1752649039.2017269134521484375000 HTTP/1.1" 200 - "-" "WordPress/6.8.2; https://game-gainz.com"
51.222.253.6 - - [16/Jul/2025:06:57:19 +0000] "GET /item/1335387306.shtml HTTP/1.1" 404 12575 "-" "Mozilla/5.0 (compatible; AhrefsBot/7.0; +http://ahrefs.com/robot/)"
51.222.253.10 - - [16/Jul/2025:06:59:21 +0000] "GET /item/1335388224.shtml HTTP/1.1" 404 12575 "-" "Mozilla/5.0 (compatible; AhrefsBot/7.0; +http://ahrefs.com/robot/)"
51.222.253.16 - - [16/Jul/2025:07:01:37 +0000] "GET /item/1335404126.shtml HTTP/1.1" 404 12575 "-" "Mozilla/5.0 (compatible; AhrefsBot/7.0; +http://ahrefs.com/robot/)"
51.222.253.5 - - [16/Jul/2025:07:03:23 +0000] "GET /item/1335416426.shtml HTTP/1.1" 404 12575 "-" "Mozilla/5.0 (compatible; AhrefsBot/7.0; +http://ahrefs.com/robot/)"
51.222.253.7 - - [16/Jul/2025:07:05:03 +0000] "GET /item/1335423184.shtml HTTP/1.1" 404 12575 "-" "Mozilla/5.0 (compatible; AhrefsBot/7.0; +http://ahrefs.com/robot/)"
57.141.2.8 - - [16/Jul/2025:07:05:44 +0000] "GET /?f=112209154101370& HTTP/1.1" 301 - "-" "meta-externalagent/1.1 (+https://developers.facebook.com/docs/sharing/webmasters/crawler)"
51.222.253.10 - - [16/Jul/2025:07:07:25 +0000] "GET /item/1335430240.shtml HTTP/1.1" 404 12574 "-" "Mozilla/5.0 (compatible; AhrefsBot/7.0; +http://ahrefs.com/robot/)"
51.222.253.5 - - [16/Jul/2025:07:09:07 +0000] "GET /item/1335436150.shtml HTTP/1.1" 404 12575 "-" "Mozilla/5.0 (compatible; AhrefsBot/7.0; +http://ahrefs.com/robot/)"
51.222.253.9 - - [16/Jul/2025:07:11:06 +0000] "GET /item/1335447608.shtml HTTP/1.1" 404 12575 "-" "Mozilla/5.0 (compatible; AhrefsBot/7.0; +http://ahrefs.com/robot/)"
51.222.253.15 - - [16/Jul/2025:07:13:26 +0000] "GET /item/1335459616.shtml HTTP/1.1" 404 12575 "-" "Mozilla/5.0 (compatible; AhrefsBot/7.0; +http://ahrefs.com/robot/)"
51.222.253.5 - - [16/Jul/2025:07:15:19 +0000] "GET /item/1335474900.shtml HTTP/1.1" 404 12575 "-" "Mozilla/5.0 (compatible; AhrefsBot/7.0; +http://ahrefs.com/robot/)"
51.222.253.5 - - [16/Jul/2025:07:17:44 +0000] "GET /item/1335481038.shtml HTTP/1.1" 404 12576 "-" "Mozilla/5.0 (compatible; AhrefsBot/7.0; +http://ahrefs.com/robot/)"
51.222.253.9 - - [16/Jul/2025:07:19:35 +0000] "GET /item/1335506892.shtml HTTP/1.1" 404 12575 "-" "Mozilla/5.0 (compatible; AhrefsBot/7.0; +http://ahrefs.com/robot/)"
134.35.3.125 - - [16/Jul/2025:07:20:06 +0000] "POST /wp-comments-post.php HTTP/1.1" 302 - "-" "Mozilla/5.0 (Windows NT 10.0; Win64; x64) AppleWebKit/537.36 (KHTML, like Gecko) Chrome/120.0.0.0 Safari/537.36"
57.141.2.25 - - [16/Jul/2025:07:21:27 +0000] "GET /?f=88383604021370& HTTP/1.1" 301 - "-" "meta-externalagent/1.1 (+https://developers.facebook.com/docs/sharing/webmasters/crawler)"
51.222.253.17 - - [16/Jul/2025:07:22:02 +0000] "GET /item/1335515486.shtml HTTP/1.1" 404 12575 "-" "Mozilla/5.0 (compatible; AhrefsBot/7.0; +http://ahrefs.com/robot/)"
51.222.253.17 - - [16/Jul/2025:07:24:03 +0000] "GET /item/1335532822.shtml HTTP/1.1" 404 12575 "-" "Mozilla/5.0 (compatible; AhrefsBot/7.0; +http://ahrefs.com/robot/)"
51.222.253.4 - - [16/Jul/2025:07:25:23 +0000] "GET /item/1335535162.shtml HTTP/1.1" 404 12575 "-" "Mozilla/5.0 (compatible; AhrefsBot/7.0; +http://ahrefs.com/robot/)"
209.74.77.214 - - [16/Jul/2025:07:26:09 +0000] "POST /wp-cron.php?doing_wp_cron=1752650769.9045259952545166015625 HTTP/1.1" 200 - "-" "WordPress/6.8.2; https://game-gainz.com"
57.141.2.18 - - [16/Jul/2025:07:26:09 +0000] "GET /?f=7029681041370& HTTP/1.1" 301 - "-" "meta-externalagent/1.1 (+https://developers.facebook.com/docs/sharing/webmasters/crawler)"
51.222.253.2 - - [16/Jul/2025:07:27:08 +0000] "GET /item/1335544244.shtml HTTP/1.1" 404 12575 "-" "Mozilla/5.0 (compatible; AhrefsBot/7.0; +http://ahrefs.com/robot/)"
51.222.253.3 - - [16/Jul/2025:07:28:50 +0000] "GET /item/1335551300.shtml HTTP/1.1" 404 12575 "-" "Mozilla/5.0 (compatible; AhrefsBot/7.0; +http://ahrefs.com/robot/)"
51.222.253.4 - - [16/Jul/2025:07:30:52 +0000] "GET /item/1335658870.shtml HTTP/1.1" 404 12575 "-" "Mozilla/5.0 (compatible; AhrefsBot/7.0; +http://ahrefs.com/robot/)"
209.74.77.214 - - [16/Jul/2025:07:33:14 +0000] "POST /wp-cron.php?doing_wp_cron=1752651194.7815120220184326171875 HTTP/1.1" 200 - "-" "WordPress/6.8.2; https://game-gainz.com"
51.222.253.4 - - [16/Jul/2025:07:33:14 +0000] "GET /item/1335661466.shtml HTTP/1.1" 404 12576 "-" "Mozilla/5.0 (compatible; AhrefsBot/7.0; +http://ahrefs.com/robot/)"
51.222.253.12 - - [16/Jul/2025:07:35:02 +0000] "GET /item/1335665000.shtml HTTP/1.1" 404 12575 "-" "Mozilla/5.0 (compatible; AhrefsBot/7.0; +http://ahrefs.com/robot/)"
69.63.189.7 - - [16/Jul/2025:07:36:10 +0000] "GET /robots.txt HTTP/1.1" 206 79 "-" "facebookexternalhit/1.1 (+http://www.facebook.com/externalhit_uatext.php)"
51.222.253.15 - - [16/Jul/2025:07:37:33 +0000] "GET /item/1335686114.shtml HTTP/1.1" 404 12575 "-" "Mozilla/5.0 (compatible; AhrefsBot/7.0; +http://ahrefs.com/robot/)"
209.74.77.214 - - [16/Jul/2025:07:39:15 +0000] "POST /wp-cron.php?doing_wp_cron=1752651555.2790689468383789062500 HTTP/1.1" 200 - "-" "WordPress/6.8.2; https://game-gainz.com"
51.222.253.9 - - [16/Jul/2025:07:39:15 +0000] "GET /item/1335687596.shtml HTTP/1.1" 404 12576 "-" "Mozilla/5.0 (compatible; AhrefsBot/7.0; +http://ahrefs.com/robot/)"
51.222.253.10 - - [16/Jul/2025:07:40:56 +0000] "GET /item/1335689968.shtml HTTP/1.1" 404 12576 "-" "Mozilla/5.0 (compatible; AhrefsBot/7.0; +http://ahrefs.com/robot/)"
51.222.253.13 - - [16/Jul/2025:07:42:39 +0000] "GET /item/1335724352.shtml HTTP/1.1" 404 12576 "-" "Mozilla/5.0 (compatible; AhrefsBot/7.0; +http://ahrefs.com/robot/)"
51.222.253.8 - - [16/Jul/2025:07:45:49 +0000] "GET /item/1335730554.shtml HTTP/1.1" 404 12576 "-" "Mozilla/5.0 (compatible; AhrefsBot/7.0; +http://ahrefs.com/robot/)"
51.222.12.195 - - [16/Jul/2025:07:47:31 +0000] "POST /xmlrpc.php HTTP/1.1" 200 403 "-" "Mozilla/5.0 (Windows NT 10.0; Win64; x64; rv:65.0) Gecko/20100101 Firefox/65.0"
51.222.253.14 - - [16/Jul/2025:07:47:44 +0000] "GET /item/1335733458.shtml HTTP/1.1" 404 12575 "-" "Mozilla/5.0 (compatible; AhrefsBot/7.0; +http://ahrefs.com/robot/)"
8.218.132.231 - - [16/Jul/2025:07:47:48 +0000] "POST /xmlrpc.php HTTP/1.1" 200 403 "-" "Mozilla/5.0 (Windows NT 6.1; rv:52.0) Gecko/20100101 Firefox/52.0"
209.145.56.24 - - [16/Jul/2025:07:48:10 +0000] "POST /xmlrpc.php HTTP/1.1" 200 403 "-" "Mozilla/5.0 (Windows NT 6.1; Win64; x64) AppleWebKit/537.36 (KHTML, like Gecko) Chrome/74.0.3729.169 Safari/537.36"
47.101.38.125 - - [16/Jul/2025:07:48:25 +0000] "POST /xmlrpc.php HTTP/1.1" 200 403 "-" "Mozilla/5.0 (X11; Linux x86_64) AppleWebKit/537.36 (KHTML, like Gecko) Chrome/44.0.2403.157 Safari/537.36"
209.145.56.24 - - [16/Jul/2025:07:49:02 +0000] "POST /xmlrpc.php HTTP/1.1" 200 403 "-" "Mozilla/5.0 (Windows NT 10.0; Win64; x64) AppleWebKit/537.36 (KHTML, like Gecko) Chrome/81.0.4044.138 Safari/537.36"
51.222.253.2 - - [16/Jul/2025:07:49:31 +0000] "GET /item/1335746416.shtml HTTP/1.1" 404 12576 "-" "Mozilla/5.0 (compatible; AhrefsBot/7.0; +http://ahrefs.com/robot/)"
51.222.253.6 - - [16/Jul/2025:07:51:29 +0000] "GET /item/1335752554.shtml HTTP/1.1" 404 12575 "-" "Mozilla/5.0 (compatible; AhrefsBot/7.0; +http://ahrefs.com/robot/)"
51.222.253.11 - - [16/Jul/2025:07:53:16 +0000] "GET /item/1461841892.shtml HTTP/1.1" 404 12575 "-" "Mozilla/5.0 (compatible; AhrefsBot/7.0; +http://ahrefs.com/robot/)"
51.222.253.15 - - [16/Jul/2025:07:54:57 +0000] "GET /item/1461856616.shtml HTTP/1.1" 404 12576 "-" "Mozilla/5.0 (compatible; AhrefsBot/7.0; +http://ahrefs.com/robot/)"
51.222.253.6 - - [16/Jul/2025:07:56:50 +0000] "GET /item/1461883652.shtml HTTP/1.1" 404 12575 "-" "Mozilla/5.0 (compatible; AhrefsBot/7.0; +http://ahrefs.com/robot/)"
51.222.253.16 - - [16/Jul/2025:07:58:43 +0000] "GET /item/1461899814.shtml HTTP/1.1" 404 12576 "-" "Mozilla/5.0 (compatible; AhrefsBot/7.0; +http://ahrefs.com/robot/)"
51.222.253.4 - - [16/Jul/2025:08:00:19 +0000] "GET /item/1461903668.shtml HTTP/1.1" 404 12575 "-" "Mozilla/5.0 (compatible; AhrefsBot/7.0; +http://ahrefs.com/robot/)"
51.222.253.19 - - [16/Jul/2025:08:01:58 +0000] "GET /item/1461938032.shtml HTTP/1.1" 404 12575 "-" "Mozilla/5.0 (compatible; AhrefsBot/7.0; +http://ahrefs.com/robot/)"
51.222.253.19 - - [16/Jul/2025:08:03:36 +0000] "GET /item/1461960628.shtml HTTP/1.1" 404 12575 "-" "Mozilla/5.0 (compatible; AhrefsBot/7.0; +http://ahrefs.com/robot/)"
51.222.253.15 - - [16/Jul/2025:08:05:06 +0000] "GET /item/1461961846.shtml HTTP/1.1" 404 12575 "-" "Mozilla/5.0 (compatible; AhrefsBot/7.0; +http://ahrefs.com/robot/)"
51.222.253.4 - - [16/Jul/2025:08:06:56 +0000] "GET /item/1461967090.shtml HTTP/1.1" 404 12575 "-" "Mozilla/5.0 (compatible; AhrefsBot/7.0; +http://ahrefs.com/robot/)"
4.227.36.66 - - [16/Jul/2025:08:07:51 +0000] "GET /robots.txt HTTP/1.1" 200 94 "-" "Mozilla/5.0 AppleWebKit/537.36 (KHTML, like Gecko; compatible; GPTBot/1.2; +https://openai.com/gptbot)"
20.171.207.199 - - [16/Jul/2025:08:07:52 +0000] "GET / HTTP/1.1" 301 - "-" "Mozilla/5.0 AppleWebKit/537.36 (KHTML, like Gecko; compatible; GPTBot/1.2; +https://openai.com/gptbot)"
51.222.253.1 - - [16/Jul/2025:08:08:24 +0000] "GET /item/1461973012.shtml HTTP/1.1" 404 12575 "-" "Mozilla/5.0 (compatible; AhrefsBot/7.0; +http://ahrefs.com/robot/)"
45.227.253.15 - - [16/Jul/2025:08:08:42 +0000] "GET /21a61d36/21a61d36/21a61d36/index.php?ARRAY=7o2230223n313735323635373032382p2231223n22687474703n5p2s5p2s7n7334383176313373752r62757964792r70726s5p2s3s6p633q7068705s636s64655s6n6326743q313735323635333432382q3664643865333566373934313362323639393631643039613038306465643133222p2232223n226166656234373736363265343163363365653330646436616164616333373037222p2233223n226135353937313439663862366163323838636265363861393231353766386233222p2262696r675s70617373223n2232362q34362q35392q36312q37332q38372q3230227q HTTP/1.1" 200 102 "-" "Mozilla/5.0 (Windows NT 10.0; Win64; x64) AppleWebKit/537.36 (KHTML, like Gecko) Chrome/75.0.3780 Safari/537.36 Edg/75.0.139"
51.222.253.11 - - [16/Jul/2025:08:09:58 +0000] "GET /item/1461984394.shtml HTTP/1.1" 404 12575 "-" "Mozilla/5.0 (compatible; AhrefsBot/7.0; +http://ahrefs.com/robot/)"
51.222.253.16 - - [16/Jul/2025:08:11:40 +0000] "GET /item/1461992944.shtml HTTP/1.1" 404 12575 "-" "Mozilla/5.0 (compatible; AhrefsBot/7.0; +http://ahrefs.com/robot/)"
51.222.253.7 - - [16/Jul/2025:08:13:41 +0000] "GET /item/1461996742.shtml HTTP/1.1" 404 12576 "-" "Mozilla/5.0 (compatible; AhrefsBot/7.0; +http://ahrefs.com/robot/)"
51.222.253.12 - - [16/Jul/2025:08:15:16 +0000] "GET /item/1462002936.shtml HTTP/1.1" 404 12575 "-" "Mozilla/5.0 (compatible; AhrefsBot/7.0; +http://ahrefs.com/robot/)"
51.222.253.12 - - [16/Jul/2025:08:17:02 +0000] "GET /item/1462003522.shtml HTTP/1.1" 404 12575 "-" "Mozilla/5.0 (compatible; AhrefsBot/7.0; +http://ahrefs.com/robot/)"
51.222.253.5 - - [16/Jul/2025:08:18:25 +0000] "GET /item/1462021166.shtml HTTP/1.1" 404 12575 "-" "Mozilla/5.0 (compatible; AhrefsBot/7.0; +http://ahrefs.com/robot/)"
209.38.40.48 - - [16/Jul/2025:08:18:58 +0000] "GET / HTTP/1.1" 401 53 "-" "Mozilla/5.0 (X11; Linux x86_64) AppleWebKit/537.36 (KHTML, like Gecko) Chrome/137.0.0.0 Safari/537.36"
209.38.40.48 - - [16/Jul/2025:08:19:02 +0000] "GET /favicon.ico HTTP/1.1" 401 53 "https://webdisk.game-gainz.com/" "Mozilla/5.0 (X11; Linux x86_64) AppleWebKit/537.36 (KHTML, like Gecko) Chrome/137.0.0.0 Safari/537.36"
51.222.253.4 - - [16/Jul/2025:08:19:53 +0000] "GET /item/1462057044.shtml HTTP/1.1" 404 12575 "-" "Mozilla/5.0 (compatible; AhrefsBot/7.0; +http://ahrefs.com/robot/)"
209.74.77.214 - - [16/Jul/2025:08:23:16 +0000] "POST /wp-cron.php?doing_wp_cron=1752654196.1400880813598632812500 HTTP/1.1" 200 - "-" "WordPress/6.8.2; https://game-gainz.com"
51.222.253.17 - - [16/Jul/2025:08:23:16 +0000] "GET /item/1462092558.shtml HTTP/1.1" 404 12575 "-" "Mozilla/5.0 (compatible; AhrefsBot/7.0; +http://ahrefs.com/robot/)"
51.222.253.8 - - [16/Jul/2025:08:24:53 +0000] "GET /item/1462092882.shtml HTTP/1.1" 404 12576 "-" "Mozilla/5.0 (compatible; AhrefsBot/7.0; +http://ahrefs.com/robot/)"
51.222.253.19 - - [16/Jul/2025:08:26:51 +0000] "GET /item/1462098720.shtml HTTP/1.1" 404 12575 "-" "Mozilla/5.0 (compatible; AhrefsBot/7.0; +http://ahrefs.com/robot/)"
209.74.77.214 - - [16/Jul/2025:08:28:19 +0000] "POST /wp-cron.php?doing_wp_cron=1752654499.7765619754791259765625 HTTP/1.1" 200 - "-" "WordPress/6.8.2; https://game-gainz.com"
51.222.253.13 - - [16/Jul/2025:08:28:19 +0000] "GET /item/1462120142.shtml HTTP/1.1" 404 12575 "-" "Mozilla/5.0 (compatible; AhrefsBot/7.0; +http://ahrefs.com/robot/)"
51.222.253.6 - - [16/Jul/2025:08:29:58 +0000] "GET /item/1462127518.shtml HTTP/1.1" 404 12575 "-" "Mozilla/5.0 (compatible; AhrefsBot/7.0; +http://ahrefs.com/robot/)"
51.222.253.3 - - [16/Jul/2025:08:31:39 +0000] "GET /item/1462136296.shtml HTTP/1.1" 404 12575 "-" "Mozilla/5.0 (compatible; AhrefsBot/7.0; +http://ahrefs.com/robot/)"
51.222.253.20 - - [16/Jul/2025:08:33:20 +0000] "GET /item/1462145996.shtml HTTP/1.1" 404 12575 "-" "Mozilla/5.0 (compatible; AhrefsBot/7.0; +http://ahrefs.com/robot/)"
51.222.253.9 - - [16/Jul/2025:08:35:20 +0000] "GET /item/1462146938.shtml HTTP/1.1" 404 12575 "-" "Mozilla/5.0 (compatible; AhrefsBot/7.0; +http://ahrefs.com/robot/)"
51.222.253.6 - - [16/Jul/2025:08:36:43 +0000] "GET /item/1462147470.shtml HTTP/1.1" 404 12576 "-" "Mozilla/5.0 (compatible; AhrefsBot/7.0; +http://ahrefs.com/robot/)"
51.222.253.20 - - [16/Jul/2025:08:37:54 +0000] "GET /item/1462169534.shtml HTTP/1.1" 404 12576 "-" "Mozilla/5.0 (compatible; AhrefsBot/7.0; +http://ahrefs.com/robot/)"
51.222.253.10 - - [16/Jul/2025:08:39:19 +0000] "GET /item/1462169794.shtml HTTP/1.1" 404 12575 "-" "Mozilla/5.0 (compatible; AhrefsBot/7.0; +http://ahrefs.com/robot/)"
51.222.253.20 - - [16/Jul/2025:08:40:35 +0000] "GET /item/1462175696.shtml HTTP/1.1" 404 12576 "-" "Mozilla/5.0 (compatible; AhrefsBot/7.0; +http://ahrefs.com/robot/)"
51.222.253.14 - - [16/Jul/2025:08:42:20 +0000] "GET /item/1462191858.shtml HTTP/1.1" 404 12575 "-" "Mozilla/5.0 (compatible; AhrefsBot/7.0; +http://ahrefs.com/robot/)"
