Current File : /home/kelaby89/access-logs/kraft-court.cafe.sixpack.studio |
205.210.31.3 - - [15/Jul/2025:12:11:04 +0000] "GET / HTTP/1.1" 301 - "-" "Hello from Palo Alto Networks, find out more about our scans in https://docs-cortex.paloaltonetworks.com/r/1/Cortex-Xpanse/Scanning-activity"
216.244.66.202 - - [15/Jul/2025:12:14:15 +0000] "GET /robots.txt HTTP/1.1" 200 81 "-" "Mozilla/5.0 (compatible; DotBot/1.2; +https://opensiteexplorer.org/dotbot; [email protected])"
209.74.77.214 - - [15/Jul/2025:12:24:01 +0000] "POST /wp-cron.php?doing_wp_cron=1752582241.0712299346923828125000 HTTP/1.1" 200 - "-" "WordPress/6.8.1; https://kraft-court.cafe"
167.94.138.44 - - [15/Jul/2025:12:24:00 +0000] "GET / HTTP/1.1" 301 - "-" "Mozilla/5.0 (compatible; CensysInspect/1.1; +https://about.censys.io/)"
167.94.138.44 - - [15/Jul/2025:12:24:29 +0000] "GET /favicon.ico HTTP/1.1" 302 - "-" "Mozilla/5.0 (compatible; CensysInspect/1.1; +https://about.censys.io/)"
167.94.138.44 - - [15/Jul/2025:12:24:36 +0000] "GET /wp-includes/images/w-logo-blue-white-bg.png HTTP/1.1" 200 4119 "http://kraft-court.cafe/favicon.ico" "Mozilla/5.0 (compatible; CensysInspect/1.1; +https://about.censys.io/)"
209.74.77.214 - - [15/Jul/2025:12:24:47 +0000] "POST /wp-cron.php?doing_wp_cron=1752582287.3640060424804687500000 HTTP/1.1" 200 - "-" "WordPress/6.8.1; https://kraft-court.cafe"
216.244.66.202 - - [15/Jul/2025:12:24:47 +0000] "GET / HTTP/1.1" 301 - "-" "Mozilla/5.0 (compatible; DotBot/1.2; +https://opensiteexplorer.org/dotbot; [email protected])"
167.94.138.44 - - [15/Jul/2025:12:25:03 +0000] "GET /sitemap.xml HTTP/1.1" 200 4639 "-" "Mozilla/5.0 (compatible; CensysInspect/1.1; +https://about.censys.io/)"
209.74.77.214 - - [15/Jul/2025:12:43:27 +0000] "POST /wp-cron.php?doing_wp_cron=1752583407.1867089271545410156250 HTTP/1.1" 200 - "-" "WordPress/6.8.1; https://kraft-court.cafe"
43.134.141.244 - - [15/Jul/2025:12:43:26 +0000] "GET / HTTP/1.1" 301 - "-" "Mozilla/5.0 (iPhone; CPU iPhone OS 13_2_3 like Mac OS X) AppleWebKit/605.1.15 (KHTML, like Gecko) Version/13.0.3 Mobile/15E148 Safari/604.1"
209.74.77.214 - - [15/Jul/2025:13:34:47 +0000] "POST /wp-cron.php?doing_wp_cron=1752586487.2898170948028564453125 HTTP/1.1" 200 - "-" "WordPress/6.8.1; https://kraft-court.cafe"
182.43.70.143 - - [15/Jul/2025:13:34:45 +0000] "GET / HTTP/1.1" 301 - "-" "Mozilla/5.0 (iPhone; CPU iPhone OS 13_2_3 like Mac OS X) AppleWebKit/605.1.15 (KHTML, like Gecko) Version/13.0.3 Mobile/15E148 Safari/604.1"
51.222.253.20 - - [15/Jul/2025:13:36:49 +0000] "GET /robots.txt HTTP/1.1" 200 96 "-" "Mozilla/5.0 (compatible; AhrefsBot/7.0; +http://ahrefs.com/robot/)"
209.74.77.214 - - [15/Jul/2025:13:36:55 +0000] "POST /wp-cron.php?doing_wp_cron=1752586615.4681479930877685546875 HTTP/1.1" 200 - "-" "WordPress/6.8.1; https://kraft-court.cafe"
51.222.253.16 - - [15/Jul/2025:13:36:53 +0000] "GET /detail/534295884.htm HTTP/1.1" 404 1873 "-" "Mozilla/5.0 (compatible; AhrefsBot/7.0; +http://ahrefs.com/robot/)"
209.74.77.214 - - [15/Jul/2025:13:40:57 +0000] "POST /wp-cron.php?doing_wp_cron=1752586857.1784880161285400390625 HTTP/1.1" 200 - "-" "WordPress/6.8.1; https://kraft-court.cafe"
167.94.146.59 - - [15/Jul/2025:13:40:55 +0000] "GET / HTTP/1.1" 301 - "-" "Mozilla/5.0 (compatible; CensysInspect/1.1; +https://about.censys.io/)"
51.222.253.6 - - [15/Jul/2025:13:41:01 +0000] "GET /detail/534299467.htm HTTP/1.1" 404 1873 "-" "Mozilla/5.0 (compatible; AhrefsBot/7.0; +http://ahrefs.com/robot/)"
167.94.146.59 - - [15/Jul/2025:13:41:03 +0000] "GET /favicon.ico HTTP/1.1" 302 - "-" "Mozilla/5.0 (compatible; CensysInspect/1.1; +https://about.censys.io/)"
167.94.146.59 - - [15/Jul/2025:13:41:04 +0000] "GET /wp-includes/images/w-logo-blue-white-bg.png HTTP/1.1" 200 4119 "http://kraft-court.cafe/favicon.ico" "Mozilla/5.0 (compatible; CensysInspect/1.1; +https://about.censys.io/)"
167.94.146.59 - - [15/Jul/2025:13:41:09 +0000] "GET /wiki HTTP/1.1" 404 1858 "-" "Mozilla/5.0 (compatible; CensysInspect/1.1; +https://about.censys.io/)"
209.74.77.214 - - [15/Jul/2025:13:45:39 +0000] "POST /wp-cron.php?doing_wp_cron=1752587139.9091200828552246093750 HTTP/1.1" 200 - "-" "WordPress/6.8.1; https://kraft-court.cafe"
51.222.253.19 - - [15/Jul/2025:13:45:38 +0000] "GET /detail/534344468.htm HTTP/1.1" 404 1872 "-" "Mozilla/5.0 (compatible; AhrefsBot/7.0; +http://ahrefs.com/robot/)"
209.74.77.214 - - [15/Jul/2025:13:45:44 +0000] "POST /wp-cron.php?doing_wp_cron=1752587144.1550669670104980468750 HTTP/1.1" 200 - "-" "WordPress/6.8.1; https://kraft-court.cafe"
143.198.229.0 - - [15/Jul/2025:13:45:43 +0000] "GET /uploaded_script.php HTTP/1.1" 404 1862 "www.google.com" "Mozilla/5.0 (Linux; Android 7.0; SM-G892A Build/NRD90M; wv) AppleWebKit/537.36 (KHTML, like Gecko) Version/4.0 Chrome/60.0.3112.107 Mobile Safari/537.36"
209.74.77.214 - - [15/Jul/2025:13:49:31 +0000] "POST /wp-cron.php?doing_wp_cron=1752587371.0072979927062988281250 HTTP/1.1" 200 - "-" "WordPress/6.8.1; https://kraft-court.cafe"
51.222.253.6 - - [15/Jul/2025:13:49:29 +0000] "GET /detail/534370804.htm HTTP/1.1" 404 1872 "-" "Mozilla/5.0 (compatible; AhrefsBot/7.0; +http://ahrefs.com/robot/)"
69.171.231.2 - - [15/Jul/2025:13:50:50 +0000] "GET /robots.txt HTTP/1.1" 206 81 "-" "facebookexternalhit/1.1 (+http://www.facebook.com/externalhit_uatext.php)"
57.141.2.2 - - [15/Jul/2025:13:51:04 +0000] "GET /sitemap.xml HTTP/1.1" 200 163409 "-" "meta-externalagent/1.1 (+https://developers.facebook.com/docs/sharing/webmasters/crawler)"
209.74.77.214 - - [15/Jul/2025:13:53:47 +0000] "POST /wp-cron.php?doing_wp_cron=1752587627.2064568996429443359375 HTTP/1.1" 200 - "-" "WordPress/6.8.1; https://kraft-court.cafe"
51.222.253.20 - - [15/Jul/2025:13:53:45 +0000] "GET /detail/534404300.htm HTTP/1.1" 404 1872 "-" "Mozilla/5.0 (compatible; AhrefsBot/7.0; +http://ahrefs.com/robot/)"
209.74.77.214 - - [15/Jul/2025:13:58:14 +0000] "POST /wp-cron.php?doing_wp_cron=1752587894.0378611087799072265625 HTTP/1.1" 200 - "-" "WordPress/6.8.1; https://kraft-court.cafe"
51.222.253.14 - - [15/Jul/2025:13:58:12 +0000] "GET /detail/534419356.htm HTTP/1.1" 404 1873 "-" "Mozilla/5.0 (compatible; AhrefsBot/7.0; +http://ahrefs.com/robot/)"
209.74.77.214 - - [15/Jul/2025:14:02:05 +0000] "POST /wp-cron.php?doing_wp_cron=1752588125.6744310855865478515625 HTTP/1.1" 200 - "-" "WordPress/6.8.1; https://kraft-court.cafe"
51.222.253.8 - - [15/Jul/2025:14:02:03 +0000] "GET /detail/534424628.htm HTTP/1.1" 404 1873 "-" "Mozilla/5.0 (compatible; AhrefsBot/7.0; +http://ahrefs.com/robot/)"
209.74.77.214 - - [15/Jul/2025:14:05:52 +0000] "POST /wp-cron.php?doing_wp_cron=1752588352.1257519721984863281250 HTTP/1.1" 200 - "-" "WordPress/6.8.1; https://kraft-court.cafe"
167.94.138.189 - - [15/Jul/2025:14:05:50 +0000] "GET / HTTP/1.1" 301 - "-" "Mozilla/5.0 (compatible; CensysInspect/1.1; +https://about.censys.io/)"
51.222.253.12 - - [15/Jul/2025:14:06:00 +0000] "GET /detail/534438423.htm HTTP/1.1" 404 1872 "-" "Mozilla/5.0 (compatible; AhrefsBot/7.0; +http://ahrefs.com/robot/)"
209.74.77.214 - - [15/Jul/2025:14:10:26 +0000] "POST /wp-cron.php?doing_wp_cron=1752588626.1570000648498535156250 HTTP/1.1" 200 - "-" "WordPress/6.8.1; https://kraft-court.cafe"
51.222.253.8 - - [15/Jul/2025:14:10:24 +0000] "GET /detail/534456629.htm HTTP/1.1" 404 1872 "-" "Mozilla/5.0 (compatible; AhrefsBot/7.0; +http://ahrefs.com/robot/)"
209.74.77.214 - - [15/Jul/2025:14:14:51 +0000] "POST /wp-cron.php?doing_wp_cron=1752588891.8081789016723632812500 HTTP/1.1" 200 - "-" "WordPress/6.8.1; https://kraft-court.cafe"
51.222.253.9 - - [15/Jul/2025:14:14:50 +0000] "GET /detail/534491618.htm HTTP/1.1" 404 1872 "-" "Mozilla/5.0 (compatible; AhrefsBot/7.0; +http://ahrefs.com/robot/)"
209.74.77.214 - - [15/Jul/2025:14:19:05 +0000] "POST /wp-cron.php?doing_wp_cron=1752589145.0984799861907958984375 HTTP/1.1" 200 - "-" "WordPress/6.8.1; https://kraft-court.cafe"
51.222.253.3 - - [15/Jul/2025:14:19:03 +0000] "GET /detail/534500369.htm HTTP/1.1" 404 1872 "-" "Mozilla/5.0 (compatible; AhrefsBot/7.0; +http://ahrefs.com/robot/)"
209.74.77.214 - - [15/Jul/2025:14:23:17 +0000] "POST /wp-cron.php?doing_wp_cron=1752589397.4223299026489257812500 HTTP/1.1" 200 - "-" "WordPress/6.8.1; https://kraft-court.cafe"
51.222.253.16 - - [15/Jul/2025:14:23:15 +0000] "GET /detail/534504626.htm HTTP/1.1" 404 1873 "-" "Mozilla/5.0 (compatible; AhrefsBot/7.0; +http://ahrefs.com/robot/)"
209.74.77.214 - - [15/Jul/2025:14:27:35 +0000] "POST /wp-cron.php?doing_wp_cron=1752589655.5708870887756347656250 HTTP/1.1" 200 - "-" "WordPress/6.8.1; https://kraft-court.cafe"
51.222.253.11 - - [15/Jul/2025:14:27:33 +0000] "GET /detail/534527260.htm HTTP/1.1" 404 1872 "-" "Mozilla/5.0 (compatible; AhrefsBot/7.0; +http://ahrefs.com/robot/)"
209.74.77.214 - - [15/Jul/2025:14:31:57 +0000] "POST /wp-cron.php?doing_wp_cron=1752589917.7632980346679687500000 HTTP/1.1" 200 - "-" "WordPress/6.8.1; https://kraft-court.cafe"
51.222.253.5 - - [15/Jul/2025:14:31:56 +0000] "GET /detail/534532370.htm HTTP/1.1" 404 1872 "-" "Mozilla/5.0 (compatible; AhrefsBot/7.0; +http://ahrefs.com/robot/)"
209.74.77.214 - - [15/Jul/2025:14:36:32 +0000] "POST /wp-cron.php?doing_wp_cron=1752590192.4700009822845458984375 HTTP/1.1" 200 - "-" "WordPress/6.8.1; https://kraft-court.cafe"
51.222.253.13 - - [15/Jul/2025:14:36:31 +0000] "GET /detail/534536041.htm HTTP/1.1" 404 1872 "-" "Mozilla/5.0 (compatible; AhrefsBot/7.0; +http://ahrefs.com/robot/)"
209.74.77.214 - - [15/Jul/2025:14:41:00 +0000] "POST /wp-cron.php?doing_wp_cron=1752590460.7715940475463867187500 HTTP/1.1" 200 - "-" "WordPress/6.8.1; https://kraft-court.cafe"
51.222.253.10 - - [15/Jul/2025:14:41:00 +0000] "GET /detail/534552922.htm HTTP/1.1" 404 1873 "-" "Mozilla/5.0 (compatible; AhrefsBot/7.0; +http://ahrefs.com/robot/)"
51.222.253.4 - - [15/Jul/2025:14:51:01 +0000] "GET /detail/534560788.htm HTTP/1.1" 404 1872 "-" "Mozilla/5.0 (compatible; AhrefsBot/7.0; +http://ahrefs.com/robot/)"
51.222.253.4 - - [15/Jul/2025:14:55:49 +0000] "GET /detail/534589172.htm HTTP/1.1" 404 1873 "-" "Mozilla/5.0 (compatible; AhrefsBot/7.0; +http://ahrefs.com/robot/)"
51.222.253.19 - - [15/Jul/2025:15:00:07 +0000] "GET /detail/534591904.htm HTTP/1.1" 404 1873 "-" "Mozilla/5.0 (compatible; AhrefsBot/7.0; +http://ahrefs.com/robot/)"
51.222.253.13 - - [15/Jul/2025:15:04:14 +0000] "GET /detail/534626413.htm HTTP/1.1" 404 1872 "-" "Mozilla/5.0 (compatible; AhrefsBot/7.0; +http://ahrefs.com/robot/)"
167.94.138.42 - - [15/Jul/2025:15:08:01 +0000] "GET / HTTP/1.1" 301 - "-" "Mozilla/5.0 (compatible; CensysInspect/1.1; +https://about.censys.io/)"
209.74.77.214 - - [15/Jul/2025:15:08:33 +0000] "POST /wp-cron.php?doing_wp_cron=1752592113.9589099884033203125000 HTTP/1.1" 200 - "-" "WordPress/6.8.1; https://kraft-court.cafe"
51.222.253.4 - - [15/Jul/2025:15:08:33 +0000] "GET /detail/534627778.htm HTTP/1.1" 404 1873 "-" "Mozilla/5.0 (compatible; AhrefsBot/7.0; +http://ahrefs.com/robot/)"
209.74.77.214 - - [15/Jul/2025:15:08:44 +0000] "POST /wp-cron.php?doing_wp_cron=1752592124.6131620407104492187500 HTTP/1.1" 200 - "-" "WordPress/6.8.1; https://kraft-court.cafe"
167.94.138.42 - - [15/Jul/2025:15:08:44 +0000] "GET /favicon.ico HTTP/1.1" 302 - "-" "Mozilla/5.0 (compatible; CensysInspect/1.1; +https://about.censys.io/)"
167.94.138.42 - - [15/Jul/2025:15:09:35 +0000] "GET /robots.txt HTTP/1.1" 200 96 "-" "Mozilla/5.0 (compatible; CensysInspect/1.1; +https://about.censys.io/)"
51.222.253.20 - - [15/Jul/2025:15:12:42 +0000] "GET /detail/534639259.htm HTTP/1.1" 404 1870 "-" "Mozilla/5.0 (compatible; AhrefsBot/7.0; +http://ahrefs.com/robot/)"
51.222.253.10 - - [15/Jul/2025:15:16:52 +0000] "GET /detail/534646869.htm HTTP/1.1" 404 1871 "-" "Mozilla/5.0 (compatible; AhrefsBot/7.0; +http://ahrefs.com/robot/)"
192.42.116.177 - - [15/Jul/2025:15:18:51 +0000] "GET / HTTP/1.1" 301 - "kraft-court.cafe" "Mozilla/5.0 (Linux; Android 9; ANE-LX3 Build/HUAWEIANE-L23; wv) AppleWebKit/537.36 (KHTML, like Gecko) Version/4.0 Chrome/44.0.2403.119 Mobile Safari/537.36 ACHEETAHI/1"
51.222.253.7 - - [15/Jul/2025:15:25:29 +0000] "GET /detail/534664913.htm HTTP/1.1" 404 1872 "-" "Mozilla/5.0 (compatible; AhrefsBot/7.0; +http://ahrefs.com/robot/)"
209.74.77.214 - - [15/Jul/2025:15:29:45 +0000] "POST /wp-cron.php?doing_wp_cron=1752593385.9433500766754150390625 HTTP/1.1" 200 - "-" "WordPress/6.8.1; https://kraft-court.cafe"
51.222.253.10 - - [15/Jul/2025:15:29:45 +0000] "GET /detail/534677985.htm HTTP/1.1" 404 1873 "-" "Mozilla/5.0 (compatible; AhrefsBot/7.0; +http://ahrefs.com/robot/)"
209.74.77.214 - - [15/Jul/2025:15:34:00 +0000] "POST /wp-cron.php?doing_wp_cron=1752593640.2371449470520019531250 HTTP/1.1" 200 - "-" "WordPress/6.8.1; https://kraft-court.cafe"
51.222.253.9 - - [15/Jul/2025:15:33:59 +0000] "GET /detail/534680075.htm HTTP/1.1" 404 1872 "-" "Mozilla/5.0 (compatible; AhrefsBot/7.0; +http://ahrefs.com/robot/)"
209.74.77.214 - - [15/Jul/2025:15:38:12 +0000] "POST /wp-cron.php?doing_wp_cron=1752593892.1866331100463867187500 HTTP/1.1" 200 - "-" "WordPress/6.8.1; https://kraft-court.cafe"
51.222.253.13 - - [15/Jul/2025:15:38:11 +0000] "GET /detail/534681602.htm HTTP/1.1" 404 1872 "-" "Mozilla/5.0 (compatible; AhrefsBot/7.0; +http://ahrefs.com/robot/)"
51.68.236.94 - - [15/Jul/2025:15:42:06 +0000] "GET /robots.txt HTTP/1.1" 200 96 "-" "Mozilla/5.0 (compatible; MJ12bot/v2.0.2; http://mj12bot.com/)"
209.74.77.214 - - [15/Jul/2025:15:42:07 +0000] "POST /wp-cron.php?doing_wp_cron=1752594127.9194450378417968750000 HTTP/1.1" 200 - "-" "WordPress/6.8.1; https://kraft-court.cafe"
51.68.236.94 - - [15/Jul/2025:15:42:06 +0000] "GET / HTTP/1.1" 301 - "-" "Mozilla/5.0 (compatible; MJ12bot/v2.0.2; http://mj12bot.com/)"
209.74.77.214 - - [15/Jul/2025:15:42:53 +0000] "POST /wp-cron.php?doing_wp_cron=1752594173.1135480403900146484375 HTTP/1.1" 200 - "-" "WordPress/6.8.1; https://kraft-court.cafe"
51.222.253.13 - - [15/Jul/2025:15:42:52 +0000] "GET /detail/534685859.htm HTTP/1.1" 404 1873 "-" "Mozilla/5.0 (compatible; AhrefsBot/7.0; +http://ahrefs.com/robot/)"
209.74.77.214 - - [15/Jul/2025:15:47:13 +0000] "POST /wp-cron.php?doing_wp_cron=1752594433.5543138980865478515625 HTTP/1.1" 200 - "-" "WordPress/6.8.1; https://kraft-court.cafe"
51.222.253.19 - - [15/Jul/2025:15:47:11 +0000] "GET /detail/534695549.htm HTTP/1.1" 404 1873 "-" "Mozilla/5.0 (compatible; AhrefsBot/7.0; +http://ahrefs.com/robot/)"
209.74.77.214 - - [15/Jul/2025:15:52:01 +0000] "POST /wp-cron.php?doing_wp_cron=1752594721.3450479507446289062500 HTTP/1.1" 200 - "-" "WordPress/6.8.1; https://kraft-court.cafe"
51.222.253.1 - - [15/Jul/2025:15:51:59 +0000] "GET /detail/534701205.htm HTTP/1.1" 404 1872 "-" "Mozilla/5.0 (compatible; AhrefsBot/7.0; +http://ahrefs.com/robot/)"
209.74.77.214 - - [15/Jul/2025:15:56:35 +0000] "POST /wp-cron.php?doing_wp_cron=1752594995.1675839424133300781250 HTTP/1.1" 200 - "-" "WordPress/6.8.1; https://kraft-court.cafe"
51.222.253.14 - - [15/Jul/2025:15:56:32 +0000] "GET /detail/534711545.htm HTTP/1.1" 404 1873 "-" "Mozilla/5.0 (compatible; AhrefsBot/7.0; +http://ahrefs.com/robot/)"
209.74.77.214 - - [15/Jul/2025:16:01:00 +0000] "POST /wp-cron.php?doing_wp_cron=1752595260.6558439731597900390625 HTTP/1.1" 200 - "-" "WordPress/6.8.1; https://kraft-court.cafe"
51.222.253.19 - - [15/Jul/2025:16:00:59 +0000] "GET /detail/534731679.htm HTTP/1.1" 404 1873 "-" "Mozilla/5.0 (compatible; AhrefsBot/7.0; +http://ahrefs.com/robot/)"
209.74.77.214 - - [15/Jul/2025:16:05:37 +0000] "POST /wp-cron.php?doing_wp_cron=1752595537.2842760086059570312500 HTTP/1.1" 200 - "-" "WordPress/6.8.1; https://kraft-court.cafe"
51.222.253.2 - - [15/Jul/2025:16:05:35 +0000] "GET /detail/534733206.htm HTTP/1.1" 404 1871 "-" "Mozilla/5.0 (compatible; AhrefsBot/7.0; +http://ahrefs.com/robot/)"
209.74.77.214 - - [15/Jul/2025:16:09:59 +0000] "POST /wp-cron.php?doing_wp_cron=1752595799.9532909393310546875000 HTTP/1.1" 200 - "-" "WordPress/6.8.1; https://kraft-court.cafe"
51.222.253.17 - - [15/Jul/2025:16:09:59 +0000] "GET /detail/534750738.htm HTTP/1.1" 404 1872 "-" "Mozilla/5.0 (compatible; AhrefsBot/7.0; +http://ahrefs.com/robot/)"
209.74.77.214 - - [15/Jul/2025:16:14:56 +0000] "POST /wp-cron.php?doing_wp_cron=1752596096.4777460098266601562500 HTTP/1.1" 200 - "-" "WordPress/6.8.1; https://kraft-court.cafe"
51.222.253.6 - - [15/Jul/2025:16:14:56 +0000] "GET /detail/534787937.htm HTTP/1.1" 404 1872 "-" "Mozilla/5.0 (compatible; AhrefsBot/7.0; +http://ahrefs.com/robot/)"
209.74.77.214 - - [15/Jul/2025:16:19:55 +0000] "POST /wp-cron.php?doing_wp_cron=1752596395.0750091075897216796875 HTTP/1.1" 200 - "-" "WordPress/6.8.1; https://kraft-court.cafe"
51.222.253.5 - - [15/Jul/2025:16:19:54 +0000] "GET /detail/534797370.htm HTTP/1.1" 404 1873 "-" "Mozilla/5.0 (compatible; AhrefsBot/7.0; +http://ahrefs.com/robot/)"
209.74.77.214 - - [15/Jul/2025:16:24:40 +0000] "POST /wp-cron.php?doing_wp_cron=1752596680.7113540172576904296875 HTTP/1.1" 200 - "-" "WordPress/6.8.1; https://kraft-court.cafe"
51.222.253.10 - - [15/Jul/2025:16:24:40 +0000] "GET /detail/534811839.htm HTTP/1.1" 404 1872 "-" "Mozilla/5.0 (compatible; AhrefsBot/7.0; +http://ahrefs.com/robot/)"
51.222.253.4 - - [15/Jul/2025:16:29:53 +0000] "GET /detail/534832359.htm HTTP/1.1" 404 1873 "-" "Mozilla/5.0 (compatible; AhrefsBot/7.0; +http://ahrefs.com/robot/)"
209.74.77.214 - - [15/Jul/2025:16:34:48 +0000] "POST /wp-cron.php?doing_wp_cron=1752597288.6872808933258056640625 HTTP/1.1" 200 - "-" "WordPress/6.8.1; https://kraft-court.cafe"
51.222.253.12 - - [15/Jul/2025:16:34:48 +0000] "GET /detail/534836819.htm HTTP/1.1" 404 1873 "-" "Mozilla/5.0 (compatible; AhrefsBot/7.0; +http://ahrefs.com/robot/)"
209.74.77.214 - - [15/Jul/2025:16:39:35 +0000] "POST /wp-cron.php?doing_wp_cron=1752597575.9362781047821044921875 HTTP/1.1" 200 - "-" "WordPress/6.8.1; https://kraft-court.cafe"
51.222.253.10 - - [15/Jul/2025:16:39:35 +0000] "GET /detail/534855025.htm HTTP/1.1" 404 1871 "-" "Mozilla/5.0 (compatible; AhrefsBot/7.0; +http://ahrefs.com/robot/)"
51.222.253.12 - - [15/Jul/2025:16:44:30 +0000] "GET /detail/534878147.htm HTTP/1.1" 404 1873 "-" "Mozilla/5.0 (compatible; AhrefsBot/7.0; +http://ahrefs.com/robot/)"
209.74.77.214 - - [15/Jul/2025:16:49:00 +0000] "POST /wp-cron.php?doing_wp_cron=1752598140.3571450710296630859375 HTTP/1.1" 200 - "-" "WordPress/6.8.1; https://kraft-court.cafe"
51.222.253.6 - - [15/Jul/2025:16:48:58 +0000] "GET /detail/534881916.htm HTTP/1.1" 404 1873 "-" "Mozilla/5.0 (compatible; AhrefsBot/7.0; +http://ahrefs.com/robot/)"
129.211.215.233 - - [15/Jul/2025:16:49:12 +0000] "GET / HTTP/1.1" 301 - "-" "Mozilla/5.0 (iPhone; CPU iPhone OS 13_2_3 like Mac OS X) AppleWebKit/605.1.15 (KHTML, like Gecko) Version/13.0.3 Mobile/15E148 Safari/604.1"
209.74.77.214 - - [15/Jul/2025:16:53:49 +0000] "POST /wp-cron.php?doing_wp_cron=1752598429.2769689559936523437500 HTTP/1.1" 200 - "-" "WordPress/6.8.1; https://kraft-court.cafe"
51.222.253.2 - - [15/Jul/2025:16:53:47 +0000] "GET /detail/534882438.htm HTTP/1.1" 404 1872 "-" "Mozilla/5.0 (compatible; AhrefsBot/7.0; +http://ahrefs.com/robot/)"
209.74.77.214 - - [15/Jul/2025:16:57:02 +0000] "POST /wp-cron.php?doing_wp_cron=1752598622.9180440902709960937500 HTTP/1.1" 200 - "-" "WordPress/6.8.1; https://kraft-court.cafe"
43.156.228.27 - - [15/Jul/2025:16:57:02 +0000] "GET / HTTP/1.1" 301 - "-" "Mozilla/5.0 (iPhone; CPU iPhone OS 13_2_3 like Mac OS X) AppleWebKit/605.1.15 (KHTML, like Gecko) Version/13.0.3 Mobile/15E148 Safari/604.1"
209.74.77.214 - - [15/Jul/2025:17:54:39 +0000] "POST /wp-cron.php?doing_wp_cron=1752602079.9856460094451904296875 HTTP/1.1" 200 - "-" "WordPress/6.8.1; https://kraft-court.cafe"
82.147.84.163 - - [15/Jul/2025:17:54:39 +0000] "GET / HTTP/1.0" 301 - "-" "Mozilla/5.0 (Windows NT 10.0; Win64; x64) AppleWebKit/537.36 (KHTML, like Gecko) Chrome/118.0.0.0 Safari/537.36"
209.74.77.214 - - [15/Jul/2025:17:56:59 +0000] "POST /wp-cron.php?doing_wp_cron=1752602219.5563580989837646484375 HTTP/1.1" 200 - "-" "WordPress/6.8.1; https://kraft-court.cafe"
205.210.31.120 - - [15/Jul/2025:17:56:57 +0000] "GET / HTTP/1.1" 301 - "-" "\"Xpanse-bot"
209.74.77.214 - - [15/Jul/2025:17:58:07 +0000] "POST /wp-cron.php?doing_wp_cron=1752602287.0625360012054443359375 HTTP/1.1" 200 - "-" "WordPress/6.8.1; https://kraft-court.cafe"
34.123.170.104 - - [15/Jul/2025:17:58:05 +0000] "GET / HTTP/1.1" 301 - "-" "Mozilla/5.0 (X11; Linux x86_64) AppleWebKit/537.36 (KHTML, like Gecko) HeadlessChrome/117.0.5938.132 Safari/537.36"
205.169.39.7 - - [15/Jul/2025:17:58:07 +0000] "GET / HTTP/1.1" 301 - "-" "Mozilla/5.0 (Windows NT 10.0) AppleWebKit/537.36 (KHTML, like Gecko) Chrome/106.0.0.0 Safari/537.36"
34.122.147.229 - - [15/Jul/2025:17:58:13 +0000] "GET / HTTP/1.1" 301 - "-" "Mozilla/5.0 (Macintosh; Intel Mac OS X 10_15_4) AppleWebKit/537.36 (KHTML, like Gecko) Chrome/83.0.4103.97 Safari/537.36"
209.74.77.214 - - [15/Jul/2025:18:19:04 +0000] "POST /wp-cron.php?doing_wp_cron=1752603544.8350749015808105468750 HTTP/1.1" 200 - "-" "WordPress/6.8.1; https://kraft-court.cafe"
43.153.113.127 - - [15/Jul/2025:18:19:03 +0000] "GET / HTTP/1.1" 301 - "-" "Mozilla/5.0 (iPhone; CPU iPhone OS 13_2_3 like Mac OS X) AppleWebKit/605.1.15 (KHTML, like Gecko) Version/13.0.3 Mobile/15E148 Safari/604.1"
209.74.77.214 - - [15/Jul/2025:18:25:58 +0000] "POST /wp-cron.php?doing_wp_cron=1752603958.0369389057159423828125 HTTP/1.1" 200 - "-" "WordPress/6.8.1; https://kraft-court.cafe"
51.222.253.9 - - [15/Jul/2025:18:25:56 +0000] "GET /?x=83454803001800&mod=0e762b65&uri=form.php%3Fid%3D2785034-1323%26name%3Dnorth+face+women%27s+thunder+jacket HTTP/1.1" 301 - "-" "Mozilla/5.0 (compatible; AhrefsBot/7.0; +http://ahrefs.com/robot/)"
209.74.77.214 - - [15/Jul/2025:18:35:10 +0000] "POST /wp-cron.php?doing_wp_cron=1752604510.9654800891876220703125 HTTP/1.1" 200 - "-" "WordPress/6.8.1; https://kraft-court.cafe"
51.222.253.19 - - [15/Jul/2025:18:35:09 +0000] "GET /?x=8778327001800&mod=597c7b40&uri=category-info.php%3Fid%3D293121-451%26name%3Dnudie+jeans+bomber+jacket HTTP/1.1" 301 - "-" "Mozilla/5.0 (compatible; AhrefsBot/7.0; +http://ahrefs.com/robot/)"
209.74.77.214 - - [15/Jul/2025:18:40:00 +0000] "POST /wp-cron.php?doing_wp_cron=1752604800.8476080894470214843750 HTTP/1.1" 200 - "-" "WordPress/6.8.1; https://kraft-court.cafe"
51.222.253.6 - - [15/Jul/2025:18:40:00 +0000] "GET /?x=94078202071800&mod=19e90147&uri=news.php%3Fid%3D3139576-763%26name%3Dengraved+clutch+bag HTTP/1.1" 301 - "-" "Mozilla/5.0 (compatible; AhrefsBot/7.0; +http://ahrefs.com/robot/)"
209.74.77.214 - - [15/Jul/2025:19:49:55 +0000] "POST /wp-cron.php?doing_wp_cron=1752608995.8363211154937744140625 HTTP/1.1" 200 - "-" "WordPress/6.8.1; https://kraft-court.cafe"
132.232.203.74 - - [15/Jul/2025:19:49:54 +0000] "GET / HTTP/1.1" 301 - "-" "Mozilla/5.0 (iPhone; CPU iPhone OS 13_2_3 like Mac OS X) AppleWebKit/605.1.15 (KHTML, like Gecko) Version/13.0.3 Mobile/15E148 Safari/604.1"
209.74.77.214 - - [15/Jul/2025:20:57:43 +0000] "POST /wp-cron.php?doing_wp_cron=1752613063.1974899768829345703125 HTTP/1.1" 200 - "-" "WordPress/6.8.1; https://kraft-court.cafe"
45.138.16.130 - - [15/Jul/2025:20:57:42 +0000] "GET /style.php HTTP/1.1" 404 1858 "-" "Mozilla/5.0 (Linux; Android 7.0; SM-G892A Build/NRD90M; wv) AppleWebKit/537.36 (KHTML, like Gecko) Version/4.0 Chrome/60.0.3112.107 Mobile Safari/537.36"
209.74.77.214 - - [15/Jul/2025:21:55:20 +0000] "POST /wp-cron.php?doing_wp_cron=1752616520.2026360034942626953125 HTTP/1.1" 200 - "-" "WordPress/6.8.1; https://kraft-court.cafe"
51.222.253.6 - - [15/Jul/2025:21:55:19 +0000] "GET /detail/534329412.htm HTTP/1.1" 404 1872 "-" "Mozilla/5.0 (compatible; AhrefsBot/7.0; +http://ahrefs.com/robot/)"
209.74.77.214 - - [15/Jul/2025:22:00:06 +0000] "POST /wp-cron.php?doing_wp_cron=1752616806.7343339920043945312500 HTTP/1.1" 200 - "-" "WordPress/6.8.1; https://kraft-court.cafe"
51.222.253.13 - - [15/Jul/2025:22:00:06 +0000] "GET /detail/534356343.htm HTTP/1.1" 404 1871 "-" "Mozilla/5.0 (compatible; AhrefsBot/7.0; +http://ahrefs.com/robot/)"
209.74.77.214 - - [15/Jul/2025:22:04:34 +0000] "POST /wp-cron.php?doing_wp_cron=1752617074.5988020896911621093750 HTTP/1.1" 200 - "-" "WordPress/6.8.1; https://kraft-court.cafe"
51.222.253.20 - - [15/Jul/2025:22:04:33 +0000] "GET /detail/534379627.htm HTTP/1.1" 404 1873 "-" "Mozilla/5.0 (compatible; AhrefsBot/7.0; +http://ahrefs.com/robot/)"
209.74.77.214 - - [15/Jul/2025:22:13:10 +0000] "POST /wp-cron.php?doing_wp_cron=1752617590.7042369842529296875000 HTTP/1.1" 200 - "-" "WordPress/6.8.1; https://kraft-court.cafe"
51.222.253.8 - - [15/Jul/2025:22:13:09 +0000] "GET /detail/534478546.htm HTTP/1.1" 404 1873 "-" "Mozilla/5.0 (compatible; AhrefsBot/7.0; +http://ahrefs.com/robot/)"
209.74.77.214 - - [15/Jul/2025:22:17:50 +0000] "POST /wp-cron.php?doing_wp_cron=1752617870.1984760761260986328125 HTTP/1.1" 200 - "-" "WordPress/6.8.1; https://kraft-court.cafe"
51.222.253.13 - - [15/Jul/2025:22:17:49 +0000] "GET /detail/534479751.htm HTTP/1.1" 404 1873 "-" "Mozilla/5.0 (compatible; AhrefsBot/7.0; +http://ahrefs.com/robot/)"
209.74.77.214 - - [15/Jul/2025:22:21:50 +0000] "POST /wp-cron.php?doing_wp_cron=1752618110.3420629501342773437500 HTTP/1.1" 200 - "-" "WordPress/6.8.1; https://kraft-court.cafe"
51.222.253.15 - - [15/Jul/2025:22:21:50 +0000] "GET /detail/534480756.htm HTTP/1.1" 404 1873 "-" "Mozilla/5.0 (compatible; AhrefsBot/7.0; +http://ahrefs.com/robot/)"
209.74.77.214 - - [15/Jul/2025:22:26:26 +0000] "POST /wp-cron.php?doing_wp_cron=1752618386.5401999950408935546875 HTTP/1.1" 200 - "-" "WordPress/6.8.1; https://kraft-court.cafe"
51.222.253.11 - - [15/Jul/2025:22:26:26 +0000] "GET /detail/534547780.htm HTTP/1.1" 404 1873 "-" "Mozilla/5.0 (compatible; AhrefsBot/7.0; +http://ahrefs.com/robot/)"
209.74.77.214 - - [15/Jul/2025:22:31:28 +0000] "POST /wp-cron.php?doing_wp_cron=1752618688.6200549602508544921875 HTTP/1.1" 200 - "-" "WordPress/6.8.1; https://kraft-court.cafe"
51.222.253.9 - - [15/Jul/2025:22:31:28 +0000] "GET /detail/534559911.htm HTTP/1.1" 404 1873 "-" "Mozilla/5.0 (compatible; AhrefsBot/7.0; +http://ahrefs.com/robot/)"
209.74.77.214 - - [15/Jul/2025:22:36:05 +0000] "POST /wp-cron.php?doing_wp_cron=1752618965.1009449958801269531250 HTTP/1.1" 200 - "-" "WordPress/6.8.1; https://kraft-court.cafe"
51.222.253.17 - - [15/Jul/2025:22:36:04 +0000] "GET /detail/534565824.htm HTTP/1.1" 404 1873 "-" "Mozilla/5.0 (compatible; AhrefsBot/7.0; +http://ahrefs.com/robot/)"
209.74.77.214 - - [15/Jul/2025:22:38:55 +0000] "POST /wp-cron.php?doing_wp_cron=1752619135.7165870666503906250000 HTTP/1.1" 200 - "-" "WordPress/6.8.1; https://kraft-court.cafe"
185.241.208.99 - - [15/Jul/2025:22:38:55 +0000] "GET / HTTP/1.1" 301 - "-" "-"
209.74.77.214 - - [15/Jul/2025:22:40:57 +0000] "POST /wp-cron.php?doing_wp_cron=1752619257.0220670700073242187500 HTTP/1.1" 200 - "-" "WordPress/6.8.1; https://kraft-court.cafe"
51.222.253.10 - - [15/Jul/2025:22:40:56 +0000] "GET /detail/534565994.htm HTTP/1.1" 404 1873 "-" "Mozilla/5.0 (compatible; AhrefsBot/7.0; +http://ahrefs.com/robot/)"
209.74.77.214 - - [15/Jul/2025:22:45:35 +0000] "POST /wp-cron.php?doing_wp_cron=1752619535.0193550586700439453125 HTTP/1.1" 200 - "-" "WordPress/6.8.1; https://kraft-court.cafe"
51.222.253.19 - - [15/Jul/2025:22:45:34 +0000] "GET /detail/534603129.htm HTTP/1.1" 404 1872 "-" "Mozilla/5.0 (compatible; AhrefsBot/7.0; +http://ahrefs.com/robot/)"
209.74.77.214 - - [15/Jul/2025:22:48:07 +0000] "POST /wp-cron.php?doing_wp_cron=1752619687.1709239482879638671875 HTTP/1.1" 200 - "-" "WordPress/6.8.1; https://kraft-court.cafe"
114.117.233.112 - - [15/Jul/2025:22:48:06 +0000] "GET / HTTP/1.1" 301 - "-" "Mozilla/5.0 (iPhone; CPU iPhone OS 13_2_3 like Mac OS X) AppleWebKit/605.1.15 (KHTML, like Gecko) Version/13.0.3 Mobile/15E148 Safari/604.1"
209.74.77.214 - - [15/Jul/2025:22:49:57 +0000] "POST /wp-cron.php?doing_wp_cron=1752619797.1647980213165283203125 HTTP/1.1" 200 - "-" "WordPress/6.8.1; https://kraft-court.cafe"
51.222.253.1 - - [15/Jul/2025:22:49:56 +0000] "GET /detail/534611782.htm HTTP/1.1" 404 1872 "-" "Mozilla/5.0 (compatible; AhrefsBot/7.0; +http://ahrefs.com/robot/)"
209.74.77.214 - - [15/Jul/2025:22:54:56 +0000] "POST /wp-cron.php?doing_wp_cron=1752620096.8089139461517333984375 HTTP/1.1" 200 - "-" "WordPress/6.8.1; https://kraft-court.cafe"
51.222.253.10 - - [15/Jul/2025:22:54:56 +0000] "GET /detail/534618451.htm HTTP/1.1" 404 1873 "-" "Mozilla/5.0 (compatible; AhrefsBot/7.0; +http://ahrefs.com/robot/)"
165.22.110.209 - - [15/Jul/2025:22:56:13 +0000] "GET /wp-admin/setup-config.php?step=1 HTTP/1.1" 409 1144 "-" "Apache/2.4.34 (Ubuntu) OpenSSL/1.1.1 (internal dummy connection)"
209.74.77.214 - - [15/Jul/2025:22:56:14 +0000] "POST /wp-cron.php?doing_wp_cron=1752620174.0769660472869873046875 HTTP/1.1" 200 - "-" "WordPress/6.8.1; https://kraft-court.cafe"
165.22.110.209 - - [15/Jul/2025:22:56:13 +0000] "GET /wordpress/wp-admin/setup-config.php?step=1 HTTP/1.1" 404 1881 "-" "Apache/2.4.34 (Ubuntu) OpenSSL/1.1.1 (internal dummy connection)"
209.74.77.214 - - [15/Jul/2025:22:59:57 +0000] "POST /wp-cron.php?doing_wp_cron=1752620397.4862968921661376953125 HTTP/1.1" 200 - "-" "WordPress/6.8.1; https://kraft-court.cafe"
51.222.253.13 - - [15/Jul/2025:22:59:56 +0000] "GET /detail/534651126.htm HTTP/1.1" 404 1872 "-" "Mozilla/5.0 (compatible; AhrefsBot/7.0; +http://ahrefs.com/robot/)"
209.74.77.214 - - [15/Jul/2025:23:04:45 +0000] "POST /wp-cron.php?doing_wp_cron=1752620685.7133889198303222656250 HTTP/1.1" 200 - "-" "WordPress/6.8.1; https://kraft-court.cafe"
51.222.253.6 - - [15/Jul/2025:23:04:44 +0000] "GET /detail/534661989.htm HTTP/1.1" 404 1873 "-" "Mozilla/5.0 (compatible; AhrefsBot/7.0; +http://ahrefs.com/robot/)"
209.74.77.214 - - [15/Jul/2025:23:09:43 +0000] "POST /wp-cron.php?doing_wp_cron=1752620983.4872710704803466796875 HTTP/1.1" 200 - "-" "WordPress/6.8.1; https://kraft-court.cafe"
51.222.253.13 - - [15/Jul/2025:23:09:42 +0000] "GET /detail/534662543.htm HTTP/1.1" 404 1872 "-" "Mozilla/5.0 (compatible; AhrefsBot/7.0; +http://ahrefs.com/robot/)"
209.74.77.214 - - [15/Jul/2025:23:14:46 +0000] "POST /wp-cron.php?doing_wp_cron=1752621286.4927089214324951171875 HTTP/1.1" 200 - "-" "WordPress/6.8.1; https://kraft-court.cafe"
51.222.253.11 - - [15/Jul/2025:23:14:45 +0000] "GET /detail/534667131.htm HTTP/1.1" 404 1872 "-" "Mozilla/5.0 (compatible; AhrefsBot/7.0; +http://ahrefs.com/robot/)"
209.74.77.214 - - [15/Jul/2025:23:19:20 +0000] "POST /wp-cron.php?doing_wp_cron=1752621560.5149369239807128906250 HTTP/1.1" 200 - "-" "WordPress/6.8.1; https://kraft-court.cafe"
51.222.253.8 - - [15/Jul/2025:23:19:19 +0000] "GET /detail/534693339.htm HTTP/1.1" 404 1870 "-" "Mozilla/5.0 (compatible; AhrefsBot/7.0; +http://ahrefs.com/robot/)"
209.74.77.214 - - [15/Jul/2025:23:24:24 +0000] "POST /wp-cron.php?doing_wp_cron=1752621864.4503819942474365234375 HTTP/1.1" 200 - "-" "WordPress/6.8.1; https://kraft-court.cafe"
51.222.253.3 - - [15/Jul/2025:23:24:22 +0000] "GET /detail/534766830.htm HTTP/1.1" 404 1872 "-" "Mozilla/5.0 (compatible; AhrefsBot/7.0; +http://ahrefs.com/robot/)"
209.74.77.214 - - [15/Jul/2025:23:29:25 +0000] "POST /wp-cron.php?doing_wp_cron=1752622165.0665500164031982421875 HTTP/1.1" 200 - "-" "WordPress/6.8.1; https://kraft-court.cafe"
51.222.253.5 - - [15/Jul/2025:23:29:24 +0000] "GET /detail/534777629.htm HTTP/1.1" 404 1873 "-" "Mozilla/5.0 (compatible; AhrefsBot/7.0; +http://ahrefs.com/robot/)"
209.74.77.214 - - [15/Jul/2025:23:34:00 +0000] "POST /wp-cron.php?doing_wp_cron=1752622440.2005050182342529296875 HTTP/1.1" 200 - "-" "WordPress/6.8.1; https://kraft-court.cafe"
51.222.253.1 - - [15/Jul/2025:23:33:59 +0000] "GET /detail/534781886.htm HTTP/1.1" 404 1873 "-" "Mozilla/5.0 (compatible; AhrefsBot/7.0; +http://ahrefs.com/robot/)"
209.74.77.214 - - [15/Jul/2025:23:39:02 +0000] "POST /wp-cron.php?doing_wp_cron=1752622742.4599540233612060546875 HTTP/1.1" 200 - "-" "WordPress/6.8.1; https://kraft-court.cafe"
51.222.253.5 - - [15/Jul/2025:23:39:00 +0000] "GET /detail/534792228.htm HTTP/1.1" 404 1873 "-" "Mozilla/5.0 (compatible; AhrefsBot/7.0; +http://ahrefs.com/robot/)"
209.74.77.214 - - [15/Jul/2025:23:43:51 +0000] "POST /wp-cron.php?doing_wp_cron=1752623031.3693180084228515625000 HTTP/1.1" 200 - "-" "WordPress/6.8.1; https://kraft-court.cafe"
51.222.253.10 - - [15/Jul/2025:23:43:49 +0000] "GET /detail/534822019.htm HTTP/1.1" 404 1873 "-" "Mozilla/5.0 (compatible; AhrefsBot/7.0; +http://ahrefs.com/robot/)"
209.74.77.214 - - [15/Jul/2025:23:48:56 +0000] "POST /wp-cron.php?doing_wp_cron=1752623336.4026820659637451171875 HTTP/1.1" 200 - "-" "WordPress/6.8.1; https://kraft-court.cafe"
51.222.253.7 - - [15/Jul/2025:23:48:55 +0000] "GET /detail/534828102.htm HTTP/1.1" 404 1872 "-" "Mozilla/5.0 (compatible; AhrefsBot/7.0; +http://ahrefs.com/robot/)"
209.74.77.214 - - [15/Jul/2025:23:53:46 +0000] "POST /wp-cron.php?doing_wp_cron=1752623626.4319911003112792968750 HTTP/1.1" 200 - "-" "WordPress/6.8.1; https://kraft-court.cafe"
51.222.253.3 - - [15/Jul/2025:23:53:45 +0000] "GET /detail/534842273.htm HTTP/1.1" 404 1872 "-" "Mozilla/5.0 (compatible; AhrefsBot/7.0; +http://ahrefs.com/robot/)"
209.74.77.214 - - [15/Jul/2025:23:58:36 +0000] "POST /wp-cron.php?doing_wp_cron=1752623916.0822598934173583984375 HTTP/1.1" 200 - "-" "WordPress/6.8.1; https://kraft-court.cafe"
51.222.253.10 - - [15/Jul/2025:23:58:35 +0000] "GET /detail/534869494.htm HTTP/1.1" 404 1873 "-" "Mozilla/5.0 (compatible; AhrefsBot/7.0; +http://ahrefs.com/robot/)"
209.74.77.214 - - [16/Jul/2025:00:08:11 +0000] "POST /wp-cron.php?doing_wp_cron=1752624491.1590330600738525390625 HTTP/1.1" 200 - "-" "WordPress/6.8.1; https://kraft-court.cafe"
51.222.253.20 - - [16/Jul/2025:00:08:10 +0000] "GET /detail/534899117.htm HTTP/1.1" 404 1873 "-" "Mozilla/5.0 (compatible; AhrefsBot/7.0; +http://ahrefs.com/robot/)"
209.74.77.214 - - [16/Jul/2025:00:12:33 +0000] "POST /wp-cron.php?doing_wp_cron=1752624753.8658800125122070312500 HTTP/1.1" 200 - "-" "WordPress/6.8.1; https://kraft-court.cafe"
51.222.253.14 - - [16/Jul/2025:00:12:33 +0000] "GET /detail/534902692.htm HTTP/1.1" 404 1872 "-" "Mozilla/5.0 (compatible; AhrefsBot/7.0; +http://ahrefs.com/robot/)"
209.74.77.214 - - [16/Jul/2025:00:16:02 +0000] "POST /wp-cron.php?doing_wp_cron=1752624962.2553329467773437500000 HTTP/1.1" 200 - "-" "WordPress/6.8.1; https://kraft-court.cafe"
43.155.129.131 - - [16/Jul/2025:00:16:01 +0000] "GET / HTTP/1.1" 301 - "-" "Mozilla/5.0 (iPhone; CPU iPhone OS 13_2_3 like Mac OS X) AppleWebKit/605.1.15 (KHTML, like Gecko) Version/13.0.3 Mobile/15E148 Safari/604.1"
209.74.77.214 - - [16/Jul/2025:00:17:14 +0000] "POST /wp-cron.php?doing_wp_cron=1752625034.7928929328918457031250 HTTP/1.1" 200 - "-" "WordPress/6.8.1; https://kraft-court.cafe"
51.222.253.10 - - [16/Jul/2025:00:17:14 +0000] "GET /detail/534913917.htm HTTP/1.1" 404 1873 "-" "Mozilla/5.0 (compatible; AhrefsBot/7.0; +http://ahrefs.com/robot/)"
209.74.77.214 - - [16/Jul/2025:00:21:52 +0000] "POST /wp-cron.php?doing_wp_cron=1752625312.7576389312744140625000 HTTP/1.1" 200 - "-" "WordPress/6.8.1; https://kraft-court.cafe"
51.222.253.5 - - [16/Jul/2025:00:21:52 +0000] "GET /detail/534916649.htm HTTP/1.1" 404 1872 "-" "Mozilla/5.0 (compatible; AhrefsBot/7.0; +http://ahrefs.com/robot/)"
209.74.77.214 - - [16/Jul/2025:00:26:44 +0000] "POST /wp-cron.php?doing_wp_cron=1752625604.1159589290618896484375 HTTP/1.1" 200 - "-" "WordPress/6.8.1; https://kraft-court.cafe"
51.222.253.9 - - [16/Jul/2025:00:26:43 +0000] "GET /detail/534937787.htm HTTP/1.1" 404 1872 "-" "Mozilla/5.0 (compatible; AhrefsBot/7.0; +http://ahrefs.com/robot/)"
209.74.77.214 - - [16/Jul/2025:00:31:14 +0000] "POST /wp-cron.php?doing_wp_cron=1752625874.0558929443359375000000 HTTP/1.1" 200 - "-" "WordPress/6.8.1; https://kraft-court.cafe"
51.222.253.2 - - [16/Jul/2025:00:31:13 +0000] "GET /detail/534942857.htm HTTP/1.1" 404 1872 "-" "Mozilla/5.0 (compatible; AhrefsBot/7.0; +http://ahrefs.com/robot/)"
209.74.77.214 - - [16/Jul/2025:00:36:05 +0000] "POST /wp-cron.php?doing_wp_cron=1752626165.0140030384063720703125 HTTP/1.1" 200 - "-" "WordPress/6.8.1; https://kraft-court.cafe"
51.222.253.2 - - [16/Jul/2025:00:36:04 +0000] "GET /detail/534950177.htm HTTP/1.1" 404 1872 "-" "Mozilla/5.0 (compatible; AhrefsBot/7.0; +http://ahrefs.com/robot/)"
209.74.77.214 - - [16/Jul/2025:00:40:44 +0000] "POST /wp-cron.php?doing_wp_cron=1752626444.0995669364929199218750 HTTP/1.1" 200 - "-" "WordPress/6.8.1; https://kraft-court.cafe"
51.222.253.1 - - [16/Jul/2025:00:40:43 +0000] "GET /detail/534953197.htm HTTP/1.1" 404 1873 "-" "Mozilla/5.0 (compatible; AhrefsBot/7.0; +http://ahrefs.com/robot/)"
209.74.77.214 - - [16/Jul/2025:00:47:06 +0000] "POST /wp-cron.php?doing_wp_cron=1752626826.5399749279022216796875 HTTP/1.1" 200 - "-" "WordPress/6.8.1; https://kraft-court.cafe"
116.212.158.205 - - [16/Jul/2025:00:47:06 +0000] "GET /sftp-config.json HTTP/1.1" 404 1865 "-" "Mozilla/5.0 (Macintosh; Intel Mac OS X 10.15; rv:77.0) Gecko/20100101 Firefox/77.0"
116.212.158.205 - - [16/Jul/2025:00:47:09 +0000] "GET /.vscode/sftp.json HTTP/1.1" 404 1868 "-" "Mozilla/5.0 (Macintosh; Intel Mac OS X 10.15; rv:77.0) Gecko/20100101 Firefox/77.0"
209.74.77.214 - - [16/Jul/2025:00:49:53 +0000] "POST /wp-cron.php?doing_wp_cron=1752626993.2139639854431152343750 HTTP/1.1" 200 - "-" "WordPress/6.8.1; https://kraft-court.cafe"
51.222.253.17 - - [16/Jul/2025:00:49:52 +0000] "GET /detail/534958862.htm HTTP/1.1" 404 1872 "-" "Mozilla/5.0 (compatible; AhrefsBot/7.0; +http://ahrefs.com/robot/)"
209.74.77.214 - - [16/Jul/2025:00:54:59 +0000] "POST /wp-cron.php?doing_wp_cron=1752627299.8143138885498046875000 HTTP/1.1" 200 - "-" "WordPress/6.8.1; https://kraft-court.cafe"
51.222.253.17 - - [16/Jul/2025:00:54:58 +0000] "GET /detail/534959184.htm HTTP/1.1" 404 1873 "-" "Mozilla/5.0 (compatible; AhrefsBot/7.0; +http://ahrefs.com/robot/)"
209.74.77.214 - - [16/Jul/2025:00:59:33 +0000] "POST /wp-cron.php?doing_wp_cron=1752627573.6421968936920166015625 HTTP/1.1" 200 - "-" "WordPress/6.8.1; https://kraft-court.cafe"
51.222.253.15 - - [16/Jul/2025:00:59:32 +0000] "GET /detail/534974304.htm HTTP/1.1" 404 1870 "-" "Mozilla/5.0 (compatible; AhrefsBot/7.0; +http://ahrefs.com/robot/)"
209.74.77.214 - - [16/Jul/2025:01:04:09 +0000] "POST /wp-cron.php?doing_wp_cron=1752627849.6023859977722167968750 HTTP/1.1" 200 - "-" "WordPress/6.8.1; https://kraft-court.cafe"
51.222.253.11 - - [16/Jul/2025:01:04:08 +0000] "GET /detail/534978433.htm HTTP/1.1" 404 1872 "-" "Mozilla/5.0 (compatible; AhrefsBot/7.0; +http://ahrefs.com/robot/)"
209.74.77.214 - - [16/Jul/2025:01:08:59 +0000] "POST /wp-cron.php?doing_wp_cron=1752628139.4274349212646484375000 HTTP/1.1" 200 - "-" "WordPress/6.8.1; https://kraft-court.cafe"
51.222.253.13 - - [16/Jul/2025:01:08:58 +0000] "GET /detail/534984516.htm HTTP/1.1" 404 1872 "-" "Mozilla/5.0 (compatible; AhrefsBot/7.0; +http://ahrefs.com/robot/)"
209.74.77.214 - - [16/Jul/2025:01:13:45 +0000] "POST /wp-cron.php?doing_wp_cron=1752628425.2499189376831054687500 HTTP/1.1" 200 - "-" "WordPress/6.8.1; https://kraft-court.cafe"
51.222.253.2 - - [16/Jul/2025:01:13:44 +0000] "GET /detail/534988815.htm HTTP/1.1" 404 1872 "-" "Mozilla/5.0 (compatible; AhrefsBot/7.0; +http://ahrefs.com/robot/)"
209.74.77.214 - - [16/Jul/2025:01:19:02 +0000] "POST /wp-cron.php?doing_wp_cron=1752628742.0293738842010498046875 HTTP/1.1" 200 - "-" "WordPress/6.8.1; https://kraft-court.cafe"
51.222.253.4 - - [16/Jul/2025:01:19:00 +0000] "GET /detail/534996647.htm HTTP/1.1" 404 1872 "-" "Mozilla/5.0 (compatible; AhrefsBot/7.0; +http://ahrefs.com/robot/)"
209.74.77.214 - - [16/Jul/2025:01:24:17 +0000] "POST /wp-cron.php?doing_wp_cron=1752629057.6242480278015136718750 HTTP/1.1" 200 - "-" "WordPress/6.8.1; https://kraft-court.cafe"
51.222.253.6 - - [16/Jul/2025:01:24:16 +0000] "GET /?x=100840449051800&mod=1730f69e&uri=search.php%3Fid%3D3365319-1218%26name%3Dlight+before+dark+teddy+puffer+jacket HTTP/1.1" 301 - "-" "Mozilla/5.0 (compatible; AhrefsBot/7.0; +http://ahrefs.com/robot/)"
209.74.77.214 - - [16/Jul/2025:01:30:12 +0000] "POST /wp-cron.php?doing_wp_cron=1752629412.6715080738067626953125 HTTP/1.1" 200 - "-" "WordPress/6.8.1; https://kraft-court.cafe"
43.135.138.128 - - [16/Jul/2025:01:30:11 +0000] "GET / HTTP/1.1" 301 - "-" "Mozilla/5.0 (iPhone; CPU iPhone OS 13_2_3 like Mac OS X) AppleWebKit/605.1.15 (KHTML, like Gecko) Version/13.0.3 Mobile/15E148 Safari/604.1"
51.222.253.16 - - [16/Jul/2025:01:30:52 +0000] "GET /?x=103987137061800&mod=ed9c7f78&uri=shared.php%3Fid%3D3470328-1635%26name%3Dnike+mercurial+reborn+2019 HTTP/1.1" 500 1004 "-" "Mozilla/5.0 (compatible; AhrefsBot/7.0; +http://ahrefs.com/robot/)"
185.39.19.97 - - [16/Jul/2025:01:37:07 +0000] "GET / HTTP/1.0" 301 - "http://kraft-court.cafe/" "Mozilla/5.0 (Windows NT 10.0; Win64; x64) AppleWebKit/537.36 (KHTML, like Gecko) Chrome/130.0.0.0 Safari/537.36"
209.74.77.214 - - [16/Jul/2025:01:46:34 +0000] "POST /wp-cron.php?doing_wp_cron=1752630394.8484799861907958984375 HTTP/1.1" 200 - "-" "WordPress/6.8.1; https://kraft-court.cafe"
221.229.106.25 - - [16/Jul/2025:01:46:34 +0000] "GET / HTTP/1.1" 301 - "-" "Mozilla/5.0 (iPhone; CPU iPhone OS 13_2_3 like Mac OS X) AppleWebKit/605.1.15 (KHTML, like Gecko) Version/13.0.3 Mobile/15E148 Safari/604.1"
54.36.148.227 - - [16/Jul/2025:01:47:24 +0000] "GET /robots.txt HTTP/1.1" 200 96 "-" "Mozilla/5.0 (compatible; AhrefsBot/7.0; +http://ahrefs.com/robot/)"
209.74.77.214 - - [16/Jul/2025:01:47:27 +0000] "POST /wp-cron.php?doing_wp_cron=1752630447.9236431121826171875000 HTTP/1.1" 200 - "-" "WordPress/6.8.1; https://kraft-court.cafe"
51.222.253.9 - - [16/Jul/2025:01:47:27 +0000] "GET /?x=119513351021800&mod=0a3b5a7a&uri=news.php%3Fid%3D3988527-827%26name%3Dgrifo+monomando+cocina+amazon HTTP/1.1" 301 - "-" "Mozilla/5.0 (compatible; AhrefsBot/7.0; +http://ahrefs.com/robot/)"
209.74.77.214 - - [16/Jul/2025:01:57:26 +0000] "POST /wp-cron.php?doing_wp_cron=1752631046.4312369823455810546875 HTTP/1.1" 200 - "-" "WordPress/6.8.1; https://kraft-court.cafe"
51.222.253.19 - - [16/Jul/2025:01:57:25 +0000] "GET /?x=1370290061800&mod=dd45045f&uri=category-info.php%3Fid%3D45748-86%26name%3Dfreddy+tute+sportive HTTP/1.1" 301 - "-" "Mozilla/5.0 (compatible; AhrefsBot/7.0; +http://ahrefs.com/robot/)"
209.74.77.214 - - [16/Jul/2025:02:09:01 +0000] "POST /wp-cron.php?doing_wp_cron=1752631741.1241989135742187500000 HTTP/1.1" 200 - "-" "WordPress/6.8.1; https://kraft-court.cafe"
51.222.253.11 - - [16/Jul/2025:02:09:00 +0000] "GET /?x=15263280031800&mod=c0560792&uri=itm.php%3Fid%3D509567-165%26name%3Dcropped+faux+leather+blazer HTTP/1.1" 301 - "-" "Mozilla/5.0 (compatible; AhrefsBot/7.0; +http://ahrefs.com/robot/)"
209.74.77.214 - - [16/Jul/2025:02:51:53 +0000] "POST /wp-cron.php?doing_wp_cron=1752634313.5494871139526367187500 HTTP/1.1" 200 - "-" "WordPress/6.8.1; https://kraft-court.cafe"
51.222.253.20 - - [16/Jul/2025:02:51:52 +0000] "GET /?x=30728581021800&mod=68c86f3f&uri=category-info.php%3Fid%3D1025615-992%26name%3Dladies+cotton+waist+slips HTTP/1.1" 301 - "-" "Mozilla/5.0 (compatible; AhrefsBot/7.0; +http://ahrefs.com/robot/)"
209.74.77.214 - - [16/Jul/2025:03:26:53 +0000] "POST /wp-cron.php?doing_wp_cron=1752636413.5724279880523681640625 HTTP/1.1" 200 - "-" "WordPress/6.8.1; https://kraft-court.cafe"
185.247.137.111 - - [16/Jul/2025:03:26:52 +0000] "GET / HTTP/1.1" 301 - "-" "Mozilla/5.0 (compatible; InternetMeasurement/1.0; +https://internet-measurement.com/)"
209.74.77.214 - - [16/Jul/2025:03:37:46 +0000] "POST /wp-cron.php?doing_wp_cron=1752637066.7877750396728515625000 HTTP/1.1" 200 - "-" "WordPress/6.8.1; https://kraft-court.cafe"
172.207.241.248 - - [16/Jul/2025:03:37:45 +0000] "GET /wp-content/plugins/hellopress/wp_filemanager.php HTTP/1.1" 404 5522 "-" "-"
172.207.241.248 - - [16/Jul/2025:03:37:47 +0000] "GET /.well-known/log.php HTTP/1.1" 404 5464 "-" "-"
172.207.241.248 - - [16/Jul/2025:03:37:47 +0000] "GET /chosen.php HTTP/1.1" 404 5446 "-" "-"
172.207.241.248 - - [16/Jul/2025:03:37:47 +0000] "GET /admin.php HTTP/1.1" 404 5444 "-" "-"
172.207.241.248 - - [16/Jul/2025:03:37:48 +0000] "GET /wp-admin/network/chosen.php HTTP/1.1" 404 5480 "-" "-"
172.207.241.248 - - [16/Jul/2025:03:37:48 +0000] "GET /FoxWSO.php HTTP/1.1" 404 5446 "-" "-"
172.207.241.248 - - [16/Jul/2025:03:37:48 +0000] "GET /wp-mail.php/wp-includes/ID3/getid3s.php HTTP/1.1" 403 2520 "-" "-"
172.207.241.248 - - [16/Jul/2025:03:37:48 +0000] "GET /wp-includes/fonts/admin.php HTTP/1.1" 404 5480 "-" "-"
172.207.241.248 - - [16/Jul/2025:03:37:49 +0000] "GET /autoload_classmap.php HTTP/1.1" 404 5468 "-" "-"
172.207.241.248 - - [16/Jul/2025:03:37:49 +0000] "GET /menu.php HTTP/1.1" 404 5442 "-" "-"
172.207.241.248 - - [16/Jul/2025:03:37:49 +0000] "GET /system_log.php HTTP/1.1" 404 5454 "-" "-"
172.207.241.248 - - [16/Jul/2025:03:37:50 +0000] "GET /wp-admin/log.php HTTP/1.1" 404 5458 "-" "-"
172.207.241.248 - - [16/Jul/2025:03:37:50 +0000] "GET /goat1.php HTTP/1.1" 404 5444 "-" "-"
172.207.241.248 - - [16/Jul/2025:03:37:50 +0000] "GET /wp-content/plugins/hellopress/wp_filemanager.php HTTP/1.1" 404 5522 "-" "-"
172.207.241.248 - - [16/Jul/2025:03:37:51 +0000] "GET /wp-includes/Text/wp-conflg.php HTTP/1.1" 404 5486 "-" "-"
172.207.241.248 - - [16/Jul/2025:03:37:51 +0000] "GET /media.php HTTP/1.1" 404 5444 "-" "-"
172.207.241.248 - - [16/Jul/2025:03:37:51 +0000] "GET /bless.php HTTP/1.1" 404 5444 "-" "-"
172.207.241.248 - - [16/Jul/2025:03:37:52 +0000] "GET /wp-includes/Text/Diff/Engine/about.php HTTP/1.1" 404 5502 "-" "-"
172.207.241.248 - - [16/Jul/2025:03:37:52 +0000] "GET /wp-content/upgrade/index.php HTTP/1.1" 301 - "-" "-"
172.207.241.248 - - [16/Jul/2025:03:37:52 +0000] "GET /wp-content/upgrade/ HTTP/1.1" 404 5464 "-" "-"
172.207.241.248 - - [16/Jul/2025:03:37:53 +0000] "GET /wp-content/themes/aahana/json.php HTTP/1.1" 404 5492 "-" "-"
172.207.241.248 - - [16/Jul/2025:03:37:53 +0000] "GET /classwithtostring.php HTTP/1.1" 404 5468 "-" "-"
172.207.241.248 - - [16/Jul/2025:03:37:53 +0000] "GET /wp-content/themes.php HTTP/1.1" 404 5468 "-" "-"
172.207.241.248 - - [16/Jul/2025:03:37:54 +0000] "GET /wp-includes/SimplePie/index.php HTTP/1.1" 301 - "-" "-"
172.207.241.248 - - [16/Jul/2025:03:37:54 +0000] "GET /wp-includes/SimplePie/ HTTP/1.1" 404 5470 "-" "-"
172.207.241.248 - - [16/Jul/2025:03:37:54 +0000] "GET /chosen HTTP/1.1" 404 5438 "-" "-"
172.207.241.248 - - [16/Jul/2025:03:37:55 +0000] "GET /filemanager.php HTTP/1.1" 404 5456 "-" "-"
172.207.241.248 - - [16/Jul/2025:03:37:55 +0000] "GET /wp-content/packed.php HTTP/1.1" 404 5468 "-" "-"
172.207.241.248 - - [16/Jul/2025:03:37:55 +0000] "GET /wp-content/plugins/seoplugins/db.php HTTP/1.1" 404 5498 "-" "-"
172.207.241.248 - - [16/Jul/2025:03:37:56 +0000] "GET /function/function.php HTTP/1.1" 404 5468 "-" "-"
172.207.241.248 - - [16/Jul/2025:03:37:56 +0000] "GET /wp-content/themes/cay-van-phong/filemanager.php HTTP/1.1" 404 5520 "-" "-"
172.207.241.248 - - [16/Jul/2025:03:37:56 +0000] "GET /wp-content/themes/twentytwentytwo/alfa-rex.php HTTP/1.1" 404 5518 "-" "-"
172.207.241.248 - - [16/Jul/2025:03:37:57 +0000] "GET /wp-includes/html-api/index.php HTTP/1.1" 301 - "-" "-"
172.207.241.248 - - [16/Jul/2025:03:37:57 +0000] "GET /wp-includes/html-api/ HTTP/1.1" 404 5468 "-" "-"
172.207.241.248 - - [16/Jul/2025:03:37:57 +0000] "GET /wp-conflg.php HTTP/1.1" 404 5452 "-" "-"
172.207.241.248 - - [16/Jul/2025:03:37:58 +0000] "GET /index/function.php HTTP/1.1" 404 5462 "-" "-"
172.207.241.248 - - [16/Jul/2025:03:37:58 +0000] "GET /radio.php HTTP/1.1" 404 5444 "-" "-"
172.207.241.248 - - [16/Jul/2025:03:37:58 +0000] "GET /wp-content/uploads/2024/index.php HTTP/1.1" 301 - "-" "-"
172.207.241.248 - - [16/Jul/2025:03:37:59 +0000] "GET /wp-content/uploads/2024/ HTTP/1.1" 404 5474 "-" "-"
172.207.241.248 - - [16/Jul/2025:03:37:59 +0000] "GET /wp-admin/css/wp-conflg.php HTTP/1.1" 404 5478 "-" "-"
172.207.241.248 - - [16/Jul/2025:03:37:59 +0000] "GET /wp-content/plugins/wp-help/index.php HTTP/1.1" 301 - "-" "-"
172.207.241.248 - - [16/Jul/2025:03:38:00 +0000] "GET /wp-content/plugins/wp-help/ HTTP/1.1" 404 5480 "-" "-"
172.207.241.248 - - [16/Jul/2025:03:38:00 +0000] "GET /wp-includes/block-patterns/index.php HTTP/1.1" 301 - "-" "-"
172.207.241.248 - - [16/Jul/2025:03:38:00 +0000] "GET /wp-includes/block-patterns/ HTTP/1.1" 404 5480 "-" "-"
172.207.241.248 - - [16/Jul/2025:03:38:01 +0000] "GET /cc.php HTTP/1.1" 404 5438 "-" "-"
172.207.241.248 - - [16/Jul/2025:03:38:01 +0000] "GET /mail.php HTTP/1.1" 404 5442 "-" "-"
172.207.241.248 - - [16/Jul/2025:03:38:01 +0000] "GET /worksec.php HTTP/1.1" 404 5448 "-" "-"
172.207.241.248 - - [16/Jul/2025:03:38:02 +0000] "GET /about/function.php HTTP/1.1" 404 5462 "-" "-"
172.207.241.248 - - [16/Jul/2025:03:38:02 +0000] "GET /wp-includes/Text/Diff/about.php HTTP/1.1" 404 5488 "-" "-"
172.207.241.248 - - [16/Jul/2025:03:38:02 +0000] "GET /images/Marvins.php HTTP/1.1" 404 5462 "-" "-"
172.207.241.248 - - [16/Jul/2025:03:38:03 +0000] "GET /log.php HTTP/1.1" 404 5440 "-" "-"
172.207.241.248 - - [16/Jul/2025:03:38:03 +0000] "GET /lock360.php HTTP/1.1" 404 5448 "-" "-"
172.207.241.248 - - [16/Jul/2025:03:38:03 +0000] "GET /f35.php HTTP/1.1" 404 5440 "-" "-"
172.207.241.248 - - [16/Jul/2025:03:38:04 +0000] "GET /alfa.php HTTP/1.1" 404 5442 "-" "-"
172.207.241.248 - - [16/Jul/2025:03:38:04 +0000] "GET /lv.php HTTP/1.1" 404 5438 "-" "-"
172.207.241.248 - - [16/Jul/2025:03:38:04 +0000] "GET /02.php HTTP/1.1" 404 5438 "-" "-"
172.207.241.248 - - [16/Jul/2025:03:38:05 +0000] "GET /cgi-bin/cgi-bin/about.php7 HTTP/1.1" 404 5478 "-" "-"
172.207.241.248 - - [16/Jul/2025:03:38:05 +0000] "GET /wp-includes/IXR/index.php HTTP/1.1" 301 - "-" "-"
172.207.241.248 - - [16/Jul/2025:03:38:05 +0000] "GET /wp-includes/IXR/ HTTP/1.1" 404 5458 "-" "-"
172.207.241.248 - - [16/Jul/2025:03:38:06 +0000] "GET /wp-includes/js/codemirror/index.php HTTP/1.1" 301 - "-" "-"
172.207.241.248 - - [16/Jul/2025:03:38:06 +0000] "GET /wp-includes/js/codemirror/ HTTP/1.1" 404 5478 "-" "-"
172.207.241.248 - - [16/Jul/2025:03:38:06 +0000] "GET /baxa1.phP8 HTTP/1.1" 404 5446 "-" "-"
