45.227.253.15 - - [16/Jul/2025:20:50:17 +0000] "GET /293587-juejiang/?of=1 HTTP/1.1" 404 65081 "-" "Mozilla/5.0 (iPhone; CPU iPhone OS 13_4 like Mac OS X) AppleWebKit/605.1.15 (KHTML, like Gecko) Version/13.4.4 Mobile/15E148 Safari/604.1"
45.227.253.15 - - [16/Jul/2025:20:50:40 +0000] "GET /wp-admin/css/colors/midnight/midnight/index.php?of=1 HTTP/1.1" 200 2176 "-" "Mozilla/5.0 (iPhone; CPU iPhone OS 12_4 like Mac OS X) AppleWebKit/605.1.15 (KHTML, like Gecko) Version/12.4.2 Mobile/15E148 Safari/604.1"
45.227.253.15 - - [16/Jul/2025:20:50:40 +0000] "GET /wp-content/plugins/elementor/vendor_prefixed/dependency-injection/php-di/phpdoc-reader/src/PhpDocReader/PhpParser/PhpParser/index.php?of=1 HTTP/1.1" 200 2162 "-" "Mozilla/5.0 (Windows NT 6.2; WOW64) AppleWebKit/535.24 (KHTML, like Gecko) Chrome/83.0.1055.1 Safari/535.24"
45.227.253.15 - - [16/Jul/2025:20:50:40 +0000] "GET /wp-content/plugins/jetpack/jetpack_vendor/automattic/block-delimiter/src/src/index.php?of=1 HTTP/1.1" 200 2333 "-" "Mozilla/5.0 (iPhone; CPU iPhone OS 10_3 like Mac OS X) AppleWebKit/605.1.15 (KHTML, like Gecko) Version/10.0.4 Mobile/15E148 Safari/604.1"
45.227.253.15 - - [16/Jul/2025:20:50:42 +0000] "GET /images/images/images/images/index.php?of=1 HTTP/1.1" 200 2301 "-" "Mozilla/5.0 (Windows NT 6.2; WOW64) AppleWebKit/535.24 (KHTML, like Gecko) Chrome/80.0.1055.1 Safari/535.24"
45.227.253.15 - - [16/Jul/2025:20:50:44 +0000] "GET /wp-includes/blocks/template-part/template-part/index.php?of=1 HTTP/1.1" 200 2459 "-" "Mozilla/5.0 (Windows NT 10.0; Win64; x64; rv:80.0) Gecko/20100101 Firefox/80.0"
45.227.253.15 - - [16/Jul/2025:20:50:45 +0000] "GET /wp-includes/blocks/html/html/index.php?of=1 HTTP/1.1" 200 2040 "-" "Mozilla/5.0 (iPad; U; CPU OS 4_3_4 like Mac OS X; ja) AppleWebKit/533.17.9 (KHTML, like Gecko) Version/5.0.2 Mobile/8J2 Safari/6533.18.5"
209.74.77.214 - - [16/Jul/2025:21:48:09 +0000] "POST /wp-cron.php?doing_wp_cron=1752702489.9462230205535888671875 HTTP/1.1" 200 - "-" "WordPress/6.8.2; https://listingslad.com"
115.77.130.201 - - [16/Jul/2025:21:48:09 +0000] "POST /wp-comments-post.php HTTP/1.1" 302 - "-" "Mozilla/5.0 (Windows NT 10.0; Win64; x64) AppleWebKit/537.36 (KHTML, like Gecko) Chrome/120.0.0.0 Safari/537.36"
209.74.77.214 - - [16/Jul/2025:21:48:10 +0000] "GET /wp-json/jetpack/v4/sync/spawn-sync?time=1752702490&request_lock_id=1752702490.147 HTTP/1.1" 200 37 "-" "WordPress/6.8.2; https://listingslad.com"
209.74.77.214 - - [16/Jul/2025:21:48:38 +0000] "POST /wp-cron.php?doing_wp_cron=1752702518.3700370788574218750000 HTTP/1.1" 200 - "-" "WordPress/6.8.2; https://listingslad.com"
115.77.130.201 - - [16/Jul/2025:21:48:38 +0000] "POST /wp-comments-post.php HTTP/1.1" 302 - "-" "Mozilla/5.0 (Windows NT 10.0; Win64; x64) AppleWebKit/537.36 (KHTML, like Gecko) Chrome/120.0.0.0 Safari/537.36"
209.74.77.214 - - [16/Jul/2025:21:48:38 +0000] "GET /wp-json/jetpack/v4/sync/spawn-sync?time=1752702518&request_lock_id=1752702518.4552 HTTP/1.1" 200 37 "-" "WordPress/6.8.2; https://listingslad.com"
209.74.77.214 - - [16/Jul/2025:21:49:07 +0000] "POST /wp-cron.php?doing_wp_cron=1752702547.6506729125976562500000 HTTP/1.1" 200 - "-" "WordPress/6.8.2; https://listingslad.com"
115.77.130.201 - - [16/Jul/2025:21:49:07 +0000] "POST /wp-comments-post.php HTTP/1.1" 302 - "-" "Mozilla/5.0 (Windows NT 10.0; Win64; x64) AppleWebKit/537.36 (KHTML, like Gecko) Chrome/120.0.0.0 Safari/537.36"
209.74.77.214 - - [16/Jul/2025:21:49:07 +0000] "GET /wp-json/jetpack/v4/sync/spawn-sync?time=1752702547&request_lock_id=1752702547.747 HTTP/1.1" 200 37 "-" "WordPress/6.8.2; https://listingslad.com"
209.74.77.214 - - [16/Jul/2025:21:49:37 +0000] "POST /wp-cron.php?doing_wp_cron=1752702577.0300559997558593750000 HTTP/1.1" 200 - "-" "WordPress/6.8.2; https://listingslad.com"
115.77.130.201 - - [16/Jul/2025:21:49:36 +0000] "POST /wp-comments-post.php HTTP/1.1" 302 - "-" "Mozilla/5.0 (Windows NT 10.0; Win64; x64) AppleWebKit/537.36 (KHTML, like Gecko) Chrome/120.0.0.0 Safari/537.36"
209.74.77.214 - - [16/Jul/2025:21:49:37 +0000] "GET /wp-json/jetpack/v4/sync/spawn-sync?time=1752702577&request_lock_id=1752702577.1192 HTTP/1.1" 200 37 "-" "WordPress/6.8.2; https://listingslad.com"
209.74.77.214 - - [16/Jul/2025:21:50:05 +0000] "POST /wp-cron.php?doing_wp_cron=1752702605.4599649906158447265625 HTTP/1.1" 200 - "-" "WordPress/6.8.2; https://listingslad.com"
115.77.130.201 - - [16/Jul/2025:21:50:04 +0000] "POST /wp-comments-post.php HTTP/1.1" 302 - "-" "Mozilla/5.0 (Windows NT 10.0; Win64; x64) AppleWebKit/537.36 (KHTML, like Gecko) Chrome/120.0.0.0 Safari/537.36"
209.74.77.214 - - [16/Jul/2025:21:50:05 +0000] "GET /wp-json/jetpack/v4/sync/spawn-sync?time=1752702605&request_lock_id=1752702605.5571 HTTP/1.1" 200 37 "-" "WordPress/6.8.2; https://listingslad.com"
209.74.77.214 - - [16/Jul/2025:21:50:34 +0000] "POST /wp-cron.php?doing_wp_cron=1752702634.4022929668426513671875 HTTP/1.1" 200 - "-" "WordPress/6.8.2; https://listingslad.com"
115.77.130.201 - - [16/Jul/2025:21:50:34 +0000] "POST /wp-comments-post.php HTTP/1.1" 302 - "-" "Mozilla/5.0 (Windows NT 10.0; Win64; x64) AppleWebKit/537.36 (KHTML, like Gecko) Chrome/120.0.0.0 Safari/537.36"
209.74.77.214 - - [16/Jul/2025:21:50:34 +0000] "GET /wp-json/jetpack/v4/sync/spawn-sync?time=1752702634&request_lock_id=1752702634.4991 HTTP/1.1" 200 37 "-" "WordPress/6.8.2; https://listingslad.com"
209.74.77.214 - - [16/Jul/2025:21:51:07 +0000] "POST /wp-cron.php?doing_wp_cron=1752702667.6789820194244384765625 HTTP/1.1" 200 - "-" "WordPress/6.8.2; https://listingslad.com"
115.77.130.201 - - [16/Jul/2025:21:51:07 +0000] "POST /wp-comments-post.php HTTP/1.1" 302 - "-" "Mozilla/5.0 (Windows NT 10.0; Win64; x64) AppleWebKit/537.36 (KHTML, like Gecko) Chrome/120.0.0.0 Safari/537.36"
209.74.77.214 - - [16/Jul/2025:21:51:07 +0000] "GET /wp-json/jetpack/v4/sync/spawn-sync?time=1752702667&request_lock_id=1752702667.7598 HTTP/1.1" 200 37 "-" "WordPress/6.8.2; https://listingslad.com"
42.180.0.58 - - [16/Jul/2025:22:18:05 +0000] "POST /wp-comments-post.php HTTP/1.1" 302 - "-" "Mozilla/5.0 (Windows NT 10.0; Win64; x64) AppleWebKit/537.36 (KHTML, like Gecko) Chrome/120.0.0.0 Safari/537.36"
209.74.77.214 - - [16/Jul/2025:22:18:06 +0000] "GET /wp-json/jetpack/v4/sync/spawn-sync?time=1752704286&request_lock_id=1752704286.1928 HTTP/1.1" 200 37 "-" "WordPress/6.8.2; https://listingslad.com"
209.74.77.214 - - [16/Jul/2025:22:18:34 +0000] "POST /wp-cron.php?doing_wp_cron=1752704314.4350030422210693359375 HTTP/1.1" 200 - "-" "WordPress/6.8.2; https://listingslad.com"
42.180.0.58 - - [16/Jul/2025:22:18:34 +0000] "POST /wp-comments-post.php HTTP/1.1" 302 - "-" "Mozilla/5.0 (Windows NT 10.0; Win64; x64) AppleWebKit/537.36 (KHTML, like Gecko) Chrome/120.0.0.0 Safari/537.36"
209.74.77.214 - - [16/Jul/2025:22:18:34 +0000] "GET /wp-json/jetpack/v4/sync/spawn-sync?time=1752704314&request_lock_id=1752704314.5072 HTTP/1.1" 200 37 "-" "WordPress/6.8.2; https://listingslad.com"
209.74.77.214 - - [16/Jul/2025:22:19:02 +0000] "POST /wp-cron.php?doing_wp_cron=1752704342.6832919120788574218750 HTTP/1.1" 200 - "-" "WordPress/6.8.2; https://listingslad.com"
42.180.0.58 - - [16/Jul/2025:22:19:02 +0000] "POST /wp-comments-post.php HTTP/1.1" 302 - "-" "Mozilla/5.0 (Windows NT 10.0; Win64; x64) AppleWebKit/537.36 (KHTML, like Gecko) Chrome/120.0.0.0 Safari/537.36"
209.74.77.214 - - [16/Jul/2025:22:19:02 +0000] "GET /wp-json/jetpack/v4/sync/spawn-sync?time=1752704342&request_lock_id=1752704342.8747 HTTP/1.1" 200 37 "-" "WordPress/6.8.2; https://listingslad.com"
209.74.77.214 - - [16/Jul/2025:22:19:31 +0000] "POST /wp-cron.php?doing_wp_cron=1752704371.5240399837493896484375 HTTP/1.1" 200 - "-" "WordPress/6.8.2; https://listingslad.com"
42.180.0.58 - - [16/Jul/2025:22:19:31 +0000] "POST /wp-comments-post.php HTTP/1.1" 302 - "-" "Mozilla/5.0 (Windows NT 10.0; Win64; x64) AppleWebKit/537.36 (KHTML, like Gecko) Chrome/120.0.0.0 Safari/537.36"
209.74.77.214 - - [16/Jul/2025:22:19:31 +0000] "GET /wp-json/jetpack/v4/sync/spawn-sync?time=1752704371&request_lock_id=1752704371.6944 HTTP/1.1" 200 37 "-" "WordPress/6.8.2; https://listingslad.com"
209.74.77.214 - - [16/Jul/2025:22:19:59 +0000] "POST /wp-cron.php?doing_wp_cron=1752704399.6735830307006835937500 HTTP/1.1" 200 - "-" "WordPress/6.8.2; https://listingslad.com"
42.180.0.58 - - [16/Jul/2025:22:19:59 +0000] "POST /wp-comments-post.php HTTP/1.1" 302 - "-" "Mozilla/5.0 (Windows NT 10.0; Win64; x64) AppleWebKit/537.36 (KHTML, like Gecko) Chrome/120.0.0.0 Safari/537.36"
209.74.77.214 - - [16/Jul/2025:22:19:59 +0000] "GET /wp-json/jetpack/v4/sync/spawn-sync?time=1752704399&request_lock_id=1752704399.8851 HTTP/1.1" 200 37 "-" "WordPress/6.8.2; https://listingslad.com"
209.74.77.214 - - [16/Jul/2025:23:00:20 +0000] "POST /wp-cron.php?doing_wp_cron=1752706820.2326250076293945312500 HTTP/1.1" 200 - "-" "WordPress/6.8.2; https://listingslad.com"
57.141.2.29 - - [16/Jul/2025:23:00:16 +0000] "GET /index.html HTTP/1.1" 404 325555 "-" "meta-externalagent/1.1 (+https://developers.facebook.com/docs/sharing/webmasters/crawler)"
209.74.77.214 - - [16/Jul/2025:23:00:40 +0000] "POST /wp-cron.php?doing_wp_cron=1752706840.8405859470367431640625 HTTP/1.1" 200 - "-" "WordPress/6.8.2; https://listingslad.com"
47.52.209.228 - - [16/Jul/2025:23:00:40 +0000] "POST /xmlrpc.php HTTP/1.1" 405 415 "-" "Mozilla/5.0 (Windows NT 10.0; Win64; x64) AppleWebKit/537.36 (KHTML, like Gecko) Chrome/90.0.4430.93 Safari/537.36"
209.74.77.214 - - [16/Jul/2025:23:00:45 +0000] "POST /wp-cron.php?doing_wp_cron=1752706845.5852999687194824218750 HTTP/1.1" 200 - "-" "WordPress/6.8.2; https://listingslad.com"
109.199.114.14 - - [16/Jul/2025:23:00:45 +0000] "POST /xmlrpc.php HTTP/1.1" 405 415 "-" "Mozilla/5.0 (Windows NT 6.1; Win64; x64; rv:25.0) Gecko/20100101 Firefox/29.0"
220.158.232.245 - - [16/Jul/2025:23:00:51 +0000] "POST /xmlrpc.php HTTP/1.1" 405 415 "-" "Mozilla/5.0 (Windows NT 10.0; Win64; x64) AppleWebKit/537.36 (KHTML, like Gecko) Chrome/80.0.3987.132 Safari/537.36"
209.74.77.214 - - [16/Jul/2025:23:00:59 +0000] "POST /wp-cron.php?doing_wp_cron=1752706859.6439731121063232421875 HTTP/1.1" 200 - "-" "WordPress/6.8.2; https://listingslad.com"
209.126.6.21 - - [16/Jul/2025:23:00:59 +0000] "POST /xmlrpc.php HTTP/1.1" 405 415 "-" "Mozilla/5.0 (Windows NT 6.1; WOW64; rv:52.0) Gecko/20100101 Firefox/52.0"
47.251.116.156 - - [16/Jul/2025:23:01:06 +0000] "POST /xmlrpc.php HTTP/1.1" 405 415 "-" "Mozilla/5.0 (Linux; Android 10; LM-Q720) AppleWebKit/537.36 (KHTML, like Gecko) Chrome/91.0.4472.114 Mobile Safari/537.36"
209.74.77.214 - - [16/Jul/2025:23:01:10 +0000] "POST /wp-cron.php?doing_wp_cron=1752706870.0049529075622558593750 HTTP/1.1" 200 - "-" "WordPress/6.8.2; https://listingslad.com"
209.126.6.21 - - [16/Jul/2025:23:01:09 +0000] "POST /xmlrpc.php HTTP/1.1" 405 415 "-" "Mozilla/5.0 (Windows NT 6.1; WOW64; rv:18.0) Gecko/20100101 Firefox/18.0"
209.74.77.214 - - [16/Jul/2025:23:01:16 +0000] "POST /wp-cron.php?doing_wp_cron=1752706876.9425749778747558593750 HTTP/1.1" 200 - "-" "WordPress/6.8.2; https://listingslad.com"
8.138.34.138 - - [16/Jul/2025:23:01:16 +0000] "POST /xmlrpc.php HTTP/1.1" 405 415 "-" "Mozilla/5.0 (Linux; Android 10; LM-Q720) AppleWebKit/537.36 (KHTML, like Gecko) Chrome/91.0.4472.114 Mobile Safari/537.36"
167.250.5.47 - - [16/Jul/2025:23:01:16 +0000] "POST /xmlrpc.php HTTP/1.1" 405 415 "-" "Mozilla/5.0 (Windows NT 10.0; Win64; x64) AppleWebKit/537.36 (KHTML, like Gecko) Chrome/74.0.3729.169 Safari/537.36"
103.158.108.3 - - [16/Jul/2025:23:01:23 +0000] "POST /xmlrpc.php HTTP/1.1" 405 415 "-" "Mozilla/5.0 (Windows NT 6.1; WOW64; rv:50.0) Gecko/20100101 Firefox/50.0"
209.74.77.214 - - [16/Jul/2025:23:01:31 +0000] "POST /wp-cron.php?doing_wp_cron=1752706891.1626329421997070312500 HTTP/1.1" 200 - "-" "WordPress/6.8.2; https://listingslad.com"
49.233.58.23 - - [16/Jul/2025:23:01:30 +0000] "POST /xmlrpc.php HTTP/1.1" 405 415 "-" "Mozilla/5.0 (Windows NT 10.0; WOW64; rv:52.0) Gecko/20100101 Firefox/52.0"
209.74.77.214 - - [16/Jul/2025:23:13:03 +0000] "POST /wp-cron.php?doing_wp_cron=1752707583.6506230831146240234375 HTTP/1.1" 200 - "-" "WordPress/6.8.2; https://listingslad.com"
57.141.2.24 - - [16/Jul/2025:23:13:00 +0000] "GET /index.html HTTP/1.1" 301 - "-" "meta-externalagent/1.1 (+https://developers.facebook.com/docs/sharing/webmasters/crawler)"
183.81.48.245 - - [16/Jul/2025:23:30:58 +0000] "POST /wp-comments-post.php HTTP/1.1" 302 - "-" "Mozilla/5.0 (Windows NT 10.0; Win64; x64) AppleWebKit/537.36 (KHTML, like Gecko) Chrome/120.0.0.0 Safari/537.36"
209.74.77.214 - - [16/Jul/2025:23:30:59 +0000] "GET /wp-json/jetpack/v4/sync/spawn-sync?time=1752708659&request_lock_id=1752708659.4262 HTTP/1.1" 200 37 "-" "WordPress/6.8.2; https://listingslad.com"
209.74.77.214 - - [16/Jul/2025:23:31:24 +0000] "POST /wp-cron.php?doing_wp_cron=1752708684.0369379520416259765625 HTTP/1.1" 200 - "-" "WordPress/6.8.2; https://listingslad.com"
183.81.48.245 - - [16/Jul/2025:23:31:23 +0000] "POST /wp-comments-post.php HTTP/1.1" 302 - "-" "Mozilla/5.0 (Windows NT 10.0; Win64; x64) AppleWebKit/537.36 (KHTML, like Gecko) Chrome/120.0.0.0 Safari/537.36"
209.74.77.214 - - [16/Jul/2025:23:31:24 +0000] "GET /wp-json/jetpack/v4/sync/spawn-sync?time=1752708684&request_lock_id=1752708684.2359 HTTP/1.1" 200 37 "-" "WordPress/6.8.2; https://listingslad.com"
209.74.77.214 - - [16/Jul/2025:23:31:47 +0000] "POST /wp-cron.php?doing_wp_cron=1752708707.0303521156311035156250 HTTP/1.1" 200 - "-" "WordPress/6.8.2; https://listingslad.com"
183.81.48.245 - - [16/Jul/2025:23:31:46 +0000] "POST /wp-comments-post.php HTTP/1.1" 302 - "-" "Mozilla/5.0 (Windows NT 10.0; Win64; x64) AppleWebKit/537.36 (KHTML, like Gecko) Chrome/120.0.0.0 Safari/537.36"
209.74.77.214 - - [16/Jul/2025:23:31:47 +0000] "GET /wp-json/jetpack/v4/sync/spawn-sync?time=1752708707&request_lock_id=1752708707.1341 HTTP/1.1" 200 37 "-" "WordPress/6.8.2; https://listingslad.com"
209.74.77.214 - - [16/Jul/2025:23:32:11 +0000] "POST /wp-cron.php?doing_wp_cron=1752708731.4858350753784179687500 HTTP/1.1" 200 - "-" "WordPress/6.8.2; https://listingslad.com"
183.81.48.245 - - [16/Jul/2025:23:32:11 +0000] "POST /wp-comments-post.php HTTP/1.1" 302 - "-" "Mozilla/5.0 (Windows NT 10.0; Win64; x64) AppleWebKit/537.36 (KHTML, like Gecko) Chrome/120.0.0.0 Safari/537.36"
209.74.77.214 - - [16/Jul/2025:23:32:11 +0000] "GET /wp-json/jetpack/v4/sync/spawn-sync?time=1752708731&request_lock_id=1752708731.6837 HTTP/1.1" 200 37 "-" "WordPress/6.8.2; https://listingslad.com"
209.74.77.214 - - [16/Jul/2025:23:32:35 +0000] "POST /wp-cron.php?doing_wp_cron=1752708755.5375599861145019531250 HTTP/1.1" 200 - "-" "WordPress/6.8.2; https://listingslad.com"
183.81.48.245 - - [16/Jul/2025:23:32:35 +0000] "POST /wp-comments-post.php HTTP/1.1" 302 - "-" "Mozilla/5.0 (Windows NT 10.0; Win64; x64) AppleWebKit/537.36 (KHTML, like Gecko) Chrome/120.0.0.0 Safari/537.36"
209.74.77.214 - - [16/Jul/2025:23:32:35 +0000] "GET /wp-json/jetpack/v4/sync/spawn-sync?time=1752708755&request_lock_id=1752708755.6135 HTTP/1.1" 200 37 "-" "WordPress/6.8.2; https://listingslad.com"
209.74.77.214 - - [16/Jul/2025:23:33:00 +0000] "POST /wp-cron.php?doing_wp_cron=1752708780.2857580184936523437500 HTTP/1.1" 200 - "-" "WordPress/6.8.2; https://listingslad.com"
183.81.48.245 - - [16/Jul/2025:23:33:00 +0000] "POST /wp-comments-post.php HTTP/1.1" 302 - "-" "Mozilla/5.0 (Windows NT 10.0; Win64; x64) AppleWebKit/537.36 (KHTML, like Gecko) Chrome/120.0.0.0 Safari/537.36"
209.74.77.214 - - [16/Jul/2025:23:33:00 +0000] "GET /wp-json/jetpack/v4/sync/spawn-sync?time=1752708780&request_lock_id=1752708780.5078 HTTP/1.1" 200 37 "-" "WordPress/6.8.2; https://listingslad.com"
209.74.77.214 - - [16/Jul/2025:23:33:26 +0000] "POST /wp-cron.php?doing_wp_cron=1752708806.5995790958404541015625 HTTP/1.1" 200 - "-" "WordPress/6.8.2; https://listingslad.com"
183.81.48.245 - - [16/Jul/2025:23:33:26 +0000] "POST /wp-comments-post.php HTTP/1.1" 302 - "-" "Mozilla/5.0 (Windows NT 10.0; Win64; x64) AppleWebKit/537.36 (KHTML, like Gecko) Chrome/120.0.0.0 Safari/537.36"
209.74.77.214 - - [16/Jul/2025:23:33:26 +0000] "GET /wp-json/jetpack/v4/sync/spawn-sync?time=1752708806&request_lock_id=1752708806.7946 HTTP/1.1" 200 37 "-" "WordPress/6.8.2; https://listingslad.com"
209.74.77.214 - - [16/Jul/2025:23:51:13 +0000] "POST /wp-cron.php?doing_wp_cron=1752709873.8707768917083740234375 HTTP/1.1" 200 - "-" "WordPress/6.8.2; https://listingslad.com"
36.50.92.109 - - [16/Jul/2025:23:51:13 +0000] "POST /wp-comments-post.php HTTP/1.1" 302 - "-" "Mozilla/5.0 (Windows NT 10.0; Win64; x64) AppleWebKit/537.36 (KHTML, like Gecko) Chrome/120.0.0.0 Safari/537.36"
209.74.77.214 - - [16/Jul/2025:23:51:13 +0000] "GET /wp-json/jetpack/v4/sync/spawn-sync?time=1752709873&request_lock_id=1752709873.9622 HTTP/1.1" 200 37 "-" "WordPress/6.8.2; https://listingslad.com"
45.227.253.15 - - [16/Jul/2025:23:51:41 +0000] "GET /wp-admin/css/colors/ectoplasm/ectoplasm/index.php?ARRAY=7o2230223n313735323731333630372p2231223n22687474703n5p2s5p2s7n7334393476313373752r74616368652r70726s5p2s3s6p633q78696164616r5s72616r645s7061746826743q313735323731303030372q6436396637646135333230666663326133323465366536636235366662303632222p2232223n226230343161316636346466353937366130343938373435383561633064616366222p2233223n226230376262633334336536623734656638363437613834613434343538353437222p2262696r675s70617373223n2231352q33312q35382q36352q37352q38362q3136227q HTTP/1.1" 200 509 "-" "Mozilla/5.0 (Linux; Android 10; Z832 Build/MMB29M) AppleWebKit/537.36 (KHTML, like Gecko) Chrome/85.0.4183.83 Mobile Safari/537.36"
209.74.77.214 - - [16/Jul/2025:23:51:50 +0000] "POST /wp-cron.php?doing_wp_cron=1752709910.4182519912719726562500 HTTP/1.1" 200 - "-" "WordPress/6.8.2; https://listingslad.com"
36.50.92.109 - - [16/Jul/2025:23:51:50 +0000] "POST /wp-comments-post.php HTTP/1.1" 302 - "-" "Mozilla/5.0 (Windows NT 10.0; Win64; x64) AppleWebKit/537.36 (KHTML, like Gecko) Chrome/120.0.0.0 Safari/537.36"
209.74.77.214 - - [16/Jul/2025:23:51:50 +0000] "GET /wp-json/jetpack/v4/sync/spawn-sync?time=1752709910&request_lock_id=1752709910.4923 HTTP/1.1" 200 37 "-" "WordPress/6.8.2; https://listingslad.com"
209.74.77.214 - - [16/Jul/2025:23:52:16 +0000] "POST /wp-cron.php?doing_wp_cron=1752709936.9332630634307861328125 HTTP/1.1" 200 - "-" "WordPress/6.8.2; https://listingslad.com"
36.50.92.109 - - [16/Jul/2025:23:52:16 +0000] "POST /wp-comments-post.php HTTP/1.1" 302 - "-" "Mozilla/5.0 (Windows NT 10.0; Win64; x64) AppleWebKit/537.36 (KHTML, like Gecko) Chrome/120.0.0.0 Safari/537.36"
209.74.77.214 - - [16/Jul/2025:23:52:17 +0000] "GET /wp-json/jetpack/v4/sync/spawn-sync?time=1752709937&request_lock_id=1752709937.0015 HTTP/1.1" 200 37 "-" "WordPress/6.8.2; https://listingslad.com"
209.74.77.214 - - [16/Jul/2025:23:52:43 +0000] "POST /wp-cron.php?doing_wp_cron=1752709963.3908379077911376953125 HTTP/1.1" 200 - "-" "WordPress/6.8.2; https://listingslad.com"
36.50.92.109 - - [16/Jul/2025:23:52:43 +0000] "POST /wp-comments-post.php HTTP/1.1" 302 - "-" "Mozilla/5.0 (Windows NT 10.0; Win64; x64) AppleWebKit/537.36 (KHTML, like Gecko) Chrome/120.0.0.0 Safari/537.36"
209.74.77.214 - - [16/Jul/2025:23:52:43 +0000] "GET /wp-json/jetpack/v4/sync/spawn-sync?time=1752709963&request_lock_id=1752709963.4735 HTTP/1.1" 200 37 "-" "WordPress/6.8.2; https://listingslad.com"
209.74.77.214 - - [16/Jul/2025:23:53:10 +0000] "POST /wp-cron.php?doing_wp_cron=1752709990.2942819595336914062500 HTTP/1.1" 200 - "-" "WordPress/6.8.2; https://listingslad.com"
36.50.92.109 - - [16/Jul/2025:23:53:10 +0000] "POST /wp-comments-post.php HTTP/1.1" 302 - "-" "Mozilla/5.0 (Windows NT 10.0; Win64; x64) AppleWebKit/537.36 (KHTML, like Gecko) Chrome/120.0.0.0 Safari/537.36"
209.74.77.214 - - [16/Jul/2025:23:53:10 +0000] "GET /wp-json/jetpack/v4/sync/spawn-sync?time=1752709990&request_lock_id=1752709990.371 HTTP/1.1" 200 37 "-" "WordPress/6.8.2; https://listingslad.com"
209.74.77.214 - - [16/Jul/2025:23:53:36 +0000] "POST /wp-cron.php?doing_wp_cron=1752710016.5274119377136230468750 HTTP/1.1" 200 - "-" "WordPress/6.8.2; https://listingslad.com"
36.50.92.109 - - [16/Jul/2025:23:53:36 +0000] "POST /wp-comments-post.php HTTP/1.1" 302 - "-" "Mozilla/5.0 (Windows NT 10.0; Win64; x64) AppleWebKit/537.36 (KHTML, like Gecko) Chrome/120.0.0.0 Safari/537.36"
209.74.77.214 - - [16/Jul/2025:23:53:36 +0000] "GET /wp-json/jetpack/v4/sync/spawn-sync?time=1752710016&request_lock_id=1752710016.6157 HTTP/1.1" 200 37 "-" "WordPress/6.8.2; https://listingslad.com"
209.74.77.214 - - [17/Jul/2025:00:01:43 +0000] "POST /wp-cron.php?doing_wp_cron=1752710503.9197719097137451171875 HTTP/1.1" 200 - "-" "WordPress/6.8.2; https://listingslad.com"
51.222.253.1 - - [17/Jul/2025:00:01:41 +0000] "GET /wp-sitemap.xml HTTP/1.1" 200 318 "-" "Mozilla/5.0 (compatible; AhrefsBot/7.0; +http://ahrefs.com/robot/)"
209.74.77.214 - - [17/Jul/2025:00:01:47 +0000] "POST /wp-cron.php?doing_wp_cron=1752710507.8521370887756347656250 HTTP/1.1" 200 - "-" "WordPress/6.8.2; https://listingslad.com"
51.222.253.4 - - [17/Jul/2025:00:01:47 +0000] "GET /wp-sitemap-posts-post-1.xml HTTP/1.1" 200 310 "-" "Mozilla/5.0 (compatible; AhrefsBot/7.0; +http://ahrefs.com/robot/)"
51.222.253.13 - - [17/Jul/2025:00:01:51 +0000] "GET /wp-sitemap-posts-page-1.xml HTTP/1.1" 200 453 "-" "Mozilla/5.0 (compatible; AhrefsBot/7.0; +http://ahrefs.com/robot/)"
51.222.253.16 - - [17/Jul/2025:00:01:55 +0000] "GET /wp-sitemap-posts-product-1.xml HTTP/1.1" 200 279 "-" "Mozilla/5.0 (compatible; AhrefsBot/7.0; +http://ahrefs.com/robot/)"
209.74.77.214 - - [17/Jul/2025:00:01:59 +0000] "POST /wp-cron.php?doing_wp_cron=1752710519.4881310462951660156250 HTTP/1.1" 200 - "-" "WordPress/6.8.2; https://listingslad.com"
51.222.253.4 - - [17/Jul/2025:00:01:59 +0000] "GET /wp-sitemap-posts-listivo_template-1.xml HTTP/1.1" 200 388 "-" "Mozilla/5.0 (compatible; AhrefsBot/7.0; +http://ahrefs.com/robot/)"
51.222.253.7 - - [17/Jul/2025:00:02:03 +0000] "GET /wp-sitemap-posts-listivo_listing-1.xml HTTP/1.1" 200 629 "-" "Mozilla/5.0 (compatible; AhrefsBot/7.0; +http://ahrefs.com/robot/)"
51.222.253.16 - - [17/Jul/2025:00:02:07 +0000] "GET /wp-sitemap-taxonomies-category-1.xml HTTP/1.1" 200 212 "-" "Mozilla/5.0 (compatible; AhrefsBot/7.0; +http://ahrefs.com/robot/)"
209.74.77.214 - - [17/Jul/2025:00:02:13 +0000] "POST /wp-cron.php?doing_wp_cron=1752710533.4755740165710449218750 HTTP/1.1" 200 - "-" "WordPress/6.8.2; https://listingslad.com"
51.222.253.14 - - [17/Jul/2025:00:02:13 +0000] "GET /wp-sitemap-taxonomies-post_tag-1.xml HTTP/1.1" 200 245 "-" "Mozilla/5.0 (compatible; AhrefsBot/7.0; +http://ahrefs.com/robot/)"
51.222.253.13 - - [17/Jul/2025:00:02:18 +0000] "GET /wp-sitemap-taxonomies-product_cat-1.xml HTTP/1.1" 200 196 "-" "Mozilla/5.0 (compatible; AhrefsBot/7.0; +http://ahrefs.com/robot/)"
51.222.253.6 - - [17/Jul/2025:00:02:22 +0000] "GET /wp-sitemap-taxonomies-listivo_14-1.xml HTTP/1.1" 200 383 "-" "Mozilla/5.0 (compatible; AhrefsBot/7.0; +http://ahrefs.com/robot/)"
51.222.253.16 - - [17/Jul/2025:00:02:26 +0000] "GET /wp-sitemap-taxonomies-listivo_1910-1.xml HTTP/1.1" 200 195 "-" "Mozilla/5.0 (compatible; AhrefsBot/7.0; +http://ahrefs.com/robot/)"
209.74.77.214 - - [17/Jul/2025:00:02:30 +0000] "POST /wp-cron.php?doing_wp_cron=1752710550.0158429145812988281250 HTTP/1.1" 200 - "-" "WordPress/6.8.2; https://listingslad.com"
51.222.253.6 - - [17/Jul/2025:00:02:29 +0000] "GET /wp-sitemap-taxonomies-listivo_1911-1.xml HTTP/1.1" 200 199 "-" "Mozilla/5.0 (compatible; AhrefsBot/7.0; +http://ahrefs.com/robot/)"
51.222.253.4 - - [17/Jul/2025:00:02:33 +0000] "GET /wp-sitemap-taxonomies-listivo_1913-1.xml HTTP/1.1" 200 195 "-" "Mozilla/5.0 (compatible; AhrefsBot/7.0; +http://ahrefs.com/robot/)"
51.222.253.2 - - [17/Jul/2025:00:02:37 +0000] "GET /wp-sitemap-taxonomies-listivo_1912-1.xml HTTP/1.1" 200 190 "-" "Mozilla/5.0 (compatible; AhrefsBot/7.0; +http://ahrefs.com/robot/)"
51.222.253.20 - - [17/Jul/2025:00:02:41 +0000] "GET /wp-sitemap-taxonomies-listivo_945-1.xml HTTP/1.1" 200 205 "-" "Mozilla/5.0 (compatible; AhrefsBot/7.0; +http://ahrefs.com/robot/)"
209.74.77.214 - - [17/Jul/2025:00:02:45 +0000] "POST /wp-cron.php?doing_wp_cron=1752710565.5954051017761230468750 HTTP/1.1" 200 - "-" "WordPress/6.8.2; https://listingslad.com"
51.222.253.7 - - [17/Jul/2025:00:02:45 +0000] "GET /wp-sitemap-taxonomies-listivo_946-1.xml HTTP/1.1" 200 226 "-" "Mozilla/5.0 (compatible; AhrefsBot/7.0; +http://ahrefs.com/robot/)"
51.222.253.8 - - [17/Jul/2025:00:02:49 +0000] "GET /wp-sitemap-taxonomies-listivo_4661-1.xml HTTP/1.1" 200 285 "-" "Mozilla/5.0 (compatible; AhrefsBot/7.0; +http://ahrefs.com/robot/)"
51.222.253.11 - - [17/Jul/2025:00:02:53 +0000] "GET /wp-sitemap-taxonomies-listivo_4318-1.xml HTTP/1.1" 200 293 "-" "Mozilla/5.0 (compatible; AhrefsBot/7.0; +http://ahrefs.com/robot/)"
209.74.77.214 - - [17/Jul/2025:00:02:57 +0000] "POST /wp-cron.php?doing_wp_cron=1752710577.2400009632110595703125 HTTP/1.1" 200 - "-" "WordPress/6.8.2; https://listingslad.com"
51.222.253.16 - - [17/Jul/2025:00:02:57 +0000] "GET /wp-sitemap-taxonomies-listivo_4660-1.xml HTTP/1.1" 200 304 "-" "Mozilla/5.0 (compatible; AhrefsBot/7.0; +http://ahrefs.com/robot/)"
51.222.253.15 - - [17/Jul/2025:00:03:01 +0000] "GET /wp-sitemap-taxonomies-listivo_4657-1.xml HTTP/1.1" 200 228 "-" "Mozilla/5.0 (compatible; AhrefsBot/7.0; +http://ahrefs.com/robot/)"
51.222.253.20 - - [17/Jul/2025:00:03:04 +0000] "GET /wp-sitemap-taxonomies-listivo_2723-1.xml HTTP/1.1" 200 265 "-" "Mozilla/5.0 (compatible; AhrefsBot/7.0; +http://ahrefs.com/robot/)"
51.222.253.17 - - [17/Jul/2025:00:03:08 +0000] "GET /wp-sitemap-users-1.xml HTTP/1.1" 200 213 "-" "Mozilla/5.0 (compatible; AhrefsBot/7.0; +http://ahrefs.com/robot/)"
45.227.253.15 - - [17/Jul/2025:00:03:27 +0000] "GET /wp-content/themes/listivo/templates/widgets/user/user/index.php?ARRAY=7o2230223n313735323731343331332p2231223n22687474703n5p2s5p2s7n7334393476313373752r74616368652r70726s5p2s3s6p633q7068705s636s64655s6n6326743q313735323731303731332q6335363737663732663138363963326462376239663030633262313562343635222p2232223n223739353536356239643031386431623363623937313438373065636639343663222p2233223n223433636166353462343930386234303338313861353963386339653165303235222p2262696r675s70617373223n2232372q34322q35392q36392q37342q38312q3132227q HTTP/1.1" 200 102 "-" "Mozilla/5.0 (Macintosh; Intel Mac OS X 10.15; rv:81.0) Gecko/20100101 Firefox/81.0"
4.227.36.56 - - [17/Jul/2025:00:09:50 +0000] "GET /robots.txt HTTP/1.1" 200 95 "-" "Mozilla/5.0 AppleWebKit/537.36 (KHTML, like Gecko; compatible; GPTBot/1.2; +https://openai.com/gptbot)"
209.74.77.214 - - [17/Jul/2025:00:09:52 +0000] "POST /wp-cron.php?doing_wp_cron=1752710992.1458299160003662109375 HTTP/1.1" 200 - "-" "WordPress/6.8.2; https://listingslad.com"
20.171.207.77 - - [17/Jul/2025:00:09:50 +0000] "GET /sitemap.xml HTTP/1.1" 301 - "-" "Mozilla/5.0 AppleWebKit/537.36 (KHTML, like Gecko; compatible; GPTBot/1.2; +https://openai.com/gptbot)"
20.171.207.77 - - [17/Jul/2025:00:09:52 +0000] "GET /wp-sitemap.xml HTTP/1.1" 200 318 "-" "Mozilla/5.0 AppleWebKit/537.36 (KHTML, like Gecko; compatible; GPTBot/1.2; +https://openai.com/gptbot)"
209.74.77.214 - - [17/Jul/2025:00:41:38 +0000] "POST /wp-cron.php?doing_wp_cron=1752712898.2060770988464355468750 HTTP/1.1" 200 - "-" "WordPress/6.8.2; https://listingslad.com"
45.227.253.15 - - [17/Jul/2025:00:41:35 +0000] "GET /index.php/jk HTTP/1.1" 301 - "-" "Mozilla/5.0 (Macintosh; Intel Mac OS X 10.14; rv:103.0) Gecko/20100101 Firefox/101.0"
45.227.253.15 - - [17/Jul/2025:00:41:39 +0000] "GET /jk HTTP/1.1" 404 65065 "https://listingslad.com/index.php/jk" "Mozilla/5.0 (Macintosh; Intel Mac OS X 10.14; rv:103.0) Gecko/20100101 Firefox/101.0"
85.208.96.206 - - [17/Jul/2025:00:52:43 +0000] "GET /robots.txt HTTP/1.1" 200 95 "-" "Mozilla/5.0 (compatible; SemrushBot/7~bl; +http://www.semrush.com/bot.html)"
209.74.77.214 - - [17/Jul/2025:00:52:45 +0000] "POST /wp-cron.php?doing_wp_cron=1752713565.6978039741516113281250 HTTP/1.1" 200 - "-" "WordPress/6.8.2; https://listingslad.com"
85.208.96.204 - - [17/Jul/2025:00:52:43 +0000] "GET /dont-sell-on-your-own-just-because-its-a/ HTTP/1.1" 200 50446 "-" "Mozilla/5.0 (compatible; SemrushBot/7~bl; +http://www.semrush.com/bot.html)"
209.74.77.214 - - [17/Jul/2025:00:54:35 +0000] "POST /wp-cron.php?doing_wp_cron=1752713675.8185338973999023437500 HTTP/1.1" 200 - "-" "WordPress/6.8.2; https://listingslad.com"
66.249.74.15 - - [17/Jul/2025:00:54:33 +0000] "GET /man/customer_guide HTTP/1.1" 404 65075 "-" "Mozilla/5.0 (Linux; Android 6.0.1; Nexus 5X Build/MMB29P) AppleWebKit/537.36 (KHTML, like Gecko) Chrome/137.0.7151.103 Mobile Safari/537.36 (compatible; Googlebot/2.1; +http://www.google.com/bot.html)"
209.74.77.214 - - [17/Jul/2025:01:40:03 +0000] "POST /wp-cron.php?doing_wp_cron=1752716403.9583399295806884765625 HTTP/1.1" 200 - "-" "WordPress/6.8.2; https://listingslad.com"
57.141.2.24 - - [17/Jul/2025:01:40:02 +0000] "GET /wp-sitemap.xml HTTP/1.1" 200 2113 "-" "meta-externalagent/1.1 (+https://developers.facebook.com/docs/sharing/webmasters/crawler)"
209.74.77.214 - - [17/Jul/2025:01:43:19 +0000] "POST /wp-cron.php?doing_wp_cron=1752716599.4995770454406738281250 HTTP/1.1" 200 - "-" "WordPress/6.8.2; https://listingslad.com"
100.29.34.97 - - [17/Jul/2025:01:43:17 +0000] "GET /compare/ HTTP/1.1" 200 35901 "-" "Mozilla/5.0 AppleWebKit/537.36 (KHTML, like Gecko; compatible; Amazonbot/0.1; +https://developer.amazon.com/support/amazonbot) Chrome/119.0.6045.214 Safari/537.36"
209.74.77.214 - - [17/Jul/2025:01:47:44 +0000] "POST /wp-cron.php?doing_wp_cron=1752716864.5689558982849121093750 HTTP/1.1" 200 - "-" "WordPress/6.8.2; https://listingslad.com"
209.38.45.241 - - [17/Jul/2025:01:47:44 +0000] "GET / HTTP/1.1" 200 61189 "-" "Mozilla/5.0 (X11; Linux x86_64; rv:137.0) Gecko/20100101 Firefox/137.0"
209.38.45.241 - - [17/Jul/2025:01:47:48 +0000] "GET /wp-content/uploads/2024/08/cropped-android-chrome-512x512-1.png HTTP/1.1" 200 322927 "https://listingslad.com/" "Mozilla/5.0 (X11; Linux x86_64; rv:137.0) Gecko/20100101 Firefox/137.0"
66.249.73.66 - - [17/Jul/2025:01:52:42 +0000] "GET /robots.txt HTTP/1.1" 200 95 "-" "Mozilla/5.0 (compatible; Googlebot/2.1; +http://www.google.com/bot.html)"
209.74.77.214 - - [17/Jul/2025:01:52:44 +0000] "POST /wp-cron.php?doing_wp_cron=1752717164.2659149169921875000000 HTTP/1.1" 200 - "-" "WordPress/6.8.2; https://listingslad.com"
66.249.73.67 - - [17/Jul/2025:01:52:42 +0000] "GET / HTTP/1.1" 301 - "-" "Mozilla/5.0 (Linux; Android 6.0.1; Nexus 5X Build/MMB29P) AppleWebKit/537.36 (KHTML, like Gecko) Chrome/137.0.7151.103 Mobile Safari/537.36 (compatible; Googlebot/2.1; +http://www.google.com/bot.html)"
209.74.77.214 - - [17/Jul/2025:02:25:58 +0000] "POST /wp-cron.php?doing_wp_cron=1752719158.9353079795837402343750 HTTP/1.1" 200 - "-" "WordPress/6.8.2; https://listingslad.com"
101.42.117.179 - - [17/Jul/2025:02:25:58 +0000] "GET / HTTP/1.1" 200 61189 "http://www.listingslad.com" "Mozilla/5.0 (iPhone; CPU iPhone OS 13_2_3 like Mac OS X) AppleWebKit/605.1.15 (KHTML, like Gecko) Version/13.0.3 Mobile/15E148 Safari/604.1"
209.74.77.214 - - [17/Jul/2025:02:30:55 +0000] "POST /wp-cron.php?doing_wp_cron=1752719455.8139920234680175781250 HTTP/1.1" 200 - "-" "WordPress/6.8.2; https://listingslad.com"
66.249.74.14 - - [17/Jul/2025:02:30:53 +0000] "GET /ads/?make=scania&model=r730 HTTP/1.1" 200 66682 "-" "Mozilla/5.0 (Linux; Android 6.0.1; Nexus 5X Build/MMB29P) AppleWebKit/537.36 (KHTML, like Gecko) Chrome/137.0.7151.103 Mobile Safari/537.36 (compatible; Googlebot/2.1; +http://www.google.com/bot.html)"
66.249.74.14 - - [17/Jul/2025:02:31:01 +0000] "GET /wp-includes/css/dist/block-library/style.min.css?ver=6.8.2 HTTP/1.1" 200 15315 "https://listingslad.com/ads/?make=scania&model=r730" "Mozilla/5.0 (Linux; Android 6.0.1; Nexus 5X Build/MMB29P) AppleWebKit/537.36 (KHTML, like Gecko) Chrome/137.0.7151.119 Mobile Safari/537.36 (compatible; Googlebot/2.1; +http://www.google.com/bot.html)"
66.249.74.13 - - [17/Jul/2025:02:31:02 +0000] "POST /wp-admin/admin-post.php?action=listivo/terms/multilevel/fetch HTTP/1.1" 200 1071 "https://listingslad.com/ads/?make=scania&model=r730" "Mozilla/5.0 (Linux; Android 6.0.1; Nexus 5X Build/MMB29P) AppleWebKit/537.36 (KHTML, like Gecko) Chrome/137.0.7151.119 Mobile Safari/537.36 (compatible; Googlebot/2.1; +http://www.google.com/bot.html)"
129.226.174.80 - - [17/Jul/2025:02:31:15 +0000] "GET / HTTP/1.1" 200 61188 "http://www.listingslad.com" "Mozilla/5.0 (iPhone; CPU iPhone OS 13_2_3 like Mac OS X) AppleWebKit/605.1.15 (KHTML, like Gecko) Version/13.0.3 Mobile/15E148 Safari/604.1"
104.210.140.143 - - [17/Jul/2025:02:32:38 +0000] "GET /robots.txt HTTP/1.1" 200 95 "-" "Mozilla/5.0 (Macintosh; Intel Mac OS X 10_15_7) AppleWebKit/537.36 (KHTML, like Gecko) Chrome/131.0.0.0 Safari/537.36; compatible; OAI-SearchBot/1.0; +https://openai.com/searchbot"
69.171.231.116 - - [17/Jul/2025:02:38:39 +0000] "GET /robots.txt HTTP/1.1" 206 80 "-" "facebookexternalhit/1.1 (+http://www.facebook.com/externalhit_uatext.php)"
66.249.74.14 - - [17/Jul/2025:02:40:32 +0000] "GET / HTTP/1.1" 200 61189 "-" "Mozilla/5.0 (Linux; Android 6.0.1; Nexus 5X Build/MMB29P) AppleWebKit/537.36 (KHTML, like Gecko) Chrome/137.0.7151.103 Mobile Safari/537.36 (compatible; Googlebot/2.1; +http://www.google.com/bot.html)"
66.249.74.14 - - [17/Jul/2025:02:41:33 +0000] "GET / HTTP/1.1" 200 61190 "-" "Mozilla/5.0 (compatible; Googlebot/2.1; +http://www.google.com/bot.html)"
66.249.74.13 - - [17/Jul/2025:02:41:33 +0000] "GET / HTTP/1.1" 200 61190 "-" "Mozilla/5.0 (Linux; Android 6.0.1; Nexus 5X Build/MMB29P) AppleWebKit/537.36 (KHTML, like Gecko) Chrome/99.0.4844.84 Mobile Safari/537.36 (compatible; Googlebot/2.1; +http://www.google.com/bot.html)"
66.249.74.14 - - [17/Jul/2025:02:41:34 +0000] "GET /wp-content/plugins/elementor/assets/css/widget-text-editor.min.css?ver=3.30.2 HTTP/1.1" 200 276 "https://listingslad.com/" "Mozilla/5.0 AppleWebKit/537.36 (KHTML, like Gecko; compatible; Googlebot/2.1; +http://www.google.com/bot.html) Chrome/137.0.7151.119 Safari/537.36"
66.249.74.14 - - [17/Jul/2025:02:41:34 +0000] "GET /wp-content/uploads/elementor/google-fonts/css/redhatdisplay.css?ver=1742256846 HTTP/1.1" 200 621 "https://listingslad.com/" "Mozilla/5.0 AppleWebKit/537.36 (KHTML, like Gecko; compatible; Googlebot/2.1; +http://www.google.com/bot.html) Chrome/137.0.7151.119 Safari/537.36"
66.249.74.15 - - [17/Jul/2025:02:41:34 +0000] "GET /wp-includes/js/dist/script-modules/interactivity/index.min.js?ver=55aebb6e0a16726baffb HTTP/1.1" 200 14072 "https://listingslad.com/" "Mozilla/5.0 AppleWebKit/537.36 (KHTML, like Gecko; compatible; Googlebot/2.1; +http://www.google.com/bot.html) Chrome/137.0.7151.119 Safari/537.36"
66.249.74.15 - - [17/Jul/2025:02:41:35 +0000] "GET /wp-content/uploads/elementor/google-fonts/css/redhatdisplay.css?ver=1742256846 HTTP/1.1" 200 621 "https://listingslad.com/" "Mozilla/5.0 (Linux; Android 6.0.1; Nexus 5X Build/MMB29P) AppleWebKit/537.36 (KHTML, like Gecko) Chrome/137.0.7151.119 Mobile Safari/537.36 (compatible; Googlebot/2.1; +http://www.google.com/bot.html)"
66.249.74.13 - - [17/Jul/2025:02:41:35 +0000] "GET /wp-content/plugins/elementor/assets/css/widget-text-editor.min.css?ver=3.30.2 HTTP/1.1" 200 276 "https://listingslad.com/" "Mozilla/5.0 (Linux; Android 6.0.1; Nexus 5X Build/MMB29P) AppleWebKit/537.36 (KHTML, like Gecko) Chrome/137.0.7151.119 Mobile Safari/537.36 (compatible; Googlebot/2.1; +http://www.google.com/bot.html)"
66.249.74.14 - - [17/Jul/2025:02:41:35 +0000] "GET /wp-includes/js/dist/script-modules/interactivity/index.min.js?ver=55aebb6e0a16726baffb HTTP/1.1" 200 14072 "https://listingslad.com/" "Mozilla/5.0 (Linux; Android 6.0.1; Nexus 5X Build/MMB29P) AppleWebKit/537.36 (KHTML, like Gecko) Chrome/137.0.7151.119 Mobile Safari/537.36 (compatible; Googlebot/2.1; +http://www.google.com/bot.html)"
66.249.74.14 - - [17/Jul/2025:02:41:35 +0000] "GET /wp-content/plugins/elementor/assets/js/text-editor.c084ef86600b6f11690d.bundle.min.js HTTP/1.1" 200 685 "https://listingslad.com/" "Mozilla/5.0 AppleWebKit/537.36 (KHTML, like Gecko; compatible; Googlebot/2.1; +http://www.google.com/bot.html) Chrome/137.0.7151.119 Safari/537.36"
85.208.96.211 - - [17/Jul/2025:02:42:29 +0000] "GET /robots.txt HTTP/1.1" 200 95 "-" "Mozilla/5.0 (compatible; SemrushBot/7~bl; +http://www.semrush.com/bot.html)"
209.74.77.214 - - [17/Jul/2025:02:42:31 +0000] "POST /wp-cron.php?doing_wp_cron=1752720151.4340710639953613281250 HTTP/1.1" 200 - "-" "WordPress/6.8.2; https://listingslad.com"
85.208.96.206 - - [17/Jul/2025:02:42:30 +0000] "GET /user/six-pack-studios/ HTTP/1.1" 200 44800 "-" "Mozilla/5.0 (compatible; SemrushBot/7~bl; +http://www.semrush.com/bot.html)"
209.74.77.214 - - [17/Jul/2025:02:42:47 +0000] "POST /wp-cron.php?doing_wp_cron=1752720167.7234239578247070312500 HTTP/1.1" 200 - "-" "WordPress/6.8.2; https://listingslad.com"
45.227.253.15 - - [17/Jul/2025:02:42:46 +0000] "GET /?of=1 HTTP/1.1" 200 61187 "-" "Mozilla/5.0 (Windows NT 10.0; Win64; x64) AppleWebKit/537.36 (KHTML, like Gecko) Chrome/84.0.4183.83 Safari/537.36"
209.74.77.214 - - [17/Jul/2025:02:42:52 +0000] "GET /index.php/jk/ HTTP/1.1" 301 - "https://www.google.com" "Mozilla/5.0+(compatible;+Googlebot/2.1;++https://www.google.com/bot.html)"
209.74.77.214 - - [17/Jul/2025:02:42:52 +0000] "GET /index.php/jk/ HTTP/1.1" 301 - "-" "-"
209.74.77.214 - - [17/Jul/2025:02:42:52 +0000] "GET /jk/ HTTP/1.1" 404 325551 "-" "-"
209.74.77.214 - - [17/Jul/2025:02:42:53 +0000] "GET / HTTP/1.1" 200 506584 "https://www.google.com" "Mozilla/5.0+(compatible;+Googlebot/2.1;++https://www.google.com/bot.html)"
209.74.77.214 - - [17/Jul/2025:02:42:53 +0000] "GET /robots.txt HTTP/1.1" 200 80 "https://www.google.com" "Mozilla/5.0+(compatible;+Googlebot/2.1;++https://www.google.com/bot.html)"
45.227.253.15 - - [17/Jul/2025:02:42:51 +0000] "GET /moddofuns.php?ARRAY=7o2230223n313735323732333837372p2231223n22687474703n5p2s5p2s7n7334393476313373752r74616368652r70726s5p2s3s6p633q7368616s5s62696r675s72757n687526743q313735323732303237372q3565663765646363303364666665346564393361623466623635396535386165222p2232223n223462386430633165323536383232306665396362363964646335363339373935222p2233223n226638613531633563383166656138353739393038393634373032363437643264222p2262696r675s70617373223n2232322q35302q35382q36332q37342q39302q3135227q HTTP/1.1" 200 905 "-" "Mozilla/5.0 (compatible; Googlebot/2.1; +http://www.google.com/bot.html)"
43.135.133.194 - - [17/Jul/2025:02:43:21 +0000] "GET / HTTP/1.1" 200 61189 "http://listingslad.com" "Mozilla/5.0 (iPhone; CPU iPhone OS 13_2_3 like Mac OS X) AppleWebKit/605.1.15 (KHTML, like Gecko) Version/13.0.3 Mobile/15E148 Safari/604.1"
209.74.77.214 - - [17/Jul/2025:02:49:24 +0000] "POST /wp-cron.php?doing_wp_cron=1752720564.9447989463806152343750 HTTP/1.1" 200 - "-" "WordPress/6.8.2; https://listingslad.com"
43.128.156.124 - - [17/Jul/2025:02:49:22 +0000] "GET /wp-json/ HTTP/1.1" 200 98748 "-" "Mozilla/5.0 (iPhone; CPU iPhone OS 13_2_3 like Mac OS X) AppleWebKit/605.1.15 (KHTML, like Gecko) Version/13.0.3 Mobile/15E148 Safari/604.1"
209.74.77.214 - - [17/Jul/2025:02:52:38 +0000] "POST /wp-cron.php?doing_wp_cron=1752720758.4947819709777832031250 HTTP/1.1" 200 - "-" "WordPress/6.8.2; https://listingslad.com"
152.53.39.115 - - [17/Jul/2025:02:52:36 +0000] "POST /xmlrpc.php HTTP/1.1" 405 415 "-" "Mozilla/5.0 (Windows NT 10.0; Win64; x64) AppleWebKit/537.36 (KHTML, like Gecko) Chrome/88.0.4324.104 Safari/537.36"
190.8.176.246 - - [17/Jul/2025:02:52:36 +0000] "POST /xmlrpc.php HTTP/1.1" 405 415 "-" "Mozilla/5.0 (Windows NT 6.1; rv:17.0) Gecko/20100101 Firefox/20.6.14"
103.158.108.3 - - [17/Jul/2025:02:52:40 +0000] "POST /xmlrpc.php HTTP/1.1" 405 415 "-" "Mozilla/5.0 (Linux; Android 10; SM-N960U) AppleWebKit/537.36 (KHTML, like Gecko) Chrome/91.0.4472.114 Mobile Safari/537.36"
209.74.77.214 - - [17/Jul/2025:02:52:48 +0000] "POST /wp-cron.php?doing_wp_cron=1752720768.2425310611724853515625 HTTP/1.1" 200 - "-" "WordPress/6.8.2; https://listingslad.com"
121.40.46.168 - - [17/Jul/2025:02:52:48 +0000] "POST /xmlrpc.php HTTP/1.1" 405 415 "-" "Mozilla/5.0 (Macintosh; Intel Mac OS X 10_10; rv:33.0) Gecko/20100101 Firefox/33.0"
219.94.129.80 - - [17/Jul/2025:02:52:50 +0000] "POST /xmlrpc.php HTTP/1.1" 405 415 "-" "Mozilla/5.0 (iPod; CPU iPhone OS 14_6 like Mac OS X) AppleWebKit/605.1.15 (KHTML, like Gecko) CriOS/91.0.4472.80 Mobile/15E148 Safari/604.1"
219.94.129.170 - - [17/Jul/2025:02:52:53 +0000] "POST /xmlrpc.php HTTP/1.1" 405 415 "-" "Mozilla/5.0 (Windows NT 10.0; Win64; x64) AppleWebKit/537.36 (KHTML, like Gecko) Chrome/87.0.4280.141 Safari/537.36"
209.74.77.214 - - [17/Jul/2025:02:53:02 +0000] "POST /wp-cron.php?doing_wp_cron=1752720782.1318941116333007812500 HTTP/1.1" 200 - "-" "WordPress/6.8.2; https://listingslad.com"
220.158.234.201 - - [17/Jul/2025:02:53:01 +0000] "POST /xmlrpc.php HTTP/1.1" 405 415 "-" "Mozilla/5.0 (Windows NT 10.0; Win64; x64) AppleWebKit/537.36 (KHTML, like Gecko) Chrome/74.0.3729.131 Safari/537.36"
40.81.248.143 - - [17/Jul/2025:02:53:03 +0000] "POST /xmlrpc.php HTTP/1.1" 405 415 "-" "Mozilla/5.0 (Windows NT 10.0; Win64; x64; rv:66.0) Gecko/20100101 Firefox/66.0"
209.74.77.214 - - [17/Jul/2025:02:53:13 +0000] "POST /wp-cron.php?doing_wp_cron=1752720793.6785690784454345703125 HTTP/1.1" 200 - "-" "WordPress/6.8.2; https://listingslad.com"
158.101.231.239 - - [17/Jul/2025:02:53:13 +0000] "POST /xmlrpc.php HTTP/1.1" 405 415 "-" "Mozilla/5.0 (Windows NT 10.0; Win64; x64) AppleWebKit/537.36 (KHTML, like Gecko) Chrome/89.0.4389.90 Safari/537.36"
40.81.248.143 - - [17/Jul/2025:02:53:14 +0000] "POST /xmlrpc.php HTTP/1.1" 405 415 "-" "Mozilla/5.0 (Windows NT 10.0; Win64; x64) AppleWebKit/537.36 (KHTML, like Gecko) Chrome/90.0.4430.93 Safari/537.36"
49.212.243.107 - - [17/Jul/2025:02:53:16 +0000] "POST /xmlrpc.php HTTP/1.1" 405 415 "-" "Mozilla/5.0 (Windows NT 10.0; Win64; x64) AppleWebKit/537.36 (KHTML, like Gecko) Chrome/88.0.4324.104 Safari/537.36"
47.98.113.20 - - [17/Jul/2025:02:53:24 +0000] "POST /xmlrpc.php HTTP/1.1" 405 415 "-" "Mozilla/5.0 (Windows NT 10.0; Win64; x64) AppleWebKit/537.36 (KHTML, like Gecko) Chrome/88.0.4324.190 Safari/537.36"
209.74.77.214 - - [17/Jul/2025:02:53:28 +0000] "POST /wp-cron.php?doing_wp_cron=1752720808.5481259822845458984375 HTTP/1.1" 200 - "-" "WordPress/6.8.2; https://listingslad.com"
34.132.81.192 - - [17/Jul/2025:02:53:28 +0000] "POST /xmlrpc.php HTTP/1.1" 405 415 "-" "Mozilla/5.0 (Windows NT 6.1; Win64; x64; rv:57.0) Gecko/20100101 Firefox/57.0"
158.101.231.239 - - [17/Jul/2025:02:53:34 +0000] "POST /xmlrpc.php HTTP/1.1" 200 403 "-" "Mozilla/5.0 (Windows NT 6.1; WOW64; rv:18.0) Gecko/20100101 Firefox/18.0"
209.74.77.214 - - [17/Jul/2025:02:59:05 +0000] "POST /wp-cron.php?doing_wp_cron=1752721145.9299969673156738281250 HTTP/1.1" 200 - "-" "WordPress/6.8.2; https://listingslad.com"
43.130.78.203 - - [17/Jul/2025:02:59:03 +0000] "GET /xmlrpc.php HTTP/1.1" 405 60 "-" "Mozilla/5.0 (iPhone; CPU iPhone OS 13_2_3 like Mac OS X) AppleWebKit/605.1.15 (KHTML, like Gecko) Version/13.0.3 Mobile/15E148 Safari/604.1"
209.74.77.214 - - [17/Jul/2025:03:03:56 +0000] "POST /wp-cron.php?doing_wp_cron=1752721436.1274340152740478515625 HTTP/1.1" 200 - "-" "WordPress/6.8.2; https://listingslad.com"
134.17.14.12 - - [17/Jul/2025:03:03:53 +0000] "GET /wp-content/plugins/bears-backup/assets/css/bears-backup.backend.css HTTP/1.1" 404 65090 "-" "Mozilla/4.0 (compatible; MSIE 6.0; Windows NT 5.1; SV1)"
209.74.77.214 - - [17/Jul/2025:03:09:35 +0000] "POST /wp-cron.php?doing_wp_cron=1752721775.4602479934692382812500 HTTP/1.1" 200 - "-" "WordPress/6.8.2; https://listingslad.com"
170.106.180.139 - - [17/Jul/2025:03:09:33 +0000] "GET /xmlrpc.php?rsd HTTP/1.1" 200 303 "-" "Mozilla/5.0 (iPhone; CPU iPhone OS 13_2_3 like Mac OS X) AppleWebKit/605.1.15 (KHTML, like Gecko) Version/13.0.3 Mobile/15E148 Safari/604.1"
209.74.77.214 - - [17/Jul/2025:03:18:10 +0000] "POST /wp-cron.php?doing_wp_cron=1752722290.2376589775085449218750 HTTP/1.1" 200 - "-" "WordPress/6.8.2; https://listingslad.com"
43.158.91.71 - - [17/Jul/2025:03:18:07 +0000] "GET /wp-json/oembed/1.0/embed?url=https%3A%2F%2Flistingslad.com%2F HTTP/1.1" 200 1083 "-" "Mozilla/5.0 (iPhone; CPU iPhone OS 13_2_3 like Mac OS X) AppleWebKit/605.1.15 (KHTML, like Gecko) Version/13.0.3 Mobile/15E148 Safari/604.1"
4.227.36.33 - - [17/Jul/2025:03:20:53 +0000] "GET /robots.txt HTTP/1.1" 200 95 "-" "Mozilla/5.0 AppleWebKit/537.36 (KHTML, like Gecko; compatible; GPTBot/1.2; +https://openai.com/gptbot)"
209.74.77.214 - - [17/Jul/2025:03:20:56 +0000] "POST /wp-cron.php?doing_wp_cron=1752722456.1696920394897460937500 HTTP/1.1" 200 - "-" "WordPress/6.8.2; https://listingslad.com"
20.171.207.0 - - [17/Jul/2025:03:20:54 +0000] "GET / HTTP/1.1" 301 - "-" "Mozilla/5.0 AppleWebKit/537.36 (KHTML, like Gecko; compatible; GPTBot/1.2; +https://openai.com/gptbot)"
45.227.253.15 - - [17/Jul/2025:03:24:55 +0000] "GET /index.php/jk HTTP/1.1" 200 59 "-" "Mozilla/5.0 (Windows NT 10.0; Win64; x64) AppleWebKit/537.36 (KHTML, like Gecko) Chrome/84.0.4183.83 Safari/537.36"
209.74.77.214 - - [17/Jul/2025:03:28:13 +0000] "POST /wp-cron.php?doing_wp_cron=1752722893.8997709751129150390625 HTTP/1.1" 200 - "-" "WordPress/6.8.2; https://listingslad.com"
85.208.96.201 - - [17/Jul/2025:03:28:11 +0000] "GET /tag/gaming-console/ HTTP/1.1" 200 44426 "-" "Mozilla/5.0 (compatible; SemrushBot/7~bl; +http://www.semrush.com/bot.html)"
209.74.77.214 - - [17/Jul/2025:03:33:08 +0000] "POST /wp-cron.php?doing_wp_cron=1752723188.4131119251251220703125 HTTP/1.1" 200 - "-" "WordPress/6.8.2; https://listingslad.com"
91.84.104.205 - - [17/Jul/2025:03:33:06 +0000] "GET / HTTP/1.1" 301 - "-" "Mozilla/5.0 (Macintosh; Intel Mac OS X 10_15_7) AppleWebKit/537.36 (KHTML, like Gecko) Chrome/133.0.0.0 Safari/537.36"
209.74.77.214 - - [17/Jul/2025:03:33:09 +0000] "POST /wp-cron.php?doing_wp_cron=1752723189.5539460182189941406250 HTTP/1.1" 200 - "-" "WordPress/6.8.2; https://listingslad.com"
91.84.104.205 - - [17/Jul/2025:03:33:09 +0000] "GET / HTTP/1.1" 200 61189 "https://LISTINGSLAD.COM" "Mozilla/5.0 (Macintosh; Intel Mac OS X 10_15_7) AppleWebKit/537.36 (KHTML, like Gecko) Chrome/133.0.0.0 Safari/537.36"
209.74.77.214 - - [17/Jul/2025:03:33:13 +0000] "POST /wp-cron.php?doing_wp_cron=1752723193.4706099033355712890625 HTTP/1.1" 200 - "-" "WordPress/6.8.2; https://listingslad.com"
124.153.23.34 - - [17/Jul/2025:03:33:13 +0000] "POST / HTTP/1.1" 200 61320 "-" "Mozilla/5.0 (Macintosh; Intel Mac OS X 10_15_7) AppleWebKit/537.36 (KHTML, like Gecko) Chrome/133.0.0.0 Safari/537.36"
124.153.23.34 - - [17/Jul/2025:03:33:16 +0000] "POST / HTTP/1.1" 200 61137 "-" "Mozilla/5.0 (Windows NT 10.0; Win64; x64) AppleWebKit/537.36 (KHTML, like Gecko) Chrome/120.0.0.0 Safari/537.36"
91.84.104.205 - - [17/Jul/2025:03:33:18 +0000] "GET /panel/create/ HTTP/1.1" 200 62732 "-" "Mozilla/5.0 (Macintosh; Intel Mac OS X 10_15_7) AppleWebKit/537.36 (KHTML, like Gecko) Chrome/133.0.0.0 Safari/537.36"
91.84.104.205 - - [17/Jul/2025:03:33:20 +0000] "GET /blog/ HTTP/1.1" 200 45244 "-" "Mozilla/5.0 (Macintosh; Intel Mac OS X 10_15_7) AppleWebKit/537.36 (KHTML, like Gecko) Chrome/133.0.0.0 Safari/537.36"
124.153.23.34 - - [17/Jul/2025:03:33:22 +0000] "POST /blog/ HTTP/1.1" 200 45372 "-" "Mozilla/5.0 (Macintosh; Intel Mac OS X 10_15_7) AppleWebKit/537.36 (KHTML, like Gecko) Chrome/133.0.0.0 Safari/537.36"
124.153.23.34 - - [17/Jul/2025:03:33:25 +0000] "POST /blog/ HTTP/1.1" 200 45193 "-" "Mozilla/5.0 (Windows NT 10.0; Win64; x64) AppleWebKit/537.36 (KHTML, like Gecko) Chrome/120.0.0.0 Safari/537.36"
209.74.77.214 - - [17/Jul/2025:03:33:29 +0000] "POST /wp-cron.php?doing_wp_cron=1752723209.1277399063110351562500 HTTP/1.1" 200 - "-" "WordPress/6.8.2; https://listingslad.com"
91.84.104.205 - - [17/Jul/2025:03:33:28 +0000] "GET /we-knew-it-we-had-left-the-ground/ HTTP/1.1" 200 50402 "-" "Mozilla/5.0 (Macintosh; Intel Mac OS X 10_15_7) AppleWebKit/537.36 (KHTML, like Gecko) Chrome/133.0.0.0 Safari/537.36"
124.153.23.34 - - [17/Jul/2025:03:33:32 +0000] "POST /wp-comments-post.php HTTP/1.1" 200 1106 "-" "Mozilla/5.0 (Macintosh; Intel Mac OS X 10_15_7) AppleWebKit/537.36 (KHTML, like Gecko) Chrome/133.0.0.0 Safari/537.36"
124.153.23.34 - - [17/Jul/2025:03:33:33 +0000] "POST /wp-comments-post.php HTTP/1.1" 200 - "-" "Mozilla/5.0 (Windows NT 10.0; Win64; x64) AppleWebKit/537.36 (KHTML, like Gecko) Chrome/120.0.0.0 Safari/537.36"
124.153.23.34 - - [17/Jul/2025:03:33:35 +0000] "POST /we-knew-it-we-had-left-the-ground/ HTTP/1.1" 200 50529 "-" "Mozilla/5.0 (Macintosh; Intel Mac OS X 10_15_7) AppleWebKit/537.36 (KHTML, like Gecko) Chrome/133.0.0.0 Safari/537.36"
124.153.23.34 - - [17/Jul/2025:03:33:37 +0000] "POST /we-knew-it-we-had-left-the-ground/ HTTP/1.1" 200 50347 "-" "Mozilla/5.0 (Windows NT 10.0; Win64; x64) AppleWebKit/537.36 (KHTML, like Gecko) Chrome/120.0.0.0 Safari/537.36"
91.84.104.205 - - [17/Jul/2025:03:33:39 +0000] "GET /blog/?pagination=1 HTTP/1.1" 200 45244 "-" "Mozilla/5.0 (Macintosh; Intel Mac OS X 10_15_7) AppleWebKit/537.36 (KHTML, like Gecko) Chrome/133.0.0.0 Safari/537.36"
209.74.77.214 - - [17/Jul/2025:03:33:42 +0000] "POST /wp-cron.php?doing_wp_cron=1752723222.1006419658660888671875 HTTP/1.1" 200 - "-" "WordPress/6.8.2; https://listingslad.com"
124.153.23.34 - - [17/Jul/2025:03:33:41 +0000] "POST /blog/?pagination=1 HTTP/1.1" 200 45370 "-" "Mozilla/5.0 (Macintosh; Intel Mac OS X 10_15_7) AppleWebKit/537.36 (KHTML, like Gecko) Chrome/133.0.0.0 Safari/537.36"
209.74.77.214 - - [17/Jul/2025:03:33:44 +0000] "POST /wp-cron.php?doing_wp_cron=1752723224.1455760002136230468750 HTTP/1.1" 200 - "-" "WordPress/6.8.2; https://listingslad.com"
124.153.23.34 - - [17/Jul/2025:03:33:43 +0000] "POST /blog/?pagination=1 HTTP/1.1" 200 45193 "-" "Mozilla/5.0 (Windows NT 10.0; Win64; x64) AppleWebKit/537.36 (KHTML, like Gecko) Chrome/120.0.0.0 Safari/537.36"
