45.227.253.15 - - [16/Jul/2025:16:46:53 +0000] "GET /index.php/jk HTTP/1.1" 301 - "-" "Mozilla/5.0 (iPhone; CPU iPhone OS 13_4 like Mac OS X) AppleWebKit/605.1.15 (KHTML, like Gecko) Version/13.4.4 Mobile/15E148 Safari/604.1"
45.227.253.15 - - [16/Jul/2025:16:46:57 +0000] "GET /jk HTTP/1.1" 404 65063 "https://listingslad.com/index.php/jk" "Mozilla/5.0 (iPhone; CPU iPhone OS 13_4 like Mac OS X) AppleWebKit/605.1.15 (KHTML, like Gecko) Version/13.4.4 Mobile/15E148 Safari/604.1"
209.74.77.214 - - [16/Jul/2025:16:50:38 +0000] "POST /wp-cron.php?doing_wp_cron=1752684638.3797690868377685546875 HTTP/1.1" 200 - "-" "WordPress/6.8.2; https://listingslad.com"
51.222.253.10 - - [16/Jul/2025:16:50:35 +0000] "GET /tag/pets/feed/ HTTP/1.1" 304 - "-" "Mozilla/5.0 (compatible; AhrefsBot/7.0; +http://ahrefs.com/robot/)"
209.74.77.214 - - [16/Jul/2025:16:53:29 +0000] "POST /wp-cron.php?doing_wp_cron=1752684809.4616429805755615234375 HTTP/1.1" 200 - "-" "WordPress/6.8.2; https://listingslad.com"
195.200.26.27 - - [16/Jul/2025:16:53:26 +0000] "GET / HTTP/1.1" 301 - "-" "Mozilla/5.0 (Macintosh; Intel Mac OS X 10_15_7) AppleWebKit/537.36 (KHTML, like Gecko) Chrome/133.0.0.0 Safari/537.36"
195.200.26.27 - - [16/Jul/2025:16:53:30 +0000] "GET / HTTP/1.1" 200 61188 "https://LISTINGSLAD.COM" "Mozilla/5.0 (Macintosh; Intel Mac OS X 10_15_7) AppleWebKit/537.36 (KHTML, like Gecko) Chrome/133.0.0.0 Safari/537.36"
103.254.59.88 - - [16/Jul/2025:16:53:36 +0000] "POST / HTTP/1.1" 200 61318 "-" "Mozilla/5.0 (Macintosh; Intel Mac OS X 10_15_7) AppleWebKit/537.36 (KHTML, like Gecko) Chrome/133.0.0.0 Safari/537.36"
209.74.77.214 - - [16/Jul/2025:16:53:54 +0000] "POST /wp-cron.php?doing_wp_cron=1752684834.7537229061126708984375 HTTP/1.1" 200 - "-" "WordPress/6.8.2; https://listingslad.com"
103.254.59.88 - - [16/Jul/2025:16:53:54 +0000] "POST / HTTP/1.1" 200 61135 "-" "Mozilla/5.0 (Windows NT 10.0; Win64; x64) AppleWebKit/537.36 (KHTML, like Gecko) Chrome/120.0.0.0 Safari/537.36"
209.74.77.214 - - [16/Jul/2025:16:54:12 +0000] "POST /wp-cron.php?doing_wp_cron=1752684852.1704170703887939453125 HTTP/1.1" 200 - "-" "WordPress/6.8.2; https://listingslad.com"
195.200.26.27 - - [16/Jul/2025:16:54:11 +0000] "GET /panel/create/ HTTP/1.1" 200 62734 "-" "Mozilla/5.0 (Macintosh; Intel Mac OS X 10_15_7) AppleWebKit/537.36 (KHTML, like Gecko) Chrome/133.0.0.0 Safari/537.36"
195.200.26.27 - - [16/Jul/2025:16:54:13 +0000] "GET /blog/ HTTP/1.1" 200 45243 "-" "Mozilla/5.0 (Macintosh; Intel Mac OS X 10_15_7) AppleWebKit/537.36 (KHTML, like Gecko) Chrome/133.0.0.0 Safari/537.36"
103.254.59.88 - - [16/Jul/2025:16:54:21 +0000] "POST /blog/ HTTP/1.1" 200 45371 "-" "Mozilla/5.0 (Macintosh; Intel Mac OS X 10_15_7) AppleWebKit/537.36 (KHTML, like Gecko) Chrome/133.0.0.0 Safari/537.36"
209.74.77.214 - - [16/Jul/2025:16:54:41 +0000] "POST /wp-cron.php?doing_wp_cron=1752684881.8341240882873535156250 HTTP/1.1" 200 - "-" "WordPress/6.8.2; https://listingslad.com"
195.200.26.27 - - [16/Jul/2025:16:54:41 +0000] "GET /we-knew-it-we-had-left-the-ground/ HTTP/1.1" 200 50401 "-" "Mozilla/5.0 (Macintosh; Intel Mac OS X 10_15_7) AppleWebKit/537.36 (KHTML, like Gecko) Chrome/133.0.0.0 Safari/537.36"
209.74.77.214 - - [16/Jul/2025:16:54:45 +0000] "POST /wp-cron.php?doing_wp_cron=1752684885.5396540164947509765625 HTTP/1.1" 200 - "-" "WordPress/6.8.2; https://listingslad.com"
103.254.59.88 - - [16/Jul/2025:16:54:45 +0000] "POST /wp-comments-post.php HTTP/1.1" 200 1106 "-" "Mozilla/5.0 (Macintosh; Intel Mac OS X 10_15_7) AppleWebKit/537.36 (KHTML, like Gecko) Chrome/133.0.0.0 Safari/537.36"
103.254.59.88 - - [16/Jul/2025:16:54:53 +0000] "POST /wp-comments-post.php HTTP/1.1" 200 - "-" "Mozilla/5.0 (Windows NT 10.0; Win64; x64) AppleWebKit/537.36 (KHTML, like Gecko) Chrome/120.0.0.0 Safari/537.36"
209.74.77.214 - - [16/Jul/2025:16:55:06 +0000] "POST /wp-cron.php?doing_wp_cron=1752684905.9897708892822265625000 HTTP/1.1" 200 - "-" "WordPress/6.8.2; https://listingslad.com"
103.254.59.88 - - [16/Jul/2025:16:55:05 +0000] "POST /we-knew-it-we-had-left-the-ground/ HTTP/1.1" 200 50526 "-" "Mozilla/5.0 (Macintosh; Intel Mac OS X 10_15_7) AppleWebKit/537.36 (KHTML, like Gecko) Chrome/133.0.0.0 Safari/537.36"
209.74.77.214 - - [16/Jul/2025:16:55:24 +0000] "POST /wp-cron.php?doing_wp_cron=1752684924.4767389297485351562500 HTTP/1.1" 200 - "-" "WordPress/6.8.2; https://listingslad.com"
103.254.59.88 - - [16/Jul/2025:16:55:24 +0000] "POST /we-knew-it-we-had-left-the-ground/ HTTP/1.1" 200 50345 "-" "Mozilla/5.0 (Windows NT 10.0; Win64; x64) AppleWebKit/537.36 (KHTML, like Gecko) Chrome/120.0.0.0 Safari/537.36"
209.74.77.214 - - [16/Jul/2025:16:55:35 +0000] "POST /wp-cron.php?doing_wp_cron=1752684935.0205509662628173828125 HTTP/1.1" 200 - "-" "WordPress/6.8.2; https://listingslad.com"
195.200.26.27 - - [16/Jul/2025:16:55:34 +0000] "GET /blog/?pagination=1 HTTP/1.1" 200 45244 "-" "Mozilla/5.0 (Macintosh; Intel Mac OS X 10_15_7) AppleWebKit/537.36 (KHTML, like Gecko) Chrome/133.0.0.0 Safari/537.36"
103.254.59.88 - - [16/Jul/2025:16:55:40 +0000] "POST /blog/?pagination=1 HTTP/1.1" 200 45371 "-" "Mozilla/5.0 (Macintosh; Intel Mac OS X 10_15_7) AppleWebKit/537.36 (KHTML, like Gecko) Chrome/133.0.0.0 Safari/537.36"
209.74.77.214 - - [16/Jul/2025:16:56:06 +0000] "POST /wp-cron.php?doing_wp_cron=1752684966.4784479141235351562500 HTTP/1.1" 200 - "-" "WordPress/6.8.2; https://listingslad.com"
195.200.26.27 - - [16/Jul/2025:16:56:06 +0000] "GET /blog/?pagination=2 HTTP/1.1" 200 44941 "-" "Mozilla/5.0 (Macintosh; Intel Mac OS X 10_15_7) AppleWebKit/537.36 (KHTML, like Gecko) Chrome/133.0.0.0 Safari/537.36"
209.74.77.214 - - [16/Jul/2025:16:56:10 +0000] "POST /wp-cron.php?doing_wp_cron=1752684970.3758370876312255859375 HTTP/1.1" 200 - "-" "WordPress/6.8.2; https://listingslad.com"
103.254.59.88 - - [16/Jul/2025:16:56:10 +0000] "POST /blog/?pagination=2 HTTP/1.1" 200 45067 "-" "Mozilla/5.0 (Macintosh; Intel Mac OS X 10_15_7) AppleWebKit/537.36 (KHTML, like Gecko) Chrome/133.0.0.0 Safari/537.36"
209.74.77.214 - - [16/Jul/2025:16:56:17 +0000] "POST /wp-cron.php?doing_wp_cron=1752684976.9960598945617675781250 HTTP/1.1" 200 - "-" "WordPress/6.8.2; https://listingslad.com"
103.254.59.88 - - [16/Jul/2025:16:56:16 +0000] "POST /blog/?pagination=2 HTTP/1.1" 200 44890 "-" "Mozilla/5.0 (Windows NT 10.0; Win64; x64) AppleWebKit/537.36 (KHTML, like Gecko) Chrome/120.0.0.0 Safari/537.36"
209.74.77.214 - - [16/Jul/2025:16:56:35 +0000] "POST /wp-cron.php?doing_wp_cron=1752684995.0764620304107666015625 HTTP/1.1" 200 - "-" "WordPress/6.8.2; https://listingslad.com"
195.200.26.27 - - [16/Jul/2025:16:56:34 +0000] "GET /tag/baby-accessories/ HTTP/1.1" 200 44450 "-" "Mozilla/5.0 (Macintosh; Intel Mac OS X 10_15_7) AppleWebKit/537.36 (KHTML, like Gecko) Chrome/133.0.0.0 Safari/537.36"
103.254.59.88 - - [16/Jul/2025:16:56:38 +0000] "POST /tag/baby-accessories/ HTTP/1.1" 200 44578 "-" "Mozilla/5.0 (Macintosh; Intel Mac OS X 10_15_7) AppleWebKit/537.36 (KHTML, like Gecko) Chrome/133.0.0.0 Safari/537.36"
209.74.77.214 - - [16/Jul/2025:16:56:52 +0000] "POST /wp-cron.php?doing_wp_cron=1752685012.8875811100006103515625 HTTP/1.1" 200 - "-" "WordPress/6.8.2; https://listingslad.com"
103.254.59.88 - - [16/Jul/2025:16:56:52 +0000] "POST /tag/baby-accessories/ HTTP/1.1" 200 44400 "-" "Mozilla/5.0 (Windows NT 10.0; Win64; x64) AppleWebKit/537.36 (KHTML, like Gecko) Chrome/120.0.0.0 Safari/537.36"
209.74.77.214 - - [16/Jul/2025:16:57:00 +0000] "POST /wp-cron.php?doing_wp_cron=1752685020.3260390758514404296875 HTTP/1.1" 200 - "-" "WordPress/6.8.2; https://listingslad.com"
195.200.26.27 - - [16/Jul/2025:16:57:00 +0000] "GET /tag/technology/ HTTP/1.1" 200 44197 "-" "Mozilla/5.0 (Macintosh; Intel Mac OS X 10_15_7) AppleWebKit/537.36 (KHTML, like Gecko) Chrome/133.0.0.0 Safari/537.36"
103.254.59.88 - - [16/Jul/2025:16:57:05 +0000] "POST /tag/technology/ HTTP/1.1" 200 44327 "-" "Mozilla/5.0 (Macintosh; Intel Mac OS X 10_15_7) AppleWebKit/537.36 (KHTML, like Gecko) Chrome/133.0.0.0 Safari/537.36"
209.74.77.214 - - [16/Jul/2025:16:57:27 +0000] "POST /wp-cron.php?doing_wp_cron=1752685047.5950798988342285156250 HTTP/1.1" 200 - "-" "WordPress/6.8.2; https://listingslad.com"
195.200.26.27 - - [16/Jul/2025:16:57:27 +0000] "GET /contact-us/ HTTP/1.1" 200 43377 "-" "Mozilla/5.0 (Macintosh; Intel Mac OS X 10_15_7) AppleWebKit/537.36 (KHTML, like Gecko) Chrome/133.0.0.0 Safari/537.36"
103.254.59.88 - - [16/Jul/2025:16:57:37 +0000] "POST /contact-us/ HTTP/1.1" 200 43477 "-" "Mozilla/5.0 (Macintosh; Intel Mac OS X 10_15_7) AppleWebKit/537.36 (KHTML, like Gecko) Chrome/133.0.0.0 Safari/537.36"
209.74.77.214 - - [16/Jul/2025:16:57:59 +0000] "POST /wp-cron.php?doing_wp_cron=1752685079.5209000110626220703125 HTTP/1.1" 200 - "-" "WordPress/6.8.2; https://listingslad.com"
195.200.26.27 - - [16/Jul/2025:16:57:59 +0000] "GET /login-register/ HTTP/1.1" 200 50649 "-" "Mozilla/5.0 (Macintosh; Intel Mac OS X 10_15_7) AppleWebKit/537.36 (KHTML, like Gecko) Chrome/133.0.0.0 Safari/537.36"
195.200.26.27 - - [16/Jul/2025:16:58:00 +0000] "GET /login-register/?tab=login HTTP/1.1" 200 50649 "-" "Mozilla/5.0 (Macintosh; Intel Mac OS X 10_15_7) AppleWebKit/537.36 (KHTML, like Gecko) Chrome/133.0.0.0 Safari/537.36"
195.200.26.27 - - [16/Jul/2025:16:58:01 +0000] "GET /login-register/?tab=register HTTP/1.1" 200 50651 "-" "Mozilla/5.0 (Macintosh; Intel Mac OS X 10_15_7) AppleWebKit/537.36 (KHTML, like Gecko) Chrome/133.0.0.0 Safari/537.36"
52.42.217.251 - - [16/Jul/2025:16:59:30 +0000] "GET /robots.txt HTTP/1.1" 200 95 "-" "HawaiiBot"
209.74.77.214 - - [16/Jul/2025:17:06:18 +0000] "POST /wp-cron.php?doing_wp_cron=1752685578.5270750522613525390625 HTTP/1.1" 200 - "-" "WordPress/6.8.2; https://listingslad.com"
52.167.144.209 - - [16/Jul/2025:17:06:16 +0000] "GET /sitemap_index.xml HTTP/1.1" 404 65072 "-" "Mozilla/5.0 AppleWebKit/537.36 (KHTML, like Gecko; compatible; bingbot/2.0; +http://www.bing.com/bingbot.htm) Chrome/116.0.1938.76 Safari/537.36"
209.74.77.214 - - [16/Jul/2025:17:12:02 +0000] "POST /wp-cron.php?doing_wp_cron=1752685922.7454829216003417968750 HTTP/1.1" 200 - "-" "WordPress/6.8.2; https://listingslad.com"
85.208.96.198 - - [16/Jul/2025:17:11:59 +0000] "GET /ads/services,gardening/ HTTP/1.1" 200 66873 "-" "Mozilla/5.0 (compatible; SemrushBot/7~bl; +http://www.semrush.com/bot.html)"
209.74.77.214 - - [16/Jul/2025:17:18:15 +0000] "POST /wp-cron.php?doing_wp_cron=1752686295.3889799118041992187500 HTTP/1.1" 200 - "-" "WordPress/6.8.2; https://listingslad.com"
51.222.253.8 - - [16/Jul/2025:17:18:12 +0000] "GET /product/package-standard/feed/ HTTP/1.1" 304 - "-" "Mozilla/5.0 (compatible; AhrefsBot/7.0; +http://ahrefs.com/robot/)"
118.89.233.234 - - [16/Jul/2025:17:29:32 +0000] "GET / HTTP/1.1" 200 61188 "http://listingslad.com" "Mozilla/5.0 (iPhone; CPU iPhone OS 13_2_3 like Mac OS X) AppleWebKit/605.1.15 (KHTML, like Gecko) Version/13.0.3 Mobile/15E148 Safari/604.1"
209.74.77.214 - - [16/Jul/2025:17:30:35 +0000] "POST /wp-cron.php?doing_wp_cron=1752687035.1522889137268066406250 HTTP/1.1" 200 - "-" "WordPress/6.8.2; https://listingslad.com"
207.46.13.150 - - [16/Jul/2025:17:30:33 +0000] "GET /sitemaps.xml HTTP/1.1" 301 - "-" "Mozilla/5.0 AppleWebKit/537.36 (KHTML, like Gecko; compatible; bingbot/2.0; +http://www.bing.com/bingbot.htm) Chrome/116.0.1938.76 Safari/537.36"
209.74.77.214 - - [16/Jul/2025:17:30:53 +0000] "POST /wp-cron.php?doing_wp_cron=1752687053.2651429176330566406250 HTTP/1.1" 200 - "-" "WordPress/6.8.2; https://listingslad.com"
207.46.13.155 - - [16/Jul/2025:17:30:53 +0000] "GET /sitemaps.xml HTTP/1.1" 404 65071 "-" "Mozilla/5.0 AppleWebKit/537.36 (KHTML, like Gecko; compatible; bingbot/2.0; +http://www.bing.com/bingbot.htm) Chrome/116.0.1938.76 Safari/537.36"
185.191.171.8 - - [16/Jul/2025:17:45:38 +0000] "GET /robots.txt HTTP/1.1" 200 95 "-" "Mozilla/5.0 (compatible; SemrushBot/7~bl; +http://www.semrush.com/bot.html)"
209.74.77.214 - - [16/Jul/2025:17:45:41 +0000] "POST /wp-cron.php?doing_wp_cron=1752687941.8101649284362792968750 HTTP/1.1" 200 - "-" "WordPress/6.8.2; https://listingslad.com"
185.191.171.6 - - [16/Jul/2025:17:45:39 +0000] "GET /compare/ HTTP/1.1" 200 35902 "-" "Mozilla/5.0 (compatible; SemrushBot/7~bl; +http://www.semrush.com/bot.html)"
54.36.148.92 - - [16/Jul/2025:17:46:28 +0000] "GET /robots.txt HTTP/1.1" 200 95 "-" "Mozilla/5.0 (compatible; AhrefsBot/7.0; +http://ahrefs.com/robot/)"
209.74.77.214 - - [16/Jul/2025:17:46:34 +0000] "POST /wp-cron.php?doing_wp_cron=1752687994.0684859752655029296875 HTTP/1.1" 200 - "-" "WordPress/6.8.2; https://listingslad.com"
51.222.253.9 - - [16/Jul/2025:17:46:32 +0000] "GET /wp-sitemap.xml HTTP/1.1" 200 318 "-" "Mozilla/5.0 (compatible; AhrefsBot/7.0; +http://ahrefs.com/robot/)"
51.222.253.15 - - [16/Jul/2025:17:46:40 +0000] "GET /wp-sitemap-posts-post-1.xml HTTP/1.1" 200 310 "-" "Mozilla/5.0 (compatible; AhrefsBot/7.0; +http://ahrefs.com/robot/)"
209.74.77.214 - - [16/Jul/2025:17:46:44 +0000] "POST /wp-cron.php?doing_wp_cron=1752688004.5288980007171630859375 HTTP/1.1" 200 - "-" "WordPress/6.8.2; https://listingslad.com"
51.222.253.7 - - [16/Jul/2025:17:46:44 +0000] "GET /wp-sitemap-posts-page-1.xml HTTP/1.1" 200 453 "-" "Mozilla/5.0 (compatible; AhrefsBot/7.0; +http://ahrefs.com/robot/)"
209.74.77.214 - - [16/Jul/2025:17:46:49 +0000] "POST /wp-cron.php?doing_wp_cron=1752688009.6979660987854003906250 HTTP/1.1" 200 - "-" "WordPress/6.8.2; https://listingslad.com"
51.222.253.7 - - [16/Jul/2025:17:46:49 +0000] "GET /wp-sitemap-posts-product-1.xml HTTP/1.1" 200 279 "-" "Mozilla/5.0 (compatible; AhrefsBot/7.0; +http://ahrefs.com/robot/)"
209.74.77.214 - - [16/Jul/2025:17:46:56 +0000] "POST /wp-cron.php?doing_wp_cron=1752688016.4645049571990966796875 HTTP/1.1" 200 - "-" "WordPress/6.8.2; https://listingslad.com"
51.222.253.4 - - [16/Jul/2025:17:46:56 +0000] "GET /wp-sitemap-posts-listivo_template-1.xml HTTP/1.1" 200 388 "-" "Mozilla/5.0 (compatible; AhrefsBot/7.0; +http://ahrefs.com/robot/)"
51.222.253.7 - - [16/Jul/2025:17:47:03 +0000] "GET /wp-sitemap-posts-listivo_listing-1.xml HTTP/1.1" 200 629 "-" "Mozilla/5.0 (compatible; AhrefsBot/7.0; +http://ahrefs.com/robot/)"
51.222.253.3 - - [16/Jul/2025:17:47:07 +0000] "GET /wp-sitemap-taxonomies-category-1.xml HTTP/1.1" 200 212 "-" "Mozilla/5.0 (compatible; AhrefsBot/7.0; +http://ahrefs.com/robot/)"
209.74.77.214 - - [16/Jul/2025:17:47:11 +0000] "POST /wp-cron.php?doing_wp_cron=1752688031.1795680522918701171875 HTTP/1.1" 200 - "-" "WordPress/6.8.2; https://listingslad.com"
51.222.253.14 - - [16/Jul/2025:17:47:11 +0000] "GET /wp-sitemap-taxonomies-post_tag-1.xml HTTP/1.1" 200 245 "-" "Mozilla/5.0 (compatible; AhrefsBot/7.0; +http://ahrefs.com/robot/)"
51.222.253.10 - - [16/Jul/2025:17:47:15 +0000] "GET /wp-sitemap-taxonomies-product_cat-1.xml HTTP/1.1" 200 196 "-" "Mozilla/5.0 (compatible; AhrefsBot/7.0; +http://ahrefs.com/robot/)"
51.222.253.16 - - [16/Jul/2025:17:47:18 +0000] "GET /wp-sitemap-taxonomies-listivo_14-1.xml HTTP/1.1" 200 383 "-" "Mozilla/5.0 (compatible; AhrefsBot/7.0; +http://ahrefs.com/robot/)"
51.222.253.9 - - [16/Jul/2025:17:47:25 +0000] "GET /wp-sitemap-taxonomies-listivo_1910-1.xml HTTP/1.1" 200 195 "-" "Mozilla/5.0 (compatible; AhrefsBot/7.0; +http://ahrefs.com/robot/)"
209.74.77.214 - - [16/Jul/2025:17:47:30 +0000] "POST /wp-cron.php?doing_wp_cron=1752688050.0264689922332763671875 HTTP/1.1" 200 - "-" "WordPress/6.8.2; https://listingslad.com"
51.222.253.8 - - [16/Jul/2025:17:47:29 +0000] "GET /wp-sitemap-taxonomies-listivo_1911-1.xml HTTP/1.1" 200 199 "-" "Mozilla/5.0 (compatible; AhrefsBot/7.0; +http://ahrefs.com/robot/)"
51.222.253.16 - - [16/Jul/2025:17:47:33 +0000] "GET /wp-sitemap-taxonomies-listivo_1913-1.xml HTTP/1.1" 200 195 "-" "Mozilla/5.0 (compatible; AhrefsBot/7.0; +http://ahrefs.com/robot/)"
51.222.253.1 - - [16/Jul/2025:17:47:39 +0000] "GET /wp-sitemap-taxonomies-listivo_1912-1.xml HTTP/1.1" 200 190 "-" "Mozilla/5.0 (compatible; AhrefsBot/7.0; +http://ahrefs.com/robot/)"
209.74.77.214 - - [16/Jul/2025:17:47:46 +0000] "POST /wp-cron.php?doing_wp_cron=1752688066.0973310470581054687500 HTTP/1.1" 200 - "-" "WordPress/6.8.2; https://listingslad.com"
51.222.253.7 - - [16/Jul/2025:17:47:45 +0000] "GET /wp-sitemap-taxonomies-listivo_945-1.xml HTTP/1.1" 200 205 "-" "Mozilla/5.0 (compatible; AhrefsBot/7.0; +http://ahrefs.com/robot/)"
51.222.253.16 - - [16/Jul/2025:17:47:50 +0000] "GET /wp-sitemap-taxonomies-listivo_946-1.xml HTTP/1.1" 200 226 "-" "Mozilla/5.0 (compatible; AhrefsBot/7.0; +http://ahrefs.com/robot/)"
51.222.253.3 - - [16/Jul/2025:17:47:54 +0000] "GET /wp-sitemap-taxonomies-listivo_4661-1.xml HTTP/1.1" 200 285 "-" "Mozilla/5.0 (compatible; AhrefsBot/7.0; +http://ahrefs.com/robot/)"
209.74.77.214 - - [16/Jul/2025:17:47:59 +0000] "POST /wp-cron.php?doing_wp_cron=1752688079.6445479393005371093750 HTTP/1.1" 200 - "-" "WordPress/6.8.2; https://listingslad.com"
51.222.253.16 - - [16/Jul/2025:17:47:59 +0000] "GET /wp-sitemap-taxonomies-listivo_4318-1.xml HTTP/1.1" 200 293 "-" "Mozilla/5.0 (compatible; AhrefsBot/7.0; +http://ahrefs.com/robot/)"
51.222.253.20 - - [16/Jul/2025:17:48:03 +0000] "GET /wp-sitemap-taxonomies-listivo_4660-1.xml HTTP/1.1" 200 304 "-" "Mozilla/5.0 (compatible; AhrefsBot/7.0; +http://ahrefs.com/robot/)"
51.222.253.15 - - [16/Jul/2025:17:48:07 +0000] "GET /wp-sitemap-taxonomies-listivo_4657-1.xml HTTP/1.1" 200 228 "-" "Mozilla/5.0 (compatible; AhrefsBot/7.0; +http://ahrefs.com/robot/)"
209.74.77.214 - - [16/Jul/2025:17:48:11 +0000] "POST /wp-cron.php?doing_wp_cron=1752688091.8352439403533935546875 HTTP/1.1" 200 - "-" "WordPress/6.8.2; https://listingslad.com"
51.222.253.19 - - [16/Jul/2025:17:48:11 +0000] "GET /wp-sitemap-taxonomies-listivo_2723-1.xml HTTP/1.1" 200 265 "-" "Mozilla/5.0 (compatible; AhrefsBot/7.0; +http://ahrefs.com/robot/)"
51.222.253.8 - - [16/Jul/2025:17:48:16 +0000] "GET /wp-sitemap-users-1.xml HTTP/1.1" 200 213 "-" "Mozilla/5.0 (compatible; AhrefsBot/7.0; +http://ahrefs.com/robot/)"
209.74.77.214 - - [16/Jul/2025:18:03:36 +0000] "POST /wp-cron.php?doing_wp_cron=1752689016.6185400485992431640625 HTTP/1.1" 200 - "-" "WordPress/6.8.2; https://listingslad.com"
45.227.253.15 - - [16/Jul/2025:18:03:31 +0000] "GET /?of=1 HTTP/1.1" 200 61188 "-" "Mozilla/5.0 (Windows NT 6.1; WOW64; Trident/7.0; rv:11.0) like Gecko"
45.94.31.101 - - [16/Jul/2025:18:14:52 +0000] "GET / HTTP/1.1" 200 506584 "-" "Mozlila/5.0 (Linux; Android 7.0; SM-G892A Bulid/NRD90M; wv) AppleWebKit/537.36 (KHTML, like Gecko) Version/4.0 Chrome/60.0.3112.107 Moblie Safari/537.36"
45.94.31.101 - - [16/Jul/2025:18:14:54 +0000] "GET /wp-content/plugins/apikey/apikey.php?test=hello HTTP/1.1" 404 325601 "-" "Mozlila/5.0 (Linux; Android 7.0; SM-G892A Bulid/NRD90M; wv) AppleWebKit/537.36 (KHTML, like Gecko) Version/4.0 Chrome/60.0.3112.107 Moblie Safari/537.36"
45.94.31.101 - - [16/Jul/2025:18:14:54 +0000] "GET /wp-content/themes/seotheme/db.php?u HTTP/1.1" 404 325589 "www.google.com" "Mozlila/5.0 (Linux; Android 7.0; SM-G892A Bulid/NRD90M; wv) AppleWebKit/537.36 (KHTML, like Gecko) Version/4.0 Chrome/60.0.3112.107 Moblie Safari/537.36"
45.94.31.101 - - [16/Jul/2025:18:14:54 +0000] "GET /plugins/content/apismtp/apismtp.php?test=hello HTTP/1.1" 404 325600 "-" "Mozlila/5.0 (Linux; Android 7.0; SM-G892A Bulid/NRD90M; wv) AppleWebKit/537.36 (KHTML, like Gecko) Version/4.0 Chrome/60.0.3112.107 Moblie Safari/537.36"
45.94.31.101 - - [16/Jul/2025:18:14:55 +0000] "GET /wp-content/plugins/apikey/apikey.php.suspected?test=hello HTTP/1.1" 404 325611 "-" "Mozlila/5.0 (Linux; Android 7.0; SM-G892A Bulid/NRD90M; wv) AppleWebKit/537.36 (KHTML, like Gecko) Version/4.0 Chrome/60.0.3112.107 Moblie Safari/537.36"
209.74.77.214 - - [16/Jul/2025:18:14:56 +0000] "POST /wp-cron.php?doing_wp_cron=1752689696.1918740272521972656250 HTTP/1.1" 200 - "-" "WordPress/6.8.2; https://listingslad.com"
45.94.31.101 - - [16/Jul/2025:18:14:56 +0000] "GET /plugins/content/apismtp/apismtp.php.suspected?test=hello HTTP/1.1" 404 325610 "-" "Mozlila/5.0 (Linux; Android 7.0; SM-G892A Bulid/NRD90M; wv) AppleWebKit/537.36 (KHTML, like Gecko) Version/4.0 Chrome/60.0.3112.107 Moblie Safari/537.36"
209.74.77.214 - - [16/Jul/2025:18:27:23 +0000] "POST /wp-cron.php?doing_wp_cron=1752690443.5376660823822021484375 HTTP/1.1" 200 - "-" "WordPress/6.8.2; https://listingslad.com"
198.46.234.28 - - [16/Jul/2025:18:27:20 +0000] "POST /index.php/wp-json/litespeed/v1/cdn_status HTTP/1.1" 404 117 "https://listingslad.com/wp-admin/update.php?action=upload-plugin" "Mozilla/5.0 (Windows NT 10.0; Win64; x64; rv:128.0) Gecko/20100101 Firefox/128.0"
209.74.77.214 - - [16/Jul/2025:18:40:21 +0000] "POST /wp-cron.php?doing_wp_cron=1752691221.8968100547790527343750 HTTP/1.1" 200 - "-" "WordPress/6.8.2; https://listingslad.com"
66.249.74.14 - - [16/Jul/2025:18:40:18 +0000] "GET /ads/services HTTP/1.1" 301 - "-" "Mozilla/5.0 (Linux; Android 6.0.1; Nexus 5X Build/MMB29P) AppleWebKit/537.36 (KHTML, like Gecko) Chrome/137.0.7151.103 Mobile Safari/537.36 (compatible; Googlebot/2.1; +http://www.google.com/bot.html)"
66.249.74.13 - - [16/Jul/2025:18:40:22 +0000] "GET /ads/services/ HTTP/1.1" 200 67922 "-" "Mozilla/5.0 (Linux; Android 6.0.1; Nexus 5X Build/MMB29P) AppleWebKit/537.36 (KHTML, like Gecko) Chrome/137.0.7151.103 Mobile Safari/537.36 (compatible; Googlebot/2.1; +http://www.google.com/bot.html)"
66.249.74.14 - - [16/Jul/2025:18:40:54 +0000] "GET /wp-content/plugins/listivo-core/framework/assets/css/dropzone.min.css?ver=6.8.2 HTTP/1.1" 200 2099 "https://listingslad.com/ads/services/" "Mozilla/5.0 (Linux; Android 6.0.1; Nexus 5X Build/MMB29P) AppleWebKit/537.36 (KHTML, like Gecko) Chrome/137.0.7151.119 Mobile Safari/537.36 (compatible; Googlebot/2.1; +http://www.google.com/bot.html)"
66.249.74.14 - - [16/Jul/2025:18:40:54 +0000] "GET /wp-content/themes/listivo/style.css?ver=2.3.62 HTTP/1.1" 200 97389 "https://listingslad.com/ads/services/" "Mozilla/5.0 (Linux; Android 6.0.1; Nexus 5X Build/MMB29P) AppleWebKit/537.36 (KHTML, like Gecko) Chrome/137.0.7151.119 Mobile Safari/537.36 (compatible; Googlebot/2.1; +http://www.google.com/bot.html)"
66.249.74.13 - - [16/Jul/2025:18:40:54 +0000] "GET /wp-includes/js/mediaelement/mediaelementplayer-legacy.min.css?ver=4.2.17 HTTP/1.1" 200 2592 "https://listingslad.com/ads/services/" "Mozilla/5.0 (Linux; Android 6.0.1; Nexus 5X Build/MMB29P) AppleWebKit/537.36 (KHTML, like Gecko) Chrome/137.0.7151.119 Mobile Safari/537.36 (compatible; Googlebot/2.1; +http://www.google.com/bot.html)"
66.249.74.13 - - [16/Jul/2025:18:40:54 +0000] "GET /wp-content/plugins/woocommerce/assets/css/brands.css?ver=10.0.2 HTTP/1.1" 200 684 "https://listingslad.com/ads/services/" "Mozilla/5.0 (Linux; Android 6.0.1; Nexus 5X Build/MMB29P) AppleWebKit/537.36 (KHTML, like Gecko) Chrome/137.0.7151.119 Mobile Safari/537.36 (compatible; Googlebot/2.1; +http://www.google.com/bot.html)"
66.249.74.14 - - [16/Jul/2025:18:40:54 +0000] "GET /wp-content/plugins/jetpack/jetpack_vendor/automattic/jetpack-forms/dist/modules/form/view.js?ver=14.8 HTTP/1.1" 200 2726 "https://listingslad.com/ads/services/" "Mozilla/5.0 (Linux; Android 6.0.1; Nexus 5X Build/MMB29P) AppleWebKit/537.36 (KHTML, like Gecko) Chrome/137.0.7151.119 Mobile Safari/537.36 (compatible; Googlebot/2.1; +http://www.google.com/bot.html)"
66.249.74.14 - - [16/Jul/2025:18:40:54 +0000] "GET /wp-includes/css/dist/block-library/style.min.css?ver=6.8.2 HTTP/1.1" 200 15315 "https://listingslad.com/ads/services/" "Mozilla/5.0 (Linux; Android 6.0.1; Nexus 5X Build/MMB29P) AppleWebKit/537.36 (KHTML, like Gecko) Chrome/137.0.7151.119 Mobile Safari/537.36 (compatible; Googlebot/2.1; +http://www.google.com/bot.html)"
66.249.74.13 - - [16/Jul/2025:18:40:54 +0000] "GET /wp-includes/js/mediaelement/wp-mediaelement.min.css?ver=6.8.2 HTTP/1.1" 200 1156 "https://listingslad.com/ads/services/" "Mozilla/5.0 (Linux; Android 6.0.1; Nexus 5X Build/MMB29P) AppleWebKit/537.36 (KHTML, like Gecko) Chrome/137.0.7151.119 Mobile Safari/537.36 (compatible; Googlebot/2.1; +http://www.google.com/bot.html)"
66.249.74.13 - - [16/Jul/2025:18:40:54 +0000] "GET /wp-content/plugins/woocommerce/assets/client/blocks/wc-blocks.css?ver=wc-10.0.2 HTTP/1.1" 200 2575 "https://listingslad.com/ads/services/" "Mozilla/5.0 (Linux; Android 6.0.1; Nexus 5X Build/MMB29P) AppleWebKit/537.36 (KHTML, like Gecko) Chrome/137.0.7151.119 Mobile Safari/537.36 (compatible; Googlebot/2.1; +http://www.google.com/bot.html)"
66.249.74.13 - - [16/Jul/2025:18:40:55 +0000] "GET /wp-content/plugins/elementor/assets/lib/font-awesome/css/solid.min.css?ver=5.15.3 HTTP/1.1" 200 309 "https://listingslad.com/ads/services/" "Mozilla/5.0 (Linux; Android 6.0.1; Nexus 5X Build/MMB29P) AppleWebKit/537.36 (KHTML, like Gecko) Chrome/137.0.7151.119 Mobile Safari/537.36 (compatible; Googlebot/2.1; +http://www.google.com/bot.html)"
66.249.74.14 - - [16/Jul/2025:18:40:55 +0000] "GET /wp-includes/js/jquery/jquery.min.js?ver=3.7.1 HTTP/1.1" 200 30368 "https://listingslad.com/ads/services/" "Mozilla/5.0 (Linux; Android 6.0.1; Nexus 5X Build/MMB29P) AppleWebKit/537.36 (KHTML, like Gecko) Chrome/137.0.7151.119 Mobile Safari/537.36 (compatible; Googlebot/2.1; +http://www.google.com/bot.html)"
66.249.74.13 - - [16/Jul/2025:18:40:55 +0000] "GET /wp-includes/js/dist/hooks.min.js?ver=4d63a3d491d11ffd8ac6 HTTP/1.1" 200 1648 "https://listingslad.com/ads/services/" "Mozilla/5.0 (Linux; Android 6.0.1; Nexus 5X Build/MMB29P) AppleWebKit/537.36 (KHTML, like Gecko) Chrome/137.0.7151.119 Mobile Safari/537.36 (compatible; Googlebot/2.1; +http://www.google.com/bot.html)"
66.249.74.14 - - [16/Jul/2025:18:40:55 +0000] "GET /wp-content/plugins/woocommerce/assets/js/sourcebuster/sourcebuster.min.js?ver=10.0.2 HTTP/1.1" 200 4807 "https://listingslad.com/ads/services/" "Mozilla/5.0 (Linux; Android 6.0.1; Nexus 5X Build/MMB29P) AppleWebKit/537.36 (KHTML, like Gecko) Chrome/137.0.7151.119 Mobile Safari/537.36 (compatible; Googlebot/2.1; +http://www.google.com/bot.html)"
66.249.74.14 - - [16/Jul/2025:18:40:55 +0000] "GET /wp-content/plugins/listivo-core/assets/js/frontend.min.js?ver=2.3.62 HTTP/1.1" 200 202169 "https://listingslad.com/ads/services/" "Mozilla/5.0 (Linux; Android 6.0.1; Nexus 5X Build/MMB29P) AppleWebKit/537.36 (KHTML, like Gecko) Chrome/137.0.7151.119 Mobile Safari/537.36 (compatible; Googlebot/2.1; +http://www.google.com/bot.html)"
66.249.74.14 - - [16/Jul/2025:18:40:55 +0000] "GET /wp-content/plugins/woocommerce/assets/js/frontend/order-attribution.min.js?ver=10.0.2 HTTP/1.1" 200 1128 "https://listingslad.com/ads/services/" "Mozilla/5.0 (Linux; Android 6.0.1; Nexus 5X Build/MMB29P) AppleWebKit/537.36 (KHTML, like Gecko) Chrome/137.0.7151.119 Mobile Safari/537.36 (compatible; Googlebot/2.1; +http://www.google.com/bot.html)"
66.249.74.13 - - [16/Jul/2025:18:40:55 +0000] "GET /wp-includes/js/jquery/ui/core.min.js?ver=1.13.3 HTTP/1.1" 200 7106 "https://listingslad.com/ads/services/" "Mozilla/5.0 (Linux; Android 6.0.1; Nexus 5X Build/MMB29P) AppleWebKit/537.36 (KHTML, like Gecko) Chrome/137.0.7151.119 Mobile Safari/537.36 (compatible; Googlebot/2.1; +http://www.google.com/bot.html)"
66.249.74.13 - - [16/Jul/2025:18:40:55 +0000] "GET /wp-content/plugins/elementor/assets/js/frontend.min.js?ver=3.30.2 HTTP/1.1" 200 10595 "https://listingslad.com/ads/services/" "Mozilla/5.0 (Linux; Android 6.0.1; Nexus 5X Build/MMB29P) AppleWebKit/537.36 (KHTML, like Gecko) Chrome/137.0.7151.119 Mobile Safari/537.36 (compatible; Googlebot/2.1; +http://www.google.com/bot.html)"
66.249.74.14 - - [16/Jul/2025:18:40:55 +0000] "GET /wp-content/plugins/woocommerce/assets/js/jquery-blockui/jquery.blockUI.min.js?ver=2.7.0-wc.10.0.2 HTTP/1.1" 200 3537 "https://listingslad.com/ads/services/" "Mozilla/5.0 (Linux; Android 6.0.1; Nexus 5X Build/MMB29P) AppleWebKit/537.36 (KHTML, like Gecko) Chrome/137.0.7151.119 Mobile Safari/537.36 (compatible; Googlebot/2.1; +http://www.google.com/bot.html)"
66.249.74.13 - - [16/Jul/2025:18:40:56 +0000] "GET /wp-content/plugins/woocommerce/assets/js/frontend/add-to-cart.min.js?ver=10.0.2 HTTP/1.1" 200 1407 "https://listingslad.com/ads/services/" "Mozilla/5.0 (Linux; Android 6.0.1; Nexus 5X Build/MMB29P) AppleWebKit/537.36 (KHTML, like Gecko) Chrome/137.0.7151.119 Mobile Safari/537.36 (compatible; Googlebot/2.1; +http://www.google.com/bot.html)"
66.249.74.14 - - [16/Jul/2025:18:40:56 +0000] "GET /wp-content/plugins/woocommerce/assets/js/js-cookie/js.cookie.min.js?ver=2.1.4-wc.10.0.2 HTTP/1.1" 200 833 "https://listingslad.com/ads/services/" "Mozilla/5.0 (Linux; Android 6.0.1; Nexus 5X Build/MMB29P) AppleWebKit/537.36 (KHTML, like Gecko) Chrome/137.0.7151.119 Mobile Safari/537.36 (compatible; Googlebot/2.1; +http://www.google.com/bot.html)"
66.249.74.14 - - [16/Jul/2025:18:40:56 +0000] "GET /wp-content/plugins/woocommerce/assets/js/frontend/woocommerce.min.js?ver=10.0.2 HTTP/1.1" 200 1532 "https://listingslad.com/ads/services/" "Mozilla/5.0 (Linux; Android 6.0.1; Nexus 5X Build/MMB29P) AppleWebKit/537.36 (KHTML, like Gecko) Chrome/137.0.7151.119 Mobile Safari/537.36 (compatible; Googlebot/2.1; +http://www.google.com/bot.html)"
66.249.74.13 - - [16/Jul/2025:18:40:56 +0000] "GET /wp-includes/js/wp-emoji-release.min.js?ver=6.8.2 HTTP/1.1" 200 5163 "https://listingslad.com/ads/services/" "Mozilla/5.0 (Linux; Android 6.0.1; Nexus 5X Build/MMB29P) AppleWebKit/537.36 (KHTML, like Gecko) Chrome/137.0.7151.119 Mobile Safari/537.36 (compatible; Googlebot/2.1; +http://www.google.com/bot.html)"
66.249.74.13 - - [16/Jul/2025:18:40:57 +0000] "GET /wp-content/plugins/elementor/assets/js/section-frontend-handlers.d85ab872da118940910d.bundle.min.js HTTP/1.1" 200 297 "https://listingslad.com/ads/services/" "Mozilla/5.0 (Linux; Android 6.0.1; Nexus 5X Build/MMB29P) AppleWebKit/537.36 (KHTML, like Gecko) Chrome/137.0.7151.119 Mobile Safari/537.36 (compatible; Googlebot/2.1; +http://www.google.com/bot.html)"
209.74.77.214 - - [16/Jul/2025:18:40:59 +0000] "POST /wp-cron.php?doing_wp_cron=1752691259.5371160507202148437500 HTTP/1.1" 200 - "-" "WordPress/6.8.2; https://listingslad.com"
209.74.77.214 - - [16/Jul/2025:18:40:59 +0000] "POST /wp-cron.php?doing_wp_cron=1752691259.5371160507202148437500 HTTP/1.1" 200 - "-" "WordPress/6.8.2; https://listingslad.com"
66.249.74.14 - - [16/Jul/2025:18:40:57 +0000] "POST /wp-admin/admin-post.php?action=listivo/terms/multilevel/fetch HTTP/1.1" 200 492 "https://listingslad.com/ads/services/" "Mozilla/5.0 (Linux; Android 6.0.1; Nexus 5X Build/MMB29P) AppleWebKit/537.36 (KHTML, like Gecko) Chrome/137.0.7151.119 Mobile Safari/537.36 (compatible; Googlebot/2.1; +http://www.google.com/bot.html)"
66.249.74.13 - - [16/Jul/2025:18:40:57 +0000] "POST /ads/services/ HTTP/1.1" 200 67870 "https://listingslad.com/ads/services/" "Mozilla/5.0 (Linux; Android 6.0.1; Nexus 5X Build/MMB29P) AppleWebKit/537.36 (KHTML, like Gecko) Chrome/137.0.7151.119 Mobile Safari/537.36 (compatible; Googlebot/2.1; +http://www.google.com/bot.html)"
209.74.77.214 - - [16/Jul/2025:18:43:03 +0000] "POST /wp-cron.php?doing_wp_cron=1752691383.2904639244079589843750 HTTP/1.1" 200 - "-" "WordPress/6.8.2; https://listingslad.com"
66.249.74.15 - - [16/Jul/2025:18:43:01 +0000] "GET /our-team/ HTTP/1.1" 200 41591 "-" "Mozilla/5.0 (Linux; Android 6.0.1; Nexus 5X Build/MMB29P) AppleWebKit/537.36 (KHTML, like Gecko) Chrome/137.0.7151.103 Mobile Safari/537.36 (compatible; Googlebot/2.1; +http://www.google.com/bot.html)"
66.249.74.13 - - [16/Jul/2025:18:43:08 +0000] "GET /wp-content/plugins/woocommerce/assets/css/brands.css?ver=10.0.2 HTTP/1.1" 200 684 "https://listingslad.com/our-team/" "Mozilla/5.0 (Linux; Android 6.0.1; Nexus 5X Build/MMB29P) AppleWebKit/537.36 (KHTML, like Gecko) Chrome/137.0.7151.119 Mobile Safari/537.36 (compatible; Googlebot/2.1; +http://www.google.com/bot.html)"
66.249.74.13 - - [16/Jul/2025:18:43:08 +0000] "GET /wp-content/plugins/listivo-core/framework/assets/css/dropzone.min.css?ver=6.8.2 HTTP/1.1" 200 2099 "https://listingslad.com/our-team/" "Mozilla/5.0 (Linux; Android 6.0.1; Nexus 5X Build/MMB29P) AppleWebKit/537.36 (KHTML, like Gecko) Chrome/137.0.7151.119 Mobile Safari/537.36 (compatible; Googlebot/2.1; +http://www.google.com/bot.html)"
66.249.74.13 - - [16/Jul/2025:18:43:08 +0000] "GET /wp-includes/js/mediaelement/wp-mediaelement.min.css?ver=6.8.2 HTTP/1.1" 200 1156 "https://listingslad.com/our-team/" "Mozilla/5.0 (Linux; Android 6.0.1; Nexus 5X Build/MMB29P) AppleWebKit/537.36 (KHTML, like Gecko) Chrome/137.0.7151.119 Mobile Safari/537.36 (compatible; Googlebot/2.1; +http://www.google.com/bot.html)"
66.249.74.13 - - [16/Jul/2025:18:43:08 +0000] "GET /wp-content/plugins/woocommerce/assets/client/blocks/wc-blocks.css?ver=wc-10.0.2 HTTP/1.1" 200 2575 "https://listingslad.com/our-team/" "Mozilla/5.0 (Linux; Android 6.0.1; Nexus 5X Build/MMB29P) AppleWebKit/537.36 (KHTML, like Gecko) Chrome/137.0.7151.119 Mobile Safari/537.36 (compatible; Googlebot/2.1; +http://www.google.com/bot.html)"
66.249.74.14 - - [16/Jul/2025:18:43:08 +0000] "GET /wp-content/plugins/woocommerce-gateway-stripe/build/upe-blocks.css?ver=a7aab132721a0ef865695d5cfdc746fb HTTP/1.1" 200 1594 "https://listingslad.com/our-team/" "Mozilla/5.0 (Linux; Android 6.0.1; Nexus 5X Build/MMB29P) AppleWebKit/537.36 (KHTML, like Gecko) Chrome/137.0.7151.119 Mobile Safari/537.36 (compatible; Googlebot/2.1; +http://www.google.com/bot.html)"
66.249.74.13 - - [16/Jul/2025:18:43:08 +0000] "GET /wp-content/plugins/woocommerce/assets/js/frontend/woocommerce.min.js?ver=10.0.2 HTTP/1.1" 200 1532 "https://listingslad.com/our-team/" "Mozilla/5.0 (Linux; Android 6.0.1; Nexus 5X Build/MMB29P) AppleWebKit/537.36 (KHTML, like Gecko) Chrome/137.0.7151.119 Mobile Safari/537.36 (compatible; Googlebot/2.1; +http://www.google.com/bot.html)"
66.249.74.13 - - [16/Jul/2025:18:43:08 +0000] "GET /wp-content/plugins/woocommerce/assets/js/frontend/order-attribution.min.js?ver=10.0.2 HTTP/1.1" 200 1128 "https://listingslad.com/our-team/" "Mozilla/5.0 (Linux; Android 6.0.1; Nexus 5X Build/MMB29P) AppleWebKit/537.36 (KHTML, like Gecko) Chrome/137.0.7151.119 Mobile Safari/537.36 (compatible; Googlebot/2.1; +http://www.google.com/bot.html)"
66.249.74.13 - - [16/Jul/2025:18:43:08 +0000] "GET /wp-content/plugins/mailchimp-for-wp/assets/js/forms.js?ver=4.10.5 HTTP/1.1" 200 2591 "https://listingslad.com/our-team/" "Mozilla/5.0 (Linux; Android 6.0.1; Nexus 5X Build/MMB29P) AppleWebKit/537.36 (KHTML, like Gecko) Chrome/137.0.7151.119 Mobile Safari/537.36 (compatible; Googlebot/2.1; +http://www.google.com/bot.html)"
66.249.74.13 - - [16/Jul/2025:18:43:08 +0000] "GET /wp-content/plugins/woocommerce/assets/js/js-cookie/js.cookie.min.js?ver=2.1.4-wc.10.0.2 HTTP/1.1" 200 833 "https://listingslad.com/our-team/" "Mozilla/5.0 (Linux; Android 6.0.1; Nexus 5X Build/MMB29P) AppleWebKit/537.36 (KHTML, like Gecko) Chrome/137.0.7151.119 Mobile Safari/537.36 (compatible; Googlebot/2.1; +http://www.google.com/bot.html)"
66.249.74.13 - - [16/Jul/2025:18:43:08 +0000] "GET /wp-content/plugins/listivo-core/assets/js/frontend.min.js?ver=2.3.62 HTTP/1.1" 200 202169 "https://listingslad.com/our-team/" "Mozilla/5.0 (Linux; Android 6.0.1; Nexus 5X Build/MMB29P) AppleWebKit/537.36 (KHTML, like Gecko) Chrome/137.0.7151.119 Mobile Safari/537.36 (compatible; Googlebot/2.1; +http://www.google.com/bot.html)"
66.249.74.14 - - [16/Jul/2025:18:43:09 +0000] "GET /wp-content/plugins/woocommerce/assets/js/frontend/add-to-cart.min.js?ver=10.0.2 HTTP/1.1" 200 1407 "https://listingslad.com/our-team/" "Mozilla/5.0 (Linux; Android 6.0.1; Nexus 5X Build/MMB29P) AppleWebKit/537.36 (KHTML, like Gecko) Chrome/137.0.7151.119 Mobile Safari/537.36 (compatible; Googlebot/2.1; +http://www.google.com/bot.html)"
66.249.74.14 - - [16/Jul/2025:18:43:09 +0000] "GET /wp-content/plugins/woocommerce/assets/js/sourcebuster/sourcebuster.min.js?ver=10.0.2 HTTP/1.1" 200 4807 "https://listingslad.com/our-team/" "Mozilla/5.0 (Linux; Android 6.0.1; Nexus 5X Build/MMB29P) AppleWebKit/537.36 (KHTML, like Gecko) Chrome/137.0.7151.119 Mobile Safari/537.36 (compatible; Googlebot/2.1; +http://www.google.com/bot.html)"
66.249.74.13 - - [16/Jul/2025:18:43:09 +0000] "GET /wp-content/plugins/woocommerce/assets/js/jquery-blockui/jquery.blockUI.min.js?ver=2.7.0-wc.10.0.2 HTTP/1.1" 200 3537 "https://listingslad.com/our-team/" "Mozilla/5.0 (Linux; Android 6.0.1; Nexus 5X Build/MMB29P) AppleWebKit/537.36 (KHTML, like Gecko) Chrome/137.0.7151.119 Mobile Safari/537.36 (compatible; Googlebot/2.1; +http://www.google.com/bot.html)"
66.249.74.13 - - [16/Jul/2025:18:43:09 +0000] "GET /wp-includes/js/dist/hooks.min.js?ver=4d63a3d491d11ffd8ac6 HTTP/1.1" 200 1648 "https://listingslad.com/our-team/" "Mozilla/5.0 (Linux; Android 6.0.1; Nexus 5X Build/MMB29P) AppleWebKit/537.36 (KHTML, like Gecko) Chrome/137.0.7151.119 Mobile Safari/537.36 (compatible; Googlebot/2.1; +http://www.google.com/bot.html)"
66.249.74.13 - - [16/Jul/2025:18:43:09 +0000] "GET /wp-includes/js/wp-emoji-release.min.js?ver=6.8.2 HTTP/1.1" 200 5163 "https://listingslad.com/our-team/" "Mozilla/5.0 (Linux; Android 6.0.1; Nexus 5X Build/MMB29P) AppleWebKit/537.36 (KHTML, like Gecko) Chrome/137.0.7151.119 Mobile Safari/537.36 (compatible; Googlebot/2.1; +http://www.google.com/bot.html)"
209.74.77.214 - - [16/Jul/2025:19:09:08 +0000] "POST /wp-cron.php?doing_wp_cron=1752692948.8603510856628417968750 HTTP/1.1" 200 - "-" "WordPress/6.8.2; https://listingslad.com"
54.84.93.8 - - [16/Jul/2025:19:09:05 +0000] "GET /login-register/ HTTP/1.1" 200 50648 "-" "Mozilla/5.0 AppleWebKit/537.36 (KHTML, like Gecko; compatible; Amazonbot/0.1; +https://developer.amazon.com/support/amazonbot) Chrome/119.0.6045.214 Safari/537.36"
209.74.77.214 - - [16/Jul/2025:19:10:16 +0000] "POST /wp-cron.php?doing_wp_cron=1752693016.5365710258483886718750 HTTP/1.1" 200 - "-" "WordPress/6.8.2; https://listingslad.com"
34.204.150.196 - - [16/Jul/2025:19:10:13 +0000] "GET /terms-of-service/ HTTP/1.1" 200 39915 "-" "Mozilla/5.0 AppleWebKit/537.36 (KHTML, like Gecko; compatible; Amazonbot/0.1; +https://developer.amazon.com/support/amazonbot) Chrome/119.0.6045.214 Safari/537.36"
173.252.83.114 - - [16/Jul/2025:19:49:51 +0000] "GET /robots.txt HTTP/1.1" 206 80 "-" "facebookexternalhit/1.1 (+http://www.facebook.com/externalhit_uatext.php)"
209.74.77.214 - - [16/Jul/2025:19:51:20 +0000] "POST /wp-cron.php?doing_wp_cron=1752695480.0055990219116210937500 HTTP/1.1" 200 - "-" "WordPress/6.8.2; https://listingslad.com"
194.233.74.18 - - [16/Jul/2025:19:51:16 +0000] "POST /xmlrpc.php HTTP/1.1" 405 415 "-" "Mozilla/5.0 (Windows NT 10.0; Win64; x64) AppleWebKit/537.36 (KHTML, like Gecko) Chrome/84.0.4147.105 Safari/537.36"
220.158.234.201 - - [16/Jul/2025:19:51:22 +0000] "POST /xmlrpc.php HTTP/1.1" 405 415 "-" "Mozilla/5.0 (X11; Linux x86_64) AppleWebKit/537.36 (KHTML, like Gecko) Chrome/91.0.4472.114 Safari/537.36"
209.74.77.214 - - [16/Jul/2025:19:51:32 +0000] "POST /wp-cron.php?doing_wp_cron=1752695492.6507289409637451171875 HTTP/1.1" 200 - "-" "WordPress/6.8.2; https://listingslad.com"
220.158.234.201 - - [16/Jul/2025:19:51:32 +0000] "POST /xmlrpc.php HTTP/1.1" 405 415 "-" "Mozilla/5.0 (Windows NT 5.1; rv:7.0.1) Gecko/20100101 Firefox/7.0.1"
209.74.77.214 - - [16/Jul/2025:19:51:42 +0000] "POST /wp-cron.php?doing_wp_cron=1752695502.0757689476013183593750 HTTP/1.1" 200 - "-" "WordPress/6.8.2; https://listingslad.com"
77.68.64.29 - - [16/Jul/2025:19:51:41 +0000] "POST /xmlrpc.php HTTP/1.1" 405 415 "-" "Mozilla/5.0 (Macintosh; Intel Mac OS X 11_4) AppleWebKit/537.36 (KHTML, like Gecko) Chrome/91.0.4472.114 Safari/537.36"
209.74.77.214 - - [16/Jul/2025:19:51:59 +0000] "POST /wp-cron.php?doing_wp_cron=1752695519.5286030769348144531250 HTTP/1.1" 200 - "-" "WordPress/6.8.2; https://listingslad.com"
209.126.6.21 - - [16/Jul/2025:19:51:59 +0000] "POST /xmlrpc.php HTTP/1.1" 405 415 "-" "Mozilla/5.0 (Windows NT 5.1; rv:40.0) Gecko/20100101 Firefox/40.0"
51.178.146.199 - - [16/Jul/2025:19:52:03 +0000] "POST /xmlrpc.php HTTP/1.1" 405 415 "-" "Mozilla/5.0 (Windows NT 10.0; Win64; x64; rv:88.0) Gecko/20100101 Firefox/88.0"
209.74.77.214 - - [16/Jul/2025:19:52:17 +0000] "POST /wp-cron.php?doing_wp_cron=1752695537.0827279090881347656250 HTTP/1.1" 200 - "-" "WordPress/6.8.2; https://listingslad.com"
85.95.241.18 - - [16/Jul/2025:19:52:16 +0000] "POST /xmlrpc.php HTTP/1.1" 405 415 "-" "Mozilla/5.0 (Windows NT 10.0; Win64; x64; rv:59.0) Gecko/20100101 Firefox/59.0"
185.56.74.49 - - [16/Jul/2025:19:52:16 +0000] "POST /xmlrpc.php HTTP/1.1" 405 415 "-" "Mozilla/5.0 (Windows NT 6.1; Win64; x64) AppleWebKit/537.36 (KHTML, like Gecko) Chrome/60.0.3112.90 Safari/537.36"
209.74.77.214 - - [16/Jul/2025:20:10:16 +0000] "POST /wp-cron.php?doing_wp_cron=1752696616.9684200286865234375000 HTTP/1.1" 200 - "-" "WordPress/6.8.2; https://listingslad.com"
45.227.253.15 - - [16/Jul/2025:20:10:13 +0000] "GET /index.php/jk HTTP/1.1" 301 - "-" "Mozilla/5.0 (Windows NT 10.0; Win64; x64) AppleWebKit/537.36 (KHTML, like Gecko) Chrome/84.0.4183.83 Safari/537.36"
45.227.253.15 - - [16/Jul/2025:20:10:17 +0000] "GET /jk HTTP/1.1" 404 65063 "https://listingslad.com/index.php/jk" "Mozilla/5.0 (Windows NT 10.0; Win64; x64) AppleWebKit/537.36 (KHTML, like Gecko) Chrome/84.0.4183.83 Safari/537.36"
45.227.253.15 - - [16/Jul/2025:20:11:19 +0000] "GET /wp-content/themes/listivo/templates/widgets/user/user/index.php?of=1 HTTP/1.1" 200 2060 "-" "Mozilla/5.0 (Windows NT 10.0; Win64; x64) AppleWebKit/537.36 (KHTML, like Gecko) Chrome/82.0.3292.140 Safari/537.36 Edge/18.18761"
45.227.253.15 - - [16/Jul/2025:20:11:19 +0000] "GET /wp-content/plugins/jetpack/jetpack_vendor/automattic/jetpack-admin-ui/jetpack-admin-ui/index.php?of=1 HTTP/1.1" 200 2168 "-" "Mozilla/5.0 (Macintosh; Intel Mac OS X 10.15; rv:103.0) Gecko/20100101 Firefox/101.0"
45.227.253.15 - - [16/Jul/2025:20:12:41 +0000] "GET /wp-content/plugins/listivo-core/framework/vendor/twilio/sdk/src/Twilio/Rest/Oauth/V1/V1/index.php?of=1 HTTP/1.1" 200 2183 "-" "Mozilla/5.0 (Windows NT 10.0; Win64; x64) AppleWebKit/537.36 (KHTML, like Gecko) Chrome/78.0.3790 Safari/537.36 Edg/78.0.142.6"
209.74.77.214 - - [16/Jul/2025:20:13:03 +0000] "POST /wp-cron.php?doing_wp_cron=1752696783.4622209072113037109375 HTTP/1.1" 200 - "-" "WordPress/6.8.2; https://listingslad.com"
45.227.253.15 - - [16/Jul/2025:20:13:01 +0000] "GET /wp-content/plugins/woocommerce/templates/block-notices/block-notices/index.php?of=1 HTTP/1.1" 301 - "-" "Mozilla/5.0 (Windows NT 6.3; WOW64; rv:74.0) Gecko/20100101 Firefox/74.0"
45.227.253.15 - - [16/Jul/2025:20:13:04 +0000] "GET /wp-content/plugins/woocommerce/templates/block-notices/block-notices/?of=1 HTTP/1.1" 404 65091 "https://listingslad.com/wp-content/plugins/woocommerce/templates/block-notices/block-notices/index.php?of=1" "Mozilla/5.0 (Windows NT 6.3; WOW64; rv:74.0) Gecko/20100101 Firefox/74.0"
45.227.253.15 - - [16/Jul/2025:20:15:01 +0000] "GET /images/images/images/images/images/index.php?of=1 HTTP/1.1" 200 2290 "-" "Mozilla/5.0 (Windows NT 10.0; Win64; x64) AppleWebKit/537.36 (KHTML, like Gecko) Chrome/80.0.3980 Safari/537.36 Edg/80.0.145.1"
45.227.253.15 - - [16/Jul/2025:20:17:42 +0000] "GET /cgi-bin/cgi-bin/cgi-bin/cgi-bin/cgi-bin/cgi-bin/index.php?of=1 HTTP/1.1" 200 2235 "-" "Mozilla/5.0 (Windows NT 10.0; Win64; x64) AppleWebKit/537.36 (KHTML, like Gecko) Chrome/82.0.3292.140 Safari/537.36 Edge/18.18761"
45.227.253.15 - - [16/Jul/2025:20:20:21 +0000] "GET /images/images/images/images/images/images/index.php?of=1 HTTP/1.1" 200 2073 "-" "Mozilla/5.0 (Windows NT 10.0; Win64; x64) AppleWebKit/537.36 (KHTML, like Gecko) Chrome/81.0.3282.140 Safari/537.36 Edge/18.17763"
45.227.253.15 - - [16/Jul/2025:20:20:42 +0000] "GET /wp-content/plugins/listivo-core/framework/vendor/stripe/stripe-php/lib/Service/Reporting/Reporting/index.php?of=1 HTTP/1.1" 200 2076 "-" "Mozilla/5.0 (Windows NT 6.2; WOW64) AppleWebKit/535.24 (KHTML, like Gecko) Chrome/83.0.1055.1 Safari/535.24"
45.227.253.15 - - [16/Jul/2025:20:21:22 +0000] "GET /wp-includes/SimplePie/library/SimplePie/XML/Declaration/Declaration/index.php?of=1 HTTP/1.1" 200 2325 "-" "Mozilla/5.0 (Windows NT 6.2; WOW64) AppleWebKit/535.24 (KHTML, like Gecko) Chrome/82.0.1055.1 Safari/535.24"
45.227.253.15 - - [16/Jul/2025:20:21:42 +0000] "GET /wp-includes/blocks/comments-pagination/comments-pagination/index.php?of=1 HTTP/1.1" 200 2345 "-" "Mozilla/5.0 (iPad; U; CPU OS 4_3_4 like Mac OS X; ja) AppleWebKit/533.17.9 (KHTML, like Gecko) Version/5.0.2 Mobile/8J2 Safari/6533.18.5"
209.74.77.214 - - [16/Jul/2025:20:27:29 +0000] "POST /wp-cron.php?doing_wp_cron=1752697649.3486819267272949218750 HTTP/1.1" 200 - "-" "WordPress/6.8.2; https://listingslad.com"
124.222.142.44 - - [16/Jul/2025:20:27:29 +0000] "GET / HTTP/1.1" 200 61189 "http://www.listingslad.com" "Mozilla/5.0 (iPhone; CPU iPhone OS 13_2_3 like Mac OS X) AppleWebKit/605.1.15 (KHTML, like Gecko) Version/13.0.3 Mobile/15E148 Safari/604.1"
45.227.253.15 - - [16/Jul/2025:20:45:47 +0000] "GET /cgi-bin/cgi-bin/cgi-bin/cgi-bin/cgi-bin/index.php?of=1 HTTP/1.1" 200 2302 "-" "Mozilla/5.0 (Windows NT 10.0; Win64; x64) AppleWebKit/537.36 (KHTML, like Gecko) Chrome/75.0.3780 Safari/537.36 Edg/75.0.139"
45.227.253.15 - - [16/Jul/2025:20:46:12 +0000] "GET /cgi-bin/cgi-bin/cgi-bin/cgi-bin/cgi-bin/index.php?of=1 HTTP/1.1" 200 2302 "-" "Mozilla/5.0 (Windows NT 10.0; Win64; x64) AppleWebKit/537.36 (KHTML, like Gecko) Chrome/85.0.4183.83 Safari/537.35"
45.227.253.15 - - [16/Jul/2025:20:46:14 +0000] "GET /wp-content/themes/listivo/templates/partials/partials/index.php?of=1 HTTP/1.1" 200 2233 "-" "Mozilla/5.0 (Windows NT 10.0; Win64; x64; rv:80.0) Gecko/20100101 Firefox/80.0"
45.227.253.15 - - [16/Jul/2025:20:46:42 +0000] "GET /wp-admin/css/colors/midnight/midnight/index.php?of=1 HTTP/1.1" 200 2176 "-" "Mozilla/5.0 (Windows NT 6.1; WOW64; rv:71.0) Gecko/20100101 Firefox/71.0"
45.227.253.15 - - [16/Jul/2025:20:46:55 +0000] "GET /cgi-bin/cgi-bin/cgi-bin/cgi-bin/index.php?of=1 HTTP/1.1" 200 2161 "-" "Mozilla/5.0 (Windows NT 6.2; WOW64) AppleWebKit/535.24 (KHTML, like Gecko) Chrome/80.0.1055.1 Safari/535.24"
45.227.253.15 - - [16/Jul/2025:20:47:14 +0000] "GET /images/images/index.php?of=1 HTTP/1.1" 200 2178 "-" "Mozilla/5.0 (Windows NT 6.1; Win64; x64) AppleWebKit/537.36 (KHTML, like Gecko) Chrome/86.0.4240.111 Safari/537.36"
45.227.253.15 - - [16/Jul/2025:20:47:18 +0000] "GET /cgi-bin/cgi-bin/cgi-bin/cgi-bin/index.php?of=1 HTTP/1.1" 200 2161 "-" "Mozilla/5.0 (Macintosh; Intel Mac OS X 10_15_7) AppleWebKit/537.36 (KHTML, like Gecko) Chrome/86.0.4240.111 Safari/537.36 Edg/86.0.622.51"
45.227.253.15 - - [16/Jul/2025:20:48:17 +0000] "GET /moddofuns.php?of=1 HTTP/1.1" 200 2335 "-" "Mozilla/5.0 (Macintosh; Intel Mac OS X 10.13; rv:103.0) Gecko/20100101 Firefox/102.0"
45.227.253.15 - - [16/Jul/2025:20:48:19 +0000] "GET /images/images/images/index.php?of=1 HTTP/1.1" 200 2202 "-" "Mozilla/5.0 (Windows NT 10.0; Win64; x64) AppleWebKit/537.36 (KHTML, like Gecko) Chrome/80.0.3980 Safari/537.36 Edg/80.0.145.1"
45.227.253.15 - - [16/Jul/2025:20:48:45 +0000] "GET /wp-includes/SimplePie/src/Decode/HTML/HTML/index.php?of=1 HTTP/1.1" 200 2425 "-" "Mozilla/5.0 (Windows NT 6.1; WOW64; rv:70.0) Gecko/20100101 Firefox/70.0"
45.227.253.15 - - [16/Jul/2025:20:49:14 +0000] "GET /cgi-bin/cgi-bin/cgi-bin/index.php?of=1 HTTP/1.1" 200 2415 "-" "Mozilla/5.0 (Windows NT 6.2; WOW64; rv:72.0) Gecko/20100101 Firefox/72.0"
45.227.253.15 - - [16/Jul/2025:20:49:30 +0000] "GET /wp-content/plugins/jetpack/_inc/blocks/google-docs-embed/google-docs-embed/index.php?of=1 HTTP/1.1" 200 2307 "-" "Mozilla/5.0 (Windows NT 6.3; Win64; x64) AppleWebKit/537.36 (KHTML, like Gecko) Chrome/86.0.4240.111 Safari/537.36"
45.227.253.15 - - [16/Jul/2025:20:49:32 +0000] "GET /images/images/images/images/images/index.php?of=1 HTTP/1.1" 200 2290 "-" "Mozilla/5.0 (Windows NT 6.2; WOW64) AppleWebKit/535.24 (KHTML, like Gecko) Chrome/83.0.1055.1 Safari/535.24"
45.227.253.15 - - [16/Jul/2025:20:49:40 +0000] "GET /wp-admin/css/colors/blue/blue/index.php?of=1 HTTP/1.1" 200 2007 "-" "Mozilla/5.0 (iPad; U; CPU OS 4_3_4 like Mac OS X; ja) AppleWebKit/533.17.9 (KHTML, like Gecko) Version/5.0.2 Mobile/8J2 Safari/6533.18.5"
45.227.253.15 - - [16/Jul/2025:20:49:46 +0000] "GET /cgi-bin/cgi-bin/index.php?of=1 HTTP/1.1" 200 2345 "-" "Mozilla/5.0 (iPad; U; CPU OS 4_1_3 like Mac OS X; ja) AppleWebKit/533.17.9 (KHTML, like Gecko) Version/5.0.2 Mobile/8J2 Safari/6533.18.5"
45.227.253.15 - - [16/Jul/2025:20:49:46 +0000] "GET /wp-admin/css/colors/ectoplasm/ectoplasm/index.php?of=1 HTTP/1.1" 200 2106 "-" "Mozilla/5.0 (Macintosh; Intel Mac OS X 10.15; rv:103.0) Gecko/20100101 Firefox/101.0"
209.74.77.214 - - [16/Jul/2025:20:49:48 +0000] "POST /wp-cron.php?doing_wp_cron=1752698988.9617879390716552734375 HTTP/1.1" 200 - "-" "WordPress/6.8.2; https://listingslad.com"
45.227.253.15 - - [16/Jul/2025:20:49:46 +0000] "GET /?of=1 HTTP/1.1" 200 61187 "-" "Mozilla/5.0 (Windows NT 10.0; Win64; x64) AppleWebKit/537.36 (KHTML, like Gecko) Chrome/78.0.3790 Safari/537.36 Edg/78.0.142.6"
45.227.253.15 - - [16/Jul/2025:20:49:51 +0000] "GET /wp-includes/js/dist/script-modules/interactivity-router/interactivity-router/index.php?of=1 HTTP/1.1" 200 2018 "-" "Mozilla/5.0 (Macintosh; Intel Mac OS X 10.11; rv:103.0) Gecko/20100101 Firefox/103.0"
45.227.253.15 - - [16/Jul/2025:20:50:11 +0000] "GET /wp-includes/blocks/post-author-name/post-author-name/index.php?of=1 HTTP/1.1" 200 2375 "-" "Mozilla/5.0 (Macintosh; Intel Mac OS X 10.15; rv:79.0) Gecko/20100101 Firefox/79.0"
45.227.253.15 - - [16/Jul/2025:20:50:13 +0000] "GET /wp-admin/css/colors/ocean/ocean/index.php?of=1 HTTP/1.1" 200 2275 "-" "Mozilla/5.0 (Windows NT 10.0; Win64; x64) AppleWebKit/537.36 (KHTML, like Gecko) Chrome/78.0.3790 Safari/537.36 Edg/78.0.142.6"
209.74.77.214 - - [16/Jul/2025:20:50:17 +0000] "POST /wp-cron.php?doing_wp_cron=1752699017.3151950836181640625000 HTTP/1.1" 200 - "-" "WordPress/6.8.2; https://listingslad.com"
