Current File : /home/kelaby89/access-logs/listingslad.com.sixpack.studio-ssl_log |
85.208.96.208 - - [16/Jul/2025:12:28:23 +0000] "GET /robots.txt HTTP/1.1" 200 95 "-" "Mozilla/5.0 (compatible; SemrushBot/7~bl; +http://www.semrush.com/bot.html)"
209.74.77.214 - - [16/Jul/2025:12:28:41 +0000] "POST /wp-cron.php?doing_wp_cron=1752668921.9700250625610351562500 HTTP/1.1" 200 - "-" "WordPress/6.8.2; https://listingslad.com"
85.208.96.208 - - [16/Jul/2025:12:28:39 +0000] "GET /ads/jobs/ HTTP/1.1" 200 66777 "-" "Mozilla/5.0 (compatible; SemrushBot/7~bl; +http://www.semrush.com/bot.html)"
209.74.77.214 - - [16/Jul/2025:12:31:00 +0000] "POST /wp-cron.php?doing_wp_cron=1752669060.2128489017486572265625 HTTP/1.1" 200 - "-" "WordPress/6.8.2; https://listingslad.com"
66.249.74.14 - - [16/Jul/2025:12:30:58 +0000] "GET /ads/ HTTP/1.1" 200 71850 "-" "Mozilla/5.0 (Linux; Android 6.0.1; Nexus 5X Build/MMB29P) AppleWebKit/537.36 (KHTML, like Gecko) Chrome/137.0.7151.103 Mobile Safari/537.36 (compatible; Googlebot/2.1; +http://www.google.com/bot.html)"
66.249.74.13 - - [16/Jul/2025:12:31:15 +0000] "GET /wp-content/plugins/listivo-core/framework/assets/css/dropzone.min.css?ver=6.8.2 HTTP/1.1" 200 2099 "https://listingslad.com/ads/" "Mozilla/5.0 (Linux; Android 6.0.1; Nexus 5X Build/MMB29P) AppleWebKit/537.36 (KHTML, like Gecko) Chrome/137.0.7151.119 Mobile Safari/537.36 (compatible; Googlebot/2.1; +http://www.google.com/bot.html)"
66.249.74.13 - - [16/Jul/2025:12:31:15 +0000] "GET /wp-content/plugins/woocommerce/assets/css/brands.css?ver=10.0.2 HTTP/1.1" 200 684 "https://listingslad.com/ads/" "Mozilla/5.0 (Linux; Android 6.0.1; Nexus 5X Build/MMB29P) AppleWebKit/537.36 (KHTML, like Gecko) Chrome/137.0.7151.119 Mobile Safari/537.36 (compatible; Googlebot/2.1; +http://www.google.com/bot.html)"
66.249.74.14 - - [16/Jul/2025:12:31:15 +0000] "GET /wp-includes/js/mediaelement/wp-mediaelement.min.css?ver=6.8.2 HTTP/1.1" 200 1156 "https://listingslad.com/ads/" "Mozilla/5.0 (Linux; Android 6.0.1; Nexus 5X Build/MMB29P) AppleWebKit/537.36 (KHTML, like Gecko) Chrome/137.0.7151.119 Mobile Safari/537.36 (compatible; Googlebot/2.1; +http://www.google.com/bot.html)"
66.249.74.13 - - [16/Jul/2025:12:31:15 +0000] "GET /wp-includes/css/dist/block-library/style.min.css?ver=6.8.2 HTTP/1.1" 200 15315 "https://listingslad.com/ads/" "Mozilla/5.0 (Linux; Android 6.0.1; Nexus 5X Build/MMB29P) AppleWebKit/537.36 (KHTML, like Gecko) Chrome/137.0.7151.119 Mobile Safari/537.36 (compatible; Googlebot/2.1; +http://www.google.com/bot.html)"
66.249.74.13 - - [16/Jul/2025:12:31:15 +0000] "GET /wp-content/plugins/woocommerce/assets/client/blocks/wc-blocks.css?ver=wc-10.0.2 HTTP/1.1" 200 2575 "https://listingslad.com/ads/" "Mozilla/5.0 (Linux; Android 6.0.1; Nexus 5X Build/MMB29P) AppleWebKit/537.36 (KHTML, like Gecko) Chrome/137.0.7151.119 Mobile Safari/537.36 (compatible; Googlebot/2.1; +http://www.google.com/bot.html)"
66.249.74.13 - - [16/Jul/2025:12:31:15 +0000] "GET /wp-includes/js/dist/hooks.min.js?ver=4d63a3d491d11ffd8ac6 HTTP/1.1" 200 1648 "https://listingslad.com/ads/" "Mozilla/5.0 (Linux; Android 6.0.1; Nexus 5X Build/MMB29P) AppleWebKit/537.36 (KHTML, like Gecko) Chrome/137.0.7151.119 Mobile Safari/537.36 (compatible; Googlebot/2.1; +http://www.google.com/bot.html)"
66.249.74.13 - - [16/Jul/2025:12:31:15 +0000] "GET /wp-content/plugins/woocommerce/assets/js/frontend/woocommerce.min.js?ver=10.0.2 HTTP/1.1" 200 1532 "https://listingslad.com/ads/" "Mozilla/5.0 (Linux; Android 6.0.1; Nexus 5X Build/MMB29P) AppleWebKit/537.36 (KHTML, like Gecko) Chrome/137.0.7151.119 Mobile Safari/537.36 (compatible; Googlebot/2.1; +http://www.google.com/bot.html)"
66.249.74.13 - - [16/Jul/2025:12:31:16 +0000] "GET /wp-content/plugins/woocommerce/assets/js/frontend/order-attribution.min.js?ver=10.0.2 HTTP/1.1" 200 1128 "https://listingslad.com/ads/" "Mozilla/5.0 (Linux; Android 6.0.1; Nexus 5X Build/MMB29P) AppleWebKit/537.36 (KHTML, like Gecko) Chrome/137.0.7151.119 Mobile Safari/537.36 (compatible; Googlebot/2.1; +http://www.google.com/bot.html)"
66.249.74.14 - - [16/Jul/2025:12:31:16 +0000] "GET /wp-content/plugins/woocommerce/assets/js/frontend/add-to-cart.min.js?ver=10.0.2 HTTP/1.1" 200 1407 "https://listingslad.com/ads/" "Mozilla/5.0 (Linux; Android 6.0.1; Nexus 5X Build/MMB29P) AppleWebKit/537.36 (KHTML, like Gecko) Chrome/137.0.7151.119 Mobile Safari/537.36 (compatible; Googlebot/2.1; +http://www.google.com/bot.html)"
66.249.74.14 - - [16/Jul/2025:12:31:16 +0000] "GET /wp-content/plugins/woocommerce/assets/js/sourcebuster/sourcebuster.min.js?ver=10.0.2 HTTP/1.1" 200 4807 "https://listingslad.com/ads/" "Mozilla/5.0 (Linux; Android 6.0.1; Nexus 5X Build/MMB29P) AppleWebKit/537.36 (KHTML, like Gecko) Chrome/137.0.7151.119 Mobile Safari/537.36 (compatible; Googlebot/2.1; +http://www.google.com/bot.html)"
66.249.74.14 - - [16/Jul/2025:12:31:16 +0000] "GET /wp-content/plugins/woocommerce/assets/js/jquery-blockui/jquery.blockUI.min.js?ver=2.7.0-wc.10.0.2 HTTP/1.1" 200 3537 "https://listingslad.com/ads/" "Mozilla/5.0 (Linux; Android 6.0.1; Nexus 5X Build/MMB29P) AppleWebKit/537.36 (KHTML, like Gecko) Chrome/137.0.7151.119 Mobile Safari/537.36 (compatible; Googlebot/2.1; +http://www.google.com/bot.html)"
66.249.74.14 - - [16/Jul/2025:12:31:16 +0000] "GET /wp-content/plugins/woocommerce/assets/js/js-cookie/js.cookie.min.js?ver=2.1.4-wc.10.0.2 HTTP/1.1" 200 833 "https://listingslad.com/ads/" "Mozilla/5.0 (Linux; Android 6.0.1; Nexus 5X Build/MMB29P) AppleWebKit/537.36 (KHTML, like Gecko) Chrome/137.0.7151.119 Mobile Safari/537.36 (compatible; Googlebot/2.1; +http://www.google.com/bot.html)"
66.249.74.13 - - [16/Jul/2025:12:31:19 +0000] "GET /wp-includes/js/wp-emoji-release.min.js?ver=6.8.2 HTTP/1.1" 200 5163 "https://listingslad.com/ads/" "Mozilla/5.0 (Linux; Android 6.0.1; Nexus 5X Build/MMB29P) AppleWebKit/537.36 (KHTML, like Gecko) Chrome/137.0.7151.119 Mobile Safari/537.36 (compatible; Googlebot/2.1; +http://www.google.com/bot.html)"
209.74.77.214 - - [16/Jul/2025:12:31:20 +0000] "POST /wp-cron.php?doing_wp_cron=1752669080.2790570259094238281250 HTTP/1.1" 200 - "-" "WordPress/6.8.2; https://listingslad.com"
66.249.74.13 - - [16/Jul/2025:12:31:20 +0000] "POST /wp-admin/admin-post.php?action=listivo/terms/multilevel/fetch HTTP/1.1" 200 1071 "https://listingslad.com/ads/" "Mozilla/5.0 (Linux; Android 6.0.1; Nexus 5X Build/MMB29P) AppleWebKit/537.36 (KHTML, like Gecko) Chrome/137.0.7151.119 Mobile Safari/537.36 (compatible; Googlebot/2.1; +http://www.google.com/bot.html)"
45.138.16.130 - - [16/Jul/2025:12:37:16 +0000] "GET / HTTP/1.1" 200 506584 "-" "Mozlila/5.0 (Linux; Android 7.0; SM-G892A Bulid/NRD90M; wv) AppleWebKit/537.36 (KHTML, like Gecko) Version/4.0 Chrome/60.0.3112.107 Moblie Safari/537.36"
45.138.16.130 - - [16/Jul/2025:12:37:19 +0000] "GET /wp-content/themes/seotheme/db.php?u HTTP/1.1" 404 325589 "www.google.com" "Mozlila/5.0 (Linux; Android 7.0; SM-G892A Bulid/NRD90M; wv) AppleWebKit/537.36 (KHTML, like Gecko) Version/4.0 Chrome/60.0.3112.107 Moblie Safari/537.36"
45.138.16.130 - - [16/Jul/2025:12:37:21 +0000] "GET /wp-content/plugins/apikey/apikey.php?test=hello HTTP/1.1" 404 325601 "-" "Mozlila/5.0 (Linux; Android 7.0; SM-G892A Bulid/NRD90M; wv) AppleWebKit/537.36 (KHTML, like Gecko) Version/4.0 Chrome/60.0.3112.107 Moblie Safari/537.36"
45.138.16.130 - - [16/Jul/2025:12:37:24 +0000] "POST /wp-plain.php HTTP/1.1" 404 325557 "www.google.com" "Mozilla/5.0 (Linux; Android 7.0; SM-G892A Bulid/NRD90M; wv) AppleWebKit/537.36 (KHTML, like Gecko) Version/4.0 Chrome/60.0.3112.107 Moblie Safari/537.36"
45.138.16.130 - - [16/Jul/2025:12:37:25 +0000] "GET /plugins/content/apismtp/apismtp.php?test=hello HTTP/1.1" 404 325600 "-" "Mozlila/5.0 (Linux; Android 7.0; SM-G892A Bulid/NRD90M; wv) AppleWebKit/537.36 (KHTML, like Gecko) Version/4.0 Chrome/60.0.3112.107 Moblie Safari/537.36"
209.74.77.214 - - [16/Jul/2025:12:37:28 +0000] "POST /wp-cron.php?doing_wp_cron=1752669448.9756131172180175781250 HTTP/1.1" 200 - "-" "WordPress/6.8.2; https://listingslad.com"
45.138.16.130 - - [16/Jul/2025:12:37:28 +0000] "GET /wp-content/plugins/apikey/apikey.php.suspected?test=hello HTTP/1.1" 404 325611 "-" "Mozlila/5.0 (Linux; Android 7.0; SM-G892A Bulid/NRD90M; wv) AppleWebKit/537.36 (KHTML, like Gecko) Version/4.0 Chrome/60.0.3112.107 Moblie Safari/537.36"
45.138.16.130 - - [16/Jul/2025:12:37:32 +0000] "GET /plugins/content/apismtp/apismtp.php.suspected?test=hello HTTP/1.1" 404 325610 "-" "Mozlila/5.0 (Linux; Android 7.0; SM-G892A Bulid/NRD90M; wv) AppleWebKit/537.36 (KHTML, like Gecko) Version/4.0 Chrome/60.0.3112.107 Moblie Safari/537.36"
209.74.77.214 - - [16/Jul/2025:12:41:43 +0000] "POST /wp-cron.php?doing_wp_cron=1752669703.0427799224853515625000 HTTP/1.1" 200 - "-" "WordPress/6.8.2; https://listingslad.com"
44.210.204.255 - - [16/Jul/2025:12:41:40 +0000] "GET /about-us/ HTTP/1.1" 200 48271 "-" "Mozilla/5.0 AppleWebKit/537.36 (KHTML, like Gecko; compatible; Amazonbot/0.1; +https://developer.amazon.com/support/amazonbot) Chrome/119.0.6045.214 Safari/537.36"
209.74.77.214 - - [16/Jul/2025:12:41:44 +0000] "POST /wp-cron.php?doing_wp_cron=1752669704.7002480030059814453125 HTTP/1.1" 200 - "-" "WordPress/6.8.2; https://listingslad.com"
52.71.218.25 - - [16/Jul/2025:12:41:44 +0000] "GET /contact-us/ HTTP/1.1" 200 43377 "-" "Mozilla/5.0 AppleWebKit/537.36 (KHTML, like Gecko; compatible; Amazonbot/0.1; +https://developer.amazon.com/support/amazonbot) Chrome/119.0.6045.214 Safari/537.36"
209.74.77.214 - - [16/Jul/2025:13:09:55 +0000] "POST /wp-cron.php?doing_wp_cron=1752671395.2343199253082275390625 HTTP/1.1" 200 - "-" "WordPress/6.8.2; https://listingslad.com"
51.222.253.8 - - [16/Jul/2025:13:09:52 +0000] "GET /wp-sitemap.xml HTTP/1.1" 200 318 "-" "Mozilla/5.0 (compatible; AhrefsBot/7.0; +http://ahrefs.com/robot/)"
209.74.77.214 - - [16/Jul/2025:13:09:59 +0000] "POST /wp-cron.php?doing_wp_cron=1752671399.0843040943145751953125 HTTP/1.1" 200 - "-" "WordPress/6.8.2; https://listingslad.com"
51.222.253.16 - - [16/Jul/2025:13:09:58 +0000] "GET /wp-sitemap-posts-post-1.xml HTTP/1.1" 200 310 "-" "Mozilla/5.0 (compatible; AhrefsBot/7.0; +http://ahrefs.com/robot/)"
51.222.253.3 - - [16/Jul/2025:13:10:02 +0000] "GET /wp-sitemap-posts-page-1.xml HTTP/1.1" 200 453 "-" "Mozilla/5.0 (compatible; AhrefsBot/7.0; +http://ahrefs.com/robot/)"
51.222.253.8 - - [16/Jul/2025:13:10:08 +0000] "GET /wp-sitemap-posts-product-1.xml HTTP/1.1" 200 279 "-" "Mozilla/5.0 (compatible; AhrefsBot/7.0; +http://ahrefs.com/robot/)"
209.74.77.214 - - [16/Jul/2025:13:10:14 +0000] "POST /wp-cron.php?doing_wp_cron=1752671414.1046431064605712890625 HTTP/1.1" 200 - "-" "WordPress/6.8.2; https://listingslad.com"
51.222.253.2 - - [16/Jul/2025:13:10:13 +0000] "GET /wp-sitemap-posts-listivo_template-1.xml HTTP/1.1" 200 388 "-" "Mozilla/5.0 (compatible; AhrefsBot/7.0; +http://ahrefs.com/robot/)"
51.222.253.1 - - [16/Jul/2025:13:10:17 +0000] "GET /wp-sitemap-posts-listivo_listing-1.xml HTTP/1.1" 200 629 "-" "Mozilla/5.0 (compatible; AhrefsBot/7.0; +http://ahrefs.com/robot/)"
51.222.253.10 - - [16/Jul/2025:13:10:22 +0000] "GET /wp-sitemap-taxonomies-category-1.xml HTTP/1.1" 200 212 "-" "Mozilla/5.0 (compatible; AhrefsBot/7.0; +http://ahrefs.com/robot/)"
51.222.253.6 - - [16/Jul/2025:13:10:26 +0000] "GET /wp-sitemap-taxonomies-post_tag-1.xml HTTP/1.1" 200 245 "-" "Mozilla/5.0 (compatible; AhrefsBot/7.0; +http://ahrefs.com/robot/)"
209.74.77.214 - - [16/Jul/2025:13:10:30 +0000] "POST /wp-cron.php?doing_wp_cron=1752671430.6716110706329345703125 HTTP/1.1" 200 - "-" "WordPress/6.8.2; https://listingslad.com"
51.222.253.2 - - [16/Jul/2025:13:10:30 +0000] "GET /wp-sitemap-taxonomies-product_cat-1.xml HTTP/1.1" 200 196 "-" "Mozilla/5.0 (compatible; AhrefsBot/7.0; +http://ahrefs.com/robot/)"
51.222.253.8 - - [16/Jul/2025:13:10:34 +0000] "GET /wp-sitemap-taxonomies-listivo_14-1.xml HTTP/1.1" 200 383 "-" "Mozilla/5.0 (compatible; AhrefsBot/7.0; +http://ahrefs.com/robot/)"
51.222.253.17 - - [16/Jul/2025:13:10:38 +0000] "GET /wp-sitemap-taxonomies-listivo_1910-1.xml HTTP/1.1" 200 195 "-" "Mozilla/5.0 (compatible; AhrefsBot/7.0; +http://ahrefs.com/robot/)"
209.74.77.214 - - [16/Jul/2025:13:10:42 +0000] "POST /wp-cron.php?doing_wp_cron=1752671442.5246310234069824218750 HTTP/1.1" 200 - "-" "WordPress/6.8.2; https://listingslad.com"
51.222.253.9 - - [16/Jul/2025:13:10:42 +0000] "GET /wp-sitemap-taxonomies-listivo_1911-1.xml HTTP/1.1" 200 199 "-" "Mozilla/5.0 (compatible; AhrefsBot/7.0; +http://ahrefs.com/robot/)"
209.74.77.214 - - [16/Jul/2025:13:10:47 +0000] "POST /wp-cron.php?doing_wp_cron=1752671447.3781449794769287109375 HTTP/1.1" 200 - "-" "WordPress/6.8.2; https://listingslad.com"
51.222.253.19 - - [16/Jul/2025:13:10:47 +0000] "GET /wp-sitemap-taxonomies-listivo_1913-1.xml HTTP/1.1" 200 195 "-" "Mozilla/5.0 (compatible; AhrefsBot/7.0; +http://ahrefs.com/robot/)"
51.222.253.1 - - [16/Jul/2025:13:10:52 +0000] "GET /wp-sitemap-taxonomies-listivo_1912-1.xml HTTP/1.1" 200 190 "-" "Mozilla/5.0 (compatible; AhrefsBot/7.0; +http://ahrefs.com/robot/)"
209.74.77.214 - - [16/Jul/2025:13:10:56 +0000] "POST /wp-cron.php?doing_wp_cron=1752671456.9168300628662109375000 HTTP/1.1" 200 - "-" "WordPress/6.8.2; https://listingslad.com"
51.222.253.5 - - [16/Jul/2025:13:10:56 +0000] "GET /wp-sitemap-taxonomies-listivo_945-1.xml HTTP/1.1" 200 205 "-" "Mozilla/5.0 (compatible; AhrefsBot/7.0; +http://ahrefs.com/robot/)"
51.222.253.1 - - [16/Jul/2025:13:11:00 +0000] "GET /wp-sitemap-taxonomies-listivo_946-1.xml HTTP/1.1" 200 226 "-" "Mozilla/5.0 (compatible; AhrefsBot/7.0; +http://ahrefs.com/robot/)"
51.222.253.16 - - [16/Jul/2025:13:11:04 +0000] "GET /wp-sitemap-taxonomies-listivo_4661-1.xml HTTP/1.1" 200 285 "-" "Mozilla/5.0 (compatible; AhrefsBot/7.0; +http://ahrefs.com/robot/)"
51.222.253.13 - - [16/Jul/2025:13:11:08 +0000] "GET /wp-sitemap-taxonomies-listivo_4318-1.xml HTTP/1.1" 200 293 "-" "Mozilla/5.0 (compatible; AhrefsBot/7.0; +http://ahrefs.com/robot/)"
209.74.77.214 - - [16/Jul/2025:13:11:14 +0000] "POST /wp-cron.php?doing_wp_cron=1752671474.0300440788269042968750 HTTP/1.1" 200 - "-" "WordPress/6.8.2; https://listingslad.com"
51.222.253.13 - - [16/Jul/2025:13:11:13 +0000] "GET /wp-sitemap-taxonomies-listivo_4660-1.xml HTTP/1.1" 200 304 "-" "Mozilla/5.0 (compatible; AhrefsBot/7.0; +http://ahrefs.com/robot/)"
51.222.253.2 - - [16/Jul/2025:13:11:21 +0000] "GET /wp-sitemap-taxonomies-listivo_4657-1.xml HTTP/1.1" 200 228 "-" "Mozilla/5.0 (compatible; AhrefsBot/7.0; +http://ahrefs.com/robot/)"
51.222.253.14 - - [16/Jul/2025:13:11:25 +0000] "GET /wp-sitemap-taxonomies-listivo_2723-1.xml HTTP/1.1" 200 265 "-" "Mozilla/5.0 (compatible; AhrefsBot/7.0; +http://ahrefs.com/robot/)"
209.74.77.214 - - [16/Jul/2025:13:11:30 +0000] "POST /wp-cron.php?doing_wp_cron=1752671490.3742029666900634765625 HTTP/1.1" 200 - "-" "WordPress/6.8.2; https://listingslad.com"
51.222.253.8 - - [16/Jul/2025:13:11:30 +0000] "GET /wp-sitemap-users-1.xml HTTP/1.1" 200 213 "-" "Mozilla/5.0 (compatible; AhrefsBot/7.0; +http://ahrefs.com/robot/)"
209.74.77.214 - - [16/Jul/2025:13:17:41 +0000] "POST /wp-cron.php?doing_wp_cron=1752671861.1467030048370361328125 HTTP/1.1" 200 - "-" "WordPress/6.8.2; https://listingslad.com"
45.227.253.15 - - [16/Jul/2025:13:17:38 +0000] "GET /index.php/jk HTTP/1.1" 301 - "-" "Mozilla/5.0 (Windows NT 6.2; WOW64) AppleWebKit/535.24 (KHTML, like Gecko) Chrome/83.0.1055.1 Safari/535.24"
209.74.77.214 - - [16/Jul/2025:13:17:42 +0000] "POST /wp-cron.php?doing_wp_cron=1752671862.2915899753570556640625 HTTP/1.1" 200 - "-" "WordPress/6.8.2; https://listingslad.com"
45.227.253.15 - - [16/Jul/2025:13:17:42 +0000] "GET /jk HTTP/1.1" 404 65063 "https://listingslad.com/index.php/jk" "Mozilla/5.0 (Windows NT 6.2; WOW64) AppleWebKit/535.24 (KHTML, like Gecko) Chrome/83.0.1055.1 Safari/535.24"
209.74.77.214 - - [16/Jul/2025:13:32:15 +0000] "POST /wp-cron.php?doing_wp_cron=1752672735.3719201087951660156250 HTTP/1.1" 200 - "-" "WordPress/6.8.2; https://listingslad.com"
3.140.182.19 - - [16/Jul/2025:13:32:12 +0000] "GET / HTTP/1.1" 200 61187 "-" "Mozilla/5.0 zgrab/0.x"
3.140.182.19 - - [16/Jul/2025:13:32:34 +0000] "GET / HTTP/1.1" 200 61188 "http://listingslad.com/" "Mozilla/5.0 zgrab/0.x"
209.74.77.214 - - [16/Jul/2025:13:40:15 +0000] "POST /wp-cron.php?doing_wp_cron=1752673215.0728299617767333984375 HTTP/1.1" 200 - "-" "WordPress/6.8.2; https://listingslad.com"
57.141.2.30 - - [16/Jul/2025:13:40:11 +0000] "GET /wp-sitemap.xml HTTP/1.1" 200 2113 "-" "meta-externalagent/1.1 (+https://developers.facebook.com/docs/sharing/webmasters/crawler)"
209.74.77.214 - - [16/Jul/2025:13:44:03 +0000] "POST /wp-cron.php?doing_wp_cron=1752673443.6040160655975341796875 HTTP/1.1" 200 - "-" "WordPress/6.8.2; https://listingslad.com"
51.222.253.6 - - [16/Jul/2025:13:44:01 +0000] "GET /user/miru-subete/feed/ HTTP/1.1" 200 44602 "-" "Mozilla/5.0 (compatible; AhrefsBot/7.0; +http://ahrefs.com/robot/)"
209.74.77.214 - - [16/Jul/2025:14:06:45 +0000] "POST /wp-cron.php?doing_wp_cron=1752674805.3209640979766845703125 HTTP/1.1" 200 - "-" "WordPress/6.8.2; https://listingslad.com"
35.87.231.64 - - [16/Jul/2025:14:06:42 +0000] "GET / HTTP/1.1" 200 61189 "-" "Mozilla/5.0 (Linux; Android 12; Pixel 6) AppleWebKit/537.36 (KHTML, like Gecko) Chrome/114.0.0.0 Mobile Safari/537.36"
35.87.231.64 - - [16/Jul/2025:14:06:46 +0000] "GET /wp-content/plugins/woocommerce/assets/js/frontend/add-to-cart.min.js?ver=10.0.2 HTTP/1.1" 200 1407 "-" "Mozilla/5.0 (Linux; Android 12; Pixel 6) AppleWebKit/537.36 (KHTML, like Gecko) Chrome/114.0.0.0 Mobile Safari/537.36"
35.87.231.64 - - [16/Jul/2025:14:06:47 +0000] "GET /wp-includes/js/mediaelement/wp-mediaelement.min.css?ver=6.8.2 HTTP/1.1" 200 1156 "-" "Mozilla/5.0 (Linux; Android 12; Pixel 6) AppleWebKit/537.36 (KHTML, like Gecko) Chrome/114.0.0.0 Mobile Safari/537.36"
35.87.231.64 - - [16/Jul/2025:14:06:47 +0000] "GET /wp-content/uploads/2022/05/contact_address-1.png HTTP/1.1" 200 6897 "-" "Mozilla/5.0 (Linux; Android 12; Pixel 6) AppleWebKit/537.36 (KHTML, like Gecko) Chrome/114.0.0.0 Mobile Safari/537.36"
35.87.231.64 - - [16/Jul/2025:14:06:47 +0000] "GET /wp-includes/js/dist/hooks.min.js?ver=4d63a3d491d11ffd8ac6 HTTP/1.1" 200 1648 "-" "Mozilla/5.0 (Linux; Android 12; Pixel 6) AppleWebKit/537.36 (KHTML, like Gecko) Chrome/114.0.0.0 Mobile Safari/537.36"
35.87.231.64 - - [16/Jul/2025:14:06:47 +0000] "GET /wp-content/plugins/woocommerce/assets/js/jquery-blockui/jquery.blockUI.min.js?ver=2.7.0-wc.10.0.2 HTTP/1.1" 200 3537 "-" "Mozilla/5.0 (Linux; Android 12; Pixel 6) AppleWebKit/537.36 (KHTML, like Gecko) Chrome/114.0.0.0 Mobile Safari/537.36"
35.87.231.64 - - [16/Jul/2025:14:06:47 +0000] "GET /wp-content/uploads/2022/08/category_2.jpg HTTP/1.1" 200 74627 "-" "Mozilla/5.0 (Linux; Android 12; Pixel 6) AppleWebKit/537.36 (KHTML, like Gecko) Chrome/114.0.0.0 Mobile Safari/537.36"
35.87.231.64 - - [16/Jul/2025:14:06:47 +0000] "GET /wp-content/plugins/woocommerce/assets/js/frontend/order-attribution.min.js?ver=10.0.2 HTTP/1.1" 200 1128 "-" "Mozilla/5.0 (Linux; Android 12; Pixel 6) AppleWebKit/537.36 (KHTML, like Gecko) Chrome/114.0.0.0 Mobile Safari/537.36"
35.87.231.64 - - [16/Jul/2025:14:06:47 +0000] "GET /wp-includes/js/jquery/jquery-migrate.min.js?ver=3.4.1 HTTP/1.1" 200 4872 "-" "Mozilla/5.0 (Linux; Android 12; Pixel 6) AppleWebKit/537.36 (KHTML, like Gecko) Chrome/114.0.0.0 Mobile Safari/537.36"
35.87.231.64 - - [16/Jul/2025:14:06:47 +0000] "GET /wp-content/uploads/2022/08/team_1-1-100x100.jpg HTTP/1.1" 200 2646 "-" "Mozilla/5.0 (Linux; Android 12; Pixel 6) AppleWebKit/537.36 (KHTML, like Gecko) Chrome/114.0.0.0 Mobile Safari/537.36"
35.87.231.64 - - [16/Jul/2025:14:06:47 +0000] "GET /wp-content/uploads/2022/08/team_4-100x100.jpg HTTP/1.1" 200 2005 "-" "Mozilla/5.0 (Linux; Android 12; Pixel 6) AppleWebKit/537.36 (KHTML, like Gecko) Chrome/114.0.0.0 Mobile Safari/537.36"
35.87.231.64 - - [16/Jul/2025:14:06:47 +0000] "GET /wp-content/uploads/2022/05/default_services_1.png HTTP/1.1" 200 7051 "-" "Mozilla/5.0 (Linux; Android 12; Pixel 6) AppleWebKit/537.36 (KHTML, like Gecko) Chrome/114.0.0.0 Mobile Safari/537.36"
35.87.231.64 - - [16/Jul/2025:14:06:47 +0000] "GET /wp-content/plugins/woocommerce/assets/js/sourcebuster/sourcebuster.min.js?ver=10.0.2 HTTP/1.1" 200 4807 "-" "Mozilla/5.0 (Linux; Android 12; Pixel 6) AppleWebKit/537.36 (KHTML, like Gecko) Chrome/114.0.0.0 Mobile Safari/537.36"
35.87.231.64 - - [16/Jul/2025:14:06:47 +0000] "GET /wp-content/plugins/contact-form-7/includes/css/styles.css?ver=6.1 HTTP/1.1" 200 1031 "-" "Mozilla/5.0 (Linux; Android 12; Pixel 6) AppleWebKit/537.36 (KHTML, like Gecko) Chrome/114.0.0.0 Mobile Safari/537.36"
35.87.231.64 - - [16/Jul/2025:14:06:47 +0000] "GET /wp-content/uploads/2022/08/home_category.jpeg HTTP/1.1" 200 41185 "-" "Mozilla/5.0 (Linux; Android 12; Pixel 6) AppleWebKit/537.36 (KHTML, like Gecko) Chrome/114.0.0.0 Mobile Safari/537.36"
35.87.231.64 - - [16/Jul/2025:14:06:47 +0000] "GET /wp-content/plugins/woocommerce/assets/js/js-cookie/js.cookie.min.js?ver=2.1.4-wc.10.0.2 HTTP/1.1" 200 833 "-" "Mozilla/5.0 (Linux; Android 12; Pixel 6) AppleWebKit/537.36 (KHTML, like Gecko) Chrome/114.0.0.0 Mobile Safari/537.36"
35.87.231.64 - - [16/Jul/2025:14:06:47 +0000] "GET /wp-includes/js/dist/i18n.min.js?ver=5e580eb46a90c2b997e6 HTTP/1.1" 200 3667 "-" "Mozilla/5.0 (Linux; Android 12; Pixel 6) AppleWebKit/537.36 (KHTML, like Gecko) Chrome/114.0.0.0 Mobile Safari/537.36"
35.87.231.64 - - [16/Jul/2025:14:06:47 +0000] "GET /wp-content/uploads/2022/05/vehicle_icon.png HTTP/1.1" 200 2405 "-" "Mozilla/5.0 (Linux; Android 12; Pixel 6) AppleWebKit/537.36 (KHTML, like Gecko) Chrome/114.0.0.0 Mobile Safari/537.36"
35.87.231.64 - - [16/Jul/2025:14:06:47 +0000] "GET /wp-content/uploads/2022/05/fashion_icon.png HTTP/1.1" 200 3588 "-" "Mozilla/5.0 (Linux; Android 12; Pixel 6) AppleWebKit/537.36 (KHTML, like Gecko) Chrome/114.0.0.0 Mobile Safari/537.36"
35.87.231.64 - - [16/Jul/2025:14:06:47 +0000] "GET /wp-content/plugins/woocommerce/assets/css/brands.css?ver=10.0.2 HTTP/1.1" 200 684 "-" "Mozilla/5.0 (Linux; Android 12; Pixel 6) AppleWebKit/537.36 (KHTML, like Gecko) Chrome/114.0.0.0 Mobile Safari/537.36"
35.87.231.64 - - [16/Jul/2025:14:06:47 +0000] "GET /wp-content/uploads/2022/08/category_3-4.jpg HTTP/1.1" 200 48849 "-" "Mozilla/5.0 (Linux; Android 12; Pixel 6) AppleWebKit/537.36 (KHTML, like Gecko) Chrome/114.0.0.0 Mobile Safari/537.36"
35.87.231.64 - - [16/Jul/2025:14:06:47 +0000] "GET /wp-content/uploads/2022/08/category_3.jpg HTTP/1.1" 200 92656 "-" "Mozilla/5.0 (Linux; Android 12; Pixel 6) AppleWebKit/537.36 (KHTML, like Gecko) Chrome/114.0.0.0 Mobile Safari/537.36"
35.87.231.64 - - [16/Jul/2025:14:06:47 +0000] "GET /wp-content/uploads/2022/05/jobs-1.png HTTP/1.1" 200 1493 "-" "Mozilla/5.0 (Linux; Android 12; Pixel 6) AppleWebKit/537.36 (KHTML, like Gecko) Chrome/114.0.0.0 Mobile Safari/537.36"
35.87.231.64 - - [16/Jul/2025:14:06:47 +0000] "GET /wp-content/uploads/2022/08/card_1-100x100.jpg HTTP/1.1" 200 2433 "-" "Mozilla/5.0 (Linux; Android 12; Pixel 6) AppleWebKit/537.36 (KHTML, like Gecko) Chrome/114.0.0.0 Mobile Safari/537.36"
35.87.231.64 - - [16/Jul/2025:14:06:47 +0000] "GET /wp-content/plugins/woocommerce/assets/js/frontend/woocommerce.min.js?ver=10.0.2 HTTP/1.1" 200 1532 "-" "Mozilla/5.0 (Linux; Android 12; Pixel 6) AppleWebKit/537.36 (KHTML, like Gecko) Chrome/114.0.0.0 Mobile Safari/537.36"
35.87.231.64 - - [16/Jul/2025:14:06:47 +0000] "GET /wp-content/uploads/2022/08/team_6-100x100.jpg HTTP/1.1" 200 2871 "-" "Mozilla/5.0 (Linux; Android 12; Pixel 6) AppleWebKit/537.36 (KHTML, like Gecko) Chrome/114.0.0.0 Mobile Safari/537.36"
35.87.231.64 - - [16/Jul/2025:14:06:47 +0000] "GET /wp-content/uploads/2022/05/default_services_3.png HTTP/1.1" 200 4070 "-" "Mozilla/5.0 (Linux; Android 12; Pixel 6) AppleWebKit/537.36 (KHTML, like Gecko) Chrome/114.0.0.0 Mobile Safari/537.36"
35.87.231.64 - - [16/Jul/2025:14:06:47 +0000] "GET /wp-content/uploads/2024/08/1000025242-100x100.jpg HTTP/1.1" 200 3209 "-" "Mozilla/5.0 (Linux; Android 12; Pixel 6) AppleWebKit/537.36 (KHTML, like Gecko) Chrome/114.0.0.0 Mobile Safari/537.36"
35.87.231.64 - - [16/Jul/2025:14:06:47 +0000] "GET /wp-content/uploads/2022/08/team_7-100x100.jpg HTTP/1.1" 200 1724 "-" "Mozilla/5.0 (Linux; Android 12; Pixel 6) AppleWebKit/537.36 (KHTML, like Gecko) Chrome/114.0.0.0 Mobile Safari/537.36"
35.87.231.64 - - [16/Jul/2025:14:06:47 +0000] "GET /wp-includes/js/jquery/jquery.min.js?ver=3.7.1 HTTP/1.1" 200 30368 "-" "Mozilla/5.0 (Linux; Android 12; Pixel 6) AppleWebKit/537.36 (KHTML, like Gecko) Chrome/114.0.0.0 Mobile Safari/537.36"
35.87.231.64 - - [16/Jul/2025:14:06:47 +0000] "GET /wp-content/uploads/2024/08/ListingsLadLogo.png HTTP/1.1" 200 63183 "-" "Mozilla/5.0 (Linux; Android 12; Pixel 6) AppleWebKit/537.36 (KHTML, like Gecko) Chrome/114.0.0.0 Mobile Safari/537.36"
35.87.231.64 - - [16/Jul/2025:14:06:47 +0000] "GET /wp-content/uploads/2024/08/ListingsLadLogo.png HTTP/1.1" 200 63183 "-" "Mozilla/5.0 (Linux; Android 12; Pixel 6) AppleWebKit/537.36 (KHTML, like Gecko) Chrome/114.0.0.0 Mobile Safari/537.36"
35.87.231.64 - - [16/Jul/2025:14:06:47 +0000] "GET /wp-content/plugins/woocommerce-gateway-stripe/build/upe-blocks.css?ver=a7aab132721a0ef865695d5cfdc746fb HTTP/1.1" 200 1594 "-" "Mozilla/5.0 (Linux; Android 12; Pixel 6) AppleWebKit/537.36 (KHTML, like Gecko) Chrome/114.0.0.0 Mobile Safari/537.36"
35.87.231.64 - - [16/Jul/2025:14:06:47 +0000] "GET /wp-content/uploads/2024/08/cropped-android-chrome-512x512-1-192x192.png HTTP/1.1" 200 62051 "-" "Mozilla/5.0 (Linux; Android 12; Pixel 6) AppleWebKit/537.36 (KHTML, like Gecko) Chrome/114.0.0.0 Mobile Safari/537.36"
35.87.231.64 - - [16/Jul/2025:14:06:47 +0000] "GET /wp-content/uploads/2024/08/Mystic-Gum-100x100.jpg HTTP/1.1" 200 19397 "-" "Mozilla/5.0 (Linux; Android 12; Pixel 6) AppleWebKit/537.36 (KHTML, like Gecko) Chrome/114.0.0.0 Mobile Safari/537.36"
35.87.231.64 - - [16/Jul/2025:14:06:47 +0000] "GET /wp-content/uploads/2022/08/category_3-2.jpg HTTP/1.1" 200 61842 "-" "Mozilla/5.0 (Linux; Android 12; Pixel 6) AppleWebKit/537.36 (KHTML, like Gecko) Chrome/114.0.0.0 Mobile Safari/537.36"
35.87.231.64 - - [16/Jul/2025:14:06:47 +0000] "GET /wp-content/uploads/2022/08/category_1.jpg HTTP/1.1" 200 79432 "-" "Mozilla/5.0 (Linux; Android 12; Pixel 6) AppleWebKit/537.36 (KHTML, like Gecko) Chrome/114.0.0.0 Mobile Safari/537.36"
35.87.231.64 - - [16/Jul/2025:14:06:47 +0000] "GET /wp-content/uploads/2022/08/team_5-100x100.jpg HTTP/1.1" 200 2327 "-" "Mozilla/5.0 (Linux; Android 12; Pixel 6) AppleWebKit/537.36 (KHTML, like Gecko) Chrome/114.0.0.0 Mobile Safari/537.36"
35.87.231.64 - - [16/Jul/2025:14:06:47 +0000] "GET /wp-includes/js/mediaelement/mediaelementplayer-legacy.min.css?ver=4.2.17 HTTP/1.1" 200 2592 "-" "Mozilla/5.0 (Linux; Android 12; Pixel 6) AppleWebKit/537.36 (KHTML, like Gecko) Chrome/114.0.0.0 Mobile Safari/537.36"
35.87.231.64 - - [16/Jul/2025:14:06:47 +0000] "GET /wp-content/plugins/contact-form-7/includes/js/index.js?ver=6.1 HTTP/1.1" 200 4265 "-" "Mozilla/5.0 (Linux; Android 12; Pixel 6) AppleWebKit/537.36 (KHTML, like Gecko) Chrome/114.0.0.0 Mobile Safari/537.36"
35.87.231.64 - - [16/Jul/2025:14:06:47 +0000] "GET /wp-includes/js/jquery/ui/core.min.js?ver=1.13.3 HTTP/1.1" 200 7106 "-" "Mozilla/5.0 (Linux; Android 12; Pixel 6) AppleWebKit/537.36 (KHTML, like Gecko) Chrome/114.0.0.0 Mobile Safari/537.36"
35.87.231.64 - - [16/Jul/2025:14:06:47 +0000] "GET /wp-content/plugins/elementor/assets/js/frontend.min.js?ver=3.30.2 HTTP/1.1" 200 10595 "-" "Mozilla/5.0 (Linux; Android 12; Pixel 6) AppleWebKit/537.36 (KHTML, like Gecko) Chrome/114.0.0.0 Mobile Safari/537.36"
35.87.231.64 - - [16/Jul/2025:14:06:47 +0000] "GET /wp-content/uploads/2024/08/ListingsLadLogo.png HTTP/1.1" 200 63183 "-" "Mozilla/5.0 (Linux; Android 12; Pixel 6) AppleWebKit/537.36 (KHTML, like Gecko) Chrome/114.0.0.0 Mobile Safari/537.36"
35.87.231.64 - - [16/Jul/2025:14:06:47 +0000] "GET /wp-content/uploads/2024/08/cropped-android-chrome-512x512-1-32x32.png HTTP/1.1" 200 2670 "-" "Mozilla/5.0 (Linux; Android 12; Pixel 6) AppleWebKit/537.36 (KHTML, like Gecko) Chrome/114.0.0.0 Mobile Safari/537.36"
35.87.231.64 - - [16/Jul/2025:14:06:47 +0000] "GET /wp-content/plugins/listivo-core/assets/css/sweetalert2.min.css?ver=11.0.12 HTTP/1.1" 200 4176 "-" "Mozilla/5.0 (Linux; Android 12; Pixel 6) AppleWebKit/537.36 (KHTML, like Gecko) Chrome/114.0.0.0 Mobile Safari/537.36"
35.87.231.64 - - [16/Jul/2025:14:06:47 +0000] "GET /wp-content/plugins/elementor/assets/css/widget-heading.min.css?ver=3.30.2 HTTP/1.1" 200 188 "-" "Mozilla/5.0 (Linux; Android 12; Pixel 6) AppleWebKit/537.36 (KHTML, like Gecko) Chrome/114.0.0.0 Mobile Safari/537.36"
35.87.231.64 - - [16/Jul/2025:14:06:47 +0000] "GET /wp-content/plugins/contact-form-7/includes/swv/js/index.js?ver=6.1 HTTP/1.1" 200 3503 "-" "Mozilla/5.0 (Linux; Android 12; Pixel 6) AppleWebKit/537.36 (KHTML, like Gecko) Chrome/114.0.0.0 Mobile Safari/537.36"
35.87.231.64 - - [16/Jul/2025:14:06:47 +0000] "GET /wp-content/plugins/elementor/assets/js/frontend-modules.min.js?ver=3.30.2 HTTP/1.1" 200 14815 "-" "Mozilla/5.0 (Linux; Android 12; Pixel 6) AppleWebKit/537.36 (KHTML, like Gecko) Chrome/114.0.0.0 Mobile Safari/537.36"
35.87.231.64 - - [16/Jul/2025:14:06:47 +0000] "GET /wp-content/uploads/2022/05/services_icon.png HTTP/1.1" 200 2290 "-" "Mozilla/5.0 (Linux; Android 12; Pixel 6) AppleWebKit/537.36 (KHTML, like Gecko) Chrome/114.0.0.0 Mobile Safari/537.36"
35.87.231.64 - - [16/Jul/2025:14:06:47 +0000] "GET /wp-content/plugins/elementor/assets/js/webpack.runtime.min.js?ver=3.30.2 HTTP/1.1" 200 2516 "-" "Mozilla/5.0 (Linux; Android 12; Pixel 6) AppleWebKit/537.36 (KHTML, like Gecko) Chrome/114.0.0.0 Mobile Safari/537.36"
35.87.231.64 - - [16/Jul/2025:14:06:47 +0000] "GET /wp-content/plugins/woocommerce/assets/client/blocks/wc-blocks.css?ver=wc-10.0.2 HTTP/1.1" 200 2575 "-" "Mozilla/5.0 (Linux; Android 12; Pixel 6) AppleWebKit/537.36 (KHTML, like Gecko) Chrome/114.0.0.0 Mobile Safari/537.36"
35.87.231.64 - - [16/Jul/2025:14:06:47 +0000] "GET /wp-content/plugins/listivo-core/framework/assets/js/lazysizes.min.js?ver=5.3.2 HTTP/1.1" 200 4077 "-" "Mozilla/5.0 (Linux; Android 12; Pixel 6) AppleWebKit/537.36 (KHTML, like Gecko) Chrome/114.0.0.0 Mobile Safari/537.36"
35.87.231.64 - - [16/Jul/2025:14:06:47 +0000] "GET /wp-content/plugins/elementor/assets/lib/font-awesome/css/regular.min.css?ver=5.15.3 HTTP/1.1" 200 308 "-" "Mozilla/5.0 (Linux; Android 12; Pixel 6) AppleWebKit/537.36 (KHTML, like Gecko) Chrome/114.0.0.0 Mobile Safari/537.36"
35.87.231.64 - - [16/Jul/2025:14:06:47 +0000] "GET /wp-content/plugins/listivo-core/framework/assets/css/dropzone.min.css?ver=6.8.2 HTTP/1.1" 200 2099 "-" "Mozilla/5.0 (Linux; Android 12; Pixel 6) AppleWebKit/537.36 (KHTML, like Gecko) Chrome/114.0.0.0 Mobile Safari/537.36"
35.87.231.64 - - [16/Jul/2025:14:06:47 +0000] "GET /wp-content/uploads/2022/08/category_3-3.jpg HTTP/1.1" 200 62681 "-" "Mozilla/5.0 (Linux; Android 12; Pixel 6) AppleWebKit/537.36 (KHTML, like Gecko) Chrome/114.0.0.0 Mobile Safari/537.36"
35.87.231.64 - - [16/Jul/2025:14:06:47 +0000] "GET /wp-content/plugins/listivo-core/assets/js/sweetalert2.min.js?ver=11.0.12 HTTP/1.1" 200 13164 "-" "Mozilla/5.0 (Linux; Android 12; Pixel 6) AppleWebKit/537.36 (KHTML, like Gecko) Chrome/114.0.0.0 Mobile Safari/537.36"
35.87.231.64 - - [16/Jul/2025:14:06:47 +0000] "GET /wp-content/plugins/elementor/assets/css/widget-spacer.min.css?ver=3.30.2 HTTP/1.1" 200 369 "-" "Mozilla/5.0 (Linux; Android 12; Pixel 6) AppleWebKit/537.36 (KHTML, like Gecko) Chrome/114.0.0.0 Mobile Safari/537.36"
35.87.231.64 - - [16/Jul/2025:14:06:47 +0000] "GET /wp-includes/js/dist/script-modules/interactivity/index.min.js?ver=55aebb6e0a16726baffb HTTP/1.1" 200 14072 "-" "Mozilla/5.0 (Linux; Android 12; Pixel 6) AppleWebKit/537.36 (KHTML, like Gecko) Chrome/114.0.0.0 Mobile Safari/537.36"
35.87.231.64 - - [16/Jul/2025:14:06:47 +0000] "GET /wp-content/plugins/litespeed-cache/assets/js/instant_click.min.js?ver=7.2 HTTP/1.1" 200 1613 "-" "Mozilla/5.0 (Linux; Android 12; Pixel 6) AppleWebKit/537.36 (KHTML, like Gecko) Chrome/114.0.0.0 Mobile Safari/537.36"
35.87.231.64 - - [16/Jul/2025:14:06:47 +0000] "GET /wp-content/plugins/elementor/assets/css/frontend.min.css?ver=3.30.2 HTTP/1.1" 200 7117 "-" "Mozilla/5.0 (Linux; Android 12; Pixel 6) AppleWebKit/537.36 (KHTML, like Gecko) Chrome/114.0.0.0 Mobile Safari/537.36"
35.87.231.64 - - [16/Jul/2025:14:06:47 +0000] "GET /wp-content/plugins/elementor/assets/lib/eicons/css/elementor-icons.min.css?ver=5.43.0 HTTP/1.1" 200 4349 "-" "Mozilla/5.0 (Linux; Android 12; Pixel 6) AppleWebKit/537.36 (KHTML, like Gecko) Chrome/114.0.0.0 Mobile Safari/537.36"
35.87.231.64 - - [16/Jul/2025:14:06:47 +0000] "GET /wp-content/plugins/elementor/assets/lib/font-awesome/css/fontawesome.min.css?ver=5.15.3 HTTP/1.1" 200 12617 "-" "Mozilla/5.0 (Linux; Android 12; Pixel 6) AppleWebKit/537.36 (KHTML, like Gecko) Chrome/114.0.0.0 Mobile Safari/537.36"
35.87.231.64 - - [16/Jul/2025:14:06:47 +0000] "GET /wp-content/plugins/elementor/assets/lib/swiper/v8/swiper.min.js?ver=8.4.5 HTTP/1.1" 200 39695 "-" "Mozilla/5.0 (Linux; Android 12; Pixel 6) AppleWebKit/537.36 (KHTML, like Gecko) Chrome/114.0.0.0 Mobile Safari/537.36"
35.87.231.64 - - [16/Jul/2025:14:06:47 +0000] "GET /wp-content/plugins/elementor/assets/lib/font-awesome/css/brands.min.css?ver=5.15.3 HTTP/1.1" 200 308 "-" "Mozilla/5.0 (Linux; Android 12; Pixel 6) AppleWebKit/537.36 (KHTML, like Gecko) Chrome/114.0.0.0 Mobile Safari/537.36"
35.87.231.64 - - [16/Jul/2025:14:06:47 +0000] "GET /wp-content/plugins/elementor/assets/lib/font-awesome/css/solid.min.css?ver=5.15.3 HTTP/1.1" 200 309 "-" "Mozilla/5.0 (Linux; Android 12; Pixel 6) AppleWebKit/537.36 (KHTML, like Gecko) Chrome/114.0.0.0 Mobile Safari/537.36"
35.87.231.64 - - [16/Jul/2025:14:06:47 +0000] "GET /wp-content/uploads/2024/08/cropped-android-chrome-512x512-1-180x180.png HTTP/1.1" 200 55507 "-" "Mozilla/5.0 (Linux; Android 12; Pixel 6) AppleWebKit/537.36 (KHTML, like Gecko) Chrome/114.0.0.0 Mobile Safari/537.36"
35.87.231.64 - - [16/Jul/2025:14:06:47 +0000] "GET /wp-content/plugins/elementor/assets/css/widget-text-editor.min.css?ver=3.30.2 HTTP/1.1" 200 276 "-" "Mozilla/5.0 (Linux; Android 12; Pixel 6) AppleWebKit/537.36 (KHTML, like Gecko) Chrome/114.0.0.0 Mobile Safari/537.36"
35.87.231.64 - - [16/Jul/2025:14:06:47 +0000] "GET /wp-content/uploads/2022/05/real_estate_icon.png HTTP/1.1" 200 2774 "-" "Mozilla/5.0 (Linux; Android 12; Pixel 6) AppleWebKit/537.36 (KHTML, like Gecko) Chrome/114.0.0.0 Mobile Safari/537.36"
35.87.231.64 - - [16/Jul/2025:14:06:47 +0000] "GET /wp-content/plugins/mailchimp-for-wp/assets/js/forms.js?ver=4.10.5 HTTP/1.1" 200 2591 "-" "Mozilla/5.0 (Linux; Android 12; Pixel 6) AppleWebKit/537.36 (KHTML, like Gecko) Chrome/114.0.0.0 Mobile Safari/537.36"
35.87.231.64 - - [16/Jul/2025:14:06:47 +0000] "GET /wp-content/uploads/elementor/google-fonts/css/redhatdisplay.css?ver=1742256846 HTTP/1.1" 200 621 "-" "Mozilla/5.0 (Linux; Android 12; Pixel 6) AppleWebKit/537.36 (KHTML, like Gecko) Chrome/114.0.0.0 Mobile Safari/537.36"
35.87.231.64 - - [16/Jul/2025:14:06:47 +0000] "GET /wp-content/uploads/elementor/google-fonts/css/lexenddeca.css?ver=1742256853 HTTP/1.1" 200 628 "-" "Mozilla/5.0 (Linux; Android 12; Pixel 6) AppleWebKit/537.36 (KHTML, like Gecko) Chrome/114.0.0.0 Mobile Safari/537.36"
35.87.231.64 - - [16/Jul/2025:14:06:47 +0000] "GET /wp-content/plugins/jetpack/jetpack_vendor/automattic/jetpack-forms/dist/modules/form/view.js?ver=14.8 HTTP/1.1" 200 2726 "-" "Mozilla/5.0 (Linux; Android 12; Pixel 6) AppleWebKit/537.36 (KHTML, like Gecko) Chrome/114.0.0.0 Mobile Safari/537.36"
35.87.231.64 - - [16/Jul/2025:14:06:47 +0000] "GET /wp-content/uploads/2022/05/pets_icon.png HTTP/1.1" 200 5915 "-" "Mozilla/5.0 (Linux; Android 12; Pixel 6) AppleWebKit/537.36 (KHTML, like Gecko) Chrome/114.0.0.0 Mobile Safari/537.36"
35.87.231.64 - - [16/Jul/2025:14:06:47 +0000] "GET /wp-content/uploads/2022/08/category_3-1.jpg HTTP/1.1" 200 102390 "-" "Mozilla/5.0 (Linux; Android 12; Pixel 6) AppleWebKit/537.36 (KHTML, like Gecko) Chrome/114.0.0.0 Mobile Safari/537.36"
35.87.231.64 - - [16/Jul/2025:14:06:47 +0000] "GET /wp-content/themes/listivo/style.css?ver=2.3.62 HTTP/1.1" 200 97389 "-" "Mozilla/5.0 (Linux; Android 12; Pixel 6) AppleWebKit/537.36 (KHTML, like Gecko) Chrome/114.0.0.0 Mobile Safari/537.36"
35.87.231.64 - - [16/Jul/2025:14:06:47 +0000] "GET /wp-content/uploads/2024/08/cropped-android-chrome-512x512-1.png HTTP/1.1" 200 322927 "-" "Mozilla/5.0 (Linux; Android 12; Pixel 6) AppleWebKit/537.36 (KHTML, like Gecko) Chrome/114.0.0.0 Mobile Safari/537.36"
35.87.231.64 - - [16/Jul/2025:14:06:47 +0000] "GET /wp-content/plugins/listivo-core/assets/js/frontend.min.js?ver=2.3.62 HTTP/1.1" 200 202169 "-" "Mozilla/5.0 (Linux; Android 12; Pixel 6) AppleWebKit/537.36 (KHTML, like Gecko) Chrome/114.0.0.0 Mobile Safari/537.36"
209.74.77.214 - - [16/Jul/2025:14:06:47 +0000] "POST /wp-cron.php?doing_wp_cron=1752674807.3790779113769531250000 HTTP/1.1" 200 - "-" "WordPress/6.8.2; https://listingslad.com"
35.87.231.64 - - [16/Jul/2025:14:06:47 +0000] "GET /xmlrpc.php?rsd HTTP/1.1" 200 303 "-" "Mozilla/5.0 (Linux; Android 12; Pixel 6) AppleWebKit/537.36 (KHTML, like Gecko) Chrome/114.0.0.0 Mobile Safari/537.36"
209.74.77.214 - - [16/Jul/2025:14:06:47 +0000] "POST /wp-cron.php?doing_wp_cron=1752674807.8198421001434326171875 HTTP/1.1" 200 - "-" "WordPress/6.8.2; https://listingslad.com"
35.87.231.64 - - [16/Jul/2025:14:06:47 +0000] "GET /xmlrpc.php HTTP/1.1" 405 60 "-" "Mozilla/5.0 (Linux; Android 12; Pixel 6) AppleWebKit/537.36 (KHTML, like Gecko) Chrome/114.0.0.0 Mobile Safari/537.36"
35.87.231.64 - - [16/Jul/2025:14:06:47 +0000] "GET / HTTP/1.1" 200 61189 "-" "Mozilla/5.0 (Linux; Android 12; Pixel 6) AppleWebKit/537.36 (KHTML, like Gecko) Chrome/114.0.0.0 Mobile Safari/537.36"
35.87.231.64 - - [16/Jul/2025:14:06:47 +0000] "GET /wp-json/oembed/1.0/embed?url=https://listingslad.com/ HTTP/1.1" 200 1083 "-" "Mozilla/5.0 (Linux; Android 12; Pixel 6) AppleWebKit/537.36 (KHTML, like Gecko) Chrome/114.0.0.0 Mobile Safari/537.36"
35.87.231.64 - - [16/Jul/2025:14:06:47 +0000] "GET /wp-json/oembed/1.0/embed?url=https://listingslad.com/&format=xml HTTP/1.1" 200 1115 "-" "Mozilla/5.0 (Linux; Android 12; Pixel 6) AppleWebKit/537.36 (KHTML, like Gecko) Chrome/114.0.0.0 Mobile Safari/537.36"
35.87.231.64 - - [16/Jul/2025:14:06:47 +0000] "GET / HTTP/1.1" 200 61189 "-" "Mozilla/5.0 (Linux; Android 12; Pixel 6) AppleWebKit/537.36 (KHTML, like Gecko) Chrome/114.0.0.0 Mobile Safari/537.36"
35.87.231.64 - - [16/Jul/2025:14:06:47 +0000] "GET /wp-json/wp/v2/pages/6567 HTTP/1.1" 200 23062 "-" "Mozilla/5.0 (Linux; Android 12; Pixel 6) AppleWebKit/537.36 (KHTML, like Gecko) Chrome/114.0.0.0 Mobile Safari/537.36"
35.87.231.64 - - [16/Jul/2025:14:06:47 +0000] "GET /wp-json/ HTTP/1.1" 200 98748 "-" "Mozilla/5.0 (Linux; Android 12; Pixel 6) AppleWebKit/537.36 (KHTML, like Gecko) Chrome/114.0.0.0 Mobile Safari/537.36"
209.74.77.214 - - [16/Jul/2025:14:17:13 +0000] "POST /wp-cron.php?doing_wp_cron=1752675433.9630770683288574218750 HTTP/1.1" 200 - "-" "WordPress/6.8.2; https://listingslad.com"
51.222.253.7 - - [16/Jul/2025:14:17:11 +0000] "GET /we-knew-it-we-had-left-the-ground/feed/ HTTP/1.1" 304 - "-" "Mozilla/5.0 (compatible; AhrefsBot/7.0; +http://ahrefs.com/robot/)"
209.74.77.214 - - [16/Jul/2025:14:47:27 +0000] "POST /wp-cron.php?doing_wp_cron=1752677247.4563798904418945312500 HTTP/1.1" 200 - "-" "WordPress/6.8.2; https://listingslad.com"
51.222.253.11 - - [16/Jul/2025:14:47:24 +0000] "GET /dont-sell-on-your-own-just-because-its-a-2/feed/ HTTP/1.1" 304 - "-" "Mozilla/5.0 (compatible; AhrefsBot/7.0; +http://ahrefs.com/robot/)"
43.130.9.111 - - [16/Jul/2025:14:49:23 +0000] "GET / HTTP/1.1" 200 61189 "http://www.listingslad.com" "Mozilla/5.0 (iPhone; CPU iPhone OS 13_2_3 like Mac OS X) AppleWebKit/605.1.15 (KHTML, like Gecko) Version/13.0.3 Mobile/15E148 Safari/604.1"
49.51.73.183 - - [16/Jul/2025:15:00:48 +0000] "GET / HTTP/1.1" 200 61187 "http://listingslad.com" "Mozilla/5.0 (iPhone; CPU iPhone OS 13_2_3 like Mac OS X) AppleWebKit/605.1.15 (KHTML, like Gecko) Version/13.0.3 Mobile/15E148 Safari/604.1"
209.74.77.214 - - [16/Jul/2025:15:13:58 +0000] "POST /wp-cron.php?doing_wp_cron=1752678838.5339410305023193359375 HTTP/1.1" 200 - "-" "WordPress/6.8.2; https://listingslad.com"
85.101.128.93 - - [16/Jul/2025:15:13:56 +0000] "POST /xmlrpc.php HTTP/1.1" 405 415 "-" "Mozilla/5.0 (Windows NT 10.0; Win64; x64) AppleWebKit/537.36 (KHTML, like Gecko) Chrome/91.0.4472.124 Safari/537.36"
209.74.77.214 - - [16/Jul/2025:15:15:06 +0000] "POST /wp-cron.php?doing_wp_cron=1752678906.2768230438232421875000 HTTP/1.1" 200 - "-" "WordPress/6.8.2; https://listingslad.com"
52.202.233.37 - - [16/Jul/2025:15:15:04 +0000] "GET /privacy-policy/ HTTP/1.1" 200 39401 "-" "Mozilla/5.0 AppleWebKit/537.36 (KHTML, like Gecko; compatible; Amazonbot/0.1; +https://developer.amazon.com/support/amazonbot) Chrome/119.0.6045.214 Safari/537.36"
209.74.77.214 - - [16/Jul/2025:15:17:39 +0000] "POST /wp-cron.php?doing_wp_cron=1752679059.9531090259552001953125 HTTP/1.1" 200 - "-" "WordPress/6.8.2; https://listingslad.com"
51.222.253.10 - - [16/Jul/2025:15:17:37 +0000] "GET /product/package-economy/feed/ HTTP/1.1" 304 - "-" "Mozilla/5.0 (compatible; AhrefsBot/7.0; +http://ahrefs.com/robot/)"
209.74.77.214 - - [16/Jul/2025:15:27:22 +0000] "POST /wp-cron.php?doing_wp_cron=1752679642.7810649871826171875000 HTTP/1.1" 200 - "-" "WordPress/6.8.2; https://listingslad.com"
209.74.77.214 - - [16/Jul/2025:15:27:22 +0000] "POST /wp-cron.php?doing_wp_cron=1752679642.7812070846557617187500 HTTP/1.1" 200 - "-" "WordPress/6.8.2; https://listingslad.com"
109.199.114.14 - - [16/Jul/2025:15:27:19 +0000] "POST /xmlrpc.php HTTP/1.1" 405 415 "-" "Mozilla/5.0 (Macintosh; Intel Mac OS X 10_10; rv:33.0) Gecko/20100101 Firefox/33.0"
220.158.234.201 - - [16/Jul/2025:15:27:21 +0000] "POST /xmlrpc.php HTTP/1.1" 405 415 "-" "Mozilla/5.0 (Windows NT 5.1; rv:40.0) Gecko/20100101 Firefox/40.0"
209.74.77.214 - - [16/Jul/2025:15:27:27 +0000] "POST /wp-cron.php?doing_wp_cron=1752679647.6575250625610351562500 HTTP/1.1" 200 - "-" "WordPress/6.8.2; https://listingslad.com"
47.98.113.20 - - [16/Jul/2025:15:27:27 +0000] "POST /xmlrpc.php HTTP/1.1" 405 415 "-" "Mozilla/5.0 (Windows NT 5.1; rv:52.0) Gecko/20100101 Firefox/52.0"
15.235.212.111 - - [16/Jul/2025:15:27:36 +0000] "POST /xmlrpc.php HTTP/1.1" 405 415 "-" "Mozilla/5.0 (Windows; U; Windows NT 5.1; en-US; rv:1.7.12) Gecko/20050915 Firefox/1.0.7"
35.203.125.158 - - [16/Jul/2025:15:27:39 +0000] "POST /xmlrpc.php HTTP/1.1" 405 415 "-" "Mozilla/5.0 (iPhone; CPU iPhone OS 14_6 like Mac OS X) AppleWebKit/605.1.15 (KHTML, like Gecko) CriOS/91.0.4472.80 Mobile/15E148 Safari/604.1"
209.74.77.214 - - [16/Jul/2025:15:27:42 +0000] "POST /wp-cron.php?doing_wp_cron=1752679662.1912748813629150390625 HTTP/1.1" 200 - "-" "WordPress/6.8.2; https://listingslad.com"
220.158.234.201 - - [16/Jul/2025:15:27:42 +0000] "POST /xmlrpc.php HTTP/1.1" 405 415 "-" "Mozilla/5.0 (Windows NT 10.0; Win64; x64; rv:63.0) Gecko/20100101 Firefox/63.0"
209.74.77.214 - - [16/Jul/2025:15:27:47 +0000] "POST /wp-cron.php?doing_wp_cron=1752679667.8192698955535888671875 HTTP/1.1" 200 - "-" "WordPress/6.8.2; https://listingslad.com"
194.233.74.18 - - [16/Jul/2025:15:27:47 +0000] "POST /xmlrpc.php HTTP/1.1" 405 415 "-" "Mozilla/5.0 (Linux; Android 10; LM-X420) AppleWebKit/537.36 (KHTML, like Gecko) Chrome/91.0.4472.114 Mobile Safari/537.36"
35.203.125.158 - - [16/Jul/2025:15:27:50 +0000] "POST /xmlrpc.php HTTP/1.1" 405 415 "-" "Mozilla/5.0 (Windows NT 6.1; WOW64; rv:54.0) Gecko/20100101 Firefox/54.0"
162.241.218.97 - - [16/Jul/2025:15:27:53 +0000] "POST /xmlrpc.php HTTP/1.1" 405 415 "-" "Mozilla/5.0 (Windows NT 10.0; Win64; x64) AppleWebKit/537.36 (KHTML, like Gecko) Chrome/61.0.3163.100 Safari/537.36"
209.74.77.214 - - [16/Jul/2025:15:28:06 +0000] "POST /wp-cron.php?doing_wp_cron=1752679686.9272069931030273437500 HTTP/1.1" 200 - "-" "WordPress/6.8.2; https://listingslad.com"
162.241.30.122 - - [16/Jul/2025:15:28:06 +0000] "POST /xmlrpc.php HTTP/1.1" 405 415 "-" "Mozilla/5.0 (Windows NT 10.0; Win64; x64) AppleWebKit/537.36 (KHTML, like Gecko) Chrome/74.0.3729.131 Safari/537.36"
209.74.77.214 - - [16/Jul/2025:15:28:14 +0000] "POST /wp-cron.php?doing_wp_cron=1752679694.5058670043945312500000 HTTP/1.1" 200 - "-" "WordPress/6.8.2; https://listingslad.com"
103.74.119.206 - - [16/Jul/2025:15:28:14 +0000] "POST /xmlrpc.php HTTP/1.1" 405 415 "-" "Mozilla/5.0 (Windows NT 10.0; Win64; x64) AppleWebKit/537.36 (KHTML, like Gecko) Chrome/72.0.3626.121 Safari/537.36"
162.241.218.97 - - [16/Jul/2025:15:28:23 +0000] "POST /xmlrpc.php HTTP/1.1" 405 415 "-" "Mozilla/5.0 (Windows NT 10.0; Win64; x64; rv:88.0) Gecko/20100101 Firefox/88.0"
209.74.77.214 - - [16/Jul/2025:15:52:08 +0000] "POST /wp-cron.php?doing_wp_cron=1752681128.2251930236816406250000 HTTP/1.1" 200 - "-" "WordPress/6.8.2; https://listingslad.com"
51.222.253.7 - - [16/Jul/2025:15:52:05 +0000] "GET /product/featured-max/feed/ HTTP/1.1" 304 - "-" "Mozilla/5.0 (compatible; AhrefsBot/7.0; +http://ahrefs.com/robot/)"
209.74.77.214 - - [16/Jul/2025:15:52:11 +0000] "GET /wp-json/jetpack/v4/sync/spawn-sync?time=1752681131&request_lock_id=1752681131.7836 HTTP/1.1" 200 37 "-" "WordPress/6.8.2; https://listingslad.com"
143.198.229.0 - - [16/Jul/2025:15:54:27 +0000] "GET /files.php HTTP/1.1" 404 65067 "https://www.google.com" "Mozilla/5.0 (Linux; Android 7.0; SM-G892A Build/NRD90M; wv) AppleWebKit/537.36 (KHTML, like Gecko) Version/4.0 Chrome/60.0.3112.107 Mobile Safari/537.36"
45.227.253.15 - - [16/Jul/2025:15:55:21 +0000] "GET /images/images/images/images/images/index.php?ARRAY=7o2230223n313735323638353032372p2231223n22687474703n5p2s5p2s7n7334393476313373752r74616368652r70726s5p2s3s6p633q7068705s636s64655s6n6326743q313735323638313432372q3965376137313062376532643963613136666631323937343737346265333562222p2232223n223861653966326136376464373765386336333139306466333636376433613962222p2233223n223934356438666134663530376639383361656238376163666666646565326364222p2262696r675s70617373223n2231392q34342q35392q36352q37352q38362q3237227q HTTP/1.1" 200 102 "-" "Mozilla/5.0 (iPhone; CPU iPhone OS 11_3 like Mac OS X) AppleWebKit/605.1.15 (KHTML, like Gecko) Version/11.0.4 Mobile/15E148 Safari/604.1"
209.74.77.214 - - [16/Jul/2025:16:09:11 +0000] "POST /wp-cron.php?doing_wp_cron=1752682151.3259708881378173828125 HTTP/1.1" 200 - "-" "WordPress/6.8.2; https://listingslad.com"
52.167.144.171 - - [16/Jul/2025:16:09:08 +0000] "GET /sitemap_index.xml HTTP/1.1" 404 65072 "-" "Mozilla/5.0 AppleWebKit/537.36 (KHTML, like Gecko; compatible; bingbot/2.0; +http://www.bing.com/bingbot.htm) Chrome/116.0.1938.76 Safari/537.36"
209.74.77.214 - - [16/Jul/2025:16:09:36 +0000] "POST /wp-cron.php?doing_wp_cron=1752682176.8967969417572021484375 HTTP/1.1" 200 - "-" "WordPress/6.8.2; https://listingslad.com"
3.94.199.128 - - [16/Jul/2025:16:09:36 +0000] "GET /ad/apple-iphone-11-pro-max/ HTTP/1.1" 200 71605 "-" "Mozilla/5.0 AppleWebKit/537.36 (KHTML, like Gecko; compatible; Amazonbot/0.1; +https://developer.amazon.com/support/amazonbot) Chrome/119.0.6045.214 Safari/537.36"
209.74.77.214 - - [16/Jul/2025:16:22:31 +0000] "POST /wp-cron.php?doing_wp_cron=1752682951.0596361160278320312500 HTTP/1.1" 200 - "-" "WordPress/6.8.2; https://listingslad.com"
51.222.253.4 - - [16/Jul/2025:16:22:28 +0000] "GET /product/package-max-2/feed/ HTTP/1.1" 304 - "-" "Mozilla/5.0 (compatible; AhrefsBot/7.0; +http://ahrefs.com/robot/)"
209.74.77.214 - - [16/Jul/2025:16:28:44 +0000] "POST /wp-cron.php?doing_wp_cron=1752683324.8733220100402832031250 HTTP/1.1" 200 - "-" "WordPress/6.8.2; https://listingslad.com"
52.167.144.181 - - [16/Jul/2025:16:28:42 +0000] "GET /ad/modern-apartment/ HTTP/1.1" 200 69214 "-" "Mozilla/5.0 AppleWebKit/537.36 (KHTML, like Gecko; compatible; bingbot/2.0; +http://www.bing.com/bingbot.htm) Chrome/116.0.1938.76 Safari/537.36"
85.208.96.211 - - [16/Jul/2025:16:30:00 +0000] "GET /robots.txt HTTP/1.1" 200 95 "-" "Mozilla/5.0 (compatible; SemrushBot/7~bl; +http://www.semrush.com/bot.html)"
209.74.77.214 - - [16/Jul/2025:16:30:04 +0000] "POST /wp-cron.php?doing_wp_cron=1752683404.0100591182708740234375 HTTP/1.1" 200 - "-" "WordPress/6.8.2; https://listingslad.com"
185.191.171.1 - - [16/Jul/2025:16:30:01 +0000] "GET /ad/playstation-2tb/ HTTP/1.1" 200 71671 "-" "Mozilla/5.0 (compatible; SemrushBot/7~bl; +http://www.semrush.com/bot.html)"
209.74.77.214 - - [16/Jul/2025:16:34:49 +0000] "POST /wp-cron.php?doing_wp_cron=1752683689.6950559616088867187500 HTTP/1.1" 200 - "-" "WordPress/6.8.2; https://listingslad.com"
207.46.13.78 - - [16/Jul/2025:16:34:47 +0000] "GET /sitemaps.xml HTTP/1.1" 301 - "-" "Mozilla/5.0 AppleWebKit/537.36 (KHTML, like Gecko; compatible; bingbot/2.0; +http://www.bing.com/bingbot.htm) Chrome/116.0.1938.76 Safari/537.36"
209.74.77.214 - - [16/Jul/2025:16:34:57 +0000] "POST /wp-cron.php?doing_wp_cron=1752683697.9631669521331787109375 HTTP/1.1" 200 - "-" "WordPress/6.8.2; https://listingslad.com"
157.55.39.15 - - [16/Jul/2025:16:34:57 +0000] "GET /sitemaps.xml HTTP/1.1" 404 65071 "-" "Mozilla/5.0 AppleWebKit/537.36 (KHTML, like Gecko; compatible; bingbot/2.0; +http://www.bing.com/bingbot.htm) Chrome/116.0.1938.76 Safari/537.36"
209.74.77.214 - - [16/Jul/2025:16:35:57 +0000] "POST /wp-cron.php?doing_wp_cron=1752683757.6665239334106445312500 HTTP/1.1" 200 - "-" "WordPress/6.8.2; https://listingslad.com"
52.167.144.216 - - [16/Jul/2025:16:35:54 +0000] "GET /product/featured-max/ HTTP/1.1" 200 55750 "-" "Mozilla/5.0 AppleWebKit/537.36 (KHTML, like Gecko; compatible; bingbot/2.0; +http://www.bing.com/bingbot.htm) Chrome/116.0.1938.76 Safari/537.36"
209.74.77.214 - - [16/Jul/2025:16:46:56 +0000] "POST /wp-cron.php?doing_wp_cron=1752684416.8252511024475097656250 HTTP/1.1" 200 - "-" "WordPress/6.8.2; https://listingslad.com"
