91.84.104.205 - - [17/Jul/2025:03:33:45 +0000] "GET /blog/?pagination=2 HTTP/1.1" 200 44941 "-" "Mozilla/5.0 (Macintosh; Intel Mac OS X 10_15_7) AppleWebKit/537.36 (KHTML, like Gecko) Chrome/133.0.0.0 Safari/537.36"
124.153.23.34 - - [17/Jul/2025:03:33:48 +0000] "POST /blog/?pagination=2 HTTP/1.1" 200 45069 "-" "Mozilla/5.0 (Macintosh; Intel Mac OS X 10_15_7) AppleWebKit/537.36 (KHTML, like Gecko) Chrome/133.0.0.0 Safari/537.36"
124.153.23.34 - - [17/Jul/2025:03:33:51 +0000] "POST /blog/?pagination=2 HTTP/1.1" 200 44890 "-" "Mozilla/5.0 (Windows NT 10.0; Win64; x64) AppleWebKit/537.36 (KHTML, like Gecko) Chrome/120.0.0.0 Safari/537.36"
209.74.77.214 - - [17/Jul/2025:03:33:53 +0000] "POST /wp-cron.php?doing_wp_cron=1752723233.1865890026092529296875 HTTP/1.1" 200 - "-" "WordPress/6.8.2; https://listingslad.com"
91.84.104.205 - - [17/Jul/2025:03:33:52 +0000] "GET /tag/baby-accessories/ HTTP/1.1" 200 44450 "-" "Mozilla/5.0 (Macintosh; Intel Mac OS X 10_15_7) AppleWebKit/537.36 (KHTML, like Gecko) Chrome/133.0.0.0 Safari/537.36"
124.153.23.34 - - [17/Jul/2025:03:33:55 +0000] "POST /tag/baby-accessories/ HTTP/1.1" 200 44579 "-" "Mozilla/5.0 (Macintosh; Intel Mac OS X 10_15_7) AppleWebKit/537.36 (KHTML, like Gecko) Chrome/133.0.0.0 Safari/537.36"
209.74.77.214 - - [17/Jul/2025:03:33:57 +0000] "POST /wp-cron.php?doing_wp_cron=1752723237.3823199272155761718750 HTTP/1.1" 200 - "-" "WordPress/6.8.2; https://listingslad.com"
124.153.23.34 - - [17/Jul/2025:03:33:57 +0000] "POST /tag/baby-accessories/ HTTP/1.1" 200 44400 "-" "Mozilla/5.0 (Windows NT 10.0; Win64; x64) AppleWebKit/537.36 (KHTML, like Gecko) Chrome/120.0.0.0 Safari/537.36"
91.84.104.205 - - [17/Jul/2025:03:33:58 +0000] "GET /tag/technology/ HTTP/1.1" 200 44198 "-" "Mozilla/5.0 (Macintosh; Intel Mac OS X 10_15_7) AppleWebKit/537.36 (KHTML, like Gecko) Chrome/133.0.0.0 Safari/537.36"
124.153.23.34 - - [17/Jul/2025:03:34:01 +0000] "POST /tag/technology/ HTTP/1.1" 200 44328 "-" "Mozilla/5.0 (Macintosh; Intel Mac OS X 10_15_7) AppleWebKit/537.36 (KHTML, like Gecko) Chrome/133.0.0.0 Safari/537.36"
124.153.23.34 - - [17/Jul/2025:03:34:04 +0000] "POST /tag/technology/ HTTP/1.1" 200 44147 "-" "Mozilla/5.0 (Windows NT 10.0; Win64; x64) AppleWebKit/537.36 (KHTML, like Gecko) Chrome/120.0.0.0 Safari/537.36"
91.84.104.205 - - [17/Jul/2025:03:34:08 +0000] "GET /contact-us/ HTTP/1.1" 200 43376 "-" "Mozilla/5.0 (Macintosh; Intel Mac OS X 10_15_7) AppleWebKit/537.36 (KHTML, like Gecko) Chrome/133.0.0.0 Safari/537.36"
209.74.77.214 - - [17/Jul/2025:03:34:11 +0000] "POST /wp-cron.php?doing_wp_cron=1752723251.6294600963592529296875 HTTP/1.1" 200 - "-" "WordPress/6.8.2; https://listingslad.com"
124.153.23.34 - - [17/Jul/2025:03:34:11 +0000] "POST /contact-us/ HTTP/1.1" 200 43477 "-" "Mozilla/5.0 (Macintosh; Intel Mac OS X 10_15_7) AppleWebKit/537.36 (KHTML, like Gecko) Chrome/133.0.0.0 Safari/537.36"
124.153.23.34 - - [17/Jul/2025:03:34:13 +0000] "POST /contact-us/ HTTP/1.1" 200 43324 "-" "Mozilla/5.0 (Windows NT 10.0; Win64; x64) AppleWebKit/537.36 (KHTML, like Gecko) Chrome/120.0.0.0 Safari/537.36"
91.84.104.205 - - [17/Jul/2025:03:34:14 +0000] "GET /login-register/ HTTP/1.1" 200 50650 "-" "Mozilla/5.0 (Macintosh; Intel Mac OS X 10_15_7) AppleWebKit/537.36 (KHTML, like Gecko) Chrome/133.0.0.0 Safari/537.36"
91.84.104.205 - - [17/Jul/2025:03:34:19 +0000] "GET /login-register/?tab=login HTTP/1.1" 200 50650 "-" "Mozilla/5.0 (Macintosh; Intel Mac OS X 10_15_7) AppleWebKit/537.36 (KHTML, like Gecko) Chrome/133.0.0.0 Safari/537.36"
91.84.104.205 - - [17/Jul/2025:03:34:21 +0000] "GET /login-register/?tab=register HTTP/1.1" 200 50652 "-" "Mozilla/5.0 (Macintosh; Intel Mac OS X 10_15_7) AppleWebKit/537.36 (KHTML, like Gecko) Chrome/133.0.0.0 Safari/537.36"
209.74.77.214 - - [17/Jul/2025:03:34:38 +0000] "POST /wp-cron.php?doing_wp_cron=1752723278.4080300331115722656250 HTTP/1.1" 200 - "-" "WordPress/6.8.2; https://listingslad.com"
43.154.140.188 - - [17/Jul/2025:03:34:38 +0000] "GET /wp-json/wp/v2/pages/6567 HTTP/1.1" 200 23062 "-" "Mozilla/5.0 (iPhone; CPU iPhone OS 13_2_3 like Mac OS X) AppleWebKit/605.1.15 (KHTML, like Gecko) Version/13.0.3 Mobile/15E148 Safari/604.1"
209.74.77.214 - - [17/Jul/2025:03:36:51 +0000] "POST /wp-cron.php?doing_wp_cron=1752723411.0827438831329345703125 HTTP/1.1" 200 - "-" "WordPress/6.8.2; https://listingslad.com"
85.208.96.196 - - [17/Jul/2025:03:36:48 +0000] "GET /ad/white-truck/ HTTP/1.1" 200 70267 "-" "Mozilla/5.0 (compatible; SemrushBot/7~bl; +http://www.semrush.com/bot.html)"
209.74.77.214 - - [17/Jul/2025:03:42:19 +0000] "POST /wp-cron.php?doing_wp_cron=1752723739.9719719886779785156250 HTTP/1.1" 200 - "-" "WordPress/6.8.2; https://listingslad.com"
43.159.145.153 - - [17/Jul/2025:03:42:17 +0000] "GET / HTTP/1.1" 200 61188 "-" "Mozilla/5.0 (iPhone; CPU iPhone OS 13_2_3 like Mac OS X) AppleWebKit/605.1.15 (KHTML, like Gecko) Version/13.0.3 Mobile/15E148 Safari/604.1"
51.222.253.13 - - [17/Jul/2025:03:56:00 +0000] "GET /wp-sitemap.xml HTTP/1.1" 200 4040 "-" "Mozilla/5.0 (compatible; AhrefsBot/7.0; +http://ahrefs.com/robot/)"
209.74.77.214 - - [17/Jul/2025:03:58:40 +0000] "POST /wp-cron.php?doing_wp_cron=1752724720.8797039985656738281250 HTTP/1.1" 200 - "-" "WordPress/6.8.2; https://listingslad.com"
209.74.77.214 - - [17/Jul/2025:03:58:33 +0000] "GET / HTTP/1.1" 200 506584 "-" "Mozilla/5.0 (Windows NT 10.0; Win64; x64; rv:122.0) Gecko/20100101 Firefox/122.0"
209.74.77.214 - - [17/Jul/2025:04:01:05 +0000] "POST /wp-cron.php?doing_wp_cron=1752724865.4080159664154052734375 HTTP/1.1" 200 - "-" "WordPress/6.8.2; https://listingslad.com"
77.238.225.146 - - [17/Jul/2025:04:01:02 +0000] "GET / HTTP/1.1" 301 - "-" "Mozilla/5.0 (Macintosh; Intel Mac OS X 10_15_7) AppleWebKit/537.36 (KHTML, like Gecko) Chrome/133.0.0.0 Safari/537.36"
209.74.77.214 - - [17/Jul/2025:04:01:05 +0000] "POST /wp-admin/admin-ajax.php?action=wp_1_wc_privacy_cleanup&nonce=f9ef179213 HTTP/1.1" 200 - "-" "WordPress/6.8.2; https://listingslad.com"
77.238.225.146 - - [17/Jul/2025:04:01:06 +0000] "GET / HTTP/1.1" 200 61189 "https://LISTINGSLAD.COM" "Mozilla/5.0 (Macintosh; Intel Mac OS X 10_15_7) AppleWebKit/537.36 (KHTML, like Gecko) Chrome/133.0.0.0 Safari/537.36"
209.74.77.214 - - [17/Jul/2025:04:01:10 +0000] "POST /wp-cron.php?doing_wp_cron=1752724870.3972320556640625000000 HTTP/1.1" 200 - "-" "WordPress/6.8.2; https://listingslad.com"
177.128.224.9 - - [17/Jul/2025:04:01:10 +0000] "POST / HTTP/1.1" 200 61315 "-" "Mozilla/5.0 (Macintosh; Intel Mac OS X 10_15_7) AppleWebKit/537.36 (KHTML, like Gecko) Chrome/133.0.0.0 Safari/537.36"
177.128.224.9 - - [17/Jul/2025:04:01:13 +0000] "POST / HTTP/1.1" 200 61135 "-" "Mozilla/5.0 (Windows NT 10.0; Win64; x64) AppleWebKit/537.36 (KHTML, like Gecko) Chrome/120.0.0.0 Safari/537.36"
77.238.225.146 - - [17/Jul/2025:04:01:18 +0000] "GET /panel/create/ HTTP/1.1" 200 62732 "-" "Mozilla/5.0 (Macintosh; Intel Mac OS X 10_15_7) AppleWebKit/537.36 (KHTML, like Gecko) Chrome/133.0.0.0 Safari/537.36"
77.238.225.146 - - [17/Jul/2025:04:01:22 +0000] "GET /blog/ HTTP/1.1" 200 45243 "-" "Mozilla/5.0 (Macintosh; Intel Mac OS X 10_15_7) AppleWebKit/537.36 (KHTML, like Gecko) Chrome/133.0.0.0 Safari/537.36"
177.128.224.9 - - [17/Jul/2025:04:01:25 +0000] "POST /blog/ HTTP/1.1" 200 45368 "-" "Mozilla/5.0 (Macintosh; Intel Mac OS X 10_15_7) AppleWebKit/537.36 (KHTML, like Gecko) Chrome/133.0.0.0 Safari/537.36"
177.128.224.9 - - [17/Jul/2025:04:01:28 +0000] "POST /blog/ HTTP/1.1" 200 45193 "-" "Mozilla/5.0 (Windows NT 10.0; Win64; x64) AppleWebKit/537.36 (KHTML, like Gecko) Chrome/120.0.0.0 Safari/537.36"
77.238.225.146 - - [17/Jul/2025:04:01:30 +0000] "GET /we-knew-it-we-had-left-the-ground/ HTTP/1.1" 200 50402 "-" "Mozilla/5.0 (Macintosh; Intel Mac OS X 10_15_7) AppleWebKit/537.36 (KHTML, like Gecko) Chrome/133.0.0.0 Safari/537.36"
177.128.224.9 - - [17/Jul/2025:04:01:34 +0000] "POST /wp-comments-post.php HTTP/1.1" 200 1106 "-" "Mozilla/5.0 (Macintosh; Intel Mac OS X 10_15_7) AppleWebKit/537.36 (KHTML, like Gecko) Chrome/133.0.0.0 Safari/537.36"
177.128.224.9 - - [17/Jul/2025:04:01:36 +0000] "POST /wp-comments-post.php HTTP/1.1" 200 - "-" "Mozilla/5.0 (Windows NT 10.0; Win64; x64) AppleWebKit/537.36 (KHTML, like Gecko) Chrome/120.0.0.0 Safari/537.36"
177.128.224.9 - - [17/Jul/2025:04:01:39 +0000] "POST /we-knew-it-we-had-left-the-ground/ HTTP/1.1" 200 50525 "-" "Mozilla/5.0 (Macintosh; Intel Mac OS X 10_15_7) AppleWebKit/537.36 (KHTML, like Gecko) Chrome/133.0.0.0 Safari/537.36"
177.128.224.9 - - [17/Jul/2025:04:01:42 +0000] "POST /we-knew-it-we-had-left-the-ground/ HTTP/1.1" 200 50347 "-" "Mozilla/5.0 (Windows NT 10.0; Win64; x64) AppleWebKit/537.36 (KHTML, like Gecko) Chrome/120.0.0.0 Safari/537.36"
77.238.225.146 - - [17/Jul/2025:04:01:44 +0000] "GET /blog/?pagination=1 HTTP/1.1" 200 45244 "-" "Mozilla/5.0 (Macintosh; Intel Mac OS X 10_15_7) AppleWebKit/537.36 (KHTML, like Gecko) Chrome/133.0.0.0 Safari/537.36"
177.128.224.9 - - [17/Jul/2025:04:01:50 +0000] "POST /blog/?pagination=1 HTTP/1.1" 200 45369 "-" "Mozilla/5.0 (Macintosh; Intel Mac OS X 10_15_7) AppleWebKit/537.36 (KHTML, like Gecko) Chrome/133.0.0.0 Safari/537.36"
177.128.224.9 - - [17/Jul/2025:04:01:53 +0000] "POST /blog/?pagination=1 HTTP/1.1" 200 45193 "-" "Mozilla/5.0 (Windows NT 10.0; Win64; x64) AppleWebKit/537.36 (KHTML, like Gecko) Chrome/120.0.0.0 Safari/537.36"
77.238.225.146 - - [17/Jul/2025:04:01:56 +0000] "GET /blog/?pagination=2 HTTP/1.1" 200 44941 "-" "Mozilla/5.0 (Macintosh; Intel Mac OS X 10_15_7) AppleWebKit/537.36 (KHTML, like Gecko) Chrome/133.0.0.0 Safari/537.36"
177.128.224.9 - - [17/Jul/2025:04:02:00 +0000] "POST /blog/?pagination=2 HTTP/1.1" 200 45065 "-" "Mozilla/5.0 (Macintosh; Intel Mac OS X 10_15_7) AppleWebKit/537.36 (KHTML, like Gecko) Chrome/133.0.0.0 Safari/537.36"
177.128.224.9 - - [17/Jul/2025:04:02:03 +0000] "POST /blog/?pagination=2 HTTP/1.1" 200 44891 "-" "Mozilla/5.0 (Windows NT 10.0; Win64; x64) AppleWebKit/537.36 (KHTML, like Gecko) Chrome/120.0.0.0 Safari/537.36"
77.238.225.146 - - [17/Jul/2025:04:02:06 +0000] "GET /tag/baby-accessories/ HTTP/1.1" 200 44450 "-" "Mozilla/5.0 (Macintosh; Intel Mac OS X 10_15_7) AppleWebKit/537.36 (KHTML, like Gecko) Chrome/133.0.0.0 Safari/537.36"
177.128.224.9 - - [17/Jul/2025:04:02:08 +0000] "POST /tag/baby-accessories/ HTTP/1.1" 200 44576 "-" "Mozilla/5.0 (Macintosh; Intel Mac OS X 10_15_7) AppleWebKit/537.36 (KHTML, like Gecko) Chrome/133.0.0.0 Safari/537.36"
209.74.77.214 - - [17/Jul/2025:04:02:12 +0000] "POST /wp-cron.php?doing_wp_cron=1752724932.4030148983001708984375 HTTP/1.1" 200 - "-" "WordPress/6.8.2; https://listingslad.com"
177.128.224.9 - - [17/Jul/2025:04:02:11 +0000] "POST /tag/baby-accessories/ HTTP/1.1" 200 44400 "-" "Mozilla/5.0 (Windows NT 10.0; Win64; x64) AppleWebKit/537.36 (KHTML, like Gecko) Chrome/120.0.0.0 Safari/537.36"
77.238.225.146 - - [17/Jul/2025:04:02:13 +0000] "GET /tag/technology/ HTTP/1.1" 200 44198 "-" "Mozilla/5.0 (Macintosh; Intel Mac OS X 10_15_7) AppleWebKit/537.36 (KHTML, like Gecko) Chrome/133.0.0.0 Safari/537.36"
177.128.224.9 - - [17/Jul/2025:04:02:16 +0000] "POST /tag/technology/ HTTP/1.1" 200 44323 "-" "Mozilla/5.0 (Macintosh; Intel Mac OS X 10_15_7) AppleWebKit/537.36 (KHTML, like Gecko) Chrome/133.0.0.0 Safari/537.36"
177.128.224.9 - - [17/Jul/2025:04:02:20 +0000] "POST /tag/technology/ HTTP/1.1" 200 44147 "-" "Mozilla/5.0 (Windows NT 10.0; Win64; x64) AppleWebKit/537.36 (KHTML, like Gecko) Chrome/120.0.0.0 Safari/537.36"
77.238.225.146 - - [17/Jul/2025:04:02:24 +0000] "GET /contact-us/ HTTP/1.1" 200 43376 "-" "Mozilla/5.0 (Macintosh; Intel Mac OS X 10_15_7) AppleWebKit/537.36 (KHTML, like Gecko) Chrome/133.0.0.0 Safari/537.36"
209.74.77.214 - - [17/Jul/2025:04:02:29 +0000] "POST /wp-cron.php?doing_wp_cron=1752724949.0554559230804443359375 HTTP/1.1" 200 - "-" "WordPress/6.8.2; https://listingslad.com"
177.128.224.9 - - [17/Jul/2025:04:02:28 +0000] "POST /contact-us/ HTTP/1.1" 200 43479 "-" "Mozilla/5.0 (Macintosh; Intel Mac OS X 10_15_7) AppleWebKit/537.36 (KHTML, like Gecko) Chrome/133.0.0.0 Safari/537.36"
177.128.224.9 - - [17/Jul/2025:04:02:32 +0000] "POST /contact-us/ HTTP/1.1" 200 43324 "-" "Mozilla/5.0 (Windows NT 10.0; Win64; x64) AppleWebKit/537.36 (KHTML, like Gecko) Chrome/120.0.0.0 Safari/537.36"
77.238.225.146 - - [17/Jul/2025:04:02:34 +0000] "GET /login-register/ HTTP/1.1" 200 50650 "-" "Mozilla/5.0 (Macintosh; Intel Mac OS X 10_15_7) AppleWebKit/537.36 (KHTML, like Gecko) Chrome/133.0.0.0 Safari/537.36"
77.238.225.146 - - [17/Jul/2025:04:02:35 +0000] "GET /login-register/?tab=login HTTP/1.1" 200 50650 "-" "Mozilla/5.0 (Macintosh; Intel Mac OS X 10_15_7) AppleWebKit/537.36 (KHTML, like Gecko) Chrome/133.0.0.0 Safari/537.36"
77.238.225.146 - - [17/Jul/2025:04:02:38 +0000] "GET /login-register/?tab=register HTTP/1.1" 200 50652 "-" "Mozilla/5.0 (Macintosh; Intel Mac OS X 10_15_7) AppleWebKit/537.36 (KHTML, like Gecko) Chrome/133.0.0.0 Safari/537.36"
5.133.192.175 - - [17/Jul/2025:04:04:50 +0000] "GET / HTTP/1.1" 200 61189 "http://listingslad.com/" "Mozilla/5.0 (Linux; Android 14; SM-S901B) AppleWebKit/537.36 (KHTML, like Gecko) Chrome/120.0.6099.280 Mobile Safari/537.36 OPR/80.4.4244.7786"
209.74.77.214 - - [17/Jul/2025:04:16:04 +0000] "POST /wp-cron.php?doing_wp_cron=1752725764.5180408954620361328125 HTTP/1.1" 200 - "-" "WordPress/6.8.2; https://listingslad.com"
220.250.10.122 - - [17/Jul/2025:04:16:01 +0000] "GET /favicon.ico HTTP/1.1" 302 - "-" "Mozilla/5.082584686 Mozilla/5.0 (iPhone; CPU iPhone OS 11_4_1 like Mac OS X) AppleWebKit/605.1.15 (KHTML, like Gecko) Version/11.0 Mobile/15E148 Safari/604.1"
220.250.10.122 - - [17/Jul/2025:04:16:04 +0000] "GET /wp-content/uploads/2024/08/cropped-android-chrome-512x512-1-32x32.png HTTP/1.1" 200 2670 "-" "Mozilla/5.082584686 Mozilla/5.0 (iPhone; CPU iPhone OS 11_4_1 like Mac OS X) AppleWebKit/605.1.15 (KHTML, like Gecko) Version/11.0 Mobile/15E148 Safari/604.1"
175.30.48.36 - - [17/Jul/2025:04:16:05 +0000] "GET / HTTP/1.1" 200 61189 "-" "Mozilla/5.084743666 Mozilla/5.0 (Windows NT 10.0; Win64; x64) AppleWebKit/537.36 (KHTML, like Gecko) Chrome/64.0.3282.140 Safari/537.36 Edge/17.17134"
185.241.208.99 - - [17/Jul/2025:04:21:34 +0000] "GET / HTTP/1.1" 200 506584 "-" "Mozlila/5.0 (Linux; Android 7.0; SM-G892A Bulid/NRD90M; wv) AppleWebKit/537.36 (KHTML, like Gecko) Version/4.0 Chrome/60.0.3112.107 Moblie Safari/537.36"
185.241.208.99 - - [17/Jul/2025:04:21:36 +0000] "GET /wp-content/plugins/apikey/apikey.php?test=hello HTTP/1.1" 404 325601 "-" "Mozlila/5.0 (Linux; Android 7.0; SM-G892A Bulid/NRD90M; wv) AppleWebKit/537.36 (KHTML, like Gecko) Version/4.0 Chrome/60.0.3112.107 Moblie Safari/537.36"
185.241.208.99 - - [17/Jul/2025:04:21:36 +0000] "GET /wp-content/themes/seotheme/db.php?u HTTP/1.1" 404 325589 "www.google.com" "Mozlila/5.0 (Linux; Android 7.0; SM-G892A Bulid/NRD90M; wv) AppleWebKit/537.36 (KHTML, like Gecko) Version/4.0 Chrome/60.0.3112.107 Moblie Safari/537.36"
185.241.208.99 - - [17/Jul/2025:04:21:37 +0000] "GET /plugins/content/apismtp/apismtp.php?test=hello HTTP/1.1" 404 325600 "-" "Mozlila/5.0 (Linux; Android 7.0; SM-G892A Bulid/NRD90M; wv) AppleWebKit/537.36 (KHTML, like Gecko) Version/4.0 Chrome/60.0.3112.107 Moblie Safari/537.36"
185.241.208.99 - - [17/Jul/2025:04:21:37 +0000] "POST /wp-plain.php HTTP/1.1" 404 325557 "www.google.com" "Mozilla/5.0 (Linux; Android 7.0; SM-G892A Bulid/NRD90M; wv) AppleWebKit/537.36 (KHTML, like Gecko) Version/4.0 Chrome/60.0.3112.107 Moblie Safari/537.36"
185.241.208.99 - - [17/Jul/2025:04:21:38 +0000] "GET /wp-content/plugins/apikey/apikey.php.suspected?test=hello HTTP/1.1" 404 325611 "-" "Mozlila/5.0 (Linux; Android 7.0; SM-G892A Bulid/NRD90M; wv) AppleWebKit/537.36 (KHTML, like Gecko) Version/4.0 Chrome/60.0.3112.107 Moblie Safari/537.36"
185.241.208.99 - - [17/Jul/2025:04:21:38 +0000] "GET /vhswzqit.php?Fox=d3wL7 HTTP/1.1" 404 325567 "www.google.com" "Mozilla/5.0 (Linux; Android 7.0; SM-G892A Bulid/NRD90M; wv) AppleWebKit/537.36 (KHTML, like Gecko) Version/4.0 Chrome/60.0.3112.107 Moblie Safari/537.36"
209.74.77.214 - - [17/Jul/2025:04:21:56 +0000] "POST /wp-cron.php?doing_wp_cron=1752726116.8783199787139892578125 HTTP/1.1" 200 - "-" "WordPress/6.8.2; https://listingslad.com"
198.46.234.28 - - [17/Jul/2025:04:21:56 +0000] "POST /index.php/wp-json/litespeed/v1/cdn_status HTTP/1.1" 404 117 "https://listingslad.com/wp-admin/update.php?action=upload-plugin" "Mozilla/5.0 (Windows NT 10.0; Win64; x64; rv:128.0) Gecko/20100101 Firefox/128.0"
85.208.96.200 - - [17/Jul/2025:04:36:43 +0000] "GET /robots.txt HTTP/1.1" 200 95 "-" "Mozilla/5.0 (compatible; SemrushBot/7~bl; +http://www.semrush.com/bot.html)"
209.74.77.214 - - [17/Jul/2025:04:36:45 +0000] "POST /wp-cron.php?doing_wp_cron=1752727005.5389809608459472656250 HTTP/1.1" 200 - "-" "WordPress/6.8.2; https://listingslad.com"
85.208.96.196 - - [17/Jul/2025:04:36:43 +0000] "GET /dont-sell-on-your-own-just-because-its-a-3/ HTTP/1.1" 200 50511 "-" "Mozilla/5.0 (compatible; SemrushBot/7~bl; +http://www.semrush.com/bot.html)"
45.227.253.15 - - [17/Jul/2025:05:00:39 +0000] "GET /wp-includes/blocks/template-part/template-part/index.php?ARRAY=7o2230223n313735323733323134362p2231223n22687474703n5p2s5p2s7n7334393476313373752r74616368652r70726s5p2s3s6p633q78696164616r5s72616r645s7061746826743q313735323732383534362q3061626139386563333230306163306431366237363038653864306639316361222p2232223n223766326461373230376639363239386436386265363835653438613865333234222p2233223n226434626232353337323331663838336165383538363561663665363532323133222p2262696r675s70617373223n2232342q35302q35312q36392q38302q38312q3138227q HTTP/1.1" 200 467 "-" "Mozilla/5.0 (Windows NT 6.2; WOW64; rv:73.0) Gecko/20100101 Firefox/73.0"