51.222.253.4 - - [14/Jul/2025:16:22:55 +0000] "GET /wp-content/uploads/2018/09/demetrius-washington-670050-unsplash-1-scaled-600x360.jpg HTTP/1.1" 200 22852 "-" "Mozilla/5.0 (compatible; AhrefsBot/7.0; +http://ahrefs.com/robot/)"
51.222.253.3 - - [14/Jul/2025:16:22:56 +0000] "GET /wp-content/uploads/2018/09/victor-freitas-546919-unsplash-1-600x360.jpg HTTP/1.1" 200 47886 "-" "Mozilla/5.0 (compatible; AhrefsBot/7.0; +http://ahrefs.com/robot/)"
66.249.73.164 - - [14/Jul/2025:16:22:59 +0000] "POST /get-message-notify HTTP/1.1" 200 40036 "https://muzza.fit/search?category=1025&search_word=" "Mozilla/5.0 (Linux; Android 6.0.1; Nexus 5X Build/MMB29P) AppleWebKit/537.36 (KHTML, like Gecko) Chrome/137.0.7151.119 Mobile Safari/537.36 (compatible; Googlebot/2.1; +http://www.google.com/bot.html)"
209.74.77.214 - - [14/Jul/2025:16:25:53 +0000] "POST /wp-cron.php?doing_wp_cron=1752510353.2895340919494628906250 HTTP/1.1" 200 - "-" "WordPress/6.8.1; https://muzza.fit"
209.74.77.214 - - [14/Jul/2025:16:25:53 +0000] "POST /wp-cron.php?doing_wp_cron=1752510353.2896881103515625000000 HTTP/1.1" 200 - "-" "WordPress/6.8.1; https://muzza.fit"
51.222.253.1 - - [14/Jul/2025:16:25:51 +0000] "GET /elements/slider-revolution/ HTTP/1.1" 200 29477 "-" "Mozilla/5.0 (compatible; AhrefsBot/7.0; +http://ahrefs.com/robot/)"
152.53.17.93 - - [14/Jul/2025:16:25:52 +0000] "GET /main-home/showcase-blocks/ HTTP/1.1" 200 29157 "-" "Mozilla/5.0 (Windows NT 10.0; Win64; x64) AppleWebKit/537.36 (KHTML, like Gecko) Chrome/100.0.5662.136 Safari/537.36"
209.74.77.214 - - [14/Jul/2025:16:29:32 +0000] "POST /wp-cron.php?doing_wp_cron=1752510572.1164889335632324218750 HTTP/1.1" 200 - "-" "WordPress/6.8.1; https://muzza.fit"
51.222.253.9 - - [14/Jul/2025:16:29:30 +0000] "GET /elements/process/ HTTP/1.1" 200 27458 "-" "Mozilla/5.0 (compatible; AhrefsBot/7.0; +http://ahrefs.com/robot/)"
209.74.77.214 - - [14/Jul/2025:16:33:14 +0000] "POST /wp-cron.php?doing_wp_cron=1752510794.8746409416198730468750 HTTP/1.1" 200 - "-" "WordPress/6.8.1; https://muzza.fit"
51.222.253.7 - - [14/Jul/2025:16:33:12 +0000] "GET /programs/gallery-wide/ HTTP/1.1" 200 28622 "-" "Mozilla/5.0 (compatible; AhrefsBot/7.0; +http://ahrefs.com/robot/)"
209.74.77.214 - - [14/Jul/2025:16:36:08 +0000] "POST /wp-cron.php?doing_wp_cron=1752510968.3151550292968750000000 HTTP/1.1" 200 - "-" "WordPress/6.8.1; https://muzza.fit"
152.53.85.212 - - [14/Jul/2025:16:36:06 +0000] "GET /pages/meet-the-team/joey-demaio/ HTTP/1.1" 200 27187 "-" "Mozilla/5.0 (Windows NT 10.0; Win64; x64) AppleWebKit/537.36 (KHTML, like Gecko) Chrome/100.0.3358.532 Safari/537.36"
209.74.77.214 - - [14/Jul/2025:16:36:47 +0000] "POST /wp-cron.php?doing_wp_cron=1752511007.6239430904388427734375 HTTP/1.1" 200 - "-" "WordPress/6.8.1; https://muzza.fit"
51.222.253.8 - - [14/Jul/2025:16:36:45 +0000] "GET /category/photo/feed/ HTTP/1.1" 200 125 "-" "Mozilla/5.0 (compatible; AhrefsBot/7.0; +http://ahrefs.com/robot/)"
44.214.19.8 - - [14/Jul/2025:16:38:22 +0000] "GET /robots.txt HTTP/1.1" 200 113 "-" "Mozilla/5.0 AppleWebKit/537.36 (KHTML, like Gecko; compatible; Amazonbot/0.1; +https://developer.amazon.com/support/amazonbot) Chrome/119.0.6045.214 Safari/537.36"
209.74.77.214 - - [14/Jul/2025:16:38:24 +0000] "POST /wp-cron.php?doing_wp_cron=1752511104.9093909263610839843750 HTTP/1.1" 200 - "-" "WordPress/6.8.1; https://muzza.fit"
98.83.72.38 - - [14/Jul/2025:16:38:22 +0000] "GET /shop-2/shop-metro-wide/ HTTP/1.1" 200 31327 "-" "Mozilla/5.0 AppleWebKit/537.36 (KHTML, like Gecko; compatible; Amazonbot/0.1; +https://developer.amazon.com/support/amazonbot) Chrome/119.0.6045.214 Safari/537.36"
209.74.77.214 - - [14/Jul/2025:16:40:46 +0000] "POST /wp-cron.php?doing_wp_cron=1752511246.4412090778350830078125 HTTP/1.1" 200 - "-" "WordPress/6.8.1; https://muzza.fit"
152.53.85.206 - - [14/Jul/2025:16:40:44 +0000] "GET /videos/videos-4-columns-wide/ HTTP/1.1" 200 28465 "-" "Mozilla/5.0 (Windows NT 10.0; Win64; x64) AppleWebKit/537.36 (KHTML, like Gecko) Chrome/100.0.2389.924 Safari/537.36"
51.222.253.17 - - [14/Jul/2025:16:40:50 +0000] "GET /elements/video-opener/ HTTP/1.1" 200 26812 "-" "Mozilla/5.0 (compatible; AhrefsBot/7.0; +http://ahrefs.com/robot/)"
209.74.77.214 - - [14/Jul/2025:16:47:23 +0000] "POST /wp-cron.php?doing_wp_cron=1752511643.1610391139984130859375 HTTP/1.1" 200 - "-" "WordPress/6.8.1; https://muzza.fit"
51.222.253.12 - - [14/Jul/2025:16:47:20 +0000] "GET /shop-2/shop-3-columns/page/2/ HTTP/1.1" 200 29984 "-" "Mozilla/5.0 (compatible; AhrefsBot/7.0; +http://ahrefs.com/robot/)"
209.74.77.214 - - [14/Jul/2025:16:50:32 +0000] "POST /wp-cron.php?doing_wp_cron=1752511832.7842609882354736328125 HTTP/1.1" 200 - "-" "WordPress/6.8.1; https://muzza.fit"
51.222.253.4 - - [14/Jul/2025:16:50:30 +0000] "GET /content-block-category/footer/ HTTP/1.1" 200 26502 "-" "Mozilla/5.0 (compatible; AhrefsBot/7.0; +http://ahrefs.com/robot/)"
209.74.77.214 - - [14/Jul/2025:16:54:46 +0000] "POST /wp-cron.php?doing_wp_cron=1752512086.7479019165039062500000 HTTP/1.1" 200 - "-" "WordPress/6.8.1; https://muzza.fit"
51.222.253.4 - - [14/Jul/2025:16:54:44 +0000] "GET /content-block-category/header/ HTTP/1.1" 200 26506 "-" "Mozilla/5.0 (compatible; AhrefsBot/7.0; +http://ahrefs.com/robot/)"
66.249.73.163 - - [14/Jul/2025:16:57:46 +0000] "POST /get-message-notify HTTP/1.1" 200 40068 "https://muzza.fit/search?category=1101&search_word=" "Mozilla/5.0 (Linux; Android 6.0.1; Nexus 5X Build/MMB29P) AppleWebKit/537.36 (KHTML, like Gecko) Chrome/137.0.7151.119 Mobile Safari/537.36 (compatible; Googlebot/2.1; +http://www.google.com/bot.html)"
209.74.77.214 - - [14/Jul/2025:16:58:26 +0000] "POST /wp-cron.php?doing_wp_cron=1752512306.7709870338439941406250 HTTP/1.1" 200 - "-" "WordPress/6.8.1; https://muzza.fit"
51.222.253.13 - - [14/Jul/2025:16:58:24 +0000] "GET /programs/masonry/ HTTP/1.1" 200 29363 "-" "Mozilla/5.0 (compatible; AhrefsBot/7.0; +http://ahrefs.com/robot/)"
209.74.77.214 - - [14/Jul/2025:16:59:57 +0000] "POST /wp-cron.php?doing_wp_cron=1752512397.4380888938903808593750 HTTP/1.1" 200 - "-" "WordPress/6.8.1; https://muzza.fit"
188.68.36.177 - - [14/Jul/2025:16:59:55 +0000] "GET /2018/07/ HTTP/1.1" 200 29826 "-" "Mozilla/5.0 (Windows NT 10.0; Win64; x64) AppleWebKit/537.36 (KHTML, like Gecko) Chrome/100.0.5651.716 Safari/537.36"
209.74.77.214 - - [14/Jul/2025:17:01:16 +0000] "POST /wp-cron.php?doing_wp_cron=1752512476.2372159957885742187500 HTTP/1.1" 200 - "-" "WordPress/6.8.1; https://muzza.fit"
51.222.253.9 - - [14/Jul/2025:17:01:14 +0000] "GET /elements/banner/ HTTP/1.1" 200 26934 "-" "Mozilla/5.0 (compatible; AhrefsBot/7.0; +http://ahrefs.com/robot/)"
209.74.77.214 - - [14/Jul/2025:17:05:03 +0000] "POST /wp-cron.php?doing_wp_cron=1752512703.5014140605926513671875 HTTP/1.1" 200 - "-" "WordPress/6.8.1; https://muzza.fit"
51.222.253.4 - - [14/Jul/2025:17:04:59 +0000] "GET /cart/ HTTP/1.1" 200 67277 "-" "Mozilla/5.0 (compatible; AhrefsBot/7.0; +http://ahrefs.com/robot/)"
209.74.77.214 - - [14/Jul/2025:17:08:48 +0000] "POST /wp-cron.php?doing_wp_cron=1752512928.6037158966064453125000 HTTP/1.1" 200 - "-" "WordPress/6.8.1; https://muzza.fit"
51.222.253.14 - - [14/Jul/2025:17:08:46 +0000] "GET /programs/ HTTP/1.1" 200 26485 "-" "Mozilla/5.0 (compatible; AhrefsBot/7.0; +http://ahrefs.com/robot/)"
209.74.77.214 - - [14/Jul/2025:17:11:42 +0000] "POST /wp-cron.php?doing_wp_cron=1752513102.1764669418334960937500 HTTP/1.1" 200 - "-" "WordPress/6.8.1; https://muzza.fit"
64.227.141.213 - - [14/Jul/2025:17:11:39 +0000] "POST /xmlrpc.php HTTP/1.1" 200 911 "-" "Mozilla/5.0 (Windows NT 10.0; Win64; x64) AppleWebKit/537.36 (KHTML, like Gecko) Chrome/84.0.4147.105 Safari/537.36"
119.8.51.11 - - [14/Jul/2025:17:11:52 +0000] "POST /xmlrpc.php HTTP/1.1" 200 911 "-" "Mozilla/5.0 (Windows NT 10.0; Win64; x64) AppleWebKit/537.36 (KHTML, like Gecko) Chrome/84.0.4147.135 Safari/537.36"
209.74.77.214 - - [14/Jul/2025:17:12:12 +0000] "POST /wp-cron.php?doing_wp_cron=1752513132.0260729789733886718750 HTTP/1.1" 200 - "-" "WordPress/6.8.1; https://muzza.fit"
51.38.48.220 - - [14/Jul/2025:17:12:11 +0000] "POST /xmlrpc.php HTTP/1.1" 200 911 "-" "Mozilla/5.0 (Windows NT 6.1; WOW64; rv:40.0) Gecko/20100101 Firefox/40.1"
209.74.77.214 - - [14/Jul/2025:17:12:25 +0000] "POST /wp-cron.php?doing_wp_cron=1752513145.9336218833923339843750 HTTP/1.1" 200 - "-" "WordPress/6.8.1; https://muzza.fit"
198.54.114.26 - - [14/Jul/2025:17:12:25 +0000] "POST /xmlrpc.php HTTP/1.1" 200 911 "-" "Mozilla/5.0 (Windows NT 10.0; Win64; x64) AppleWebKit/537.36 (KHTML, like Gecko) Chrome/64.0.3282.186 Safari/537.36"
120.55.63.243 - - [14/Jul/2025:17:12:47 +0000] "POST /xmlrpc.php HTTP/1.1" 200 911 "-" "Mozilla/5.0 (Windows NT 10.0; Win64; x64; rv:79.0) Gecko/20100101 Firefox/79.0"
209.74.77.214 - - [14/Jul/2025:17:14:42 +0000] "POST /wp-cron.php?doing_wp_cron=1752513282.3998579978942871093750 HTTP/1.1" 200 - "-" "WordPress/6.8.1; https://muzza.fit"
51.222.253.11 - - [14/Jul/2025:17:14:40 +0000] "GET /shop-2/my-account/lost-password/ HTTP/1.1" 200 26584 "-" "Mozilla/5.0 (compatible; AhrefsBot/7.0; +http://ahrefs.com/robot/)"
209.74.77.214 - - [14/Jul/2025:17:16:59 +0000] "POST /wp-cron.php?doing_wp_cron=1752513419.6619350910186767578125 HTTP/1.1" 200 - "-" "WordPress/6.8.1; https://muzza.fit"
185.216.177.23 - - [14/Jul/2025:17:16:57 +0000] "GET /our-services/ HTTP/1.1" 200 32646 "-" "Mozilla/5.0 (Windows NT 10.0; Win64; x64) AppleWebKit/537.36 (KHTML, like Gecko) Chrome/100.0.9180.628 Safari/537.36"
209.74.77.214 - - [14/Jul/2025:17:19:32 +0000] "POST /wp-cron.php?doing_wp_cron=1752513572.8212909698486328125000 HTTP/1.1" 200 - "-" "WordPress/6.8.1; https://muzza.fit"
152.53.85.206 - - [14/Jul/2025:17:19:30 +0000] "GET /pages/our-process/ HTTP/1.1" 200 28382 "-" "Mozilla/5.0 (Windows NT 10.0; Win64; x64) AppleWebKit/537.36 (KHTML, like Gecko) Chrome/100.0.1928.559 Safari/537.36"
209.74.77.214 - - [14/Jul/2025:17:21:40 +0000] "POST /wp-cron.php?doing_wp_cron=1752513700.7950129508972167968750 HTTP/1.1" 200 - "-" "WordPress/6.8.1; https://muzza.fit"
51.222.253.8 - - [14/Jul/2025:17:21:38 +0000] "GET /videos/videos-2-columns/ HTTP/1.1" 200 28523 "-" "Mozilla/5.0 (compatible; AhrefsBot/7.0; +http://ahrefs.com/robot/)"
209.74.77.214 - - [14/Jul/2025:17:22:36 +0000] "POST /wp-cron.php?doing_wp_cron=1752513756.7556779384613037109375 HTTP/1.1" 200 - "-" "WordPress/6.8.1; https://muzza.fit"
34.234.197.175 - - [14/Jul/2025:17:22:34 +0000] "GET /2017/02/the-duck-and-the-owl/ HTTP/1.1" 200 30927 "-" "Mozilla/5.0 AppleWebKit/537.36 (KHTML, like Gecko; compatible; Amazonbot/0.1; +https://developer.amazon.com/support/amazonbot) Chrome/119.0.6045.214 Safari/537.36"
23.21.204.95 - - [14/Jul/2025:17:22:38 +0000] "GET /video/arnold-schwarzenegger-bodybuilding-training-motivation/ HTTP/1.1" 200 28804 "-" "Mozilla/5.0 AppleWebKit/537.36 (KHTML, like Gecko; compatible; Amazonbot/0.1; +https://developer.amazon.com/support/amazonbot) Chrome/119.0.6045.214 Safari/537.36"
209.74.77.214 - - [14/Jul/2025:17:25:05 +0000] "POST /wp-cron.php?doing_wp_cron=1752513905.4098188877105712890625 HTTP/1.1" 200 - "-" "WordPress/6.8.1; https://muzza.fit"
198.98.57.22 - - [14/Jul/2025:17:25:02 +0000] "GET /wp-login.php HTTP/1.1" 200 7487 "-" "Mozilla/5.0 (Windows NT 6.0) AppleWebKit/537.36 (KHTML, like Gecko) Chrome/36.0.1985.125 Safari/537.36"
198.98.57.22 - - [14/Jul/2025:17:25:05 +0000] "POST /wp-login.php HTTP/1.1" 200 7505 "-" "Mozilla/5.0 (Windows NT 6.0) AppleWebKit/537.36 (KHTML, like Gecko) Chrome/36.0.1985.125 Safari/537.36"
209.74.77.214 - - [14/Jul/2025:17:27:27 +0000] "POST /wp-cron.php?doing_wp_cron=1752514047.3555889129638671875000 HTTP/1.1" 200 - "-" "WordPress/6.8.1; https://muzza.fit"
152.53.86.252 - - [14/Jul/2025:17:27:25 +0000] "GET /product/crest-hoodie-yellow/ HTTP/1.1" 200 28251 "-" "Mozilla/5.0 (Windows NT 10.0; Win64; x64) AppleWebKit/537.36 (KHTML, like Gecko) Chrome/100.0.1097.928 Safari/537.36"
51.222.253.3 - - [14/Jul/2025:17:27:34 +0000] "GET /shop-2/shop-metro-full-width/ HTTP/1.1" 200 30727 "-" "Mozilla/5.0 (compatible; AhrefsBot/7.0; +http://ahrefs.com/robot/)"
209.74.77.214 - - [14/Jul/2025:17:32:36 +0000] "POST /wp-cron.php?doing_wp_cron=1752514356.8919219970703125000000 HTTP/1.1" 200 - "-" "WordPress/6.8.1; https://muzza.fit"
51.222.253.20 - - [14/Jul/2025:17:32:34 +0000] "GET /elements/accordion/ HTTP/1.1" 200 27194 "-" "Mozilla/5.0 (compatible; AhrefsBot/7.0; +http://ahrefs.com/robot/)"
51.222.253.4 - - [14/Jul/2025:17:32:52 +0000] "GET /wp-content/plugins/wolf-visual-composer/assets/js/min/toggles.min.js?ver=3.7.21 HTTP/1.1" 200 317 "-" "Mozilla/5.0 (compatible; AhrefsBot/7.0; +http://ahrefs.com/robot/)"
51.222.253.13 - - [14/Jul/2025:17:32:56 +0000] "GET /wp-includes/js/jquery/ui/accordion.min.js?ver=1.13.3 HTTP/1.1" 200 2783 "-" "Mozilla/5.0 (compatible; AhrefsBot/7.0; +http://ahrefs.com/robot/)"
51.222.253.5 - - [14/Jul/2025:17:32:57 +0000] "GET /wp-content/plugins/wolf-visual-composer/assets/js/min/accordion.min.js?ver=3.7.21 HTTP/1.1" 200 295 "-" "Mozilla/5.0 (compatible; AhrefsBot/7.0; +http://ahrefs.com/robot/)"
209.74.77.214 - - [14/Jul/2025:17:37:46 +0000] "POST /wp-cron.php?doing_wp_cron=1752514666.7134749889373779296875 HTTP/1.1" 200 - "-" "WordPress/6.8.1; https://muzza.fit"
51.222.253.2 - - [14/Jul/2025:17:37:44 +0000] "GET /elements/bmi-calculator/ HTTP/1.1" 200 27520 "-" "Mozilla/5.0 (compatible; AhrefsBot/7.0; +http://ahrefs.com/robot/)"
209.74.77.214 - - [14/Jul/2025:17:42:35 +0000] "POST /wp-cron.php?doing_wp_cron=1752514955.9390649795532226562500 HTTP/1.1" 200 - "-" "WordPress/6.8.1; https://muzza.fit"
51.222.253.1 - - [14/Jul/2025:17:42:33 +0000] "GET /elements/buttons/ HTTP/1.1" 200 26971 "-" "Mozilla/5.0 (compatible; AhrefsBot/7.0; +http://ahrefs.com/robot/)"
209.74.77.214 - - [14/Jul/2025:17:47:30 +0000] "POST /wp-cron.php?doing_wp_cron=1752515250.0163021087646484375000 HTTP/1.1" 200 - "-" "WordPress/6.8.1; https://muzza.fit"
51.222.253.10 - - [14/Jul/2025:17:47:27 +0000] "GET /timetable/category/all-levels/ HTTP/1.1" 200 28472 "-" "Mozilla/5.0 (compatible; AhrefsBot/7.0; +http://ahrefs.com/robot/)"
209.74.77.214 - - [14/Jul/2025:17:48:31 +0000] "POST /wp-cron.php?doing_wp_cron=1752515311.7620561122894287109375 HTTP/1.1" 200 - "-" "WordPress/6.8.1; https://muzza.fit"
154.195.184.202 - - [14/Jul/2025:17:48:29 +0000] "GET /pages/contact-us/ HTTP/1.1" 200 28415 "-" "Mozilla/5.0 (Windows NT 10.0; WOW64; x64) AppleWebKit/537.36 (KHTML, like Gecko) Chrome/114.0.0.0 Safari/537.36 OPR/89.0.4447.51"
154.195.184.202 - - [14/Jul/2025:17:48:33 +0000] "GET /wp-content/plugins/contact-form-7/includes/js/index.js?ver=6.1 HTTP/1.1" 200 4265 "https://muzza.fit/pages/contact-us/" "Mozilla/5.0 (Windows NT 10.0; WOW64; x64) AppleWebKit/537.36 (KHTML, like Gecko) Chrome/114.0.0.0 Safari/537.36 OPR/89.0.4447.51"
154.195.184.202 - - [14/Jul/2025:17:48:33 +0000] "POST /wp-json/contact-form-7/v1/contact-forms/7320/feedback HTTP/1.1" 200 299 "https://muzza.fit/pages/contact-us/" "Mozilla/5.0 (Windows NT 10.0; WOW64; x64) AppleWebKit/537.36 (KHTML, like Gecko) Chrome/114.0.0.0 Safari/537.36 OPR/89.0.4447.51"
209.74.77.214 - - [14/Jul/2025:17:51:31 +0000] "POST /wp-cron.php?doing_wp_cron=1752515491.1002550125122070312500 HTTP/1.1" 200 - "-" "WordPress/6.8.1; https://muzza.fit"
46.38.238.73 - - [14/Jul/2025:17:51:28 +0000] "GET /product/endurance-sports-bra/ HTTP/1.1" 200 28266 "-" "Mozilla/5.0 (Windows NT 10.0; Win64; x64) AppleWebKit/537.36 (KHTML, like Gecko) Chrome/100.0.8330.486 Safari/537.36"
209.74.77.214 - - [14/Jul/2025:17:56:59 +0000] "POST /wp-cron.php?doing_wp_cron=1752515819.3988969326019287109375 HTTP/1.1" 200 - "-" "WordPress/6.8.1; https://muzza.fit"
51.222.253.3 - - [14/Jul/2025:17:56:56 +0000] "GET /classes/ HTTP/1.1" 200 26484 "-" "Mozilla/5.0 (compatible; AhrefsBot/7.0; +http://ahrefs.com/robot/)"
209.74.77.214 - - [14/Jul/2025:17:57:25 +0000] "POST /wp-cron.php?doing_wp_cron=1752515845.2297830581665039062500 HTTP/1.1" 200 - "-" "WordPress/6.8.1; https://muzza.fit"
154.195.179.233 - - [14/Jul/2025:17:57:25 +0000] "GET /pages/contact-us/ HTTP/1.1" 200 28425 "-" "Mozilla/5.0 (Windows NT 10.0; WOW64; x64) AppleWebKit/537.36 (KHTML, like Gecko) Chrome/114.0.0.0 Safari/537.36 OPR/89.0.4447.51"
154.195.179.233 - - [14/Jul/2025:17:57:26 +0000] "GET /wp-content/plugins/contact-form-7/includes/js/index.js?ver=6.1 HTTP/1.1" 200 4265 "https://muzza.fit/pages/contact-us/" "Mozilla/5.0 (Windows NT 10.0; WOW64; x64) AppleWebKit/537.36 (KHTML, like Gecko) Chrome/114.0.0.0 Safari/537.36 OPR/89.0.4447.51"
154.195.179.233 - - [14/Jul/2025:17:57:27 +0000] "POST /wp-json/contact-form-7/v1/contact-forms/7320/feedback HTTP/1.1" 200 299 "https://muzza.fit/pages/contact-us/" "Mozilla/5.0 (Windows NT 10.0; WOW64; x64) AppleWebKit/537.36 (KHTML, like Gecko) Chrome/114.0.0.0 Safari/537.36 OPR/89.0.4447.51"
209.74.77.214 - - [14/Jul/2025:18:06:30 +0000] "POST /wp-cron.php?doing_wp_cron=1752516390.9466619491577148437500 HTTP/1.1" 200 - "-" "WordPress/6.8.1; https://muzza.fit"
51.222.253.5 - - [14/Jul/2025:18:06:28 +0000] "GET /elements/countdown/ HTTP/1.1" 200 26754 "-" "Mozilla/5.0 (compatible; AhrefsBot/7.0; +http://ahrefs.com/robot/)"
209.74.77.214 - - [14/Jul/2025:18:14:47 +0000] "POST /wp-cron.php?doing_wp_cron=1752516887.3374550342559814453125 HTTP/1.1" 200 - "-" "WordPress/6.8.1; https://muzza.fit"
51.222.253.8 - - [14/Jul/2025:18:14:45 +0000] "GET /type/image/ HTTP/1.1" 200 31040 "-" "Mozilla/5.0 (compatible; AhrefsBot/7.0; +http://ahrefs.com/robot/)"
209.74.77.214 - - [14/Jul/2025:18:19:06 +0000] "POST /wp-cron.php?doing_wp_cron=1752517146.0558450222015380859375 HTTP/1.1" 200 - "-" "WordPress/6.8.1; https://muzza.fit"
37.120.184.163 - - [14/Jul/2025:18:19:04 +0000] "GET /shop-2/shop-2-columns/ HTTP/1.1" 200 29278 "-" "Mozilla/5.0 (Windows NT 10.0; Win64; x64) AppleWebKit/537.36 (KHTML, like Gecko) Chrome/100.0.6870.922 Safari/537.36"
209.74.77.214 - - [14/Jul/2025:18:24:31 +0000] "POST /wp-cron.php?doing_wp_cron=1752517471.6146519184112548828125 HTTP/1.1" 200 - "-" "WordPress/6.8.1; https://muzza.fit"
212.102.57.13 - - [14/Jul/2025:18:24:29 +0000] "GET / HTTP/1.0" 200 271711 "https://muzza.fit/" "Mozilla/5.0 (Windows NT 10.0; WOW64) AppleWebKit/537.36 (KHTML, like Gecko) Chrome/103.0.5060.114 Safari/537.36"
212.102.57.13 - - [14/Jul/2025:18:24:37 +0000] "GET /shop-2/my-account/ HTTP/1.0" 200 167095 "https://muzza.fit/shop-2/my-account/" "Mozilla/5.0 (Windows NT 10.0; WOW64) AppleWebKit/537.36 (KHTML, like Gecko) Chrome/103.0.5060.114 Safari/537.36"
51.222.253.9 - - [14/Jul/2025:18:24:57 +0000] "GET /elements/list/ HTTP/1.1" 200 26900 "-" "Mozilla/5.0 (compatible; AhrefsBot/7.0; +http://ahrefs.com/robot/)"
52.167.144.222 - - [14/Jul/2025:18:30:03 +0000] "GET /wp-content/uploads/2018/10/g12_00-1.jpg HTTP/1.1" 200 178381 "-" "Mozilla/5.0 AppleWebKit/537.36 (KHTML, like Gecko; compatible; bingbot/2.0; +http://www.bing.com/bingbot.htm) Chrome/116.0.1938.76 Safari/537.36"
209.74.77.214 - - [14/Jul/2025:18:33:25 +0000] "POST /wp-cron.php?doing_wp_cron=1752518005.1929318904876708984375 HTTP/1.1" 200 - "-" "WordPress/6.8.1; https://muzza.fit"
51.222.253.14 - - [14/Jul/2025:18:33:22 +0000] "GET /elements/login-form/ HTTP/1.1" 200 27092 "-" "Mozilla/5.0 (compatible; AhrefsBot/7.0; +http://ahrefs.com/robot/)"
209.74.77.214 - - [14/Jul/2025:18:48:13 +0000] "POST /wp-cron.php?doing_wp_cron=1752518893.0249199867248535156250 HTTP/1.1" 200 - "-" "WordPress/6.8.1; https://muzza.fit"
209.141.36.186 - - [14/Jul/2025:18:48:10 +0000] "GET /wp-login.php HTTP/1.1" 200 7487 "-" "Mozilla/5.0 (Macintosh; Intel Mac OS X 10.6; rv:31.0) Gecko/20100101 Firefox/31.0"
209.141.36.186 - - [14/Jul/2025:18:48:16 +0000] "POST /wp-login.php HTTP/1.1" 200 7505 "-" "Mozilla/5.0 (Macintosh; Intel Mac OS X 10.6; rv:31.0) Gecko/20100101 Firefox/31.0"
209.74.77.214 - - [14/Jul/2025:18:49:29 +0000] "POST /wp-cron.php?doing_wp_cron=1752518969.9780681133270263671875 HTTP/1.1" 200 - "-" "WordPress/6.8.1; https://muzza.fit"
51.222.253.11 - - [14/Jul/2025:18:49:27 +0000] "GET /type/audio/ HTTP/1.1" 200 30257 "-" "Mozilla/5.0 (compatible; AhrefsBot/7.0; +http://ahrefs.com/robot/)"
66.249.73.163 - - [14/Jul/2025:18:56:13 +0000] "GET /wp-content/uploads/2016/04/adult-attractive-bikini-206464-1-600x360.jpg HTTP/1.1" 304 - "-" "Googlebot-Image/1.0"
209.74.77.214 - - [14/Jul/2025:18:56:29 +0000] "POST /wp-cron.php?doing_wp_cron=1752519389.8226819038391113281250 HTTP/1.1" 200 - "-" "WordPress/6.8.1; https://muzza.fit"
13.223.2.215 - - [14/Jul/2025:18:56:27 +0000] "GET /.git/config HTTP/1.1" 200 23127 "-" "Mozilla/5.0 (Macintosh; Intel Mac OS X 10_9_0) AppleWebKit/537.36 (KHTML, like Gecko) Chrome/32.0.1664.3 Safari/537.36"
209.74.77.214 - - [14/Jul/2025:18:58:00 +0000] "POST /wp-cron.php?doing_wp_cron=1752519480.0066950321197509765625 HTTP/1.1" 200 - "-" "WordPress/6.8.1; https://muzza.fit"
51.222.253.8 - - [14/Jul/2025:18:57:57 +0000] "GET /type/gallery/ HTTP/1.1" 200 30092 "-" "Mozilla/5.0 (compatible; AhrefsBot/7.0; +http://ahrefs.com/robot/)"
209.74.77.214 - - [14/Jul/2025:18:58:37 +0000] "POST /wp-cron.php?doing_wp_cron=1752519517.1635010242462158203125 HTTP/1.1" 200 - "-" "WordPress/6.8.1; https://muzza.fit"
152.53.17.58 - - [14/Jul/2025:18:58:35 +0000] "GET /video/jeff-seid-athletic-strong/ HTTP/1.1" 200 29007 "-" "Mozilla/5.0 (Windows NT 10.0; Win64; x64) AppleWebKit/537.36 (KHTML, like Gecko) Chrome/100.0.9687.629 Safari/537.36"
209.74.77.214 - - [14/Jul/2025:18:59:07 +0000] "POST /wp-cron.php?doing_wp_cron=1752519547.2752370834350585937500 HTTP/1.1" 200 - "-" "WordPress/6.8.1; https://muzza.fit"
188.68.57.197 - - [14/Jul/2025:18:59:07 +0000] "GET /shop-2/shop-sidebar-left/ HTTP/1.1" 200 31540 "-" "Mozilla/5.0 (Windows NT 10.0; Win64; x64) AppleWebKit/537.36 (KHTML, like Gecko) Chrome/100.0.8043.629 Safari/537.36"
209.74.77.214 - - [14/Jul/2025:18:59:23 +0000] "POST /wp-cron.php?doing_wp_cron=1752519563.9211390018463134765625 HTTP/1.1" 200 - "-" "WordPress/6.8.1; https://muzza.fit"
152.53.85.98 - - [14/Jul/2025:18:59:23 +0000] "GET /pages/coming-soon/ HTTP/1.1" 200 22732 "-" "Mozilla/5.0 (Windows NT 10.0; Win64; x64) AppleWebKit/537.36 (KHTML, like Gecko) Chrome/100.0.8559.149 Safari/537.36"
209.74.77.214 - - [14/Jul/2025:19:06:57 +0000] "POST /wp-cron.php?doing_wp_cron=1752520017.8057870864868164062500 HTTP/1.1" 200 - "-" "WordPress/6.8.1; https://muzza.fit"
51.222.253.3 - - [14/Jul/2025:19:06:55 +0000] "GET /timetable/category/first-level/ HTTP/1.1" 200 28281 "-" "Mozilla/5.0 (compatible; AhrefsBot/7.0; +http://ahrefs.com/robot/)"
209.74.77.214 - - [14/Jul/2025:19:13:56 +0000] "POST /wp-cron.php?doing_wp_cron=1752520436.6753849983215332031250 HTTP/1.1" 200 - "-" "WordPress/6.8.1; https://muzza.fit"
3.213.213.161 - - [14/Jul/2025:19:13:54 +0000] "GET /2017/02/cautious-creative/ HTTP/1.1" 200 30830 "-" "Mozilla/5.0 AppleWebKit/537.36 (KHTML, like Gecko; compatible; Amazonbot/0.1; +https://developer.amazon.com/support/amazonbot) Chrome/119.0.6045.214 Safari/537.36"
52.73.142.41 - - [14/Jul/2025:19:13:58 +0000] "GET /main-home/showcase-blocks/ HTTP/1.1" 200 29150 "-" "Mozilla/5.0 AppleWebKit/537.36 (KHTML, like Gecko; compatible; Amazonbot/0.1; +https://developer.amazon.com/support/amazonbot) Chrome/119.0.6045.214 Safari/537.36"
209.74.77.214 - - [14/Jul/2025:19:15:12 +0000] "POST /wp-cron.php?doing_wp_cron=1752520512.8658740520477294921875 HTTP/1.1" 200 - "-" "WordPress/6.8.1; https://muzza.fit"
51.222.253.11 - - [14/Jul/2025:19:15:10 +0000] "GET /purchase/ HTTP/1.1" 200 26606 "-" "Mozilla/5.0 (compatible; AhrefsBot/7.0; +http://ahrefs.com/robot/)"
209.74.77.214 - - [14/Jul/2025:19:23:51 +0000] "POST /wp-cron.php?doing_wp_cron=1752521031.8046000003814697265625 HTTP/1.1" 200 - "-" "WordPress/6.8.1; https://muzza.fit"
51.222.253.17 - - [14/Jul/2025:19:23:49 +0000] "GET /shop/ HTTP/1.1" 200 26477 "-" "Mozilla/5.0 (compatible; AhrefsBot/7.0; +http://ahrefs.com/robot/)"
209.74.77.214 - - [14/Jul/2025:19:31:46 +0000] "POST /wp-cron.php?doing_wp_cron=1752521506.1385989189147949218750 HTTP/1.1" 200 - "-" "WordPress/6.8.1; https://muzza.fit"
152.53.111.80 - - [14/Jul/2025:19:31:44 +0000] "GET /main-home/videos-home/ HTTP/1.1" 200 32621 "-" "Mozilla/5.0 (Windows NT 10.0; Win64; x64) AppleWebKit/537.36 (KHTML, like Gecko) Chrome/100.0.1835.611 Safari/537.36"
209.74.77.214 - - [14/Jul/2025:19:33:24 +0000] "POST /wp-cron.php?doing_wp_cron=1752521604.4809789657592773437500 HTTP/1.1" 200 - "-" "WordPress/6.8.1; https://muzza.fit"
51.222.253.8 - - [14/Jul/2025:19:33:22 +0000] "GET /type/link/ HTTP/1.1" 200 28989 "-" "Mozilla/5.0 (compatible; AhrefsBot/7.0; +http://ahrefs.com/robot/)"
209.74.77.214 - - [14/Jul/2025:19:35:22 +0000] "POST /wp-cron.php?doing_wp_cron=1752521722.2668759822845458984375 HTTP/1.1" 200 - "-" "WordPress/6.8.1; https://muzza.fit"
172.241.118.136 - - [14/Jul/2025:19:35:20 +0000] "GET /pages/contact-us/ HTTP/1.1" 200 28419 "-" "Mozilla/5.0 (Windows NT 10.0; WOW64; x64) AppleWebKit/537.36 (KHTML, like Gecko) Chrome/114.0.0.0 Safari/537.36 OPR/89.0.4447.51"
172.241.118.136 - - [14/Jul/2025:19:35:25 +0000] "GET /wp-content/plugins/contact-form-7/includes/js/index.js?ver=6.1 HTTP/1.1" 200 4265 "https://muzza.fit/pages/contact-us/" "Mozilla/5.0 (Windows NT 10.0; WOW64; x64) AppleWebKit/537.36 (KHTML, like Gecko) Chrome/114.0.0.0 Safari/537.36 OPR/89.0.4447.51"
209.74.77.214 - - [14/Jul/2025:19:35:25 +0000] "POST /wp-cron.php?doing_wp_cron=1752521725.7849550247192382812500 HTTP/1.1" 200 - "-" "WordPress/6.8.1; https://muzza.fit"
172.241.118.136 - - [14/Jul/2025:19:35:25 +0000] "POST /wp-json/contact-form-7/v1/contact-forms/7320/feedback HTTP/1.1" 200 298 "https://muzza.fit/pages/contact-us/" "Mozilla/5.0 (Windows NT 10.0; WOW64; x64) AppleWebKit/537.36 (KHTML, like Gecko) Chrome/114.0.0.0 Safari/537.36 OPR/89.0.4447.51"
209.74.77.214 - - [14/Jul/2025:19:37:26 +0000] "POST /wp-cron.php?doing_wp_cron=1752521846.2610569000244140625000 HTTP/1.1" 200 - "-" "WordPress/6.8.1; https://muzza.fit"
51.222.253.4 - - [14/Jul/2025:19:37:24 +0000] "GET /type/video/ HTTP/1.1" 200 29837 "-" "Mozilla/5.0 (compatible; AhrefsBot/7.0; +http://ahrefs.com/robot/)"
209.74.77.214 - - [14/Jul/2025:19:41:20 +0000] "POST /wp-cron.php?doing_wp_cron=1752522080.0784540176391601562500 HTTP/1.1" 200 - "-" "WordPress/6.8.1; https://muzza.fit"
51.222.253.15 - - [14/Jul/2025:19:41:18 +0000] "GET /type/quote/ HTTP/1.1" 200 29211 "-" "Mozilla/5.0 (compatible; AhrefsBot/7.0; +http://ahrefs.com/robot/)"
209.74.77.214 - - [14/Jul/2025:19:45:58 +0000] "POST /wp-cron.php?doing_wp_cron=1752522358.5293180942535400390625 HTTP/1.1" 200 - "-" "WordPress/6.8.1; https://muzza.fit"
51.222.253.4 - - [14/Jul/2025:19:45:56 +0000] "GET /type/status/ HTTP/1.1" 200 29406 "-" "Mozilla/5.0 (compatible; AhrefsBot/7.0; +http://ahrefs.com/robot/)"
152.53.45.90 - - [14/Jul/2025:19:46:00 +0000] "GET /video/early-risers-atphetics-fitness/ HTTP/1.1" 200 28915 "-" "Mozilla/5.0 (Windows NT 10.0; Win64; x64) AppleWebKit/537.36 (KHTML, like Gecko) Chrome/100.0.4369.733 Safari/537.36"
209.74.77.214 - - [14/Jul/2025:19:49:34 +0000] "POST /wp-cron.php?doing_wp_cron=1752522574.4603281021118164062500 HTTP/1.1" 200 - "-" "WordPress/6.8.1; https://muzza.fit"
51.222.253.3 - - [14/Jul/2025:19:49:32 +0000] "GET /timetable/column/friday/ HTTP/1.1" 200 26885 "-" "Mozilla/5.0 (compatible; AhrefsBot/7.0; +http://ahrefs.com/robot/)"
209.74.77.214 - - [14/Jul/2025:19:53:36 +0000] "POST /wp-cron.php?doing_wp_cron=1752522816.6635429859161376953125 HTTP/1.1" 200 - "-" "WordPress/6.8.1; https://muzza.fit"
51.222.253.17 - - [14/Jul/2025:19:53:34 +0000] "GET /timetable/column/monday/ HTTP/1.1" 200 26885 "-" "Mozilla/5.0 (compatible; AhrefsBot/7.0; +http://ahrefs.com/robot/)"
209.74.77.214 - - [14/Jul/2025:19:55:02 +0000] "POST /wp-cron.php?doing_wp_cron=1752522902.3102660179138183593750 HTTP/1.1" 200 - "-" "WordPress/6.8.1; https://muzza.fit"
185.117.225.236 - - [14/Jul/2025:19:55:00 +0000] "GET / HTTP/1.1" 200 37779 "-" "python-requests/2.31.0"
209.74.77.214 - - [14/Jul/2025:19:55:29 +0000] "POST /wp-cron.php?doing_wp_cron=1752522929.6726100444793701171875 HTTP/1.1" 200 - "-" "WordPress/6.8.1; https://muzza.fit"
185.117.225.236 - - [14/Jul/2025:19:55:29 +0000] "GET / HTTP/1.1" 200 37784 "-" "Mozilla/5.0 (compatible; BitSightBot/1.0)"
185.117.225.236 - - [14/Jul/2025:19:55:35 +0000] "GET /wp-content/plugins/js_composer/assets/lib/bower/font-awesome/css/v4-shims.min.css?ver=7.6 HTTP/1.1" 200 4260 "https://muzza.fit/" "Mozilla/5.0 (compatible; BitSightBot/1.0)"
185.117.225.236 - - [14/Jul/2025:19:55:35 +0000] "GET /wp-content/plugins/instagram-feed/css/sbi-styles.min.css?ver=6.9.1 HTTP/1.1" 200 8799 "https://muzza.fit/" "Mozilla/5.0 (compatible; BitSightBot/1.0)"
185.117.225.236 - - [14/Jul/2025:19:55:35 +0000] "GET /wp-content/plugins/variation-swatches-for-woocommerce/assets/css/frontend.css?ver=1.1.5 HTTP/1.1" 200 6414 "https://muzza.fit/" "Mozilla/5.0 (compatible; BitSightBot/1.0)"
185.117.225.236 - - [14/Jul/2025:19:55:35 +0000] "GET /wp-includes/js/mediaelement/mediaelementplayer-legacy.min.css?ver=4.2.17 HTTP/1.1" 200 2592 "https://muzza.fit/" "Mozilla/5.0 (compatible; BitSightBot/1.0)"
185.117.225.236 - - [14/Jul/2025:19:55:35 +0000] "GET /wp-includes/css/dashicons.min.css?ver=6.8.1 HTTP/1.1" 200 35730 "https://muzza.fit/" "Mozilla/5.0 (compatible; BitSightBot/1.0)"
185.117.225.236 - - [14/Jul/2025:19:55:35 +0000] "GET /wp-content/themes/deadlift/assets/css/single-post.css?ver=1.8.2 HTTP/1.1" 200 50 "https://muzza.fit/" "Mozilla/5.0 (compatible; BitSightBot/1.0)"
185.117.225.236 - - [14/Jul/2025:19:55:36 +0000] "GET /wp-content/plugins/wolf-videos/assets/css/videos.min.css?ver=1.3.1 HTTP/1.1" 200 1202 "https://muzza.fit/" "Mozilla/5.0 (compatible; BitSightBot/1.0)"
185.117.225.236 - - [14/Jul/2025:19:55:36 +0000] "GET /wp-content/plugins/js_composer/assets/css/js_composer.min.css?ver=7.6 HTTP/1.1" 200 44639 "https://muzza.fit/" "Mozilla/5.0 (compatible; BitSightBot/1.0)"
185.117.225.236 - - [14/Jul/2025:19:55:36 +0000] "GET /wp-content/plugins/mp-timetable/media/css/style.css?ver=2.4.15 HTTP/1.1" 200 1992 "https://muzza.fit/" "Mozilla/5.0 (compatible; BitSightBot/1.0)"
185.117.225.236 - - [14/Jul/2025:19:55:36 +0000] "GET /wp-content/plugins/wolf-woocommerce-quickview/assets/css/quickview.min.css?ver=1.1.5 HTTP/1.1" 200 703 "https://muzza.fit/" "Mozilla/5.0 (compatible; BitSightBot/1.0)"
185.117.225.236 - - [14/Jul/2025:19:55:36 +0000] "GET /wp-content/plugins/woocommerce/assets/css/brands.css?ver=9.9.5 HTTP/1.1" 200 684 "https://muzza.fit/" "Mozilla/5.0 (compatible; BitSightBot/1.0)"
185.117.225.236 - - [14/Jul/2025:19:55:36 +0000] "GET /wp-content/themes/deadlift/assets/css/lib/fonts/socicon/socicon.min.css?ver=1.8.2 HTTP/1.1" 200 2437 "https://muzza.fit/" "Mozilla/5.0 (compatible; BitSightBot/1.0)"
185.117.225.236 - - [14/Jul/2025:19:55:36 +0000] "GET /wp-content/themes/deadlift/assets/css/lib/fonts/fontawesome/font-awesome.min.css?ver=1.8.2 HTTP/1.1" 200 6683 "https://muzza.fit/" "Mozilla/5.0 (compatible; BitSightBot/1.0)"
185.117.225.236 - - [14/Jul/2025:19:55:36 +0000] "GET /wp-content/themes/deadlift/assets/css/lib/fonts/linea-icons/linea-icons.min.css?ver=1.8.2 HTTP/1.1" 200 5904 "https://muzza.fit/" "Mozilla/5.0 (compatible; BitSightBot/1.0)"
185.117.225.236 - - [14/Jul/2025:19:55:36 +0000] "GET /wp-content/themes/deadlift/assets/css/lib/fonts/linearicons/linearicons.min.css?ver=1.8.2 HTTP/1.1" 200 1611 "https://muzza.fit/" "Mozilla/5.0 (compatible; BitSightBot/1.0)"
185.117.225.236 - - [14/Jul/2025:19:55:36 +0000] "GET /wp-includes/js/mediaelement/wp-mediaelement.min.css?ver=6.8.1 HTTP/1.1" 200 1156 "https://muzza.fit/" "Mozilla/5.0 (compatible; BitSightBot/1.0)"
185.117.225.236 - - [14/Jul/2025:19:55:36 +0000] "GET /wp-content/themes/deadlift/assets/css/lib/normalize.min.css?ver=3.0.0 HTTP/1.1" 200 895 "https://muzza.fit/" "Mozilla/5.0 (compatible; BitSightBot/1.0)"
185.117.225.236 - - [14/Jul/2025:19:55:36 +0000] "GET /wp-content/plugins/js_composer/assets/lib/flexslider/flexslider.min.css?ver=7.6 HTTP/1.1" 200 1259 "https://muzza.fit/" "Mozilla/5.0 (compatible; BitSightBot/1.0)"
185.117.225.236 - - [14/Jul/2025:19:55:36 +0000] "GET /wp-content/themes/deadlift/assets/css/lib/jquery.fancybox.min.css?ver=3.5.2 HTTP/1.1" 200 3743 "https://muzza.fit/" "Mozilla/5.0 (compatible; BitSightBot/1.0)"
185.117.225.236 - - [14/Jul/2025:19:55:36 +0000] "GET /wp-content/themes/deadlift/assets/css/main.min.css?ver=1.8.2 HTTP/1.1" 200 78643 "https://muzza.fit/" "Mozilla/5.0 (compatible; BitSightBot/1.0)"
185.117.225.236 - - [14/Jul/2025:19:55:36 +0000] "GET /wp-content/themes/deadlift/style.css?ver=1.8.2 HTTP/1.1" 200 487 "https://muzza.fit/" "Mozilla/5.0 (compatible; BitSightBot/1.0)"
185.117.225.236 - - [14/Jul/2025:19:55:36 +0000] "GET /wp-content/themes/deadlift/assets/css/lib/flickity.min.css?ver=2.3.0 HTTP/1.1" 200 684 "https://muzza.fit/" "Mozilla/5.0 (compatible; BitSightBot/1.0)"
185.117.225.236 - - [14/Jul/2025:19:55:36 +0000] "GET /wp-content/plugins/wolf-visual-composer/assets/css/lib/lity.min.css?ver=2.2.2 HTTP/1.1" 200 1015 "https://muzza.fit/" "Mozilla/5.0 (compatible; BitSightBot/1.0)"
185.117.225.236 - - [14/Jul/2025:19:55:36 +0000] "GET /wp-content/plugins/wolf-portfolio/assets/css/portfolio.min.css?ver=1.2.4 HTTP/1.1" 200 513 "https://muzza.fit/" "Mozilla/5.0 (compatible; BitSightBot/1.0)"
185.117.225.236 - - [14/Jul/2025:19:55:36 +0000] "GET /wp-content/plugins/wolf-visual-composer/assets/css/wvc.min.css?ver=3.7.21 HTTP/1.1" 200 34035 "https://muzza.fit/" "Mozilla/5.0 (compatible; BitSightBot/1.0)"
185.117.225.236 - - [14/Jul/2025:19:55:36 +0000] "GET /wp-content/plugins/wolf-woocommerce-wishlist/assets/css/wishlist.min.css?ver=1.1.7 HTTP/1.1" 200 353 "https://muzza.fit/" "Mozilla/5.0 (compatible; BitSightBot/1.0)"
185.117.225.236 - - [14/Jul/2025:19:55:36 +0000] "GET /wp-content/plugins/js_composer/assets/lib/bower/font-awesome/css/all.min.css?ver=7.6 HTTP/1.1" 200 12195 "https://muzza.fit/" "Mozilla/5.0 (compatible; BitSightBot/1.0)"
185.117.225.236 - - [14/Jul/2025:19:55:36 +0000] "GET /wp-content/plugins/wolf-visual-composer/assets/css/lib/dripicons/dripicons.min.css?ver=2.0.0 HTTP/1.1" 200 1751 "https://muzza.fit/" "Mozilla/5.0 (compatible; BitSightBot/1.0)"
185.117.225.236 - - [14/Jul/2025:19:55:36 +0000] "GET /wp-content/plugins/wolf-visual-composer/assets/css/lib/elegant-icons/elegant-icons.min.css?ver=1.0.0 HTTP/1.1" 200 2606 "https://muzza.fit/" "Mozilla/5.0 (compatible; BitSightBot/1.0)"
185.117.225.236 - - [14/Jul/2025:19:55:36 +0000] "GET /wp-content/plugins/contact-form-7/includes/css/styles.css?ver=6.1 HTTP/1.1" 200 1031 "https://muzza.fit/" "Mozilla/5.0 (compatible; BitSightBot/1.0)"
185.117.225.236 - - [14/Jul/2025:19:55:36 +0000] "GET /wp-content/plugins/wolf-custom-post-meta/assets/css/wcpm.min.css?ver=1.0.3 HTTP/1.1" 200 37 "https://muzza.fit/" "Mozilla/5.0 (compatible; BitSightBot/1.0)"
185.117.225.236 - - [14/Jul/2025:19:55:36 +0000] "GET /wp-includes/js/wp-util.min.js?ver=6.8.1 HTTP/1.1" 200 756 "https://muzza.fit/" "Mozilla/5.0 (compatible; BitSightBot/1.0)"
185.117.225.236 - - [14/Jul/2025:19:55:36 +0000] "GET /wp-includes/js/underscore.min.js?ver=1.13.7 HTTP/1.1" 200 7317 "https://muzza.fit/" "Mozilla/5.0 (compatible; BitSightBot/1.0)"
185.117.225.236 - - [14/Jul/2025:19:55:36 +0000] "GET /wp-includes/js/jquery/jquery-migrate.min.js?ver=3.4.1 HTTP/1.1" 200 4872 "https://muzza.fit/" "Mozilla/5.0 (compatible; BitSightBot/1.0)"
185.117.225.236 - - [14/Jul/2025:19:55:36 +0000] "GET /wp-includes/js/jquery/jquery.min.js?ver=3.7.1 HTTP/1.1" 200 30368 "https://muzza.fit/" "Mozilla/5.0 (compatible; BitSightBot/1.0)"
185.117.225.236 - - [14/Jul/2025:19:55:36 +0000] "GET /wp-content/plugins/woocommerce/assets/js/jquery-blockui/jquery.blockUI.min.js?ver=2.7.0-wc.9.9.5 HTTP/1.1" 200 3537 "https://muzza.fit/" "Mozilla/5.0 (compatible; BitSightBot/1.0)"
185.117.225.236 - - [14/Jul/2025:19:55:36 +0000] "GET /wp-content/plugins/woocommerce/assets/js/frontend/add-to-cart.min.js?ver=9.9.5 HTTP/1.1" 200 1368 "https://muzza.fit/" "Mozilla/5.0 (compatible; BitSightBot/1.0)"
185.117.225.236 - - [14/Jul/2025:19:55:37 +0000] "GET /wp-content/plugins/js_composer/assets/js/vendors/woocommerce-add-to-cart.js?ver=7.6 HTTP/1.1" 200 374 "https://muzza.fit/" "Mozilla/5.0 (compatible; BitSightBot/1.0)"
185.117.225.236 - - [14/Jul/2025:19:55:37 +0000] "GET /wp-content/uploads/2018/08/sddefault-1.jpg HTTP/1.1" 200 20924 "https://muzza.fit/" "Mozilla/5.0 (compatible; BitSightBot/1.0)"
185.117.225.236 - - [14/Jul/2025:19:55:37 +0000] "GET /wp-content/uploads/2018/10/nav_logo_secondary-1.png HTTP/1.1" 200 2474 "https://muzza.fit/" "Mozilla/5.0 (compatible; BitSightBot/1.0)"
185.117.225.236 - - [14/Jul/2025:19:55:37 +0000] "GET /wp-content/uploads/2024/07/Muzzafit-logo-1.png HTTP/1.1" 200 93174 "https://muzza.fit/" "Mozilla/5.0 (compatible; BitSightBot/1.0)"
185.117.225.236 - - [14/Jul/2025:19:55:37 +0000] "GET /wp-content/plugins/woocommerce/assets/client/blocks/wc-blocks.css?ver=wc-9.9.5 HTTP/1.1" 200 2575 "https://muzza.fit/" "Mozilla/5.0 (compatible; BitSightBot/1.0)"
185.117.225.236 - - [14/Jul/2025:19:55:37 +0000] "GET /wp-content/plugins/wolf-visual-composer/assets/css/lib/animate.min.css?ver=3.3.0 HTTP/1.1" 200 3861 "https://muzza.fit/" "Mozilla/5.0 (compatible; BitSightBot/1.0)"
185.117.225.236 - - [14/Jul/2025:19:55:37 +0000] "GET /wp-content/themes/deadlift/assets/css/lib/aos.css?ver=2.3.0 HTTP/1.1" 200 2236 "https://muzza.fit/" "Mozilla/5.0 (compatible; BitSightBot/1.0)"
185.117.225.236 - - [14/Jul/2025:19:55:37 +0000] "GET /wp-includes/js/dist/hooks.min.js?ver=4d63a3d491d11ffd8ac6 HTTP/1.1" 200 1648 "https://muzza.fit/" "Mozilla/5.0 (compatible; BitSightBot/1.0)"
185.117.225.236 - - [14/Jul/2025:19:55:37 +0000] "GET /wp-content/plugins/revslider/sr6/assets/css/rs6.css?ver=6.7.13 HTTP/1.1" 200 12492 "https://muzza.fit/" "Mozilla/5.0 (compatible; BitSightBot/1.0)"
185.117.225.236 - - [14/Jul/2025:19:55:37 +0000] "GET /wp-includes/js/dist/i18n.min.js?ver=5e580eb46a90c2b997e6 HTTP/1.1" 200 3667 "https://muzza.fit/" "Mozilla/5.0 (compatible; BitSightBot/1.0)"
185.117.225.236 - - [14/Jul/2025:19:55:37 +0000] "GET /wp-content/themes/deadlift/assets/css/lib/fonts/fontawesome/fonts/fontawesome-webfont.woff2?v=4.6.3 HTTP/1.1" 200 71893 "https://muzza.fit/wp-content/themes/deadlift/assets/css/lib/fonts/fontawesome/font-awesome.min.css?ver=1.8.2" "Mozilla/5.0 (compatible; BitSightBot/1.0)"
185.117.225.236 - - [14/Jul/2025:19:55:37 +0000] "GET /wp-content/themes/deadlift/assets/css/lib/fonts/linearicons/fonts/Linearicons-Free.woff2?w118d HTTP/1.1" 200 21803 "https://muzza.fit/wp-content/themes/deadlift/assets/css/lib/fonts/linearicons/linearicons.min.css?ver=1.8.2" "Mozilla/5.0 (compatible; BitSightBot/1.0)"
185.117.225.236 - - [14/Jul/2025:19:55:37 +0000] "GET /wp-content/plugins/wolf-visual-composer/assets/css/lib/dripicons/fonts/dripicons-v2.woff HTTP/1.1" 200 25999 "https://muzza.fit/wp-content/plugins/wolf-visual-composer/assets/css/lib/dripicons/dripicons.min.css?ver=2.0.0" "Mozilla/5.0 (compatible; BitSightBot/1.0)"
185.117.225.236 - - [14/Jul/2025:19:55:37 +0000] "GET /wp-content/plugins/wolf-visual-composer/assets/css/lib/elegant-icons/fonts/elegant-icons.woff?d918s8 HTTP/1.1" 200 35289 "https://muzza.fit/wp-content/plugins/wolf-visual-composer/assets/css/lib/elegant-icons/elegant-icons.min.css?ver=1.0.0" "Mozilla/5.0 (compatible; BitSightBot/1.0)"
185.117.225.236 - - [14/Jul/2025:19:55:37 +0000] "GET /wp-content/themes/deadlift/assets/css/lib/fonts/socicon/fonts/Socicon.woff2?484r1f HTTP/1.1" 200 56252 "https://muzza.fit/wp-content/themes/deadlift/assets/css/lib/fonts/socicon/socicon.min.css?ver=1.8.2" "Mozilla/5.0 (compatible; BitSightBot/1.0)"
185.117.225.236 - - [14/Jul/2025:19:55:37 +0000] "GET /wp-content/themes/deadlift/assets/img/t/deadlift_filmgrain.gif HTTP/1.1" 200 42308 "https://muzza.fit/wp-content/themes/deadlift/assets/css/main.min.css?ver=1.8.2" "Mozilla/5.0 (compatible; BitSightBot/1.0)"
185.117.225.236 - - [14/Jul/2025:19:55:37 +0000] "GET /wp-content/plugins/js_composer/assets/lib/bower/font-awesome/webfonts/fa-brands-400.woff2 HTTP/1.1" 200 75401 "https://muzza.fit/wp-content/plugins/js_composer/assets/lib/bower/font-awesome/css/all.min.css?ver=7.6" "Mozilla/5.0 (compatible; BitSightBot/1.0)"
185.117.225.236 - - [14/Jul/2025:19:55:37 +0000] "GET /wp-content/plugins/wolf-woocommerce-wishlist/assets/css/fonts/WooCommerce-Wishlist.ttf?bo2ykn HTTP/1.1" 200 800 "https://muzza.fit/wp-content/plugins/wolf-woocommerce-wishlist/assets/css/wishlist.min.css?ver=1.1.7" "Mozilla/5.0 (compatible; BitSightBot/1.0)"
185.117.225.236 - - [14/Jul/2025:19:55:37 +0000] "GET /wp-content/themes/deadlift/assets/img/t/icon_search_dark.png HTTP/1.1" 200 579 "https://muzza.fit/wp-content/themes/deadlift/assets/css/main.min.css?ver=1.8.2" "Mozilla/5.0 (compatible; BitSightBot/1.0)"
185.117.225.236 - - [14/Jul/2025:19:55:37 +0000] "GET /wp-content/plugins/revslider/sr6/assets/assets/dummy.png HTTP/1.1" 200 68 "https://muzza.fit/" "Mozilla/5.0 (compatible; BitSightBot/1.0)"
185.117.225.236 - - [14/Jul/2025:19:55:37 +0000] "GET /wp-content/plugins/contact-form-7/includes/swv/js/index.js?ver=6.1 HTTP/1.1" 200 3503 "https://muzza.fit/" "Mozilla/5.0 (compatible; BitSightBot/1.0)"
185.117.225.236 - - [14/Jul/2025:19:55:37 +0000] "GET /wp-content/plugins/contact-form-7/includes/js/index.js?ver=6.1 HTTP/1.1" 200 4265 "https://muzza.fit/" "Mozilla/5.0 (compatible; BitSightBot/1.0)"
185.117.225.236 - - [14/Jul/2025:19:55:37 +0000] "GET /wp-content/uploads/2018/10/popup-bg-1.jpg HTTP/1.1" 200 324636 "https://muzza.fit/" "Mozilla/5.0 (compatible; BitSightBot/1.0)"
185.117.225.236 - - [14/Jul/2025:19:55:37 +0000] "GET /wp-content/plugins/wolf-custom-post-meta/assets/js/wcpm.min.js?ver=1.0.3 HTTP/1.1" 200 712 "https://muzza.fit/" "Mozilla/5.0 (compatible; BitSightBot/1.0)"
185.117.225.236 - - [14/Jul/2025:19:55:37 +0000] "GET /wp-content/plugins/wolf-facebook-page-box/assets/js/wfpb.js?ver=1.0.9 HTTP/1.1" 200 - "https://muzza.fit/" "Mozilla/5.0 (compatible; BitSightBot/1.0)"
185.117.225.236 - - [14/Jul/2025:19:55:37 +0000] "GET /wp-content/plugins/wolf-woocommerce-quickview/assets/js/min/quickview.min.js?ver=1.1.5 HTTP/1.1" 200 945 "https://muzza.fit/" "Mozilla/5.0 (compatible; BitSightBot/1.0)"
185.117.225.236 - - [14/Jul/2025:19:55:37 +0000] "GET /wp-content/uploads/2024/06/maria-fernanda-gonzalez-461523-unsplash-1-scaled.jpg HTTP/1.1" 200 471364 "https://muzza.fit/" "Mozilla/5.0 (compatible; BitSightBot/1.0)"
185.117.225.236 - - [14/Jul/2025:19:55:37 +0000] "GET /wp-content/plugins/variation-swatches-for-woocommerce/assets/js/frontend.js?ver%5B0%5D=jquery HTTP/1.1" 200 2129 "https://muzza.fit/" "Mozilla/5.0 (compatible; BitSightBot/1.0)"
185.117.225.236 - - [14/Jul/2025:19:55:37 +0000] "GET /wp-includes/js/mediaelement/mediaelement-migrate.min.js?ver=6.8.1 HTTP/1.1" 200 540 "https://muzza.fit/" "Mozilla/5.0 (compatible; BitSightBot/1.0)"
185.117.225.236 - - [14/Jul/2025:19:55:37 +0000] "GET /wp-includes/js/mediaelement/mediaelement-and-player.min.js?ver=4.2.17 HTTP/1.1" 200 38789 "https://muzza.fit/" "Mozilla/5.0 (compatible; BitSightBot/1.0)"
185.117.225.236 - - [14/Jul/2025:19:55:37 +0000] "GET /wp-includes/js/mediaelement/wp-mediaelement.min.js?ver=6.8.1 HTTP/1.1" 200 538 "https://muzza.fit/" "Mozilla/5.0 (compatible; BitSightBot/1.0)"
185.117.225.236 - - [14/Jul/2025:19:55:37 +0000] "GET /wp-content/themes/deadlift/assets/js/lib/jquery.lazyloadxt.min.js?ver=1.1.0 HTTP/1.1" 200 1331 "https://muzza.fit/" "Mozilla/5.0 (compatible; BitSightBot/1.0)"
185.117.225.236 - - [14/Jul/2025:19:55:37 +0000] "GET /wp-content/themes/deadlift/assets/js/lib/sticky-kit.min.js?ver=1.1.3 HTTP/1.1" 200 1411 "https://muzza.fit/" "Mozilla/5.0 (compatible; BitSightBot/1.0)"
185.117.225.236 - - [14/Jul/2025:19:55:37 +0000] "GET /wp-content/themes/deadlift/assets/js/lib/jquery.fancybox.min.js?ver=3.5.7 HTTP/1.1" 200 22013 "https://muzza.fit/" "Mozilla/5.0 (compatible; BitSightBot/1.0)"
185.117.225.236 - - [14/Jul/2025:19:55:37 +0000] "GET /wp-content/themes/deadlift/assets/js/functions.min.js?ver=1.8.2 HTTP/1.1" 200 9964 "https://muzza.fit/" "Mozilla/5.0 (compatible; BitSightBot/1.0)"
185.117.225.236 - - [14/Jul/2025:19:55:37 +0000] "GET /wp-content/themes/deadlift/assets/js/lib/jarallax.min.js?ver=1.8.0 HTTP/1.1" 200 3519 "https://muzza.fit/" "Mozilla/5.0 (compatible; BitSightBot/1.0)"
185.117.225.236 - - [14/Jul/2025:19:55:37 +0000] "GET /wp-content/themes/deadlift/assets/js/lib/tooltipsy.min.js?ver=1.0.0 HTTP/1.1" 200 1828 "https://muzza.fit/" "Mozilla/5.0 (compatible; BitSightBot/1.0)"
185.117.225.236 - - [14/Jul/2025:19:55:37 +0000] "GET /wp-content/plugins/wolf-visual-composer/assets/js/min/bigtext.min.js?ver=3.7.21 HTTP/1.1" 200 268 "https://muzza.fit/" "Mozilla/5.0 (compatible; BitSightBot/1.0)"
185.117.225.236 - - [14/Jul/2025:19:55:37 +0000] "GET /wp-content/plugins/wolf-visual-composer/assets/js/lib/jquery.bigtext.min.js?ver=1.0.0 HTTP/1.1" 200 1804 "https://muzza.fit/" "Mozilla/5.0 (compatible; BitSightBot/1.0)"
185.117.225.236 - - [14/Jul/2025:19:55:37 +0000] "GET /wp-content/plugins/wolf-visual-composer/assets/js/min/functions.min.js?ver=3.7.21 HTTP/1.1" 200 5935 "https://muzza.fit/" "Mozilla/5.0 (compatible; BitSightBot/1.0)"
185.117.225.236 - - [14/Jul/2025:19:55:37 +0000] "GET /wp-content/plugins/woocommerce/assets/js/sourcebuster/sourcebuster.min.js?ver=9.9.5 HTTP/1.1" 200 4807 "https://muzza.fit/" "Mozilla/5.0 (compatible; BitSightBot/1.0)"
185.117.225.236 - - [14/Jul/2025:19:55:37 +0000] "GET /wp-content/plugins/woocommerce/assets/js/frontend/order-attribution.min.js?ver=9.9.5 HTTP/1.1" 200 1128 "https://muzza.fit/" "Mozilla/5.0 (compatible; BitSightBot/1.0)"
185.117.225.236 - - [14/Jul/2025:19:55:37 +0000] "GET /wp-content/plugins/wolf-woocommerce-wishlist/assets/js/wishlist.min.js?ver=1.1.7 HTTP/1.1" 200 1424 "https://muzza.fit/" "Mozilla/5.0 (compatible; BitSightBot/1.0)"
185.117.225.236 - - [14/Jul/2025:19:55:37 +0000] "GET /wp-content/plugins/wolf-visual-composer/assets/js/lib/countUp.min.js?ver=1.9.3 HTTP/1.1" 200 1451 "https://muzza.fit/" "Mozilla/5.0 (compatible; BitSightBot/1.0)"
185.117.225.236 - - [14/Jul/2025:19:55:37 +0000] "GET /wp-includes/js/jquery/ui/effect.min.js?ver=1.13.3 HTTP/1.1" 200 3886 "https://muzza.fit/" "Mozilla/5.0 (compatible; BitSightBot/1.0)"
185.117.225.236 - - [14/Jul/2025:19:55:37 +0000] "GET /wp-content/themes/deadlift/assets/js/t/deadlift.js?ver=1.8.2 HTTP/1.1" 200 3186 "https://muzza.fit/" "Mozilla/5.0 (compatible; BitSightBot/1.0)"
185.117.225.236 - - [14/Jul/2025:19:55:37 +0000] "GET /wp-content/plugins/wolf-visual-composer/assets/js/min/modal-window.min.js?ver=3.7.21 HTTP/1.1" 200 1066 "https://muzza.fit/" "Mozilla/5.0 (compatible; BitSightBot/1.0)"
185.117.225.236 - - [14/Jul/2025:19:55:37 +0000] "GET /wp-content/plugins/js_composer/assets/js/dist/js_composer_front.min.js?ver=7.6 HTTP/1.1" 200 5779 "https://muzza.fit/" "Mozilla/5.0 (compatible; BitSightBot/1.0)"
185.117.225.236 - - [14/Jul/2025:19:55:37 +0000] "GET /wp-content/plugins/wolf-visual-composer/assets/js/lib/jquery.inview.min.js?ver=1.1.2 HTTP/1.1" 200 765 "https://muzza.fit/" "Mozilla/5.0 (compatible; BitSightBot/1.0)"
185.117.225.236 - - [14/Jul/2025:19:55:37 +0000] "GET /wp-content/plugins/wolf-visual-composer/assets/js/min/mailchimp.min.js?ver=3.7.21 HTTP/1.1" 200 599 "https://muzza.fit/" "Mozilla/5.0 (compatible; BitSightBot/1.0)"
185.117.225.236 - - [14/Jul/2025:19:55:37 +0000] "GET /wp-content/plugins/wolf-visual-composer/assets/js/lib/jarallax/jarallax-video.min.js?ver=1.0.1 HTTP/1.1" 200 5533 "https://muzza.fit/" "Mozilla/5.0 (compatible; BitSightBot/1.0)"
185.117.225.236 - - [14/Jul/2025:19:55:37 +0000] "GET /wp-content/plugins/wolf-visual-composer/assets/js/lib/jquery.waypoints.min.js?ver=1.6.2 HTTP/1.1" 200 2753 "https://muzza.fit/" "Mozilla/5.0 (compatible; BitSightBot/1.0)"
185.117.225.236 - - [14/Jul/2025:19:55:37 +0000] "GET /wp-content/plugins/wolf-visual-composer/assets/js/lib/jquery.easypiechart.min.js?ver=2.1.7 HTTP/1.1" 200 1691 "https://muzza.fit/" "Mozilla/5.0 (compatible; BitSightBot/1.0)"
185.117.225.236 - - [14/Jul/2025:19:55:37 +0000] "GET /wp-content/plugins/wolf-visual-composer/assets/js/min/pie.min.js?ver=3.7.21 HTTP/1.1" 200 554 "https://muzza.fit/" "Mozilla/5.0 (compatible; BitSightBot/1.0)"
185.117.225.236 - - [14/Jul/2025:19:55:37 +0000] "GET /wp-content/themes/deadlift/assets/js/lib/flickity.pkgd.min.js?ver=2.3.0 HTTP/1.1" 200 14126 "https://muzza.fit/" "Mozilla/5.0 (compatible; BitSightBot/1.0)"
185.117.225.236 - - [14/Jul/2025:19:55:38 +0000] "GET /wp-content/themes/deadlift/assets/js/vimeo.min.js?ver=1.8.2 HTTP/1.1" 200 195 "https://muzza.fit/" "Mozilla/5.0 (compatible; BitSightBot/1.0)"
185.117.225.236 - - [14/Jul/2025:19:55:38 +0000] "GET /wp-content/plugins/wolf-visual-composer/assets/js/min/carousels.min.js?ver=3.7.21 HTTP/1.1" 200 814 "https://muzza.fit/" "Mozilla/5.0 (compatible; BitSightBot/1.0)"
185.117.225.236 - - [14/Jul/2025:19:55:38 +0000] "GET /wp-content/plugins/wolf-visual-composer/assets/js/lib/jquery.fittext.min.js?ver=1.2.0 HTTP/1.1" 200 262 "https://muzza.fit/" "Mozilla/5.0 (compatible; BitSightBot/1.0)"
185.117.225.236 - - [14/Jul/2025:19:55:38 +0000] "GET /wp-content/plugins/wolf-visual-composer/assets/js/min/fittext.min.js?ver=3.7.21 HTTP/1.1" 200 281 "https://muzza.fit/" "Mozilla/5.0 (compatible; BitSightBot/1.0)"
185.117.225.236 - - [14/Jul/2025:19:55:38 +0000] "GET /wp-content/themes/deadlift/assets/js/lib/player.min.js?ver=2.6.1 HTTP/1.1" 200 5322 "https://muzza.fit/" "Mozilla/5.0 (compatible; BitSightBot/1.0)"
185.117.225.236 - - [14/Jul/2025:19:55:38 +0000] "GET /wp-content/themes/deadlift/assets/js/YT-background.min.js?ver=1.8.2 HTTP/1.1" 200 902 "https://muzza.fit/" "Mozilla/5.0 (compatible; BitSightBot/1.0)"
185.117.225.236 - - [14/Jul/2025:19:55:38 +0000] "GET /wp-content/plugins/wolf-visual-composer/assets/js/lib/wow.min.js?ver=1.3.0 HTTP/1.1" 200 2825 "https://muzza.fit/" "Mozilla/5.0 (compatible; BitSightBot/1.0)"
