216.73.216.2 - - [16/Jul/2025:19:01:22 +0000] "GET /goods/473351652.shtml HTTP/1.1" 404 12924 "-" "Mozilla/5.0 AppleWebKit/537.36 (KHTML, like Gecko; compatible; ClaudeBot/1.0; [email protected])"
57.141.2.3 - - [16/Jul/2025:19:01:24 +0000] "GET /?h=117142761031600 HTTP/1.1" 200 97956 "-" "meta-externalagent/1.1 (+https://developers.facebook.com/docs/sharing/webmasters/crawler)"
216.73.216.2 - - [16/Jul/2025:19:01:25 +0000] "GET /goods/473543482.shtml HTTP/1.1" 404 12924 "-" "Mozilla/5.0 AppleWebKit/537.36 (KHTML, like Gecko; compatible; ClaudeBot/1.0; [email protected])"
57.141.2.13 - - [16/Jul/2025:19:01:27 +0000] "GET /?h=26186390001600& HTTP/1.1" 301 - "-" "meta-externalagent/1.1 (+https://developers.facebook.com/docs/sharing/webmasters/crawler)"
216.73.216.2 - - [16/Jul/2025:19:01:28 +0000] "GET /goods/473451564.shtml HTTP/1.1" 404 12924 "-" "Mozilla/5.0 AppleWebKit/537.36 (KHTML, like Gecko; compatible; ClaudeBot/1.0; [email protected])"
216.73.216.2 - - [16/Jul/2025:19:01:31 +0000] "GET /goods/473278874.shtml HTTP/1.1" 404 12924 "-" "Mozilla/5.0 AppleWebKit/537.36 (KHTML, like Gecko; compatible; ClaudeBot/1.0; [email protected])"
216.73.216.2 - - [16/Jul/2025:19:01:34 +0000] "GET /goods/473176868.shtml HTTP/1.1" 404 12924 "-" "Mozilla/5.0 AppleWebKit/537.36 (KHTML, like Gecko; compatible; ClaudeBot/1.0; [email protected])"
57.141.2.18 - - [16/Jul/2025:19:01:35 +0000] "GET /?h=96516177041600& HTTP/1.1" 301 - "-" "meta-externalagent/1.1 (+https://developers.facebook.com/docs/sharing/webmasters/crawler)"
216.73.216.2 - - [16/Jul/2025:19:01:37 +0000] "GET /goods/473195914.shtml HTTP/1.1" 404 12924 "-" "Mozilla/5.0 AppleWebKit/537.36 (KHTML, like Gecko; compatible; ClaudeBot/1.0; [email protected])"
57.141.2.3 - - [16/Jul/2025:19:01:39 +0000] "GET /?h=96516177041600 HTTP/1.1" 200 97953 "-" "meta-externalagent/1.1 (+https://developers.facebook.com/docs/sharing/webmasters/crawler)"
216.73.216.2 - - [16/Jul/2025:19:01:40 +0000] "GET /goods/473458820.shtml HTTP/1.1" 404 12924 "-" "Mozilla/5.0 AppleWebKit/537.36 (KHTML, like Gecko; compatible; ClaudeBot/1.0; [email protected])"
216.73.216.2 - - [16/Jul/2025:19:01:43 +0000] "GET /goods/473064952.shtml HTTP/1.1" 404 12924 "-" "Mozilla/5.0 AppleWebKit/537.36 (KHTML, like Gecko; compatible; ClaudeBot/1.0; [email protected])"
66.249.74.43 - - [16/Jul/2025:19:01:45 +0000] "GET /?h=113546480051600&mod=28bde6c8&uri=form.php?goods/36409070.shtml HTTP/1.1" 301 - "-" "Mozilla/5.0 (Linux; Android 6.0.1; Nexus 5X Build/MMB29P) AppleWebKit/537.36 (KHTML, like Gecko) Chrome/137.0.7151.103 Mobile Safari/537.36 (compatible; Googlebot/2.1; +http://www.google.com/bot.html)"
66.249.74.43 - - [16/Jul/2025:19:01:45 +0000] "GET /?h=113546480051600&mod=28bde6c8&uri=form.php%3Fgoods%2F36409070.shtml HTTP/1.1" 200 16281 "-" "Mozilla/5.0 (Linux; Android 6.0.1; Nexus 5X Build/MMB29P) AppleWebKit/537.36 (KHTML, like Gecko) Chrome/137.0.7151.103 Mobile Safari/537.36 (compatible; Googlebot/2.1; +http://www.google.com/bot.html)"
209.74.77.214 - - [16/Jul/2025:19:01:46 +0000] "POST /wp-cron.php?doing_wp_cron=1752692506.7160820960998535156250 HTTP/1.1" 200 - "-" "WordPress/6.8.2; https://sergio-cuchi.tattoo"
216.73.216.2 - - [16/Jul/2025:19:01:46 +0000] "GET /goods/473173468.shtml HTTP/1.1" 404 12924 "-" "Mozilla/5.0 AppleWebKit/537.36 (KHTML, like Gecko; compatible; ClaudeBot/1.0; [email protected])"
216.73.216.2 - - [16/Jul/2025:19:01:49 +0000] "GET /goods/473163448.shtml HTTP/1.1" 404 12924 "-" "Mozilla/5.0 AppleWebKit/537.36 (KHTML, like Gecko; compatible; ClaudeBot/1.0; [email protected])"
216.73.216.2 - - [16/Jul/2025:19:01:52 +0000] "GET /goods/473411854.shtml HTTP/1.1" 404 12924 "-" "Mozilla/5.0 AppleWebKit/537.36 (KHTML, like Gecko; compatible; ClaudeBot/1.0; [email protected])"
216.73.216.2 - - [16/Jul/2025:19:01:55 +0000] "GET /goods/473161686.shtml HTTP/1.1" 404 12924 "-" "Mozilla/5.0 AppleWebKit/537.36 (KHTML, like Gecko; compatible; ClaudeBot/1.0; [email protected])"
216.73.216.2 - - [16/Jul/2025:19:01:58 +0000] "GET /goods/473093972.shtml HTTP/1.1" 404 12924 "-" "Mozilla/5.0 AppleWebKit/537.36 (KHTML, like Gecko; compatible; ClaudeBot/1.0; [email protected])"
57.141.2.13 - - [16/Jul/2025:19:02:01 +0000] "GET /?h=100931648031600& HTTP/1.1" 301 - "-" "meta-externalagent/1.1 (+https://developers.facebook.com/docs/sharing/webmasters/crawler)"
57.141.2.18 - - [16/Jul/2025:19:02:05 +0000] "GET /?h=100931648031600 HTTP/1.1" 200 97945 "-" "meta-externalagent/1.1 (+https://developers.facebook.com/docs/sharing/webmasters/crawler)"
209.74.77.214 - - [16/Jul/2025:19:03:15 +0000] "POST /wp-cron.php?doing_wp_cron=1752692595.3104960918426513671875 HTTP/1.1" 200 - "-" "WordPress/6.8.2; https://sergio-cuchi.tattoo"
66.249.74.43 - - [16/Jul/2025:19:03:13 +0000] "GET /?h=55288994081600&mod=3dd420c4&uri=shop.php?goods/1999384.shtml HTTP/1.1" 301 - "-" "Mozilla/5.0 (Linux; Android 6.0.1; Nexus 5X Build/MMB29P) AppleWebKit/537.36 (KHTML, like Gecko) Chrome/137.0.7151.103 Mobile Safari/537.36 (compatible; Googlebot/2.1; +http://www.google.com/bot.html)"
66.249.74.42 - - [16/Jul/2025:19:03:15 +0000] "GET /?h=55288994081600&mod=3dd420c4&uri=shop.php%3Fgoods%2F1999384.shtml HTTP/1.1" 200 16281 "-" "Mozilla/5.0 (Linux; Android 6.0.1; Nexus 5X Build/MMB29P) AppleWebKit/537.36 (KHTML, like Gecko) Chrome/137.0.7151.103 Mobile Safari/537.36 (compatible; Googlebot/2.1; +http://www.google.com/bot.html)"
57.141.2.12 - - [16/Jul/2025:19:03:18 +0000] "GET /?h=4427419041600& HTTP/1.1" 301 - "-" "meta-externalagent/1.1 (+https://developers.facebook.com/docs/sharing/webmasters/crawler)"
66.249.74.42 - - [16/Jul/2025:19:03:20 +0000] "GET /?h=5168187021600&mod=7232a90e&uri=info.php?goods/1991718.shtml HTTP/1.1" 301 - "-" "Mozilla/5.0 (Linux; Android 6.0.1; Nexus 5X Build/MMB29P) AppleWebKit/537.36 (KHTML, like Gecko) Chrome/137.0.7151.103 Mobile Safari/537.36 (compatible; Googlebot/2.1; +http://www.google.com/bot.html)"
66.249.74.42 - - [16/Jul/2025:19:03:20 +0000] "GET /?h=5168187021600&mod=7232a90e&uri=info.php%3Fgoods%2F1991718.shtml HTTP/1.1" 200 16284 "-" "Mozilla/5.0 (Linux; Android 6.0.1; Nexus 5X Build/MMB29P) AppleWebKit/537.36 (KHTML, like Gecko) Chrome/137.0.7151.103 Mobile Safari/537.36 (compatible; Googlebot/2.1; +http://www.google.com/bot.html)"
57.141.2.2 - - [16/Jul/2025:19:03:21 +0000] "GET /?h=30031108011600& HTTP/1.1" 301 - "-" "meta-externalagent/1.1 (+https://developers.facebook.com/docs/sharing/webmasters/crawler)"
57.141.2.21 - - [16/Jul/2025:19:03:22 +0000] "GET /?h=4427419041600 HTTP/1.1" 200 97956 "-" "meta-externalagent/1.1 (+https://developers.facebook.com/docs/sharing/webmasters/crawler)"
66.249.74.42 - - [16/Jul/2025:19:03:24 +0000] "GET /?h=6081549001600&mod=cdb36ea7&uri=search.php?pcmypage/ HTTP/1.1" 301 - "-" "Mozilla/5.0 (Linux; Android 6.0.1; Nexus 5X Build/MMB29P) AppleWebKit/537.36 (KHTML, like Gecko) Chrome/137.0.7151.103 Mobile Safari/537.36 (compatible; Googlebot/2.1; +http://www.google.com/bot.html)"
66.249.74.42 - - [16/Jul/2025:19:03:25 +0000] "GET /?h=6081549001600&mod=cdb36ea7&uri=search.php%3Fpcmypage%2F HTTP/1.1" 200 16284 "-" "Mozilla/5.0 (Linux; Android 6.0.1; Nexus 5X Build/MMB29P) AppleWebKit/537.36 (KHTML, like Gecko) Chrome/137.0.7151.103 Mobile Safari/537.36 (compatible; Googlebot/2.1; +http://www.google.com/bot.html)"
57.141.2.9 - - [16/Jul/2025:19:03:26 +0000] "GET /?h=18482827031600& HTTP/1.1" 301 - "-" "meta-externalagent/1.1 (+https://developers.facebook.com/docs/sharing/webmasters/crawler)"
66.249.74.42 - - [16/Jul/2025:19:03:28 +0000] "POST /?wc-ajax=get_refreshed_fragments HTTP/1.1" 200 186 "https://sergio-cuchi.tattoo/?h=55288994081600&mod=3dd420c4&uri=shop.php%3Fgoods%2F1999384.shtml" "Mozilla/5.0 (Linux; Android 6.0.1; Nexus 5X Build/MMB29P) AppleWebKit/537.36 (KHTML, like Gecko) Chrome/137.0.7151.119 Mobile Safari/537.36 (compatible; Googlebot/2.1; +http://www.google.com/bot.html)"
66.249.74.42 - - [16/Jul/2025:19:03:28 +0000] "POST /?wc-ajax=get_refreshed_fragments HTTP/1.1" 200 186 "https://sergio-cuchi.tattoo/?h=6081549001600&mod=cdb36ea7&uri=search.php%3Fpcmypage%2F" "Mozilla/5.0 (Linux; Android 6.0.1; Nexus 5X Build/MMB29P) AppleWebKit/537.36 (KHTML, like Gecko) Chrome/137.0.7151.119 Mobile Safari/537.36 (compatible; Googlebot/2.1; +http://www.google.com/bot.html)"
57.141.2.15 - - [16/Jul/2025:19:03:28 +0000] "GET /?h=775929051600& HTTP/1.1" 301 - "-" "meta-externalagent/1.1 (+https://developers.facebook.com/docs/sharing/webmasters/crawler)"
57.141.2.22 - - [16/Jul/2025:19:03:29 +0000] "GET /?h=111648779001600& HTTP/1.1" 301 - "-" "meta-externalagent/1.1 (+https://developers.facebook.com/docs/sharing/webmasters/crawler)"
57.141.2.24 - - [16/Jul/2025:19:03:31 +0000] "GET /?h=35695142091600& HTTP/1.1" 301 - "-" "meta-externalagent/1.1 (+https://developers.facebook.com/docs/sharing/webmasters/crawler)"
57.141.2.2 - - [16/Jul/2025:19:03:35 +0000] "GET /?h=51896635001600& HTTP/1.1" 301 - "-" "meta-externalagent/1.1 (+https://developers.facebook.com/docs/sharing/webmasters/crawler)"
66.249.74.42 - - [16/Jul/2025:19:03:38 +0000] "POST /?wc-ajax=get_refreshed_fragments HTTP/1.1" 200 186 "https://sergio-cuchi.tattoo/?h=5168187021600&mod=7232a90e&uri=info.php%3Fgoods%2F1991718.shtml" "Mozilla/5.0 (Linux; Android 6.0.1; Nexus 5X Build/MMB29P) AppleWebKit/537.36 (KHTML, like Gecko) Chrome/137.0.7151.119 Mobile Safari/537.36 (compatible; Googlebot/2.1; +http://www.google.com/bot.html)"
57.141.2.4 - - [16/Jul/2025:19:03:40 +0000] "GET /?h=51896635001600 HTTP/1.1" 200 97956 "-" "meta-externalagent/1.1 (+https://developers.facebook.com/docs/sharing/webmasters/crawler)"
209.74.77.214 - - [16/Jul/2025:19:03:54 +0000] "POST /wp-cron.php?doing_wp_cron=1752692634.5836989879608154296875 HTTP/1.1" 200 - "-" "WordPress/6.8.2; https://sergio-cuchi.tattoo"
66.249.74.42 - - [16/Jul/2025:19:03:54 +0000] "GET /?h=3574362001600&mod=192134aa&uri=shop.php?goods/2031104.shtml HTTP/1.1" 301 - "-" "Mozilla/5.0 (Linux; Android 6.0.1; Nexus 5X Build/MMB29P) AppleWebKit/537.36 (KHTML, like Gecko) Chrome/137.0.7151.103 Mobile Safari/537.36 (compatible; Googlebot/2.1; +http://www.google.com/bot.html)"
66.249.74.42 - - [16/Jul/2025:19:03:54 +0000] "GET /?h=5162025061600&mod=7232a90e&uri=pin.php?goods/2018686.shtml HTTP/1.1" 301 - "-" "Mozilla/5.0 (Linux; Android 6.0.1; Nexus 5X Build/MMB29P) AppleWebKit/537.36 (KHTML, like Gecko) Chrome/137.0.7151.103 Mobile Safari/537.36 (compatible; Googlebot/2.1; +http://www.google.com/bot.html)"
66.249.74.42 - - [16/Jul/2025:19:03:55 +0000] "GET /?h=3574362001600&mod=192134aa&uri=shop.php%3Fgoods%2F2031104.shtml HTTP/1.1" 200 16281 "-" "Mozilla/5.0 (Linux; Android 6.0.1; Nexus 5X Build/MMB29P) AppleWebKit/537.36 (KHTML, like Gecko) Chrome/137.0.7151.103 Mobile Safari/537.36 (compatible; Googlebot/2.1; +http://www.google.com/bot.html)"
66.249.74.42 - - [16/Jul/2025:19:03:55 +0000] "GET /?h=5162025061600&mod=7232a90e&uri=pin.php%3Fgoods%2F2018686.shtml HTTP/1.1" 200 16283 "-" "Mozilla/5.0 (Linux; Android 6.0.1; Nexus 5X Build/MMB29P) AppleWebKit/537.36 (KHTML, like Gecko) Chrome/137.0.7151.103 Mobile Safari/537.36 (compatible; Googlebot/2.1; +http://www.google.com/bot.html)"
66.249.74.42 - - [16/Jul/2025:19:03:55 +0000] "GET /?h=5733976071600&mod=7232a90e&uri=shared.php?toreka/toreka_single.html HTTP/1.1" 301 - "-" "Mozilla/5.0 (Linux; Android 6.0.1; Nexus 5X Build/MMB29P) AppleWebKit/537.36 (KHTML, like Gecko) Chrome/137.0.7151.103 Mobile Safari/537.36 (compatible; Googlebot/2.1; +http://www.google.com/bot.html)"
66.249.74.42 - - [16/Jul/2025:19:03:56 +0000] "GET /?h=5733976071600&mod=7232a90e&uri=shared.php%3Ftoreka%2Ftoreka_single.html HTTP/1.1" 200 16281 "-" "Mozilla/5.0 (Linux; Android 6.0.1; Nexus 5X Build/MMB29P) AppleWebKit/537.36 (KHTML, like Gecko) Chrome/137.0.7151.103 Mobile Safari/537.36 (compatible; Googlebot/2.1; +http://www.google.com/bot.html)"
209.74.77.214 - - [16/Jul/2025:19:05:06 +0000] "POST /wp-cron.php?doing_wp_cron=1752692706.1135520935058593750000 HTTP/1.1" 200 - "-" "WordPress/6.8.2; https://sergio-cuchi.tattoo"
66.249.74.42 - - [16/Jul/2025:19:05:05 +0000] "GET /?h=5733976071600&mod=7232a90e&uri=shared.php?goods/2004878.shtml HTTP/1.1" 301 - "-" "Mozilla/5.0 (Linux; Android 6.0.1; Nexus 5X Build/MMB29P) AppleWebKit/537.36 (KHTML, like Gecko) Chrome/137.0.7151.103 Mobile Safari/537.36 (compatible; Googlebot/2.1; +http://www.google.com/bot.html)"
66.249.74.42 - - [16/Jul/2025:19:05:04 +0000] "GET /?h=5733976071600&mod=7232a90e&uri=shared.php?goods/2015568.shtml HTTP/1.1" 301 - "-" "Mozilla/5.0 (Linux; Android 6.0.1; Nexus 5X Build/MMB29P) AppleWebKit/537.36 (KHTML, like Gecko) Chrome/137.0.7151.103 Mobile Safari/537.36 (compatible; Googlebot/2.1; +http://www.google.com/bot.html)"
66.249.74.43 - - [16/Jul/2025:19:05:06 +0000] "GET /?h=5733976071600&mod=7232a90e&uri=shared.php%3Fgoods%2F2015568.shtml HTTP/1.1" 200 16283 "-" "Mozilla/5.0 (Linux; Android 6.0.1; Nexus 5X Build/MMB29P) AppleWebKit/537.36 (KHTML, like Gecko) Chrome/137.0.7151.103 Mobile Safari/537.36 (compatible; Googlebot/2.1; +http://www.google.com/bot.html)"
209.74.77.214 - - [16/Jul/2025:19:05:06 +0000] "POST /wp-cron.php?doing_wp_cron=1752692706.7558019161224365234375 HTTP/1.1" 200 - "-" "WordPress/6.8.2; https://sergio-cuchi.tattoo"
66.249.74.32 - - [16/Jul/2025:19:05:03 +0000] "GET /?h=5568904021600&mod=23f1d15c&uri=shop.php?goods/39711610.shtml HTTP/1.1" 301 - "-" "Mozilla/5.0 (Linux; Android 6.0.1; Nexus 5X Build/MMB29P) AppleWebKit/537.36 (KHTML, like Gecko) Chrome/137.0.7151.103 Mobile Safari/537.36 (compatible; Googlebot/2.1; +http://www.google.com/bot.html)"
66.249.74.32 - - [16/Jul/2025:19:05:06 +0000] "GET /?h=5733976071600&mod=7232a90e&uri=shared.php%3Fgoods%2F2004878.shtml HTTP/1.1" 200 16282 "-" "Mozilla/5.0 (Linux; Android 6.0.1; Nexus 5X Build/MMB29P) AppleWebKit/537.36 (KHTML, like Gecko) Chrome/137.0.7151.103 Mobile Safari/537.36 (compatible; Googlebot/2.1; +http://www.google.com/bot.html)"
66.249.74.32 - - [16/Jul/2025:19:05:06 +0000] "GET /?h=5733976071600&mod=7232a90e&uri=shared.php?goods/2014220.shtml HTTP/1.1" 301 - "-" "Mozilla/5.0 (Linux; Android 6.0.1; Nexus 5X Build/MMB29P) AppleWebKit/537.36 (KHTML, like Gecko) Chrome/137.0.7151.103 Mobile Safari/537.36 (compatible; Googlebot/2.1; +http://www.google.com/bot.html)"
66.249.74.43 - - [16/Jul/2025:19:05:07 +0000] "GET /?h=5568904021600&mod=23f1d15c&uri=shop.php%3Fgoods%2F39711610.shtml HTTP/1.1" 200 16279 "-" "Mozilla/5.0 (Linux; Android 6.0.1; Nexus 5X Build/MMB29P) AppleWebKit/537.36 (KHTML, like Gecko) Chrome/137.0.7151.103 Mobile Safari/537.36 (compatible; Googlebot/2.1; +http://www.google.com/bot.html)"
66.249.74.42 - - [16/Jul/2025:19:05:07 +0000] "GET /?h=5733976071600&mod=7232a90e&uri=shared.php%3Fgoods%2F2014220.shtml HTTP/1.1" 200 16283 "-" "Mozilla/5.0 (Linux; Android 6.0.1; Nexus 5X Build/MMB29P) AppleWebKit/537.36 (KHTML, like Gecko) Chrome/137.0.7151.103 Mobile Safari/537.36 (compatible; Googlebot/2.1; +http://www.google.com/bot.html)"
66.249.74.42 - - [16/Jul/2025:19:05:07 +0000] "GET /?h=5733976071600&mod=7232a90e&uri=shared.php?goods/2011712.shtml HTTP/1.1" 301 - "-" "Mozilla/5.0 (Linux; Android 6.0.1; Nexus 5X Build/MMB29P) AppleWebKit/537.36 (KHTML, like Gecko) Chrome/137.0.7151.103 Mobile Safari/537.36 (compatible; Googlebot/2.1; +http://www.google.com/bot.html)"
66.249.74.42 - - [16/Jul/2025:19:05:07 +0000] "GET /?h=5733976071600&mod=7232a90e&uri=shared.php%3Fgoods%2F2011712.shtml HTTP/1.1" 200 16282 "-" "Mozilla/5.0 (Linux; Android 6.0.1; Nexus 5X Build/MMB29P) AppleWebKit/537.36 (KHTML, like Gecko) Chrome/137.0.7151.103 Mobile Safari/537.36 (compatible; Googlebot/2.1; +http://www.google.com/bot.html)"
66.249.74.42 - - [16/Jul/2025:19:05:09 +0000] "GET /?h=5733976071600&mod=7232a90e&uri=shared.php?goods/2003786.shtml HTTP/1.1" 301 - "-" "Mozilla/5.0 (Linux; Android 6.0.1; Nexus 5X Build/MMB29P) AppleWebKit/537.36 (KHTML, like Gecko) Chrome/137.0.7151.103 Mobile Safari/537.36 (compatible; Googlebot/2.1; +http://www.google.com/bot.html)"
66.249.74.43 - - [16/Jul/2025:19:05:09 +0000] "GET /?h=5733976071600&mod=7232a90e&uri=shared.php%3Fgoods%2F2003786.shtml HTTP/1.1" 200 16284 "-" "Mozilla/5.0 (Linux; Android 6.0.1; Nexus 5X Build/MMB29P) AppleWebKit/537.36 (KHTML, like Gecko) Chrome/137.0.7151.103 Mobile Safari/537.36 (compatible; Googlebot/2.1; +http://www.google.com/bot.html)"
66.249.74.43 - - [16/Jul/2025:19:05:09 +0000] "POST /?wc-ajax=get_refreshed_fragments HTTP/1.1" 200 186 "https://sergio-cuchi.tattoo/?h=5733976071600&mod=7232a90e&uri=shared.php%3Fgoods%2F2004878.shtml" "Mozilla/5.0 (Linux; Android 6.0.1; Nexus 5X Build/MMB29P) AppleWebKit/537.36 (KHTML, like Gecko) Chrome/137.0.7151.119 Mobile Safari/537.36 (compatible; Googlebot/2.1; +http://www.google.com/bot.html)"
66.249.74.43 - - [16/Jul/2025:19:05:11 +0000] "GET /?h=5733976071600&mod=7232a90e&uri=shared.php?goods/2006294.shtml HTTP/1.1" 301 - "-" "Mozilla/5.0 (Linux; Android 6.0.1; Nexus 5X Build/MMB29P) AppleWebKit/537.36 (KHTML, like Gecko) Chrome/137.0.7151.103 Mobile Safari/537.36 (compatible; Googlebot/2.1; +http://www.google.com/bot.html)"
66.249.74.42 - - [16/Jul/2025:19:05:11 +0000] "GET /?h=5733976071600&mod=7232a90e&uri=shared.php%3Fgoods%2F2006294.shtml HTTP/1.1" 200 16281 "-" "Mozilla/5.0 (Linux; Android 6.0.1; Nexus 5X Build/MMB29P) AppleWebKit/537.36 (KHTML, like Gecko) Chrome/137.0.7151.103 Mobile Safari/537.36 (compatible; Googlebot/2.1; +http://www.google.com/bot.html)"
66.249.74.42 - - [16/Jul/2025:19:05:15 +0000] "GET /?h=5733976071600&mod=7232a90e&uri=shared.php?goods/2008666.shtml HTTP/1.1" 301 - "-" "Mozilla/5.0 (Linux; Android 6.0.1; Nexus 5X Build/MMB29P) AppleWebKit/537.36 (KHTML, like Gecko) Chrome/137.0.7151.103 Mobile Safari/537.36 (compatible; Googlebot/2.1; +http://www.google.com/bot.html)"
66.249.74.42 - - [16/Jul/2025:19:05:15 +0000] "GET /?h=5733976071600&mod=7232a90e&uri=shared.php%3Fgoods%2F2008666.shtml HTTP/1.1" 200 16284 "-" "Mozilla/5.0 (Linux; Android 6.0.1; Nexus 5X Build/MMB29P) AppleWebKit/537.36 (KHTML, like Gecko) Chrome/137.0.7151.103 Mobile Safari/537.36 (compatible; Googlebot/2.1; +http://www.google.com/bot.html)"
66.249.74.42 - - [16/Jul/2025:19:05:19 +0000] "GET /?h=5733976071600&mod=7232a90e&uri=shared.php?toreka/goods_menu.html HTTP/1.1" 301 - "-" "Mozilla/5.0 (Linux; Android 6.0.1; Nexus 5X Build/MMB29P) AppleWebKit/537.36 (KHTML, like Gecko) Chrome/137.0.7151.103 Mobile Safari/537.36 (compatible; Googlebot/2.1; +http://www.google.com/bot.html)"
66.249.74.42 - - [16/Jul/2025:19:05:19 +0000] "GET /?h=5733976071600&mod=7232a90e&uri=shared.php%3Ftoreka%2Fgoods_menu.html HTTP/1.1" 200 16284 "-" "Mozilla/5.0 (Linux; Android 6.0.1; Nexus 5X Build/MMB29P) AppleWebKit/537.36 (KHTML, like Gecko) Chrome/137.0.7151.103 Mobile Safari/537.36 (compatible; Googlebot/2.1; +http://www.google.com/bot.html)"
66.249.74.42 - - [16/Jul/2025:19:05:20 +0000] "GET /?h=5733976071600&mod=7232a90e&uri=shared.php?goods/2000732.shtml HTTP/1.1" 301 - "-" "Mozilla/5.0 (Linux; Android 6.0.1; Nexus 5X Build/MMB29P) AppleWebKit/537.36 (KHTML, like Gecko) Chrome/137.0.7151.103 Mobile Safari/537.36 (compatible; Googlebot/2.1; +http://www.google.com/bot.html)"
66.249.74.42 - - [16/Jul/2025:19:05:20 +0000] "GET /?h=5733976071600&mod=7232a90e&uri=shared.php%3Fgoods%2F2000732.shtml HTTP/1.1" 200 16284 "-" "Mozilla/5.0 (Linux; Android 6.0.1; Nexus 5X Build/MMB29P) AppleWebKit/537.36 (KHTML, like Gecko) Chrome/137.0.7151.103 Mobile Safari/537.36 (compatible; Googlebot/2.1; +http://www.google.com/bot.html)"
66.249.74.42 - - [16/Jul/2025:19:05:23 +0000] "GET /?h=5733976071600&mod=7232a90e&uri=shared.php?goods/1997946.shtml HTTP/1.1" 301 - "-" "Mozilla/5.0 (Linux; Android 6.0.1; Nexus 5X Build/MMB29P) AppleWebKit/537.36 (KHTML, like Gecko) Chrome/137.0.7151.103 Mobile Safari/537.36 (compatible; Googlebot/2.1; +http://www.google.com/bot.html)"
66.249.74.42 - - [16/Jul/2025:19:05:23 +0000] "GET /?h=5733976071600&mod=7232a90e&uri=shared.php%3Fgoods%2F1997946.shtml HTTP/1.1" 200 16284 "-" "Mozilla/5.0 (Linux; Android 6.0.1; Nexus 5X Build/MMB29P) AppleWebKit/537.36 (KHTML, like Gecko) Chrome/137.0.7151.103 Mobile Safari/537.36 (compatible; Googlebot/2.1; +http://www.google.com/bot.html)"
66.249.74.42 - - [16/Jul/2025:19:05:33 +0000] "POST /?wc-ajax=get_refreshed_fragments HTTP/1.1" 200 186 "https://sergio-cuchi.tattoo/?h=5733976071600&mod=7232a90e&uri=shared.php%3Fgoods%2F2006294.shtml" "Mozilla/5.0 (Linux; Android 6.0.1; Nexus 5X Build/MMB29P) AppleWebKit/537.36 (KHTML, like Gecko) Chrome/137.0.7151.119 Mobile Safari/537.36 (compatible; Googlebot/2.1; +http://www.google.com/bot.html)"
66.249.74.42 - - [16/Jul/2025:19:05:37 +0000] "POST /?wc-ajax=get_refreshed_fragments HTTP/1.1" 200 186 "https://sergio-cuchi.tattoo/?h=5733976071600&mod=7232a90e&uri=shared.php%3Fgoods%2F1997946.shtml" "Mozilla/5.0 (Linux; Android 6.0.1; Nexus 5X Build/MMB29P) AppleWebKit/537.36 (KHTML, like Gecko) Chrome/137.0.7151.119 Mobile Safari/537.36 (compatible; Googlebot/2.1; +http://www.google.com/bot.html)"
57.141.2.21 - - [16/Jul/2025:19:05:45 +0000] "GET /?h=56212078031600& HTTP/1.1" 301 - "-" "meta-externalagent/1.1 (+https://developers.facebook.com/docs/sharing/webmasters/crawler)"
209.74.77.214 - - [16/Jul/2025:19:06:10 +0000] "POST /wp-cron.php?doing_wp_cron=1752692770.4628949165344238281250 HTTP/1.1" 200 - "-" "WordPress/6.8.2; https://sergio-cuchi.tattoo"
57.141.2.15 - - [16/Jul/2025:19:06:09 +0000] "GET /?h=90345872001600& HTTP/1.1" 301 - "-" "meta-externalagent/1.1 (+https://developers.facebook.com/docs/sharing/webmasters/crawler)"
66.249.74.43 - - [16/Jul/2025:19:06:15 +0000] "GET /?h=113533029071600&mod=28bde6c8&uri=search.php?feature/sapporo/index.html HTTP/1.1" 301 - "-" "Mozilla/5.0 (Linux; Android 6.0.1; Nexus 5X Build/MMB29P) AppleWebKit/537.36 (KHTML, like Gecko) Chrome/137.0.7151.103 Mobile Safari/537.36 (compatible; Googlebot/2.1; +http://www.google.com/bot.html)"
66.249.74.42 - - [16/Jul/2025:19:06:15 +0000] "GET /?h=113533029071600&mod=28bde6c8&uri=search.php%3Ffeature%2Fsapporo%2Findex.html HTTP/1.1" 200 16280 "-" "Mozilla/5.0 (Linux; Android 6.0.1; Nexus 5X Build/MMB29P) AppleWebKit/537.36 (KHTML, like Gecko) Chrome/137.0.7151.103 Mobile Safari/537.36 (compatible; Googlebot/2.1; +http://www.google.com/bot.html)"
66.249.74.43 - - [16/Jul/2025:19:06:26 +0000] "POST /?wc-ajax=get_refreshed_fragments HTTP/1.1" 200 186 "https://sergio-cuchi.tattoo/?h=5733976071600&mod=7232a90e&uri=shared.php%3Fgoods%2F2011712.shtml" "Mozilla/5.0 (Linux; Android 6.0.1; Nexus 5X Build/MMB29P) AppleWebKit/537.36 (KHTML, like Gecko) Chrome/137.0.7151.119 Mobile Safari/537.36 (compatible; Googlebot/2.1; +http://www.google.com/bot.html)"
66.249.74.42 - - [16/Jul/2025:19:06:28 +0000] "GET /?h=67266467001600&mod=bc6bcd39&uri=search.php?goods/2029666.shtml HTTP/1.1" 301 - "-" "Mozilla/5.0 (Linux; Android 6.0.1; Nexus 5X Build/MMB29P) AppleWebKit/537.36 (KHTML, like Gecko) Chrome/137.0.7151.103 Mobile Safari/537.36 (compatible; Googlebot/2.1; +http://www.google.com/bot.html)"
66.249.74.43 - - [16/Jul/2025:19:06:28 +0000] "GET /?h=67266467001600&mod=bc6bcd39&uri=search.php%3Fgoods%2F2029666.shtml HTTP/1.1" 200 16283 "-" "Mozilla/5.0 (Linux; Android 6.0.1; Nexus 5X Build/MMB29P) AppleWebKit/537.36 (KHTML, like Gecko) Chrome/137.0.7151.103 Mobile Safari/537.36 (compatible; Googlebot/2.1; +http://www.google.com/bot.html)"
57.141.2.17 - - [16/Jul/2025:19:06:33 +0000] "GET /?h=61914230081600& HTTP/1.1" 301 - "-" "meta-externalagent/1.1 (+https://developers.facebook.com/docs/sharing/webmasters/crawler)"
66.249.74.42 - - [16/Jul/2025:19:06:34 +0000] "GET /?h=5162025061600&mod=7232a90e&uri=pin.php?goods/2015568.shtml HTTP/1.1" 301 - "-" "Mozilla/5.0 (Linux; Android 6.0.1; Nexus 5X Build/MMB29P) AppleWebKit/537.36 (KHTML, like Gecko) Chrome/137.0.7151.103 Mobile Safari/537.36 (compatible; Googlebot/2.1; +http://www.google.com/bot.html)"
66.249.74.42 - - [16/Jul/2025:19:06:34 +0000] "GET /?h=5162025061600&mod=7232a90e&uri=pin.php%3Fgoods%2F2015568.shtml HTTP/1.1" 200 16282 "-" "Mozilla/5.0 (Linux; Android 6.0.1; Nexus 5X Build/MMB29P) AppleWebKit/537.36 (KHTML, like Gecko) Chrome/137.0.7151.103 Mobile Safari/537.36 (compatible; Googlebot/2.1; +http://www.google.com/bot.html)"
66.249.74.42 - - [16/Jul/2025:19:06:35 +0000] "GET /?h=5733976071600&mod=7232a90e&uri=shared.php?goods/2000322.shtml HTTP/1.1" 301 - "-" "Mozilla/5.0 (Linux; Android 6.0.1; Nexus 5X Build/MMB29P) AppleWebKit/537.36 (KHTML, like Gecko) Chrome/137.0.7151.103 Mobile Safari/537.36 (compatible; Googlebot/2.1; +http://www.google.com/bot.html)"
66.249.74.42 - - [16/Jul/2025:19:06:35 +0000] "GET /?h=5733976071600&mod=7232a90e&uri=shared.php%3Fgoods%2F2000322.shtml HTTP/1.1" 200 16283 "-" "Mozilla/5.0 (Linux; Android 6.0.1; Nexus 5X Build/MMB29P) AppleWebKit/537.36 (KHTML, like Gecko) Chrome/137.0.7151.103 Mobile Safari/537.36 (compatible; Googlebot/2.1; +http://www.google.com/bot.html)"
57.141.2.10 - - [16/Jul/2025:19:06:37 +0000] "GET /?h=61914230081600 HTTP/1.1" 200 97952 "-" "meta-externalagent/1.1 (+https://developers.facebook.com/docs/sharing/webmasters/crawler)"
66.249.74.42 - - [16/Jul/2025:19:06:38 +0000] "POST /?wc-ajax=get_refreshed_fragments HTTP/1.1" 200 186 "https://sergio-cuchi.tattoo/?h=5733976071600&mod=7232a90e&uri=shared.php%3Fgoods%2F2000322.shtml" "Mozilla/5.0 (Linux; Android 6.0.1; Nexus 5X Build/MMB29P) AppleWebKit/537.36 (KHTML, like Gecko) Chrome/137.0.7151.119 Mobile Safari/537.36 (compatible; Googlebot/2.1; +http://www.google.com/bot.html)"
57.141.2.23 - - [16/Jul/2025:19:06:40 +0000] "GET /?h=106481602011600& HTTP/1.1" 301 - "-" "meta-externalagent/1.1 (+https://developers.facebook.com/docs/sharing/webmasters/crawler)"
57.141.2.22 - - [16/Jul/2025:19:06:41 +0000] "GET /?h=89992533001600& HTTP/1.1" 301 - "-" "meta-externalagent/1.1 (+https://developers.facebook.com/docs/sharing/webmasters/crawler)"
57.141.2.12 - - [16/Jul/2025:19:06:44 +0000] "GET /?h=91199795041600& HTTP/1.1" 301 - "-" "meta-externalagent/1.1 (+https://developers.facebook.com/docs/sharing/webmasters/crawler)"
209.74.77.214 - - [16/Jul/2025:19:06:46 +0000] "POST /wp-cron.php?doing_wp_cron=1752692806.0878129005432128906250 HTTP/1.1" 200 - "-" "WordPress/6.8.2; https://sergio-cuchi.tattoo"
57.141.2.15 - - [16/Jul/2025:19:06:45 +0000] "GET /?h=38915668011600& HTTP/1.1" 301 - "-" "meta-externalagent/1.1 (+https://developers.facebook.com/docs/sharing/webmasters/crawler)"
57.141.2.15 - - [16/Jul/2025:19:06:54 +0000] "GET /?h=42348556031600& HTTP/1.1" 301 - "-" "meta-externalagent/1.1 (+https://developers.facebook.com/docs/sharing/webmasters/crawler)"
57.141.2.15 - - [16/Jul/2025:19:07:06 +0000] "GET /?h=48915534091600& HTTP/1.1" 301 - "-" "meta-externalagent/1.1 (+https://developers.facebook.com/docs/sharing/webmasters/crawler)"
57.141.2.24 - - [16/Jul/2025:19:07:12 +0000] "GET /?h=48915534091600 HTTP/1.1" 200 97953 "-" "meta-externalagent/1.1 (+https://developers.facebook.com/docs/sharing/webmasters/crawler)"
57.141.2.14 - - [16/Jul/2025:19:07:29 +0000] "GET /?h=34855846031600& HTTP/1.1" 301 - "-" "meta-externalagent/1.1 (+https://developers.facebook.com/docs/sharing/webmasters/crawler)"
57.141.2.15 - - [16/Jul/2025:19:07:33 +0000] "GET /?h=34855846031600 HTTP/1.1" 200 97949 "-" "meta-externalagent/1.1 (+https://developers.facebook.com/docs/sharing/webmasters/crawler)"
57.141.2.12 - - [16/Jul/2025:19:07:38 +0000] "GET /?h=25010085031600& HTTP/1.1" 301 - "-" "meta-externalagent/1.1 (+https://developers.facebook.com/docs/sharing/webmasters/crawler)"
57.141.2.18 - - [16/Jul/2025:19:07:43 +0000] "GET /?h=31495599071600& HTTP/1.1" 301 - "-" "meta-externalagent/1.1 (+https://developers.facebook.com/docs/sharing/webmasters/crawler)"
209.74.77.214 - - [16/Jul/2025:19:08:38 +0000] "POST /wp-cron.php?doing_wp_cron=1752692918.7123351097106933593750 HTTP/1.1" 200 - "-" "WordPress/6.8.2; https://sergio-cuchi.tattoo"
209.74.77.214 - - [16/Jul/2025:19:08:38 +0000] "POST /wp-cron.php?doing_wp_cron=1752692918.7122769355773925781250 HTTP/1.1" 200 - "-" "WordPress/6.8.2; https://sergio-cuchi.tattoo"
57.141.2.17 - - [16/Jul/2025:19:08:36 +0000] "GET /?h=79316069141600& HTTP/1.1" 301 - "-" "meta-externalagent/1.1 (+https://developers.facebook.com/docs/sharing/webmasters/crawler)"
57.141.2.11 - - [16/Jul/2025:19:08:37 +0000] "GET /?h=117108321041600& HTTP/1.1" 301 - "-" "meta-externalagent/1.1 (+https://developers.facebook.com/docs/sharing/webmasters/crawler)"
209.74.77.214 - - [16/Jul/2025:19:08:48 +0000] "POST /wp-cron.php?doing_wp_cron=1752692928.9312551021575927734375 HTTP/1.1" 200 - "-" "WordPress/6.8.2; https://sergio-cuchi.tattoo"
66.249.74.42 - - [16/Jul/2025:19:08:48 +0000] "GET /?h=6081549001600&mod=cdb36ea7&uri=search.php?product_archives HTTP/1.1" 301 - "-" "Mozilla/5.0 (Linux; Android 6.0.1; Nexus 5X Build/MMB29P) AppleWebKit/537.36 (KHTML, like Gecko) Chrome/137.0.7151.103 Mobile Safari/537.36 (compatible; Googlebot/2.1; +http://www.google.com/bot.html)"
66.249.74.32 - - [16/Jul/2025:19:08:49 +0000] "GET /?h=6081549001600&mod=cdb36ea7&uri=search.php%3Fproduct_archives HTTP/1.1" 200 16284 "-" "Mozilla/5.0 (Linux; Android 6.0.1; Nexus 5X Build/MMB29P) AppleWebKit/537.36 (KHTML, like Gecko) Chrome/137.0.7151.103 Mobile Safari/537.36 (compatible; Googlebot/2.1; +http://www.google.com/bot.html)"
57.141.2.3 - - [16/Jul/2025:19:09:02 +0000] "GET /?h=114790568011600& HTTP/1.1" 301 - "-" "meta-externalagent/1.1 (+https://developers.facebook.com/docs/sharing/webmasters/crawler)"
57.141.2.18 - - [16/Jul/2025:19:09:08 +0000] "GET /?h=114790568011600 HTTP/1.1" 200 97956 "-" "meta-externalagent/1.1 (+https://developers.facebook.com/docs/sharing/webmasters/crawler)"
66.249.74.43 - - [16/Jul/2025:19:09:11 +0000] "GET /?h=5289254031600&mod=d62b664e&uri=brands.php?feature/shoplist-friendly/index.html HTTP/1.1" 301 - "-" "Mozilla/5.0 (Linux; Android 6.0.1; Nexus 5X Build/MMB29P) AppleWebKit/537.36 (KHTML, like Gecko) Chrome/137.0.7151.103 Mobile Safari/537.36 (compatible; Googlebot/2.1; +http://www.google.com/bot.html)"
66.249.74.43 - - [16/Jul/2025:19:09:11 +0000] "GET /?h=5289254031600&mod=d62b664e&uri=brands.php%3Ffeature%2Fshoplist-friendly%2Findex.html HTTP/1.1" 200 16282 "-" "Mozilla/5.0 (Linux; Android 6.0.1; Nexus 5X Build/MMB29P) AppleWebKit/537.36 (KHTML, like Gecko) Chrome/137.0.7151.103 Mobile Safari/537.36 (compatible; Googlebot/2.1; +http://www.google.com/bot.html)"
66.249.74.43 - - [16/Jul/2025:19:09:11 +0000] "GET /?h=5162025061600&mod=7232a90e&uri=pin.php?goods/2015922.shtml HTTP/1.1" 301 - "-" "Mozilla/5.0 (Linux; Android 6.0.1; Nexus 5X Build/MMB29P) AppleWebKit/537.36 (KHTML, like Gecko) Chrome/137.0.7151.103 Mobile Safari/537.36 (compatible; Googlebot/2.1; +http://www.google.com/bot.html)"
66.249.74.32 - - [16/Jul/2025:19:09:11 +0000] "GET /?h=5162025061600&mod=7232a90e&uri=pin.php%3Fgoods%2F2015922.shtml HTTP/1.1" 200 16283 "-" "Mozilla/5.0 (Linux; Android 6.0.1; Nexus 5X Build/MMB29P) AppleWebKit/537.36 (KHTML, like Gecko) Chrome/137.0.7151.103 Mobile Safari/537.36 (compatible; Googlebot/2.1; +http://www.google.com/bot.html)"
57.141.2.12 - - [16/Jul/2025:19:09:17 +0000] "GET /?h=103029219001600& HTTP/1.1" 301 - "-" "meta-externalagent/1.1 (+https://developers.facebook.com/docs/sharing/webmasters/crawler)"
57.141.2.19 - - [16/Jul/2025:19:09:23 +0000] "GET /?h=88759141051600& HTTP/1.1" 301 - "-" "meta-externalagent/1.1 (+https://developers.facebook.com/docs/sharing/webmasters/crawler)"
57.141.2.17 - - [16/Jul/2025:19:09:23 +0000] "GET /?h=103029219001600 HTTP/1.1" 200 97956 "-" "meta-externalagent/1.1 (+https://developers.facebook.com/docs/sharing/webmasters/crawler)"
57.141.2.23 - - [16/Jul/2025:19:09:24 +0000] "GET /?h=35695742011600& HTTP/1.1" 301 - "-" "meta-externalagent/1.1 (+https://developers.facebook.com/docs/sharing/webmasters/crawler)"
57.141.2.7 - - [16/Jul/2025:19:09:26 +0000] "GET /?h=50755327061600& HTTP/1.1" 301 - "-" "meta-externalagent/1.1 (+https://developers.facebook.com/docs/sharing/webmasters/crawler)"
57.141.2.6 - - [16/Jul/2025:19:09:27 +0000] "GET /?h=57764999071600& HTTP/1.1" 301 - "-" "meta-externalagent/1.1 (+https://developers.facebook.com/docs/sharing/webmasters/crawler)"
57.141.2.10 - - [16/Jul/2025:19:09:31 +0000] "GET /?h=57764999071600 HTTP/1.1" 200 97948 "-" "meta-externalagent/1.1 (+https://developers.facebook.com/docs/sharing/webmasters/crawler)"
209.74.77.214 - - [16/Jul/2025:19:10:46 +0000] "POST /wp-cron.php?doing_wp_cron=1752693046.0201189517974853515625 HTTP/1.1" 200 - "-" "WordPress/6.8.2; https://sergio-cuchi.tattoo"
209.74.77.214 - - [16/Jul/2025:19:10:46 +0000] "POST /wp-cron.php?doing_wp_cron=1752693046.0201439857482910156250 HTTP/1.1" 200 - "-" "WordPress/6.8.2; https://sergio-cuchi.tattoo"
57.141.2.28 - - [16/Jul/2025:19:10:45 +0000] "GET /?h=83287528001600& HTTP/1.1" 301 - "-" "meta-externalagent/1.1 (+https://developers.facebook.com/docs/sharing/webmasters/crawler)"
57.141.2.14 - - [16/Jul/2025:19:10:43 +0000] "GET /?h=76316312001600& HTTP/1.1" 301 - "-" "meta-externalagent/1.1 (+https://developers.facebook.com/docs/sharing/webmasters/crawler)"
57.141.2.13 - - [16/Jul/2025:19:10:57 +0000] "GET /?h=13798038061600& HTTP/1.1" 301 - "-" "meta-externalagent/1.1 (+https://developers.facebook.com/docs/sharing/webmasters/crawler)"
57.141.2.17 - - [16/Jul/2025:19:11:00 +0000] "GET /?h=13798038061600 HTTP/1.1" 200 97953 "-" "meta-externalagent/1.1 (+https://developers.facebook.com/docs/sharing/webmasters/crawler)"
57.141.2.16 - - [16/Jul/2025:19:11:04 +0000] "GET /?h=109302413041600& HTTP/1.1" 301 - "-" "meta-externalagent/1.1 (+https://developers.facebook.com/docs/sharing/webmasters/crawler)"
57.141.2.11 - - [16/Jul/2025:19:11:05 +0000] "GET /?h=71441994031600& HTTP/1.1" 301 - "-" "meta-externalagent/1.1 (+https://developers.facebook.com/docs/sharing/webmasters/crawler)"
57.141.2.15 - - [16/Jul/2025:19:11:08 +0000] "GET /?h=71441994031600 HTTP/1.1" 200 97945 "-" "meta-externalagent/1.1 (+https://developers.facebook.com/docs/sharing/webmasters/crawler)"
66.249.74.43 - - [16/Jul/2025:19:11:19 +0000] "GET /?h=5245436091600&mod=3db893ff&uri=product.php?goods/2033544.shtml HTTP/1.1" 301 - "-" "Mozilla/5.0 (Linux; Android 6.0.1; Nexus 5X Build/MMB29P) AppleWebKit/537.36 (KHTML, like Gecko) Chrome/137.0.7151.103 Mobile Safari/537.36 (compatible; Googlebot/2.1; +http://www.google.com/bot.html)"
66.249.74.32 - - [16/Jul/2025:19:11:19 +0000] "GET /?h=5245436091600&mod=3db893ff&uri=product.php%3Fgoods%2F2033544.shtml HTTP/1.1" 200 16283 "-" "Mozilla/5.0 (Linux; Android 6.0.1; Nexus 5X Build/MMB29P) AppleWebKit/537.36 (KHTML, like Gecko) Chrome/137.0.7151.103 Mobile Safari/537.36 (compatible; Googlebot/2.1; +http://www.google.com/bot.html)"
66.249.74.43 - - [16/Jul/2025:19:11:45 +0000] "GET /?h=5168187021600&mod=7232a90e&uri=info.php?goods/1993412.shtml HTTP/1.1" 301 - "-" "Mozilla/5.0 (Linux; Android 6.0.1; Nexus 5X Build/MMB29P) AppleWebKit/537.36 (KHTML, like Gecko) Chrome/137.0.7151.103 Mobile Safari/537.36 (compatible; Googlebot/2.1; +http://www.google.com/bot.html)"
209.74.77.214 - - [16/Jul/2025:19:11:47 +0000] "POST /wp-cron.php?doing_wp_cron=1752693107.9542019367218017578125 HTTP/1.1" 200 - "-" "WordPress/6.8.2; https://sergio-cuchi.tattoo"
66.249.74.43 - - [16/Jul/2025:19:11:47 +0000] "GET /?h=5168187021600&mod=7232a90e&uri=info.php%3Fgoods%2F1993412.shtml HTTP/1.1" 200 16280 "-" "Mozilla/5.0 (Linux; Android 6.0.1; Nexus 5X Build/MMB29P) AppleWebKit/537.36 (KHTML, like Gecko) Chrome/137.0.7151.103 Mobile Safari/537.36 (compatible; Googlebot/2.1; +http://www.google.com/bot.html)"
66.249.74.42 - - [16/Jul/2025:19:11:51 +0000] "GET /?h=5162025061600&mod=7232a90e&uri=pin.php?goods/2008666.shtml HTTP/1.1" 301 - "-" "Mozilla/5.0 (Linux; Android 6.0.1; Nexus 5X Build/MMB29P) AppleWebKit/537.36 (KHTML, like Gecko) Chrome/137.0.7151.103 Mobile Safari/537.36 (compatible; Googlebot/2.1; +http://www.google.com/bot.html)"
57.141.2.27 - - [16/Jul/2025:19:12:06 +0000] "GET /?h=2457010111600& HTTP/1.1" 301 - "-" "meta-externalagent/1.1 (+https://developers.facebook.com/docs/sharing/webmasters/crawler)"
66.249.74.43 - - [16/Jul/2025:19:12:08 +0000] "GET /?h=5162025061600&mod=7232a90e&uri=pin.php%3Fgoods%2F2008666.shtml HTTP/1.1" 200 16283 "-" "Mozilla/5.0 (Linux; Android 6.0.1; Nexus 5X Build/MMB29P) AppleWebKit/537.36 (KHTML, like Gecko) Chrome/137.0.7151.103 Mobile Safari/537.36 (compatible; Googlebot/2.1; +http://www.google.com/bot.html)"
57.141.2.9 - - [16/Jul/2025:19:12:10 +0000] "GET /?h=2457010111600 HTTP/1.1" 200 97949 "-" "meta-externalagent/1.1 (+https://developers.facebook.com/docs/sharing/webmasters/crawler)"
66.249.74.32 - - [16/Jul/2025:19:12:12 +0000] "POST /?wc-ajax=get_refreshed_fragments HTTP/1.1" 200 186 "https://sergio-cuchi.tattoo/?h=5162025061600&mod=7232a90e&uri=pin.php%3Fgoods%2F2008666.shtml" "Mozilla/5.0 (Linux; Android 6.0.1; Nexus 5X Build/MMB29P) AppleWebKit/537.36 (KHTML, like Gecko) Chrome/137.0.7151.119 Mobile Safari/537.36 (compatible; Googlebot/2.1; +http://www.google.com/bot.html)"
57.141.2.22 - - [16/Jul/2025:19:12:22 +0000] "GET /?h=12032157051600& HTTP/1.1" 301 - "-" "meta-externalagent/1.1 (+https://developers.facebook.com/docs/sharing/webmasters/crawler)"
57.141.2.21 - - [16/Jul/2025:19:12:24 +0000] "GET /?h=30495331061600& HTTP/1.1" 301 - "-" "meta-externalagent/1.1 (+https://developers.facebook.com/docs/sharing/webmasters/crawler)"
57.141.2.20 - - [16/Jul/2025:19:12:27 +0000] "GET /?h=16958885051600& HTTP/1.1" 301 - "-" "meta-externalagent/1.1 (+https://developers.facebook.com/docs/sharing/webmasters/crawler)"
57.141.2.15 - - [16/Jul/2025:19:12:29 +0000] "GET /?h=30495331061600 HTTP/1.1" 200 97960 "-" "meta-externalagent/1.1 (+https://developers.facebook.com/docs/sharing/webmasters/crawler)"
57.141.2.18 - - [16/Jul/2025:19:12:32 +0000] "GET /?h=79876592041600& HTTP/1.1" 301 - "-" "meta-externalagent/1.1 (+https://developers.facebook.com/docs/sharing/webmasters/crawler)"
57.141.2.2 - - [16/Jul/2025:19:12:36 +0000] "GET /?h=79876592041600 HTTP/1.1" 200 97960 "-" "meta-externalagent/1.1 (+https://developers.facebook.com/docs/sharing/webmasters/crawler)"
209.74.77.214 - - [16/Jul/2025:19:13:01 +0000] "POST /wp-cron.php?doing_wp_cron=1752693181.3103709220886230468750 HTTP/1.1" 200 - "-" "WordPress/6.8.2; https://sergio-cuchi.tattoo"
57.141.2.12 - - [16/Jul/2025:19:13:01 +0000] "GET /?h=38826009071600& HTTP/1.1" 301 - "-" "meta-externalagent/1.1 (+https://developers.facebook.com/docs/sharing/webmasters/crawler)"
57.141.2.9 - - [16/Jul/2025:19:13:02 +0000] "GET /?h=110911345011600& HTTP/1.1" 301 - "-" "meta-externalagent/1.1 (+https://developers.facebook.com/docs/sharing/webmasters/crawler)"
57.141.2.10 - - [16/Jul/2025:19:13:07 +0000] "GET /?h=9898093081600& HTTP/1.1" 301 - "-" "meta-externalagent/1.1 (+https://developers.facebook.com/docs/sharing/webmasters/crawler)"
57.141.2.30 - - [16/Jul/2025:19:13:11 +0000] "GET /?h=90343052011600& HTTP/1.1" 301 - "-" "meta-externalagent/1.1 (+https://developers.facebook.com/docs/sharing/webmasters/crawler)"
57.141.2.25 - - [16/Jul/2025:19:13:14 +0000] "GET /?h=27167427091600& HTTP/1.1" 301 - "-" "meta-externalagent/1.1 (+https://developers.facebook.com/docs/sharing/webmasters/crawler)"
57.141.2.6 - - [16/Jul/2025:19:13:14 +0000] "GET /?h=39231883141600& HTTP/1.1" 301 - "-" "meta-externalagent/1.1 (+https://developers.facebook.com/docs/sharing/webmasters/crawler)"
57.141.2.1 - - [16/Jul/2025:19:13:15 +0000] "GET /?h=9898093081600 HTTP/1.1" 200 97947 "-" "meta-externalagent/1.1 (+https://developers.facebook.com/docs/sharing/webmasters/crawler)"
57.141.2.10 - - [16/Jul/2025:19:13:18 +0000] "GET /?h=27167427091600 HTTP/1.1" 200 97956 "-" "meta-externalagent/1.1 (+https://developers.facebook.com/docs/sharing/webmasters/crawler)"
57.141.2.15 - - [16/Jul/2025:19:13:19 +0000] "GET /?h=39231883141600 HTTP/1.1" 200 97952 "-" "meta-externalagent/1.1 (+https://developers.facebook.com/docs/sharing/webmasters/crawler)"
57.141.2.14 - - [16/Jul/2025:19:13:26 +0000] "GET /?h=78023846061600& HTTP/1.1" 301 - "-" "meta-externalagent/1.1 (+https://developers.facebook.com/docs/sharing/webmasters/crawler)"
57.141.2.5 - - [16/Jul/2025:19:13:27 +0000] "GET /?h=112238604041600& HTTP/1.1" 301 - "-" "meta-externalagent/1.1 (+https://developers.facebook.com/docs/sharing/webmasters/crawler)"
209.74.77.214 - - [16/Jul/2025:19:13:52 +0000] "POST /wp-cron.php?doing_wp_cron=1752693232.8829789161682128906250 HTTP/1.1" 200 - "-" "WordPress/6.8.2; https://sergio-cuchi.tattoo"
57.141.2.16 - - [16/Jul/2025:19:13:52 +0000] "GET /?h=101157074001600& HTTP/1.1" 301 - "-" "meta-externalagent/1.1 (+https://developers.facebook.com/docs/sharing/webmasters/crawler)"
66.249.74.42 - - [16/Jul/2025:19:14:22 +0000] "GET /?h=5162025061600&mod=7232a90e&uri=pin.php?goods/2025196.shtml HTTP/1.1" 301 - "-" "Mozilla/5.0 (Linux; Android 6.0.1; Nexus 5X Build/MMB29P) AppleWebKit/537.36 (KHTML, like Gecko) Chrome/137.0.7151.103 Mobile Safari/537.36 (compatible; Googlebot/2.1; +http://www.google.com/bot.html)"
66.249.74.32 - - [16/Jul/2025:19:14:23 +0000] "GET /?h=5162025061600&mod=7232a90e&uri=pin.php%3Fgoods%2F2025196.shtml HTTP/1.1" 200 16282 "-" "Mozilla/5.0 (Linux; Android 6.0.1; Nexus 5X Build/MMB29P) AppleWebKit/537.36 (KHTML, like Gecko) Chrome/137.0.7151.103 Mobile Safari/537.36 (compatible; Googlebot/2.1; +http://www.google.com/bot.html)"
66.249.74.43 - - [16/Jul/2025:19:14:25 +0000] "GET /?h=5228682051600&mod=61501c1f&uri=dp.php?books.html HTTP/1.1" 301 - "-" "Mozilla/5.0 (Linux; Android 6.0.1; Nexus 5X Build/MMB29P) AppleWebKit/537.36 (KHTML, like Gecko) Chrome/137.0.7151.103 Mobile Safari/537.36 (compatible; Googlebot/2.1; +http://www.google.com/bot.html)"
66.249.74.32 - - [16/Jul/2025:19:14:26 +0000] "GET /?h=5228682051600&mod=61501c1f&uri=dp.php%3Fbooks.html HTTP/1.1" 200 16280 "-" "Mozilla/5.0 (Linux; Android 6.0.1; Nexus 5X Build/MMB29P) AppleWebKit/537.36 (KHTML, like Gecko) Chrome/137.0.7151.103 Mobile Safari/537.36 (compatible; Googlebot/2.1; +http://www.google.com/bot.html)"
66.249.74.42 - - [16/Jul/2025:19:14:28 +0000] "POST /?wc-ajax=get_refreshed_fragments HTTP/1.1" 200 186 "https://sergio-cuchi.tattoo/?h=5228682051600&mod=61501c1f&uri=dp.php%3Fbooks.html" "Mozilla/5.0 (Linux; Android 6.0.1; Nexus 5X Build/MMB29P) AppleWebKit/537.36 (KHTML, like Gecko) Chrome/137.0.7151.119 Mobile Safari/537.36 (compatible; Googlebot/2.1; +http://www.google.com/bot.html)"
66.249.74.42 - - [16/Jul/2025:19:14:29 +0000] "GET /?h=3574362001600&mod=192134aa&uri=shop.php?feature/honten/index.html HTTP/1.1" 301 - "-" "Mozilla/5.0 (Linux; Android 6.0.1; Nexus 5X Build/MMB29P) AppleWebKit/537.36 (KHTML, like Gecko) Chrome/137.0.7151.103 Mobile Safari/537.36 (compatible; Googlebot/2.1; +http://www.google.com/bot.html)"
66.249.74.42 - - [16/Jul/2025:19:14:30 +0000] "GET /?h=3574362001600&mod=192134aa&uri=shop.php%3Ffeature%2Fhonten%2Findex.html HTTP/1.1" 200 16281 "-" "Mozilla/5.0 (Linux; Android 6.0.1; Nexus 5X Build/MMB29P) AppleWebKit/537.36 (KHTML, like Gecko) Chrome/137.0.7151.103 Mobile Safari/537.36 (compatible; Googlebot/2.1; +http://www.google.com/bot.html)"
209.74.77.214 - - [16/Jul/2025:19:14:48 +0000] "POST /wp-cron.php?doing_wp_cron=1752693288.3661339282989501953125 HTTP/1.1" 200 - "-" "WordPress/6.8.2; https://sergio-cuchi.tattoo"
57.141.2.15 - - [16/Jul/2025:19:14:48 +0000] "GET /?h=21085116131600& HTTP/1.1" 301 - "-" "meta-externalagent/1.1 (+https://developers.facebook.com/docs/sharing/webmasters/crawler)"
57.141.2.1 - - [16/Jul/2025:19:14:54 +0000] "GET /?h=21085116131600 HTTP/1.1" 200 97953 "-" "meta-externalagent/1.1 (+https://developers.facebook.com/docs/sharing/webmasters/crawler)"
57.141.2.2 - - [16/Jul/2025:19:14:54 +0000] "GET /?h=13126707001600& HTTP/1.1" 301 - "-" "meta-externalagent/1.1 (+https://developers.facebook.com/docs/sharing/webmasters/crawler)"
57.141.2.16 - - [16/Jul/2025:19:14:59 +0000] "GET /?h=13126707001600 HTTP/1.1" 200 97953 "-" "meta-externalagent/1.1 (+https://developers.facebook.com/docs/sharing/webmasters/crawler)"
57.141.2.21 - - [16/Jul/2025:19:15:01 +0000] "GET /?h=6159442031600& HTTP/1.1" 301 - "-" "meta-externalagent/1.1 (+https://developers.facebook.com/docs/sharing/webmasters/crawler)"
57.141.2.21 - - [16/Jul/2025:19:15:06 +0000] "GET /?h=3039298031600& HTTP/1.1" 301 - "-" "meta-externalagent/1.1 (+https://developers.facebook.com/docs/sharing/webmasters/crawler)"
57.141.2.17 - - [16/Jul/2025:19:15:21 +0000] "GET /?h=74831454041600& HTTP/1.1" 301 - "-" "meta-externalagent/1.1 (+https://developers.facebook.com/docs/sharing/webmasters/crawler)"
57.141.2.24 - - [16/Jul/2025:19:15:28 +0000] "GET /?h=74831454041600 HTTP/1.1" 200 97952 "-" "meta-externalagent/1.1 (+https://developers.facebook.com/docs/sharing/webmasters/crawler)"
57.141.2.23 - - [16/Jul/2025:19:15:37 +0000] "GET /?h=45390553011600& HTTP/1.1" 301 - "-" "meta-externalagent/1.1 (+https://developers.facebook.com/docs/sharing/webmasters/crawler)"
57.141.2.7 - - [16/Jul/2025:19:15:38 +0000] "GET /?h=24383568001600& HTTP/1.1" 301 - "-" "meta-externalagent/1.1 (+https://developers.facebook.com/docs/sharing/webmasters/crawler)"
209.74.77.214 - - [16/Jul/2025:19:15:48 +0000] "POST /wp-cron.php?doing_wp_cron=1752693348.1839420795440673828125 HTTP/1.1" 200 - "-" "WordPress/6.8.2; https://sergio-cuchi.tattoo"
57.141.2.22 - - [16/Jul/2025:19:15:46 +0000] "GET /?h=11102844001600& HTTP/1.1" 301 - "-" "meta-externalagent/1.1 (+https://developers.facebook.com/docs/sharing/webmasters/crawler)"
57.141.2.19 - - [16/Jul/2025:19:15:57 +0000] "GET /?h=34331840091600& HTTP/1.1" 301 - "-" "meta-externalagent/1.1 (+https://developers.facebook.com/docs/sharing/webmasters/crawler)"
66.249.74.32 - - [16/Jul/2025:19:16:36 +0000] "GET /?h=5354472001600&mod=884738b4&uri=search.php?goods/2033868.shtml HTTP/1.1" 301 - "-" "Mozilla/5.0 (Linux; Android 6.0.1; Nexus 5X Build/MMB29P) AppleWebKit/537.36 (KHTML, like Gecko) Chrome/137.0.7151.103 Mobile Safari/537.36 (compatible; Googlebot/2.1; +http://www.google.com/bot.html)"
66.249.74.32 - - [16/Jul/2025:19:16:38 +0000] "GET /?h=5354472001600&mod=884738b4&uri=search.php%3Fgoods%2F2033868.shtml HTTP/1.1" 200 16279 "-" "Mozilla/5.0 (Linux; Android 6.0.1; Nexus 5X Build/MMB29P) AppleWebKit/537.36 (KHTML, like Gecko) Chrome/137.0.7151.103 Mobile Safari/537.36 (compatible; Googlebot/2.1; +http://www.google.com/bot.html)"
209.74.77.214 - - [16/Jul/2025:19:17:11 +0000] "POST /wp-cron.php?doing_wp_cron=1752693431.1080570220947265625000 HTTP/1.1" 200 - "-" "WordPress/6.8.2; https://sergio-cuchi.tattoo"
66.249.74.42 - - [16/Jul/2025:19:17:09 +0000] "GET /?h=5228682051600&mod=61501c1f&uri=dp.php?feature/shoplist/index.html HTTP/1.1" 301 - "-" "Mozilla/5.0 (Linux; Android 6.0.1; Nexus 5X Build/MMB29P) AppleWebKit/537.36 (KHTML, like Gecko) Chrome/137.0.7151.103 Mobile Safari/537.36 (compatible; Googlebot/2.1; +http://www.google.com/bot.html)"
66.249.74.43 - - [16/Jul/2025:19:17:17 +0000] "GET /?h=5228682051600&mod=61501c1f&uri=dp.php%3Ffeature%2Fshoplist%2Findex.html HTTP/1.1" 200 16280 "-" "Mozilla/5.0 (Linux; Android 6.0.1; Nexus 5X Build/MMB29P) AppleWebKit/537.36 (KHTML, like Gecko) Chrome/137.0.7151.103 Mobile Safari/537.36 (compatible; Googlebot/2.1; +http://www.google.com/bot.html)"
209.74.77.214 - - [16/Jul/2025:19:18:39 +0000] "POST /wp-cron.php?doing_wp_cron=1752693519.8489980697631835937500 HTTP/1.1" 200 - "-" "WordPress/6.8.2; https://sergio-cuchi.tattoo"
66.249.74.32 - - [16/Jul/2025:19:18:37 +0000] "GET /?h=24934042071600&mod=dc825398&uri=article.php?goods/1994158.shtml HTTP/1.1" 301 - "-" "Mozilla/5.0 (Linux; Android 6.0.1; Nexus 5X Build/MMB29P) AppleWebKit/537.36 (KHTML, like Gecko) Chrome/137.0.7151.103 Mobile Safari/537.36 (compatible; Googlebot/2.1; +http://www.google.com/bot.html)"
66.249.74.43 - - [16/Jul/2025:19:18:39 +0000] "GET /?h=24934042071600&mod=dc825398&uri=article.php%3Fgoods%2F1994158.shtml HTTP/1.1" 200 16282 "-" "Mozilla/5.0 (Linux; Android 6.0.1; Nexus 5X Build/MMB29P) AppleWebKit/537.36 (KHTML, like Gecko) Chrome/137.0.7151.103 Mobile Safari/537.36 (compatible; Googlebot/2.1; +http://www.google.com/bot.html)"
209.74.77.214 - - [16/Jul/2025:19:18:59 +0000] "POST /wp-cron.php?doing_wp_cron=1752693539.4258151054382324218750 HTTP/1.1" 200 - "-" "WordPress/6.8.2; https://sergio-cuchi.tattoo"
66.249.74.42 - - [16/Jul/2025:19:18:59 +0000] "GET /?h=6152915001600&mod=2fcb2666&uri=search.php?goods/1986902.shtml HTTP/1.1" 301 - "-" "Mozilla/5.0 (Linux; Android 6.0.1; Nexus 5X Build/MMB29P) AppleWebKit/537.36 (KHTML, like Gecko) Chrome/137.0.7151.103 Mobile Safari/537.36 (compatible; Googlebot/2.1; +http://www.google.com/bot.html)"
66.249.74.43 - - [16/Jul/2025:19:18:59 +0000] "GET /?h=6152915001600&mod=2fcb2666&uri=search.php%3Fgoods%2F1986902.shtml HTTP/1.1" 200 16280 "-" "Mozilla/5.0 (Linux; Android 6.0.1; Nexus 5X Build/MMB29P) AppleWebKit/537.36 (KHTML, like Gecko) Chrome/137.0.7151.103 Mobile Safari/537.36 (compatible; Googlebot/2.1; +http://www.google.com/bot.html)"
57.141.2.16 - - [16/Jul/2025:19:19:02 +0000] "GET /?h=82510577041600& HTTP/1.1" 301 - "-" "meta-externalagent/1.1 (+https://developers.facebook.com/docs/sharing/webmasters/crawler)"
66.249.74.32 - - [16/Jul/2025:19:19:16 +0000] "GET /?h=5354472001600&mod=884738b4&uri=search.php?hobby.html HTTP/1.1" 301 - "-" "Mozilla/5.0 (Linux; Android 6.0.1; Nexus 5X Build/MMB29P) AppleWebKit/537.36 (KHTML, like Gecko) Chrome/137.0.7151.103 Mobile Safari/537.36 (compatible; Googlebot/2.1; +http://www.google.com/bot.html)"
66.249.74.32 - - [16/Jul/2025:19:19:17 +0000] "GET /?h=5354472001600&mod=884738b4&uri=search.php%3Fhobby.html HTTP/1.1" 200 16283 "-" "Mozilla/5.0 (Linux; Android 6.0.1; Nexus 5X Build/MMB29P) AppleWebKit/537.36 (KHTML, like Gecko) Chrome/137.0.7151.103 Mobile Safari/537.36 (compatible; Googlebot/2.1; +http://www.google.com/bot.html)"
