196.251.66.107 - - [16/Jul/2025:12:28:07 +0000] "GET /wp-includes/blocks/post-featured-image/ HTTP/1.1" 404 12837 "https://www.google.com" "Mozilla/5.0 (Linux; Android 7.0; SM-G892A Build/NRD90M; wv) AppleWebKit/537.36 (KHTML, Gecko) Version/4.0 Chrome/60.0.3112.107 Mobile Safari/537.36"
196.251.66.107 - - [16/Jul/2025:12:28:16 +0000] "GET /wp-includes/blocks/post-template/index.php HTTP/1.1" 301 - "https://www.google.com" "Mozilla/5.0 (Linux; Android 7.0; SM-G892A Build/NRD90M; wv) AppleWebKit/537.36 (KHTML, Gecko) Version/4.0 Chrome/60.0.3112.107 Mobile Safari/537.36"
196.251.66.107 - - [16/Jul/2025:12:28:16 +0000] "GET /wp-includes/blocks/post-template/ HTTP/1.1" 404 12837 "https://www.google.com" "Mozilla/5.0 (Linux; Android 7.0; SM-G892A Build/NRD90M; wv) AppleWebKit/537.36 (KHTML, Gecko) Version/4.0 Chrome/60.0.3112.107 Mobile Safari/537.36"
196.251.66.107 - - [16/Jul/2025:12:28:21 +0000] "GET /wp-includes/blocks/post-terms/index.php HTTP/1.1" 301 - "https://www.google.com" "Mozilla/5.0 (Linux; Android 7.0; SM-G892A Build/NRD90M; wv) AppleWebKit/537.36 (KHTML, Gecko) Version/4.0 Chrome/60.0.3112.107 Mobile Safari/537.36"
196.251.66.107 - - [16/Jul/2025:12:28:24 +0000] "GET /wp-includes/blocks/post-terms/ HTTP/1.1" 404 12837 "https://www.google.com" "Mozilla/5.0 (Linux; Android 7.0; SM-G892A Build/NRD90M; wv) AppleWebKit/537.36 (KHTML, Gecko) Version/4.0 Chrome/60.0.3112.107 Mobile Safari/537.36"
196.251.66.107 - - [16/Jul/2025:12:28:32 +0000] "GET /wp-includes/blocks/post-title/index.php HTTP/1.1" 301 - "https://www.google.com" "Mozilla/5.0 (Linux; Android 7.0; SM-G892A Build/NRD90M; wv) AppleWebKit/537.36 (KHTML, Gecko) Version/4.0 Chrome/60.0.3112.107 Mobile Safari/537.36"
196.251.66.107 - - [16/Jul/2025:12:28:33 +0000] "GET /wp-includes/blocks/post-title/ HTTP/1.1" 404 12837 "https://www.google.com" "Mozilla/5.0 (Linux; Android 7.0; SM-G892A Build/NRD90M; wv) AppleWebKit/537.36 (KHTML, Gecko) Version/4.0 Chrome/60.0.3112.107 Mobile Safari/537.36"
196.251.66.107 - - [16/Jul/2025:12:28:36 +0000] "GET /wp-includes/blocks/preformatted/index.php HTTP/1.1" 301 - "https://www.google.com" "Mozilla/5.0 (Linux; Android 7.0; SM-G892A Build/NRD90M; wv) AppleWebKit/537.36 (KHTML, Gecko) Version/4.0 Chrome/60.0.3112.107 Mobile Safari/537.36"
196.251.66.107 - - [16/Jul/2025:12:28:38 +0000] "GET /wp-includes/blocks/preformatted/ HTTP/1.1" 404 12837 "https://www.google.com" "Mozilla/5.0 (Linux; Android 7.0; SM-G892A Build/NRD90M; wv) AppleWebKit/537.36 (KHTML, Gecko) Version/4.0 Chrome/60.0.3112.107 Mobile Safari/537.36"
196.251.66.107 - - [16/Jul/2025:12:28:44 +0000] "GET /wp-includes/blocks/pullquote/index.php HTTP/1.1" 301 - "https://www.google.com" "Mozilla/5.0 (Linux; Android 7.0; SM-G892A Build/NRD90M; wv) AppleWebKit/537.36 (KHTML, Gecko) Version/4.0 Chrome/60.0.3112.107 Mobile Safari/537.36"
196.251.66.107 - - [16/Jul/2025:12:28:45 +0000] "GET /wp-includes/blocks/pullquote/ HTTP/1.1" 404 12837 "https://www.google.com" "Mozilla/5.0 (Linux; Android 7.0; SM-G892A Build/NRD90M; wv) AppleWebKit/537.36 (KHTML, Gecko) Version/4.0 Chrome/60.0.3112.107 Mobile Safari/537.36"
209.74.77.214 - - [16/Jul/2025:12:28:52 +0000] "POST /wp-cron.php?doing_wp_cron=1752668932.3858489990234375000000 HTTP/1.1" 200 - "-" "WordPress/6.8.2; https://sergio-cuchi.tattoo"
196.251.66.107 - - [16/Jul/2025:12:28:52 +0000] "GET /wp-includes/blocks/query-pagination-next/index.php HTTP/1.1" 301 - "https://www.google.com" "Mozilla/5.0 (Linux; Android 7.0; SM-G892A Build/NRD90M; wv) AppleWebKit/537.36 (KHTML, Gecko) Version/4.0 Chrome/60.0.3112.107 Mobile Safari/537.36"
196.251.66.107 - - [16/Jul/2025:12:28:54 +0000] "GET /wp-includes/blocks/query-pagination-next/ HTTP/1.1" 404 12837 "https://www.google.com" "Mozilla/5.0 (Linux; Android 7.0; SM-G892A Build/NRD90M; wv) AppleWebKit/537.36 (KHTML, Gecko) Version/4.0 Chrome/60.0.3112.107 Mobile Safari/537.36"
196.251.66.107 - - [16/Jul/2025:12:29:02 +0000] "GET /wp-includes/blocks/query-pagination-numbers/index.php HTTP/1.1" 301 - "https://www.google.com" "Mozilla/5.0 (Linux; Android 7.0; SM-G892A Build/NRD90M; wv) AppleWebKit/537.36 (KHTML, Gecko) Version/4.0 Chrome/60.0.3112.107 Mobile Safari/537.36"
196.251.66.107 - - [16/Jul/2025:12:29:02 +0000] "GET /wp-includes/blocks/query-pagination-numbers/ HTTP/1.1" 404 12837 "https://www.google.com" "Mozilla/5.0 (Linux; Android 7.0; SM-G892A Build/NRD90M; wv) AppleWebKit/537.36 (KHTML, Gecko) Version/4.0 Chrome/60.0.3112.107 Mobile Safari/537.36"
196.251.66.107 - - [16/Jul/2025:12:29:04 +0000] "GET /wp-includes/blocks/query-pagination-previous/index.php HTTP/1.1" 301 - "https://www.google.com" "Mozilla/5.0 (Linux; Android 7.0; SM-G892A Build/NRD90M; wv) AppleWebKit/537.36 (KHTML, Gecko) Version/4.0 Chrome/60.0.3112.107 Mobile Safari/537.36"
196.251.66.107 - - [16/Jul/2025:12:29:04 +0000] "GET /wp-includes/blocks/query-pagination-previous/ HTTP/1.1" 404 12837 "https://www.google.com" "Mozilla/5.0 (Linux; Android 7.0; SM-G892A Build/NRD90M; wv) AppleWebKit/537.36 (KHTML, Gecko) Version/4.0 Chrome/60.0.3112.107 Mobile Safari/537.36"
196.251.66.107 - - [16/Jul/2025:12:29:10 +0000] "GET /wp-includes/blocks/query-pagination/index.php HTTP/1.1" 301 - "https://www.google.com" "Mozilla/5.0 (Linux; Android 7.0; SM-G892A Build/NRD90M; wv) AppleWebKit/537.36 (KHTML, Gecko) Version/4.0 Chrome/60.0.3112.107 Mobile Safari/537.36"
196.251.66.107 - - [16/Jul/2025:12:29:12 +0000] "GET /wp-includes/blocks/query-pagination/ HTTP/1.1" 404 12837 "https://www.google.com" "Mozilla/5.0 (Linux; Android 7.0; SM-G892A Build/NRD90M; wv) AppleWebKit/537.36 (KHTML, Gecko) Version/4.0 Chrome/60.0.3112.107 Mobile Safari/537.36"
196.251.66.107 - - [16/Jul/2025:12:29:18 +0000] "GET /wp-includes/blocks/query-title/index.php HTTP/1.1" 301 - "https://www.google.com" "Mozilla/5.0 (Linux; Android 7.0; SM-G892A Build/NRD90M; wv) AppleWebKit/537.36 (KHTML, Gecko) Version/4.0 Chrome/60.0.3112.107 Mobile Safari/537.36"
196.251.66.107 - - [16/Jul/2025:12:29:22 +0000] "GET /wp-includes/blocks/query-title/ HTTP/1.1" 404 12837 "https://www.google.com" "Mozilla/5.0 (Linux; Android 7.0; SM-G892A Build/NRD90M; wv) AppleWebKit/537.36 (KHTML, Gecko) Version/4.0 Chrome/60.0.3112.107 Mobile Safari/537.36"
196.251.66.107 - - [16/Jul/2025:12:29:23 +0000] "GET /wp-includes/blocks/query/index.php HTTP/1.1" 301 - "https://www.google.com" "Mozilla/5.0 (Linux; Android 7.0; SM-G892A Build/NRD90M; wv) AppleWebKit/537.36 (KHTML, Gecko) Version/4.0 Chrome/60.0.3112.107 Mobile Safari/537.36"
196.251.66.107 - - [16/Jul/2025:12:29:23 +0000] "GET /wp-includes/blocks/query/ HTTP/1.1" 404 12837 "https://www.google.com" "Mozilla/5.0 (Linux; Android 7.0; SM-G892A Build/NRD90M; wv) AppleWebKit/537.36 (KHTML, Gecko) Version/4.0 Chrome/60.0.3112.107 Mobile Safari/537.36"
196.251.66.107 - - [16/Jul/2025:12:29:37 +0000] "GET /wp-includes/blocks/quote/index.php HTTP/1.1" 301 - "https://www.google.com" "Mozilla/5.0 (Linux; Android 7.0; SM-G892A Build/NRD90M; wv) AppleWebKit/537.36 (KHTML, Gecko) Version/4.0 Chrome/60.0.3112.107 Mobile Safari/537.36"
196.251.66.107 - - [16/Jul/2025:12:29:37 +0000] "GET /wp-includes/blocks/quote/ HTTP/1.1" 404 12837 "https://www.google.com" "Mozilla/5.0 (Linux; Android 7.0; SM-G892A Build/NRD90M; wv) AppleWebKit/537.36 (KHTML, Gecko) Version/4.0 Chrome/60.0.3112.107 Mobile Safari/537.36"
209.74.77.214 - - [16/Jul/2025:12:29:46 +0000] "POST /wp-cron.php?doing_wp_cron=1752668986.8471388816833496093750 HTTP/1.1" 200 - "-" "WordPress/6.8.2; https://sergio-cuchi.tattoo"
196.251.66.107 - - [16/Jul/2025:12:29:46 +0000] "GET /wp-includes/blocks/rss/index.php HTTP/1.1" 301 - "https://www.google.com" "Mozilla/5.0 (Linux; Android 7.0; SM-G892A Build/NRD90M; wv) AppleWebKit/537.36 (KHTML, Gecko) Version/4.0 Chrome/60.0.3112.107 Mobile Safari/537.36"
196.251.66.107 - - [16/Jul/2025:12:29:47 +0000] "GET /wp-includes/blocks/rss/ HTTP/1.1" 301 - "https://www.google.com" "Mozilla/5.0 (Linux; Android 7.0; SM-G892A Build/NRD90M; wv) AppleWebKit/537.36 (KHTML, Gecko) Version/4.0 Chrome/60.0.3112.107 Mobile Safari/537.36"
196.251.66.107 - - [16/Jul/2025:12:29:47 +0000] "GET /wp-includes/blocks/feed/ HTTP/1.1" 200 414 "https://www.google.com" "Mozilla/5.0 (Linux; Android 7.0; SM-G892A Build/NRD90M; wv) AppleWebKit/537.36 (KHTML, Gecko) Version/4.0 Chrome/60.0.3112.107 Mobile Safari/537.36"
196.251.66.107 - - [16/Jul/2025:12:29:53 +0000] "GET /wp-includes/blocks/search/index.php HTTP/1.1" 301 - "https://www.google.com" "Mozilla/5.0 (Linux; Android 7.0; SM-G892A Build/NRD90M; wv) AppleWebKit/537.36 (KHTML, Gecko) Version/4.0 Chrome/60.0.3112.107 Mobile Safari/537.36"
196.251.66.107 - - [16/Jul/2025:12:29:53 +0000] "GET /wp-includes/blocks/search/ HTTP/1.1" 404 12837 "https://www.google.com" "Mozilla/5.0 (Linux; Android 7.0; SM-G892A Build/NRD90M; wv) AppleWebKit/537.36 (KHTML, Gecko) Version/4.0 Chrome/60.0.3112.107 Mobile Safari/537.36"
196.251.66.107 - - [16/Jul/2025:12:29:54 +0000] "GET /wp-includes/blocks/separator/index.php HTTP/1.1" 301 - "https://www.google.com" "Mozilla/5.0 (Linux; Android 7.0; SM-G892A Build/NRD90M; wv) AppleWebKit/537.36 (KHTML, Gecko) Version/4.0 Chrome/60.0.3112.107 Mobile Safari/537.36"
196.251.66.107 - - [16/Jul/2025:12:29:55 +0000] "GET /wp-includes/blocks/separator/ HTTP/1.1" 404 12837 "https://www.google.com" "Mozilla/5.0 (Linux; Android 7.0; SM-G892A Build/NRD90M; wv) AppleWebKit/537.36 (KHTML, Gecko) Version/4.0 Chrome/60.0.3112.107 Mobile Safari/537.36"
196.251.66.107 - - [16/Jul/2025:12:30:01 +0000] "GET /wp-includes/blocks/shortcode/index.php HTTP/1.1" 301 - "https://www.google.com" "Mozilla/5.0 (Linux; Android 7.0; SM-G892A Build/NRD90M; wv) AppleWebKit/537.36 (KHTML, Gecko) Version/4.0 Chrome/60.0.3112.107 Mobile Safari/537.36"
196.251.66.107 - - [16/Jul/2025:12:30:01 +0000] "GET /wp-includes/blocks/shortcode/ HTTP/1.1" 404 12837 "https://www.google.com" "Mozilla/5.0 (Linux; Android 7.0; SM-G892A Build/NRD90M; wv) AppleWebKit/537.36 (KHTML, Gecko) Version/4.0 Chrome/60.0.3112.107 Mobile Safari/537.36"
196.251.66.107 - - [16/Jul/2025:12:30:05 +0000] "GET /wp-includes/blocks/site-logo/index.php HTTP/1.1" 301 - "https://www.google.com" "Mozilla/5.0 (Linux; Android 7.0; SM-G892A Build/NRD90M; wv) AppleWebKit/537.36 (KHTML, Gecko) Version/4.0 Chrome/60.0.3112.107 Mobile Safari/537.36"
196.251.66.107 - - [16/Jul/2025:12:30:08 +0000] "GET /wp-includes/blocks/site-logo/ HTTP/1.1" 404 12837 "https://www.google.com" "Mozilla/5.0 (Linux; Android 7.0; SM-G892A Build/NRD90M; wv) AppleWebKit/537.36 (KHTML, Gecko) Version/4.0 Chrome/60.0.3112.107 Mobile Safari/537.36"
196.251.66.107 - - [16/Jul/2025:12:30:12 +0000] "GET /wp-includes/blocks/site-tagline/index.php HTTP/1.1" 301 - "https://www.google.com" "Mozilla/5.0 (Linux; Android 7.0; SM-G892A Build/NRD90M; wv) AppleWebKit/537.36 (KHTML, Gecko) Version/4.0 Chrome/60.0.3112.107 Mobile Safari/537.36"
196.251.66.107 - - [16/Jul/2025:12:30:13 +0000] "GET /wp-includes/blocks/site-tagline/ HTTP/1.1" 404 12837 "https://www.google.com" "Mozilla/5.0 (Linux; Android 7.0; SM-G892A Build/NRD90M; wv) AppleWebKit/537.36 (KHTML, Gecko) Version/4.0 Chrome/60.0.3112.107 Mobile Safari/537.36"
196.251.66.107 - - [16/Jul/2025:12:30:22 +0000] "GET /wp-includes/blocks/site-title/index.php HTTP/1.1" 301 - "https://www.google.com" "Mozilla/5.0 (Linux; Android 7.0; SM-G892A Build/NRD90M; wv) AppleWebKit/537.36 (KHTML, Gecko) Version/4.0 Chrome/60.0.3112.107 Mobile Safari/537.36"
196.251.66.107 - - [16/Jul/2025:12:30:22 +0000] "GET /wp-includes/blocks/site-title/ HTTP/1.1" 404 12837 "https://www.google.com" "Mozilla/5.0 (Linux; Android 7.0; SM-G892A Build/NRD90M; wv) AppleWebKit/537.36 (KHTML, Gecko) Version/4.0 Chrome/60.0.3112.107 Mobile Safari/537.36"
196.251.66.107 - - [16/Jul/2025:12:30:25 +0000] "GET /wp-includes/blocks/social-link/index.php HTTP/1.1" 301 - "https://www.google.com" "Mozilla/5.0 (Linux; Android 7.0; SM-G892A Build/NRD90M; wv) AppleWebKit/537.36 (KHTML, Gecko) Version/4.0 Chrome/60.0.3112.107 Mobile Safari/537.36"
196.251.66.107 - - [16/Jul/2025:12:30:26 +0000] "GET /wp-includes/blocks/social-link/ HTTP/1.1" 404 12837 "https://www.google.com" "Mozilla/5.0 (Linux; Android 7.0; SM-G892A Build/NRD90M; wv) AppleWebKit/537.36 (KHTML, Gecko) Version/4.0 Chrome/60.0.3112.107 Mobile Safari/537.36"
196.251.66.107 - - [16/Jul/2025:12:30:28 +0000] "GET /wp-includes/pomo/index.php HTTP/1.1" 301 - "https://www.google.com" "Mozilla/5.0 (Linux; Android 7.0; SM-G892A Build/NRD90M; wv) AppleWebKit/537.36 (KHTML, Gecko) Version/4.0 Chrome/60.0.3112.107 Mobile Safari/537.36"
196.251.66.107 - - [16/Jul/2025:12:30:29 +0000] "GET /wp-includes/pomo/ HTTP/1.1" 404 12830 "https://www.google.com" "Mozilla/5.0 (Linux; Android 7.0; SM-G892A Build/NRD90M; wv) AppleWebKit/537.36 (KHTML, Gecko) Version/4.0 Chrome/60.0.3112.107 Mobile Safari/537.36"
196.251.66.107 - - [16/Jul/2025:12:30:40 +0000] "GET /wp-includes/Requests/library/index.php HTTP/1.1" 301 - "https://www.google.com" "Mozilla/5.0 (Linux; Android 7.0; SM-G892A Build/NRD90M; wv) AppleWebKit/537.36 (KHTML, Gecko) Version/4.0 Chrome/60.0.3112.107 Mobile Safari/537.36"
196.251.66.107 - - [16/Jul/2025:12:30:42 +0000] "GET /wp-includes/Requests/library/ HTTP/1.1" 404 12837 "https://www.google.com" "Mozilla/5.0 (Linux; Android 7.0; SM-G892A Build/NRD90M; wv) AppleWebKit/537.36 (KHTML, Gecko) Version/4.0 Chrome/60.0.3112.107 Mobile Safari/537.36"
209.74.77.214 - - [16/Jul/2025:12:30:49 +0000] "POST /wp-cron.php?doing_wp_cron=1752669049.4984369277954101562500 HTTP/1.1" 200 - "-" "WordPress/6.8.2; https://sergio-cuchi.tattoo"
196.251.66.107 - - [16/Jul/2025:12:30:49 +0000] "GET /wp-includes/blocks/navigation-link/index.php HTTP/1.1" 301 - "https://www.google.com" "Mozilla/5.0 (Linux; Android 7.0; SM-G892A Build/NRD90M; wv) AppleWebKit/537.36 (KHTML, Gecko) Version/4.0 Chrome/60.0.3112.107 Mobile Safari/537.36"
196.251.66.107 - - [16/Jul/2025:12:30:49 +0000] "GET /wp-includes/blocks/navigation-link/ HTTP/1.1" 404 12837 "https://www.google.com" "Mozilla/5.0 (Linux; Android 7.0; SM-G892A Build/NRD90M; wv) AppleWebKit/537.36 (KHTML, Gecko) Version/4.0 Chrome/60.0.3112.107 Mobile Safari/537.36"
196.251.66.107 - - [16/Jul/2025:12:30:52 +0000] "GET /wp-includes/Requests/src/Exception/index.php HTTP/1.1" 301 - "https://www.google.com" "Mozilla/5.0 (Linux; Android 7.0; SM-G892A Build/NRD90M; wv) AppleWebKit/537.36 (KHTML, Gecko) Version/4.0 Chrome/60.0.3112.107 Mobile Safari/537.36"
196.251.66.107 - - [16/Jul/2025:12:30:53 +0000] "GET /wp-includes/Requests/src/Exception/ HTTP/1.1" 404 12837 "https://www.google.com" "Mozilla/5.0 (Linux; Android 7.0; SM-G892A Build/NRD90M; wv) AppleWebKit/537.36 (KHTML, Gecko) Version/4.0 Chrome/60.0.3112.107 Mobile Safari/537.36"
196.251.66.107 - - [16/Jul/2025:12:30:57 +0000] "GET /wp-includes/css/dist/index.php HTTP/1.1" 301 - "https://www.google.com" "Mozilla/5.0 (Linux; Android 7.0; SM-G892A Build/NRD90M; wv) AppleWebKit/537.36 (KHTML, Gecko) Version/4.0 Chrome/60.0.3112.107 Mobile Safari/537.36"
196.251.66.107 - - [16/Jul/2025:12:30:58 +0000] "GET /wp-includes/css/dist/ HTTP/1.1" 404 12837 "https://www.google.com" "Mozilla/5.0 (Linux; Android 7.0; SM-G892A Build/NRD90M; wv) AppleWebKit/537.36 (KHTML, Gecko) Version/4.0 Chrome/60.0.3112.107 Mobile Safari/537.36"
196.251.66.107 - - [16/Jul/2025:12:31:00 +0000] "GET /wp-includes/blocks/comment-date/index.php HTTP/1.1" 301 - "https://www.google.com" "Mozilla/5.0 (Linux; Android 7.0; SM-G892A Build/NRD90M; wv) AppleWebKit/537.36 (KHTML, Gecko) Version/4.0 Chrome/60.0.3112.107 Mobile Safari/537.36"
196.251.66.107 - - [16/Jul/2025:12:31:00 +0000] "GET /wp-includes/blocks/comment-date/ HTTP/1.1" 404 12837 "https://www.google.com" "Mozilla/5.0 (Linux; Android 7.0; SM-G892A Build/NRD90M; wv) AppleWebKit/537.36 (KHTML, Gecko) Version/4.0 Chrome/60.0.3112.107 Mobile Safari/537.36"
196.251.66.107 - - [16/Jul/2025:12:31:08 +0000] "GET /wp-includes/blocks/social-links/index.php HTTP/1.1" 301 - "https://www.google.com" "Mozilla/5.0 (Linux; Android 7.0; SM-G892A Build/NRD90M; wv) AppleWebKit/537.36 (KHTML, Gecko) Version/4.0 Chrome/60.0.3112.107 Mobile Safari/537.36"
196.251.66.107 - - [16/Jul/2025:12:31:10 +0000] "GET /wp-includes/blocks/social-links/ HTTP/1.1" 404 12837 "https://www.google.com" "Mozilla/5.0 (Linux; Android 7.0; SM-G892A Build/NRD90M; wv) AppleWebKit/537.36 (KHTML, Gecko) Version/4.0 Chrome/60.0.3112.107 Mobile Safari/537.36"
196.251.66.107 - - [16/Jul/2025:12:31:12 +0000] "GET /wp-includes/blocks/spacer/index.php HTTP/1.1" 301 - "https://www.google.com" "Mozilla/5.0 (Linux; Android 7.0; SM-G892A Build/NRD90M; wv) AppleWebKit/537.36 (KHTML, Gecko) Version/4.0 Chrome/60.0.3112.107 Mobile Safari/537.36"
196.251.66.107 - - [16/Jul/2025:12:31:12 +0000] "GET /wp-includes/blocks/spacer/ HTTP/1.1" 404 12837 "https://www.google.com" "Mozilla/5.0 (Linux; Android 7.0; SM-G892A Build/NRD90M; wv) AppleWebKit/537.36 (KHTML, Gecko) Version/4.0 Chrome/60.0.3112.107 Mobile Safari/537.36"
196.251.66.107 - - [16/Jul/2025:12:31:16 +0000] "GET /wp-includes/blocks/table/index.php HTTP/1.1" 301 - "https://www.google.com" "Mozilla/5.0 (Linux; Android 7.0; SM-G892A Build/NRD90M; wv) AppleWebKit/537.36 (KHTML, Gecko) Version/4.0 Chrome/60.0.3112.107 Mobile Safari/537.36"
196.251.66.107 - - [16/Jul/2025:12:31:16 +0000] "GET /wp-includes/blocks/table/ HTTP/1.1" 404 12837 "https://www.google.com" "Mozilla/5.0 (Linux; Android 7.0; SM-G892A Build/NRD90M; wv) AppleWebKit/537.36 (KHTML, Gecko) Version/4.0 Chrome/60.0.3112.107 Mobile Safari/537.36"
196.251.66.107 - - [16/Jul/2025:12:31:23 +0000] "GET /wp-includes/blocks/tag-cloud/index.php HTTP/1.1" 301 - "https://www.google.com" "Mozilla/5.0 (Linux; Android 7.0; SM-G892A Build/NRD90M; wv) AppleWebKit/537.36 (KHTML, Gecko) Version/4.0 Chrome/60.0.3112.107 Mobile Safari/537.36"
196.251.66.107 - - [16/Jul/2025:12:31:23 +0000] "GET /wp-includes/blocks/tag-cloud/ HTTP/1.1" 404 12837 "https://www.google.com" "Mozilla/5.0 (Linux; Android 7.0; SM-G892A Build/NRD90M; wv) AppleWebKit/537.36 (KHTML, Gecko) Version/4.0 Chrome/60.0.3112.107 Mobile Safari/537.36"
196.251.66.107 - - [16/Jul/2025:12:31:27 +0000] "GET /wp-includes/blocks/text-columns/index.php HTTP/1.1" 301 - "https://www.google.com" "Mozilla/5.0 (Linux; Android 7.0; SM-G892A Build/NRD90M; wv) AppleWebKit/537.36 (KHTML, Gecko) Version/4.0 Chrome/60.0.3112.107 Mobile Safari/537.36"
196.251.66.107 - - [16/Jul/2025:12:31:29 +0000] "GET /wp-includes/blocks/text-columns/ HTTP/1.1" 404 12837 "https://www.google.com" "Mozilla/5.0 (Linux; Android 7.0; SM-G892A Build/NRD90M; wv) AppleWebKit/537.36 (KHTML, Gecko) Version/4.0 Chrome/60.0.3112.107 Mobile Safari/537.36"
196.251.66.107 - - [16/Jul/2025:12:31:40 +0000] "GET /wp-includes/blocks/verse/index.php HTTP/1.1" 301 - "https://www.google.com" "Mozilla/5.0 (Linux; Android 7.0; SM-G892A Build/NRD90M; wv) AppleWebKit/537.36 (KHTML, Gecko) Version/4.0 Chrome/60.0.3112.107 Mobile Safari/537.36"
196.251.66.107 - - [16/Jul/2025:12:31:40 +0000] "GET /wp-includes/blocks/verse/ HTTP/1.1" 404 12837 "https://www.google.com" "Mozilla/5.0 (Linux; Android 7.0; SM-G892A Build/NRD90M; wv) AppleWebKit/537.36 (KHTML, Gecko) Version/4.0 Chrome/60.0.3112.107 Mobile Safari/537.36"
209.74.77.214 - - [16/Jul/2025:12:31:49 +0000] "POST /wp-cron.php?doing_wp_cron=1752669109.9709219932556152343750 HTTP/1.1" 200 - "-" "WordPress/6.8.2; https://sergio-cuchi.tattoo"
196.251.66.107 - - [16/Jul/2025:12:31:49 +0000] "GET /wp-includes/blocks/video/index.php HTTP/1.1" 301 - "https://www.google.com" "Mozilla/5.0 (Linux; Android 7.0; SM-G892A Build/NRD90M; wv) AppleWebKit/537.36 (KHTML, Gecko) Version/4.0 Chrome/60.0.3112.107 Mobile Safari/537.36"
196.251.66.107 - - [16/Jul/2025:12:31:50 +0000] "GET /wp-includes/blocks/video/ HTTP/1.1" 404 12837 "https://www.google.com" "Mozilla/5.0 (Linux; Android 7.0; SM-G892A Build/NRD90M; wv) AppleWebKit/537.36 (KHTML, Gecko) Version/4.0 Chrome/60.0.3112.107 Mobile Safari/537.36"
196.251.66.107 - - [16/Jul/2025:12:31:55 +0000] "GET /wp-includes/certificates/index.php HTTP/1.1" 301 - "https://www.google.com" "Mozilla/5.0 (Linux; Android 7.0; SM-G892A Build/NRD90M; wv) AppleWebKit/537.36 (KHTML, Gecko) Version/4.0 Chrome/60.0.3112.107 Mobile Safari/537.36"
196.251.66.107 - - [16/Jul/2025:12:31:55 +0000] "GET /wp-includes/certificates/ HTTP/1.1" 404 12830 "https://www.google.com" "Mozilla/5.0 (Linux; Android 7.0; SM-G892A Build/NRD90M; wv) AppleWebKit/537.36 (KHTML, Gecko) Version/4.0 Chrome/60.0.3112.107 Mobile Safari/537.36"
196.251.66.107 - - [16/Jul/2025:12:31:56 +0000] "GET /wp-includes/css/index.php HTTP/1.1" 301 - "https://www.google.com" "Mozilla/5.0 (Linux; Android 7.0; SM-G892A Build/NRD90M; wv) AppleWebKit/537.36 (KHTML, Gecko) Version/4.0 Chrome/60.0.3112.107 Mobile Safari/537.36"
196.251.66.107 - - [16/Jul/2025:12:31:57 +0000] "GET /wp-includes/css/ HTTP/1.1" 404 12830 "https://www.google.com" "Mozilla/5.0 (Linux; Android 7.0; SM-G892A Build/NRD90M; wv) AppleWebKit/537.36 (KHTML, Gecko) Version/4.0 Chrome/60.0.3112.107 Mobile Safari/537.36"
196.251.66.107 - - [16/Jul/2025:12:32:03 +0000] "GET /wp-includes/css/dist/block-directory/index.php HTTP/1.1" 301 - "https://www.google.com" "Mozilla/5.0 (Linux; Android 7.0; SM-G892A Build/NRD90M; wv) AppleWebKit/537.36 (KHTML, Gecko) Version/4.0 Chrome/60.0.3112.107 Mobile Safari/537.36"
196.251.66.107 - - [16/Jul/2025:12:32:03 +0000] "GET /wp-includes/css/dist/block-directory/ HTTP/1.1" 404 12837 "https://www.google.com" "Mozilla/5.0 (Linux; Android 7.0; SM-G892A Build/NRD90M; wv) AppleWebKit/537.36 (KHTML, Gecko) Version/4.0 Chrome/60.0.3112.107 Mobile Safari/537.36"
196.251.66.107 - - [16/Jul/2025:12:32:10 +0000] "GET /wp-includes/css/dist/components/index.php HTTP/1.1" 301 - "https://www.google.com" "Mozilla/5.0 (Linux; Android 7.0; SM-G892A Build/NRD90M; wv) AppleWebKit/537.36 (KHTML, Gecko) Version/4.0 Chrome/60.0.3112.107 Mobile Safari/537.36"
196.251.66.107 - - [16/Jul/2025:12:32:13 +0000] "GET /wp-includes/css/dist/components/ HTTP/1.1" 404 12837 "https://www.google.com" "Mozilla/5.0 (Linux; Android 7.0; SM-G892A Build/NRD90M; wv) AppleWebKit/537.36 (KHTML, Gecko) Version/4.0 Chrome/60.0.3112.107 Mobile Safari/537.36"
196.251.66.107 - - [16/Jul/2025:12:32:20 +0000] "GET /wp-includes/css/dist/customize-widgets/index.php HTTP/1.1" 301 - "https://www.google.com" "Mozilla/5.0 (Linux; Android 7.0; SM-G892A Build/NRD90M; wv) AppleWebKit/537.36 (KHTML, Gecko) Version/4.0 Chrome/60.0.3112.107 Mobile Safari/537.36"
196.251.66.107 - - [16/Jul/2025:12:32:20 +0000] "GET /wp-includes/css/dist/customize-widgets/ HTTP/1.1" 404 12837 "https://www.google.com" "Mozilla/5.0 (Linux; Android 7.0; SM-G892A Build/NRD90M; wv) AppleWebKit/537.36 (KHTML, Gecko) Version/4.0 Chrome/60.0.3112.107 Mobile Safari/537.36"
196.251.66.107 - - [16/Jul/2025:12:32:25 +0000] "GET /wp-includes/css/dist/list-reusable-blocks/index.php HTTP/1.1" 301 - "https://www.google.com" "Mozilla/5.0 (Linux; Android 7.0; SM-G892A Build/NRD90M; wv) AppleWebKit/537.36 (KHTML, Gecko) Version/4.0 Chrome/60.0.3112.107 Mobile Safari/537.36"
196.251.66.107 - - [16/Jul/2025:12:32:28 +0000] "GET /wp-includes/css/dist/list-reusable-blocks/ HTTP/1.1" 404 12837 "https://www.google.com" "Mozilla/5.0 (Linux; Android 7.0; SM-G892A Build/NRD90M; wv) AppleWebKit/537.36 (KHTML, Gecko) Version/4.0 Chrome/60.0.3112.107 Mobile Safari/537.36"
196.251.66.107 - - [16/Jul/2025:12:32:32 +0000] "GET /wp-includes/css/dist/nux/index.php HTTP/1.1" 301 - "https://www.google.com" "Mozilla/5.0 (Linux; Android 7.0; SM-G892A Build/NRD90M; wv) AppleWebKit/537.36 (KHTML, Gecko) Version/4.0 Chrome/60.0.3112.107 Mobile Safari/537.36"
196.251.66.107 - - [16/Jul/2025:12:32:33 +0000] "GET /wp-includes/css/dist/nux/ HTTP/1.1" 404 12837 "https://www.google.com" "Mozilla/5.0 (Linux; Android 7.0; SM-G892A Build/NRD90M; wv) AppleWebKit/537.36 (KHTML, Gecko) Version/4.0 Chrome/60.0.3112.107 Mobile Safari/537.36"
209.74.77.214 - - [16/Jul/2025:12:32:47 +0000] "POST /wp-cron.php?doing_wp_cron=1752669167.2403569221496582031250 HTTP/1.1" 200 - "-" "WordPress/6.8.2; https://sergio-cuchi.tattoo"
196.251.66.107 - - [16/Jul/2025:12:32:47 +0000] "GET /wp-includes/css/dist/edit-post/index.php HTTP/1.1" 301 - "https://www.google.com" "Mozilla/5.0 (Linux; Android 7.0; SM-G892A Build/NRD90M; wv) AppleWebKit/537.36 (KHTML, Gecko) Version/4.0 Chrome/60.0.3112.107 Mobile Safari/537.36"
196.251.66.107 - - [16/Jul/2025:12:32:47 +0000] "GET /wp-includes/css/dist/edit-post/ HTTP/1.1" 404 12837 "https://www.google.com" "Mozilla/5.0 (Linux; Android 7.0; SM-G892A Build/NRD90M; wv) AppleWebKit/537.36 (KHTML, Gecko) Version/4.0 Chrome/60.0.3112.107 Mobile Safari/537.36"
196.251.66.107 - - [16/Jul/2025:12:32:54 +0000] "GET /wp-includes/css/dist/edit-widgets/index.php HTTP/1.1" 301 - "https://www.google.com" "Mozilla/5.0 (Linux; Android 7.0; SM-G892A Build/NRD90M; wv) AppleWebKit/537.36 (KHTML, Gecko) Version/4.0 Chrome/60.0.3112.107 Mobile Safari/537.36"
196.251.66.107 - - [16/Jul/2025:12:32:55 +0000] "GET /wp-includes/css/dist/edit-widgets/ HTTP/1.1" 404 12837 "https://www.google.com" "Mozilla/5.0 (Linux; Android 7.0; SM-G892A Build/NRD90M; wv) AppleWebKit/537.36 (KHTML, Gecko) Version/4.0 Chrome/60.0.3112.107 Mobile Safari/537.36"
196.251.66.107 - - [16/Jul/2025:12:33:03 +0000] "GET /wp-includes/css/dist/editor/index.php HTTP/1.1" 301 - "https://www.google.com" "Mozilla/5.0 (Linux; Android 7.0; SM-G892A Build/NRD90M; wv) AppleWebKit/537.36 (KHTML, Gecko) Version/4.0 Chrome/60.0.3112.107 Mobile Safari/537.36"
196.251.66.107 - - [16/Jul/2025:12:33:03 +0000] "GET /wp-includes/css/dist/editor/ HTTP/1.1" 404 12837 "https://www.google.com" "Mozilla/5.0 (Linux; Android 7.0; SM-G892A Build/NRD90M; wv) AppleWebKit/537.36 (KHTML, Gecko) Version/4.0 Chrome/60.0.3112.107 Mobile Safari/537.36"
196.251.66.107 - - [16/Jul/2025:12:33:09 +0000] "GET /wp-includes/css/dist/format-library/index.php HTTP/1.1" 301 - "https://www.google.com" "Mozilla/5.0 (Linux; Android 7.0; SM-G892A Build/NRD90M; wv) AppleWebKit/537.36 (KHTML, Gecko) Version/4.0 Chrome/60.0.3112.107 Mobile Safari/537.36"
196.251.66.107 - - [16/Jul/2025:12:33:12 +0000] "GET /wp-includes/css/dist/format-library/ HTTP/1.1" 404 12837 "https://www.google.com" "Mozilla/5.0 (Linux; Android 7.0; SM-G892A Build/NRD90M; wv) AppleWebKit/537.36 (KHTML, Gecko) Version/4.0 Chrome/60.0.3112.107 Mobile Safari/537.36"
196.251.66.107 - - [16/Jul/2025:12:33:20 +0000] "GET /wp-includes/css/dist/reusable-blocks/index.php HTTP/1.1" 301 - "https://www.google.com" "Mozilla/5.0 (Linux; Android 7.0; SM-G892A Build/NRD90M; wv) AppleWebKit/537.36 (KHTML, Gecko) Version/4.0 Chrome/60.0.3112.107 Mobile Safari/537.36"
196.251.66.107 - - [16/Jul/2025:12:33:24 +0000] "GET /wp-includes/css/dist/reusable-blocks/ HTTP/1.1" 404 12837 "https://www.google.com" "Mozilla/5.0 (Linux; Android 7.0; SM-G892A Build/NRD90M; wv) AppleWebKit/537.36 (KHTML, Gecko) Version/4.0 Chrome/60.0.3112.107 Mobile Safari/537.36"
196.251.66.107 - - [16/Jul/2025:12:33:28 +0000] "GET /wp-includes/css/dist/widgets/index.php HTTP/1.1" 301 - "https://www.google.com" "Mozilla/5.0 (Linux; Android 7.0; SM-G892A Build/NRD90M; wv) AppleWebKit/537.36 (KHTML, Gecko) Version/4.0 Chrome/60.0.3112.107 Mobile Safari/537.36"
196.251.66.107 - - [16/Jul/2025:12:33:28 +0000] "GET /wp-includes/css/dist/widgets/ HTTP/1.1" 404 12837 "https://www.google.com" "Mozilla/5.0 (Linux; Android 7.0; SM-G892A Build/NRD90M; wv) AppleWebKit/537.36 (KHTML, Gecko) Version/4.0 Chrome/60.0.3112.107 Mobile Safari/537.36"
196.251.66.107 - - [16/Jul/2025:12:33:31 +0000] "GET /wp-includes/customize/index.php HTTP/1.1" 301 - "https://www.google.com" "Mozilla/5.0 (Linux; Android 7.0; SM-G892A Build/NRD90M; wv) AppleWebKit/537.36 (KHTML, Gecko) Version/4.0 Chrome/60.0.3112.107 Mobile Safari/537.36"
196.251.66.107 - - [16/Jul/2025:12:33:31 +0000] "GET /wp-includes/customize/ HTTP/1.1" 404 12830 "https://www.google.com" "Mozilla/5.0 (Linux; Android 7.0; SM-G892A Build/NRD90M; wv) AppleWebKit/537.36 (KHTML, Gecko) Version/4.0 Chrome/60.0.3112.107 Mobile Safari/537.36"
196.251.66.107 - - [16/Jul/2025:12:33:37 +0000] "GET /wp-includes/fonts/index.php HTTP/1.1" 301 - "https://www.google.com" "Mozilla/5.0 (Linux; Android 7.0; SM-G892A Build/NRD90M; wv) AppleWebKit/537.36 (KHTML, Gecko) Version/4.0 Chrome/60.0.3112.107 Mobile Safari/537.36"
196.251.66.107 - - [16/Jul/2025:12:33:38 +0000] "GET /wp-includes/fonts/ HTTP/1.1" 404 12830 "https://www.google.com" "Mozilla/5.0 (Linux; Android 7.0; SM-G892A Build/NRD90M; wv) AppleWebKit/537.36 (KHTML, Gecko) Version/4.0 Chrome/60.0.3112.107 Mobile Safari/537.36"
66.249.74.43 - - [16/Jul/2025:12:33:42 +0000] "GET /?h=113658543081600&mod=5e6ff78d&uri=blog.php?goods/2033868.shtml HTTP/1.1" 301 - "-" "Mozilla/5.0 (Linux; Android 6.0.1; Nexus 5X Build/MMB29P) AppleWebKit/537.36 (KHTML, like Gecko) Chrome/137.0.7151.103 Mobile Safari/537.36 (compatible; Googlebot/2.1; +http://www.google.com/bot.html)"
66.249.74.43 - - [16/Jul/2025:12:33:42 +0000] "GET /?h=113658543081600&mod=5e6ff78d&uri=blog.php?affiliate HTTP/1.1" 301 - "-" "Mozilla/5.0 (Linux; Android 6.0.1; Nexus 5X Build/MMB29P) AppleWebKit/537.36 (KHTML, like Gecko) Chrome/137.0.7151.103 Mobile Safari/537.36 (compatible; Googlebot/2.1; +http://www.google.com/bot.html)"
66.249.74.32 - - [16/Jul/2025:12:33:45 +0000] "GET /?h=113658543081600&mod=5e6ff78d&uri=blog.php%3Fgoods%2F2033868.shtml HTTP/1.1" 200 16284 "-" "Mozilla/5.0 (Linux; Android 6.0.1; Nexus 5X Build/MMB29P) AppleWebKit/537.36 (KHTML, like Gecko) Chrome/137.0.7151.103 Mobile Safari/537.36 (compatible; Googlebot/2.1; +http://www.google.com/bot.html)"
66.249.74.42 - - [16/Jul/2025:12:33:45 +0000] "GET /?h=113658543081600&mod=5e6ff78d&uri=blog.php%3Faffiliate HTTP/1.1" 200 16282 "-" "Mozilla/5.0 (Linux; Android 6.0.1; Nexus 5X Build/MMB29P) AppleWebKit/537.36 (KHTML, like Gecko) Chrome/137.0.7151.103 Mobile Safari/537.36 (compatible; Googlebot/2.1; +http://www.google.com/bot.html)"
209.74.77.214 - - [16/Jul/2025:12:33:47 +0000] "POST /wp-cron.php?doing_wp_cron=1752669227.2526080608367919921875 HTTP/1.1" 200 - "-" "WordPress/6.8.2; https://sergio-cuchi.tattoo"
66.249.74.43 - - [16/Jul/2025:12:33:47 +0000] "GET /?h=5200099011600&mod=570f6ff5&uri=blog.php?goods/1982692.shtml HTTP/1.1" 301 - "-" "Mozilla/5.0 (Linux; Android 6.0.1; Nexus 5X Build/MMB29P) AppleWebKit/537.36 (KHTML, like Gecko) Chrome/137.0.7151.103 Mobile Safari/537.36 (compatible; Googlebot/2.1; +http://www.google.com/bot.html)"
66.249.74.43 - - [16/Jul/2025:12:33:47 +0000] "GET /?h=5200099011600&mod=570f6ff5&uri=blog.php%3Fgoods%2F1982692.shtml HTTP/1.1" 200 16284 "-" "Mozilla/5.0 (Linux; Android 6.0.1; Nexus 5X Build/MMB29P) AppleWebKit/537.36 (KHTML, like Gecko) Chrome/137.0.7151.103 Mobile Safari/537.36 (compatible; Googlebot/2.1; +http://www.google.com/bot.html)"
66.249.74.43 - - [16/Jul/2025:12:33:48 +0000] "POST /?wc-ajax=get_refreshed_fragments HTTP/1.1" 200 186 "https://sergio-cuchi.tattoo/?h=113658543081600&mod=5e6ff78d&uri=blog.php%3Faffiliate" "Mozilla/5.0 (Linux; Android 6.0.1; Nexus 5X Build/MMB29P) AppleWebKit/537.36 (KHTML, like Gecko) Chrome/137.0.7151.119 Mobile Safari/537.36 (compatible; Googlebot/2.1; +http://www.google.com/bot.html)"
196.251.66.107 - - [16/Jul/2025:12:33:56 +0000] "GET /wp-includes/images/index.php HTTP/1.1" 301 - "https://www.google.com" "Mozilla/5.0 (Linux; Android 7.0; SM-G892A Build/NRD90M; wv) AppleWebKit/537.36 (KHTML, Gecko) Version/4.0 Chrome/60.0.3112.107 Mobile Safari/537.36"
196.251.66.107 - - [16/Jul/2025:12:33:56 +0000] "GET /wp-includes/images/ HTTP/1.1" 404 12830 "https://www.google.com" "Mozilla/5.0 (Linux; Android 7.0; SM-G892A Build/NRD90M; wv) AppleWebKit/537.36 (KHTML, Gecko) Version/4.0 Chrome/60.0.3112.107 Mobile Safari/537.36"
196.251.66.107 - - [16/Jul/2025:12:34:03 +0000] "GET /wp-includes/images/crystal/index.php HTTP/1.1" 301 - "https://www.google.com" "Mozilla/5.0 (Linux; Android 7.0; SM-G892A Build/NRD90M; wv) AppleWebKit/537.36 (KHTML, Gecko) Version/4.0 Chrome/60.0.3112.107 Mobile Safari/537.36"
196.251.66.107 - - [16/Jul/2025:12:34:04 +0000] "GET /wp-includes/images/crystal/ HTTP/1.1" 404 12837 "https://www.google.com" "Mozilla/5.0 (Linux; Android 7.0; SM-G892A Build/NRD90M; wv) AppleWebKit/537.36 (KHTML, Gecko) Version/4.0 Chrome/60.0.3112.107 Mobile Safari/537.36"
196.251.66.107 - - [16/Jul/2025:12:34:08 +0000] "GET /wp-includes/images/media/index.php HTTP/1.1" 301 - "https://www.google.com" "Mozilla/5.0 (Linux; Android 7.0; SM-G892A Build/NRD90M; wv) AppleWebKit/537.36 (KHTML, Gecko) Version/4.0 Chrome/60.0.3112.107 Mobile Safari/537.36"
196.251.66.107 - - [16/Jul/2025:12:34:09 +0000] "GET /wp-includes/images/media/ HTTP/1.1" 404 12837 "https://www.google.com" "Mozilla/5.0 (Linux; Android 7.0; SM-G892A Build/NRD90M; wv) AppleWebKit/537.36 (KHTML, Gecko) Version/4.0 Chrome/60.0.3112.107 Mobile Safari/537.36"
196.251.66.107 - - [16/Jul/2025:12:34:11 +0000] "GET /wp-includes/images/smilies/index.php HTTP/1.1" 301 - "https://www.google.com" "Mozilla/5.0 (Linux; Android 7.0; SM-G892A Build/NRD90M; wv) AppleWebKit/537.36 (KHTML, Gecko) Version/4.0 Chrome/60.0.3112.107 Mobile Safari/537.36"
196.251.66.107 - - [16/Jul/2025:12:34:11 +0000] "GET /wp-includes/images/smilies/ HTTP/1.1" 404 12837 "https://www.google.com" "Mozilla/5.0 (Linux; Android 7.0; SM-G892A Build/NRD90M; wv) AppleWebKit/537.36 (KHTML, Gecko) Version/4.0 Chrome/60.0.3112.107 Mobile Safari/537.36"
209.74.77.214 - - [16/Jul/2025:12:34:19 +0000] "POST /wp-cron.php?doing_wp_cron=1752669259.2330420017242431640625 HTTP/1.1" 200 - "-" "WordPress/6.8.2; https://sergio-cuchi.tattoo"
66.249.74.42 - - [16/Jul/2025:12:34:19 +0000] "GET /?h=5200099011600&mod=570f6ff5&uri=blog.php?goods/2005548.shtml HTTP/1.1" 301 - "-" "Mozilla/5.0 (Linux; Android 6.0.1; Nexus 5X Build/MMB29P) AppleWebKit/537.36 (KHTML, like Gecko) Chrome/137.0.7151.103 Mobile Safari/537.36 (compatible; Googlebot/2.1; +http://www.google.com/bot.html)"
66.249.74.32 - - [16/Jul/2025:12:34:19 +0000] "GET /?h=5200099011600&mod=570f6ff5&uri=blog.php%3Fgoods%2F2005548.shtml HTTP/1.1" 200 16283 "-" "Mozilla/5.0 (Linux; Android 6.0.1; Nexus 5X Build/MMB29P) AppleWebKit/537.36 (KHTML, like Gecko) Chrome/137.0.7151.103 Mobile Safari/537.36 (compatible; Googlebot/2.1; +http://www.google.com/bot.html)"
196.251.66.107 - - [16/Jul/2025:12:34:19 +0000] "GET /wp-includes/images/wlw/index.php HTTP/1.1" 301 - "https://www.google.com" "Mozilla/5.0 (Linux; Android 7.0; SM-G892A Build/NRD90M; wv) AppleWebKit/537.36 (KHTML, Gecko) Version/4.0 Chrome/60.0.3112.107 Mobile Safari/537.36"
196.251.66.107 - - [16/Jul/2025:12:34:19 +0000] "GET /wp-includes/images/wlw/ HTTP/1.1" 404 12837 "https://www.google.com" "Mozilla/5.0 (Linux; Android 7.0; SM-G892A Build/NRD90M; wv) AppleWebKit/537.36 (KHTML, Gecko) Version/4.0 Chrome/60.0.3112.107 Mobile Safari/537.36"
196.251.66.107 - - [16/Jul/2025:12:34:25 +0000] "GET /wp-includes/js/index.php HTTP/1.1" 301 - "https://www.google.com" "Mozilla/5.0 (Linux; Android 7.0; SM-G892A Build/NRD90M; wv) AppleWebKit/537.36 (KHTML, Gecko) Version/4.0 Chrome/60.0.3112.107 Mobile Safari/537.36"
196.251.66.107 - - [16/Jul/2025:12:34:25 +0000] "GET /wp-includes/js/ HTTP/1.1" 404 12830 "https://www.google.com" "Mozilla/5.0 (Linux; Android 7.0; SM-G892A Build/NRD90M; wv) AppleWebKit/537.36 (KHTML, Gecko) Version/4.0 Chrome/60.0.3112.107 Mobile Safari/537.36"
66.249.74.43 - - [16/Jul/2025:12:34:31 +0000] "GET /?h=113658543081600&mod=5e6ff78d&uri=blog.php?pcmypage/ HTTP/1.1" 301 - "-" "Mozilla/5.0 (Linux; Android 6.0.1; Nexus 5X Build/MMB29P) AppleWebKit/537.36 (KHTML, like Gecko) Chrome/137.0.7151.103 Mobile Safari/537.36 (compatible; Googlebot/2.1; +http://www.google.com/bot.html)"
66.249.74.42 - - [16/Jul/2025:12:34:31 +0000] "GET /?h=113658543081600&mod=5e6ff78d&uri=blog.php%3Fpcmypage%2F HTTP/1.1" 200 16281 "-" "Mozilla/5.0 (Linux; Android 6.0.1; Nexus 5X Build/MMB29P) AppleWebKit/537.36 (KHTML, like Gecko) Chrome/137.0.7151.103 Mobile Safari/537.36 (compatible; Googlebot/2.1; +http://www.google.com/bot.html)"
196.251.66.107 - - [16/Jul/2025:12:34:33 +0000] "GET /wp-includes/js/codemirror/index.php HTTP/1.1" 301 - "https://www.google.com" "Mozilla/5.0 (Linux; Android 7.0; SM-G892A Build/NRD90M; wv) AppleWebKit/537.36 (KHTML, Gecko) Version/4.0 Chrome/60.0.3112.107 Mobile Safari/537.36"
196.251.66.107 - - [16/Jul/2025:12:34:33 +0000] "GET /wp-includes/js/codemirror/ HTTP/1.1" 404 12837 "https://www.google.com" "Mozilla/5.0 (Linux; Android 7.0; SM-G892A Build/NRD90M; wv) AppleWebKit/537.36 (KHTML, Gecko) Version/4.0 Chrome/60.0.3112.107 Mobile Safari/537.36"
196.251.66.107 - - [16/Jul/2025:12:34:40 +0000] "GET /wp-includes/js/crop/index.php HTTP/1.1" 301 - "https://www.google.com" "Mozilla/5.0 (Linux; Android 7.0; SM-G892A Build/NRD90M; wv) AppleWebKit/537.36 (KHTML, Gecko) Version/4.0 Chrome/60.0.3112.107 Mobile Safari/537.36"
196.251.66.107 - - [16/Jul/2025:12:34:40 +0000] "GET /wp-includes/js/crop/ HTTP/1.1" 404 12837 "https://www.google.com" "Mozilla/5.0 (Linux; Android 7.0; SM-G892A Build/NRD90M; wv) AppleWebKit/537.36 (KHTML, Gecko) Version/4.0 Chrome/60.0.3112.107 Mobile Safari/537.36"
196.251.66.107 - - [16/Jul/2025:12:34:43 +0000] "GET /wp-includes/js/dist/index.php HTTP/1.1" 301 - "https://www.google.com" "Mozilla/5.0 (Linux; Android 7.0; SM-G892A Build/NRD90M; wv) AppleWebKit/537.36 (KHTML, Gecko) Version/4.0 Chrome/60.0.3112.107 Mobile Safari/537.36"
66.249.74.42 - - [16/Jul/2025:12:34:43 +0000] "GET /?h=5588375041600&mod=f9421558&uri=brands.php?goods/2015568.shtml HTTP/1.1" 301 - "-" "Mozilla/5.0 (Linux; Android 6.0.1; Nexus 5X Build/MMB29P) AppleWebKit/537.36 (KHTML, like Gecko) Chrome/137.0.7151.103 Mobile Safari/537.36 (compatible; Googlebot/2.1; +http://www.google.com/bot.html)"
66.249.74.42 - - [16/Jul/2025:12:34:43 +0000] "GET /?h=5588375041600&mod=f9421558&uri=brands.php%3Fgoods%2F2015568.shtml HTTP/1.1" 200 16282 "-" "Mozilla/5.0 (Linux; Android 6.0.1; Nexus 5X Build/MMB29P) AppleWebKit/537.36 (KHTML, like Gecko) Chrome/137.0.7151.103 Mobile Safari/537.36 (compatible; Googlebot/2.1; +http://www.google.com/bot.html)"
209.74.77.214 - - [16/Jul/2025:12:34:46 +0000] "POST /wp-cron.php?doing_wp_cron=1752669286.9879300594329833984375 HTTP/1.1" 200 - "-" "WordPress/6.8.2; https://sergio-cuchi.tattoo"
196.251.66.107 - - [16/Jul/2025:12:34:46 +0000] "GET /wp-includes/js/dist/ HTTP/1.1" 404 12837 "https://www.google.com" "Mozilla/5.0 (Linux; Android 7.0; SM-G892A Build/NRD90M; wv) AppleWebKit/537.36 (KHTML, Gecko) Version/4.0 Chrome/60.0.3112.107 Mobile Safari/537.36"
66.249.74.42 - - [16/Jul/2025:12:34:48 +0000] "POST /?wc-ajax=get_refreshed_fragments HTTP/1.1" 200 186 "https://sergio-cuchi.tattoo/?h=5588375041600&mod=f9421558&uri=brands.php%3Fgoods%2F2015568.shtml" "Mozilla/5.0 (Linux; Android 6.0.1; Nexus 5X Build/MMB29P) AppleWebKit/537.36 (KHTML, like Gecko) Chrome/137.0.7151.119 Mobile Safari/537.36 (compatible; Googlebot/2.1; +http://www.google.com/bot.html)"
66.249.74.42 - - [16/Jul/2025:12:34:53 +0000] "GET /?h=113658543081600&mod=5e6ff78d&uri=blog.php?goods/1994158.shtml HTTP/1.1" 301 - "-" "Mozilla/5.0 (Linux; Android 6.0.1; Nexus 5X Build/MMB29P) AppleWebKit/537.36 (KHTML, like Gecko) Chrome/137.0.7151.103 Mobile Safari/537.36 (compatible; Googlebot/2.1; +http://www.google.com/bot.html)"
66.249.74.42 - - [16/Jul/2025:12:34:53 +0000] "GET /?h=113658543081600&mod=5e6ff78d&uri=blog.php%3Fgoods%2F1994158.shtml HTTP/1.1" 200 16279 "-" "Mozilla/5.0 (Linux; Android 6.0.1; Nexus 5X Build/MMB29P) AppleWebKit/537.36 (KHTML, like Gecko) Chrome/137.0.7151.103 Mobile Safari/537.36 (compatible; Googlebot/2.1; +http://www.google.com/bot.html)"
196.251.66.107 - - [16/Jul/2025:12:34:55 +0000] "GET /wp-includes/js/dist/vendor/index.php HTTP/1.1" 301 - "https://www.google.com" "Mozilla/5.0 (Linux; Android 7.0; SM-G892A Build/NRD90M; wv) AppleWebKit/537.36 (KHTML, Gecko) Version/4.0 Chrome/60.0.3112.107 Mobile Safari/537.36"
66.249.74.42 - - [16/Jul/2025:12:34:55 +0000] "GET /?h=113658543081600&mod=5e6ff78d&uri=blog.php?goods/2008312.shtml HTTP/1.1" 301 - "-" "Mozilla/5.0 (Linux; Android 6.0.1; Nexus 5X Build/MMB29P) AppleWebKit/537.36 (KHTML, like Gecko) Chrome/137.0.7151.103 Mobile Safari/537.36 (compatible; Googlebot/2.1; +http://www.google.com/bot.html)"
66.249.74.42 - - [16/Jul/2025:12:34:56 +0000] "GET /?h=113658543081600&mod=5e6ff78d&uri=blog.php?goods/1991040.shtml HTTP/1.1" 301 - "-" "Mozilla/5.0 (Linux; Android 6.0.1; Nexus 5X Build/MMB29P) AppleWebKit/537.36 (KHTML, like Gecko) Chrome/137.0.7151.103 Mobile Safari/537.36 (compatible; Googlebot/2.1; +http://www.google.com/bot.html)"
196.251.66.107 - - [16/Jul/2025:12:34:56 +0000] "GET /wp-includes/js/dist/vendor/ HTTP/1.1" 404 12837 "https://www.google.com" "Mozilla/5.0 (Linux; Android 7.0; SM-G892A Build/NRD90M; wv) AppleWebKit/537.36 (KHTML, Gecko) Version/4.0 Chrome/60.0.3112.107 Mobile Safari/537.36"
66.249.74.42 - - [16/Jul/2025:12:34:56 +0000] "GET /?h=113658543081600&mod=5e6ff78d&uri=blog.php%3Fgoods%2F2008312.shtml HTTP/1.1" 200 16283 "-" "Mozilla/5.0 (Linux; Android 6.0.1; Nexus 5X Build/MMB29P) AppleWebKit/537.36 (KHTML, like Gecko) Chrome/137.0.7151.103 Mobile Safari/537.36 (compatible; Googlebot/2.1; +http://www.google.com/bot.html)"
66.249.74.42 - - [16/Jul/2025:12:34:57 +0000] "GET /?h=113658543081600&mod=5e6ff78d&uri=blog.php%3Fgoods%2F1991040.shtml HTTP/1.1" 200 16281 "-" "Mozilla/5.0 (Linux; Android 6.0.1; Nexus 5X Build/MMB29P) AppleWebKit/537.36 (KHTML, like Gecko) Chrome/137.0.7151.103 Mobile Safari/537.36 (compatible; Googlebot/2.1; +http://www.google.com/bot.html)"
66.249.74.42 - - [16/Jul/2025:12:34:57 +0000] "GET /?h=113658543081600&mod=5e6ff78d&uri=blog.php?cargo/detail HTTP/1.1" 301 - "-" "Mozilla/5.0 (Linux; Android 6.0.1; Nexus 5X Build/MMB29P) AppleWebKit/537.36 (KHTML, like Gecko) Chrome/137.0.7151.103 Mobile Safari/537.36 (compatible; Googlebot/2.1; +http://www.google.com/bot.html)"
66.249.74.42 - - [16/Jul/2025:12:34:58 +0000] "GET /?h=113658543081600&mod=5e6ff78d&uri=blog.php%3Fcargo%2Fdetail HTTP/1.1" 200 16282 "-" "Mozilla/5.0 (Linux; Android 6.0.1; Nexus 5X Build/MMB29P) AppleWebKit/537.36 (KHTML, like Gecko) Chrome/137.0.7151.103 Mobile Safari/537.36 (compatible; Googlebot/2.1; +http://www.google.com/bot.html)"
196.251.66.107 - - [16/Jul/2025:12:34:58 +0000] "GET /wp-includes/js/imgareaselect/index.php HTTP/1.1" 301 - "https://www.google.com" "Mozilla/5.0 (Linux; Android 7.0; SM-G892A Build/NRD90M; wv) AppleWebKit/537.36 (KHTML, Gecko) Version/4.0 Chrome/60.0.3112.107 Mobile Safari/537.36"
66.249.74.42 - - [16/Jul/2025:12:34:59 +0000] "POST /?wc-ajax=get_refreshed_fragments HTTP/1.1" 200 186 "https://sergio-cuchi.tattoo/?h=113658543081600&mod=5e6ff78d&uri=blog.php%3Fgoods%2F2008312.shtml" "Mozilla/5.0 (Linux; Android 6.0.1; Nexus 5X Build/MMB29P) AppleWebKit/537.36 (KHTML, like Gecko) Chrome/137.0.7151.119 Mobile Safari/537.36 (compatible; Googlebot/2.1; +http://www.google.com/bot.html)"
196.251.66.107 - - [16/Jul/2025:12:35:01 +0000] "GET /wp-includes/js/imgareaselect/ HTTP/1.1" 404 12837 "https://www.google.com" "Mozilla/5.0 (Linux; Android 7.0; SM-G892A Build/NRD90M; wv) AppleWebKit/537.36 (KHTML, Gecko) Version/4.0 Chrome/60.0.3112.107 Mobile Safari/537.36"
66.249.74.32 - - [16/Jul/2025:12:35:02 +0000] "POST /?wc-ajax=get_refreshed_fragments HTTP/1.1" 200 186 "https://sergio-cuchi.tattoo/?h=113658543081600&mod=5e6ff78d&uri=blog.php%3Fcargo%2Fdetail" "Mozilla/5.0 (Linux; Android 6.0.1; Nexus 5X Build/MMB29P) AppleWebKit/537.36 (KHTML, like Gecko) Chrome/137.0.7151.119 Mobile Safari/537.36 (compatible; Googlebot/2.1; +http://www.google.com/bot.html)"
196.251.66.107 - - [16/Jul/2025:12:35:09 +0000] "GET /wp-includes/js/jcrop/index.php HTTP/1.1" 301 - "https://www.google.com" "Mozilla/5.0 (Linux; Android 7.0; SM-G892A Build/NRD90M; wv) AppleWebKit/537.36 (KHTML, Gecko) Version/4.0 Chrome/60.0.3112.107 Mobile Safari/537.36"
196.251.66.107 - - [16/Jul/2025:12:35:09 +0000] "GET /wp-includes/js/jcrop/ HTTP/1.1" 404 12837 "https://www.google.com" "Mozilla/5.0 (Linux; Android 7.0; SM-G892A Build/NRD90M; wv) AppleWebKit/537.36 (KHTML, Gecko) Version/4.0 Chrome/60.0.3112.107 Mobile Safari/537.36"
196.251.66.107 - - [16/Jul/2025:12:35:13 +0000] "GET /wp-includes/js/jquery/index.php HTTP/1.1" 301 - "https://www.google.com" "Mozilla/5.0 (Linux; Android 7.0; SM-G892A Build/NRD90M; wv) AppleWebKit/537.36 (KHTML, Gecko) Version/4.0 Chrome/60.0.3112.107 Mobile Safari/537.36"
196.251.66.107 - - [16/Jul/2025:12:35:14 +0000] "GET /wp-includes/js/jquery/ HTTP/1.1" 404 12837 "https://www.google.com" "Mozilla/5.0 (Linux; Android 7.0; SM-G892A Build/NRD90M; wv) AppleWebKit/537.36 (KHTML, Gecko) Version/4.0 Chrome/60.0.3112.107 Mobile Safari/537.36"
196.251.66.107 - - [16/Jul/2025:12:35:18 +0000] "GET /wp-includes/js/jquery/ui/index.php HTTP/1.1" 301 - "https://www.google.com" "Mozilla/5.0 (Linux; Android 7.0; SM-G892A Build/NRD90M; wv) AppleWebKit/537.36 (KHTML, Gecko) Version/4.0 Chrome/60.0.3112.107 Mobile Safari/537.36"
196.251.66.107 - - [16/Jul/2025:12:35:18 +0000] "GET /wp-includes/js/jquery/ui/ HTTP/1.1" 404 12837 "https://www.google.com" "Mozilla/5.0 (Linux; Android 7.0; SM-G892A Build/NRD90M; wv) AppleWebKit/537.36 (KHTML, Gecko) Version/4.0 Chrome/60.0.3112.107 Mobile Safari/537.36"
196.251.66.107 - - [16/Jul/2025:12:35:28 +0000] "GET /wp-includes/js/mediaelement/index.php HTTP/1.1" 301 - "https://www.google.com" "Mozilla/5.0 (Linux; Android 7.0; SM-G892A Build/NRD90M; wv) AppleWebKit/537.36 (KHTML, Gecko) Version/4.0 Chrome/60.0.3112.107 Mobile Safari/537.36"
196.251.66.107 - - [16/Jul/2025:12:35:29 +0000] "GET /wp-includes/js/mediaelement/ HTTP/1.1" 404 12837 "https://www.google.com" "Mozilla/5.0 (Linux; Android 7.0; SM-G892A Build/NRD90M; wv) AppleWebKit/537.36 (KHTML, Gecko) Version/4.0 Chrome/60.0.3112.107 Mobile Safari/537.36"
66.249.74.42 - - [16/Jul/2025:12:35:32 +0000] "GET /?h=111888807031600&mod=ab78539b&uri=shared.php%3Fid%3D3734102-606%26name%3Dallen+edmonds+blue+suede+shoes HTTP/1.1" 301 - "-" "Mozilla/5.0 (Linux; Android 6.0.1; Nexus 5X Build/MMB29P) AppleWebKit/537.36 (KHTML, like Gecko) Chrome/137.0.7151.103 Mobile Safari/537.36 (compatible; Googlebot/2.1; +http://www.google.com/bot.html)"
66.249.74.42 - - [16/Jul/2025:12:35:32 +0000] "GET /?h=111888807031600&mod=ab78539b&uri=shared.php%3Fid%3D3734102-606%26name%3Dallen%20edmonds%20blue%20suede%20shoes HTTP/1.1" 200 16283 "-" "Mozilla/5.0 (Linux; Android 6.0.1; Nexus 5X Build/MMB29P) AppleWebKit/537.36 (KHTML, like Gecko) Chrome/137.0.7151.103 Mobile Safari/537.36 (compatible; Googlebot/2.1; +http://www.google.com/bot.html)"
196.251.66.107 - - [16/Jul/2025:12:35:33 +0000] "GET /wp-includes/js/mediaelement/renderers/index.php HTTP/1.1" 301 - "https://www.google.com" "Mozilla/5.0 (Linux; Android 7.0; SM-G892A Build/NRD90M; wv) AppleWebKit/537.36 (KHTML, Gecko) Version/4.0 Chrome/60.0.3112.107 Mobile Safari/537.36"
196.251.66.107 - - [16/Jul/2025:12:35:34 +0000] "GET /wp-includes/js/mediaelement/renderers/ HTTP/1.1" 404 12837 "https://www.google.com" "Mozilla/5.0 (Linux; Android 7.0; SM-G892A Build/NRD90M; wv) AppleWebKit/537.36 (KHTML, Gecko) Version/4.0 Chrome/60.0.3112.107 Mobile Safari/537.36"
66.249.74.42 - - [16/Jul/2025:12:35:35 +0000] "POST /?wc-ajax=get_refreshed_fragments HTTP/1.1" 200 186 "https://sergio-cuchi.tattoo/?h=111888807031600&mod=ab78539b&uri=shared.php%3Fid%3D3734102-606%26name%3Dallen%20edmonds%20blue%20suede%20shoes" "Mozilla/5.0 (Linux; Android 6.0.1; Nexus 5X Build/MMB29P) AppleWebKit/537.36 (KHTML, like Gecko) Chrome/137.0.7151.119 Mobile Safari/537.36 (compatible; Googlebot/2.1; +http://www.google.com/bot.html)"
66.249.74.42 - - [16/Jul/2025:12:35:36 +0000] "GET /?h=113658543081600&mod=5e6ff78d&uri=blog.php?toiawase HTTP/1.1" 301 - "-" "Mozilla/5.0 (Linux; Android 6.0.1; Nexus 5X Build/MMB29P) AppleWebKit/537.36 (KHTML, like Gecko) Chrome/137.0.7151.103 Mobile Safari/537.36 (compatible; Googlebot/2.1; +http://www.google.com/bot.html)"
66.249.74.42 - - [16/Jul/2025:12:35:37 +0000] "GET /?h=113658543081600&mod=5e6ff78d&uri=blog.php%3Ftoiawase HTTP/1.1" 200 16280 "-" "Mozilla/5.0 (Linux; Android 6.0.1; Nexus 5X Build/MMB29P) AppleWebKit/537.36 (KHTML, like Gecko) Chrome/137.0.7151.103 Mobile Safari/537.36 (compatible; Googlebot/2.1; +http://www.google.com/bot.html)"
209.74.77.214 - - [16/Jul/2025:12:35:46 +0000] "POST /wp-cron.php?doing_wp_cron=1752669346.4774689674377441406250 HTTP/1.1" 200 - "-" "WordPress/6.8.2; https://sergio-cuchi.tattoo"
66.249.74.42 - - [16/Jul/2025:12:35:46 +0000] "GET /?h=113658543081600&mod=5e6ff78d&uri=blog.php?hobby/nuigurumi/nuigurumi.html HTTP/1.1" 301 - "-" "Mozilla/5.0 (Linux; Android 6.0.1; Nexus 5X Build/MMB29P) AppleWebKit/537.36 (KHTML, like Gecko) Chrome/137.0.7151.103 Mobile Safari/537.36 (compatible; Googlebot/2.1; +http://www.google.com/bot.html)"
66.249.74.42 - - [16/Jul/2025:12:35:46 +0000] "GET /?h=113658543081600&mod=5e6ff78d&uri=blog.php%3Fhobby%2Fnuigurumi%2Fnuigurumi.html HTTP/1.1" 200 16284 "-" "Mozilla/5.0 (Linux; Android 6.0.1; Nexus 5X Build/MMB29P) AppleWebKit/537.36 (KHTML, like Gecko) Chrome/137.0.7151.103 Mobile Safari/537.36 (compatible; Googlebot/2.1; +http://www.google.com/bot.html)"
196.251.66.107 - - [16/Jul/2025:12:35:48 +0000] "GET /wp-includes/js/plupload/index.php HTTP/1.1" 301 - "https://www.google.com" "Mozilla/5.0 (Linux; Android 7.0; SM-G892A Build/NRD90M; wv) AppleWebKit/537.36 (KHTML, Gecko) Version/4.0 Chrome/60.0.3112.107 Mobile Safari/537.36"
196.251.66.107 - - [16/Jul/2025:12:35:48 +0000] "GET /wp-includes/js/plupload/ HTTP/1.1" 404 12837 "https://www.google.com" "Mozilla/5.0 (Linux; Android 7.0; SM-G892A Build/NRD90M; wv) AppleWebKit/537.36 (KHTML, Gecko) Version/4.0 Chrome/60.0.3112.107 Mobile Safari/537.36"
