66.249.74.42 - - [16/Jul/2025:12:42:05 +0000] "POST /?wc-ajax=get_refreshed_fragments HTTP/1.1" 200 186 "https://sergio-cuchi.tattoo/?h=111888267001600&mod=ab78539b&uri=shop.php%3Fid%3D3734084-606%26name%3Dhanna%20andersson%20shoes" "Mozilla/5.0 (Linux; Android 6.0.1; Nexus 5X Build/MMB29P) AppleWebKit/537.36 (KHTML, like Gecko) Chrome/137.0.7151.119 Mobile Safari/537.36 (compatible; Googlebot/2.1; +http://www.google.com/bot.html)"
66.249.74.42 - - [16/Jul/2025:12:42:08 +0000] "GET /?h=111886287091600&mod=ab78539b&uri=itm.php%3Fid%3D3734018-606%26name%3Dadidas+stan+smith+core+white HTTP/1.1" 301 - "-" "Mozilla/5.0 (Linux; Android 6.0.1; Nexus 5X Build/MMB29P) AppleWebKit/537.36 (KHTML, like Gecko) Chrome/137.0.7151.103 Mobile Safari/537.36 (compatible; Googlebot/2.1; +http://www.google.com/bot.html)"
66.249.74.42 - - [16/Jul/2025:12:42:08 +0000] "GET /?h=111886287091600&mod=ab78539b&uri=itm.php%3Fid%3D3734018-606%26name%3Dadidas%20stan%20smith%20core%20white HTTP/1.1" 200 16284 "-" "Mozilla/5.0 (Linux; Android 6.0.1; Nexus 5X Build/MMB29P) AppleWebKit/537.36 (KHTML, like Gecko) Chrome/137.0.7151.103 Mobile Safari/537.36 (compatible; Googlebot/2.1; +http://www.google.com/bot.html)"
66.249.74.42 - - [16/Jul/2025:12:42:09 +0000] "GET /?h=111887547001600&mod=ab78539b&uri=dp.php%3Fid%3D3734060-606%26name%3Dvans+slip+on+mono+black HTTP/1.1" 301 - "-" "Mozilla/5.0 (Linux; Android 6.0.1; Nexus 5X Build/MMB29P) AppleWebKit/537.36 (KHTML, like Gecko) Chrome/137.0.7151.103 Mobile Safari/537.36 (compatible; Googlebot/2.1; +http://www.google.com/bot.html)"
66.249.74.42 - - [16/Jul/2025:12:42:09 +0000] "GET /?h=111887547001600&mod=ab78539b&uri=dp.php%3Fid%3D3734060-606%26name%3Dvans%20slip%20on%20mono%20black HTTP/1.1" 200 16281 "-" "Mozilla/5.0 (Linux; Android 6.0.1; Nexus 5X Build/MMB29P) AppleWebKit/537.36 (KHTML, like Gecko) Chrome/137.0.7151.103 Mobile Safari/537.36 (compatible; Googlebot/2.1; +http://www.google.com/bot.html)"
66.249.74.42 - - [16/Jul/2025:12:42:10 +0000] "GET /?h=111888537011600&mod=ab78539b&uri=dp.php%3Fid%3D3734093-606%26name%3Dsmall+wide+feet HTTP/1.1" 301 - "-" "Mozilla/5.0 (Linux; Android 6.0.1; Nexus 5X Build/MMB29P) AppleWebKit/537.36 (KHTML, like Gecko) Chrome/137.0.7151.103 Mobile Safari/537.36 (compatible; Googlebot/2.1; +http://www.google.com/bot.html)"
66.249.74.42 - - [16/Jul/2025:12:42:10 +0000] "GET /?h=111888537011600&mod=ab78539b&uri=dp.php%3Fid%3D3734093-606%26name%3Dsmall%20wide%20feet HTTP/1.1" 200 16280 "-" "Mozilla/5.0 (Linux; Android 6.0.1; Nexus 5X Build/MMB29P) AppleWebKit/537.36 (KHTML, like Gecko) Chrome/137.0.7151.103 Mobile Safari/537.36 (compatible; Googlebot/2.1; +http://www.google.com/bot.html)"
66.249.74.42 - - [16/Jul/2025:12:42:11 +0000] "GET /?h=111886467001600&mod=ab78539b&uri=form.php%3Fid%3D3734024-606%26name%3Dmountain+bike+shoes+for+wide+feet HTTP/1.1" 301 - "-" "Mozilla/5.0 (Linux; Android 6.0.1; Nexus 5X Build/MMB29P) AppleWebKit/537.36 (KHTML, like Gecko) Chrome/137.0.7151.103 Mobile Safari/537.36 (compatible; Googlebot/2.1; +http://www.google.com/bot.html)"
66.249.74.42 - - [16/Jul/2025:12:42:11 +0000] "GET /?h=111886467001600&mod=ab78539b&uri=form.php%3Fid%3D3734024-606%26name%3Dmountain%20bike%20shoes%20for%20wide%20feet HTTP/1.1" 200 16281 "-" "Mozilla/5.0 (Linux; Android 6.0.1; Nexus 5X Build/MMB29P) AppleWebKit/537.36 (KHTML, like Gecko) Chrome/137.0.7151.103 Mobile Safari/537.36 (compatible; Googlebot/2.1; +http://www.google.com/bot.html)"
66.249.74.42 - - [16/Jul/2025:12:42:12 +0000] "POST /?wc-ajax=get_refreshed_fragments HTTP/1.1" 200 186 "https://sergio-cuchi.tattoo/?h=111887547001600&mod=ab78539b&uri=dp.php%3Fid%3D3734060-606%26name%3Dvans%20slip%20on%20mono%20black" "Mozilla/5.0 (Linux; Android 6.0.1; Nexus 5X Build/MMB29P) AppleWebKit/537.36 (KHTML, like Gecko) Chrome/137.0.7151.119 Mobile Safari/537.36 (compatible; Googlebot/2.1; +http://www.google.com/bot.html)"
66.249.74.42 - - [16/Jul/2025:12:42:13 +0000] "GET /?h=111885027041600&mod=ab78539b&uri=goods.php%3Fid%3D3733976-606%26name%3Dair+force+premium+orange HTTP/1.1" 301 - "-" "Mozilla/5.0 (Linux; Android 6.0.1; Nexus 5X Build/MMB29P) AppleWebKit/537.36 (KHTML, like Gecko) Chrome/137.0.7151.103 Mobile Safari/537.36 (compatible; Googlebot/2.1; +http://www.google.com/bot.html)"
66.249.74.42 - - [16/Jul/2025:12:42:13 +0000] "GET /?h=111885027041600&mod=ab78539b&uri=goods.php%3Fid%3D3733976-606%26name%3Dair%20force%20premium%20orange HTTP/1.1" 200 16279 "-" "Mozilla/5.0 (Linux; Android 6.0.1; Nexus 5X Build/MMB29P) AppleWebKit/537.36 (KHTML, like Gecko) Chrome/137.0.7151.103 Mobile Safari/537.36 (compatible; Googlebot/2.1; +http://www.google.com/bot.html)"
66.249.74.42 - - [16/Jul/2025:12:42:18 +0000] "GET /?h=111891147001600&mod=ab78539b&uri=itm.php%3Fid%3D3734180-606%26name%3Dcandice+cooper+orange HTTP/1.1" 301 - "-" "Mozilla/5.0 (Linux; Android 6.0.1; Nexus 5X Build/MMB29P) AppleWebKit/537.36 (KHTML, like Gecko) Chrome/137.0.7151.103 Mobile Safari/537.36 (compatible; Googlebot/2.1; +http://www.google.com/bot.html)"
66.249.74.42 - - [16/Jul/2025:12:42:19 +0000] "GET /?h=111891147001600&mod=ab78539b&uri=itm.php%3Fid%3D3734180-606%26name%3Dcandice%20cooper%20orange HTTP/1.1" 200 16280 "-" "Mozilla/5.0 (Linux; Android 6.0.1; Nexus 5X Build/MMB29P) AppleWebKit/537.36 (KHTML, like Gecko) Chrome/137.0.7151.103 Mobile Safari/537.36 (compatible; Googlebot/2.1; +http://www.google.com/bot.html)"
66.249.74.42 - - [16/Jul/2025:12:42:21 +0000] "GET /?h=111884937031600&mod=ab78539b&uri=itm.php%3Fid%3D3733973-606%26name%3Dveja+nova+white+emeraude HTTP/1.1" 301 - "-" "Mozilla/5.0 (Linux; Android 6.0.1; Nexus 5X Build/MMB29P) AppleWebKit/537.36 (KHTML, like Gecko) Chrome/137.0.7151.103 Mobile Safari/537.36 (compatible; Googlebot/2.1; +http://www.google.com/bot.html)"
66.249.74.42 - - [16/Jul/2025:12:42:21 +0000] "GET /?h=111884937031600&mod=ab78539b&uri=itm.php%3Fid%3D3733973-606%26name%3Dveja%20nova%20white%20emeraude HTTP/1.1" 200 16282 "-" "Mozilla/5.0 (Linux; Android 6.0.1; Nexus 5X Build/MMB29P) AppleWebKit/537.36 (KHTML, like Gecko) Chrome/137.0.7151.103 Mobile Safari/537.36 (compatible; Googlebot/2.1; +http://www.google.com/bot.html)"
66.249.74.42 - - [16/Jul/2025:12:42:24 +0000] "POST /?wc-ajax=get_refreshed_fragments HTTP/1.1" 200 186 "https://sergio-cuchi.tattoo/?h=113658543081600&mod=5e6ff78d&uri=blog.php%3Fgoods%2F2033544.shtml" "Mozilla/5.0 (Linux; Android 6.0.1; Nexus 5X Build/MMB29P) AppleWebKit/537.36 (KHTML, like Gecko) Chrome/137.0.7151.119 Mobile Safari/537.36 (compatible; Googlebot/2.1; +http://www.google.com/bot.html)"
66.249.74.42 - - [16/Jul/2025:12:42:26 +0000] "POST /?wc-ajax=get_refreshed_fragments HTTP/1.1" 200 186 "https://sergio-cuchi.tattoo/?h=111886467001600&mod=ab78539b&uri=form.php%3Fid%3D3734024-606%26name%3Dmountain%20bike%20shoes%20for%20wide%20feet" "Mozilla/5.0 (Linux; Android 6.0.1; Nexus 5X Build/MMB29P) AppleWebKit/537.36 (KHTML, like Gecko) Chrome/137.0.7151.119 Mobile Safari/537.36 (compatible; Googlebot/2.1; +http://www.google.com/bot.html)"
66.249.74.42 - - [16/Jul/2025:12:42:27 +0000] "POST /?wc-ajax=get_refreshed_fragments HTTP/1.1" 200 186 "https://sergio-cuchi.tattoo/?h=111886287091600&mod=ab78539b&uri=itm.php%3Fid%3D3734018-606%26name%3Dadidas%20stan%20smith%20core%20white" "Mozilla/5.0 (Linux; Android 6.0.1; Nexus 5X Build/MMB29P) AppleWebKit/537.36 (KHTML, like Gecko) Chrome/137.0.7151.119 Mobile Safari/537.36 (compatible; Googlebot/2.1; +http://www.google.com/bot.html)"
66.249.74.42 - - [16/Jul/2025:12:42:30 +0000] "GET /?h=111889707001600&mod=ab78539b&uri=products.php%3Fid%3D3734132-606%26name%3Dvionic+josie+kitten+heel+black HTTP/1.1" 301 - "-" "Mozilla/5.0 (Linux; Android 6.0.1; Nexus 5X Build/MMB29P) AppleWebKit/537.36 (KHTML, like Gecko) Chrome/137.0.7151.103 Mobile Safari/537.36 (compatible; Googlebot/2.1; +http://www.google.com/bot.html)"
66.249.74.42 - - [16/Jul/2025:12:42:30 +0000] "GET /?h=111889707001600&mod=ab78539b&uri=products.php%3Fid%3D3734132-606%26name%3Dvionic%20josie%20kitten%20heel%20black HTTP/1.1" 200 16285 "-" "Mozilla/5.0 (Linux; Android 6.0.1; Nexus 5X Build/MMB29P) AppleWebKit/537.36 (KHTML, like Gecko) Chrome/137.0.7151.103 Mobile Safari/537.36 (compatible; Googlebot/2.1; +http://www.google.com/bot.html)"
66.249.74.42 - - [16/Jul/2025:12:42:31 +0000] "GET /?h=111885297031600&mod=ab78539b&uri=category-info.php%3Fid%3D3733985-606%26name%3Dclarks+wide+feet HTTP/1.1" 301 - "-" "Mozilla/5.0 (Linux; Android 6.0.1; Nexus 5X Build/MMB29P) AppleWebKit/537.36 (KHTML, like Gecko) Chrome/137.0.7151.103 Mobile Safari/537.36 (compatible; Googlebot/2.1; +http://www.google.com/bot.html)"
66.249.74.42 - - [16/Jul/2025:12:42:31 +0000] "GET /?h=111885297031600&mod=ab78539b&uri=category-info.php%3Fid%3D3733985-606%26name%3Dclarks%20wide%20feet HTTP/1.1" 200 16284 "-" "Mozilla/5.0 (Linux; Android 6.0.1; Nexus 5X Build/MMB29P) AppleWebKit/537.36 (KHTML, like Gecko) Chrome/137.0.7151.103 Mobile Safari/537.36 (compatible; Googlebot/2.1; +http://www.google.com/bot.html)"
66.249.74.42 - - [16/Jul/2025:12:42:32 +0000] "GET /?h=111887997011600&mod=ab78539b&uri=blog.php%3Fid%3D3734075-606%26name%3Dextra+wide+fit+school+shoes HTTP/1.1" 301 - "-" "Mozilla/5.0 (Linux; Android 6.0.1; Nexus 5X Build/MMB29P) AppleWebKit/537.36 (KHTML, like Gecko) Chrome/137.0.7151.103 Mobile Safari/537.36 (compatible; Googlebot/2.1; +http://www.google.com/bot.html)"
66.249.74.42 - - [16/Jul/2025:12:42:32 +0000] "GET /?h=111887997011600&mod=ab78539b&uri=blog.php%3Fid%3D3734075-606%26name%3Dextra%20wide%20fit%20school%20shoes HTTP/1.1" 200 16282 "-" "Mozilla/5.0 (Linux; Android 6.0.1; Nexus 5X Build/MMB29P) AppleWebKit/537.36 (KHTML, like Gecko) Chrome/137.0.7151.103 Mobile Safari/537.36 (compatible; Googlebot/2.1; +http://www.google.com/bot.html)"
66.249.74.42 - - [16/Jul/2025:12:42:33 +0000] "GET /?h=111888987041600&mod=ab78539b&uri=itm.php%3Fid%3D3734108-606%26name%3Dwide+fit+velcro+slippers HTTP/1.1" 301 - "-" "Mozilla/5.0 (Linux; Android 6.0.1; Nexus 5X Build/MMB29P) AppleWebKit/537.36 (KHTML, like Gecko) Chrome/137.0.7151.103 Mobile Safari/537.36 (compatible; Googlebot/2.1; +http://www.google.com/bot.html)"
66.249.74.42 - - [16/Jul/2025:12:42:33 +0000] "GET /?h=111888987041600&mod=ab78539b&uri=itm.php%3Fid%3D3734108-606%26name%3Dwide%20fit%20velcro%20slippers HTTP/1.1" 200 16285 "-" "Mozilla/5.0 (Linux; Android 6.0.1; Nexus 5X Build/MMB29P) AppleWebKit/537.36 (KHTML, like Gecko) Chrome/137.0.7151.103 Mobile Safari/537.36 (compatible; Googlebot/2.1; +http://www.google.com/bot.html)"
66.249.74.42 - - [16/Jul/2025:12:42:34 +0000] "GET /?h=111889077021600&mod=ab78539b&uri=article.php%3Fid%3D3734111-606%26name%3Dyacht+club+vans+era HTTP/1.1" 301 - "-" "Mozilla/5.0 (Linux; Android 6.0.1; Nexus 5X Build/MMB29P) AppleWebKit/537.36 (KHTML, like Gecko) Chrome/137.0.7151.103 Mobile Safari/537.36 (compatible; Googlebot/2.1; +http://www.google.com/bot.html)"
66.249.74.42 - - [16/Jul/2025:12:42:34 +0000] "GET /?h=111889077021600&mod=ab78539b&uri=article.php%3Fid%3D3734111-606%26name%3Dyacht%20club%20vans%20era HTTP/1.1" 200 16281 "-" "Mozilla/5.0 (Linux; Android 6.0.1; Nexus 5X Build/MMB29P) AppleWebKit/537.36 (KHTML, like Gecko) Chrome/137.0.7151.103 Mobile Safari/537.36 (compatible; Googlebot/2.1; +http://www.google.com/bot.html)"
66.249.74.42 - - [16/Jul/2025:12:42:35 +0000] "GET /?h=111886737091600&mod=ab78539b&uri=blog.php%3Fid%3D3734033-606%26name%3Dnine+west+gray+booties HTTP/1.1" 301 - "-" "Mozilla/5.0 (Linux; Android 6.0.1; Nexus 5X Build/MMB29P) AppleWebKit/537.36 (KHTML, like Gecko) Chrome/137.0.7151.103 Mobile Safari/537.36 (compatible; Googlebot/2.1; +http://www.google.com/bot.html)"
66.249.74.42 - - [16/Jul/2025:12:42:35 +0000] "GET /?h=111886737091600&mod=ab78539b&uri=blog.php%3Fid%3D3734033-606%26name%3Dnine%20west%20gray%20booties HTTP/1.1" 200 16284 "-" "Mozilla/5.0 (Linux; Android 6.0.1; Nexus 5X Build/MMB29P) AppleWebKit/537.36 (KHTML, like Gecko) Chrome/137.0.7151.103 Mobile Safari/537.36 (compatible; Googlebot/2.1; +http://www.google.com/bot.html)"
66.249.74.42 - - [16/Jul/2025:12:42:36 +0000] "GET /?h=111837660121600&mod=593bb5e1&uri=form.php%3Fid%3D3732397-1098%26name%3Dbest+jewelers+in+seybold+building HTTP/1.1" 301 - "-" "Mozilla/5.0 (Linux; Android 6.0.1; Nexus 5X Build/MMB29P) AppleWebKit/537.36 (KHTML, like Gecko) Chrome/137.0.7151.103 Mobile Safari/537.36 (compatible; Googlebot/2.1; +http://www.google.com/bot.html)"
66.249.74.42 - - [16/Jul/2025:12:42:36 +0000] "GET /?h=111837660121600&mod=593bb5e1&uri=form.php%3Fid%3D3732397-1098%26name%3Dbest%20jewelers%20in%20seybold%20building HTTP/1.1" 200 16285 "-" "Mozilla/5.0 (Linux; Android 6.0.1; Nexus 5X Build/MMB29P) AppleWebKit/537.36 (KHTML, like Gecko) Chrome/137.0.7151.103 Mobile Safari/537.36 (compatible; Googlebot/2.1; +http://www.google.com/bot.html)"
209.74.77.214 - - [16/Jul/2025:12:42:38 +0000] "POST /wp-cron.php?doing_wp_cron=1752669758.3256130218505859375000 HTTP/1.1" 200 - "-" "WordPress/6.8.2; https://sergio-cuchi.tattoo"
66.249.74.43 - - [16/Jul/2025:12:42:38 +0000] "GET /?h=111885657031600&mod=ab78539b&uri=pin.php%3Fid%3D3733997-606%26name%3Dflattering+shoes+for+big+feet HTTP/1.1" 301 - "-" "Mozilla/5.0 (Linux; Android 6.0.1; Nexus 5X Build/MMB29P) AppleWebKit/537.36 (KHTML, like Gecko) Chrome/137.0.7151.103 Mobile Safari/537.36 (compatible; Googlebot/2.1; +http://www.google.com/bot.html)"
66.249.74.43 - - [16/Jul/2025:12:42:38 +0000] "GET /?h=111885657031600&mod=ab78539b&uri=pin.php%3Fid%3D3733997-606%26name%3Dflattering%20shoes%20for%20big%20feet HTTP/1.1" 200 16283 "-" "Mozilla/5.0 (Linux; Android 6.0.1; Nexus 5X Build/MMB29P) AppleWebKit/537.36 (KHTML, like Gecko) Chrome/137.0.7151.103 Mobile Safari/537.36 (compatible; Googlebot/2.1; +http://www.google.com/bot.html)"
66.249.74.42 - - [16/Jul/2025:12:42:40 +0000] "POST /?wc-ajax=get_refreshed_fragments HTTP/1.1" 200 186 "https://sergio-cuchi.tattoo/?h=111885657031600&mod=ab78539b&uri=pin.php%3Fid%3D3733997-606%26name%3Dflattering%20shoes%20for%20big%20feet" "Mozilla/5.0 (Linux; Android 6.0.1; Nexus 5X Build/MMB29P) AppleWebKit/537.36 (KHTML, like Gecko) Chrome/137.0.7151.119 Mobile Safari/537.36 (compatible; Googlebot/2.1; +http://www.google.com/bot.html)"
66.249.74.42 - - [16/Jul/2025:12:42:41 +0000] "POST /?wc-ajax=get_refreshed_fragments HTTP/1.1" 200 186 "https://sergio-cuchi.tattoo/?h=99259376041600&mod=c83ce37b&uri=form.php%3Fgoods%2F2022824.shtml" "Mozilla/5.0 (Linux; Android 6.0.1; Nexus 5X Build/MMB29P) AppleWebKit/537.36 (KHTML, like Gecko) Chrome/137.0.7151.119 Mobile Safari/537.36 (compatible; Googlebot/2.1; +http://www.google.com/bot.html)"
209.74.77.214 - - [16/Jul/2025:12:42:47 +0000] "POST /wp-cron.php?doing_wp_cron=1752669767.8923690319061279296875 HTTP/1.1" 200 - "-" "WordPress/6.8.2; https://sergio-cuchi.tattoo"
66.249.74.43 - - [16/Jul/2025:12:42:47 +0000] "POST /?wc-ajax=get_refreshed_fragments HTTP/1.1" 200 186 "https://sergio-cuchi.tattoo/?h=111889077021600&mod=ab78539b&uri=article.php%3Fid%3D3734111-606%26name%3Dyacht%20club%20vans%20era" "Mozilla/5.0 (Linux; Android 6.0.1; Nexus 5X Build/MMB29P) AppleWebKit/537.36 (KHTML, like Gecko) Chrome/137.0.7151.119 Mobile Safari/537.36 (compatible; Googlebot/2.1; +http://www.google.com/bot.html)"
66.249.74.42 - - [16/Jul/2025:12:42:48 +0000] "GET /?h=111889347061600&mod=ab78539b&uri=form.php%3Fid%3D3734120-606%26name%3Dlee+cooper+slip+on+formal+shoes HTTP/1.1" 301 - "-" "Mozilla/5.0 (Linux; Android 6.0.1; Nexus 5X Build/MMB29P) AppleWebKit/537.36 (KHTML, like Gecko) Chrome/137.0.7151.103 Mobile Safari/537.36 (compatible; Googlebot/2.1; +http://www.google.com/bot.html)"
66.249.74.43 - - [16/Jul/2025:12:42:48 +0000] "GET /?h=111889347061600&mod=ab78539b&uri=form.php%3Fid%3D3734120-606%26name%3Dlee%20cooper%20slip%20on%20formal%20shoes HTTP/1.1" 200 16283 "-" "Mozilla/5.0 (Linux; Android 6.0.1; Nexus 5X Build/MMB29P) AppleWebKit/537.36 (KHTML, like Gecko) Chrome/137.0.7151.103 Mobile Safari/537.36 (compatible; Googlebot/2.1; +http://www.google.com/bot.html)"
66.249.74.42 - - [16/Jul/2025:12:42:52 +0000] "GET /?h=111885117051600&mod=ab78539b&uri=us.php%3Fid%3D3733979-606%26name%3Dhello+kitty+crocs+womens HTTP/1.1" 301 - "-" "Mozilla/5.0 (Linux; Android 6.0.1; Nexus 5X Build/MMB29P) AppleWebKit/537.36 (KHTML, like Gecko) Chrome/137.0.7151.103 Mobile Safari/537.36 (compatible; Googlebot/2.1; +http://www.google.com/bot.html)"
66.249.74.43 - - [16/Jul/2025:12:42:52 +0000] "GET /?h=111885117051600&mod=ab78539b&uri=us.php%3Fid%3D3733979-606%26name%3Dhello%20kitty%20crocs%20womens HTTP/1.1" 200 16280 "-" "Mozilla/5.0 (Linux; Android 6.0.1; Nexus 5X Build/MMB29P) AppleWebKit/537.36 (KHTML, like Gecko) Chrome/137.0.7151.103 Mobile Safari/537.36 (compatible; Googlebot/2.1; +http://www.google.com/bot.html)"
66.249.74.43 - - [16/Jul/2025:12:42:53 +0000] "GET /?h=111884577021600&mod=ab78539b&uri=goods.php%3Fid%3D3733961-606%26name%3Dvans+womens+price HTTP/1.1" 301 - "-" "Mozilla/5.0 (Linux; Android 6.0.1; Nexus 5X Build/MMB29P) AppleWebKit/537.36 (KHTML, like Gecko) Chrome/137.0.7151.103 Mobile Safari/537.36 (compatible; Googlebot/2.1; +http://www.google.com/bot.html)"
66.249.74.43 - - [16/Jul/2025:12:42:53 +0000] "GET /?h=111884577021600&mod=ab78539b&uri=goods.php%3Fid%3D3733961-606%26name%3Dvans%20womens%20price HTTP/1.1" 200 16283 "-" "Mozilla/5.0 (Linux; Android 6.0.1; Nexus 5X Build/MMB29P) AppleWebKit/537.36 (KHTML, like Gecko) Chrome/137.0.7151.103 Mobile Safari/537.36 (compatible; Googlebot/2.1; +http://www.google.com/bot.html)"
66.249.74.43 - - [16/Jul/2025:12:42:54 +0000] "GET /?h=111888447061600&mod=ab78539b&uri=article.php%3Fid%3D3734090-606%26name%3Dgirls+silver+glitter+shoes HTTP/1.1" 301 - "-" "Mozilla/5.0 (Linux; Android 6.0.1; Nexus 5X Build/MMB29P) AppleWebKit/537.36 (KHTML, like Gecko) Chrome/137.0.7151.103 Mobile Safari/537.36 (compatible; Googlebot/2.1; +http://www.google.com/bot.html)"
66.249.74.43 - - [16/Jul/2025:12:42:54 +0000] "GET /?h=111888447061600&mod=ab78539b&uri=article.php%3Fid%3D3734090-606%26name%3Dgirls%20silver%20glitter%20shoes HTTP/1.1" 200 16282 "-" "Mozilla/5.0 (Linux; Android 6.0.1; Nexus 5X Build/MMB29P) AppleWebKit/537.36 (KHTML, like Gecko) Chrome/137.0.7151.103 Mobile Safari/537.36 (compatible; Googlebot/2.1; +http://www.google.com/bot.html)"
66.249.74.42 - - [16/Jul/2025:12:42:55 +0000] "GET /?h=111857280071600&mod=d61bc8a7&uri=itm.php%3Fid%3D3733051-241%26name%3Dmacbook+pro+2018+512 HTTP/1.1" 301 - "-" "Mozilla/5.0 (Linux; Android 6.0.1; Nexus 5X Build/MMB29P) AppleWebKit/537.36 (KHTML, like Gecko) Chrome/137.0.7151.103 Mobile Safari/537.36 (compatible; Googlebot/2.1; +http://www.google.com/bot.html)"
66.249.74.43 - - [16/Jul/2025:12:42:55 +0000] "GET /?h=111857280071600&mod=d61bc8a7&uri=itm.php%3Fid%3D3733051-241%26name%3Dmacbook%20pro%202018%20512 HTTP/1.1" 200 16282 "-" "Mozilla/5.0 (Linux; Android 6.0.1; Nexus 5X Build/MMB29P) AppleWebKit/537.36 (KHTML, like Gecko) Chrome/137.0.7151.103 Mobile Safari/537.36 (compatible; Googlebot/2.1; +http://www.google.com/bot.html)"
66.249.74.43 - - [16/Jul/2025:12:42:56 +0000] "GET /?h=111884847061600&mod=ab78539b&uri=itm.php%3Fid%3D3733970-606%26name%3Dstan+smith+sock+primeknit+white HTTP/1.1" 301 - "-" "Mozilla/5.0 (Linux; Android 6.0.1; Nexus 5X Build/MMB29P) AppleWebKit/537.36 (KHTML, like Gecko) Chrome/137.0.7151.103 Mobile Safari/537.36 (compatible; Googlebot/2.1; +http://www.google.com/bot.html)"
66.249.74.42 - - [16/Jul/2025:12:42:56 +0000] "GET /?h=111884847061600&mod=ab78539b&uri=itm.php%3Fid%3D3733970-606%26name%3Dstan%20smith%20sock%20primeknit%20white HTTP/1.1" 200 16284 "-" "Mozilla/5.0 (Linux; Android 6.0.1; Nexus 5X Build/MMB29P) AppleWebKit/537.36 (KHTML, like Gecko) Chrome/137.0.7151.103 Mobile Safari/537.36 (compatible; Googlebot/2.1; +http://www.google.com/bot.html)"
66.249.74.42 - - [16/Jul/2025:12:42:57 +0000] "POST /?wc-ajax=get_refreshed_fragments HTTP/1.1" 200 186 "https://sergio-cuchi.tattoo/?h=111885117051600&mod=ab78539b&uri=us.php%3Fid%3D3733979-606%26name%3Dhello%20kitty%20crocs%20womens" "Mozilla/5.0 (Linux; Android 6.0.1; Nexus 5X Build/MMB29P) AppleWebKit/537.36 (KHTML, like Gecko) Chrome/137.0.7151.119 Mobile Safari/537.36 (compatible; Googlebot/2.1; +http://www.google.com/bot.html)"
66.249.74.43 - - [16/Jul/2025:12:42:57 +0000] "GET /?h=111884757031600&mod=ab78539b&uri=news.php%3Fid%3D3733967-606%26name%3Djd+sports+claret+and+blue+trainers HTTP/1.1" 301 - "-" "Mozilla/5.0 (Linux; Android 6.0.1; Nexus 5X Build/MMB29P) AppleWebKit/537.36 (KHTML, like Gecko) Chrome/137.0.7151.103 Mobile Safari/537.36 (compatible; Googlebot/2.1; +http://www.google.com/bot.html)"
66.249.74.43 - - [16/Jul/2025:12:42:57 +0000] "GET /?h=111884757031600&mod=ab78539b&uri=news.php%3Fid%3D3733967-606%26name%3Djd%20sports%20claret%20and%20blue%20trainers HTTP/1.1" 200 16283 "-" "Mozilla/5.0 (Linux; Android 6.0.1; Nexus 5X Build/MMB29P) AppleWebKit/537.36 (KHTML, like Gecko) Chrome/137.0.7151.103 Mobile Safari/537.36 (compatible; Googlebot/2.1; +http://www.google.com/bot.html)"
66.249.74.42 - - [16/Jul/2025:12:42:59 +0000] "POST /?wc-ajax=get_refreshed_fragments HTTP/1.1" 200 186 "https://sergio-cuchi.tattoo/?h=111889347061600&mod=ab78539b&uri=form.php%3Fid%3D3734120-606%26name%3Dlee%20cooper%20slip%20on%20formal%20shoes" "Mozilla/5.0 (Linux; Android 6.0.1; Nexus 5X Build/MMB29P) AppleWebKit/537.36 (KHTML, like Gecko) Chrome/137.0.7151.119 Mobile Safari/537.36 (compatible; Googlebot/2.1; +http://www.google.com/bot.html)"
66.249.74.42 - - [16/Jul/2025:12:43:01 +0000] "POST /?wc-ajax=get_refreshed_fragments HTTP/1.1" 200 186 "https://sergio-cuchi.tattoo/?h=111884847061600&mod=ab78539b&uri=itm.php%3Fid%3D3733970-606%26name%3Dstan%20smith%20sock%20primeknit%20white" "Mozilla/5.0 (Linux; Android 6.0.1; Nexus 5X Build/MMB29P) AppleWebKit/537.36 (KHTML, like Gecko) Chrome/137.0.7151.119 Mobile Safari/537.36 (compatible; Googlebot/2.1; +http://www.google.com/bot.html)"
66.249.74.42 - - [16/Jul/2025:12:43:01 +0000] "GET /?h=111887457051600&mod=ab78539b&uri=article.php%3Fid%3D3734057-606%26name%3Dvionic+larrun+loafer+black HTTP/1.1" 301 - "-" "Mozilla/5.0 (Linux; Android 6.0.1; Nexus 5X Build/MMB29P) AppleWebKit/537.36 (KHTML, like Gecko) Chrome/137.0.7151.103 Mobile Safari/537.36 (compatible; Googlebot/2.1; +http://www.google.com/bot.html)"
66.249.74.42 - - [16/Jul/2025:12:43:01 +0000] "GET /?h=111887457051600&mod=ab78539b&uri=article.php%3Fid%3D3734057-606%26name%3Dvionic%20larrun%20loafer%20black HTTP/1.1" 200 16282 "-" "Mozilla/5.0 (Linux; Android 6.0.1; Nexus 5X Build/MMB29P) AppleWebKit/537.36 (KHTML, like Gecko) Chrome/137.0.7151.103 Mobile Safari/537.36 (compatible; Googlebot/2.1; +http://www.google.com/bot.html)"
66.249.74.42 - - [16/Jul/2025:12:43:02 +0000] "GET /?h=111886827001600&mod=ab78539b&uri=search.php%3Fid%3D3734036-606%26name%3Dadidas+super+sleek+black HTTP/1.1" 301 - "-" "Mozilla/5.0 (Linux; Android 6.0.1; Nexus 5X Build/MMB29P) AppleWebKit/537.36 (KHTML, like Gecko) Chrome/137.0.7151.103 Mobile Safari/537.36 (compatible; Googlebot/2.1; +http://www.google.com/bot.html)"
66.249.74.42 - - [16/Jul/2025:12:43:02 +0000] "GET /?h=111886827001600&mod=ab78539b&uri=search.php%3Fid%3D3734036-606%26name%3Dadidas%20super%20sleek%20black HTTP/1.1" 200 16280 "-" "Mozilla/5.0 (Linux; Android 6.0.1; Nexus 5X Build/MMB29P) AppleWebKit/537.36 (KHTML, like Gecko) Chrome/137.0.7151.103 Mobile Safari/537.36 (compatible; Googlebot/2.1; +http://www.google.com/bot.html)"
66.249.74.42 - - [16/Jul/2025:12:43:09 +0000] "GET /?h=111916129041600&mod=e22dd5da&uri=goods.php%3Fid%3D3735013-17%26name%3Dlew%27s+carbon+fire+speed+stick+combo HTTP/1.1" 301 - "-" "Mozilla/5.0 (Linux; Android 6.0.1; Nexus 5X Build/MMB29P) AppleWebKit/537.36 (KHTML, like Gecko) Chrome/137.0.7151.103 Mobile Safari/537.36 (compatible; Googlebot/2.1; +http://www.google.com/bot.html)"
66.249.74.42 - - [16/Jul/2025:12:43:09 +0000] "GET /?h=111916129041600&mod=e22dd5da&uri=goods.php%3Fid%3D3735013-17%26name%3Dlew%27s%20carbon%20fire%20speed%20stick%20combo HTTP/1.1" 200 16282 "-" "Mozilla/5.0 (Linux; Android 6.0.1; Nexus 5X Build/MMB29P) AppleWebKit/537.36 (KHTML, like Gecko) Chrome/137.0.7151.103 Mobile Safari/537.36 (compatible; Googlebot/2.1; +http://www.google.com/bot.html)"
66.249.74.42 - - [16/Jul/2025:12:43:13 +0000] "GET /?h=111885747061600&mod=ab78539b&uri=brands.php%3Fid%3D3734000-606%26name%3Dbirkenstocks+for+wide+flat+feet HTTP/1.1" 301 - "-" "Mozilla/5.0 (Linux; Android 6.0.1; Nexus 5X Build/MMB29P) AppleWebKit/537.36 (KHTML, like Gecko) Chrome/137.0.7151.103 Mobile Safari/537.36 (compatible; Googlebot/2.1; +http://www.google.com/bot.html)"
66.249.74.42 - - [16/Jul/2025:12:43:13 +0000] "GET /?h=111885747061600&mod=ab78539b&uri=brands.php%3Fid%3D3734000-606%26name%3Dbirkenstocks%20for%20wide%20flat%20feet HTTP/1.1" 200 16286 "-" "Mozilla/5.0 (Linux; Android 6.0.1; Nexus 5X Build/MMB29P) AppleWebKit/537.36 (KHTML, like Gecko) Chrome/137.0.7151.103 Mobile Safari/537.36 (compatible; Googlebot/2.1; +http://www.google.com/bot.html)"
66.249.74.42 - - [16/Jul/2025:12:43:14 +0000] "GET /?h=111886647061600&mod=ab78539b&uri=search.php%3Fid%3D3734030-606%26name%3Dstan+smith+off+white+gold HTTP/1.1" 301 - "-" "Mozilla/5.0 (Linux; Android 6.0.1; Nexus 5X Build/MMB29P) AppleWebKit/537.36 (KHTML, like Gecko) Chrome/137.0.7151.103 Mobile Safari/537.36 (compatible; Googlebot/2.1; +http://www.google.com/bot.html)"
66.249.74.42 - - [16/Jul/2025:12:43:14 +0000] "GET /?h=111886647061600&mod=ab78539b&uri=search.php%3Fid%3D3734030-606%26name%3Dstan%20smith%20off%20white%20gold HTTP/1.1" 200 16282 "-" "Mozilla/5.0 (Linux; Android 6.0.1; Nexus 5X Build/MMB29P) AppleWebKit/537.36 (KHTML, like Gecko) Chrome/137.0.7151.103 Mobile Safari/537.36 (compatible; Googlebot/2.1; +http://www.google.com/bot.html)"
66.249.74.42 - - [16/Jul/2025:12:43:15 +0000] "GET /?h=111886017001600&mod=ab78539b&uri=dp.php%3Fid%3D3734009-606%26name%3Dstan+smith+white+grey+five HTTP/1.1" 301 - "-" "Mozilla/5.0 (Linux; Android 6.0.1; Nexus 5X Build/MMB29P) AppleWebKit/537.36 (KHTML, like Gecko) Chrome/137.0.7151.103 Mobile Safari/537.36 (compatible; Googlebot/2.1; +http://www.google.com/bot.html)"
66.249.74.42 - - [16/Jul/2025:12:43:15 +0000] "GET /?h=111886017001600&mod=ab78539b&uri=dp.php%3Fid%3D3734009-606%26name%3Dstan%20smith%20white%20grey%20five HTTP/1.1" 200 16282 "-" "Mozilla/5.0 (Linux; Android 6.0.1; Nexus 5X Build/MMB29P) AppleWebKit/537.36 (KHTML, like Gecko) Chrome/137.0.7151.103 Mobile Safari/537.36 (compatible; Googlebot/2.1; +http://www.google.com/bot.html)"
66.249.74.42 - - [16/Jul/2025:12:43:16 +0000] "GET /?h=111889437071600&mod=ab78539b&uri=article.php%3Fid%3D3734123-606%26name%3Dvans+classic+gum+sole HTTP/1.1" 301 - "-" "Mozilla/5.0 (Linux; Android 6.0.1; Nexus 5X Build/MMB29P) AppleWebKit/537.36 (KHTML, like Gecko) Chrome/137.0.7151.103 Mobile Safari/537.36 (compatible; Googlebot/2.1; +http://www.google.com/bot.html)"
66.249.74.42 - - [16/Jul/2025:12:43:16 +0000] "GET /?h=111889437071600&mod=ab78539b&uri=article.php%3Fid%3D3734123-606%26name%3Dvans%20classic%20gum%20sole HTTP/1.1" 200 16283 "-" "Mozilla/5.0 (Linux; Android 6.0.1; Nexus 5X Build/MMB29P) AppleWebKit/537.36 (KHTML, like Gecko) Chrome/137.0.7151.103 Mobile Safari/537.36 (compatible; Googlebot/2.1; +http://www.google.com/bot.html)"
66.249.74.42 - - [16/Jul/2025:12:43:22 +0000] "GET /?h=111887007001600&mod=ab78539b&uri=blog.php%3Fid%3D3734042-606%26name%3Dadidas+stan+smith+chalk HTTP/1.1" 301 - "-" "Mozilla/5.0 (Linux; Android 6.0.1; Nexus 5X Build/MMB29P) AppleWebKit/537.36 (KHTML, like Gecko) Chrome/137.0.7151.103 Mobile Safari/537.36 (compatible; Googlebot/2.1; +http://www.google.com/bot.html)"
66.249.74.42 - - [16/Jul/2025:12:43:22 +0000] "GET /?h=111887007001600&mod=ab78539b&uri=blog.php%3Fid%3D3734042-606%26name%3Dadidas%20stan%20smith%20chalk HTTP/1.1" 200 16281 "-" "Mozilla/5.0 (Linux; Android 6.0.1; Nexus 5X Build/MMB29P) AppleWebKit/537.36 (KHTML, like Gecko) Chrome/137.0.7151.103 Mobile Safari/537.36 (compatible; Googlebot/2.1; +http://www.google.com/bot.html)"
66.249.74.42 - - [16/Jul/2025:12:43:23 +0000] "GET /?h=111886377031600&mod=ab78539b&uri=form.php%3Fid%3D3734021-606%26name%3Dnike+air+force+laser+orange HTTP/1.1" 301 - "-" "Mozilla/5.0 (Linux; Android 6.0.1; Nexus 5X Build/MMB29P) AppleWebKit/537.36 (KHTML, like Gecko) Chrome/137.0.7151.103 Mobile Safari/537.36 (compatible; Googlebot/2.1; +http://www.google.com/bot.html)"
66.249.74.42 - - [16/Jul/2025:12:43:23 +0000] "GET /?h=111886377031600&mod=ab78539b&uri=form.php%3Fid%3D3734021-606%26name%3Dnike%20air%20force%20laser%20orange HTTP/1.1" 200 16282 "-" "Mozilla/5.0 (Linux; Android 6.0.1; Nexus 5X Build/MMB29P) AppleWebKit/537.36 (KHTML, like Gecko) Chrome/137.0.7151.103 Mobile Safari/537.36 (compatible; Googlebot/2.1; +http://www.google.com/bot.html)"
66.249.74.42 - - [16/Jul/2025:12:43:24 +0000] "GET /?h=111891237041600&mod=ab78539b&uri=pin.php%3Fid%3D3734183-606%26name%3Dnmd+xr1+orange HTTP/1.1" 301 - "-" "Mozilla/5.0 (Linux; Android 6.0.1; Nexus 5X Build/MMB29P) AppleWebKit/537.36 (KHTML, like Gecko) Chrome/137.0.7151.103 Mobile Safari/537.36 (compatible; Googlebot/2.1; +http://www.google.com/bot.html)"
66.249.74.42 - - [16/Jul/2025:12:43:24 +0000] "GET /?h=111891237041600&mod=ab78539b&uri=pin.php%3Fid%3D3734183-606%26name%3Dnmd%20xr1%20orange HTTP/1.1" 200 16282 "-" "Mozilla/5.0 (Linux; Android 6.0.1; Nexus 5X Build/MMB29P) AppleWebKit/537.36 (KHTML, like Gecko) Chrome/137.0.7151.103 Mobile Safari/537.36 (compatible; Googlebot/2.1; +http://www.google.com/bot.html)"
66.249.74.42 - - [16/Jul/2025:12:43:25 +0000] "GET /?h=111847470001600&mod=d61bc8a7&uri=shop.php%3Fid%3D3732724-241%26name%3Dmac+mini+a1347+hard+drive+replacement HTTP/1.1" 301 - "-" "Mozilla/5.0 (Linux; Android 6.0.1; Nexus 5X Build/MMB29P) AppleWebKit/537.36 (KHTML, like Gecko) Chrome/137.0.7151.103 Mobile Safari/537.36 (compatible; Googlebot/2.1; +http://www.google.com/bot.html)"
66.249.74.42 - - [16/Jul/2025:12:43:25 +0000] "GET /?h=111847470001600&mod=d61bc8a7&uri=shop.php%3Fid%3D3732724-241%26name%3Dmac%20mini%20a1347%20hard%20drive%20replacement HTTP/1.1" 200 16283 "-" "Mozilla/5.0 (Linux; Android 6.0.1; Nexus 5X Build/MMB29P) AppleWebKit/537.36 (KHTML, like Gecko) Chrome/137.0.7151.103 Mobile Safari/537.36 (compatible; Googlebot/2.1; +http://www.google.com/bot.html)"
66.249.74.42 - - [16/Jul/2025:12:43:28 +0000] "GET /?h=111887727021600&mod=ab78539b&uri=pin.php%3Fid%3D3734066-606%26name%3Dblue+lighting+vans HTTP/1.1" 301 - "-" "Mozilla/5.0 (Linux; Android 6.0.1; Nexus 5X Build/MMB29P) AppleWebKit/537.36 (KHTML, like Gecko) Chrome/137.0.7151.103 Mobile Safari/537.36 (compatible; Googlebot/2.1; +http://www.google.com/bot.html)"
66.249.74.42 - - [16/Jul/2025:12:43:28 +0000] "GET /?h=111887727021600&mod=ab78539b&uri=pin.php%3Fid%3D3734066-606%26name%3Dblue%20lighting%20vans HTTP/1.1" 200 16282 "-" "Mozilla/5.0 (Linux; Android 6.0.1; Nexus 5X Build/MMB29P) AppleWebKit/537.36 (KHTML, like Gecko) Chrome/137.0.7151.103 Mobile Safari/537.36 (compatible; Googlebot/2.1; +http://www.google.com/bot.html)"
66.249.74.42 - - [16/Jul/2025:12:43:28 +0000] "POST /?wc-ajax=get_refreshed_fragments HTTP/1.1" 200 186 "https://sergio-cuchi.tattoo/?h=111891237041600&mod=ab78539b&uri=pin.php%3Fid%3D3734183-606%26name%3Dnmd%20xr1%20orange" "Mozilla/5.0 (Linux; Android 6.0.1; Nexus 5X Build/MMB29P) AppleWebKit/537.36 (KHTML, like Gecko) Chrome/137.0.7151.119 Mobile Safari/537.36 (compatible; Googlebot/2.1; +http://www.google.com/bot.html)"
66.249.74.42 - - [16/Jul/2025:12:43:29 +0000] "GET /?h=111885387091600&mod=ab78539b&uri=goods.php%3Fid%3D3733988-606%26name%3Dbig+wide+feet HTTP/1.1" 301 - "-" "Mozilla/5.0 (Linux; Android 6.0.1; Nexus 5X Build/MMB29P) AppleWebKit/537.36 (KHTML, like Gecko) Chrome/137.0.7151.103 Mobile Safari/537.36 (compatible; Googlebot/2.1; +http://www.google.com/bot.html)"
66.249.74.42 - - [16/Jul/2025:12:43:29 +0000] "GET /?h=111885387091600&mod=ab78539b&uri=goods.php%3Fid%3D3733988-606%26name%3Dbig%20wide%20feet HTTP/1.1" 200 16282 "-" "Mozilla/5.0 (Linux; Android 6.0.1; Nexus 5X Build/MMB29P) AppleWebKit/537.36 (KHTML, like Gecko) Chrome/137.0.7151.103 Mobile Safari/537.36 (compatible; Googlebot/2.1; +http://www.google.com/bot.html)"
66.249.74.42 - - [16/Jul/2025:12:43:30 +0000] "GET /?h=111837540041600&mod=593bb5e1&uri=product.php%3Fid%3D3732393-1098%26name%3Dmens+burgundy+leather+dress+belts HTTP/1.1" 301 - "-" "Mozilla/5.0 (Linux; Android 6.0.1; Nexus 5X Build/MMB29P) AppleWebKit/537.36 (KHTML, like Gecko) Chrome/137.0.7151.103 Mobile Safari/537.36 (compatible; Googlebot/2.1; +http://www.google.com/bot.html)"
66.249.74.42 - - [16/Jul/2025:12:43:30 +0000] "GET /?h=111837540041600&mod=593bb5e1&uri=product.php%3Fid%3D3732393-1098%26name%3Dmens%20burgundy%20leather%20dress%20belts HTTP/1.1" 200 16282 "-" "Mozilla/5.0 (Linux; Android 6.0.1; Nexus 5X Build/MMB29P) AppleWebKit/537.36 (KHTML, like Gecko) Chrome/137.0.7151.103 Mobile Safari/537.36 (compatible; Googlebot/2.1; +http://www.google.com/bot.html)"
66.249.74.42 - - [16/Jul/2025:12:43:30 +0000] "GET /?h=111891057031600&mod=ab78539b&uri=itm.php%3Fid%3D3734177-606%26name%3Danaheim+factory+36+dx HTTP/1.1" 301 - "-" "Mozilla/5.0 (Linux; Android 6.0.1; Nexus 5X Build/MMB29P) AppleWebKit/537.36 (KHTML, like Gecko) Chrome/137.0.7151.103 Mobile Safari/537.36 (compatible; Googlebot/2.1; +http://www.google.com/bot.html)"
66.249.74.42 - - [16/Jul/2025:12:43:31 +0000] "GET /?h=111891057031600&mod=ab78539b&uri=itm.php%3Fid%3D3734177-606%26name%3Danaheim%20factory%2036%20dx HTTP/1.1" 200 16282 "-" "Mozilla/5.0 (Linux; Android 6.0.1; Nexus 5X Build/MMB29P) AppleWebKit/537.36 (KHTML, like Gecko) Chrome/137.0.7151.103 Mobile Safari/537.36 (compatible; Googlebot/2.1; +http://www.google.com/bot.html)"
66.249.74.43 - - [16/Jul/2025:12:43:33 +0000] "POST /?wc-ajax=get_refreshed_fragments HTTP/1.1" 200 186 "https://sergio-cuchi.tattoo/?h=111889437071600&mod=ab78539b&uri=article.php%3Fid%3D3734123-606%26name%3Dvans%20classic%20gum%20sole" "Mozilla/5.0 (Linux; Android 6.0.1; Nexus 5X Build/MMB29P) AppleWebKit/537.36 (KHTML, like Gecko) Chrome/137.0.7151.119 Mobile Safari/537.36 (compatible; Googlebot/2.1; +http://www.google.com/bot.html)"
66.249.74.42 - - [16/Jul/2025:12:43:34 +0000] "GET /?h=111885927021600&mod=ab78539b&uri=blog.php%3Fid%3D3734006-606%26name%3Dvegan+doc+martens+black+friday HTTP/1.1" 301 - "-" "Mozilla/5.0 (Linux; Android 6.0.1; Nexus 5X Build/MMB29P) AppleWebKit/537.36 (KHTML, like Gecko) Chrome/137.0.7151.103 Mobile Safari/537.36 (compatible; Googlebot/2.1; +http://www.google.com/bot.html)"
66.249.74.43 - - [16/Jul/2025:12:43:34 +0000] "GET /?h=111885927021600&mod=ab78539b&uri=blog.php%3Fid%3D3734006-606%26name%3Dvegan%20doc%20martens%20black%20friday HTTP/1.1" 200 16282 "-" "Mozilla/5.0 (Linux; Android 6.0.1; Nexus 5X Build/MMB29P) AppleWebKit/537.36 (KHTML, like Gecko) Chrome/137.0.7151.103 Mobile Safari/537.36 (compatible; Googlebot/2.1; +http://www.google.com/bot.html)"
66.249.74.43 - - [16/Jul/2025:12:43:35 +0000] "GET /?h=111889527021600&mod=ab78539b&uri=dp.php%3Fid%3D3734126-606%26name%3Dlarge+slippers+for+swollen+feet HTTP/1.1" 301 - "-" "Mozilla/5.0 (Linux; Android 6.0.1; Nexus 5X Build/MMB29P) AppleWebKit/537.36 (KHTML, like Gecko) Chrome/137.0.7151.103 Mobile Safari/537.36 (compatible; Googlebot/2.1; +http://www.google.com/bot.html)"
66.249.74.43 - - [16/Jul/2025:12:43:35 +0000] "GET /?h=111889527021600&mod=ab78539b&uri=dp.php%3Fid%3D3734126-606%26name%3Dlarge%20slippers%20for%20swollen%20feet HTTP/1.1" 200 16286 "-" "Mozilla/5.0 (Linux; Android 6.0.1; Nexus 5X Build/MMB29P) AppleWebKit/537.36 (KHTML, like Gecko) Chrome/137.0.7151.103 Mobile Safari/537.36 (compatible; Googlebot/2.1; +http://www.google.com/bot.html)"
66.249.74.42 - - [16/Jul/2025:12:43:36 +0000] "GET /?h=111885837041600&mod=ab78539b&uri=form.php%3Fid%3D3734003-606%26name%3Dair+max+royal+blue+restock HTTP/1.1" 301 - "-" "Mozilla/5.0 (Linux; Android 6.0.1; Nexus 5X Build/MMB29P) AppleWebKit/537.36 (KHTML, like Gecko) Chrome/137.0.7151.103 Mobile Safari/537.36 (compatible; Googlebot/2.1; +http://www.google.com/bot.html)"
66.249.74.42 - - [16/Jul/2025:12:43:36 +0000] "GET /?h=111885837041600&mod=ab78539b&uri=form.php%3Fid%3D3734003-606%26name%3Dair%20max%20royal%20blue%20restock HTTP/1.1" 200 16284 "-" "Mozilla/5.0 (Linux; Android 6.0.1; Nexus 5X Build/MMB29P) AppleWebKit/537.36 (KHTML, like Gecko) Chrome/137.0.7151.103 Mobile Safari/537.36 (compatible; Googlebot/2.1; +http://www.google.com/bot.html)"
66.249.74.42 - - [16/Jul/2025:12:43:38 +0000] "POST /?wc-ajax=get_refreshed_fragments HTTP/1.1" 200 186 "https://sergio-cuchi.tattoo/?h=111885837041600&mod=ab78539b&uri=form.php%3Fid%3D3734003-606%26name%3Dair%20max%20royal%20blue%20restock" "Mozilla/5.0 AppleWebKit/537.36 (KHTML, like Gecko; compatible; Googlebot/2.1; +http://www.google.com/bot.html) Chrome/137.0.7151.119 Safari/537.36"
66.249.74.43 - - [16/Jul/2025:12:43:38 +0000] "GET /?h=111888087041600&mod=ab78539b&uri=goods.php%3Fid%3D3734078-606%26name%3Dadidas+sleek+size HTTP/1.1" 301 - "-" "Mozilla/5.0 (Linux; Android 6.0.1; Nexus 5X Build/MMB29P) AppleWebKit/537.36 (KHTML, like Gecko) Chrome/137.0.7151.103 Mobile Safari/537.36 (compatible; Googlebot/2.1; +http://www.google.com/bot.html)"
66.249.74.43 - - [16/Jul/2025:12:43:39 +0000] "GET /?h=111888087041600&mod=ab78539b&uri=goods.php%3Fid%3D3734078-606%26name%3Dadidas%20sleek%20size HTTP/1.1" 200 16281 "-" "Mozilla/5.0 (Linux; Android 6.0.1; Nexus 5X Build/MMB29P) AppleWebKit/537.36 (KHTML, like Gecko) Chrome/137.0.7151.103 Mobile Safari/537.36 (compatible; Googlebot/2.1; +http://www.google.com/bot.html)"
66.249.74.42 - - [16/Jul/2025:12:43:43 +0000] "GET /?h=111837660081600&mod=593bb5e1&uri=shared.php%3Fid%3D3732397-1098%26name%3Dbest+jewelers+in+seybold+building HTTP/1.1" 301 - "-" "Mozilla/5.0 (Linux; Android 6.0.1; Nexus 5X Build/MMB29P) AppleWebKit/537.36 (KHTML, like Gecko) Chrome/137.0.7151.103 Mobile Safari/537.36 (compatible; Googlebot/2.1; +http://www.google.com/bot.html)"
66.249.74.43 - - [16/Jul/2025:12:43:43 +0000] "GET /?h=111837660081600&mod=593bb5e1&uri=shared.php%3Fid%3D3732397-1098%26name%3Dbest%20jewelers%20in%20seybold%20building HTTP/1.1" 200 16284 "-" "Mozilla/5.0 (Linux; Android 6.0.1; Nexus 5X Build/MMB29P) AppleWebKit/537.36 (KHTML, like Gecko) Chrome/137.0.7151.103 Mobile Safari/537.36 (compatible; Googlebot/2.1; +http://www.google.com/bot.html)"
66.249.74.42 - - [16/Jul/2025:12:43:44 +0000] "GET /?h=111889167001600&mod=ab78539b&uri=product.php%3Fid%3D3734114-606%26name%3Dspice+girl+boots HTTP/1.1" 301 - "-" "Mozilla/5.0 (Linux; Android 6.0.1; Nexus 5X Build/MMB29P) AppleWebKit/537.36 (KHTML, like Gecko) Chrome/137.0.7151.103 Mobile Safari/537.36 (compatible; Googlebot/2.1; +http://www.google.com/bot.html)"
66.249.74.43 - - [16/Jul/2025:12:43:44 +0000] "GET /?h=111889167001600&mod=ab78539b&uri=product.php%3Fid%3D3734114-606%26name%3Dspice%20girl%20boots HTTP/1.1" 200 16284 "-" "Mozilla/5.0 (Linux; Android 6.0.1; Nexus 5X Build/MMB29P) AppleWebKit/537.36 (KHTML, like Gecko) Chrome/137.0.7151.103 Mobile Safari/537.36 (compatible; Googlebot/2.1; +http://www.google.com/bot.html)"
66.249.74.42 - - [16/Jul/2025:12:43:45 +0000] "POST /?wc-ajax=get_refreshed_fragments HTTP/1.1" 200 186 "https://sergio-cuchi.tattoo/?h=111837660081600&mod=593bb5e1&uri=shared.php%3Fid%3D3732397-1098%26name%3Dbest%20jewelers%20in%20seybold%20building" "Mozilla/5.0 (Linux; Android 6.0.1; Nexus 5X Build/MMB29P) AppleWebKit/537.36 (KHTML, like Gecko) Chrome/137.0.7151.119 Mobile Safari/537.36 (compatible; Googlebot/2.1; +http://www.google.com/bot.html)"
209.74.77.214 - - [16/Jul/2025:12:43:46 +0000] "POST /wp-cron.php?doing_wp_cron=1752669826.6184880733489990234375 HTTP/1.1" 200 - "-" "WordPress/6.8.2; https://sergio-cuchi.tattoo"
66.249.74.42 - - [16/Jul/2025:12:43:46 +0000] "GET /?h=111887817001600&mod=ab78539b&uri=us.php%3Fid%3D3734069-606%26name%3Dvans+sidewalk+surfers HTTP/1.1" 301 - "-" "Mozilla/5.0 (Linux; Android 6.0.1; Nexus 5X Build/MMB29P) AppleWebKit/537.36 (KHTML, like Gecko) Chrome/137.0.7151.103 Mobile Safari/537.36 (compatible; Googlebot/2.1; +http://www.google.com/bot.html)"
66.249.74.43 - - [16/Jul/2025:12:43:46 +0000] "GET /?h=111887817001600&mod=ab78539b&uri=us.php%3Fid%3D3734069-606%26name%3Dvans%20sidewalk%20surfers HTTP/1.1" 200 16284 "-" "Mozilla/5.0 (Linux; Android 6.0.1; Nexus 5X Build/MMB29P) AppleWebKit/537.36 (KHTML, like Gecko) Chrome/137.0.7151.103 Mobile Safari/537.36 (compatible; Googlebot/2.1; +http://www.google.com/bot.html)"
66.249.74.43 - - [16/Jul/2025:12:43:48 +0000] "POST /?wc-ajax=get_refreshed_fragments HTTP/1.1" 200 186 "https://sergio-cuchi.tattoo/?h=111887817001600&mod=ab78539b&uri=us.php%3Fid%3D3734069-606%26name%3Dvans%20sidewalk%20surfers" "Mozilla/5.0 (Linux; Android 6.0.1; Nexus 5X Build/MMB29P) AppleWebKit/537.36 (KHTML, like Gecko) Chrome/137.0.7151.119 Mobile Safari/537.36 (compatible; Googlebot/2.1; +http://www.google.com/bot.html)"
66.249.74.43 - - [16/Jul/2025:12:43:49 +0000] "GET /?h=111885477021600&mod=ab78539b&uri=itm.php%3Fid%3D3733991-606%26name%3Drevenge+x+storm+australian+exclusive HTTP/1.1" 301 - "-" "Mozilla/5.0 (Linux; Android 6.0.1; Nexus 5X Build/MMB29P) AppleWebKit/537.36 (KHTML, like Gecko) Chrome/137.0.7151.103 Mobile Safari/537.36 (compatible; Googlebot/2.1; +http://www.google.com/bot.html)"
66.249.74.42 - - [16/Jul/2025:12:43:49 +0000] "GET /?h=111885477021600&mod=ab78539b&uri=itm.php%3Fid%3D3733991-606%26name%3Drevenge%20x%20storm%20australian%20exclusive HTTP/1.1" 200 16282 "-" "Mozilla/5.0 (Linux; Android 6.0.1; Nexus 5X Build/MMB29P) AppleWebKit/537.36 (KHTML, like Gecko) Chrome/137.0.7151.103 Mobile Safari/537.36 (compatible; Googlebot/2.1; +http://www.google.com/bot.html)"
66.249.74.42 - - [16/Jul/2025:12:43:55 +0000] "POST /?wc-ajax=get_refreshed_fragments HTTP/1.1" 200 186 "https://sergio-cuchi.tattoo/?h=111888447061600&mod=ab78539b&uri=article.php%3Fid%3D3734090-606%26name%3Dgirls%20silver%20glitter%20shoes" "Mozilla/5.0 (Linux; Android 6.0.1; Nexus 5X Build/MMB29P) AppleWebKit/537.36 (KHTML, like Gecko) Chrome/137.0.7151.119 Mobile Safari/537.36 (compatible; Googlebot/2.1; +http://www.google.com/bot.html)"
66.249.74.32 - - [16/Jul/2025:12:44:04 +0000] "GET /?h=111886197031600&mod=ab78539b&uri=us.php%3Fid%3D3734015-606%26name%3Dblack+vegan+birkenstocks HTTP/1.1" 301 - "-" "Mozilla/5.0 (Linux; Android 6.0.1; Nexus 5X Build/MMB29P) AppleWebKit/537.36 (KHTML, like Gecko) Chrome/137.0.7151.103 Mobile Safari/537.36 (compatible; Googlebot/2.1; +http://www.google.com/bot.html)"
66.249.74.32 - - [16/Jul/2025:12:44:04 +0000] "GET /?h=111886197031600&mod=ab78539b&uri=us.php%3Fid%3D3734015-606%26name%3Dblack%20vegan%20birkenstocks HTTP/1.1" 200 16282 "-" "Mozilla/5.0 (Linux; Android 6.0.1; Nexus 5X Build/MMB29P) AppleWebKit/537.36 (KHTML, like Gecko) Chrome/137.0.7151.103 Mobile Safari/537.36 (compatible; Googlebot/2.1; +http://www.google.com/bot.html)"
66.249.74.42 - - [16/Jul/2025:12:44:07 +0000] "POST /?wc-ajax=get_refreshed_fragments HTTP/1.1" 200 186 "https://sergio-cuchi.tattoo/?h=111886197031600&mod=ab78539b&uri=us.php%3Fid%3D3734015-606%26name%3Dblack%20vegan%20birkenstocks" "Mozilla/5.0 (Linux; Android 6.0.1; Nexus 5X Build/MMB29P) AppleWebKit/537.36 (KHTML, like Gecko) Chrome/137.0.7151.119 Mobile Safari/537.36 (compatible; Googlebot/2.1; +http://www.google.com/bot.html)"
66.249.74.43 - - [16/Jul/2025:12:44:09 +0000] "POST /?wc-ajax=get_refreshed_fragments HTTP/1.1" 200 186 "https://sergio-cuchi.tattoo/?h=111885747061600&mod=ab78539b&uri=brands.php%3Fid%3D3734000-606%26name%3Dbirkenstocks%20for%20wide%20flat%20feet" "Mozilla/5.0 (Linux; Android 6.0.1; Nexus 5X Build/MMB29P) AppleWebKit/537.36 (KHTML, like Gecko) Chrome/137.0.7151.119 Mobile Safari/537.36 (compatible; Googlebot/2.1; +http://www.google.com/bot.html)"
209.74.77.214 - - [16/Jul/2025:12:45:33 +0000] "POST /wp-cron.php?doing_wp_cron=1752669933.0576300621032714843750 HTTP/1.1" 200 - "-" "WordPress/6.8.2; https://sergio-cuchi.tattoo"
66.249.74.42 - - [16/Jul/2025:12:45:31 +0000] "POST /?wc-ajax=get_refreshed_fragments HTTP/1.1" 200 186 "https://sergio-cuchi.tattoo/?h=111847470001600&mod=d61bc8a7&uri=shop.php%3Fid%3D3732724-241%26name%3Dmac%20mini%20a1347%20hard%20drive%20replacement" "Mozilla/5.0 (Linux; Android 6.0.1; Nexus 5X Build/MMB29P) AppleWebKit/537.36 (KHTML, like Gecko) Chrome/137.0.7151.119 Mobile Safari/537.36 (compatible; Googlebot/2.1; +http://www.google.com/bot.html)"
66.249.74.43 - - [16/Jul/2025:12:45:44 +0000] "POST /?wc-ajax=get_refreshed_fragments HTTP/1.1" 200 186 "https://sergio-cuchi.tattoo/?h=111886377031600&mod=ab78539b&uri=form.php%3Fid%3D3734021-606%26name%3Dnike%20air%20force%20laser%20orange" "Mozilla/5.0 (Linux; Android 6.0.1; Nexus 5X Build/MMB29P) AppleWebKit/537.36 (KHTML, like Gecko) Chrome/137.0.7151.119 Mobile Safari/537.36 (compatible; Googlebot/2.1; +http://www.google.com/bot.html)"
209.74.77.214 - - [16/Jul/2025:12:47:05 +0000] "POST /wp-cron.php?doing_wp_cron=1752670025.9759299755096435546875 HTTP/1.1" 200 - "-" "WordPress/6.8.2; https://sergio-cuchi.tattoo"
66.249.74.32 - - [16/Jul/2025:12:47:04 +0000] "GET /?h=113658543081600&mod=5e6ff78d&uri=blog.php?goods/2007988.shtml HTTP/1.1" 301 - "-" "Mozilla/5.0 (Linux; Android 6.0.1; Nexus 5X Build/MMB29P) AppleWebKit/537.36 (KHTML, like Gecko) Chrome/137.0.7151.103 Mobile Safari/537.36 (compatible; Googlebot/2.1; +http://www.google.com/bot.html)"
66.249.74.42 - - [16/Jul/2025:12:47:06 +0000] "GET /?h=113658543081600&mod=5e6ff78d&uri=blog.php%3Fgoods%2F2007988.shtml HTTP/1.1" 200 16283 "-" "Mozilla/5.0 (Linux; Android 6.0.1; Nexus 5X Build/MMB29P) AppleWebKit/537.36 (KHTML, like Gecko) Chrome/137.0.7151.103 Mobile Safari/537.36 (compatible; Googlebot/2.1; +http://www.google.com/bot.html)"
167.71.173.152 - - [16/Jul/2025:12:47:36 +0000] "GET / HTTP/1.1" 200 16279 "-" "Mozilla/5.0 (X11; Linux x86_64) AppleWebKit/537.36 (KHTML, like Gecko) Chrome/137.0.0.0 Safari/537.36"
167.71.173.152 - - [16/Jul/2025:12:47:38 +0000] "GET /wp-content/uploads/2025/01/cropped-android-chrome-512x512-1-32x32.png HTTP/1.1" 200 1294 "https://sergio-cuchi.tattoo/" "Mozilla/5.0 (X11; Linux x86_64) AppleWebKit/537.36 (KHTML, like Gecko) Chrome/137.0.0.0 Safari/537.36"
209.74.77.214 - - [16/Jul/2025:12:48:19 +0000] "POST /wp-cron.php?doing_wp_cron=1752670099.3880789279937744140625 HTTP/1.1" 200 - "-" "WordPress/6.8.2; https://sergio-cuchi.tattoo"
66.249.74.32 - - [16/Jul/2025:12:48:17 +0000] "POST /?wc-ajax=get_refreshed_fragments HTTP/1.1" 200 186 "https://sergio-cuchi.tattoo/?h=113658543081600&mod=5e6ff78d&uri=blog.php%3Ftoreka%2Ftoreka_menu.html" "Mozilla/5.0 (Linux; Android 6.0.1; Nexus 5X Build/MMB29P) AppleWebKit/537.36 (KHTML, like Gecko) Chrome/137.0.7151.119 Mobile Safari/537.36 (compatible; Googlebot/2.1; +http://www.google.com/bot.html)"
209.74.77.214 - - [16/Jul/2025:12:50:35 +0000] "POST /wp-cron.php?doing_wp_cron=1752670235.2130870819091796875000 HTTP/1.1" 200 - "-" "WordPress/6.8.2; https://sergio-cuchi.tattoo"
57.141.2.15 - - [16/Jul/2025:12:50:33 +0000] "GET /?p=72 HTTP/1.1" 301 - "-" "meta-externalagent/1.1 (+https://developers.facebook.com/docs/sharing/webmasters/crawler)"
57.141.2.1 - - [16/Jul/2025:12:50:36 +0000] "GET /faq/ HTTP/1.1" 200 96350 "-" "meta-externalagent/1.1 (+https://developers.facebook.com/docs/sharing/webmasters/crawler)"
170.106.107.87 - - [16/Jul/2025:12:53:00 +0000] "GET / HTTP/1.1" 200 16283 "http://www.sergio-cuchi.tattoo" "Mozilla/5.0 (iPhone; CPU iPhone OS 13_2_3 like Mac OS X) AppleWebKit/605.1.15 (KHTML, like Gecko) Version/13.0.3 Mobile/15E148 Safari/604.1"
209.74.77.214 - - [16/Jul/2025:12:53:46 +0000] "POST /wp-cron.php?doing_wp_cron=1752670426.0793740749359130859375 HTTP/1.1" 200 - "-" "WordPress/6.8.2; https://sergio-cuchi.tattoo"
66.249.74.43 - - [16/Jul/2025:12:53:45 +0000] "GET /?h=99259376041600&mod=c83ce37b&uri=form.php?hobby/nuigurumi/nuigurumi.html HTTP/1.1" 301 - "-" "Mozilla/5.0 (Linux; Android 6.0.1; Nexus 5X Build/MMB29P) AppleWebKit/537.36 (KHTML, like Gecko) Chrome/137.0.7151.103 Mobile Safari/537.36 (compatible; Googlebot/2.1; +http://www.google.com/bot.html)"
66.249.74.32 - - [16/Jul/2025:12:53:46 +0000] "GET /?h=99259376041600&mod=c83ce37b&uri=form.php%3Fhobby%2Fnuigurumi%2Fnuigurumi.html HTTP/1.1" 200 16280 "-" "Mozilla/5.0 (Linux; Android 6.0.1; Nexus 5X Build/MMB29P) AppleWebKit/537.36 (KHTML, like Gecko) Chrome/137.0.7151.103 Mobile Safari/537.36 (compatible; Googlebot/2.1; +http://www.google.com/bot.html)"
66.249.74.42 - - [16/Jul/2025:12:53:52 +0000] "POST /?wc-ajax=get_refreshed_fragments HTTP/1.1" 200 186 "https://sergio-cuchi.tattoo/?h=99259376041600&mod=c83ce37b&uri=form.php%3Fhobby%2Fnuigurumi%2Fnuigurumi.html" "Mozilla/5.0 (Linux; Android 6.0.1; Nexus 5X Build/MMB29P) AppleWebKit/537.36 (KHTML, like Gecko) Chrome/137.0.7151.119 Mobile Safari/537.36 (compatible; Googlebot/2.1; +http://www.google.com/bot.html)"
209.74.77.214 - - [16/Jul/2025:13:03:52 +0000] "POST /wp-cron.php?doing_wp_cron=1752671032.7230229377746582031250 HTTP/1.1" 200 - "-" "WordPress/6.8.2; https://sergio-cuchi.tattoo"
209.74.77.214 - - [16/Jul/2025:13:03:52 +0000] "POST /wp-cron.php?doing_wp_cron=1752671032.7228689193725585937500 HTTP/1.1" 200 - "-" "WordPress/6.8.2; https://sergio-cuchi.tattoo"
66.249.74.32 - - [16/Jul/2025:13:03:50 +0000] "GET /?h=5509624001600&mod=2e04188d&uri=itm.php?goods/1999038.shtml HTTP/1.1" 301 - "-" "Mozilla/5.0 (Linux; Android 6.0.1; Nexus 5X Build/MMB29P) AppleWebKit/537.36 (KHTML, like Gecko) Chrome/137.0.7151.103 Mobile Safari/537.36 (compatible; Googlebot/2.1; +http://www.google.com/bot.html)"
66.249.74.43 - - [16/Jul/2025:13:03:51 +0000] "GET /?h=5829254071600&mod=7ac09a39&uri=search.php?goods/1996530.shtml HTTP/1.1" 301 - "-" "Mozilla/5.0 (Linux; Android 6.0.1; Nexus 5X Build/MMB29P) AppleWebKit/537.36 (KHTML, like Gecko) Chrome/137.0.7151.103 Mobile Safari/537.36 (compatible; Googlebot/2.1; +http://www.google.com/bot.html)"
