66.249.74.43 - - [16/Jul/2025:17:43:37 +0000] "POST /?wc-ajax=get_refreshed_fragments HTTP/1.1" 200 186 "https://sergio-cuchi.tattoo/?h=101254894021600&mod=b809c451&uri=news.php%3Fgoods%2F2020384.shtml" "Mozilla/5.0 (Linux; Android 6.0.1; Nexus 5X Build/MMB29P) AppleWebKit/537.36 (KHTML, like Gecko) Chrome/137.0.7151.119 Mobile Safari/537.36 (compatible; Googlebot/2.1; +http://www.google.com/bot.html)"
66.249.74.42 - - [16/Jul/2025:17:43:37 +0000] "POST /?wc-ajax=get_refreshed_fragments HTTP/1.1" 200 186 "https://sergio-cuchi.tattoo/?h=101254894021600&mod=b809c451&uri=news.php%3Fgoods%2F2022086.shtml" "Mozilla/5.0 (Linux; Android 6.0.1; Nexus 5X Build/MMB29P) AppleWebKit/537.36 (KHTML, like Gecko) Chrome/137.0.7151.119 Mobile Safari/537.36 (compatible; Googlebot/2.1; +http://www.google.com/bot.html)"
66.249.74.43 - - [16/Jul/2025:17:43:38 +0000] "GET /?h=101254894021600&mod=b809c451&uri=news.php?goods/2028058.shtml HTTP/1.1" 301 - "-" "Mozilla/5.0 (Linux; Android 6.0.1; Nexus 5X Build/MMB29P) AppleWebKit/537.36 (KHTML, like Gecko) Chrome/137.0.7151.103 Mobile Safari/537.36 (compatible; Googlebot/2.1; +http://www.google.com/bot.html)"
66.249.74.42 - - [16/Jul/2025:17:43:38 +0000] "GET /?h=101254894021600&mod=b809c451&uri=news.php%3Fgoods%2F2028058.shtml HTTP/1.1" 200 16278 "-" "Mozilla/5.0 (Linux; Android 6.0.1; Nexus 5X Build/MMB29P) AppleWebKit/537.36 (KHTML, like Gecko) Chrome/137.0.7151.103 Mobile Safari/537.36 (compatible; Googlebot/2.1; +http://www.google.com/bot.html)"
216.73.216.2 - - [16/Jul/2025:17:43:39 +0000] "GET /goods/473318938.shtml HTTP/1.1" 404 12924 "-" "Mozilla/5.0 AppleWebKit/537.36 (KHTML, like Gecko; compatible; ClaudeBot/1.0; [email protected])"
66.249.74.42 - - [16/Jul/2025:17:43:41 +0000] "GET /?h=101254894021600&mod=b809c451&uri=news.php?pcmypage HTTP/1.1" 301 - "-" "Mozilla/5.0 (Linux; Android 6.0.1; Nexus 5X Build/MMB29P) AppleWebKit/537.36 (KHTML, like Gecko) Chrome/137.0.7151.103 Mobile Safari/537.36 (compatible; Googlebot/2.1; +http://www.google.com/bot.html)"
66.249.74.43 - - [16/Jul/2025:17:43:41 +0000] "GET /?h=101254894021600&mod=b809c451&uri=news.php%3Fpcmypage HTTP/1.1" 200 16282 "-" "Mozilla/5.0 (Linux; Android 6.0.1; Nexus 5X Build/MMB29P) AppleWebKit/537.36 (KHTML, like Gecko) Chrome/137.0.7151.103 Mobile Safari/537.36 (compatible; Googlebot/2.1; +http://www.google.com/bot.html)"
216.73.216.2 - - [16/Jul/2025:17:43:42 +0000] "GET /goods/473285384.shtml HTTP/1.1" 404 12924 "-" "Mozilla/5.0 AppleWebKit/537.36 (KHTML, like Gecko; compatible; ClaudeBot/1.0; [email protected])"
66.249.74.43 - - [16/Jul/2025:17:43:42 +0000] "GET /?h=101254894021600&mod=b809c451&uri=news.php?goods/2017338.shtml HTTP/1.1" 301 - "-" "Mozilla/5.0 (Linux; Android 6.0.1; Nexus 5X Build/MMB29P) AppleWebKit/537.36 (KHTML, like Gecko) Chrome/137.0.7151.103 Mobile Safari/537.36 (compatible; Googlebot/2.1; +http://www.google.com/bot.html)"
66.249.74.42 - - [16/Jul/2025:17:43:42 +0000] "GET /?h=101254894021600&mod=b809c451&uri=news.php%3Fgoods%2F2017338.shtml HTTP/1.1" 200 16283 "-" "Mozilla/5.0 (Linux; Android 6.0.1; Nexus 5X Build/MMB29P) AppleWebKit/537.36 (KHTML, like Gecko) Chrome/137.0.7151.103 Mobile Safari/537.36 (compatible; Googlebot/2.1; +http://www.google.com/bot.html)"
66.249.74.42 - - [16/Jul/2025:17:43:43 +0000] "GET /?h=101254894021600&mod=b809c451&uri=news.php?goods/2017270.shtml HTTP/1.1" 301 - "-" "Mozilla/5.0 (Linux; Android 6.0.1; Nexus 5X Build/MMB29P) AppleWebKit/537.36 (KHTML, like Gecko) Chrome/137.0.7151.103 Mobile Safari/537.36 (compatible; Googlebot/2.1; +http://www.google.com/bot.html)"
66.249.74.42 - - [16/Jul/2025:17:43:43 +0000] "GET /?h=101254894021600&mod=b809c451&uri=news.php%3Fgoods%2F2017270.shtml HTTP/1.1" 200 16280 "-" "Mozilla/5.0 (Linux; Android 6.0.1; Nexus 5X Build/MMB29P) AppleWebKit/537.36 (KHTML, like Gecko) Chrome/137.0.7151.103 Mobile Safari/537.36 (compatible; Googlebot/2.1; +http://www.google.com/bot.html)"
66.249.74.43 - - [16/Jul/2025:17:43:45 +0000] "GET /?h=101254894021600&mod=b809c451&uri=news.php?hobby/nuigurumi/nuigurumi.html HTTP/1.1" 301 - "-" "Mozilla/5.0 (Linux; Android 6.0.1; Nexus 5X Build/MMB29P) AppleWebKit/537.36 (KHTML, like Gecko) Chrome/137.0.7151.103 Mobile Safari/537.36 (compatible; Googlebot/2.1; +http://www.google.com/bot.html)"
66.249.74.43 - - [16/Jul/2025:17:43:45 +0000] "GET /?h=101254894021600&mod=b809c451&uri=news.php%3Fhobby%2Fnuigurumi%2Fnuigurumi.html HTTP/1.1" 200 16284 "-" "Mozilla/5.0 (Linux; Android 6.0.1; Nexus 5X Build/MMB29P) AppleWebKit/537.36 (KHTML, like Gecko) Chrome/137.0.7151.103 Mobile Safari/537.36 (compatible; Googlebot/2.1; +http://www.google.com/bot.html)"
216.73.216.2 - - [16/Jul/2025:17:43:45 +0000] "GET /goods/473528906.shtml HTTP/1.1" 404 12924 "-" "Mozilla/5.0 AppleWebKit/537.36 (KHTML, like Gecko; compatible; ClaudeBot/1.0; [email protected])"
209.74.77.214 - - [16/Jul/2025:17:43:46 +0000] "POST /wp-cron.php?doing_wp_cron=1752687826.5160429477691650390625 HTTP/1.1" 200 - "-" "WordPress/6.8.2; https://sergio-cuchi.tattoo"
66.249.74.43 - - [16/Jul/2025:17:43:46 +0000] "POST /?wc-ajax=get_refreshed_fragments HTTP/1.1" 200 186 "https://sergio-cuchi.tattoo/?h=101254894021600&mod=b809c451&uri=news.php%3Fgoods%2F2017270.shtml" "Mozilla/5.0 (Linux; Android 6.0.1; Nexus 5X Build/MMB29P) AppleWebKit/537.36 (KHTML, like Gecko) Chrome/137.0.7151.119 Mobile Safari/537.36 (compatible; Googlebot/2.1; +http://www.google.com/bot.html)"
66.249.74.43 - - [16/Jul/2025:17:43:46 +0000] "GET /?h=101254894021600&mod=b809c451&uri=news.php?goods/2003786.shtml HTTP/1.1" 301 - "-" "Mozilla/5.0 (Linux; Android 6.0.1; Nexus 5X Build/MMB29P) AppleWebKit/537.36 (KHTML, like Gecko) Chrome/137.0.7151.103 Mobile Safari/537.36 (compatible; Googlebot/2.1; +http://www.google.com/bot.html)"
66.249.74.43 - - [16/Jul/2025:17:43:47 +0000] "GET /?h=101254894021600&mod=b809c451&uri=news.php%3Fgoods%2F2003786.shtml HTTP/1.1" 200 16281 "-" "Mozilla/5.0 (Linux; Android 6.0.1; Nexus 5X Build/MMB29P) AppleWebKit/537.36 (KHTML, like Gecko) Chrome/137.0.7151.103 Mobile Safari/537.36 (compatible; Googlebot/2.1; +http://www.google.com/bot.html)"
66.249.74.42 - - [16/Jul/2025:17:43:48 +0000] "GET /?h=101254894021600&mod=b809c451&uri=news.php?goods/2003432.shtml HTTP/1.1" 301 - "-" "Mozilla/5.0 (Linux; Android 6.0.1; Nexus 5X Build/MMB29P) AppleWebKit/537.36 (KHTML, like Gecko) Chrome/137.0.7151.103 Mobile Safari/537.36 (compatible; Googlebot/2.1; +http://www.google.com/bot.html)"
66.249.74.43 - - [16/Jul/2025:17:43:48 +0000] "GET /?h=101254894021600&mod=b809c451&uri=news.php%3Fgoods%2F2003432.shtml HTTP/1.1" 200 16283 "-" "Mozilla/5.0 (Linux; Android 6.0.1; Nexus 5X Build/MMB29P) AppleWebKit/537.36 (KHTML, like Gecko) Chrome/137.0.7151.103 Mobile Safari/537.36 (compatible; Googlebot/2.1; +http://www.google.com/bot.html)"
66.249.74.43 - - [16/Jul/2025:17:43:50 +0000] "GET /?h=101254894021600&mod=b809c451&uri=news.php?goods/2030758.shtml HTTP/1.1" 301 - "-" "Mozilla/5.0 (Linux; Android 6.0.1; Nexus 5X Build/MMB29P) AppleWebKit/537.36 (KHTML, like Gecko) Chrome/137.0.7151.103 Mobile Safari/537.36 (compatible; Googlebot/2.1; +http://www.google.com/bot.html)"
66.249.74.32 - - [16/Jul/2025:17:43:50 +0000] "GET /?h=101254894021600&mod=b809c451&uri=news.php%3Fgoods%2F2030758.shtml HTTP/1.1" 200 16281 "-" "Mozilla/5.0 (Linux; Android 6.0.1; Nexus 5X Build/MMB29P) AppleWebKit/537.36 (KHTML, like Gecko) Chrome/137.0.7151.103 Mobile Safari/537.36 (compatible; Googlebot/2.1; +http://www.google.com/bot.html)"
66.249.74.42 - - [16/Jul/2025:17:43:52 +0000] "GET /?h=101254894021600&mod=b809c451&uri=news.php?goods/2023502.shtml HTTP/1.1" 301 - "-" "Mozilla/5.0 (Linux; Android 6.0.1; Nexus 5X Build/MMB29P) AppleWebKit/537.36 (KHTML, like Gecko) Chrome/137.0.7151.103 Mobile Safari/537.36 (compatible; Googlebot/2.1; +http://www.google.com/bot.html)"
66.249.74.42 - - [16/Jul/2025:17:43:52 +0000] "GET /?h=101254894021600&mod=b809c451&uri=news.php%3Fgoods%2F2023502.shtml HTTP/1.1" 200 16283 "-" "Mozilla/5.0 (Linux; Android 6.0.1; Nexus 5X Build/MMB29P) AppleWebKit/537.36 (KHTML, like Gecko) Chrome/137.0.7151.103 Mobile Safari/537.36 (compatible; Googlebot/2.1; +http://www.google.com/bot.html)"
66.249.74.43 - - [16/Jul/2025:17:43:52 +0000] "POST /?wc-ajax=get_refreshed_fragments HTTP/1.1" 200 186 "https://sergio-cuchi.tattoo/?h=101254894021600&mod=b809c451&uri=news.php%3Fgoods%2F2030758.shtml" "Mozilla/5.0 (Linux; Android 6.0.1; Nexus 5X Build/MMB29P) AppleWebKit/537.36 (KHTML, like Gecko) Chrome/137.0.7151.119 Mobile Safari/537.36 (compatible; Googlebot/2.1; +http://www.google.com/bot.html)"
66.249.74.32 - - [16/Jul/2025:17:43:53 +0000] "GET /?h=101254894021600&mod=b809c451&uri=news.php?goods/2020124.shtml HTTP/1.1" 301 - "-" "Mozilla/5.0 (Linux; Android 6.0.1; Nexus 5X Build/MMB29P) AppleWebKit/537.36 (KHTML, like Gecko) Chrome/137.0.7151.103 Mobile Safari/537.36 (compatible; Googlebot/2.1; +http://www.google.com/bot.html)"
66.249.74.43 - - [16/Jul/2025:17:43:53 +0000] "GET /?h=101254894021600&mod=b809c451&uri=news.php%3Fgoods%2F2020124.shtml HTTP/1.1" 200 16282 "-" "Mozilla/5.0 (Linux; Android 6.0.1; Nexus 5X Build/MMB29P) AppleWebKit/537.36 (KHTML, like Gecko) Chrome/137.0.7151.103 Mobile Safari/537.36 (compatible; Googlebot/2.1; +http://www.google.com/bot.html)"
66.249.74.42 - - [16/Jul/2025:17:43:55 +0000] "GET /?h=101254894021600&mod=b809c451&uri=news.php?goods/2000732.shtml HTTP/1.1" 301 - "-" "Mozilla/5.0 (Linux; Android 6.0.1; Nexus 5X Build/MMB29P) AppleWebKit/537.36 (KHTML, like Gecko) Chrome/137.0.7151.103 Mobile Safari/537.36 (compatible; Googlebot/2.1; +http://www.google.com/bot.html)"
66.249.74.42 - - [16/Jul/2025:17:43:55 +0000] "GET /?h=101254894021600&mod=b809c451&uri=news.php%3Fgoods%2F2000732.shtml HTTP/1.1" 200 16282 "-" "Mozilla/5.0 (Linux; Android 6.0.1; Nexus 5X Build/MMB29P) AppleWebKit/537.36 (KHTML, like Gecko) Chrome/137.0.7151.103 Mobile Safari/537.36 (compatible; Googlebot/2.1; +http://www.google.com/bot.html)"
66.249.74.43 - - [16/Jul/2025:17:43:55 +0000] "POST /?wc-ajax=get_refreshed_fragments HTTP/1.1" 200 186 "https://sergio-cuchi.tattoo/?h=101254894021600&mod=b809c451&uri=news.php%3Fgoods%2F2003786.shtml" "Mozilla/5.0 (Linux; Android 6.0.1; Nexus 5X Build/MMB29P) AppleWebKit/537.36 (KHTML, like Gecko) Chrome/137.0.7151.119 Mobile Safari/537.36 (compatible; Googlebot/2.1; +http://www.google.com/bot.html)"
66.249.74.32 - - [16/Jul/2025:17:43:56 +0000] "POST /?wc-ajax=get_refreshed_fragments HTTP/1.1" 200 186 "https://sergio-cuchi.tattoo/?h=101254894021600&mod=b809c451&uri=news.php%3Fgoods%2F2020124.shtml" "Mozilla/5.0 (Linux; Android 6.0.1; Nexus 5X Build/MMB29P) AppleWebKit/537.36 (KHTML, like Gecko) Chrome/137.0.7151.119 Mobile Safari/537.36 (compatible; Googlebot/2.1; +http://www.google.com/bot.html)"
66.249.74.42 - - [16/Jul/2025:17:43:57 +0000] "GET /?h=101254894021600&mod=b809c451&uri=news.php?toreka/goods_menu.html HTTP/1.1" 301 - "-" "Mozilla/5.0 (Linux; Android 6.0.1; Nexus 5X Build/MMB29P) AppleWebKit/537.36 (KHTML, like Gecko) Chrome/137.0.7151.103 Mobile Safari/537.36 (compatible; Googlebot/2.1; +http://www.google.com/bot.html)"
66.249.74.32 - - [16/Jul/2025:17:43:57 +0000] "GET /?h=101254894021600&mod=b809c451&uri=news.php%3Ftoreka%2Fgoods_menu.html HTTP/1.1" 200 16282 "-" "Mozilla/5.0 (Linux; Android 6.0.1; Nexus 5X Build/MMB29P) AppleWebKit/537.36 (KHTML, like Gecko) Chrome/137.0.7151.103 Mobile Safari/537.36 (compatible; Googlebot/2.1; +http://www.google.com/bot.html)"
66.249.74.43 - - [16/Jul/2025:17:44:01 +0000] "GET /?h=101254894021600&mod=b809c451&uri=news.php?goods/2004878.shtml HTTP/1.1" 301 - "-" "Mozilla/5.0 (Linux; Android 6.0.1; Nexus 5X Build/MMB29P) AppleWebKit/537.36 (KHTML, like Gecko) Chrome/137.0.7151.103 Mobile Safari/537.36 (compatible; Googlebot/2.1; +http://www.google.com/bot.html)"
66.249.74.32 - - [16/Jul/2025:17:44:01 +0000] "GET /?h=101254894021600&mod=b809c451&uri=news.php%3Fgoods%2F2004878.shtml HTTP/1.1" 200 16278 "-" "Mozilla/5.0 (Linux; Android 6.0.1; Nexus 5X Build/MMB29P) AppleWebKit/537.36 (KHTML, like Gecko) Chrome/137.0.7151.103 Mobile Safari/537.36 (compatible; Googlebot/2.1; +http://www.google.com/bot.html)"
66.249.74.43 - - [16/Jul/2025:17:44:01 +0000] "GET /?h=101254894021600&mod=b809c451&uri=news.php?goods/2014152.shtml HTTP/1.1" 301 - "-" "Mozilla/5.0 (Linux; Android 6.0.1; Nexus 5X Build/MMB29P) AppleWebKit/537.36 (KHTML, like Gecko) Chrome/137.0.7151.103 Mobile Safari/537.36 (compatible; Googlebot/2.1; +http://www.google.com/bot.html)"
66.249.74.43 - - [16/Jul/2025:17:44:01 +0000] "GET /?h=101254894021600&mod=b809c451&uri=news.php%3Fgoods%2F2014152.shtml HTTP/1.1" 200 16282 "-" "Mozilla/5.0 (Linux; Android 6.0.1; Nexus 5X Build/MMB29P) AppleWebKit/537.36 (KHTML, like Gecko) Chrome/137.0.7151.103 Mobile Safari/537.36 (compatible; Googlebot/2.1; +http://www.google.com/bot.html)"
66.249.74.32 - - [16/Jul/2025:17:44:02 +0000] "GET /?h=101254894021600&mod=b809c451&uri=news.php?goods/2019032.shtml HTTP/1.1" 301 - "-" "Mozilla/5.0 (Linux; Android 6.0.1; Nexus 5X Build/MMB29P) AppleWebKit/537.36 (KHTML, like Gecko) Chrome/137.0.7151.103 Mobile Safari/537.36 (compatible; Googlebot/2.1; +http://www.google.com/bot.html)"
66.249.74.43 - - [16/Jul/2025:17:44:02 +0000] "GET /?h=101254894021600&mod=b809c451&uri=news.php%3Fgoods%2F2019032.shtml HTTP/1.1" 200 16281 "-" "Mozilla/5.0 (Linux; Android 6.0.1; Nexus 5X Build/MMB29P) AppleWebKit/537.36 (KHTML, like Gecko) Chrome/137.0.7151.103 Mobile Safari/537.36 (compatible; Googlebot/2.1; +http://www.google.com/bot.html)"
66.249.74.32 - - [16/Jul/2025:17:44:04 +0000] "GET /?h=101254894021600&mod=b809c451&uri=news.php?goods/2023178.shtml HTTP/1.1" 301 - "-" "Mozilla/5.0 (Linux; Android 6.0.1; Nexus 5X Build/MMB29P) AppleWebKit/537.36 (KHTML, like Gecko) Chrome/137.0.7151.103 Mobile Safari/537.36 (compatible; Googlebot/2.1; +http://www.google.com/bot.html)"
66.249.74.43 - - [16/Jul/2025:17:44:04 +0000] "GET /?h=101254894021600&mod=b809c451&uri=news.php%3Fgoods%2F2023178.shtml HTTP/1.1" 200 16284 "-" "Mozilla/5.0 (Linux; Android 6.0.1; Nexus 5X Build/MMB29P) AppleWebKit/537.36 (KHTML, like Gecko) Chrome/137.0.7151.103 Mobile Safari/537.36 (compatible; Googlebot/2.1; +http://www.google.com/bot.html)"
66.249.74.42 - - [16/Jul/2025:17:44:07 +0000] "POST /?wc-ajax=get_refreshed_fragments HTTP/1.1" 200 186 "https://sergio-cuchi.tattoo/?h=101254894021600&mod=b809c451&uri=news.php%3Fgoods%2F2033868.shtml" "Mozilla/5.0 (Linux; Android 6.0.1; Nexus 5X Build/MMB29P) AppleWebKit/537.36 (KHTML, like Gecko) Chrome/137.0.7151.119 Mobile Safari/537.36 (compatible; Googlebot/2.1; +http://www.google.com/bot.html)"
66.249.74.43 - - [16/Jul/2025:17:44:08 +0000] "GET /?h=6152915001600&mod=2fcb2666&uri=search.php?goods/1994828.shtml HTTP/1.1" 301 - "-" "Mozilla/5.0 (Linux; Android 6.0.1; Nexus 5X Build/MMB29P) AppleWebKit/537.36 (KHTML, like Gecko) Chrome/137.0.7151.103 Mobile Safari/537.36 (compatible; Googlebot/2.1; +http://www.google.com/bot.html)"
66.249.74.42 - - [16/Jul/2025:17:44:09 +0000] "GET /?h=101254894021600&mod=b809c451&uri=news.php?goods/2032106.shtml HTTP/1.1" 301 - "-" "Mozilla/5.0 (Linux; Android 6.0.1; Nexus 5X Build/MMB29P) AppleWebKit/537.36 (KHTML, like Gecko) Chrome/137.0.7151.103 Mobile Safari/537.36 (compatible; Googlebot/2.1; +http://www.google.com/bot.html)"
66.249.74.43 - - [16/Jul/2025:17:44:09 +0000] "GET /?h=6152915001600&mod=2fcb2666&uri=search.php%3Fgoods%2F1994828.shtml HTTP/1.1" 200 16281 "-" "Mozilla/5.0 (Linux; Android 6.0.1; Nexus 5X Build/MMB29P) AppleWebKit/537.36 (KHTML, like Gecko) Chrome/137.0.7151.103 Mobile Safari/537.36 (compatible; Googlebot/2.1; +http://www.google.com/bot.html)"
66.249.74.43 - - [16/Jul/2025:17:44:09 +0000] "GET /?h=101254894021600&mod=b809c451&uri=news.php%3Fgoods%2F2032106.shtml HTTP/1.1" 200 16282 "-" "Mozilla/5.0 (Linux; Android 6.0.1; Nexus 5X Build/MMB29P) AppleWebKit/537.36 (KHTML, like Gecko) Chrome/137.0.7151.103 Mobile Safari/537.36 (compatible; Googlebot/2.1; +http://www.google.com/bot.html)"
66.249.74.42 - - [16/Jul/2025:17:44:09 +0000] "GET /?h=101254894021600&mod=b809c451&uri=news.php?pcsp.html HTTP/1.1" 301 - "-" "Mozilla/5.0 (Linux; Android 6.0.1; Nexus 5X Build/MMB29P) AppleWebKit/537.36 (KHTML, like Gecko) Chrome/137.0.7151.103 Mobile Safari/537.36 (compatible; Googlebot/2.1; +http://www.google.com/bot.html)"
66.249.74.42 - - [16/Jul/2025:17:44:09 +0000] "GET /?h=101254894021600&mod=b809c451&uri=news.php%3Fpcsp.html HTTP/1.1" 200 16283 "-" "Mozilla/5.0 (Linux; Android 6.0.1; Nexus 5X Build/MMB29P) AppleWebKit/537.36 (KHTML, like Gecko) Chrome/137.0.7151.103 Mobile Safari/537.36 (compatible; Googlebot/2.1; +http://www.google.com/bot.html)"
66.249.74.42 - - [16/Jul/2025:17:44:10 +0000] "POST /?wc-ajax=get_refreshed_fragments HTTP/1.1" 200 186 "https://sergio-cuchi.tattoo/?h=101254894021600&mod=b809c451&uri=news.php%3Fgoods%2F2023178.shtml" "Mozilla/5.0 (Linux; Android 6.0.1; Nexus 5X Build/MMB29P) AppleWebKit/537.36 (KHTML, like Gecko) Chrome/137.0.7151.119 Mobile Safari/537.36 (compatible; Googlebot/2.1; +http://www.google.com/bot.html)"
66.249.74.43 - - [16/Jul/2025:17:44:10 +0000] "POST /?wc-ajax=get_refreshed_fragments HTTP/1.1" 200 186 "https://sergio-cuchi.tattoo/?h=6152915001600&mod=2fcb2666&uri=search.php%3Fgoods%2F1994828.shtml" "Mozilla/5.0 (Linux; Android 6.0.1; Nexus 5X Build/MMB29P) AppleWebKit/537.36 (KHTML, like Gecko) Chrome/137.0.7151.119 Mobile Safari/537.36 (compatible; Googlebot/2.1; +http://www.google.com/bot.html)"
66.249.74.42 - - [16/Jul/2025:17:44:12 +0000] "GET /?h=101254894021600&mod=b809c451&uri=news.php?goods/2033544.shtml HTTP/1.1" 301 - "-" "Mozilla/5.0 (Linux; Android 6.0.1; Nexus 5X Build/MMB29P) AppleWebKit/537.36 (KHTML, like Gecko) Chrome/137.0.7151.103 Mobile Safari/537.36 (compatible; Googlebot/2.1; +http://www.google.com/bot.html)"
66.249.74.42 - - [16/Jul/2025:17:44:12 +0000] "GET /?h=101254894021600&mod=b809c451&uri=news.php%3Fgoods%2F2033544.shtml HTTP/1.1" 200 16279 "-" "Mozilla/5.0 (Linux; Android 6.0.1; Nexus 5X Build/MMB29P) AppleWebKit/537.36 (KHTML, like Gecko) Chrome/137.0.7151.103 Mobile Safari/537.36 (compatible; Googlebot/2.1; +http://www.google.com/bot.html)"
66.249.74.42 - - [16/Jul/2025:17:44:12 +0000] "GET /?h=6152915001600&mod=2fcb2666&uri=search.php?oreka/plamodel_menu.html HTTP/1.1" 301 - "-" "Mozilla/5.0 (Linux; Android 6.0.1; Nexus 5X Build/MMB29P) AppleWebKit/537.36 (KHTML, like Gecko) Chrome/137.0.7151.103 Mobile Safari/537.36 (compatible; Googlebot/2.1; +http://www.google.com/bot.html)"
66.249.74.42 - - [16/Jul/2025:17:44:13 +0000] "GET /?h=6152915001600&mod=2fcb2666&uri=search.php%3Foreka%2Fplamodel_menu.html HTTP/1.1" 200 16282 "-" "Mozilla/5.0 (Linux; Android 6.0.1; Nexus 5X Build/MMB29P) AppleWebKit/537.36 (KHTML, like Gecko) Chrome/137.0.7151.103 Mobile Safari/537.36 (compatible; Googlebot/2.1; +http://www.google.com/bot.html)"
66.249.74.42 - - [16/Jul/2025:17:44:13 +0000] "GET /?h=101254894021600&mod=b809c451&uri=news.php?goods/2027704.shtml HTTP/1.1" 301 - "-" "Mozilla/5.0 (Linux; Android 6.0.1; Nexus 5X Build/MMB29P) AppleWebKit/537.36 (KHTML, like Gecko) Chrome/137.0.7151.103 Mobile Safari/537.36 (compatible; Googlebot/2.1; +http://www.google.com/bot.html)"
66.249.74.42 - - [16/Jul/2025:17:44:13 +0000] "GET /?h=101254894021600&mod=b809c451&uri=news.php%3Fgoods%2F2027704.shtml HTTP/1.1" 200 16281 "-" "Mozilla/5.0 (Linux; Android 6.0.1; Nexus 5X Build/MMB29P) AppleWebKit/537.36 (KHTML, like Gecko) Chrome/137.0.7151.103 Mobile Safari/537.36 (compatible; Googlebot/2.1; +http://www.google.com/bot.html)"
66.249.74.42 - - [16/Jul/2025:17:44:14 +0000] "GET /?h=101254894021600&mod=b809c451&uri=news.php?goods/2032452.shtml HTTP/1.1" 301 - "-" "Mozilla/5.0 (Linux; Android 6.0.1; Nexus 5X Build/MMB29P) AppleWebKit/537.36 (KHTML, like Gecko) Chrome/137.0.7151.103 Mobile Safari/537.36 (compatible; Googlebot/2.1; +http://www.google.com/bot.html)"
66.249.74.42 - - [16/Jul/2025:17:44:14 +0000] "GET /?h=101254894021600&mod=b809c451&uri=news.php%3Fgoods%2F2032452.shtml HTTP/1.1" 200 16283 "-" "Mozilla/5.0 (Linux; Android 6.0.1; Nexus 5X Build/MMB29P) AppleWebKit/537.36 (KHTML, like Gecko) Chrome/137.0.7151.103 Mobile Safari/537.36 (compatible; Googlebot/2.1; +http://www.google.com/bot.html)"
66.249.74.42 - - [16/Jul/2025:17:44:14 +0000] "GET /?h=101254894021600&mod=b809c451&uri=news.php?goods/2021732.shtml HTTP/1.1" 301 - "-" "Mozilla/5.0 (Linux; Android 6.0.1; Nexus 5X Build/MMB29P) AppleWebKit/537.36 (KHTML, like Gecko) Chrome/137.0.7151.103 Mobile Safari/537.36 (compatible; Googlebot/2.1; +http://www.google.com/bot.html)"
66.249.74.42 - - [16/Jul/2025:17:44:15 +0000] "GET /?h=101254894021600&mod=b809c451&uri=news.php%3Fgoods%2F2021732.shtml HTTP/1.1" 200 16283 "-" "Mozilla/5.0 (Linux; Android 6.0.1; Nexus 5X Build/MMB29P) AppleWebKit/537.36 (KHTML, like Gecko) Chrome/137.0.7151.103 Mobile Safari/537.36 (compatible; Googlebot/2.1; +http://www.google.com/bot.html)"
66.249.74.42 - - [16/Jul/2025:17:44:16 +0000] "POST /?wc-ajax=get_refreshed_fragments HTTP/1.1" 200 186 "https://sergio-cuchi.tattoo/?h=101254894021600&mod=b809c451&uri=news.php%3Fgoods%2F2032452.shtml" "Mozilla/5.0 (Linux; Android 6.0.1; Nexus 5X Build/MMB29P) AppleWebKit/537.36 (KHTML, like Gecko) Chrome/137.0.7151.119 Mobile Safari/537.36 (compatible; Googlebot/2.1; +http://www.google.com/bot.html)"
66.249.74.42 - - [16/Jul/2025:17:44:17 +0000] "POST /?wc-ajax=get_refreshed_fragments HTTP/1.1" 200 186 "https://sergio-cuchi.tattoo/?h=101254894021600&mod=b809c451&uri=news.php%3Fgoods%2F2021732.shtml" "Mozilla/5.0 (Linux; Android 6.0.1; Nexus 5X Build/MMB29P) AppleWebKit/537.36 (KHTML, like Gecko) Chrome/137.0.7151.119 Mobile Safari/537.36 (compatible; Googlebot/2.1; +http://www.google.com/bot.html)"
66.249.74.42 - - [16/Jul/2025:17:44:17 +0000] "POST /?wc-ajax=get_refreshed_fragments HTTP/1.1" 200 186 "https://sergio-cuchi.tattoo/?h=101254894021600&mod=b809c451&uri=news.php%3Fgoods%2F2027704.shtml" "Mozilla/5.0 (Linux; Android 6.0.1; Nexus 5X Build/MMB29P) AppleWebKit/537.36 (KHTML, like Gecko) Chrome/137.0.7151.119 Mobile Safari/537.36 (compatible; Googlebot/2.1; +http://www.google.com/bot.html)"
66.249.74.42 - - [16/Jul/2025:17:44:17 +0000] "GET /?h=101254894021600&mod=b809c451&uri=news.php?goods/2029666.shtml HTTP/1.1" 301 - "-" "Mozilla/5.0 (Linux; Android 6.0.1; Nexus 5X Build/MMB29P) AppleWebKit/537.36 (KHTML, like Gecko) Chrome/137.0.7151.103 Mobile Safari/537.36 (compatible; Googlebot/2.1; +http://www.google.com/bot.html)"
66.249.74.42 - - [16/Jul/2025:17:44:17 +0000] "GET /?h=101254894021600&mod=b809c451&uri=news.php%3Fgoods%2F2029666.shtml HTTP/1.1" 200 16284 "-" "Mozilla/5.0 (Linux; Android 6.0.1; Nexus 5X Build/MMB29P) AppleWebKit/537.36 (KHTML, like Gecko) Chrome/137.0.7151.103 Mobile Safari/537.36 (compatible; Googlebot/2.1; +http://www.google.com/bot.html)"
66.249.74.42 - - [16/Jul/2025:17:44:18 +0000] "GET /?h=101254894021600&mod=b809c451&uri=news.php?toreka/figure_menu.html HTTP/1.1" 301 - "-" "Mozilla/5.0 (Linux; Android 6.0.1; Nexus 5X Build/MMB29P) AppleWebKit/537.36 (KHTML, like Gecko) Chrome/137.0.7151.103 Mobile Safari/537.36 (compatible; Googlebot/2.1; +http://www.google.com/bot.html)"
66.249.74.42 - - [16/Jul/2025:17:44:18 +0000] "GET /?h=101254894021600&mod=b809c451&uri=news.php%3Ftoreka%2Ffigure_menu.html HTTP/1.1" 200 16281 "-" "Mozilla/5.0 (Linux; Android 6.0.1; Nexus 5X Build/MMB29P) AppleWebKit/537.36 (KHTML, like Gecko) Chrome/137.0.7151.103 Mobile Safari/537.36 (compatible; Googlebot/2.1; +http://www.google.com/bot.html)"
66.249.74.42 - - [16/Jul/2025:17:44:19 +0000] "POST /?wc-ajax=get_refreshed_fragments HTTP/1.1" 200 186 "https://sergio-cuchi.tattoo/?h=101254894021600&mod=b809c451&uri=news.php%3Fgoods%2F2032106.shtml" "Mozilla/5.0 (Linux; Android 6.0.1; Nexus 5X Build/MMB29P) AppleWebKit/537.36 (KHTML, like Gecko) Chrome/137.0.7151.119 Mobile Safari/537.36 (compatible; Googlebot/2.1; +http://www.google.com/bot.html)"
66.249.74.42 - - [16/Jul/2025:17:44:20 +0000] "GET /?h=101254894021600&mod=b809c451&uri=news.php?goods/2009404.shtml HTTP/1.1" 301 - "-" "Mozilla/5.0 (Linux; Android 6.0.1; Nexus 5X Build/MMB29P) AppleWebKit/537.36 (KHTML, like Gecko) Chrome/137.0.7151.103 Mobile Safari/537.36 (compatible; Googlebot/2.1; +http://www.google.com/bot.html)"
66.249.74.42 - - [16/Jul/2025:17:44:21 +0000] "GET /?h=101254894021600&mod=b809c451&uri=news.php%3Fgoods%2F2009404.shtml HTTP/1.1" 200 16282 "-" "Mozilla/5.0 (Linux; Android 6.0.1; Nexus 5X Build/MMB29P) AppleWebKit/537.36 (KHTML, like Gecko) Chrome/137.0.7151.103 Mobile Safari/537.36 (compatible; Googlebot/2.1; +http://www.google.com/bot.html)"
66.249.74.42 - - [16/Jul/2025:17:44:21 +0000] "POST /?wc-ajax=get_refreshed_fragments HTTP/1.1" 200 186 "https://sergio-cuchi.tattoo/?h=101254894021600&mod=b809c451&uri=news.php%3Fgoods%2F2003432.shtml" "Mozilla/5.0 (Linux; Android 6.0.1; Nexus 5X Build/MMB29P) AppleWebKit/537.36 (KHTML, like Gecko) Chrome/137.0.7151.119 Mobile Safari/537.36 (compatible; Googlebot/2.1; +http://www.google.com/bot.html)"
66.249.74.42 - - [16/Jul/2025:17:44:21 +0000] "GET /?h=101254894021600&mod=b809c451&uri=news.php?goods/2016660.shtml HTTP/1.1" 301 - "-" "Mozilla/5.0 (Linux; Android 6.0.1; Nexus 5X Build/MMB29P) AppleWebKit/537.36 (KHTML, like Gecko) Chrome/137.0.7151.103 Mobile Safari/537.36 (compatible; Googlebot/2.1; +http://www.google.com/bot.html)"
66.249.74.42 - - [16/Jul/2025:17:44:22 +0000] "GET /?h=101254894021600&mod=b809c451&uri=news.php%3Fgoods%2F2016660.shtml HTTP/1.1" 200 16284 "-" "Mozilla/5.0 (Linux; Android 6.0.1; Nexus 5X Build/MMB29P) AppleWebKit/537.36 (KHTML, like Gecko) Chrome/137.0.7151.103 Mobile Safari/537.36 (compatible; Googlebot/2.1; +http://www.google.com/bot.html)"
66.249.74.42 - - [16/Jul/2025:17:44:24 +0000] "GET /?h=101254894021600&mod=b809c451&uri=news.php?goods/2026288.shtml HTTP/1.1" 301 - "-" "Mozilla/5.0 (Linux; Android 6.0.1; Nexus 5X Build/MMB29P) AppleWebKit/537.36 (KHTML, like Gecko) Chrome/137.0.7151.103 Mobile Safari/537.36 (compatible; Googlebot/2.1; +http://www.google.com/bot.html)"
66.249.74.42 - - [16/Jul/2025:17:44:24 +0000] "GET /?h=101254894021600&mod=b809c451&uri=news.php%3Fgoods%2F2026288.shtml HTTP/1.1" 200 16284 "-" "Mozilla/5.0 (Linux; Android 6.0.1; Nexus 5X Build/MMB29P) AppleWebKit/537.36 (KHTML, like Gecko) Chrome/137.0.7151.103 Mobile Safari/537.36 (compatible; Googlebot/2.1; +http://www.google.com/bot.html)"
66.249.74.42 - - [16/Jul/2025:17:44:25 +0000] "POST /?wc-ajax=get_refreshed_fragments HTTP/1.1" 200 186 "https://sergio-cuchi.tattoo/?h=101254894021600&mod=b809c451&uri=news.php%3Fgoods%2F2016660.shtml" "Mozilla/5.0 (Linux; Android 6.0.1; Nexus 5X Build/MMB29P) AppleWebKit/537.36 (KHTML, like Gecko) Chrome/137.0.7151.119 Mobile Safari/537.36 (compatible; Googlebot/2.1; +http://www.google.com/bot.html)"
66.249.74.43 - - [16/Jul/2025:17:44:26 +0000] "GET /?h=101254894021600&mod=b809c451&uri=news.php?goods/2014220.shtml HTTP/1.1" 301 - "-" "Mozilla/5.0 (Linux; Android 6.0.1; Nexus 5X Build/MMB29P) AppleWebKit/537.36 (KHTML, like Gecko) Chrome/137.0.7151.103 Mobile Safari/537.36 (compatible; Googlebot/2.1; +http://www.google.com/bot.html)"
66.249.74.42 - - [16/Jul/2025:17:44:26 +0000] "GET /?h=101254894021600&mod=b809c451&uri=news.php%3Fgoods%2F2014220.shtml HTTP/1.1" 200 16285 "-" "Mozilla/5.0 (Linux; Android 6.0.1; Nexus 5X Build/MMB29P) AppleWebKit/537.36 (KHTML, like Gecko) Chrome/137.0.7151.103 Mobile Safari/537.36 (compatible; Googlebot/2.1; +http://www.google.com/bot.html)"
66.249.74.43 - - [16/Jul/2025:17:44:28 +0000] "POST /?wc-ajax=get_refreshed_fragments HTTP/1.1" 200 186 "https://sergio-cuchi.tattoo/?h=101254894021600&mod=b809c451&uri=news.php%3Fgoods%2F2029666.shtml" "Mozilla/5.0 (Linux; Android 6.0.1; Nexus 5X Build/MMB29P) AppleWebKit/537.36 (KHTML, like Gecko) Chrome/137.0.7151.119 Mobile Safari/537.36 (compatible; Googlebot/2.1; +http://www.google.com/bot.html)"
66.249.74.42 - - [16/Jul/2025:17:44:31 +0000] "POST /?wc-ajax=get_refreshed_fragments HTTP/1.1" 200 186 "https://sergio-cuchi.tattoo/?h=101254894021600&mod=b809c451&uri=news.php%3Fgoods%2F2023502.shtml" "Mozilla/5.0 (Linux; Android 6.0.1; Nexus 5X Build/MMB29P) AppleWebKit/537.36 (KHTML, like Gecko) Chrome/137.0.7151.119 Mobile Safari/537.36 (compatible; Googlebot/2.1; +http://www.google.com/bot.html)"
66.249.74.42 - - [16/Jul/2025:17:44:37 +0000] "GET /?h=5322909001600&mod=e8d04671&uri=shared.php?goods/2014220.shtml HTTP/1.1" 301 - "-" "Mozilla/5.0 (Linux; Android 6.0.1; Nexus 5X Build/MMB29P) AppleWebKit/537.36 (KHTML, like Gecko) Chrome/137.0.7151.103 Mobile Safari/537.36 (compatible; Googlebot/2.1; +http://www.google.com/bot.html)"
66.249.74.42 - - [16/Jul/2025:17:44:37 +0000] "GET /?h=5322909001600&mod=e8d04671&uri=shared.php%3Fgoods%2F2014220.shtml HTTP/1.1" 200 16283 "-" "Mozilla/5.0 (Linux; Android 6.0.1; Nexus 5X Build/MMB29P) AppleWebKit/537.36 (KHTML, like Gecko) Chrome/137.0.7151.103 Mobile Safari/537.36 (compatible; Googlebot/2.1; +http://www.google.com/bot.html)"
66.249.74.43 - - [16/Jul/2025:17:44:37 +0000] "GET /?h=5322909001600&mod=e8d04671&uri=shared.php?goods/2012804.shtml HTTP/1.1" 301 - "-" "Mozilla/5.0 (Linux; Android 6.0.1; Nexus 5X Build/MMB29P) AppleWebKit/537.36 (KHTML, like Gecko) Chrome/137.0.7151.103 Mobile Safari/537.36 (compatible; Googlebot/2.1; +http://www.google.com/bot.html)"
66.249.74.43 - - [16/Jul/2025:17:44:38 +0000] "GET /?h=5322909001600&mod=e8d04671&uri=shared.php%3Fgoods%2F2012804.shtml HTTP/1.1" 200 16281 "-" "Mozilla/5.0 (Linux; Android 6.0.1; Nexus 5X Build/MMB29P) AppleWebKit/537.36 (KHTML, like Gecko) Chrome/137.0.7151.103 Mobile Safari/537.36 (compatible; Googlebot/2.1; +http://www.google.com/bot.html)"
216.73.216.2 - - [16/Jul/2025:17:44:39 +0000] "GET /goods/473065306.shtml HTTP/1.1" 404 12924 "-" "Mozilla/5.0 AppleWebKit/537.36 (KHTML, like Gecko; compatible; ClaudeBot/1.0; [email protected])"
66.249.74.42 - - [16/Jul/2025:17:44:40 +0000] "GET /?h=5322909001600&mod=e8d04671&uri=shared.php?goods/2011712.shtml HTTP/1.1" 301 - "-" "Mozilla/5.0 (Linux; Android 6.0.1; Nexus 5X Build/MMB29P) AppleWebKit/537.36 (KHTML, like Gecko) Chrome/137.0.7151.103 Mobile Safari/537.36 (compatible; Googlebot/2.1; +http://www.google.com/bot.html)"
66.249.74.43 - - [16/Jul/2025:17:44:40 +0000] "GET /?h=5322909001600&mod=e8d04671&uri=shared.php%3Fgoods%2F2011712.shtml HTTP/1.1" 200 16280 "-" "Mozilla/5.0 (Linux; Android 6.0.1; Nexus 5X Build/MMB29P) AppleWebKit/537.36 (KHTML, like Gecko) Chrome/137.0.7151.103 Mobile Safari/537.36 (compatible; Googlebot/2.1; +http://www.google.com/bot.html)"
66.249.74.43 - - [16/Jul/2025:17:44:40 +0000] "POST /?wc-ajax=get_refreshed_fragments HTTP/1.1" 200 186 "https://sergio-cuchi.tattoo/?h=5322909001600&mod=e8d04671&uri=shared.php%3Fgoods%2F2012804.shtml" "Mozilla/5.0 (Linux; Android 6.0.1; Nexus 5X Build/MMB29P) AppleWebKit/537.36 (KHTML, like Gecko) Chrome/137.0.7151.119 Mobile Safari/537.36 (compatible; Googlebot/2.1; +http://www.google.com/bot.html)"
216.73.216.2 - - [16/Jul/2025:17:44:42 +0000] "GET /goods/473223842.shtml HTTP/1.1" 404 12924 "-" "Mozilla/5.0 AppleWebKit/537.36 (KHTML, like Gecko; compatible; ClaudeBot/1.0; [email protected])"
66.249.74.42 - - [16/Jul/2025:17:44:44 +0000] "GET /?h=5354472001600&mod=884738b4&uri=search.php?goods/2007988.shtml HTTP/1.1" 301 - "-" "Mozilla/5.0 (Linux; Android 6.0.1; Nexus 5X Build/MMB29P) AppleWebKit/537.36 (KHTML, like Gecko) Chrome/137.0.7151.103 Mobile Safari/537.36 (compatible; Googlebot/2.1; +http://www.google.com/bot.html)"
66.249.74.42 - - [16/Jul/2025:17:44:44 +0000] "GET /?h=5354472001600&mod=884738b4&uri=search.php%3Fgoods%2F2007988.shtml HTTP/1.1" 200 16284 "-" "Mozilla/5.0 (Linux; Android 6.0.1; Nexus 5X Build/MMB29P) AppleWebKit/537.36 (KHTML, like Gecko) Chrome/137.0.7151.103 Mobile Safari/537.36 (compatible; Googlebot/2.1; +http://www.google.com/bot.html)"
216.73.216.2 - - [16/Jul/2025:17:44:45 +0000] "GET /goods/473355116.shtml HTTP/1.1" 404 12924 "-" "Mozilla/5.0 AppleWebKit/537.36 (KHTML, like Gecko; compatible; ClaudeBot/1.0; [email protected])"
209.74.77.214 - - [16/Jul/2025:17:44:48 +0000] "POST /wp-cron.php?doing_wp_cron=1752687888.2791459560394287109375 HTTP/1.1" 200 - "-" "WordPress/6.8.2; https://sergio-cuchi.tattoo"
66.249.74.43 - - [16/Jul/2025:17:44:48 +0000] "GET /?h=5354472001600&mod=884738b4&uri=search.php?goods/2000992.shtml HTTP/1.1" 301 - "-" "Mozilla/5.0 (Linux; Android 6.0.1; Nexus 5X Build/MMB29P) AppleWebKit/537.36 (KHTML, like Gecko) Chrome/137.0.7151.103 Mobile Safari/537.36 (compatible; Googlebot/2.1; +http://www.google.com/bot.html)"
66.249.74.42 - - [16/Jul/2025:17:44:48 +0000] "GET /?h=5354472001600&mod=884738b4&uri=search.php%3Fgoods%2F2000992.shtml HTTP/1.1" 200 16282 "-" "Mozilla/5.0 (Linux; Android 6.0.1; Nexus 5X Build/MMB29P) AppleWebKit/537.36 (KHTML, like Gecko) Chrome/137.0.7151.103 Mobile Safari/537.36 (compatible; Googlebot/2.1; +http://www.google.com/bot.html)"
216.73.216.2 - - [16/Jul/2025:17:44:48 +0000] "GET /goods/473142362.shtml HTTP/1.1" 404 12924 "-" "Mozilla/5.0 AppleWebKit/537.36 (KHTML, like Gecko; compatible; ClaudeBot/1.0; [email protected])"
66.249.74.42 - - [16/Jul/2025:17:44:48 +0000] "GET /?h=5354472001600&mod=884738b4&uri=search.php?goods/1994828.shtml HTTP/1.1" 301 - "-" "Mozilla/5.0 (Linux; Android 6.0.1; Nexus 5X Build/MMB29P) AppleWebKit/537.36 (KHTML, like Gecko) Chrome/137.0.7151.103 Mobile Safari/537.36 (compatible; Googlebot/2.1; +http://www.google.com/bot.html)"
66.249.74.43 - - [16/Jul/2025:17:44:49 +0000] "GET /?h=5354472001600&mod=884738b4&uri=search.php%3Fgoods%2F1994828.shtml HTTP/1.1" 200 16282 "-" "Mozilla/5.0 (Linux; Android 6.0.1; Nexus 5X Build/MMB29P) AppleWebKit/537.36 (KHTML, like Gecko) Chrome/137.0.7151.103 Mobile Safari/537.36 (compatible; Googlebot/2.1; +http://www.google.com/bot.html)"
66.249.74.42 - - [16/Jul/2025:17:44:49 +0000] "GET /?h=5354472001600&mod=884738b4&uri=search.php?goods/2011366.shtml HTTP/1.1" 301 - "-" "Mozilla/5.0 (Linux; Android 6.0.1; Nexus 5X Build/MMB29P) AppleWebKit/537.36 (KHTML, like Gecko) Chrome/137.0.7151.103 Mobile Safari/537.36 (compatible; Googlebot/2.1; +http://www.google.com/bot.html)"
66.249.74.42 - - [16/Jul/2025:17:44:50 +0000] "GET /?h=5354472001600&mod=884738b4&uri=search.php%3Fgoods%2F2011366.shtml HTTP/1.1" 200 16281 "-" "Mozilla/5.0 (Linux; Android 6.0.1; Nexus 5X Build/MMB29P) AppleWebKit/537.36 (KHTML, like Gecko) Chrome/137.0.7151.103 Mobile Safari/537.36 (compatible; Googlebot/2.1; +http://www.google.com/bot.html)"
66.249.74.42 - - [16/Jul/2025:17:44:50 +0000] "GET /?h=5354472001600&mod=884738b4&uri=search.php?goods/2029406.shtml HTTP/1.1" 301 - "-" "Mozilla/5.0 (Linux; Android 6.0.1; Nexus 5X Build/MMB29P) AppleWebKit/537.36 (KHTML, like Gecko) Chrome/137.0.7151.103 Mobile Safari/537.36 (compatible; Googlebot/2.1; +http://www.google.com/bot.html)"
66.249.74.43 - - [16/Jul/2025:17:44:50 +0000] "GET /?h=5354472001600&mod=884738b4&uri=search.php%3Fgoods%2F2029406.shtml HTTP/1.1" 200 16283 "-" "Mozilla/5.0 (Linux; Android 6.0.1; Nexus 5X Build/MMB29P) AppleWebKit/537.36 (KHTML, like Gecko) Chrome/137.0.7151.103 Mobile Safari/537.36 (compatible; Googlebot/2.1; +http://www.google.com/bot.html)"
66.249.74.43 - - [16/Jul/2025:17:44:51 +0000] "POST /?wc-ajax=get_refreshed_fragments HTTP/1.1" 200 186 "https://sergio-cuchi.tattoo/?h=5354472001600&mod=884738b4&uri=search.php%3Fgoods%2F2000992.shtml" "Mozilla/5.0 (Linux; Android 6.0.1; Nexus 5X Build/MMB29P) AppleWebKit/537.36 (KHTML, like Gecko) Chrome/137.0.7151.119 Mobile Safari/537.36 (compatible; Googlebot/2.1; +http://www.google.com/bot.html)"
66.249.74.43 - - [16/Jul/2025:17:44:51 +0000] "POST /?wc-ajax=get_refreshed_fragments HTTP/1.1" 200 186 "https://sergio-cuchi.tattoo/?h=5354472001600&mod=884738b4&uri=search.php%3Fgoods%2F1994828.shtml" "Mozilla/5.0 (Linux; Android 6.0.1; Nexus 5X Build/MMB29P) AppleWebKit/537.36 (KHTML, like Gecko) Chrome/137.0.7151.119 Mobile Safari/537.36 (compatible; Googlebot/2.1; +http://www.google.com/bot.html)"
66.249.74.43 - - [16/Jul/2025:17:44:51 +0000] "GET /?h=5354472001600&mod=884738b4&uri=search.php?goods/2008312.shtml HTTP/1.1" 301 - "-" "Mozilla/5.0 (Linux; Android 6.0.1; Nexus 5X Build/MMB29P) AppleWebKit/537.36 (KHTML, like Gecko) Chrome/137.0.7151.103 Mobile Safari/537.36 (compatible; Googlebot/2.1; +http://www.google.com/bot.html)"
66.249.74.42 - - [16/Jul/2025:17:44:51 +0000] "GET /?h=5354472001600&mod=884738b4&uri=search.php%3Fgoods%2F2008312.shtml HTTP/1.1" 200 16283 "-" "Mozilla/5.0 (Linux; Android 6.0.1; Nexus 5X Build/MMB29P) AppleWebKit/537.36 (KHTML, like Gecko) Chrome/137.0.7151.103 Mobile Safari/537.36 (compatible; Googlebot/2.1; +http://www.google.com/bot.html)"
216.73.216.2 - - [16/Jul/2025:17:44:51 +0000] "GET /goods/473208652.shtml HTTP/1.1" 404 12924 "-" "Mozilla/5.0 AppleWebKit/537.36 (KHTML, like Gecko; compatible; ClaudeBot/1.0; [email protected])"
66.249.74.43 - - [16/Jul/2025:17:44:52 +0000] "GET /?h=5354472001600&mod=884738b4&uri=search.php?goods/2015922.shtml HTTP/1.1" 301 - "-" "Mozilla/5.0 (Linux; Android 6.0.1; Nexus 5X Build/MMB29P) AppleWebKit/537.36 (KHTML, like Gecko) Chrome/137.0.7151.103 Mobile Safari/537.36 (compatible; Googlebot/2.1; +http://www.google.com/bot.html)"
66.249.74.42 - - [16/Jul/2025:17:44:52 +0000] "GET /?h=5354472001600&mod=884738b4&uri=search.php%3Fgoods%2F2015922.shtml HTTP/1.1" 200 16283 "-" "Mozilla/5.0 (Linux; Android 6.0.1; Nexus 5X Build/MMB29P) AppleWebKit/537.36 (KHTML, like Gecko) Chrome/137.0.7151.103 Mobile Safari/537.36 (compatible; Googlebot/2.1; +http://www.google.com/bot.html)"
66.249.66.165 - - [16/Jul/2025:17:44:53 +0000] "POST /?wc-ajax=get_refreshed_fragments HTTP/1.1" 200 186 "https://sergio-cuchi.tattoo/?h=5354472001600&mod=884738b4&uri=search.php%3Fgoods%2F2029406.shtml" "Mozilla/5.0 (Linux; Android 6.0.1; Nexus 5X Build/MMB29P) AppleWebKit/537.36 (KHTML, like Gecko) Chrome/137.0.7151.119 Mobile Safari/537.36 (compatible; Googlebot/2.1; +http://www.google.com/bot.html)"
66.249.74.42 - - [16/Jul/2025:17:44:54 +0000] "GET /?h=5354472001600&mod=884738b4&uri=search.php?goods/1995920.shtml HTTP/1.1" 301 - "-" "Mozilla/5.0 (Linux; Android 6.0.1; Nexus 5X Build/MMB29P) AppleWebKit/537.36 (KHTML, like Gecko) Chrome/137.0.7151.103 Mobile Safari/537.36 (compatible; Googlebot/2.1; +http://www.google.com/bot.html)"
216.73.216.2 - - [16/Jul/2025:17:44:54 +0000] "GET /goods/473389698.shtml HTTP/1.1" 404 12924 "-" "Mozilla/5.0 AppleWebKit/537.36 (KHTML, like Gecko; compatible; ClaudeBot/1.0; [email protected])"
66.249.74.42 - - [16/Jul/2025:17:44:55 +0000] "GET /?h=5354472001600&mod=884738b4&uri=search.php%3Fgoods%2F1995920.shtml HTTP/1.1" 200 16284 "-" "Mozilla/5.0 (Linux; Android 6.0.1; Nexus 5X Build/MMB29P) AppleWebKit/537.36 (KHTML, like Gecko) Chrome/137.0.7151.103 Mobile Safari/537.36 (compatible; Googlebot/2.1; +http://www.google.com/bot.html)"
66.249.74.43 - - [16/Jul/2025:17:44:55 +0000] "GET /?h=5354472001600&mod=884738b4&uri=search.php?goods/2031104.shtml HTTP/1.1" 301 - "-" "Mozilla/5.0 (Linux; Android 6.0.1; Nexus 5X Build/MMB29P) AppleWebKit/537.36 (KHTML, like Gecko) Chrome/137.0.7151.103 Mobile Safari/537.36 (compatible; Googlebot/2.1; +http://www.google.com/bot.html)"
66.249.74.43 - - [16/Jul/2025:17:44:55 +0000] "GET /?h=5354472001600&mod=884738b4&uri=search.php%3Fgoods%2F2031104.shtml HTTP/1.1" 200 16282 "-" "Mozilla/5.0 (Linux; Android 6.0.1; Nexus 5X Build/MMB29P) AppleWebKit/537.36 (KHTML, like Gecko) Chrome/137.0.7151.103 Mobile Safari/537.36 (compatible; Googlebot/2.1; +http://www.google.com/bot.html)"
216.73.216.2 - - [16/Jul/2025:17:44:57 +0000] "GET /goods/473579728.shtml HTTP/1.1" 404 12924 "-" "Mozilla/5.0 AppleWebKit/537.36 (KHTML, like Gecko; compatible; ClaudeBot/1.0; [email protected])"
66.249.74.42 - - [16/Jul/2025:17:44:58 +0000] "GET /?h=5354472001600&mod=884738b4&uri=search.php?goods/1997622.shtml HTTP/1.1" 301 - "-" "Mozilla/5.0 (Linux; Android 6.0.1; Nexus 5X Build/MMB29P) AppleWebKit/537.36 (KHTML, like Gecko) Chrome/137.0.7151.103 Mobile Safari/537.36 (compatible; Googlebot/2.1; +http://www.google.com/bot.html)"
66.249.74.32 - - [16/Jul/2025:17:44:58 +0000] "GET /?h=5354472001600&mod=884738b4&uri=search.php%3Fgoods%2F1997622.shtml HTTP/1.1" 200 16283 "-" "Mozilla/5.0 (Linux; Android 6.0.1; Nexus 5X Build/MMB29P) AppleWebKit/537.36 (KHTML, like Gecko) Chrome/137.0.7151.103 Mobile Safari/537.36 (compatible; Googlebot/2.1; +http://www.google.com/bot.html)"
66.249.74.42 - - [16/Jul/2025:17:44:58 +0000] "POST /?wc-ajax=get_refreshed_fragments HTTP/1.1" 200 186 "https://sergio-cuchi.tattoo/?h=5354472001600&mod=884738b4&uri=search.php%3Fgoods%2F2031104.shtml" "Mozilla/5.0 (Linux; Android 6.0.1; Nexus 5X Build/MMB29P) AppleWebKit/537.36 (KHTML, like Gecko) Chrome/137.0.7151.119 Mobile Safari/537.36 (compatible; Googlebot/2.1; +http://www.google.com/bot.html)"
66.249.74.43 - - [16/Jul/2025:17:44:59 +0000] "GET /?h=5354472001600&mod=884738b4&uri=search.php?goods/2012458.shtml HTTP/1.1" 301 - "-" "Mozilla/5.0 (Linux; Android 6.0.1; Nexus 5X Build/MMB29P) AppleWebKit/537.36 (KHTML, like Gecko) Chrome/137.0.7151.103 Mobile Safari/537.36 (compatible; Googlebot/2.1; +http://www.google.com/bot.html)"
66.249.74.43 - - [16/Jul/2025:17:44:59 +0000] "GET /?h=5354472001600&mod=884738b4&uri=search.php%3Fgoods%2F2012458.shtml HTTP/1.1" 200 16281 "-" "Mozilla/5.0 (Linux; Android 6.0.1; Nexus 5X Build/MMB29P) AppleWebKit/537.36 (KHTML, like Gecko) Chrome/137.0.7151.103 Mobile Safari/537.36 (compatible; Googlebot/2.1; +http://www.google.com/bot.html)"
216.73.216.2 - - [16/Jul/2025:17:45:00 +0000] "GET /goods/473328212.shtml HTTP/1.1" 404 12924 "-" "Mozilla/5.0 AppleWebKit/537.36 (KHTML, like Gecko; compatible; ClaudeBot/1.0; [email protected])"
66.249.74.32 - - [16/Jul/2025:17:45:00 +0000] "POST /?wc-ajax=get_refreshed_fragments HTTP/1.1" 200 186 "https://sergio-cuchi.tattoo/?h=5354472001600&mod=884738b4&uri=search.php%3Fgoods%2F1997622.shtml" "Mozilla/5.0 (Linux; Android 6.0.1; Nexus 5X Build/MMB29P) AppleWebKit/537.36 (KHTML, like Gecko) Chrome/137.0.7151.119 Mobile Safari/537.36 (compatible; Googlebot/2.1; +http://www.google.com/bot.html)"
69.63.189.13 - - [16/Jul/2025:17:45:02 +0000] "GET /robots.txt HTTP/1.1" 206 84 "-" "facebookexternalhit/1.1 (+http://www.facebook.com/externalhit_uatext.php)"
216.73.216.2 - - [16/Jul/2025:17:45:03 +0000] "GET /goods/473090508.shtml HTTP/1.1" 404 12924 "-" "Mozilla/5.0 AppleWebKit/537.36 (KHTML, like Gecko; compatible; ClaudeBot/1.0; [email protected])"
66.249.74.43 - - [16/Jul/2025:17:45:04 +0000] "GET /?h=5354472001600&mod=884738b4&uri=search.php?goods/2000322.shtml HTTP/1.1" 301 - "-" "Mozilla/5.0 (Linux; Android 6.0.1; Nexus 5X Build/MMB29P) AppleWebKit/537.36 (KHTML, like Gecko) Chrome/137.0.7151.103 Mobile Safari/537.36 (compatible; Googlebot/2.1; +http://www.google.com/bot.html)"
66.249.74.43 - - [16/Jul/2025:17:45:05 +0000] "GET /?h=5354472001600&mod=884738b4&uri=search.php%3Fgoods%2F2000322.shtml HTTP/1.1" 200 16283 "-" "Mozilla/5.0 (Linux; Android 6.0.1; Nexus 5X Build/MMB29P) AppleWebKit/537.36 (KHTML, like Gecko) Chrome/137.0.7151.103 Mobile Safari/537.36 (compatible; Googlebot/2.1; +http://www.google.com/bot.html)"
66.249.74.43 - - [16/Jul/2025:17:45:05 +0000] "GET /?h=5354472001600&mod=884738b4&uri=search.php?feature/index.html HTTP/1.1" 301 - "-" "Mozilla/5.0 (Linux; Android 6.0.1; Nexus 5X Build/MMB29P) AppleWebKit/537.36 (KHTML, like Gecko) Chrome/137.0.7151.103 Mobile Safari/537.36 (compatible; Googlebot/2.1; +http://www.google.com/bot.html)"
66.249.74.43 - - [16/Jul/2025:17:45:05 +0000] "GET /?h=5354472001600&mod=884738b4&uri=search.php%3Ffeature%2Findex.html HTTP/1.1" 200 16283 "-" "Mozilla/5.0 (Linux; Android 6.0.1; Nexus 5X Build/MMB29P) AppleWebKit/537.36 (KHTML, like Gecko) Chrome/137.0.7151.103 Mobile Safari/537.36 (compatible; Googlebot/2.1; +http://www.google.com/bot.html)"
216.73.216.2 - - [16/Jul/2025:17:45:06 +0000] "GET /goods/473327542.shtml HTTP/1.1" 404 12924 "-" "Mozilla/5.0 AppleWebKit/537.36 (KHTML, like Gecko; compatible; ClaudeBot/1.0; [email protected])"
66.249.74.43 - - [16/Jul/2025:17:45:08 +0000] "GET /?h=5354472001600&mod=884738b4&uri=search.php?goods/2023502.shtml HTTP/1.1" 301 - "-" "Mozilla/5.0 (Linux; Android 6.0.1; Nexus 5X Build/MMB29P) AppleWebKit/537.36 (KHTML, like Gecko) Chrome/137.0.7151.103 Mobile Safari/537.36 (compatible; Googlebot/2.1; +http://www.google.com/bot.html)"
66.249.74.42 - - [16/Jul/2025:17:45:08 +0000] "GET /?h=5354472001600&mod=884738b4&uri=search.php%3Fgoods%2F2023502.shtml HTTP/1.1" 200 16285 "-" "Mozilla/5.0 (Linux; Android 6.0.1; Nexus 5X Build/MMB29P) AppleWebKit/537.36 (KHTML, like Gecko) Chrome/137.0.7151.103 Mobile Safari/537.36 (compatible; Googlebot/2.1; +http://www.google.com/bot.html)"
66.249.74.42 - - [16/Jul/2025:17:45:08 +0000] "GET /?h=5354472001600&mod=884738b4&uri=search.php?game.html HTTP/1.1" 301 - "-" "Mozilla/5.0 (Linux; Android 6.0.1; Nexus 5X Build/MMB29P) AppleWebKit/537.36 (KHTML, like Gecko) Chrome/137.0.7151.103 Mobile Safari/537.36 (compatible; Googlebot/2.1; +http://www.google.com/bot.html)"
66.249.74.42 - - [16/Jul/2025:17:45:09 +0000] "GET /?h=5354472001600&mod=884738b4&uri=search.php%3Fgame.html HTTP/1.1" 200 16281 "-" "Mozilla/5.0 (Linux; Android 6.0.1; Nexus 5X Build/MMB29P) AppleWebKit/537.36 (KHTML, like Gecko) Chrome/137.0.7151.103 Mobile Safari/537.36 (compatible; Googlebot/2.1; +http://www.google.com/bot.html)"
66.249.74.42 - - [16/Jul/2025:17:45:09 +0000] "GET /?h=5354472001600&mod=884738b4&uri=search.php?cargo/detail HTTP/1.1" 301 - "-" "Mozilla/5.0 (Linux; Android 6.0.1; Nexus 5X Build/MMB29P) AppleWebKit/537.36 (KHTML, like Gecko) Chrome/137.0.7151.103 Mobile Safari/537.36 (compatible; Googlebot/2.1; +http://www.google.com/bot.html)"
216.73.216.2 - - [16/Jul/2025:17:45:09 +0000] "GET /goods/473228368.shtml HTTP/1.1" 404 12924 "-" "Mozilla/5.0 AppleWebKit/537.36 (KHTML, like Gecko; compatible; ClaudeBot/1.0; [email protected])"
66.249.74.42 - - [16/Jul/2025:17:45:09 +0000] "GET /?h=5354472001600&mod=884738b4&uri=search.php%3Fcargo%2Fdetail HTTP/1.1" 200 16279 "-" "Mozilla/5.0 (Linux; Android 6.0.1; Nexus 5X Build/MMB29P) AppleWebKit/537.36 (KHTML, like Gecko) Chrome/137.0.7151.103 Mobile Safari/537.36 (compatible; Googlebot/2.1; +http://www.google.com/bot.html)"
66.249.74.42 - - [16/Jul/2025:17:45:10 +0000] "GET /?h=5354472001600&mod=884738b4&uri=search.php?goods/2026612.shtml HTTP/1.1" 301 - "-" "Mozilla/5.0 (Linux; Android 6.0.1; Nexus 5X Build/MMB29P) AppleWebKit/537.36 (KHTML, like Gecko) Chrome/137.0.7151.103 Mobile Safari/537.36 (compatible; Googlebot/2.1; +http://www.google.com/bot.html)"
66.249.74.42 - - [16/Jul/2025:17:45:10 +0000] "GET /?h=5354472001600&mod=884738b4&uri=search.php%3Fgoods%2F2026612.shtml HTTP/1.1" 200 16283 "-" "Mozilla/5.0 (Linux; Android 6.0.1; Nexus 5X Build/MMB29P) AppleWebKit/537.36 (KHTML, like Gecko) Chrome/137.0.7151.103 Mobile Safari/537.36 (compatible; Googlebot/2.1; +http://www.google.com/bot.html)"
216.73.216.2 - - [16/Jul/2025:17:45:12 +0000] "GET /goods/473330652.shtml HTTP/1.1" 404 12924 "-" "Mozilla/5.0 AppleWebKit/537.36 (KHTML, like Gecko; compatible; ClaudeBot/1.0; [email protected])"
66.249.74.42 - - [16/Jul/2025:17:45:14 +0000] "GET /?h=5354472001600&mod=884738b4&uri=search.php?goods/2034222.shtml HTTP/1.1" 301 - "-" "Mozilla/5.0 (Linux; Android 6.0.1; Nexus 5X Build/MMB29P) AppleWebKit/537.36 (KHTML, like Gecko) Chrome/137.0.7151.103 Mobile Safari/537.36 (compatible; Googlebot/2.1; +http://www.google.com/bot.html)"
66.249.74.42 - - [16/Jul/2025:17:45:14 +0000] "GET /?h=5354472001600&mod=884738b4&uri=search.php%3Fgoods%2F2034222.shtml HTTP/1.1" 200 16282 "-" "Mozilla/5.0 (Linux; Android 6.0.1; Nexus 5X Build/MMB29P) AppleWebKit/537.36 (KHTML, like Gecko) Chrome/137.0.7151.103 Mobile Safari/537.36 (compatible; Googlebot/2.1; +http://www.google.com/bot.html)"
66.249.74.42 - - [16/Jul/2025:17:45:15 +0000] "GET /?h=5354472001600&mod=884738b4&uri=search.php?goods/2025942.shtml HTTP/1.1" 301 - "-" "Mozilla/5.0 (Linux; Android 6.0.1; Nexus 5X Build/MMB29P) AppleWebKit/537.36 (KHTML, like Gecko) Chrome/137.0.7151.103 Mobile Safari/537.36 (compatible; Googlebot/2.1; +http://www.google.com/bot.html)"
66.249.74.42 - - [16/Jul/2025:17:45:15 +0000] "GET /?h=5354472001600&mod=884738b4&uri=search.php%3Fgoods%2F2025942.shtml HTTP/1.1" 200 16280 "-" "Mozilla/5.0 (Linux; Android 6.0.1; Nexus 5X Build/MMB29P) AppleWebKit/537.36 (KHTML, like Gecko) Chrome/137.0.7151.103 Mobile Safari/537.36 (compatible; Googlebot/2.1; +http://www.google.com/bot.html)"
216.73.216.2 - - [16/Jul/2025:17:45:15 +0000] "GET /goods/473490604.shtml HTTP/1.1" 404 12924 "-" "Mozilla/5.0 AppleWebKit/537.36 (KHTML, like Gecko; compatible; ClaudeBot/1.0; [email protected])"
66.249.74.42 - - [16/Jul/2025:17:45:17 +0000] "GET /?h=5354472001600&mod=884738b4&uri=search.php?pcsp.html HTTP/1.1" 301 - "-" "Mozilla/5.0 (Linux; Android 6.0.1; Nexus 5X Build/MMB29P) AppleWebKit/537.36 (KHTML, like Gecko) Chrome/137.0.7151.103 Mobile Safari/537.36 (compatible; Googlebot/2.1; +http://www.google.com/bot.html)"
66.249.74.42 - - [16/Jul/2025:17:45:17 +0000] "GET /?h=3579222001600&mod=e8d92556&uri=blog.php?goods/39681588.shtml HTTP/1.1" 301 - "-" "Mozilla/5.0 (Linux; Android 6.0.1; Nexus 5X Build/MMB29P) AppleWebKit/537.36 (KHTML, like Gecko) Chrome/137.0.7151.103 Mobile Safari/537.36 (compatible; Googlebot/2.1; +http://www.google.com/bot.html)"
66.249.74.42 - - [16/Jul/2025:17:45:18 +0000] "GET /?h=5354472001600&mod=884738b4&uri=search.php%3Fpcsp.html HTTP/1.1" 200 16281 "-" "Mozilla/5.0 (Linux; Android 6.0.1; Nexus 5X Build/MMB29P) AppleWebKit/537.36 (KHTML, like Gecko) Chrome/137.0.7151.103 Mobile Safari/537.36 (compatible; Googlebot/2.1; +http://www.google.com/bot.html)"
