209.74.77.214 - - [16/Jul/2025:18:34:50 +0000] "POST /wp-cron.php?doing_wp_cron=1752690890.0649209022521972656250 HTTP/1.1" 200 - "-" "WordPress/6.8.2; https://sergio-cuchi.tattoo"
216.73.216.2 - - [16/Jul/2025:18:34:48 +0000] "GET /goods/473223488.shtml HTTP/1.1" 404 12924 "-" "Mozilla/5.0 AppleWebKit/537.36 (KHTML, like Gecko; compatible; ClaudeBot/1.0; [email protected])"
216.73.216.2 - - [16/Jul/2025:18:34:51 +0000] "GET /goods/473241852.shtml HTTP/1.1" 404 12924 "-" "Mozilla/5.0 AppleWebKit/537.36 (KHTML, like Gecko; compatible; ClaudeBot/1.0; [email protected])"
216.73.216.2 - - [16/Jul/2025:18:34:54 +0000] "GET /goods/473214816.shtml HTTP/1.1" 404 12924 "-" "Mozilla/5.0 AppleWebKit/537.36 (KHTML, like Gecko; compatible; ClaudeBot/1.0; [email protected])"
57.141.2.20 - - [16/Jul/2025:18:34:56 +0000] "GET /?h=1310556031600& HTTP/1.1" 301 - "-" "meta-externalagent/1.1 (+https://developers.facebook.com/docs/sharing/webmasters/crawler)"
216.73.216.2 - - [16/Jul/2025:18:34:57 +0000] "GET /goods/473140592.shtml HTTP/1.1" 404 12924 "-" "Mozilla/5.0 AppleWebKit/537.36 (KHTML, like Gecko; compatible; ClaudeBot/1.0; [email protected])"
216.73.216.2 - - [16/Jul/2025:18:35:00 +0000] "GET /goods/473504442.shtml HTTP/1.1" 404 12924 "-" "Mozilla/5.0 AppleWebKit/537.36 (KHTML, like Gecko; compatible; ClaudeBot/1.0; [email protected])"
57.141.2.21 - - [16/Jul/2025:18:35:01 +0000] "GET /?h=1310556031600 HTTP/1.1" 200 97956 "-" "meta-externalagent/1.1 (+https://developers.facebook.com/docs/sharing/webmasters/crawler)"
216.73.216.2 - - [16/Jul/2025:18:35:03 +0000] "GET /goods/473547944.shtml HTTP/1.1" 404 12924 "-" "Mozilla/5.0 AppleWebKit/537.36 (KHTML, like Gecko; compatible; ClaudeBot/1.0; [email protected])"
216.73.216.2 - - [16/Jul/2025:18:35:06 +0000] "GET /goods/473265646.shtml HTTP/1.1" 404 12924 "-" "Mozilla/5.0 AppleWebKit/537.36 (KHTML, like Gecko; compatible; ClaudeBot/1.0; [email protected])"
216.73.216.2 - - [16/Jul/2025:18:35:09 +0000] "GET /goods/473122646.shtml HTTP/1.1" 404 12924 "-" "Mozilla/5.0 AppleWebKit/537.36 (KHTML, like Gecko; compatible; ClaudeBot/1.0; [email protected])"
216.73.216.2 - - [16/Jul/2025:18:35:12 +0000] "GET /goods/473178638.shtml HTTP/1.1" 404 12924 "-" "Mozilla/5.0 AppleWebKit/537.36 (KHTML, like Gecko; compatible; ClaudeBot/1.0; [email protected])"
216.73.216.2 - - [16/Jul/2025:18:35:15 +0000] "GET /goods/473185540.shtml HTTP/1.1" 404 12924 "-" "Mozilla/5.0 AppleWebKit/537.36 (KHTML, like Gecko; compatible; ClaudeBot/1.0; [email protected])"
216.73.216.2 - - [16/Jul/2025:18:35:18 +0000] "GET /goods/473102998.shtml HTTP/1.1" 404 12924 "-" "Mozilla/5.0 AppleWebKit/537.36 (KHTML, like Gecko; compatible; ClaudeBot/1.0; [email protected])"
216.73.216.2 - - [16/Jul/2025:18:35:21 +0000] "GET /goods/473356208.shtml HTTP/1.1" 404 12924 "-" "Mozilla/5.0 AppleWebKit/537.36 (KHTML, like Gecko; compatible; ClaudeBot/1.0; [email protected])"
216.73.216.2 - - [16/Jul/2025:18:35:24 +0000] "GET /goods/473085022.shtml HTTP/1.1" 404 12924 "-" "Mozilla/5.0 AppleWebKit/537.36 (KHTML, like Gecko; compatible; ClaudeBot/1.0; [email protected])"
216.73.216.2 - - [16/Jul/2025:18:35:27 +0000] "GET /goods/473331266.shtml HTTP/1.1" 404 12924 "-" "Mozilla/5.0 AppleWebKit/537.36 (KHTML, like Gecko; compatible; ClaudeBot/1.0; [email protected])"
209.74.77.214 - - [16/Jul/2025:18:35:55 +0000] "POST /wp-cron.php?doing_wp_cron=1752690955.3447549343109130859375 HTTP/1.1" 200 - "-" "WordPress/6.8.2; https://sergio-cuchi.tattoo"
57.141.2.1 - - [16/Jul/2025:18:35:55 +0000] "GET /?h=108526835131600& HTTP/1.1" 301 - "-" "meta-externalagent/1.1 (+https://developers.facebook.com/docs/sharing/webmasters/crawler)"
216.73.216.2 - - [16/Jul/2025:18:36:17 +0000] "GET /goods/473174082.shtml HTTP/1.1" 404 12924 "-" "Mozilla/5.0 AppleWebKit/537.36 (KHTML, like Gecko; compatible; ClaudeBot/1.0; [email protected])"
216.73.216.2 - - [16/Jul/2025:18:36:20 +0000] "GET /goods/473158568.shtml HTTP/1.1" 404 12924 "-" "Mozilla/5.0 AppleWebKit/537.36 (KHTML, like Gecko; compatible; ClaudeBot/1.0; [email protected])"
216.73.216.2 - - [16/Jul/2025:18:36:23 +0000] "GET /goods/473415318.shtml HTTP/1.1" 404 12924 "-" "Mozilla/5.0 AppleWebKit/537.36 (KHTML, like Gecko; compatible; ClaudeBot/1.0; [email protected])"
216.73.216.2 - - [16/Jul/2025:18:36:26 +0000] "GET /goods/473352006.shtml HTTP/1.1" 404 12924 "-" "Mozilla/5.0 AppleWebKit/537.36 (KHTML, like Gecko; compatible; ClaudeBot/1.0; [email protected])"
216.73.216.2 - - [16/Jul/2025:18:36:29 +0000] "GET /goods/473116742.shtml HTTP/1.1" 404 12924 "-" "Mozilla/5.0 AppleWebKit/537.36 (KHTML, like Gecko; compatible; ClaudeBot/1.0; [email protected])"
216.73.216.2 - - [16/Jul/2025:18:36:32 +0000] "GET /goods/473563198.shtml HTTP/1.1" 404 12924 "-" "Mozilla/5.0 AppleWebKit/537.36 (KHTML, like Gecko; compatible; ClaudeBot/1.0; [email protected])"
216.73.216.2 - - [16/Jul/2025:18:36:35 +0000] "GET /goods/473202142.shtml HTTP/1.1" 404 12924 "-" "Mozilla/5.0 AppleWebKit/537.36 (KHTML, like Gecko; compatible; ClaudeBot/1.0; [email protected])"
216.73.216.2 - - [16/Jul/2025:18:36:38 +0000] "GET /goods/473252162.shtml HTTP/1.1" 404 12924 "-" "Mozilla/5.0 AppleWebKit/537.36 (KHTML, like Gecko; compatible; ClaudeBot/1.0; [email protected])"
216.73.216.2 - - [16/Jul/2025:18:36:41 +0000] "GET /goods/473154430.shtml HTTP/1.1" 404 12924 "-" "Mozilla/5.0 AppleWebKit/537.36 (KHTML, like Gecko; compatible; ClaudeBot/1.0; [email protected])"
216.73.216.2 - - [16/Jul/2025:18:36:44 +0000] "GET /goods/473069444.shtml HTTP/1.1" 404 12924 "-" "Mozilla/5.0 AppleWebKit/537.36 (KHTML, like Gecko; compatible; ClaudeBot/1.0; [email protected])"
209.74.77.214 - - [16/Jul/2025:18:36:47 +0000] "POST /wp-cron.php?doing_wp_cron=1752691007.5033268928527832031250 HTTP/1.1" 200 - "-" "WordPress/6.8.2; https://sergio-cuchi.tattoo"
216.73.216.2 - - [16/Jul/2025:18:36:47 +0000] "GET /goods/473489512.shtml HTTP/1.1" 404 12924 "-" "Mozilla/5.0 AppleWebKit/537.36 (KHTML, like Gecko; compatible; ClaudeBot/1.0; [email protected])"
216.73.216.2 - - [16/Jul/2025:18:36:50 +0000] "GET /goods/473588754.shtml HTTP/1.1" 404 12924 "-" "Mozilla/5.0 AppleWebKit/537.36 (KHTML, like Gecko; compatible; ClaudeBot/1.0; [email protected])"
216.73.216.2 - - [16/Jul/2025:18:36:53 +0000] "GET /goods/473594240.shtml HTTP/1.1" 404 12924 "-" "Mozilla/5.0 AppleWebKit/537.36 (KHTML, like Gecko; compatible; ClaudeBot/1.0; [email protected])"
216.73.216.2 - - [16/Jul/2025:18:36:56 +0000] "GET /goods/473219026.shtml HTTP/1.1" 404 12924 "-" "Mozilla/5.0 AppleWebKit/537.36 (KHTML, like Gecko; compatible; ClaudeBot/1.0; [email protected])"
57.141.2.10 - - [16/Jul/2025:18:37:00 +0000] "GET /?h=59440054011600& HTTP/1.1" 301 - "-" "meta-externalagent/1.1 (+https://developers.facebook.com/docs/sharing/webmasters/crawler)"
57.141.2.10 - - [16/Jul/2025:18:37:40 +0000] "GET /?h=46381205081600& HTTP/1.1" 301 - "-" "meta-externalagent/1.1 (+https://developers.facebook.com/docs/sharing/webmasters/crawler)"
209.74.77.214 - - [16/Jul/2025:18:37:46 +0000] "POST /wp-cron.php?doing_wp_cron=1752691066.6070919036865234375000 HTTP/1.1" 200 - "-" "WordPress/6.8.2; https://sergio-cuchi.tattoo"
57.141.2.23 - - [16/Jul/2025:18:37:46 +0000] "GET /?h=12076283081600& HTTP/1.1" 301 - "-" "meta-externalagent/1.1 (+https://developers.facebook.com/docs/sharing/webmasters/crawler)"
57.141.2.6 - - [16/Jul/2025:18:37:47 +0000] "GET /?h=29933075011600& HTTP/1.1" 301 - "-" "meta-externalagent/1.1 (+https://developers.facebook.com/docs/sharing/webmasters/crawler)"
57.141.2.9 - - [16/Jul/2025:18:37:50 +0000] "GET /?h=34336970051600& HTTP/1.1" 301 - "-" "meta-externalagent/1.1 (+https://developers.facebook.com/docs/sharing/webmasters/crawler)"
216.73.216.2 - - [16/Jul/2025:18:37:53 +0000] "GET /goods/473242206.shtml HTTP/1.1" 404 12924 "-" "Mozilla/5.0 AppleWebKit/537.36 (KHTML, like Gecko; compatible; ClaudeBot/1.0; [email protected])"
57.141.2.24 - - [16/Jul/2025:18:37:53 +0000] "GET /?h=34313150031600& HTTP/1.1" 301 - "-" "meta-externalagent/1.1 (+https://developers.facebook.com/docs/sharing/webmasters/crawler)"
216.73.216.2 - - [16/Jul/2025:18:37:56 +0000] "GET /goods/473050052.shtml HTTP/1.1" 404 12924 "-" "Mozilla/5.0 AppleWebKit/537.36 (KHTML, like Gecko; compatible; ClaudeBot/1.0; [email protected])"
57.141.2.5 - - [16/Jul/2025:18:37:57 +0000] "GET /?h=8941603071600& HTTP/1.1" 301 - "-" "meta-externalagent/1.1 (+https://developers.facebook.com/docs/sharing/webmasters/crawler)"
216.73.216.2 - - [16/Jul/2025:18:37:59 +0000] "GET /goods/473058724.shtml HTTP/1.1" 404 12924 "-" "Mozilla/5.0 AppleWebKit/537.36 (KHTML, like Gecko; compatible; ClaudeBot/1.0; [email protected])"
216.73.216.2 - - [16/Jul/2025:18:38:02 +0000] "GET /goods/473511698.shtml HTTP/1.1" 404 12924 "-" "Mozilla/5.0 AppleWebKit/537.36 (KHTML, like Gecko; compatible; ClaudeBot/1.0; [email protected])"
216.73.216.2 - - [16/Jul/2025:18:38:05 +0000] "GET /goods/473124062.shtml HTTP/1.1" 404 12924 "-" "Mozilla/5.0 AppleWebKit/537.36 (KHTML, like Gecko; compatible; ClaudeBot/1.0; [email protected])"
57.141.2.4 - - [16/Jul/2025:18:38:07 +0000] "GET /?h=111030576001600& HTTP/1.1" 301 - "-" "meta-externalagent/1.1 (+https://developers.facebook.com/docs/sharing/webmasters/crawler)"
216.73.216.2 - - [16/Jul/2025:18:38:08 +0000] "GET /goods/473565574.shtml HTTP/1.1" 404 12924 "-" "Mozilla/5.0 AppleWebKit/537.36 (KHTML, like Gecko; compatible; ClaudeBot/1.0; [email protected])"
216.73.216.2 - - [16/Jul/2025:18:38:11 +0000] "GET /goods/473184188.shtml HTTP/1.1" 404 12924 "-" "Mozilla/5.0 AppleWebKit/537.36 (KHTML, like Gecko; compatible; ClaudeBot/1.0; [email protected])"
216.73.216.2 - - [16/Jul/2025:18:38:14 +0000] "GET /goods/473118436.shtml HTTP/1.1" 404 12924 "-" "Mozilla/5.0 AppleWebKit/537.36 (KHTML, like Gecko; compatible; ClaudeBot/1.0; [email protected])"
216.73.216.2 - - [16/Jul/2025:18:38:17 +0000] "GET /goods/473403182.shtml HTTP/1.1" 404 12924 "-" "Mozilla/5.0 AppleWebKit/537.36 (KHTML, like Gecko; compatible; ClaudeBot/1.0; [email protected])"
216.73.216.2 - - [16/Jul/2025:18:38:20 +0000] "GET /goods/473128810.shtml HTTP/1.1" 404 12924 "-" "Mozilla/5.0 AppleWebKit/537.36 (KHTML, like Gecko; compatible; ClaudeBot/1.0; [email protected])"
66.249.74.43 - - [16/Jul/2025:18:38:22 +0000] "GET /?h=56120763051600&mod=233f1dd0&uri=us.php?goods/3308444.shtml HTTP/1.1" 301 - "-" "Mozilla/5.0 (Linux; Android 6.0.1; Nexus 5X Build/MMB29P) AppleWebKit/537.36 (KHTML, like Gecko) Chrome/137.0.7151.103 Mobile Safari/537.36 (compatible; Googlebot/2.1; +http://www.google.com/bot.html)"
66.249.74.42 - - [16/Jul/2025:18:38:23 +0000] "GET /?h=56120763051600&mod=233f1dd0&uri=us.php%3Fgoods%2F3308444.shtml HTTP/1.1" 200 16280 "-" "Mozilla/5.0 (Linux; Android 6.0.1; Nexus 5X Build/MMB29P) AppleWebKit/537.36 (KHTML, like Gecko) Chrome/137.0.7151.103 Mobile Safari/537.36 (compatible; Googlebot/2.1; +http://www.google.com/bot.html)"
216.73.216.2 - - [16/Jul/2025:18:38:23 +0000] "GET /goods/473575526.shtml HTTP/1.1" 404 12924 "-" "Mozilla/5.0 AppleWebKit/537.36 (KHTML, like Gecko; compatible; ClaudeBot/1.0; [email protected])"
216.73.216.2 - - [16/Jul/2025:18:38:26 +0000] "GET /goods/473590448.shtml HTTP/1.1" 404 12924 "-" "Mozilla/5.0 AppleWebKit/537.36 (KHTML, like Gecko; compatible; ClaudeBot/1.0; [email protected])"
216.73.216.2 - - [16/Jul/2025:18:38:29 +0000] "GET /goods/473084344.shtml HTTP/1.1" 404 12924 "-" "Mozilla/5.0 AppleWebKit/537.36 (KHTML, like Gecko; compatible; ClaudeBot/1.0; [email protected])"
216.73.216.2 - - [16/Jul/2025:18:38:32 +0000] "GET /goods/473525182.shtml HTTP/1.1" 404 12924 "-" "Mozilla/5.0 AppleWebKit/537.36 (KHTML, like Gecko; compatible; ClaudeBot/1.0; [email protected])"
209.74.77.214 - - [16/Jul/2025:18:39:21 +0000] "POST /wp-cron.php?doing_wp_cron=1752691161.6213910579681396484375 HTTP/1.1" 200 - "-" "WordPress/6.8.2; https://sergio-cuchi.tattoo"
216.73.216.2 - - [16/Jul/2025:18:39:19 +0000] "GET /goods/473504088.shtml HTTP/1.1" 404 12924 "-" "Mozilla/5.0 AppleWebKit/537.36 (KHTML, like Gecko; compatible; ClaudeBot/1.0; [email protected])"
216.73.216.2 - - [16/Jul/2025:18:39:22 +0000] "GET /goods/473541780.shtml HTTP/1.1" 404 12924 "-" "Mozilla/5.0 AppleWebKit/537.36 (KHTML, like Gecko; compatible; ClaudeBot/1.0; [email protected])"
216.73.216.2 - - [16/Jul/2025:18:39:25 +0000] "GET /goods/473053170.shtml HTTP/1.1" 404 12924 "-" "Mozilla/5.0 AppleWebKit/537.36 (KHTML, like Gecko; compatible; ClaudeBot/1.0; [email protected])"
216.73.216.2 - - [16/Jul/2025:18:39:28 +0000] "GET /goods/473167850.shtml HTTP/1.1" 404 12924 "-" "Mozilla/5.0 AppleWebKit/537.36 (KHTML, like Gecko; compatible; ClaudeBot/1.0; [email protected])"
216.73.216.2 - - [16/Jul/2025:18:39:31 +0000] "GET /goods/473152728.shtml HTTP/1.1" 404 12924 "-" "Mozilla/5.0 AppleWebKit/537.36 (KHTML, like Gecko; compatible; ClaudeBot/1.0; [email protected])"
216.73.216.2 - - [16/Jul/2025:18:39:34 +0000] "GET /goods/473279476.shtml HTTP/1.1" 404 12924 "-" "Mozilla/5.0 AppleWebKit/537.36 (KHTML, like Gecko; compatible; ClaudeBot/1.0; [email protected])"
216.73.216.2 - - [16/Jul/2025:18:39:37 +0000] "GET /goods/473542390.shtml HTTP/1.1" 404 12924 "-" "Mozilla/5.0 AppleWebKit/537.36 (KHTML, like Gecko; compatible; ClaudeBot/1.0; [email protected])"
216.73.216.2 - - [16/Jul/2025:18:39:40 +0000] "GET /goods/473186150.shtml HTTP/1.1" 404 12924 "-" "Mozilla/5.0 AppleWebKit/537.36 (KHTML, like Gecko; compatible; ClaudeBot/1.0; [email protected])"
216.73.216.2 - - [16/Jul/2025:18:39:43 +0000] "GET /goods/473484440.shtml HTTP/1.1" 404 12924 "-" "Mozilla/5.0 AppleWebKit/537.36 (KHTML, like Gecko; compatible; ClaudeBot/1.0; [email protected])"
57.141.2.10 - - [16/Jul/2025:18:39:44 +0000] "GET /?h=24138304081600& HTTP/1.1" 301 - "-" "meta-externalagent/1.1 (+https://developers.facebook.com/docs/sharing/webmasters/crawler)"
209.74.77.214 - - [16/Jul/2025:18:39:46 +0000] "POST /wp-cron.php?doing_wp_cron=1752691186.5456988811492919921875 HTTP/1.1" 200 - "-" "WordPress/6.8.2; https://sergio-cuchi.tattoo"
216.73.216.2 - - [16/Jul/2025:18:39:46 +0000] "GET /goods/473205542.shtml HTTP/1.1" 404 12924 "-" "Mozilla/5.0 AppleWebKit/537.36 (KHTML, like Gecko; compatible; ClaudeBot/1.0; [email protected])"
57.141.2.17 - - [16/Jul/2025:18:39:47 +0000] "GET /?h=30048300011600& HTTP/1.1" 301 - "-" "meta-externalagent/1.1 (+https://developers.facebook.com/docs/sharing/webmasters/crawler)"
216.73.216.2 - - [16/Jul/2025:18:39:49 +0000] "GET /goods/473063604.shtml HTTP/1.1" 404 12924 "-" "Mozilla/5.0 AppleWebKit/537.36 (KHTML, like Gecko; compatible; ClaudeBot/1.0; [email protected])"
57.141.2.22 - - [16/Jul/2025:18:39:49 +0000] "GET /?h=98869290031600& HTTP/1.1" 301 - "-" "meta-externalagent/1.1 (+https://developers.facebook.com/docs/sharing/webmasters/crawler)"
216.73.216.2 - - [16/Jul/2025:18:39:52 +0000] "GET /goods/473587338.shtml HTTP/1.1" 404 12924 "-" "Mozilla/5.0 AppleWebKit/537.36 (KHTML, like Gecko; compatible; ClaudeBot/1.0; [email protected])"
57.141.2.8 - - [16/Jul/2025:18:39:54 +0000] "GET /?h=52815088011600& HTTP/1.1" 301 - "-" "meta-externalagent/1.1 (+https://developers.facebook.com/docs/sharing/webmasters/crawler)"
216.73.216.2 - - [16/Jul/2025:18:39:55 +0000] "GET /goods/473177192.shtml HTTP/1.1" 404 12924 "-" "Mozilla/5.0 AppleWebKit/537.36 (KHTML, like Gecko; compatible; ClaudeBot/1.0; [email protected])"
216.73.216.2 - - [16/Jul/2025:18:39:58 +0000] "GET /goods/473112272.shtml HTTP/1.1" 404 12924 "-" "Mozilla/5.0 AppleWebKit/537.36 (KHTML, like Gecko; compatible; ClaudeBot/1.0; [email protected])"
57.141.2.21 - - [16/Jul/2025:18:40:09 +0000] "GET /?h=92577472011600& HTTP/1.1" 301 - "-" "meta-externalagent/1.1 (+https://developers.facebook.com/docs/sharing/webmasters/crawler)"
57.141.2.12 - - [16/Jul/2025:18:40:11 +0000] "GET /?h=111785559051600& HTTP/1.1" 301 - "-" "meta-externalagent/1.1 (+https://developers.facebook.com/docs/sharing/webmasters/crawler)"
57.141.2.11 - - [16/Jul/2025:18:40:13 +0000] "GET /?h=117731971091600& HTTP/1.1" 301 - "-" "meta-externalagent/1.1 (+https://developers.facebook.com/docs/sharing/webmasters/crawler)"
57.141.2.29 - - [16/Jul/2025:18:40:25 +0000] "GET /?h=117731971091600 HTTP/1.1" 200 97956 "-" "meta-externalagent/1.1 (+https://developers.facebook.com/docs/sharing/webmasters/crawler)"
57.141.2.10 - - [16/Jul/2025:18:40:26 +0000] "GET /?h=111785559051600 HTTP/1.1" 200 97956 "-" "meta-externalagent/1.1 (+https://developers.facebook.com/docs/sharing/webmasters/crawler)"
57.141.2.4 - - [16/Jul/2025:18:40:37 +0000] "GET /?h=66443676011600& HTTP/1.1" 301 - "-" "meta-externalagent/1.1 (+https://developers.facebook.com/docs/sharing/webmasters/crawler)"
66.249.74.43 - - [16/Jul/2025:18:40:40 +0000] "GET /?h=111917809011600&mod=e22dd5da&uri=shop.php?goods/2005202.shtml HTTP/1.1" 301 - "-" "Mozilla/5.0 (Linux; Android 6.0.1; Nexus 5X Build/MMB29P) AppleWebKit/537.36 (KHTML, like Gecko) Chrome/137.0.7151.103 Mobile Safari/537.36 (compatible; Googlebot/2.1; +http://www.google.com/bot.html)"
66.249.74.32 - - [16/Jul/2025:18:40:40 +0000] "GET /?h=111917809011600&mod=e22dd5da&uri=shop.php%3Fgoods%2F2005202.shtml HTTP/1.1" 200 16282 "-" "Mozilla/5.0 (Linux; Android 6.0.1; Nexus 5X Build/MMB29P) AppleWebKit/537.36 (KHTML, like Gecko) Chrome/137.0.7151.103 Mobile Safari/537.36 (compatible; Googlebot/2.1; +http://www.google.com/bot.html)"
209.74.77.214 - - [16/Jul/2025:18:40:48 +0000] "POST /wp-cron.php?doing_wp_cron=1752691248.3146309852600097656250 HTTP/1.1" 200 - "-" "WordPress/6.8.2; https://sergio-cuchi.tattoo"
57.141.2.26 - - [16/Jul/2025:18:40:48 +0000] "GET /?h=15731575011600& HTTP/1.1" 301 - "-" "meta-externalagent/1.1 (+https://developers.facebook.com/docs/sharing/webmasters/crawler)"
57.141.2.22 - - [16/Jul/2025:18:40:53 +0000] "GET /?h=66443676011600 HTTP/1.1" 200 97953 "-" "meta-externalagent/1.1 (+https://developers.facebook.com/docs/sharing/webmasters/crawler)"
57.141.2.13 - - [16/Jul/2025:18:40:53 +0000] "GET /?h=15731575011600 HTTP/1.1" 200 97956 "-" "meta-externalagent/1.1 (+https://developers.facebook.com/docs/sharing/webmasters/crawler)"
216.73.216.2 - - [16/Jul/2025:18:41:00 +0000] "GET /goods/473175776.shtml HTTP/1.1" 404 12924 "-" "Mozilla/5.0 AppleWebKit/537.36 (KHTML, like Gecko; compatible; ClaudeBot/1.0; [email protected])"
216.73.216.2 - - [16/Jul/2025:18:41:03 +0000] "GET /goods/473402828.shtml HTTP/1.1" 404 12924 "-" "Mozilla/5.0 AppleWebKit/537.36 (KHTML, like Gecko; compatible; ClaudeBot/1.0; [email protected])"
216.73.216.2 - - [16/Jul/2025:18:41:06 +0000] "GET /goods/473107392.shtml HTTP/1.1" 404 12924 "-" "Mozilla/5.0 AppleWebKit/537.36 (KHTML, like Gecko; compatible; ClaudeBot/1.0; [email protected])"
216.73.216.2 - - [16/Jul/2025:18:41:09 +0000] "GET /goods/473220788.shtml HTTP/1.1" 404 12924 "-" "Mozilla/5.0 AppleWebKit/537.36 (KHTML, like Gecko; compatible; ClaudeBot/1.0; [email protected])"
216.73.216.2 - - [16/Jul/2025:18:41:12 +0000] "GET /goods/473575202.shtml HTTP/1.1" 404 12924 "-" "Mozilla/5.0 AppleWebKit/537.36 (KHTML, like Gecko; compatible; ClaudeBot/1.0; [email protected])"
216.73.216.2 - - [16/Jul/2025:18:41:15 +0000] "GET /goods/473457468.shtml HTTP/1.1" 404 12924 "-" "Mozilla/5.0 AppleWebKit/537.36 (KHTML, like Gecko; compatible; ClaudeBot/1.0; [email protected])"
216.73.216.2 - - [16/Jul/2025:18:41:18 +0000] "GET /goods/473152404.shtml HTTP/1.1" 404 12924 "-" "Mozilla/5.0 AppleWebKit/537.36 (KHTML, like Gecko; compatible; ClaudeBot/1.0; [email protected])"
216.73.216.2 - - [16/Jul/2025:18:41:21 +0000] "GET /goods/473317168.shtml HTTP/1.1" 404 12924 "-" "Mozilla/5.0 AppleWebKit/537.36 (KHTML, like Gecko; compatible; ClaudeBot/1.0; [email protected])"
216.73.216.2 - - [16/Jul/2025:18:41:24 +0000] "GET /goods/473443638.shtml HTTP/1.1" 404 12924 "-" "Mozilla/5.0 AppleWebKit/537.36 (KHTML, like Gecko; compatible; ClaudeBot/1.0; [email protected])"
57.141.2.6 - - [16/Jul/2025:18:41:25 +0000] "GET /?h=10068210001600& HTTP/1.1" 301 - "-" "meta-externalagent/1.1 (+https://developers.facebook.com/docs/sharing/webmasters/crawler)"
216.73.216.2 - - [16/Jul/2025:18:41:27 +0000] "GET /goods/473257042.shtml HTTP/1.1" 404 12924 "-" "Mozilla/5.0 AppleWebKit/537.36 (KHTML, like Gecko; compatible; ClaudeBot/1.0; [email protected])"
216.73.216.2 - - [16/Jul/2025:18:41:30 +0000] "GET /goods/473402090.shtml HTTP/1.1" 404 12924 "-" "Mozilla/5.0 AppleWebKit/537.36 (KHTML, like Gecko; compatible; ClaudeBot/1.0; [email protected])"
216.73.216.2 - - [16/Jul/2025:18:41:33 +0000] "GET /goods/473253924.shtml HTTP/1.1" 404 12924 "-" "Mozilla/5.0 AppleWebKit/537.36 (KHTML, like Gecko; compatible; ClaudeBot/1.0; [email protected])"
57.141.2.14 - - [16/Jul/2025:18:41:36 +0000] "GET /?h=84844510061600& HTTP/1.1" 301 - "-" "meta-externalagent/1.1 (+https://developers.facebook.com/docs/sharing/webmasters/crawler)"
216.73.216.2 - - [16/Jul/2025:18:41:36 +0000] "GET /goods/473536162.shtml HTTP/1.1" 404 12924 "-" "Mozilla/5.0 AppleWebKit/537.36 (KHTML, like Gecko; compatible; ClaudeBot/1.0; [email protected])"
216.73.216.2 - - [16/Jul/2025:18:41:39 +0000] "GET /goods/473507488.shtml HTTP/1.1" 404 12924 "-" "Mozilla/5.0 AppleWebKit/537.36 (KHTML, like Gecko; compatible; ClaudeBot/1.0; [email protected])"
57.141.2.24 - - [16/Jul/2025:18:41:45 +0000] "GET /?h=4722061101600& HTTP/1.1" 301 - "-" "meta-externalagent/1.1 (+https://developers.facebook.com/docs/sharing/webmasters/crawler)"
209.74.77.214 - - [16/Jul/2025:18:41:53 +0000] "POST /wp-cron.php?doing_wp_cron=1752691313.7888948917388916015625 HTTP/1.1" 200 - "-" "WordPress/6.8.2; https://sergio-cuchi.tattoo"
57.141.2.7 - - [16/Jul/2025:18:41:53 +0000] "GET /?h=84844510061600 HTTP/1.1" 200 97953 "-" "meta-externalagent/1.1 (+https://developers.facebook.com/docs/sharing/webmasters/crawler)"
209.74.77.214 - - [16/Jul/2025:18:42:23 +0000] "POST /wp-cron.php?doing_wp_cron=1752691343.2269361019134521484375 HTTP/1.1" 200 - "-" "WordPress/6.8.2; https://sergio-cuchi.tattoo"
57.141.2.7 - - [16/Jul/2025:18:42:23 +0000] "GET /?h=16781990021600& HTTP/1.1" 301 - "-" "meta-externalagent/1.1 (+https://developers.facebook.com/docs/sharing/webmasters/crawler)"
57.141.2.6 - - [16/Jul/2025:18:42:26 +0000] "GET /?h=102963951011600& HTTP/1.1" 301 - "-" "meta-externalagent/1.1 (+https://developers.facebook.com/docs/sharing/webmasters/crawler)"
57.141.2.8 - - [16/Jul/2025:18:42:34 +0000] "GET /?h=16781990021600 HTTP/1.1" 200 97957 "-" "meta-externalagent/1.1 (+https://developers.facebook.com/docs/sharing/webmasters/crawler)"
216.73.216.2 - - [16/Jul/2025:18:42:35 +0000] "GET /goods/473175174.shtml HTTP/1.1" 404 12924 "-" "Mozilla/5.0 AppleWebKit/537.36 (KHTML, like Gecko; compatible; ClaudeBot/1.0; [email protected])"
209.74.77.214 - - [16/Jul/2025:18:42:38 +0000] "POST /wp-cron.php?doing_wp_cron=1752691358.5520908832550048828125 HTTP/1.1" 200 - "-" "WordPress/6.8.2; https://sergio-cuchi.tattoo"
216.73.216.2 - - [16/Jul/2025:18:42:38 +0000] "GET /goods/473549292.shtml HTTP/1.1" 404 12924 "-" "Mozilla/5.0 AppleWebKit/537.36 (KHTML, like Gecko; compatible; ClaudeBot/1.0; [email protected])"
57.141.2.30 - - [16/Jul/2025:18:42:40 +0000] "GET /?h=19221067011600& HTTP/1.1" 301 - "-" "meta-externalagent/1.1 (+https://developers.facebook.com/docs/sharing/webmasters/crawler)"
216.73.216.2 - - [16/Jul/2025:18:42:41 +0000] "GET /goods/473406292.shtml HTTP/1.1" 404 12924 "-" "Mozilla/5.0 AppleWebKit/537.36 (KHTML, like Gecko; compatible; ClaudeBot/1.0; [email protected])"
216.73.216.2 - - [16/Jul/2025:18:42:44 +0000] "GET /goods/473165410.shtml HTTP/1.1" 404 12924 "-" "Mozilla/5.0 AppleWebKit/537.36 (KHTML, like Gecko; compatible; ClaudeBot/1.0; [email protected])"
209.74.77.214 - - [16/Jul/2025:18:42:47 +0000] "POST /wp-cron.php?doing_wp_cron=1752691367.5483620166778564453125 HTTP/1.1" 200 - "-" "WordPress/6.8.2; https://sergio-cuchi.tattoo"
216.73.216.2 - - [16/Jul/2025:18:42:47 +0000] "GET /goods/473133012.shtml HTTP/1.1" 404 12924 "-" "Mozilla/5.0 AppleWebKit/537.36 (KHTML, like Gecko; compatible; ClaudeBot/1.0; [email protected])"
57.141.2.13 - - [16/Jul/2025:18:42:48 +0000] "GET /?h=6238522051600& HTTP/1.1" 301 - "-" "meta-externalagent/1.1 (+https://developers.facebook.com/docs/sharing/webmasters/crawler)"
66.249.74.43 - - [16/Jul/2025:18:42:50 +0000] "GET /?h=5200819131600&mod=570f6ff5&uri=itm.php?goods/1993412.shtml HTTP/1.1" 301 - "-" "Mozilla/5.0 (Linux; Android 6.0.1; Nexus 5X Build/MMB29P) AppleWebKit/537.36 (KHTML, like Gecko) Chrome/137.0.7151.103 Mobile Safari/537.36 (compatible; Googlebot/2.1; +http://www.google.com/bot.html)"
66.249.74.32 - - [16/Jul/2025:18:42:50 +0000] "GET /?h=5200819131600&mod=570f6ff5&uri=itm.php%3Fgoods%2F1993412.shtml HTTP/1.1" 200 16281 "-" "Mozilla/5.0 (Linux; Android 6.0.1; Nexus 5X Build/MMB29P) AppleWebKit/537.36 (KHTML, like Gecko) Chrome/137.0.7151.103 Mobile Safari/537.36 (compatible; Googlebot/2.1; +http://www.google.com/bot.html)"
216.73.216.2 - - [16/Jul/2025:18:42:50 +0000] "GET /goods/473361024.shtml HTTP/1.1" 404 12924 "-" "Mozilla/5.0 AppleWebKit/537.36 (KHTML, like Gecko; compatible; ClaudeBot/1.0; [email protected])"
66.249.74.42 - - [16/Jul/2025:18:42:51 +0000] "GET /?h=5200819131600&mod=570f6ff5&uri=itm.php?toreka/goods_menu.html HTTP/1.1" 301 - "-" "Mozilla/5.0 (Linux; Android 6.0.1; Nexus 5X Build/MMB29P) AppleWebKit/537.36 (KHTML, like Gecko) Chrome/137.0.7151.103 Mobile Safari/537.36 (compatible; Googlebot/2.1; +http://www.google.com/bot.html)"
66.249.74.32 - - [16/Jul/2025:18:42:52 +0000] "GET /?h=5200819131600&mod=570f6ff5&uri=itm.php%3Ftoreka%2Fgoods_menu.html HTTP/1.1" 200 16279 "-" "Mozilla/5.0 (Linux; Android 6.0.1; Nexus 5X Build/MMB29P) AppleWebKit/537.36 (KHTML, like Gecko) Chrome/137.0.7151.103 Mobile Safari/537.36 (compatible; Googlebot/2.1; +http://www.google.com/bot.html)"
57.141.2.30 - - [16/Jul/2025:18:42:52 +0000] "GET /?h=30707821031600& HTTP/1.1" 301 - "-" "meta-externalagent/1.1 (+https://developers.facebook.com/docs/sharing/webmasters/crawler)"
216.73.216.2 - - [16/Jul/2025:18:42:53 +0000] "GET /goods/473114780.shtml HTTP/1.1" 404 12924 "-" "Mozilla/5.0 AppleWebKit/537.36 (KHTML, like Gecko; compatible; ClaudeBot/1.0; [email protected])"
66.249.74.42 - - [16/Jul/2025:18:42:54 +0000] "GET /?h=5200819131600&mod=570f6ff5&uri=itm.php?goods/2012804.shtml HTTP/1.1" 301 - "-" "Mozilla/5.0 (Linux; Android 6.0.1; Nexus 5X Build/MMB29P) AppleWebKit/537.36 (KHTML, like Gecko) Chrome/137.0.7151.103 Mobile Safari/537.36 (compatible; Googlebot/2.1; +http://www.google.com/bot.html)"
57.141.2.17 - - [16/Jul/2025:18:42:55 +0000] "GET /?h=64350452081600& HTTP/1.1" 301 - "-" "meta-externalagent/1.1 (+https://developers.facebook.com/docs/sharing/webmasters/crawler)"
66.249.74.43 - - [16/Jul/2025:18:42:55 +0000] "GET /?h=5200819131600&mod=570f6ff5&uri=itm.php%3Fgoods%2F2012804.shtml HTTP/1.1" 200 16282 "-" "Mozilla/5.0 (Linux; Android 6.0.1; Nexus 5X Build/MMB29P) AppleWebKit/537.36 (KHTML, like Gecko) Chrome/137.0.7151.103 Mobile Safari/537.36 (compatible; Googlebot/2.1; +http://www.google.com/bot.html)"
66.249.74.43 - - [16/Jul/2025:18:42:55 +0000] "POST /?wc-ajax=get_refreshed_fragments HTTP/1.1" 200 186 "https://sergio-cuchi.tattoo/?h=5200819131600&mod=570f6ff5&uri=itm.php%3Fgoods%2F1993412.shtml" "Mozilla/5.0 (Linux; Android 6.0.1; Nexus 5X Build/MMB29P) AppleWebKit/537.36 (KHTML, like Gecko) Chrome/137.0.7151.119 Mobile Safari/537.36 (compatible; Googlebot/2.1; +http://www.google.com/bot.html)"
66.249.74.43 - - [16/Jul/2025:18:42:55 +0000] "GET /?h=5200819131600&mod=570f6ff5&uri=itm.php?goods/2002438.shtml HTTP/1.1" 301 - "-" "Mozilla/5.0 (Linux; Android 6.0.1; Nexus 5X Build/MMB29P) AppleWebKit/537.36 (KHTML, like Gecko) Chrome/137.0.7151.103 Mobile Safari/537.36 (compatible; Googlebot/2.1; +http://www.google.com/bot.html)"
66.249.74.42 - - [16/Jul/2025:18:42:56 +0000] "GET /?h=5200819131600&mod=570f6ff5&uri=itm.php%3Fgoods%2F2002438.shtml HTTP/1.1" 200 16280 "-" "Mozilla/5.0 (Linux; Android 6.0.1; Nexus 5X Build/MMB29P) AppleWebKit/537.36 (KHTML, like Gecko) Chrome/137.0.7151.103 Mobile Safari/537.36 (compatible; Googlebot/2.1; +http://www.google.com/bot.html)"
216.73.216.2 - - [16/Jul/2025:18:42:56 +0000] "GET /goods/473184802.shtml HTTP/1.1" 404 12924 "-" "Mozilla/5.0 AppleWebKit/537.36 (KHTML, like Gecko; compatible; ClaudeBot/1.0; [email protected])"
57.141.2.17 - - [16/Jul/2025:18:42:56 +0000] "GET /?h=104282634131600& HTTP/1.1" 301 - "-" "meta-externalagent/1.1 (+https://developers.facebook.com/docs/sharing/webmasters/crawler)"
66.249.74.43 - - [16/Jul/2025:18:42:57 +0000] "GET /?h=5200819131600&mod=570f6ff5&uri=itm.php?oreka/plamodel_menu.html HTTP/1.1" 301 - "-" "Mozilla/5.0 (Linux; Android 6.0.1; Nexus 5X Build/MMB29P) AppleWebKit/537.36 (KHTML, like Gecko) Chrome/137.0.7151.103 Mobile Safari/537.36 (compatible; Googlebot/2.1; +http://www.google.com/bot.html)"
66.249.74.43 - - [16/Jul/2025:18:42:57 +0000] "GET /?h=5200819131600&mod=570f6ff5&uri=itm.php%3Foreka%2Fplamodel_menu.html HTTP/1.1" 200 16283 "-" "Mozilla/5.0 (Linux; Android 6.0.1; Nexus 5X Build/MMB29P) AppleWebKit/537.36 (KHTML, like Gecko) Chrome/137.0.7151.103 Mobile Safari/537.36 (compatible; Googlebot/2.1; +http://www.google.com/bot.html)"
66.249.74.43 - - [16/Jul/2025:18:42:57 +0000] "POST /?wc-ajax=get_refreshed_fragments HTTP/1.1" 200 186 "https://sergio-cuchi.tattoo/?h=5200819131600&mod=570f6ff5&uri=itm.php%3Fgoods%2F2002438.shtml" "Mozilla/5.0 (Linux; Android 6.0.1; Nexus 5X Build/MMB29P) AppleWebKit/537.36 (KHTML, like Gecko) Chrome/137.0.7151.119 Mobile Safari/537.36 (compatible; Googlebot/2.1; +http://www.google.com/bot.html)"
66.249.74.43 - - [16/Jul/2025:18:42:58 +0000] "GET /?h=5200819131600&mod=570f6ff5&uri=itm.php?goods/2000992.shtml HTTP/1.1" 301 - "-" "Mozilla/5.0 (Linux; Android 6.0.1; Nexus 5X Build/MMB29P) AppleWebKit/537.36 (KHTML, like Gecko) Chrome/137.0.7151.103 Mobile Safari/537.36 (compatible; Googlebot/2.1; +http://www.google.com/bot.html)"
66.249.74.43 - - [16/Jul/2025:18:42:58 +0000] "GET /?h=5200819131600&mod=570f6ff5&uri=itm.php%3Fgoods%2F2000992.shtml HTTP/1.1" 200 16280 "-" "Mozilla/5.0 (Linux; Android 6.0.1; Nexus 5X Build/MMB29P) AppleWebKit/537.36 (KHTML, like Gecko) Chrome/137.0.7151.103 Mobile Safari/537.36 (compatible; Googlebot/2.1; +http://www.google.com/bot.html)"
66.249.74.42 - - [16/Jul/2025:18:42:58 +0000] "GET /?h=114319090041600&mod=1b7bb176&uri=info.php?goods/3237876.shtml HTTP/1.1" 301 - "-" "Mozilla/5.0 (Linux; Android 6.0.1; Nexus 5X Build/MMB29P) AppleWebKit/537.36 (KHTML, like Gecko) Chrome/137.0.7151.103 Mobile Safari/537.36 (compatible; Googlebot/2.1; +http://www.google.com/bot.html)"
66.249.74.42 - - [16/Jul/2025:18:42:59 +0000] "GET /?h=114319090041600&mod=1b7bb176&uri=info.php%3Fgoods%2F3237876.shtml HTTP/1.1" 200 16283 "-" "Mozilla/5.0 (Linux; Android 6.0.1; Nexus 5X Build/MMB29P) AppleWebKit/537.36 (KHTML, like Gecko) Chrome/137.0.7151.103 Mobile Safari/537.36 (compatible; Googlebot/2.1; +http://www.google.com/bot.html)"
216.73.216.2 - - [16/Jul/2025:18:42:59 +0000] "GET /goods/473571802.shtml HTTP/1.1" 404 12924 "-" "Mozilla/5.0 AppleWebKit/537.36 (KHTML, like Gecko; compatible; ClaudeBot/1.0; [email protected])"
66.249.74.42 - - [16/Jul/2025:18:43:00 +0000] "GET /?h=5200819131600&mod=570f6ff5&uri=itm.php?pcsp.html HTTP/1.1" 301 - "-" "Mozilla/5.0 (Linux; Android 6.0.1; Nexus 5X Build/MMB29P) AppleWebKit/537.36 (KHTML, like Gecko) Chrome/137.0.7151.103 Mobile Safari/537.36 (compatible; Googlebot/2.1; +http://www.google.com/bot.html)"
66.249.74.42 - - [16/Jul/2025:18:43:01 +0000] "GET /?h=5200819131600&mod=570f6ff5&uri=itm.php%3Fpcsp.html HTTP/1.1" 200 16283 "-" "Mozilla/5.0 (Linux; Android 6.0.1; Nexus 5X Build/MMB29P) AppleWebKit/537.36 (KHTML, like Gecko) Chrome/137.0.7151.103 Mobile Safari/537.36 (compatible; Googlebot/2.1; +http://www.google.com/bot.html)"
66.249.74.42 - - [16/Jul/2025:18:43:01 +0000] "GET /?h=5200819131600&mod=570f6ff5&uri=itm.php?goods/2015922.shtml HTTP/1.1" 301 - "-" "Mozilla/5.0 (Linux; Android 6.0.1; Nexus 5X Build/MMB29P) AppleWebKit/537.36 (KHTML, like Gecko) Chrome/137.0.7151.103 Mobile Safari/537.36 (compatible; Googlebot/2.1; +http://www.google.com/bot.html)"
66.249.74.42 - - [16/Jul/2025:18:43:02 +0000] "GET /?h=5200819131600&mod=570f6ff5&uri=itm.php%3Fgoods%2F2015922.shtml HTTP/1.1" 200 16284 "-" "Mozilla/5.0 (Linux; Android 6.0.1; Nexus 5X Build/MMB29P) AppleWebKit/537.36 (KHTML, like Gecko) Chrome/137.0.7151.103 Mobile Safari/537.36 (compatible; Googlebot/2.1; +http://www.google.com/bot.html)"
216.73.216.2 - - [16/Jul/2025:18:43:02 +0000] "GET /goods/473172120.shtml HTTP/1.1" 404 12924 "-" "Mozilla/5.0 AppleWebKit/537.36 (KHTML, like Gecko; compatible; ClaudeBot/1.0; [email protected])"
57.141.2.27 - - [16/Jul/2025:18:43:03 +0000] "GET /?h=104282634131600 HTTP/1.1" 200 97942 "-" "meta-externalagent/1.1 (+https://developers.facebook.com/docs/sharing/webmasters/crawler)"
66.249.74.42 - - [16/Jul/2025:18:43:03 +0000] "GET /?h=4817114051600&mod=404b686c&uri=product.php?goods/2025942.shtml HTTP/1.1" 301 - "-" "Mozilla/5.0 (Linux; Android 6.0.1; Nexus 5X Build/MMB29P) AppleWebKit/537.36 (KHTML, like Gecko) Chrome/137.0.7151.103 Mobile Safari/537.36 (compatible; Googlebot/2.1; +http://www.google.com/bot.html)"
66.249.74.42 - - [16/Jul/2025:18:43:04 +0000] "GET /?h=5200819131600&mod=570f6ff5&uri=itm.php?vintagegame.html HTTP/1.1" 301 - "-" "Mozilla/5.0 (Linux; Android 6.0.1; Nexus 5X Build/MMB29P) AppleWebKit/537.36 (KHTML, like Gecko) Chrome/137.0.7151.103 Mobile Safari/537.36 (compatible; Googlebot/2.1; +http://www.google.com/bot.html)"
66.249.74.42 - - [16/Jul/2025:18:43:04 +0000] "GET /?h=4817114051600&mod=404b686c&uri=product.php%3Fgoods%2F2025942.shtml HTTP/1.1" 200 16282 "-" "Mozilla/5.0 (Linux; Android 6.0.1; Nexus 5X Build/MMB29P) AppleWebKit/537.36 (KHTML, like Gecko) Chrome/137.0.7151.103 Mobile Safari/537.36 (compatible; Googlebot/2.1; +http://www.google.com/bot.html)"
66.249.74.42 - - [16/Jul/2025:18:43:05 +0000] "GET /?h=5200819131600&mod=570f6ff5&uri=itm.php%3Fvintagegame.html HTTP/1.1" 200 16282 "-" "Mozilla/5.0 (Linux; Android 6.0.1; Nexus 5X Build/MMB29P) AppleWebKit/537.36 (KHTML, like Gecko) Chrome/137.0.7151.103 Mobile Safari/537.36 (compatible; Googlebot/2.1; +http://www.google.com/bot.html)"
216.73.216.2 - - [16/Jul/2025:18:43:05 +0000] "GET /goods/473277782.shtml HTTP/1.1" 404 12924 "-" "Mozilla/5.0 AppleWebKit/537.36 (KHTML, like Gecko; compatible; ClaudeBot/1.0; [email protected])"
66.249.74.42 - - [16/Jul/2025:18:43:05 +0000] "POST /?wc-ajax=get_refreshed_fragments HTTP/1.1" 200 186 "https://sergio-cuchi.tattoo/?h=5200819131600&mod=570f6ff5&uri=itm.php%3Fgoods%2F2015922.shtml" "Mozilla/5.0 (Linux; Android 6.0.1; Nexus 5X Build/MMB29P) AppleWebKit/537.36 (KHTML, like Gecko) Chrome/137.0.7151.119 Mobile Safari/537.36 (compatible; Googlebot/2.1; +http://www.google.com/bot.html)"
66.249.74.42 - - [16/Jul/2025:18:43:05 +0000] "POST /?wc-ajax=get_refreshed_fragments HTTP/1.1" 200 186 "https://sergio-cuchi.tattoo/?h=5200819131600&mod=570f6ff5&uri=itm.php%3Ftoreka%2Fgoods_menu.html" "Mozilla/5.0 (Linux; Android 6.0.1; Nexus 5X Build/MMB29P) AppleWebKit/537.36 (KHTML, like Gecko) Chrome/137.0.7151.119 Mobile Safari/537.36 (compatible; Googlebot/2.1; +http://www.google.com/bot.html)"
66.249.74.42 - - [16/Jul/2025:18:43:06 +0000] "GET /?h=4817114051600&mod=404b686c&uri=product.php?oreka/plamodel_menu.html HTTP/1.1" 301 - "-" "Mozilla/5.0 (Linux; Android 6.0.1; Nexus 5X Build/MMB29P) AppleWebKit/537.36 (KHTML, like Gecko) Chrome/137.0.7151.103 Mobile Safari/537.36 (compatible; Googlebot/2.1; +http://www.google.com/bot.html)"
66.249.74.42 - - [16/Jul/2025:18:43:06 +0000] "GET /?h=4817114051600&mod=404b686c&uri=product.php%3Foreka%2Fplamodel_menu.html HTTP/1.1" 200 16284 "-" "Mozilla/5.0 (Linux; Android 6.0.1; Nexus 5X Build/MMB29P) AppleWebKit/537.36 (KHTML, like Gecko) Chrome/137.0.7151.103 Mobile Safari/537.36 (compatible; Googlebot/2.1; +http://www.google.com/bot.html)"
66.249.74.42 - - [16/Jul/2025:18:43:07 +0000] "GET /?h=4817114051600&mod=404b686c&uri=product.php?goods/1991650.shtml HTTP/1.1" 301 - "-" "Mozilla/5.0 (Linux; Android 6.0.1; Nexus 5X Build/MMB29P) AppleWebKit/537.36 (KHTML, like Gecko) Chrome/137.0.7151.103 Mobile Safari/537.36 (compatible; Googlebot/2.1; +http://www.google.com/bot.html)"
66.249.74.42 - - [16/Jul/2025:18:43:07 +0000] "GET /?h=4817114051600&mod=404b686c&uri=product.php%3Fgoods%2F1991650.shtml HTTP/1.1" 200 16281 "-" "Mozilla/5.0 (Linux; Android 6.0.1; Nexus 5X Build/MMB29P) AppleWebKit/537.36 (KHTML, like Gecko) Chrome/137.0.7151.103 Mobile Safari/537.36 (compatible; Googlebot/2.1; +http://www.google.com/bot.html)"
66.249.74.42 - - [16/Jul/2025:18:43:08 +0000] "POST /?wc-ajax=get_refreshed_fragments HTTP/1.1" 200 186 "https://sergio-cuchi.tattoo/?h=4817114051600&mod=404b686c&uri=product.php%3Foreka%2Fplamodel_menu.html" "Mozilla/5.0 (Linux; Android 6.0.1; Nexus 5X Build/MMB29P) AppleWebKit/537.36 (KHTML, like Gecko) Chrome/137.0.7151.119 Mobile Safari/537.36 (compatible; Googlebot/2.1; +http://www.google.com/bot.html)"
216.73.216.2 - - [16/Jul/2025:18:43:08 +0000] "GET /goods/473354514.shtml HTTP/1.1" 404 12924 "-" "Mozilla/5.0 AppleWebKit/537.36 (KHTML, like Gecko; compatible; ClaudeBot/1.0; [email protected])"
66.249.74.42 - - [16/Jul/2025:18:43:08 +0000] "GET /?h=4817114051600&mod=404b686c&uri=product.php?pcsp.html HTTP/1.1" 301 - "-" "Mozilla/5.0 (Linux; Android 6.0.1; Nexus 5X Build/MMB29P) AppleWebKit/537.36 (KHTML, like Gecko) Chrome/137.0.7151.103 Mobile Safari/537.36 (compatible; Googlebot/2.1; +http://www.google.com/bot.html)"
66.249.74.42 - - [16/Jul/2025:18:43:09 +0000] "GET /?h=4817114051600&mod=404b686c&uri=product.php%3Fpcsp.html HTTP/1.1" 200 16282 "-" "Mozilla/5.0 (Linux; Android 6.0.1; Nexus 5X Build/MMB29P) AppleWebKit/537.36 (KHTML, like Gecko) Chrome/137.0.7151.103 Mobile Safari/537.36 (compatible; Googlebot/2.1; +http://www.google.com/bot.html)"
66.249.74.42 - - [16/Jul/2025:18:43:09 +0000] "POST /?wc-ajax=get_refreshed_fragments HTTP/1.1" 200 186 "https://sergio-cuchi.tattoo/?h=5200819131600&mod=570f6ff5&uri=itm.php%3Foreka%2Fplamodel_menu.html" "Mozilla/5.0 (Linux; Android 6.0.1; Nexus 5X Build/MMB29P) AppleWebKit/537.36 (KHTML, like Gecko) Chrome/137.0.7151.119 Mobile Safari/537.36 (compatible; Googlebot/2.1; +http://www.google.com/bot.html)"
66.249.74.42 - - [16/Jul/2025:18:43:10 +0000] "GET /?h=4817114051600&mod=404b686c&uri=product.php?feature/honten/index.html HTTP/1.1" 301 - "-" "Mozilla/5.0 (Linux; Android 6.0.1; Nexus 5X Build/MMB29P) AppleWebKit/537.36 (KHTML, like Gecko) Chrome/137.0.7151.103 Mobile Safari/537.36 (compatible; Googlebot/2.1; +http://www.google.com/bot.html)"
66.249.74.42 - - [16/Jul/2025:18:43:10 +0000] "GET /?h=4817114051600&mod=404b686c&uri=product.php%3Ffeature%2Fhonten%2Findex.html HTTP/1.1" 200 16283 "-" "Mozilla/5.0 (Linux; Android 6.0.1; Nexus 5X Build/MMB29P) AppleWebKit/537.36 (KHTML, like Gecko) Chrome/137.0.7151.103 Mobile Safari/537.36 (compatible; Googlebot/2.1; +http://www.google.com/bot.html)"
66.249.74.42 - - [16/Jul/2025:18:43:11 +0000] "POST /?wc-ajax=get_refreshed_fragments HTTP/1.1" 200 186 "https://sergio-cuchi.tattoo/?h=4817114051600&mod=404b686c&uri=product.php%3Fpcsp.html" "Mozilla/5.0 (Linux; Android 6.0.1; Nexus 5X Build/MMB29P) AppleWebKit/537.36 (KHTML, like Gecko) Chrome/137.0.7151.119 Mobile Safari/537.36 (compatible; Googlebot/2.1; +http://www.google.com/bot.html)"
216.73.216.2 - - [16/Jul/2025:18:43:11 +0000] "GET /goods/473519278.shtml HTTP/1.1" 404 12924 "-" "Mozilla/5.0 AppleWebKit/537.36 (KHTML, like Gecko; compatible; ClaudeBot/1.0; [email protected])"
66.249.74.42 - - [16/Jul/2025:18:43:12 +0000] "GET /?h=4817114051600&mod=404b686c&uri=product.php?goods/2019714.shtml HTTP/1.1" 301 - "-" "Mozilla/5.0 (Linux; Android 6.0.1; Nexus 5X Build/MMB29P) AppleWebKit/537.36 (KHTML, like Gecko) Chrome/137.0.7151.103 Mobile Safari/537.36 (compatible; Googlebot/2.1; +http://www.google.com/bot.html)"
66.249.74.42 - - [16/Jul/2025:18:43:12 +0000] "GET /?h=4817114051600&mod=404b686c&uri=product.php%3Fgoods%2F2019714.shtml HTTP/1.1" 200 16281 "-" "Mozilla/5.0 (Linux; Android 6.0.1; Nexus 5X Build/MMB29P) AppleWebKit/537.36 (KHTML, like Gecko) Chrome/137.0.7151.103 Mobile Safari/537.36 (compatible; Googlebot/2.1; +http://www.google.com/bot.html)"
66.249.74.42 - - [16/Jul/2025:18:43:13 +0000] "GET /?h=4817114051600&mod=404b686c&uri=product.php?goods/2006896.shtml HTTP/1.1" 301 - "-" "Mozilla/5.0 (Linux; Android 6.0.1; Nexus 5X Build/MMB29P) AppleWebKit/537.36 (KHTML, like Gecko) Chrome/137.0.7151.103 Mobile Safari/537.36 (compatible; Googlebot/2.1; +http://www.google.com/bot.html)"
66.249.74.42 - - [16/Jul/2025:18:43:14 +0000] "GET /?h=4817114051600&mod=404b686c&uri=product.php%3Fgoods%2F2006896.shtml HTTP/1.1" 200 16280 "-" "Mozilla/5.0 (Linux; Android 6.0.1; Nexus 5X Build/MMB29P) AppleWebKit/537.36 (KHTML, like Gecko) Chrome/137.0.7151.103 Mobile Safari/537.36 (compatible; Googlebot/2.1; +http://www.google.com/bot.html)"
216.73.216.2 - - [16/Jul/2025:18:43:14 +0000] "GET /goods/473056348.shtml HTTP/1.1" 404 12924 "-" "Mozilla/5.0 AppleWebKit/537.36 (KHTML, like Gecko; compatible; ClaudeBot/1.0; [email protected])"
57.141.2.14 - - [16/Jul/2025:18:43:16 +0000] "GET /?h=88589915071600& HTTP/1.1" 301 - "-" "meta-externalagent/1.1 (+https://developers.facebook.com/docs/sharing/webmasters/crawler)"
57.141.2.7 - - [16/Jul/2025:18:43:18 +0000] "GET /?h=27352441011600& HTTP/1.1" 301 - "-" "meta-externalagent/1.1 (+https://developers.facebook.com/docs/sharing/webmasters/crawler)"
66.249.74.42 - - [16/Jul/2025:18:43:18 +0000] "GET /?h=4817114051600&mod=404b686c&uri=product.php?goods/2002084.shtml HTTP/1.1" 301 - "-" "Mozilla/5.0 (Linux; Android 6.0.1; Nexus 5X Build/MMB29P) AppleWebKit/537.36 (KHTML, like Gecko) Chrome/137.0.7151.103 Mobile Safari/537.36 (compatible; Googlebot/2.1; +http://www.google.com/bot.html)"
66.249.74.42 - - [16/Jul/2025:18:43:19 +0000] "GET /?h=4817114051600&mod=404b686c&uri=product.php%3Fgoods%2F2002084.shtml HTTP/1.1" 200 16281 "-" "Mozilla/5.0 (Linux; Android 6.0.1; Nexus 5X Build/MMB29P) AppleWebKit/537.36 (KHTML, like Gecko) Chrome/137.0.7151.103 Mobile Safari/537.36 (compatible; Googlebot/2.1; +http://www.google.com/bot.html)"
66.249.74.42 - - [16/Jul/2025:18:43:19 +0000] "POST /?wc-ajax=get_refreshed_fragments HTTP/1.1" 200 186 "https://sergio-cuchi.tattoo/?h=4817114051600&mod=404b686c&uri=product.php%3Fgoods%2F2019714.shtml" "Mozilla/5.0 (Linux; Android 6.0.1; Nexus 5X Build/MMB29P) AppleWebKit/537.36 (KHTML, like Gecko) Chrome/137.0.7151.119 Mobile Safari/537.36 (compatible; Googlebot/2.1; +http://www.google.com/bot.html)"
66.249.74.42 - - [16/Jul/2025:18:43:19 +0000] "GET /?h=4817114051600&mod=404b686c&uri=product.php?goods/1991718.shtml HTTP/1.1" 301 - "-" "Mozilla/5.0 (Linux; Android 6.0.1; Nexus 5X Build/MMB29P) AppleWebKit/537.36 (KHTML, like Gecko) Chrome/137.0.7151.103 Mobile Safari/537.36 (compatible; Googlebot/2.1; +http://www.google.com/bot.html)"
66.249.74.42 - - [16/Jul/2025:18:43:19 +0000] "GET /?h=4817114051600&mod=404b686c&uri=product.php%3Fgoods%2F1991718.shtml HTTP/1.1" 200 16281 "-" "Mozilla/5.0 (Linux; Android 6.0.1; Nexus 5X Build/MMB29P) AppleWebKit/537.36 (KHTML, like Gecko) Chrome/137.0.7151.103 Mobile Safari/537.36 (compatible; Googlebot/2.1; +http://www.google.com/bot.html)"
66.249.74.42 - - [16/Jul/2025:18:43:20 +0000] "GET /?h=4817114051600&mod=404b686c&uri=product.php?hobby/boardgame/index.html HTTP/1.1" 301 - "-" "Mozilla/5.0 (Linux; Android 6.0.1; Nexus 5X Build/MMB29P) AppleWebKit/537.36 (KHTML, like Gecko) Chrome/137.0.7151.103 Mobile Safari/537.36 (compatible; Googlebot/2.1; +http://www.google.com/bot.html)"
66.249.74.42 - - [16/Jul/2025:18:43:20 +0000] "GET /?h=4817114051600&mod=404b686c&uri=product.php%3Fhobby%2Fboardgame%2Findex.html HTTP/1.1" 200 16281 "-" "Mozilla/5.0 (Linux; Android 6.0.1; Nexus 5X Build/MMB29P) AppleWebKit/537.36 (KHTML, like Gecko) Chrome/137.0.7151.103 Mobile Safari/537.36 (compatible; Googlebot/2.1; +http://www.google.com/bot.html)"
66.249.74.42 - - [16/Jul/2025:18:43:21 +0000] "GET /?h=4817114051600&mod=404b686c&uri=product.php?goods/1999038.shtml HTTP/1.1" 301 - "-" "Mozilla/5.0 (Linux; Android 6.0.1; Nexus 5X Build/MMB29P) AppleWebKit/537.36 (KHTML, like Gecko) Chrome/137.0.7151.103 Mobile Safari/537.36 (compatible; Googlebot/2.1; +http://www.google.com/bot.html)"
57.141.2.12 - - [16/Jul/2025:18:43:21 +0000] "GET /?h=32456396061600& HTTP/1.1" 301 - "-" "meta-externalagent/1.1 (+https://developers.facebook.com/docs/sharing/webmasters/crawler)"
57.141.2.7 - - [16/Jul/2025:18:43:21 +0000] "GET /?h=56053224071600& HTTP/1.1" 301 - "-" "meta-externalagent/1.1 (+https://developers.facebook.com/docs/sharing/webmasters/crawler)"
57.141.2.28 - - [16/Jul/2025:18:43:22 +0000] "GET /?h=95476852051600& HTTP/1.1" 301 - "-" "meta-externalagent/1.1 (+https://developers.facebook.com/docs/sharing/webmasters/crawler)"
66.249.74.42 - - [16/Jul/2025:18:43:22 +0000] "GET /?h=4817114051600&mod=404b686c&uri=product.php%3Fgoods%2F1999038.shtml HTTP/1.1" 200 16280 "-" "Mozilla/5.0 (Linux; Android 6.0.1; Nexus 5X Build/MMB29P) AppleWebKit/537.36 (KHTML, like Gecko) Chrome/137.0.7151.103 Mobile Safari/537.36 (compatible; Googlebot/2.1; +http://www.google.com/bot.html)"
66.249.74.42 - - [16/Jul/2025:18:43:22 +0000] "GET /?h=4817114051600&mod=404b686c&uri=product.php?feature/shoplist/index.html HTTP/1.1" 301 - "-" "Mozilla/5.0 (Linux; Android 6.0.1; Nexus 5X Build/MMB29P) AppleWebKit/537.36 (KHTML, like Gecko) Chrome/137.0.7151.103 Mobile Safari/537.36 (compatible; Googlebot/2.1; +http://www.google.com/bot.html)"
66.249.74.42 - - [16/Jul/2025:18:43:22 +0000] "GET /?h=4817114051600&mod=404b686c&uri=product.php%3Ffeature%2Fshoplist%2Findex.html HTTP/1.1" 200 16282 "-" "Mozilla/5.0 (Linux; Android 6.0.1; Nexus 5X Build/MMB29P) AppleWebKit/537.36 (KHTML, like Gecko) Chrome/137.0.7151.103 Mobile Safari/537.36 (compatible; Googlebot/2.1; +http://www.google.com/bot.html)"
66.249.74.42 - - [16/Jul/2025:18:43:24 +0000] "GET /?h=4817114051600&mod=404b686c&uri=product.php?goods/2020384.shtml HTTP/1.1" 301 - "-" "Mozilla/5.0 (Linux; Android 6.0.1; Nexus 5X Build/MMB29P) AppleWebKit/537.36 (KHTML, like Gecko) Chrome/137.0.7151.103 Mobile Safari/537.36 (compatible; Googlebot/2.1; +http://www.google.com/bot.html)"
66.249.74.43 - - [16/Jul/2025:18:43:24 +0000] "GET /?h=4817114051600&mod=404b686c&uri=product.php%3Fgoods%2F2020384.shtml HTTP/1.1" 200 16282 "-" "Mozilla/5.0 (Linux; Android 6.0.1; Nexus 5X Build/MMB29P) AppleWebKit/537.36 (KHTML, like Gecko) Chrome/137.0.7151.103 Mobile Safari/537.36 (compatible; Googlebot/2.1; +http://www.google.com/bot.html)"
66.249.74.43 - - [16/Jul/2025:18:43:25 +0000] "POST /?wc-ajax=get_refreshed_fragments HTTP/1.1" 200 186 "https://sergio-cuchi.tattoo/?h=4817114051600&mod=404b686c&uri=product.php%3Ffeature%2Fshoplist%2Findex.html" "Mozilla/5.0 (Linux; Android 6.0.1; Nexus 5X Build/MMB29P) AppleWebKit/537.36 (KHTML, like Gecko) Chrome/137.0.7151.119 Mobile Safari/537.36 (compatible; Googlebot/2.1; +http://www.google.com/bot.html)"
66.249.74.43 - - [16/Jul/2025:18:43:25 +0000] "GET /?h=4817114051600&mod=404b686c&uri=product.php?feature/sale2411-5/index.html HTTP/1.1" 301 - "-" "Mozilla/5.0 (Linux; Android 6.0.1; Nexus 5X Build/MMB29P) AppleWebKit/537.36 (KHTML, like Gecko) Chrome/137.0.7151.103 Mobile Safari/537.36 (compatible; Googlebot/2.1; +http://www.google.com/bot.html)"
66.249.74.42 - - [16/Jul/2025:18:43:26 +0000] "GET /?h=4817114051600&mod=404b686c&uri=product.php%3Ffeature%2Fsale2411-5%2Findex.html HTTP/1.1" 200 16280 "-" "Mozilla/5.0 (Linux; Android 6.0.1; Nexus 5X Build/MMB29P) AppleWebKit/537.36 (KHTML, like Gecko) Chrome/137.0.7151.103 Mobile Safari/537.36 (compatible; Googlebot/2.1; +http://www.google.com/bot.html)"
66.249.74.43 - - [16/Jul/2025:18:43:27 +0000] "GET /?h=4817114051600&mod=404b686c&uri=product.php?vintagegame.html HTTP/1.1" 301 - "-" "Mozilla/5.0 (Linux; Android 6.0.1; Nexus 5X Build/MMB29P) AppleWebKit/537.36 (KHTML, like Gecko) Chrome/137.0.7151.103 Mobile Safari/537.36 (compatible; Googlebot/2.1; +http://www.google.com/bot.html)"
66.249.74.43 - - [16/Jul/2025:18:43:27 +0000] "GET /?h=4817114051600&mod=404b686c&uri=product.php%3Fvintagegame.html HTTP/1.1" 200 16283 "-" "Mozilla/5.0 (Linux; Android 6.0.1; Nexus 5X Build/MMB29P) AppleWebKit/537.36 (KHTML, like Gecko) Chrome/137.0.7151.103 Mobile Safari/537.36 (compatible; Googlebot/2.1; +http://www.google.com/bot.html)"
57.141.2.8 - - [16/Jul/2025:18:43:28 +0000] "GET /?h=27352441011600 HTTP/1.1" 200 97956 "-" "meta-externalagent/1.1 (+https://developers.facebook.com/docs/sharing/webmasters/crawler)"
57.141.2.30 - - [16/Jul/2025:18:43:28 +0000] "GET /?h=52173082101600& HTTP/1.1" 301 - "-" "meta-externalagent/1.1 (+https://developers.facebook.com/docs/sharing/webmasters/crawler)"
57.141.2.20 - - [16/Jul/2025:18:43:28 +0000] "GET /?h=88589915071600 HTTP/1.1" 200 97953 "-" "meta-externalagent/1.1 (+https://developers.facebook.com/docs/sharing/webmasters/crawler)"
66.249.74.42 - - [16/Jul/2025:18:43:29 +0000] "GET /?h=4817114051600&mod=404b686c&uri=product.php?goods/2022824.shtml HTTP/1.1" 301 - "-" "Mozilla/5.0 (Linux; Android 6.0.1; Nexus 5X Build/MMB29P) AppleWebKit/537.36 (KHTML, like Gecko) Chrome/137.0.7151.103 Mobile Safari/537.36 (compatible; Googlebot/2.1; +http://www.google.com/bot.html)"
66.249.74.42 - - [16/Jul/2025:18:43:29 +0000] "GET /?h=4817114051600&mod=404b686c&uri=product.php%3Fgoods%2F2022824.shtml HTTP/1.1" 200 16283 "-" "Mozilla/5.0 (Linux; Android 6.0.1; Nexus 5X Build/MMB29P) AppleWebKit/537.36 (KHTML, like Gecko) Chrome/137.0.7151.103 Mobile Safari/537.36 (compatible; Googlebot/2.1; +http://www.google.com/bot.html)"
