66.249.74.43 - - [16/Jul/2025:17:40:30 +0000] "GET /?h=113533029071600&mod=28bde6c8&uri=search.php%3Fgoods%2F1984138.shtml HTTP/1.1" 200 16284 "-" "Mozilla/5.0 (Linux; Android 6.0.1; Nexus 5X Build/MMB29P) AppleWebKit/537.36 (KHTML, like Gecko) Chrome/137.0.7151.103 Mobile Safari/537.36 (compatible; Googlebot/2.1; +http://www.google.com/bot.html)"
66.249.74.43 - - [16/Jul/2025:17:40:31 +0000] "GET /?h=113533029071600&mod=28bde6c8&uri=search.php?game.html HTTP/1.1" 301 - "-" "Mozilla/5.0 (Linux; Android 6.0.1; Nexus 5X Build/MMB29P) AppleWebKit/537.36 (KHTML, like Gecko) Chrome/137.0.7151.103 Mobile Safari/537.36 (compatible; Googlebot/2.1; +http://www.google.com/bot.html)"
66.249.74.43 - - [16/Jul/2025:17:40:32 +0000] "GET /?h=113533029071600&mod=28bde6c8&uri=search.php%3Fgame.html HTTP/1.1" 200 16284 "-" "Mozilla/5.0 (Linux; Android 6.0.1; Nexus 5X Build/MMB29P) AppleWebKit/537.36 (KHTML, like Gecko) Chrome/137.0.7151.103 Mobile Safari/537.36 (compatible; Googlebot/2.1; +http://www.google.com/bot.html)"
216.73.216.2 - - [16/Jul/2025:17:40:32 +0000] "GET /goods/473336214.shtml HTTP/1.1" 404 12924 "-" "Mozilla/5.0 AppleWebKit/537.36 (KHTML, like Gecko; compatible; ClaudeBot/1.0; [email protected])"
66.249.74.43 - - [16/Jul/2025:17:40:33 +0000] "GET /?h=113533029071600&mod=28bde6c8&uri=search.php?goods/1994828.shtml HTTP/1.1" 301 - "-" "Mozilla/5.0 (Linux; Android 6.0.1; Nexus 5X Build/MMB29P) AppleWebKit/537.36 (KHTML, like Gecko) Chrome/137.0.7151.103 Mobile Safari/537.36 (compatible; Googlebot/2.1; +http://www.google.com/bot.html)"
66.249.74.43 - - [16/Jul/2025:17:40:33 +0000] "GET /?h=113533029071600&mod=28bde6c8&uri=search.php%3Fgoods%2F1994828.shtml HTTP/1.1" 200 16283 "-" "Mozilla/5.0 (Linux; Android 6.0.1; Nexus 5X Build/MMB29P) AppleWebKit/537.36 (KHTML, like Gecko) Chrome/137.0.7151.103 Mobile Safari/537.36 (compatible; Googlebot/2.1; +http://www.google.com/bot.html)"
66.249.74.43 - - [16/Jul/2025:17:40:35 +0000] "GET /?h=113533029071600&mod=28bde6c8&uri=search.php?goods/2008666.shtml HTTP/1.1" 301 - "-" "Mozilla/5.0 (Linux; Android 6.0.1; Nexus 5X Build/MMB29P) AppleWebKit/537.36 (KHTML, like Gecko) Chrome/137.0.7151.103 Mobile Safari/537.36 (compatible; Googlebot/2.1; +http://www.google.com/bot.html)"
216.73.216.2 - - [16/Jul/2025:17:40:35 +0000] "GET /goods/473531346.shtml HTTP/1.1" 404 12924 "-" "Mozilla/5.0 AppleWebKit/537.36 (KHTML, like Gecko; compatible; ClaudeBot/1.0; [email protected])"
66.249.74.42 - - [16/Jul/2025:17:40:35 +0000] "GET /?h=113533029071600&mod=28bde6c8&uri=search.php%3Fgoods%2F2008666.shtml HTTP/1.1" 200 16281 "-" "Mozilla/5.0 (Linux; Android 6.0.1; Nexus 5X Build/MMB29P) AppleWebKit/537.36 (KHTML, like Gecko) Chrome/137.0.7151.103 Mobile Safari/537.36 (compatible; Googlebot/2.1; +http://www.google.com/bot.html)"
66.249.74.42 - - [16/Jul/2025:17:40:36 +0000] "POST /?wc-ajax=get_refreshed_fragments HTTP/1.1" 200 186 "https://sergio-cuchi.tattoo/?h=6152915001600&mod=2fcb2666&uri=search.php%3Fgoods%2F1994158.shtml" "Mozilla/5.0 (Linux; Android 6.0.1; Nexus 5X Build/MMB29P) AppleWebKit/537.36 (KHTML, like Gecko) Chrome/137.0.7151.119 Mobile Safari/537.36 (compatible; Googlebot/2.1; +http://www.google.com/bot.html)"
66.249.74.43 - - [16/Jul/2025:17:40:36 +0000] "GET /?h=113533029071600&mod=28bde6c8&uri=search.php?goods/2021732.shtml HTTP/1.1" 301 - "-" "Mozilla/5.0 (Linux; Android 6.0.1; Nexus 5X Build/MMB29P) AppleWebKit/537.36 (KHTML, like Gecko) Chrome/137.0.7151.103 Mobile Safari/537.36 (compatible; Googlebot/2.1; +http://www.google.com/bot.html)"
66.249.74.42 - - [16/Jul/2025:17:40:37 +0000] "GET /?h=113533029071600&mod=28bde6c8&uri=search.php%3Fgoods%2F2021732.shtml HTTP/1.1" 200 16284 "-" "Mozilla/5.0 (Linux; Android 6.0.1; Nexus 5X Build/MMB29P) AppleWebKit/537.36 (KHTML, like Gecko) Chrome/137.0.7151.103 Mobile Safari/537.36 (compatible; Googlebot/2.1; +http://www.google.com/bot.html)"
216.73.216.2 - - [16/Jul/2025:17:40:38 +0000] "GET /goods/473472304.shtml HTTP/1.1" 404 12924 "-" "Mozilla/5.0 AppleWebKit/537.36 (KHTML, like Gecko; compatible; ClaudeBot/1.0; [email protected])"
66.249.74.43 - - [16/Jul/2025:17:40:42 +0000] "GET /?h=113533029071600&mod=28bde6c8&uri=search.php?goods/1999038.shtml HTTP/1.1" 301 - "-" "Mozilla/5.0 (Linux; Android 6.0.1; Nexus 5X Build/MMB29P) AppleWebKit/537.36 (KHTML, like Gecko) Chrome/137.0.7151.103 Mobile Safari/537.36 (compatible; Googlebot/2.1; +http://www.google.com/bot.html)"
66.249.74.43 - - [16/Jul/2025:17:40:42 +0000] "GET /?h=32725499031600&mod=1cfcd321&uri=goods.php?goods/36679232.shtml HTTP/1.1" 301 - "-" "Mozilla/5.0 (Linux; Android 6.0.1; Nexus 5X Build/MMB29P) AppleWebKit/537.36 (KHTML, like Gecko) Chrome/137.0.7151.103 Mobile Safari/537.36 (compatible; Googlebot/2.1; +http://www.google.com/bot.html)"
66.249.74.42 - - [16/Jul/2025:17:40:42 +0000] "GET /?h=113533029071600&mod=28bde6c8&uri=search.php%3Fgoods%2F1999038.shtml HTTP/1.1" 200 16282 "-" "Mozilla/5.0 (Linux; Android 6.0.1; Nexus 5X Build/MMB29P) AppleWebKit/537.36 (KHTML, like Gecko) Chrome/137.0.7151.103 Mobile Safari/537.36 (compatible; Googlebot/2.1; +http://www.google.com/bot.html)"
66.249.74.42 - - [16/Jul/2025:17:40:42 +0000] "GET /?h=32725499031600&mod=1cfcd321&uri=goods.php%3Fgoods%2F36679232.shtml HTTP/1.1" 200 16284 "-" "Mozilla/5.0 (Linux; Android 6.0.1; Nexus 5X Build/MMB29P) AppleWebKit/537.36 (KHTML, like Gecko) Chrome/137.0.7151.103 Mobile Safari/537.36 (compatible; Googlebot/2.1; +http://www.google.com/bot.html)"
66.249.74.43 - - [16/Jul/2025:17:40:43 +0000] "GET /?h=113533029071600&mod=28bde6c8&uri=search.php?goods/2014830.shtml HTTP/1.1" 301 - "-" "Mozilla/5.0 (Linux; Android 6.0.1; Nexus 5X Build/MMB29P) AppleWebKit/537.36 (KHTML, like Gecko) Chrome/137.0.7151.103 Mobile Safari/537.36 (compatible; Googlebot/2.1; +http://www.google.com/bot.html)"
66.249.74.43 - - [16/Jul/2025:17:40:43 +0000] "GET /?h=113533029071600&mod=28bde6c8&uri=search.php%3Fgoods%2F2014830.shtml HTTP/1.1" 200 16280 "-" "Mozilla/5.0 (Linux; Android 6.0.1; Nexus 5X Build/MMB29P) AppleWebKit/537.36 (KHTML, like Gecko) Chrome/137.0.7151.103 Mobile Safari/537.36 (compatible; Googlebot/2.1; +http://www.google.com/bot.html)"
66.249.74.42 - - [16/Jul/2025:17:40:43 +0000] "GET /?h=113533029071600&mod=28bde6c8&uri=search.php?goods/1986156.shtml HTTP/1.1" 301 - "-" "Mozilla/5.0 (Linux; Android 6.0.1; Nexus 5X Build/MMB29P) AppleWebKit/537.36 (KHTML, like Gecko) Chrome/137.0.7151.103 Mobile Safari/537.36 (compatible; Googlebot/2.1; +http://www.google.com/bot.html)"
66.249.74.43 - - [16/Jul/2025:17:40:43 +0000] "POST /?wc-ajax=get_refreshed_fragments HTTP/1.1" 200 186 "https://sergio-cuchi.tattoo/?h=6152915001600&mod=2fcb2666&uri=search.php%3Fgoods%2F2033868.shtml" "Mozilla/5.0 (Linux; Android 6.0.1; Nexus 5X Build/MMB29P) AppleWebKit/537.36 (KHTML, like Gecko) Chrome/137.0.7151.119 Mobile Safari/537.36 (compatible; Googlebot/2.1; +http://www.google.com/bot.html)"
66.249.74.42 - - [16/Jul/2025:17:40:44 +0000] "GET /?h=113533029071600&mod=28bde6c8&uri=search.php%3Fgoods%2F1986156.shtml HTTP/1.1" 200 16282 "-" "Mozilla/5.0 (Linux; Android 6.0.1; Nexus 5X Build/MMB29P) AppleWebKit/537.36 (KHTML, like Gecko) Chrome/137.0.7151.103 Mobile Safari/537.36 (compatible; Googlebot/2.1; +http://www.google.com/bot.html)"
66.249.74.43 - - [16/Jul/2025:17:40:45 +0000] "POST /?wc-ajax=get_refreshed_fragments HTTP/1.1" 200 186 "https://sergio-cuchi.tattoo/?h=32725499031600&mod=1cfcd321&uri=goods.php%3Fgoods%2F36679232.shtml" "Mozilla/5.0 (Linux; Android 6.0.1; Nexus 5X Build/MMB29P) AppleWebKit/537.36 (KHTML, like Gecko) Chrome/137.0.7151.119 Mobile Safari/537.36 (compatible; Googlebot/2.1; +http://www.google.com/bot.html)"
209.74.77.214 - - [16/Jul/2025:17:40:46 +0000] "POST /wp-cron.php?doing_wp_cron=1752687646.2580909729003906250000 HTTP/1.1" 200 - "-" "WordPress/6.8.2; https://sergio-cuchi.tattoo"
66.249.74.42 - - [16/Jul/2025:17:40:46 +0000] "GET /?h=6152915001600&mod=2fcb2666&uri=search.php?goods/2009404.shtml HTTP/1.1" 301 - "-" "Mozilla/5.0 (Linux; Android 6.0.1; Nexus 5X Build/MMB29P) AppleWebKit/537.36 (KHTML, like Gecko) Chrome/137.0.7151.103 Mobile Safari/537.36 (compatible; Googlebot/2.1; +http://www.google.com/bot.html)"
66.249.74.43 - - [16/Jul/2025:17:40:46 +0000] "GET /?h=113533029071600&mod=28bde6c8&uri=search.php?goods/1988664.shtml HTTP/1.1" 301 - "-" "Mozilla/5.0 (Linux; Android 6.0.1; Nexus 5X Build/MMB29P) AppleWebKit/537.36 (KHTML, like Gecko) Chrome/137.0.7151.103 Mobile Safari/537.36 (compatible; Googlebot/2.1; +http://www.google.com/bot.html)"
66.249.74.42 - - [16/Jul/2025:17:40:46 +0000] "GET /?h=5354472001600&mod=884738b4&uri=search.php?goods/1996530.shtml HTTP/1.1" 301 - "-" "Mozilla/5.0 (Linux; Android 6.0.1; Nexus 5X Build/MMB29P) AppleWebKit/537.36 (KHTML, like Gecko) Chrome/137.0.7151.103 Mobile Safari/537.36 (compatible; Googlebot/2.1; +http://www.google.com/bot.html)"
66.249.74.43 - - [16/Jul/2025:17:40:46 +0000] "GET /?h=6152915001600&mod=2fcb2666&uri=search.php?goods/2011712.shtml HTTP/1.1" 301 - "-" "Mozilla/5.0 (Linux; Android 6.0.1; Nexus 5X Build/MMB29P) AppleWebKit/537.36 (KHTML, like Gecko) Chrome/137.0.7151.103 Mobile Safari/537.36 (compatible; Googlebot/2.1; +http://www.google.com/bot.html)"
66.249.74.42 - - [16/Jul/2025:17:40:47 +0000] "GET /?h=6152915001600&mod=2fcb2666&uri=search.php?goods/2019032.shtml HTTP/1.1" 301 - "-" "Mozilla/5.0 (Linux; Android 6.0.1; Nexus 5X Build/MMB29P) AppleWebKit/537.36 (KHTML, like Gecko) Chrome/137.0.7151.103 Mobile Safari/537.36 (compatible; Googlebot/2.1; +http://www.google.com/bot.html)"
66.249.74.42 - - [16/Jul/2025:17:40:47 +0000] "GET /?h=6152915001600&mod=2fcb2666&uri=search.php%3Fgoods%2F2009404.shtml HTTP/1.1" 200 16283 "-" "Mozilla/5.0 (Linux; Android 6.0.1; Nexus 5X Build/MMB29P) AppleWebKit/537.36 (KHTML, like Gecko) Chrome/137.0.7151.103 Mobile Safari/537.36 (compatible; Googlebot/2.1; +http://www.google.com/bot.html)"
66.249.74.43 - - [16/Jul/2025:17:40:47 +0000] "GET /?h=113533029071600&mod=28bde6c8&uri=search.php%3Fgoods%2F1988664.shtml HTTP/1.1" 200 16280 "-" "Mozilla/5.0 (Linux; Android 6.0.1; Nexus 5X Build/MMB29P) AppleWebKit/537.36 (KHTML, like Gecko) Chrome/137.0.7151.103 Mobile Safari/537.36 (compatible; Googlebot/2.1; +http://www.google.com/bot.html)"
66.249.74.43 - - [16/Jul/2025:17:40:47 +0000] "GET /?h=5354472001600&mod=884738b4&uri=search.php%3Fgoods%2F1996530.shtml HTTP/1.1" 200 16283 "-" "Mozilla/5.0 (Linux; Android 6.0.1; Nexus 5X Build/MMB29P) AppleWebKit/537.36 (KHTML, like Gecko) Chrome/137.0.7151.103 Mobile Safari/537.36 (compatible; Googlebot/2.1; +http://www.google.com/bot.html)"
66.249.74.43 - - [16/Jul/2025:17:40:48 +0000] "GET /?h=6152915001600&mod=2fcb2666&uri=search.php%3Fgoods%2F2011712.shtml HTTP/1.1" 200 16283 "-" "Mozilla/5.0 (Linux; Android 6.0.1; Nexus 5X Build/MMB29P) AppleWebKit/537.36 (KHTML, like Gecko) Chrome/137.0.7151.103 Mobile Safari/537.36 (compatible; Googlebot/2.1; +http://www.google.com/bot.html)"
66.249.74.42 - - [16/Jul/2025:17:40:48 +0000] "POST /?wc-ajax=get_refreshed_fragments HTTP/1.1" 200 186 "https://sergio-cuchi.tattoo/?h=113533029071600&mod=28bde6c8&uri=search.php%3Fgoods%2F1986156.shtml" "Mozilla/5.0 (Linux; Android 6.0.1; Nexus 5X Build/MMB29P) AppleWebKit/537.36 (KHTML, like Gecko) Chrome/137.0.7151.119 Mobile Safari/537.36 (compatible; Googlebot/2.1; +http://www.google.com/bot.html)"
66.249.74.43 - - [16/Jul/2025:17:40:48 +0000] "GET /?h=113533029071600&mod=28bde6c8&uri=search.php?toreka/toreka_menu.html HTTP/1.1" 301 - "-" "Mozilla/5.0 (Linux; Android 6.0.1; Nexus 5X Build/MMB29P) AppleWebKit/537.36 (KHTML, like Gecko) Chrome/137.0.7151.103 Mobile Safari/537.36 (compatible; Googlebot/2.1; +http://www.google.com/bot.html)"
66.249.74.43 - - [16/Jul/2025:17:40:48 +0000] "GET /?h=6152915001600&mod=2fcb2666&uri=search.php%3Fgoods%2F2019032.shtml HTTP/1.1" 200 16283 "-" "Mozilla/5.0 (Linux; Android 6.0.1; Nexus 5X Build/MMB29P) AppleWebKit/537.36 (KHTML, like Gecko) Chrome/137.0.7151.103 Mobile Safari/537.36 (compatible; Googlebot/2.1; +http://www.google.com/bot.html)"
66.249.74.42 - - [16/Jul/2025:17:40:48 +0000] "POST /?wc-ajax=get_refreshed_fragments HTTP/1.1" 200 186 "https://sergio-cuchi.tattoo/?h=113533029071600&mod=28bde6c8&uri=search.php%3Fgoods%2F2011366.shtml" "Mozilla/5.0 (Linux; Android 6.0.1; Nexus 5X Build/MMB29P) AppleWebKit/537.36 (KHTML, like Gecko) Chrome/137.0.7151.119 Mobile Safari/537.36 (compatible; Googlebot/2.1; +http://www.google.com/bot.html)"
66.249.74.43 - - [16/Jul/2025:17:40:49 +0000] "GET /?h=113533029071600&mod=28bde6c8&uri=search.php?hobby/nuigurumi/nuigurumi.html HTTP/1.1" 301 - "-" "Mozilla/5.0 (Linux; Android 6.0.1; Nexus 5X Build/MMB29P) AppleWebKit/537.36 (KHTML, like Gecko) Chrome/137.0.7151.103 Mobile Safari/537.36 (compatible; Googlebot/2.1; +http://www.google.com/bot.html)"
66.249.74.42 - - [16/Jul/2025:17:40:49 +0000] "GET /?h=113533029071600&mod=28bde6c8&uri=search.php%3Ftoreka%2Ftoreka_menu.html HTTP/1.1" 200 16280 "-" "Mozilla/5.0 (Linux; Android 6.0.1; Nexus 5X Build/MMB29P) AppleWebKit/537.36 (KHTML, like Gecko) Chrome/137.0.7151.103 Mobile Safari/537.36 (compatible; Googlebot/2.1; +http://www.google.com/bot.html)"
66.249.74.42 - - [16/Jul/2025:17:40:49 +0000] "POST /?wc-ajax=get_refreshed_fragments HTTP/1.1" 200 186 "https://sergio-cuchi.tattoo/?h=6152915001600&mod=2fcb2666&uri=search.php%3Fgoods%2F2009404.shtml" "Mozilla/5.0 (Linux; Android 6.0.1; Nexus 5X Build/MMB29P) AppleWebKit/537.36 (KHTML, like Gecko) Chrome/137.0.7151.119 Mobile Safari/537.36 (compatible; Googlebot/2.1; +http://www.google.com/bot.html)"
66.249.74.43 - - [16/Jul/2025:17:40:49 +0000] "GET /?h=113533029071600&mod=28bde6c8&uri=search.php?goods/1982692.shtml HTTP/1.1" 301 - "-" "Mozilla/5.0 (Linux; Android 6.0.1; Nexus 5X Build/MMB29P) AppleWebKit/537.36 (KHTML, like Gecko) Chrome/137.0.7151.103 Mobile Safari/537.36 (compatible; Googlebot/2.1; +http://www.google.com/bot.html)"
66.249.74.42 - - [16/Jul/2025:17:40:50 +0000] "GET /?h=113533029071600&mod=28bde6c8&uri=search.php%3Fhobby%2Fnuigurumi%2Fnuigurumi.html HTTP/1.1" 200 16283 "-" "Mozilla/5.0 (Linux; Android 6.0.1; Nexus 5X Build/MMB29P) AppleWebKit/537.36 (KHTML, like Gecko) Chrome/137.0.7151.103 Mobile Safari/537.36 (compatible; Googlebot/2.1; +http://www.google.com/bot.html)"
66.249.74.42 - - [16/Jul/2025:17:40:50 +0000] "GET /?h=113533029071600&mod=28bde6c8&uri=search.php%3Fgoods%2F1982692.shtml HTTP/1.1" 200 16282 "-" "Mozilla/5.0 (Linux; Android 6.0.1; Nexus 5X Build/MMB29P) AppleWebKit/537.36 (KHTML, like Gecko) Chrome/137.0.7151.103 Mobile Safari/537.36 (compatible; Googlebot/2.1; +http://www.google.com/bot.html)"
66.249.74.42 - - [16/Jul/2025:17:40:52 +0000] "POST /?wc-ajax=get_refreshed_fragments HTTP/1.1" 200 186 "https://sergio-cuchi.tattoo/?h=113533029071600&mod=28bde6c8&uri=search.php%3Fgoods%2F1999038.shtml" "Mozilla/5.0 (Linux; Android 6.0.1; Nexus 5X Build/MMB29P) AppleWebKit/537.36 (KHTML, like Gecko) Chrome/137.0.7151.119 Mobile Safari/537.36 (compatible; Googlebot/2.1; +http://www.google.com/bot.html)"
66.249.74.32 - - [16/Jul/2025:17:40:52 +0000] "GET /?h=113533029071600&mod=28bde6c8&uri=search.php?goods/2003432.shtml HTTP/1.1" 301 - "-" "Mozilla/5.0 (Linux; Android 6.0.1; Nexus 5X Build/MMB29P) AppleWebKit/537.36 (KHTML, like Gecko) Chrome/137.0.7151.103 Mobile Safari/537.36 (compatible; Googlebot/2.1; +http://www.google.com/bot.html)"
66.249.74.43 - - [16/Jul/2025:17:40:52 +0000] "GET /?h=113533029071600&mod=28bde6c8&uri=search.php%3Fgoods%2F2003432.shtml HTTP/1.1" 200 16283 "-" "Mozilla/5.0 (Linux; Android 6.0.1; Nexus 5X Build/MMB29P) AppleWebKit/537.36 (KHTML, like Gecko) Chrome/137.0.7151.103 Mobile Safari/537.36 (compatible; Googlebot/2.1; +http://www.google.com/bot.html)"
66.249.74.42 - - [16/Jul/2025:17:40:52 +0000] "POST /?wc-ajax=get_refreshed_fragments HTTP/1.1" 200 186 "https://sergio-cuchi.tattoo/?h=113533029071600&mod=28bde6c8&uri=search.php%3Ftoreka%2Ftoreka_menu.html" "Mozilla/5.0 (Linux; Android 6.0.1; Nexus 5X Build/MMB29P) AppleWebKit/537.36 (KHTML, like Gecko) Chrome/137.0.7151.119 Mobile Safari/537.36 (compatible; Googlebot/2.1; +http://www.google.com/bot.html)"
66.249.74.42 - - [16/Jul/2025:17:40:53 +0000] "GET /?h=113533029071600&mod=28bde6c8&uri=search.php?goods/2018686.shtml HTTP/1.1" 301 - "-" "Mozilla/5.0 (Linux; Android 6.0.1; Nexus 5X Build/MMB29P) AppleWebKit/537.36 (KHTML, like Gecko) Chrome/137.0.7151.103 Mobile Safari/537.36 (compatible; Googlebot/2.1; +http://www.google.com/bot.html)"
66.249.74.43 - - [16/Jul/2025:17:40:53 +0000] "GET /?h=113533029071600&mod=28bde6c8&uri=search.php%3Fgoods%2F2018686.shtml HTTP/1.1" 200 16285 "-" "Mozilla/5.0 (Linux; Android 6.0.1; Nexus 5X Build/MMB29P) AppleWebKit/537.36 (KHTML, like Gecko) Chrome/137.0.7151.103 Mobile Safari/537.36 (compatible; Googlebot/2.1; +http://www.google.com/bot.html)"
66.249.74.32 - - [16/Jul/2025:17:40:55 +0000] "GET /?h=113533029071600&mod=28bde6c8&uri=search.php?goods/2011712.shtml HTTP/1.1" 301 - "-" "Mozilla/5.0 (Linux; Android 6.0.1; Nexus 5X Build/MMB29P) AppleWebKit/537.36 (KHTML, like Gecko) Chrome/137.0.7151.103 Mobile Safari/537.36 (compatible; Googlebot/2.1; +http://www.google.com/bot.html)"
66.249.74.42 - - [16/Jul/2025:17:40:55 +0000] "GET /?h=113533029071600&mod=28bde6c8&uri=search.php%3Fgoods%2F2011712.shtml HTTP/1.1" 200 16281 "-" "Mozilla/5.0 (Linux; Android 6.0.1; Nexus 5X Build/MMB29P) AppleWebKit/537.36 (KHTML, like Gecko) Chrome/137.0.7151.103 Mobile Safari/537.36 (compatible; Googlebot/2.1; +http://www.google.com/bot.html)"
66.249.74.32 - - [16/Jul/2025:17:40:56 +0000] "POST /?wc-ajax=get_refreshed_fragments HTTP/1.1" 200 186 "https://sergio-cuchi.tattoo/?h=113533029071600&mod=28bde6c8&uri=search.php%3Fgoods%2F2018686.shtml" "Mozilla/5.0 (Linux; Android 6.0.1; Nexus 5X Build/MMB29P) AppleWebKit/537.36 (KHTML, like Gecko) Chrome/137.0.7151.119 Mobile Safari/537.36 (compatible; Googlebot/2.1; +http://www.google.com/bot.html)"
66.249.74.42 - - [16/Jul/2025:17:40:56 +0000] "GET /?h=113533029071600&mod=28bde6c8&uri=search.php?goods/2019714.shtml HTTP/1.1" 301 - "-" "Mozilla/5.0 (Linux; Android 6.0.1; Nexus 5X Build/MMB29P) AppleWebKit/537.36 (KHTML, like Gecko) Chrome/137.0.7151.103 Mobile Safari/537.36 (compatible; Googlebot/2.1; +http://www.google.com/bot.html)"
66.249.74.42 - - [16/Jul/2025:17:40:56 +0000] "GET /?h=113533029071600&mod=28bde6c8&uri=search.php%3Fgoods%2F2019714.shtml HTTP/1.1" 200 16284 "-" "Mozilla/5.0 (Linux; Android 6.0.1; Nexus 5X Build/MMB29P) AppleWebKit/537.36 (KHTML, like Gecko) Chrome/137.0.7151.103 Mobile Safari/537.36 (compatible; Googlebot/2.1; +http://www.google.com/bot.html)"
66.249.74.32 - - [16/Jul/2025:17:40:57 +0000] "GET /?h=113533029071600&mod=28bde6c8&uri=search.php?man/customer_guide HTTP/1.1" 301 - "-" "Mozilla/5.0 (Linux; Android 6.0.1; Nexus 5X Build/MMB29P) AppleWebKit/537.36 (KHTML, like Gecko) Chrome/137.0.7151.103 Mobile Safari/537.36 (compatible; Googlebot/2.1; +http://www.google.com/bot.html)"
66.249.74.42 - - [16/Jul/2025:17:40:57 +0000] "GET /?h=113533029071600&mod=28bde6c8&uri=search.php%3Fman%2Fcustomer_guide HTTP/1.1" 200 16283 "-" "Mozilla/5.0 (Linux; Android 6.0.1; Nexus 5X Build/MMB29P) AppleWebKit/537.36 (KHTML, like Gecko) Chrome/137.0.7151.103 Mobile Safari/537.36 (compatible; Googlebot/2.1; +http://www.google.com/bot.html)"
66.249.74.43 - - [16/Jul/2025:17:40:59 +0000] "GET /?h=113533029071600&mod=28bde6c8&uri=search.php?dozin.html HTTP/1.1" 301 - "-" "Mozilla/5.0 (Linux; Android 6.0.1; Nexus 5X Build/MMB29P) AppleWebKit/537.36 (KHTML, like Gecko) Chrome/137.0.7151.103 Mobile Safari/537.36 (compatible; Googlebot/2.1; +http://www.google.com/bot.html)"
66.249.74.43 - - [16/Jul/2025:17:40:59 +0000] "GET /?h=113533029071600&mod=28bde6c8&uri=search.php%3Fdozin.html HTTP/1.1" 200 16284 "-" "Mozilla/5.0 (Linux; Android 6.0.1; Nexus 5X Build/MMB29P) AppleWebKit/537.36 (KHTML, like Gecko) Chrome/137.0.7151.103 Mobile Safari/537.36 (compatible; Googlebot/2.1; +http://www.google.com/bot.html)"
66.249.74.43 - - [16/Jul/2025:17:41:01 +0000] "GET /?h=113533029071600&mod=28bde6c8&uri=search.php?goods/1988596.shtml HTTP/1.1" 301 - "-" "Mozilla/5.0 (Linux; Android 6.0.1; Nexus 5X Build/MMB29P) AppleWebKit/537.36 (KHTML, like Gecko) Chrome/137.0.7151.103 Mobile Safari/537.36 (compatible; Googlebot/2.1; +http://www.google.com/bot.html)"
66.249.74.32 - - [16/Jul/2025:17:41:01 +0000] "GET /?h=113533029071600&mod=28bde6c8&uri=search.php%3Fgoods%2F1988596.shtml HTTP/1.1" 200 16283 "-" "Mozilla/5.0 (Linux; Android 6.0.1; Nexus 5X Build/MMB29P) AppleWebKit/537.36 (KHTML, like Gecko) Chrome/137.0.7151.103 Mobile Safari/537.36 (compatible; Googlebot/2.1; +http://www.google.com/bot.html)"
66.249.74.42 - - [16/Jul/2025:17:41:02 +0000] "POST /?wc-ajax=get_refreshed_fragments HTTP/1.1" 200 186 "https://sergio-cuchi.tattoo/?h=6152915001600&mod=2fcb2666&uri=search.php%3Fgoods%2F2011712.shtml" "Mozilla/5.0 (Linux; Android 6.0.1; Nexus 5X Build/MMB29P) AppleWebKit/537.36 (KHTML, like Gecko) Chrome/137.0.7151.119 Mobile Safari/537.36 (compatible; Googlebot/2.1; +http://www.google.com/bot.html)"
66.249.74.43 - - [16/Jul/2025:17:41:02 +0000] "GET /?h=113533029071600&mod=28bde6c8&uri=search.php?goods/2008312.shtml HTTP/1.1" 301 - "-" "Mozilla/5.0 (Linux; Android 6.0.1; Nexus 5X Build/MMB29P) AppleWebKit/537.36 (KHTML, like Gecko) Chrome/137.0.7151.103 Mobile Safari/537.36 (compatible; Googlebot/2.1; +http://www.google.com/bot.html)"
66.249.74.43 - - [16/Jul/2025:17:41:02 +0000] "GET /?h=113533029071600&mod=28bde6c8&uri=search.php%3Fgoods%2F2008312.shtml HTTP/1.1" 200 16282 "-" "Mozilla/5.0 (Linux; Android 6.0.1; Nexus 5X Build/MMB29P) AppleWebKit/537.36 (KHTML, like Gecko) Chrome/137.0.7151.103 Mobile Safari/537.36 (compatible; Googlebot/2.1; +http://www.google.com/bot.html)"
66.249.74.43 - - [16/Jul/2025:17:41:03 +0000] "POST /?wc-ajax=get_refreshed_fragments HTTP/1.1" 200 186 "https://sergio-cuchi.tattoo/?h=113533029071600&mod=28bde6c8&uri=search.php%3Ftoreka%2Ffigure_menu.html" "Mozilla/5.0 (Linux; Android 6.0.1; Nexus 5X Build/MMB29P) AppleWebKit/537.36 (KHTML, like Gecko) Chrome/137.0.7151.119 Mobile Safari/537.36 (compatible; Googlebot/2.1; +http://www.google.com/bot.html)"
66.249.74.32 - - [16/Jul/2025:17:41:04 +0000] "GET /?h=113533029071600&mod=28bde6c8&uri=search.php?goods/2014220.shtml HTTP/1.1" 301 - "-" "Mozilla/5.0 (Linux; Android 6.0.1; Nexus 5X Build/MMB29P) AppleWebKit/537.36 (KHTML, like Gecko) Chrome/137.0.7151.103 Mobile Safari/537.36 (compatible; Googlebot/2.1; +http://www.google.com/bot.html)"
66.249.74.42 - - [16/Jul/2025:17:41:04 +0000] "GET /?h=113533029071600&mod=28bde6c8&uri=search.php%3Fgoods%2F2014220.shtml HTTP/1.1" 200 16284 "-" "Mozilla/5.0 (Linux; Android 6.0.1; Nexus 5X Build/MMB29P) AppleWebKit/537.36 (KHTML, like Gecko) Chrome/137.0.7151.103 Mobile Safari/537.36 (compatible; Googlebot/2.1; +http://www.google.com/bot.html)"
66.249.74.43 - - [16/Jul/2025:17:41:05 +0000] "POST /?wc-ajax=get_refreshed_fragments HTTP/1.1" 200 186 "https://sergio-cuchi.tattoo/?h=113533029071600&mod=28bde6c8&uri=search.php%3Fgoods%2F2008312.shtml" "Mozilla/5.0 (Linux; Android 6.0.1; Nexus 5X Build/MMB29P) AppleWebKit/537.36 (KHTML, like Gecko) Chrome/137.0.7151.119 Mobile Safari/537.36 (compatible; Googlebot/2.1; +http://www.google.com/bot.html)"
66.249.74.43 - - [16/Jul/2025:17:41:08 +0000] "POST /?wc-ajax=get_refreshed_fragments HTTP/1.1" 200 186 "https://sergio-cuchi.tattoo/?h=113533029071600&mod=28bde6c8&uri=search.php%3Fgoods%2F2019714.shtml" "Mozilla/5.0 (Linux; Android 6.0.1; Nexus 5X Build/MMB29P) AppleWebKit/537.36 (KHTML, like Gecko) Chrome/137.0.7151.119 Mobile Safari/537.36 (compatible; Googlebot/2.1; +http://www.google.com/bot.html)"
66.249.74.42 - - [16/Jul/2025:17:41:09 +0000] "GET /?h=113533029071600&mod=28bde6c8&uri=search.php?goods/1991718.shtml HTTP/1.1" 301 - "-" "Mozilla/5.0 (Linux; Android 6.0.1; Nexus 5X Build/MMB29P) AppleWebKit/537.36 (KHTML, like Gecko) Chrome/137.0.7151.103 Mobile Safari/537.36 (compatible; Googlebot/2.1; +http://www.google.com/bot.html)"
66.249.74.42 - - [16/Jul/2025:17:41:09 +0000] "GET /?h=113533029071600&mod=28bde6c8&uri=search.php%3Fgoods%2F1991718.shtml HTTP/1.1" 200 16283 "-" "Mozilla/5.0 (Linux; Android 6.0.1; Nexus 5X Build/MMB29P) AppleWebKit/537.36 (KHTML, like Gecko) Chrome/137.0.7151.103 Mobile Safari/537.36 (compatible; Googlebot/2.1; +http://www.google.com/bot.html)"
66.249.74.42 - - [16/Jul/2025:17:41:10 +0000] "GET /?h=113533029071600&mod=28bde6c8&uri=search.php?goods/2012804.shtml HTTP/1.1" 301 - "-" "Mozilla/5.0 (Linux; Android 6.0.1; Nexus 5X Build/MMB29P) AppleWebKit/537.36 (KHTML, like Gecko) Chrome/137.0.7151.103 Mobile Safari/537.36 (compatible; Googlebot/2.1; +http://www.google.com/bot.html)"
66.249.74.42 - - [16/Jul/2025:17:41:10 +0000] "GET /?h=113533029071600&mod=28bde6c8&uri=search.php%3Fgoods%2F2012804.shtml HTTP/1.1" 200 16282 "-" "Mozilla/5.0 (Linux; Android 6.0.1; Nexus 5X Build/MMB29P) AppleWebKit/537.36 (KHTML, like Gecko) Chrome/137.0.7151.103 Mobile Safari/537.36 (compatible; Googlebot/2.1; +http://www.google.com/bot.html)"
66.249.74.42 - - [16/Jul/2025:17:41:10 +0000] "GET /?h=113533029071600&mod=28bde6c8&uri=search.php?goods/2000732.shtml HTTP/1.1" 301 - "-" "Mozilla/5.0 (Linux; Android 6.0.1; Nexus 5X Build/MMB29P) AppleWebKit/537.36 (KHTML, like Gecko) Chrome/137.0.7151.103 Mobile Safari/537.36 (compatible; Googlebot/2.1; +http://www.google.com/bot.html)"
66.249.74.42 - - [16/Jul/2025:17:41:11 +0000] "GET /?h=113533029071600&mod=28bde6c8&uri=search.php%3Fgoods%2F2000732.shtml HTTP/1.1" 200 16285 "-" "Mozilla/5.0 (Linux; Android 6.0.1; Nexus 5X Build/MMB29P) AppleWebKit/537.36 (KHTML, like Gecko) Chrome/137.0.7151.103 Mobile Safari/537.36 (compatible; Googlebot/2.1; +http://www.google.com/bot.html)"
66.249.74.42 - - [16/Jul/2025:17:41:11 +0000] "GET /?h=113533029071600&mod=28bde6c8&uri=search.php?goods/2012458.shtml HTTP/1.1" 301 - "-" "Mozilla/5.0 (Linux; Android 6.0.1; Nexus 5X Build/MMB29P) AppleWebKit/537.36 (KHTML, like Gecko) Chrome/137.0.7151.103 Mobile Safari/537.36 (compatible; Googlebot/2.1; +http://www.google.com/bot.html)"
66.249.74.42 - - [16/Jul/2025:17:41:11 +0000] "GET /?h=113533029071600&mod=28bde6c8&uri=search.php%3Fgoods%2F2012458.shtml HTTP/1.1" 200 16282 "-" "Mozilla/5.0 (Linux; Android 6.0.1; Nexus 5X Build/MMB29P) AppleWebKit/537.36 (KHTML, like Gecko) Chrome/137.0.7151.103 Mobile Safari/537.36 (compatible; Googlebot/2.1; +http://www.google.com/bot.html)"
66.249.74.42 - - [16/Jul/2025:17:41:12 +0000] "POST /?wc-ajax=get_refreshed_fragments HTTP/1.1" 200 186 "https://sergio-cuchi.tattoo/?h=113533029071600&mod=28bde6c8&uri=search.php%3Fgoods%2F1991718.shtml" "Mozilla/5.0 (Linux; Android 6.0.1; Nexus 5X Build/MMB29P) AppleWebKit/537.36 (KHTML, like Gecko) Chrome/137.0.7151.119 Mobile Safari/537.36 (compatible; Googlebot/2.1; +http://www.google.com/bot.html)"
66.249.74.42 - - [16/Jul/2025:17:41:12 +0000] "GET /?h=113533029071600&mod=28bde6c8&uri=search.php?goods/1987994.shtml HTTP/1.1" 301 - "-" "Mozilla/5.0 (Linux; Android 6.0.1; Nexus 5X Build/MMB29P) AppleWebKit/537.36 (KHTML, like Gecko) Chrome/137.0.7151.103 Mobile Safari/537.36 (compatible; Googlebot/2.1; +http://www.google.com/bot.html)"
66.249.74.42 - - [16/Jul/2025:17:41:13 +0000] "GET /?h=113533029071600&mod=28bde6c8&uri=search.php%3Fgoods%2F1987994.shtml HTTP/1.1" 200 16284 "-" "Mozilla/5.0 (Linux; Android 6.0.1; Nexus 5X Build/MMB29P) AppleWebKit/537.36 (KHTML, like Gecko) Chrome/137.0.7151.103 Mobile Safari/537.36 (compatible; Googlebot/2.1; +http://www.google.com/bot.html)"
66.249.74.42 - - [16/Jul/2025:17:41:14 +0000] "GET /?h=113533029071600&mod=28bde6c8&uri=search.php?toiawase HTTP/1.1" 301 - "-" "Mozilla/5.0 (Linux; Android 6.0.1; Nexus 5X Build/MMB29P) AppleWebKit/537.36 (KHTML, like Gecko) Chrome/137.0.7151.103 Mobile Safari/537.36 (compatible; Googlebot/2.1; +http://www.google.com/bot.html)"
66.249.74.42 - - [16/Jul/2025:17:41:14 +0000] "GET /?h=113533029071600&mod=28bde6c8&uri=search.php%3Ftoiawase HTTP/1.1" 200 16283 "-" "Mozilla/5.0 (Linux; Android 6.0.1; Nexus 5X Build/MMB29P) AppleWebKit/537.36 (KHTML, like Gecko) Chrome/137.0.7151.103 Mobile Safari/537.36 (compatible; Googlebot/2.1; +http://www.google.com/bot.html)"
66.249.74.42 - - [16/Jul/2025:17:41:16 +0000] "GET /?h=113533029071600&mod=28bde6c8&uri=search.php?feature/shoplist-friendly/index.html HTTP/1.1" 301 - "-" "Mozilla/5.0 (Linux; Android 6.0.1; Nexus 5X Build/MMB29P) AppleWebKit/537.36 (KHTML, like Gecko) Chrome/137.0.7151.103 Mobile Safari/537.36 (compatible; Googlebot/2.1; +http://www.google.com/bot.html)"
66.249.74.42 - - [16/Jul/2025:17:41:16 +0000] "GET /?h=113533029071600&mod=28bde6c8&uri=search.php%3Ffeature%2Fshoplist-friendly%2Findex.html HTTP/1.1" 200 16280 "-" "Mozilla/5.0 (Linux; Android 6.0.1; Nexus 5X Build/MMB29P) AppleWebKit/537.36 (KHTML, like Gecko) Chrome/137.0.7151.103 Mobile Safari/537.36 (compatible; Googlebot/2.1; +http://www.google.com/bot.html)"
66.249.74.42 - - [16/Jul/2025:17:41:18 +0000] "GET /?h=113533029071600&mod=28bde6c8&uri=search.php?hobby/boardgame/index.html HTTP/1.1" 301 - "-" "Mozilla/5.0 (Linux; Android 6.0.1; Nexus 5X Build/MMB29P) AppleWebKit/537.36 (KHTML, like Gecko) Chrome/137.0.7151.103 Mobile Safari/537.36 (compatible; Googlebot/2.1; +http://www.google.com/bot.html)"
66.249.74.42 - - [16/Jul/2025:17:41:18 +0000] "GET /?h=113533029071600&mod=28bde6c8&uri=search.php%3Fhobby%2Fboardgame%2Findex.html HTTP/1.1" 200 16283 "-" "Mozilla/5.0 (Linux; Android 6.0.1; Nexus 5X Build/MMB29P) AppleWebKit/537.36 (KHTML, like Gecko) Chrome/137.0.7151.103 Mobile Safari/537.36 (compatible; Googlebot/2.1; +http://www.google.com/bot.html)"
66.249.74.42 - - [16/Jul/2025:17:41:19 +0000] "GET /?h=113533029071600&mod=28bde6c8&uri=search.php?goods/1990012.shtml HTTP/1.1" 301 - "-" "Mozilla/5.0 (Linux; Android 6.0.1; Nexus 5X Build/MMB29P) AppleWebKit/537.36 (KHTML, like Gecko) Chrome/137.0.7151.103 Mobile Safari/537.36 (compatible; Googlebot/2.1; +http://www.google.com/bot.html)"
66.249.74.42 - - [16/Jul/2025:17:41:19 +0000] "GET /?h=113533029071600&mod=28bde6c8&uri=search.php%3Fgoods%2F1990012.shtml HTTP/1.1" 200 16283 "-" "Mozilla/5.0 (Linux; Android 6.0.1; Nexus 5X Build/MMB29P) AppleWebKit/537.36 (KHTML, like Gecko) Chrome/137.0.7151.103 Mobile Safari/537.36 (compatible; Googlebot/2.1; +http://www.google.com/bot.html)"
66.249.74.42 - - [16/Jul/2025:17:41:20 +0000] "POST /?wc-ajax=get_refreshed_fragments HTTP/1.1" 200 186 "https://sergio-cuchi.tattoo/?h=113533029071600&mod=28bde6c8&uri=search.php%3Fhobby%2Fboardgame%2Findex.html" "Mozilla/5.0 (Linux; Android 6.0.1; Nexus 5X Build/MMB29P) AppleWebKit/537.36 (KHTML, like Gecko) Chrome/137.0.7151.119 Mobile Safari/537.36 (compatible; Googlebot/2.1; +http://www.google.com/bot.html)"
66.249.74.42 - - [16/Jul/2025:17:41:21 +0000] "GET /?h=113533029071600&mod=28bde6c8&uri=search.php?goods/2023502.shtml HTTP/1.1" 301 - "-" "Mozilla/5.0 (Linux; Android 6.0.1; Nexus 5X Build/MMB29P) AppleWebKit/537.36 (KHTML, like Gecko) Chrome/137.0.7151.103 Mobile Safari/537.36 (compatible; Googlebot/2.1; +http://www.google.com/bot.html)"
66.249.74.42 - - [16/Jul/2025:17:41:21 +0000] "GET /?h=113533029071600&mod=28bde6c8&uri=search.php%3Fgoods%2F2023502.shtml HTTP/1.1" 200 16283 "-" "Mozilla/5.0 (Linux; Android 6.0.1; Nexus 5X Build/MMB29P) AppleWebKit/537.36 (KHTML, like Gecko) Chrome/137.0.7151.103 Mobile Safari/537.36 (compatible; Googlebot/2.1; +http://www.google.com/bot.html)"
66.249.74.42 - - [16/Jul/2025:17:41:22 +0000] "POST /?wc-ajax=get_refreshed_fragments HTTP/1.1" 200 186 "https://sergio-cuchi.tattoo/?h=6152915001600&mod=2fcb2666&uri=search.php%3Fgoods%2F2026288.shtml" "Mozilla/5.0 (Linux; Android 6.0.1; Nexus 5X Build/MMB29P) AppleWebKit/537.36 (KHTML, like Gecko) Chrome/137.0.7151.119 Mobile Safari/537.36 (compatible; Googlebot/2.1; +http://www.google.com/bot.html)"
66.249.74.42 - - [16/Jul/2025:17:41:23 +0000] "GET /?h=113533029071600&mod=28bde6c8&uri=search.php?goods/2023178.shtml HTTP/1.1" 301 - "-" "Mozilla/5.0 (Linux; Android 6.0.1; Nexus 5X Build/MMB29P) AppleWebKit/537.36 (KHTML, like Gecko) Chrome/137.0.7151.103 Mobile Safari/537.36 (compatible; Googlebot/2.1; +http://www.google.com/bot.html)"
66.249.74.42 - - [16/Jul/2025:17:41:23 +0000] "GET /?h=113533029071600&mod=28bde6c8&uri=search.php%3Fgoods%2F2023178.shtml HTTP/1.1" 200 16284 "-" "Mozilla/5.0 (Linux; Android 6.0.1; Nexus 5X Build/MMB29P) AppleWebKit/537.36 (KHTML, like Gecko) Chrome/137.0.7151.103 Mobile Safari/537.36 (compatible; Googlebot/2.1; +http://www.google.com/bot.html)"
66.249.74.42 - - [16/Jul/2025:17:41:26 +0000] "POST /?wc-ajax=get_refreshed_fragments HTTP/1.1" 200 186 "https://sergio-cuchi.tattoo/?h=113533029071600&mod=28bde6c8&uri=search.php%3Fgoods%2F2012458.shtml" "Mozilla/5.0 (Linux; Android 6.0.1; Nexus 5X Build/MMB29P) AppleWebKit/537.36 (KHTML, like Gecko) Chrome/137.0.7151.119 Mobile Safari/537.36 (compatible; Googlebot/2.1; +http://www.google.com/bot.html)"
66.249.74.42 - - [16/Jul/2025:17:41:27 +0000] "POST /?wc-ajax=get_refreshed_fragments HTTP/1.1" 200 186 "https://sergio-cuchi.tattoo/?h=113533029071600&mod=28bde6c8&uri=search.php%3Fgoods%2F2000732.shtml" "Mozilla/5.0 (Linux; Android 6.0.1; Nexus 5X Build/MMB29P) AppleWebKit/537.36 (KHTML, like Gecko) Chrome/137.0.7151.119 Mobile Safari/537.36 (compatible; Googlebot/2.1; +http://www.google.com/bot.html)"
66.249.74.42 - - [16/Jul/2025:17:41:27 +0000] "POST /?wc-ajax=get_refreshed_fragments HTTP/1.1" 200 186 "https://sergio-cuchi.tattoo/?h=113533029071600&mod=28bde6c8&uri=search.php%3Fgoods%2F2012804.shtml" "Mozilla/5.0 (Linux; Android 6.0.1; Nexus 5X Build/MMB29P) AppleWebKit/537.36 (KHTML, like Gecko) Chrome/137.0.7151.119 Mobile Safari/537.36 (compatible; Googlebot/2.1; +http://www.google.com/bot.html)"
66.249.74.42 - - [16/Jul/2025:17:41:27 +0000] "GET /?h=113533029071600&mod=28bde6c8&uri=search.php?goods/2000992.shtml HTTP/1.1" 301 - "-" "Mozilla/5.0 (Linux; Android 6.0.1; Nexus 5X Build/MMB29P) AppleWebKit/537.36 (KHTML, like Gecko) Chrome/137.0.7151.103 Mobile Safari/537.36 (compatible; Googlebot/2.1; +http://www.google.com/bot.html)"
66.249.74.42 - - [16/Jul/2025:17:41:28 +0000] "GET /?h=113533029071600&mod=28bde6c8&uri=search.php%3Fgoods%2F2000992.shtml HTTP/1.1" 200 16283 "-" "Mozilla/5.0 (Linux; Android 6.0.1; Nexus 5X Build/MMB29P) AppleWebKit/537.36 (KHTML, like Gecko) Chrome/137.0.7151.103 Mobile Safari/537.36 (compatible; Googlebot/2.1; +http://www.google.com/bot.html)"
66.249.74.43 - - [16/Jul/2025:17:41:31 +0000] "GET /?h=113533029071600&mod=28bde6c8&uri=search.php?goods/1991650.shtml HTTP/1.1" 301 - "-" "Mozilla/5.0 (Linux; Android 6.0.1; Nexus 5X Build/MMB29P) AppleWebKit/537.36 (KHTML, like Gecko) Chrome/137.0.7151.103 Mobile Safari/537.36 (compatible; Googlebot/2.1; +http://www.google.com/bot.html)"
66.249.74.43 - - [16/Jul/2025:17:41:32 +0000] "GET /?h=113533029071600&mod=28bde6c8&uri=search.php%3Fgoods%2F1991650.shtml HTTP/1.1" 200 16282 "-" "Mozilla/5.0 (Linux; Android 6.0.1; Nexus 5X Build/MMB29P) AppleWebKit/537.36 (KHTML, like Gecko) Chrome/137.0.7151.103 Mobile Safari/537.36 (compatible; Googlebot/2.1; +http://www.google.com/bot.html)"
66.249.74.43 - - [16/Jul/2025:17:41:32 +0000] "GET /?h=113533029071600&mod=28bde6c8&uri=search.php?man/kaitori/ansin.html HTTP/1.1" 301 - "-" "Mozilla/5.0 (Linux; Android 6.0.1; Nexus 5X Build/MMB29P) AppleWebKit/537.36 (KHTML, like Gecko) Chrome/137.0.7151.103 Mobile Safari/537.36 (compatible; Googlebot/2.1; +http://www.google.com/bot.html)"
66.249.74.43 - - [16/Jul/2025:17:41:32 +0000] "GET /?h=113533029071600&mod=28bde6c8&uri=search.php%3Fman%2Fkaitori%2Fansin.html HTTP/1.1" 200 16280 "-" "Mozilla/5.0 (Linux; Android 6.0.1; Nexus 5X Build/MMB29P) AppleWebKit/537.36 (KHTML, like Gecko) Chrome/137.0.7151.103 Mobile Safari/537.36 (compatible; Googlebot/2.1; +http://www.google.com/bot.html)"
66.249.74.43 - - [16/Jul/2025:17:41:35 +0000] "GET /?h=113533029071600&mod=28bde6c8&uri=search.php?goods/1987248.shtml HTTP/1.1" 301 - "-" "Mozilla/5.0 (Linux; Android 6.0.1; Nexus 5X Build/MMB29P) AppleWebKit/537.36 (KHTML, like Gecko) Chrome/137.0.7151.103 Mobile Safari/537.36 (compatible; Googlebot/2.1; +http://www.google.com/bot.html)"
66.249.74.42 - - [16/Jul/2025:17:41:35 +0000] "GET /?h=113533029071600&mod=28bde6c8&uri=search.php%3Fgoods%2F1987248.shtml HTTP/1.1" 200 16282 "-" "Mozilla/5.0 (Linux; Android 6.0.1; Nexus 5X Build/MMB29P) AppleWebKit/537.36 (KHTML, like Gecko) Chrome/137.0.7151.103 Mobile Safari/537.36 (compatible; Googlebot/2.1; +http://www.google.com/bot.html)"
66.249.74.43 - - [16/Jul/2025:17:41:35 +0000] "POST /?wc-ajax=get_refreshed_fragments HTTP/1.1" 200 186 "https://sergio-cuchi.tattoo/?h=113533029071600&mod=28bde6c8&uri=search.php%3Fman%2Fkaitori%2Fansin.html" "Mozilla/5.0 (Linux; Android 6.0.1; Nexus 5X Build/MMB29P) AppleWebKit/537.36 (KHTML, like Gecko) Chrome/137.0.7151.119 Mobile Safari/537.36 (compatible; Googlebot/2.1; +http://www.google.com/bot.html)"
66.249.74.42 - - [16/Jul/2025:17:41:36 +0000] "GET /?h=113533029071600&mod=28bde6c8&uri=search.php?goods/1993066.shtml HTTP/1.1" 301 - "-" "Mozilla/5.0 (Linux; Android 6.0.1; Nexus 5X Build/MMB29P) AppleWebKit/537.36 (KHTML, like Gecko) Chrome/137.0.7151.103 Mobile Safari/537.36 (compatible; Googlebot/2.1; +http://www.google.com/bot.html)"
66.249.74.42 - - [16/Jul/2025:17:41:36 +0000] "GET /?h=113533029071600&mod=28bde6c8&uri=search.php%3Fgoods%2F1993066.shtml HTTP/1.1" 200 16281 "-" "Mozilla/5.0 (Linux; Android 6.0.1; Nexus 5X Build/MMB29P) AppleWebKit/537.36 (KHTML, like Gecko) Chrome/137.0.7151.103 Mobile Safari/537.36 (compatible; Googlebot/2.1; +http://www.google.com/bot.html)"
66.249.74.42 - - [16/Jul/2025:17:41:36 +0000] "GET /?h=113533029071600&mod=28bde6c8&uri=search.php?events/ HTTP/1.1" 301 - "-" "Mozilla/5.0 (Linux; Android 6.0.1; Nexus 5X Build/MMB29P) AppleWebKit/537.36 (KHTML, like Gecko) Chrome/137.0.7151.103 Mobile Safari/537.36 (compatible; Googlebot/2.1; +http://www.google.com/bot.html)"
66.249.74.43 - - [16/Jul/2025:17:41:37 +0000] "GET /?h=113533029071600&mod=28bde6c8&uri=search.php%3Fevents%2F HTTP/1.1" 200 16283 "-" "Mozilla/5.0 (Linux; Android 6.0.1; Nexus 5X Build/MMB29P) AppleWebKit/537.36 (KHTML, like Gecko) Chrome/137.0.7151.103 Mobile Safari/537.36 (compatible; Googlebot/2.1; +http://www.google.com/bot.html)"
66.249.74.43 - - [16/Jul/2025:17:41:37 +0000] "POST /?wc-ajax=get_refreshed_fragments HTTP/1.1" 200 186 "https://sergio-cuchi.tattoo/?h=113533029071600&mod=28bde6c8&uri=search.php%3Fman%2Fcustomer_guide" "Mozilla/5.0 (Linux; Android 6.0.1; Nexus 5X Build/MMB29P) AppleWebKit/537.36 (KHTML, like Gecko) Chrome/137.0.7151.119 Mobile Safari/537.36 (compatible; Googlebot/2.1; +http://www.google.com/bot.html)"
66.249.74.42 - - [16/Jul/2025:17:41:37 +0000] "GET /?h=113533029071600&mod=28bde6c8&uri=search.php?feature/utsunomiya/index.html HTTP/1.1" 301 - "-" "Mozilla/5.0 (Linux; Android 6.0.1; Nexus 5X Build/MMB29P) AppleWebKit/537.36 (KHTML, like Gecko) Chrome/137.0.7151.103 Mobile Safari/537.36 (compatible; Googlebot/2.1; +http://www.google.com/bot.html)"
66.249.74.42 - - [16/Jul/2025:17:41:38 +0000] "GET /?h=113533029071600&mod=28bde6c8&uri=search.php%3Ffeature%2Futsunomiya%2Findex.html HTTP/1.1" 200 16283 "-" "Mozilla/5.0 (Linux; Android 6.0.1; Nexus 5X Build/MMB29P) AppleWebKit/537.36 (KHTML, like Gecko) Chrome/137.0.7151.103 Mobile Safari/537.36 (compatible; Googlebot/2.1; +http://www.google.com/bot.html)"
66.249.74.43 - - [16/Jul/2025:17:41:39 +0000] "POST /?wc-ajax=get_refreshed_fragments HTTP/1.1" 200 186 "https://sergio-cuchi.tattoo/?h=113533029071600&mod=28bde6c8&uri=search.php%3Fgoods%2F1987248.shtml" "Mozilla/5.0 (Linux; Android 6.0.1; Nexus 5X Build/MMB29P) AppleWebKit/537.36 (KHTML, like Gecko) Chrome/137.0.7151.119 Mobile Safari/537.36 (compatible; Googlebot/2.1; +http://www.google.com/bot.html)"
66.249.74.43 - - [16/Jul/2025:17:41:40 +0000] "GET /?h=113533029071600&mod=28bde6c8&uri=search.php?product_archives HTTP/1.1" 301 - "-" "Mozilla/5.0 (Linux; Android 6.0.1; Nexus 5X Build/MMB29P) AppleWebKit/537.36 (KHTML, like Gecko) Chrome/137.0.7151.103 Mobile Safari/537.36 (compatible; Googlebot/2.1; +http://www.google.com/bot.html)"
66.249.74.42 - - [16/Jul/2025:17:41:40 +0000] "GET /?h=113533029071600&mod=28bde6c8&uri=search.php%3Fproduct_archives HTTP/1.1" 200 16281 "-" "Mozilla/5.0 (Linux; Android 6.0.1; Nexus 5X Build/MMB29P) AppleWebKit/537.36 (KHTML, like Gecko) Chrome/137.0.7151.103 Mobile Safari/537.36 (compatible; Googlebot/2.1; +http://www.google.com/bot.html)"
66.249.74.43 - - [16/Jul/2025:17:41:42 +0000] "POST /?wc-ajax=get_refreshed_fragments HTTP/1.1" 200 186 "https://sergio-cuchi.tattoo/?h=113533029071600&mod=28bde6c8&uri=search.php%3Fproduct_archives" "Mozilla/5.0 (Linux; Android 6.0.1; Nexus 5X Build/MMB29P) AppleWebKit/537.36 (KHTML, like Gecko) Chrome/137.0.7151.119 Mobile Safari/537.36 (compatible; Googlebot/2.1; +http://www.google.com/bot.html)"
66.249.74.42 - - [16/Jul/2025:17:41:42 +0000] "GET /?h=113533029071600&mod=28bde6c8&uri=search.php?cd.html HTTP/1.1" 301 - "-" "Mozilla/5.0 (Linux; Android 6.0.1; Nexus 5X Build/MMB29P) AppleWebKit/537.36 (KHTML, like Gecko) Chrome/137.0.7151.103 Mobile Safari/537.36 (compatible; Googlebot/2.1; +http://www.google.com/bot.html)"
66.249.74.42 - - [16/Jul/2025:17:41:42 +0000] "GET /?h=113533029071600&mod=28bde6c8&uri=search.php%3Fcd.html HTTP/1.1" 200 16284 "-" "Mozilla/5.0 (Linux; Android 6.0.1; Nexus 5X Build/MMB29P) AppleWebKit/537.36 (KHTML, like Gecko) Chrome/137.0.7151.103 Mobile Safari/537.36 (compatible; Googlebot/2.1; +http://www.google.com/bot.html)"
66.249.74.42 - - [16/Jul/2025:17:41:44 +0000] "GET /?h=113533029071600&mod=28bde6c8&uri=search.php?goods/2000322.shtml HTTP/1.1" 301 - "-" "Mozilla/5.0 (Linux; Android 6.0.1; Nexus 5X Build/MMB29P) AppleWebKit/537.36 (KHTML, like Gecko) Chrome/137.0.7151.103 Mobile Safari/537.36 (compatible; Googlebot/2.1; +http://www.google.com/bot.html)"
66.249.74.42 - - [16/Jul/2025:17:41:45 +0000] "GET /?h=113533029071600&mod=28bde6c8&uri=search.php%3Fgoods%2F2000322.shtml HTTP/1.1" 200 16282 "-" "Mozilla/5.0 (Linux; Android 6.0.1; Nexus 5X Build/MMB29P) AppleWebKit/537.36 (KHTML, like Gecko) Chrome/137.0.7151.103 Mobile Safari/537.36 (compatible; Googlebot/2.1; +http://www.google.com/bot.html)"
66.249.74.43 - - [16/Jul/2025:17:41:45 +0000] "GET /?h=113533029071600&mod=28bde6c8&uri=search.php? HTTP/1.1" 301 - "-" "Mozilla/5.0 (Linux; Android 6.0.1; Nexus 5X Build/MMB29P) AppleWebKit/537.36 (KHTML, like Gecko) Chrome/137.0.7151.103 Mobile Safari/537.36 (compatible; Googlebot/2.1; +http://www.google.com/bot.html)"
209.74.77.214 - - [16/Jul/2025:17:41:46 +0000] "POST /wp-cron.php?doing_wp_cron=1752687706.0987160205841064453125 HTTP/1.1" 200 - "-" "WordPress/6.8.2; https://sergio-cuchi.tattoo"
66.249.74.43 - - [16/Jul/2025:17:41:45 +0000] "GET /?h=113533029071600&mod=28bde6c8&uri=search.php%3F HTTP/1.1" 200 16284 "-" "Mozilla/5.0 (Linux; Android 6.0.1; Nexus 5X Build/MMB29P) AppleWebKit/537.36 (KHTML, like Gecko) Chrome/137.0.7151.103 Mobile Safari/537.36 (compatible; Googlebot/2.1; +http://www.google.com/bot.html)"
216.73.216.2 - - [16/Jul/2025:17:41:48 +0000] "GET /goods/473512022.shtml HTTP/1.1" 404 12924 "-" "Mozilla/5.0 AppleWebKit/537.36 (KHTML, like Gecko; compatible; ClaudeBot/1.0; [email protected])"
66.249.74.43 - - [16/Jul/2025:17:41:49 +0000] "GET /?h=113533029071600&mod=28bde6c8&uri=search.php?goods/2007988.shtml HTTP/1.1" 301 - "-" "Mozilla/5.0 (Linux; Android 6.0.1; Nexus 5X Build/MMB29P) AppleWebKit/537.36 (KHTML, like Gecko) Chrome/137.0.7151.103 Mobile Safari/537.36 (compatible; Googlebot/2.1; +http://www.google.com/bot.html)"
66.249.74.42 - - [16/Jul/2025:17:41:49 +0000] "GET /?h=113533029071600&mod=28bde6c8&uri=search.php%3Fgoods%2F2007988.shtml HTTP/1.1" 200 16281 "-" "Mozilla/5.0 (Linux; Android 6.0.1; Nexus 5X Build/MMB29P) AppleWebKit/537.36 (KHTML, like Gecko) Chrome/137.0.7151.103 Mobile Safari/537.36 (compatible; Googlebot/2.1; +http://www.google.com/bot.html)"
216.73.216.2 - - [16/Jul/2025:17:41:51 +0000] "GET /goods/473062512.shtml HTTP/1.1" 404 12924 "-" "Mozilla/5.0 AppleWebKit/537.36 (KHTML, like Gecko; compatible; ClaudeBot/1.0; [email protected])"
66.249.74.43 - - [16/Jul/2025:17:41:53 +0000] "GET /?h=113533029071600&mod=28bde6c8&uri=search.php?goods/2016660.shtml HTTP/1.1" 301 - "-" "Mozilla/5.0 (Linux; Android 6.0.1; Nexus 5X Build/MMB29P) AppleWebKit/537.36 (KHTML, like Gecko) Chrome/137.0.7151.103 Mobile Safari/537.36 (compatible; Googlebot/2.1; +http://www.google.com/bot.html)"
66.249.74.43 - - [16/Jul/2025:17:41:53 +0000] "GET /?h=113533029071600&mod=28bde6c8&uri=search.php%3Fgoods%2F2016660.shtml HTTP/1.1" 200 16280 "-" "Mozilla/5.0 (Linux; Android 6.0.1; Nexus 5X Build/MMB29P) AppleWebKit/537.36 (KHTML, like Gecko) Chrome/137.0.7151.103 Mobile Safari/537.36 (compatible; Googlebot/2.1; +http://www.google.com/bot.html)"
66.249.74.42 - - [16/Jul/2025:17:41:54 +0000] "GET /?h=113533029071600&mod=28bde6c8&uri=search.php?goods/2009758.shtml HTTP/1.1" 301 - "-" "Mozilla/5.0 (Linux; Android 6.0.1; Nexus 5X Build/MMB29P) AppleWebKit/537.36 (KHTML, like Gecko) Chrome/137.0.7151.103 Mobile Safari/537.36 (compatible; Googlebot/2.1; +http://www.google.com/bot.html)"
216.73.216.2 - - [16/Jul/2025:17:41:54 +0000] "GET /goods/473320546.shtml HTTP/1.1" 404 12924 "-" "Mozilla/5.0 AppleWebKit/537.36 (KHTML, like Gecko; compatible; ClaudeBot/1.0; [email protected])"
66.249.74.42 - - [16/Jul/2025:17:41:54 +0000] "GET /?h=113533029071600&mod=28bde6c8&uri=search.php%3Fgoods%2F2009758.shtml HTTP/1.1" 200 16282 "-" "Mozilla/5.0 (Linux; Android 6.0.1; Nexus 5X Build/MMB29P) AppleWebKit/537.36 (KHTML, like Gecko) Chrome/137.0.7151.103 Mobile Safari/537.36 (compatible; Googlebot/2.1; +http://www.google.com/bot.html)"
66.249.74.43 - - [16/Jul/2025:17:41:55 +0000] "GET /?h=113533029071600&mod=28bde6c8&uri=search.php?goods/2017338.shtml HTTP/1.1" 301 - "-" "Mozilla/5.0 (Linux; Android 6.0.1; Nexus 5X Build/MMB29P) AppleWebKit/537.36 (KHTML, like Gecko) Chrome/137.0.7151.103 Mobile Safari/537.36 (compatible; Googlebot/2.1; +http://www.google.com/bot.html)"
66.249.74.42 - - [16/Jul/2025:17:41:55 +0000] "GET /?h=113533029071600&mod=28bde6c8&uri=search.php%3Fgoods%2F2017338.shtml HTTP/1.1" 200 16284 "-" "Mozilla/5.0 (Linux; Android 6.0.1; Nexus 5X Build/MMB29P) AppleWebKit/537.36 (KHTML, like Gecko) Chrome/137.0.7151.103 Mobile Safari/537.36 (compatible; Googlebot/2.1; +http://www.google.com/bot.html)"
66.249.74.42 - - [16/Jul/2025:17:41:55 +0000] "POST /?wc-ajax=get_refreshed_fragments HTTP/1.1" 200 186 "https://sergio-cuchi.tattoo/?h=113533029071600&mod=28bde6c8&uri=search.php%3Fgoods%2F2016660.shtml" "Mozilla/5.0 (Linux; Android 6.0.1; Nexus 5X Build/MMB29P) AppleWebKit/537.36 (KHTML, like Gecko) Chrome/137.0.7151.119 Mobile Safari/537.36 (compatible; Googlebot/2.1; +http://www.google.com/bot.html)"
66.249.74.43 - - [16/Jul/2025:17:41:56 +0000] "POST /?wc-ajax=get_refreshed_fragments HTTP/1.1" 200 186 "https://sergio-cuchi.tattoo/?h=113533029071600&mod=28bde6c8&uri=search.php%3Fgoods%2F2009758.shtml" "Mozilla/5.0 (Linux; Android 6.0.1; Nexus 5X Build/MMB29P) AppleWebKit/537.36 (KHTML, like Gecko) Chrome/137.0.7151.119 Mobile Safari/537.36 (compatible; Googlebot/2.1; +http://www.google.com/bot.html)"
216.73.216.2 - - [16/Jul/2025:17:41:57 +0000] "GET /goods/473386644.shtml HTTP/1.1" 404 12924 "-" "Mozilla/5.0 AppleWebKit/537.36 (KHTML, like Gecko; compatible; ClaudeBot/1.0; [email protected])"
66.249.74.43 - - [16/Jul/2025:17:41:57 +0000] "GET /?h=113533029071600&mod=28bde6c8&uri=search.php?goods/2017270.shtml HTTP/1.1" 301 - "-" "Mozilla/5.0 (Linux; Android 6.0.1; Nexus 5X Build/MMB29P) AppleWebKit/537.36 (KHTML, like Gecko) Chrome/137.0.7151.103 Mobile Safari/537.36 (compatible; Googlebot/2.1; +http://www.google.com/bot.html)"
66.249.74.43 - - [16/Jul/2025:17:41:57 +0000] "GET /?h=113533029071600&mod=28bde6c8&uri=search.php%3Fgoods%2F2017270.shtml HTTP/1.1" 200 16279 "-" "Mozilla/5.0 (Linux; Android 6.0.1; Nexus 5X Build/MMB29P) AppleWebKit/537.36 (KHTML, like Gecko) Chrome/137.0.7151.103 Mobile Safari/537.36 (compatible; Googlebot/2.1; +http://www.google.com/bot.html)"
66.249.74.32 - - [16/Jul/2025:17:41:58 +0000] "POST /?wc-ajax=get_refreshed_fragments HTTP/1.1" 200 186 "https://sergio-cuchi.tattoo/?h=113533029071600&mod=28bde6c8&uri=search.php%3F" "Mozilla/5.0 (Linux; Android 6.0.1; Nexus 5X Build/MMB29P) AppleWebKit/537.36 (KHTML, like Gecko) Chrome/137.0.7151.119 Mobile Safari/537.36 (compatible; Googlebot/2.1; +http://www.google.com/bot.html)"
66.249.74.43 - - [16/Jul/2025:17:41:58 +0000] "GET /?h=113533029071600&mod=28bde6c8&uri=search.php?goods/1997622.shtml HTTP/1.1" 301 - "-" "Mozilla/5.0 (Linux; Android 6.0.1; Nexus 5X Build/MMB29P) AppleWebKit/537.36 (KHTML, like Gecko) Chrome/137.0.7151.103 Mobile Safari/537.36 (compatible; Googlebot/2.1; +http://www.google.com/bot.html)"
66.249.74.32 - - [16/Jul/2025:17:41:58 +0000] "GET /?h=113533029071600&mod=28bde6c8&uri=search.php%3Fgoods%2F1997622.shtml HTTP/1.1" 200 16281 "-" "Mozilla/5.0 (Linux; Android 6.0.1; Nexus 5X Build/MMB29P) AppleWebKit/537.36 (KHTML, like Gecko) Chrome/137.0.7151.103 Mobile Safari/537.36 (compatible; Googlebot/2.1; +http://www.google.com/bot.html)"
66.249.74.43 - - [16/Jul/2025:17:41:59 +0000] "GET /?h=113533029071600&mod=28bde6c8&uri=search.php?toreka/toreka_single.html HTTP/1.1" 301 - "-" "Mozilla/5.0 (Linux; Android 6.0.1; Nexus 5X Build/MMB29P) AppleWebKit/537.36 (KHTML, like Gecko) Chrome/137.0.7151.103 Mobile Safari/537.36 (compatible; Googlebot/2.1; +http://www.google.com/bot.html)"
66.249.74.32 - - [16/Jul/2025:17:41:59 +0000] "GET /?h=113533029071600&mod=28bde6c8&uri=search.php%3Ftoreka%2Ftoreka_single.html HTTP/1.1" 200 16283 "-" "Mozilla/5.0 (Linux; Android 6.0.1; Nexus 5X Build/MMB29P) AppleWebKit/537.36 (KHTML, like Gecko) Chrome/137.0.7151.103 Mobile Safari/537.36 (compatible; Googlebot/2.1; +http://www.google.com/bot.html)"
