66.249.74.42 - - [16/Jul/2025:18:23:05 +0000] "GET /?h=111911419021600&mod=e22dd5da&uri=blog.php%3Fhobby%2Fnuigurumi%2Fnuigurumi.html HTTP/1.1" 200 16282 "-" "Mozilla/5.0 (Linux; Android 6.0.1; Nexus 5X Build/MMB29P) AppleWebKit/537.36 (KHTML, like Gecko) Chrome/137.0.7151.103 Mobile Safari/537.36 (compatible; Googlebot/2.1; +http://www.google.com/bot.html)"
216.73.216.2 - - [16/Jul/2025:18:23:06 +0000] "GET /goods/473277036.shtml HTTP/1.1" 404 12924 "-" "Mozilla/5.0 AppleWebKit/537.36 (KHTML, like Gecko; compatible; ClaudeBot/1.0; [email protected])"
66.249.74.42 - - [16/Jul/2025:18:23:06 +0000] "GET /?h=111911419021600&mod=e22dd5da&uri=blog.php?goods/2029406.shtml HTTP/1.1" 301 - "-" "Mozilla/5.0 (Linux; Android 6.0.1; Nexus 5X Build/MMB29P) AppleWebKit/537.36 (KHTML, like Gecko) Chrome/137.0.7151.103 Mobile Safari/537.36 (compatible; Googlebot/2.1; +http://www.google.com/bot.html)"
66.249.74.42 - - [16/Jul/2025:18:23:06 +0000] "GET /?h=111911419021600&mod=e22dd5da&uri=blog.php%3Fgoods%2F2029406.shtml HTTP/1.1" 200 16281 "-" "Mozilla/5.0 (Linux; Android 6.0.1; Nexus 5X Build/MMB29P) AppleWebKit/537.36 (KHTML, like Gecko) Chrome/137.0.7151.103 Mobile Safari/537.36 (compatible; Googlebot/2.1; +http://www.google.com/bot.html)"
66.249.74.42 - - [16/Jul/2025:18:23:08 +0000] "GET /?h=111911419021600&mod=e22dd5da&uri=blog.php?toreka/figure_menu.html HTTP/1.1" 301 - "-" "Mozilla/5.0 (Linux; Android 6.0.1; Nexus 5X Build/MMB29P) AppleWebKit/537.36 (KHTML, like Gecko) Chrome/137.0.7151.103 Mobile Safari/537.36 (compatible; Googlebot/2.1; +http://www.google.com/bot.html)"
66.249.74.42 - - [16/Jul/2025:18:23:08 +0000] "GET /?h=111911419021600&mod=e22dd5da&uri=blog.php%3Ftoreka%2Ffigure_menu.html HTTP/1.1" 200 16279 "-" "Mozilla/5.0 (Linux; Android 6.0.1; Nexus 5X Build/MMB29P) AppleWebKit/537.36 (KHTML, like Gecko) Chrome/137.0.7151.103 Mobile Safari/537.36 (compatible; Googlebot/2.1; +http://www.google.com/bot.html)"
66.249.74.42 - - [16/Jul/2025:18:23:09 +0000] "POST /?wc-ajax=get_refreshed_fragments HTTP/1.1" 200 186 "https://sergio-cuchi.tattoo/?h=111911419021600&mod=e22dd5da&uri=blog.php%3Fgoods%2F2006896.shtml" "Mozilla/5.0 (Linux; Android 6.0.1; Nexus 5X Build/MMB29P) AppleWebKit/537.36 (KHTML, like Gecko) Chrome/137.0.7151.119 Mobile Safari/537.36 (compatible; Googlebot/2.1; +http://www.google.com/bot.html)"
216.73.216.2 - - [16/Jul/2025:18:23:09 +0000] "GET /goods/473071470.shtml HTTP/1.1" 404 12924 "-" "Mozilla/5.0 AppleWebKit/537.36 (KHTML, like Gecko; compatible; ClaudeBot/1.0; [email protected])"
66.249.74.42 - - [16/Jul/2025:18:23:10 +0000] "GET /?h=111911419021600&mod=e22dd5da&uri=blog.php?goods/2026288.shtml HTTP/1.1" 301 - "-" "Mozilla/5.0 (Linux; Android 6.0.1; Nexus 5X Build/MMB29P) AppleWebKit/537.36 (KHTML, like Gecko) Chrome/137.0.7151.103 Mobile Safari/537.36 (compatible; Googlebot/2.1; +http://www.google.com/bot.html)"
66.249.74.42 - - [16/Jul/2025:18:23:10 +0000] "GET /?h=111911419021600&mod=e22dd5da&uri=blog.php%3Fgoods%2F2026288.shtml HTTP/1.1" 200 16283 "-" "Mozilla/5.0 (Linux; Android 6.0.1; Nexus 5X Build/MMB29P) AppleWebKit/537.36 (KHTML, like Gecko) Chrome/137.0.7151.103 Mobile Safari/537.36 (compatible; Googlebot/2.1; +http://www.google.com/bot.html)"
66.249.74.42 - - [16/Jul/2025:18:23:11 +0000] "GET /?h=111911419021600&mod=e22dd5da&uri=blog.php?goods/2018686.shtml HTTP/1.1" 301 - "-" "Mozilla/5.0 (Linux; Android 6.0.1; Nexus 5X Build/MMB29P) AppleWebKit/537.36 (KHTML, like Gecko) Chrome/137.0.7151.103 Mobile Safari/537.36 (compatible; Googlebot/2.1; +http://www.google.com/bot.html)"
66.249.74.42 - - [16/Jul/2025:18:23:11 +0000] "GET /?h=111911419021600&mod=e22dd5da&uri=blog.php%3Fgoods%2F2018686.shtml HTTP/1.1" 200 16282 "-" "Mozilla/5.0 (Linux; Android 6.0.1; Nexus 5X Build/MMB29P) AppleWebKit/537.36 (KHTML, like Gecko) Chrome/137.0.7151.103 Mobile Safari/537.36 (compatible; Googlebot/2.1; +http://www.google.com/bot.html)"
216.73.216.2 - - [16/Jul/2025:18:23:12 +0000] "GET /goods/473083606.shtml HTTP/1.1" 404 12924 "-" "Mozilla/5.0 AppleWebKit/537.36 (KHTML, like Gecko; compatible; ClaudeBot/1.0; [email protected])"
66.249.74.42 - - [16/Jul/2025:18:23:13 +0000] "GET /?h=111911419021600&mod=e22dd5da&uri=blog.php?vintagegame.html HTTP/1.1" 301 - "-" "Mozilla/5.0 (Linux; Android 6.0.1; Nexus 5X Build/MMB29P) AppleWebKit/537.36 (KHTML, like Gecko) Chrome/137.0.7151.103 Mobile Safari/537.36 (compatible; Googlebot/2.1; +http://www.google.com/bot.html)"
66.249.74.42 - - [16/Jul/2025:18:23:13 +0000] "GET /?h=111911419021600&mod=e22dd5da&uri=blog.php%3Fvintagegame.html HTTP/1.1" 200 16281 "-" "Mozilla/5.0 (Linux; Android 6.0.1; Nexus 5X Build/MMB29P) AppleWebKit/537.36 (KHTML, like Gecko) Chrome/137.0.7151.103 Mobile Safari/537.36 (compatible; Googlebot/2.1; +http://www.google.com/bot.html)"
66.249.74.42 - - [16/Jul/2025:18:23:15 +0000] "GET /?h=111911419021600&mod=e22dd5da&uri=blog.php?goods/2000322.shtml HTTP/1.1" 301 - "-" "Mozilla/5.0 (Linux; Android 6.0.1; Nexus 5X Build/MMB29P) AppleWebKit/537.36 (KHTML, like Gecko) Chrome/137.0.7151.103 Mobile Safari/537.36 (compatible; Googlebot/2.1; +http://www.google.com/bot.html)"
66.249.74.42 - - [16/Jul/2025:18:23:15 +0000] "GET /?h=111911419021600&mod=e22dd5da&uri=blog.php%3Fgoods%2F2000322.shtml HTTP/1.1" 200 16283 "-" "Mozilla/5.0 (Linux; Android 6.0.1; Nexus 5X Build/MMB29P) AppleWebKit/537.36 (KHTML, like Gecko) Chrome/137.0.7151.103 Mobile Safari/537.36 (compatible; Googlebot/2.1; +http://www.google.com/bot.html)"
66.249.74.42 - - [16/Jul/2025:18:23:18 +0000] "GET /?h=111911419021600&mod=e22dd5da&uri=blog.php?goods/2008666.shtml HTTP/1.1" 301 - "-" "Mozilla/5.0 (Linux; Android 6.0.1; Nexus 5X Build/MMB29P) AppleWebKit/537.36 (KHTML, like Gecko) Chrome/137.0.7151.103 Mobile Safari/537.36 (compatible; Googlebot/2.1; +http://www.google.com/bot.html)"
66.249.74.42 - - [16/Jul/2025:18:23:18 +0000] "GET /?h=111911419021600&mod=e22dd5da&uri=blog.php%3Fgoods%2F2008666.shtml HTTP/1.1" 200 16282 "-" "Mozilla/5.0 (Linux; Android 6.0.1; Nexus 5X Build/MMB29P) AppleWebKit/537.36 (KHTML, like Gecko) Chrome/137.0.7151.103 Mobile Safari/537.36 (compatible; Googlebot/2.1; +http://www.google.com/bot.html)"
66.249.74.42 - - [16/Jul/2025:18:23:20 +0000] "POST /?wc-ajax=get_refreshed_fragments HTTP/1.1" 200 186 "https://sergio-cuchi.tattoo/?h=111911419021600&mod=e22dd5da&uri=blog.php%3Fgoods%2F2008666.shtml" "Mozilla/5.0 (Linux; Android 6.0.1; Nexus 5X Build/MMB29P) AppleWebKit/537.36 (KHTML, like Gecko) Chrome/137.0.7151.119 Mobile Safari/537.36 (compatible; Googlebot/2.1; +http://www.google.com/bot.html)"
66.249.74.42 - - [16/Jul/2025:18:23:20 +0000] "POST /?wc-ajax=get_refreshed_fragments HTTP/1.1" 200 186 "https://sergio-cuchi.tattoo/?h=111911419021600&mod=e22dd5da&uri=blog.php%3Fgoods%2F2000322.shtml" "Mozilla/5.0 (Linux; Android 6.0.1; Nexus 5X Build/MMB29P) AppleWebKit/537.36 (KHTML, like Gecko) Chrome/137.0.7151.119 Mobile Safari/537.36 (compatible; Googlebot/2.1; +http://www.google.com/bot.html)"
66.249.74.42 - - [16/Jul/2025:18:23:25 +0000] "GET /?h=111911419021600&mod=e22dd5da&uri=blog.php?goods/2029666.shtml HTTP/1.1" 301 - "-" "Mozilla/5.0 (Linux; Android 6.0.1; Nexus 5X Build/MMB29P) AppleWebKit/537.36 (KHTML, like Gecko) Chrome/137.0.7151.103 Mobile Safari/537.36 (compatible; Googlebot/2.1; +http://www.google.com/bot.html)"
66.249.74.42 - - [16/Jul/2025:18:23:25 +0000] "GET /?h=111911419021600&mod=e22dd5da&uri=blog.php%3Fgoods%2F2029666.shtml HTTP/1.1" 200 16282 "-" "Mozilla/5.0 (Linux; Android 6.0.1; Nexus 5X Build/MMB29P) AppleWebKit/537.36 (KHTML, like Gecko) Chrome/137.0.7151.103 Mobile Safari/537.36 (compatible; Googlebot/2.1; +http://www.google.com/bot.html)"
66.249.74.42 - - [16/Jul/2025:18:23:27 +0000] "GET /?h=111911419021600&mod=e22dd5da&uri=blog.php?goods/2016660.shtml HTTP/1.1" 301 - "-" "Mozilla/5.0 (Linux; Android 6.0.1; Nexus 5X Build/MMB29P) AppleWebKit/537.36 (KHTML, like Gecko) Chrome/137.0.7151.103 Mobile Safari/537.36 (compatible; Googlebot/2.1; +http://www.google.com/bot.html)"
66.249.74.42 - - [16/Jul/2025:18:23:28 +0000] "GET /?h=111911419021600&mod=e22dd5da&uri=blog.php%3Fgoods%2F2016660.shtml HTTP/1.1" 200 16282 "-" "Mozilla/5.0 (Linux; Android 6.0.1; Nexus 5X Build/MMB29P) AppleWebKit/537.36 (KHTML, like Gecko) Chrome/137.0.7151.103 Mobile Safari/537.36 (compatible; Googlebot/2.1; +http://www.google.com/bot.html)"
66.249.74.42 - - [16/Jul/2025:18:23:28 +0000] "GET /?h=111911419021600&mod=e22dd5da&uri=blog.php?goods/2027704.shtml HTTP/1.1" 301 - "-" "Mozilla/5.0 (Linux; Android 6.0.1; Nexus 5X Build/MMB29P) AppleWebKit/537.36 (KHTML, like Gecko) Chrome/137.0.7151.103 Mobile Safari/537.36 (compatible; Googlebot/2.1; +http://www.google.com/bot.html)"
66.249.74.42 - - [16/Jul/2025:18:23:28 +0000] "GET /?h=111911419021600&mod=e22dd5da&uri=blog.php%3Fgoods%2F2027704.shtml HTTP/1.1" 200 16282 "-" "Mozilla/5.0 (Linux; Android 6.0.1; Nexus 5X Build/MMB29P) AppleWebKit/537.36 (KHTML, like Gecko) Chrome/137.0.7151.103 Mobile Safari/537.36 (compatible; Googlebot/2.1; +http://www.google.com/bot.html)"
66.249.74.42 - - [16/Jul/2025:18:23:30 +0000] "POST /?wc-ajax=get_refreshed_fragments HTTP/1.1" 200 186 "https://sergio-cuchi.tattoo/?h=111911419021600&mod=e22dd5da&uri=blog.php%3Fgoods%2F2016660.shtml" "Mozilla/5.0 (Linux; Android 6.0.1; Nexus 5X Build/MMB29P) AppleWebKit/537.36 (KHTML, like Gecko) Chrome/137.0.7151.119 Mobile Safari/537.36 (compatible; Googlebot/2.1; +http://www.google.com/bot.html)"
66.249.74.42 - - [16/Jul/2025:18:23:31 +0000] "GET /?h=105714449041600&mod=772adb25&uri=category-info.php?hobby.html HTTP/1.1" 301 - "-" "Mozilla/5.0 (Linux; Android 6.0.1; Nexus 5X Build/MMB29P) AppleWebKit/537.36 (KHTML, like Gecko) Chrome/137.0.7151.103 Mobile Safari/537.36 (compatible; Googlebot/2.1; +http://www.google.com/bot.html)"
66.249.74.42 - - [16/Jul/2025:18:23:31 +0000] "GET /?h=105714449041600&mod=772adb25&uri=category-info.php%3Fhobby.html HTTP/1.1" 200 16284 "-" "Mozilla/5.0 (Linux; Android 6.0.1; Nexus 5X Build/MMB29P) AppleWebKit/537.36 (KHTML, like Gecko) Chrome/137.0.7151.103 Mobile Safari/537.36 (compatible; Googlebot/2.1; +http://www.google.com/bot.html)"
66.249.74.42 - - [16/Jul/2025:18:23:32 +0000] "GET /?h=105714449041600&mod=772adb25&uri=category-info.php?goods/1983046.shtml HTTP/1.1" 301 - "-" "Mozilla/5.0 (Linux; Android 6.0.1; Nexus 5X Build/MMB29P) AppleWebKit/537.36 (KHTML, like Gecko) Chrome/137.0.7151.103 Mobile Safari/537.36 (compatible; Googlebot/2.1; +http://www.google.com/bot.html)"
66.249.74.42 - - [16/Jul/2025:18:23:32 +0000] "GET /?h=105714449041600&mod=772adb25&uri=category-info.php%3Fgoods%2F1983046.shtml HTTP/1.1" 200 16279 "-" "Mozilla/5.0 (Linux; Android 6.0.1; Nexus 5X Build/MMB29P) AppleWebKit/537.36 (KHTML, like Gecko) Chrome/137.0.7151.103 Mobile Safari/537.36 (compatible; Googlebot/2.1; +http://www.google.com/bot.html)"
66.249.74.42 - - [16/Jul/2025:18:23:32 +0000] "GET /?h=105714449041600&mod=772adb25&uri=category-info.php?feature/yokohama_maruicity/index.html HTTP/1.1" 301 - "-" "Mozilla/5.0 (Linux; Android 6.0.1; Nexus 5X Build/MMB29P) AppleWebKit/537.36 (KHTML, like Gecko) Chrome/137.0.7151.103 Mobile Safari/537.36 (compatible; Googlebot/2.1; +http://www.google.com/bot.html)"
66.249.74.42 - - [16/Jul/2025:18:23:33 +0000] "GET /?h=105714449041600&mod=772adb25&uri=category-info.php%3Ffeature%2Fyokohama_maruicity%2Findex.html HTTP/1.1" 200 16282 "-" "Mozilla/5.0 (Linux; Android 6.0.1; Nexus 5X Build/MMB29P) AppleWebKit/537.36 (KHTML, like Gecko) Chrome/137.0.7151.103 Mobile Safari/537.36 (compatible; Googlebot/2.1; +http://www.google.com/bot.html)"
66.249.74.42 - - [16/Jul/2025:18:23:33 +0000] "GET /?h=105714449041600&mod=772adb25&uri=category-info.php?goods/2033868.shtml HTTP/1.1" 301 - "-" "Mozilla/5.0 (Linux; Android 6.0.1; Nexus 5X Build/MMB29P) AppleWebKit/537.36 (KHTML, like Gecko) Chrome/137.0.7151.103 Mobile Safari/537.36 (compatible; Googlebot/2.1; +http://www.google.com/bot.html)"
66.249.74.42 - - [16/Jul/2025:18:23:33 +0000] "GET /?h=105714449041600&mod=772adb25&uri=category-info.php%3Fgoods%2F2033868.shtml HTTP/1.1" 200 16282 "-" "Mozilla/5.0 (Linux; Android 6.0.1; Nexus 5X Build/MMB29P) AppleWebKit/537.36 (KHTML, like Gecko) Chrome/137.0.7151.103 Mobile Safari/537.36 (compatible; Googlebot/2.1; +http://www.google.com/bot.html)"
66.249.74.42 - - [16/Jul/2025:18:23:34 +0000] "GET /?h=105714449041600&mod=772adb25&uri=category-info.php?goods/1987248.shtml HTTP/1.1" 301 - "-" "Mozilla/5.0 (Linux; Android 6.0.1; Nexus 5X Build/MMB29P) AppleWebKit/537.36 (KHTML, like Gecko) Chrome/137.0.7151.103 Mobile Safari/537.36 (compatible; Googlebot/2.1; +http://www.google.com/bot.html)"
66.249.74.42 - - [16/Jul/2025:18:23:34 +0000] "GET /?h=105714449041600&mod=772adb25&uri=category-info.php%3Fgoods%2F1987248.shtml HTTP/1.1" 200 16281 "-" "Mozilla/5.0 (Linux; Android 6.0.1; Nexus 5X Build/MMB29P) AppleWebKit/537.36 (KHTML, like Gecko) Chrome/137.0.7151.103 Mobile Safari/537.36 (compatible; Googlebot/2.1; +http://www.google.com/bot.html)"
66.249.74.43 - - [16/Jul/2025:18:23:37 +0000] "GET /?h=105714449041600&mod=772adb25&uri=category-info.php?goods/2025196.shtml HTTP/1.1" 301 - "-" "Mozilla/5.0 (Linux; Android 6.0.1; Nexus 5X Build/MMB29P) AppleWebKit/537.36 (KHTML, like Gecko) Chrome/137.0.7151.103 Mobile Safari/537.36 (compatible; Googlebot/2.1; +http://www.google.com/bot.html)"
66.249.74.42 - - [16/Jul/2025:18:23:37 +0000] "GET /?h=105714449041600&mod=772adb25&uri=category-info.php%3Fgoods%2F2025196.shtml HTTP/1.1" 200 16285 "-" "Mozilla/5.0 (Linux; Android 6.0.1; Nexus 5X Build/MMB29P) AppleWebKit/537.36 (KHTML, like Gecko) Chrome/137.0.7151.103 Mobile Safari/537.36 (compatible; Googlebot/2.1; +http://www.google.com/bot.html)"
66.249.74.42 - - [16/Jul/2025:18:23:37 +0000] "GET /?h=105714449041600&mod=772adb25&uri=category-info.php?goods/2002084.shtml HTTP/1.1" 301 - "-" "Mozilla/5.0 (Linux; Android 6.0.1; Nexus 5X Build/MMB29P) AppleWebKit/537.36 (KHTML, like Gecko) Chrome/137.0.7151.103 Mobile Safari/537.36 (compatible; Googlebot/2.1; +http://www.google.com/bot.html)"
66.249.74.43 - - [16/Jul/2025:18:23:37 +0000] "GET /?h=105714449041600&mod=772adb25&uri=category-info.php%3Fgoods%2F2002084.shtml HTTP/1.1" 200 16282 "-" "Mozilla/5.0 (Linux; Android 6.0.1; Nexus 5X Build/MMB29P) AppleWebKit/537.36 (KHTML, like Gecko) Chrome/137.0.7151.103 Mobile Safari/537.36 (compatible; Googlebot/2.1; +http://www.google.com/bot.html)"
66.249.74.43 - - [16/Jul/2025:18:23:38 +0000] "POST /?wc-ajax=get_refreshed_fragments HTTP/1.1" 200 186 "https://sergio-cuchi.tattoo/?h=111911419021600&mod=e22dd5da&uri=blog.php%3Ftoreka%2Ffigure_menu.html" "Mozilla/5.0 (Linux; Android 6.0.1; Nexus 5X Build/MMB29P) AppleWebKit/537.36 (KHTML, like Gecko) Chrome/137.0.7151.119 Mobile Safari/537.36 (compatible; Googlebot/2.1; +http://www.google.com/bot.html)"
66.249.74.42 - - [16/Jul/2025:18:23:38 +0000] "GET /?h=105714449041600&mod=772adb25&uri=category-info.php?goods/1997268.shtml HTTP/1.1" 301 - "-" "Mozilla/5.0 (Linux; Android 6.0.1; Nexus 5X Build/MMB29P) AppleWebKit/537.36 (KHTML, like Gecko) Chrome/137.0.7151.103 Mobile Safari/537.36 (compatible; Googlebot/2.1; +http://www.google.com/bot.html)"
66.249.74.43 - - [16/Jul/2025:18:23:38 +0000] "GET /?h=105714449041600&mod=772adb25&uri=category-info.php%3Fgoods%2F1997268.shtml HTTP/1.1" 200 16283 "-" "Mozilla/5.0 (Linux; Android 6.0.1; Nexus 5X Build/MMB29P) AppleWebKit/537.36 (KHTML, like Gecko) Chrome/137.0.7151.103 Mobile Safari/537.36 (compatible; Googlebot/2.1; +http://www.google.com/bot.html)"
66.249.74.42 - - [16/Jul/2025:18:23:39 +0000] "POST /?wc-ajax=get_refreshed_fragments HTTP/1.1" 200 186 "https://sergio-cuchi.tattoo/?h=105714449041600&mod=772adb25&uri=category-info.php%3Fgoods%2F2025196.shtml" "Mozilla/5.0 (Linux; Android 6.0.1; Nexus 5X Build/MMB29P) AppleWebKit/537.36 (KHTML, like Gecko) Chrome/137.0.7151.119 Mobile Safari/537.36 (compatible; Googlebot/2.1; +http://www.google.com/bot.html)"
66.249.74.43 - - [16/Jul/2025:18:23:40 +0000] "GET /?h=105714449041600&mod=772adb25&uri=category-info.php?feature/index.html HTTP/1.1" 301 - "-" "Mozilla/5.0 (Linux; Android 6.0.1; Nexus 5X Build/MMB29P) AppleWebKit/537.36 (KHTML, like Gecko) Chrome/137.0.7151.103 Mobile Safari/537.36 (compatible; Googlebot/2.1; +http://www.google.com/bot.html)"
66.249.74.42 - - [16/Jul/2025:18:23:40 +0000] "GET /?h=105714449041600&mod=772adb25&uri=category-info.php%3Ffeature%2Findex.html HTTP/1.1" 200 16282 "-" "Mozilla/5.0 (Linux; Android 6.0.1; Nexus 5X Build/MMB29P) AppleWebKit/537.36 (KHTML, like Gecko) Chrome/137.0.7151.103 Mobile Safari/537.36 (compatible; Googlebot/2.1; +http://www.google.com/bot.html)"
66.249.74.43 - - [16/Jul/2025:18:23:40 +0000] "POST /?wc-ajax=get_refreshed_fragments HTTP/1.1" 200 186 "https://sergio-cuchi.tattoo/?h=111911419021600&mod=e22dd5da&uri=blog.php%3Fgoods%2F2018686.shtml" "Mozilla/5.0 (Linux; Android 6.0.1; Nexus 5X Build/MMB29P) AppleWebKit/537.36 (KHTML, like Gecko) Chrome/137.0.7151.119 Mobile Safari/537.36 (compatible; Googlebot/2.1; +http://www.google.com/bot.html)"
66.249.74.43 - - [16/Jul/2025:18:23:40 +0000] "POST /?wc-ajax=get_refreshed_fragments HTTP/1.1" 200 186 "https://sergio-cuchi.tattoo/?h=105714449041600&mod=772adb25&uri=category-info.php%3Fgoods%2F1997268.shtml" "Mozilla/5.0 (Linux; Android 6.0.1; Nexus 5X Build/MMB29P) AppleWebKit/537.36 (KHTML, like Gecko) Chrome/137.0.7151.119 Mobile Safari/537.36 (compatible; Googlebot/2.1; +http://www.google.com/bot.html)"
66.249.74.43 - - [16/Jul/2025:18:23:41 +0000] "GET /?h=105714449041600&mod=772adb25&uri=category-info.php?goods/1984138.shtml HTTP/1.1" 301 - "-" "Mozilla/5.0 (Linux; Android 6.0.1; Nexus 5X Build/MMB29P) AppleWebKit/537.36 (KHTML, like Gecko) Chrome/137.0.7151.103 Mobile Safari/537.36 (compatible; Googlebot/2.1; +http://www.google.com/bot.html)"
66.249.74.42 - - [16/Jul/2025:18:23:41 +0000] "GET /?h=105714449041600&mod=772adb25&uri=category-info.php%3Fgoods%2F1984138.shtml HTTP/1.1" 200 16283 "-" "Mozilla/5.0 (Linux; Android 6.0.1; Nexus 5X Build/MMB29P) AppleWebKit/537.36 (KHTML, like Gecko) Chrome/137.0.7151.103 Mobile Safari/537.36 (compatible; Googlebot/2.1; +http://www.google.com/bot.html)"
66.249.74.43 - - [16/Jul/2025:18:23:43 +0000] "GET /?h=105714449041600&mod=772adb25&uri=category-info.php?goods/1986902.shtml HTTP/1.1" 301 - "-" "Mozilla/5.0 (Linux; Android 6.0.1; Nexus 5X Build/MMB29P) AppleWebKit/537.36 (KHTML, like Gecko) Chrome/137.0.7151.103 Mobile Safari/537.36 (compatible; Googlebot/2.1; +http://www.google.com/bot.html)"
66.249.74.43 - - [16/Jul/2025:18:23:43 +0000] "GET /?h=105714449041600&mod=772adb25&uri=category-info.php%3Fgoods%2F1986902.shtml HTTP/1.1" 200 16282 "-" "Mozilla/5.0 (Linux; Android 6.0.1; Nexus 5X Build/MMB29P) AppleWebKit/537.36 (KHTML, like Gecko) Chrome/137.0.7151.103 Mobile Safari/537.36 (compatible; Googlebot/2.1; +http://www.google.com/bot.html)"
66.249.74.43 - - [16/Jul/2025:18:23:44 +0000] "POST /?wc-ajax=get_refreshed_fragments HTTP/1.1" 200 186 "https://sergio-cuchi.tattoo/?h=105714449041600&mod=772adb25&uri=category-info.php%3Fgoods%2F1986902.shtml" "Mozilla/5.0 AppleWebKit/537.36 (KHTML, like Gecko; compatible; Googlebot/2.1; +http://www.google.com/bot.html) Chrome/137.0.7151.119 Safari/537.36"
209.74.77.214 - - [16/Jul/2025:18:23:46 +0000] "POST /wp-cron.php?doing_wp_cron=1752690226.7541840076446533203125 HTTP/1.1" 200 - "-" "WordPress/6.8.2; https://sergio-cuchi.tattoo"
66.249.74.43 - - [16/Jul/2025:18:23:46 +0000] "GET /?h=105714449041600&mod=772adb25&uri=category-info.php?goods/1999038.shtml HTTP/1.1" 301 - "-" "Mozilla/5.0 (Linux; Android 6.0.1; Nexus 5X Build/MMB29P) AppleWebKit/537.36 (KHTML, like Gecko) Chrome/137.0.7151.103 Mobile Safari/537.36 (compatible; Googlebot/2.1; +http://www.google.com/bot.html)"
66.249.74.43 - - [16/Jul/2025:18:23:46 +0000] "GET /?h=105714449041600&mod=772adb25&uri=category-info.php%3Fgoods%2F1999038.shtml HTTP/1.1" 200 16282 "-" "Mozilla/5.0 (Linux; Android 6.0.1; Nexus 5X Build/MMB29P) AppleWebKit/537.36 (KHTML, like Gecko) Chrome/137.0.7151.103 Mobile Safari/537.36 (compatible; Googlebot/2.1; +http://www.google.com/bot.html)"
66.249.74.43 - - [16/Jul/2025:18:23:47 +0000] "GET /?h=105714449041600&mod=772adb25&uri=category-info.php?goods/2002438.shtml HTTP/1.1" 301 - "-" "Mozilla/5.0 (Linux; Android 6.0.1; Nexus 5X Build/MMB29P) AppleWebKit/537.36 (KHTML, like Gecko) Chrome/137.0.7151.103 Mobile Safari/537.36 (compatible; Googlebot/2.1; +http://www.google.com/bot.html)"
66.249.74.42 - - [16/Jul/2025:18:23:47 +0000] "GET /?h=105714449041600&mod=772adb25&uri=category-info.php%3Fgoods%2F2002438.shtml HTTP/1.1" 200 16283 "-" "Mozilla/5.0 (Linux; Android 6.0.1; Nexus 5X Build/MMB29P) AppleWebKit/537.36 (KHTML, like Gecko) Chrome/137.0.7151.103 Mobile Safari/537.36 (compatible; Googlebot/2.1; +http://www.google.com/bot.html)"
66.249.74.42 - - [16/Jul/2025:18:23:48 +0000] "GET /?h=105714449041600&mod=772adb25&uri=category-info.php?goods/2014830.shtml HTTP/1.1" 301 - "-" "Mozilla/5.0 (Linux; Android 6.0.1; Nexus 5X Build/MMB29P) AppleWebKit/537.36 (KHTML, like Gecko) Chrome/137.0.7151.103 Mobile Safari/537.36 (compatible; Googlebot/2.1; +http://www.google.com/bot.html)"
66.249.74.43 - - [16/Jul/2025:18:23:48 +0000] "GET /?h=105714449041600&mod=772adb25&uri=category-info.php%3Fgoods%2F2014830.shtml HTTP/1.1" 200 16284 "-" "Mozilla/5.0 (Linux; Android 6.0.1; Nexus 5X Build/MMB29P) AppleWebKit/537.36 (KHTML, like Gecko) Chrome/137.0.7151.103 Mobile Safari/537.36 (compatible; Googlebot/2.1; +http://www.google.com/bot.html)"
66.249.74.42 - - [16/Jul/2025:18:23:49 +0000] "POST /?wc-ajax=get_refreshed_fragments HTTP/1.1" 200 186 "https://sergio-cuchi.tattoo/?h=105714449041600&mod=772adb25&uri=category-info.php%3Fgoods%2F1999038.shtml" "Mozilla/5.0 (Linux; Android 6.0.1; Nexus 5X Build/MMB29P) AppleWebKit/537.36 (KHTML, like Gecko) Chrome/137.0.7151.119 Mobile Safari/537.36 (compatible; Googlebot/2.1; +http://www.google.com/bot.html)"
66.249.74.43 - - [16/Jul/2025:18:23:50 +0000] "GET /?h=105714449041600&mod=772adb25&uri=category-info.php?goods/2026612.shtml HTTP/1.1" 301 - "-" "Mozilla/5.0 (Linux; Android 6.0.1; Nexus 5X Build/MMB29P) AppleWebKit/537.36 (KHTML, like Gecko) Chrome/137.0.7151.103 Mobile Safari/537.36 (compatible; Googlebot/2.1; +http://www.google.com/bot.html)"
66.249.74.43 - - [16/Jul/2025:18:23:50 +0000] "GET /?h=105714449041600&mod=772adb25&uri=category-info.php%3Fgoods%2F2026612.shtml HTTP/1.1" 200 16282 "-" "Mozilla/5.0 (Linux; Android 6.0.1; Nexus 5X Build/MMB29P) AppleWebKit/537.36 (KHTML, like Gecko) Chrome/137.0.7151.103 Mobile Safari/537.36 (compatible; Googlebot/2.1; +http://www.google.com/bot.html)"
66.249.74.42 - - [16/Jul/2025:18:23:51 +0000] "GET /?h=105714449041600&mod=772adb25&uri=category-info.php?%3Fid%3D3528046-292%26name%3Dwomens+tr HTTP/1.1" 301 - "-" "Mozilla/5.0 (Linux; Android 6.0.1; Nexus 5X Build/MMB29P) AppleWebKit/537.36 (KHTML, like Gecko) Chrome/137.0.7151.103 Mobile Safari/537.36 (compatible; Googlebot/2.1; +http://www.google.com/bot.html)"
66.249.74.32 - - [16/Jul/2025:18:23:52 +0000] "GET /?h=105714449041600&mod=772adb25&uri=category-info.php%3F%3Fid%3D3528046-292%26name%3Dwomens%20tr HTTP/1.1" 200 16286 "-" "Mozilla/5.0 (Linux; Android 6.0.1; Nexus 5X Build/MMB29P) AppleWebKit/537.36 (KHTML, like Gecko) Chrome/137.0.7151.103 Mobile Safari/537.36 (compatible; Googlebot/2.1; +http://www.google.com/bot.html)"
57.141.2.18 - - [16/Jul/2025:18:23:52 +0000] "GET /?h=110741589041600& HTTP/1.1" 301 - "-" "meta-externalagent/1.1 (+https://developers.facebook.com/docs/sharing/webmasters/crawler)"
66.249.74.43 - - [16/Jul/2025:18:23:53 +0000] "GET /?h=105714449041600&mod=772adb25&uri=category-info.php?goods/2030758.shtml HTTP/1.1" 301 - "-" "Mozilla/5.0 (Linux; Android 6.0.1; Nexus 5X Build/MMB29P) AppleWebKit/537.36 (KHTML, like Gecko) Chrome/137.0.7151.103 Mobile Safari/537.36 (compatible; Googlebot/2.1; +http://www.google.com/bot.html)"
66.249.74.43 - - [16/Jul/2025:18:23:53 +0000] "GET /?h=105714449041600&mod=772adb25&uri=category-info.php%3Fgoods%2F2030758.shtml HTTP/1.1" 200 16283 "-" "Mozilla/5.0 (Linux; Android 6.0.1; Nexus 5X Build/MMB29P) AppleWebKit/537.36 (KHTML, like Gecko) Chrome/137.0.7151.103 Mobile Safari/537.36 (compatible; Googlebot/2.1; +http://www.google.com/bot.html)"
66.249.74.42 - - [16/Jul/2025:18:23:55 +0000] "GET /?h=105714449041600&mod=772adb25&uri=category-info.php?events/ HTTP/1.1" 301 - "-" "Mozilla/5.0 (Linux; Android 6.0.1; Nexus 5X Build/MMB29P) AppleWebKit/537.36 (KHTML, like Gecko) Chrome/137.0.7151.103 Mobile Safari/537.36 (compatible; Googlebot/2.1; +http://www.google.com/bot.html)"
66.249.74.43 - - [16/Jul/2025:18:23:55 +0000] "GET /?h=105714449041600&mod=772adb25&uri=category-info.php%3Fevents%2F HTTP/1.1" 200 16282 "-" "Mozilla/5.0 (Linux; Android 6.0.1; Nexus 5X Build/MMB29P) AppleWebKit/537.36 (KHTML, like Gecko) Chrome/137.0.7151.103 Mobile Safari/537.36 (compatible; Googlebot/2.1; +http://www.google.com/bot.html)"
57.141.2.4 - - [16/Jul/2025:18:23:56 +0000] "GET /?h=50342803041600& HTTP/1.1" 301 - "-" "meta-externalagent/1.1 (+https://developers.facebook.com/docs/sharing/webmasters/crawler)"
66.249.74.43 - - [16/Jul/2025:18:23:56 +0000] "GET /?h=105714449041600&mod=772adb25&uri=category-info.php?goods/2022824.shtml HTTP/1.1" 301 - "-" "Mozilla/5.0 (Linux; Android 6.0.1; Nexus 5X Build/MMB29P) AppleWebKit/537.36 (KHTML, like Gecko) Chrome/137.0.7151.103 Mobile Safari/537.36 (compatible; Googlebot/2.1; +http://www.google.com/bot.html)"
66.249.74.42 - - [16/Jul/2025:18:23:57 +0000] "GET /?h=105714449041600&mod=772adb25&uri=category-info.php%3Fgoods%2F2022824.shtml HTTP/1.1" 200 16280 "-" "Mozilla/5.0 (Linux; Android 6.0.1; Nexus 5X Build/MMB29P) AppleWebKit/537.36 (KHTML, like Gecko) Chrome/137.0.7151.103 Mobile Safari/537.36 (compatible; Googlebot/2.1; +http://www.google.com/bot.html)"
66.249.74.42 - - [16/Jul/2025:18:24:00 +0000] "GET /?h=105714449041600&mod=772adb25&uri=category-info.php?goods/2033544.shtml HTTP/1.1" 301 - "-" "Mozilla/5.0 (Linux; Android 6.0.1; Nexus 5X Build/MMB29P) AppleWebKit/537.36 (KHTML, like Gecko) Chrome/137.0.7151.103 Mobile Safari/537.36 (compatible; Googlebot/2.1; +http://www.google.com/bot.html)"
66.249.74.42 - - [16/Jul/2025:18:24:00 +0000] "GET /?h=105714449041600&mod=772adb25&uri=category-info.php%3Fgoods%2F2033544.shtml HTTP/1.1" 200 16283 "-" "Mozilla/5.0 (Linux; Android 6.0.1; Nexus 5X Build/MMB29P) AppleWebKit/537.36 (KHTML, like Gecko) Chrome/137.0.7151.103 Mobile Safari/537.36 (compatible; Googlebot/2.1; +http://www.google.com/bot.html)"
66.249.74.43 - - [16/Jul/2025:18:24:01 +0000] "GET /?h=105714449041600&mod=772adb25&uri=category-info.php?man/kaitori/ansin.html HTTP/1.1" 301 - "-" "Mozilla/5.0 (Linux; Android 6.0.1; Nexus 5X Build/MMB29P) AppleWebKit/537.36 (KHTML, like Gecko) Chrome/137.0.7151.103 Mobile Safari/537.36 (compatible; Googlebot/2.1; +http://www.google.com/bot.html)"
66.249.74.43 - - [16/Jul/2025:18:24:01 +0000] "GET /?h=105714449041600&mod=772adb25&uri=category-info.php%3Fman%2Fkaitori%2Fansin.html HTTP/1.1" 200 16283 "-" "Mozilla/5.0 (Linux; Android 6.0.1; Nexus 5X Build/MMB29P) AppleWebKit/537.36 (KHTML, like Gecko) Chrome/137.0.7151.103 Mobile Safari/537.36 (compatible; Googlebot/2.1; +http://www.google.com/bot.html)"
216.73.216.2 - - [16/Jul/2025:18:24:02 +0000] "GET /goods/473571056.shtml HTTP/1.1" 404 12924 "-" "Mozilla/5.0 AppleWebKit/537.36 (KHTML, like Gecko; compatible; ClaudeBot/1.0; [email protected])"
57.141.2.8 - - [16/Jul/2025:18:24:02 +0000] "GET /?h=94840708071600& HTTP/1.1" 301 - "-" "meta-externalagent/1.1 (+https://developers.facebook.com/docs/sharing/webmasters/crawler)"
66.249.74.42 - - [16/Jul/2025:18:24:03 +0000] "GET /?h=105714449041600&mod=772adb25&uri=category-info.php?oreka/plamodel_menu.html HTTP/1.1" 301 - "-" "Mozilla/5.0 (Linux; Android 6.0.1; Nexus 5X Build/MMB29P) AppleWebKit/537.36 (KHTML, like Gecko) Chrome/137.0.7151.103 Mobile Safari/537.36 (compatible; Googlebot/2.1; +http://www.google.com/bot.html)"
57.141.2.8 - - [16/Jul/2025:18:24:03 +0000] "GET /?h=25780641001600& HTTP/1.1" 301 - "-" "meta-externalagent/1.1 (+https://developers.facebook.com/docs/sharing/webmasters/crawler)"
66.249.74.42 - - [16/Jul/2025:18:24:03 +0000] "GET /?h=105714449041600&mod=772adb25&uri=category-info.php%3Foreka%2Fplamodel_menu.html HTTP/1.1" 200 16284 "-" "Mozilla/5.0 (Linux; Android 6.0.1; Nexus 5X Build/MMB29P) AppleWebKit/537.36 (KHTML, like Gecko) Chrome/137.0.7151.103 Mobile Safari/537.36 (compatible; Googlebot/2.1; +http://www.google.com/bot.html)"
66.249.74.43 - - [16/Jul/2025:18:24:04 +0000] "POST /?wc-ajax=get_refreshed_fragments HTTP/1.1" 200 186 "https://sergio-cuchi.tattoo/?h=105714449041600&mod=772adb25&uri=category-info.php%3Fman%2Fkaitori%2Fansin.html" "Mozilla/5.0 (Linux; Android 6.0.1; Nexus 5X Build/MMB29P) AppleWebKit/537.36 (KHTML, like Gecko) Chrome/137.0.7151.119 Mobile Safari/537.36 (compatible; Googlebot/2.1; +http://www.google.com/bot.html)"
66.249.74.43 - - [16/Jul/2025:18:24:04 +0000] "GET /?h=105714449041600&mod=772adb25&uri=category-info.php? HTTP/1.1" 301 - "-" "Mozilla/5.0 (Linux; Android 6.0.1; Nexus 5X Build/MMB29P) AppleWebKit/537.36 (KHTML, like Gecko) Chrome/137.0.7151.103 Mobile Safari/537.36 (compatible; Googlebot/2.1; +http://www.google.com/bot.html)"
57.141.2.13 - - [16/Jul/2025:18:24:04 +0000] "GET /?h=50342803041600 HTTP/1.1" 200 97952 "-" "meta-externalagent/1.1 (+https://developers.facebook.com/docs/sharing/webmasters/crawler)"
66.249.74.43 - - [16/Jul/2025:18:24:04 +0000] "GET /?h=105714449041600&mod=772adb25&uri=category-info.php%3F HTTP/1.1" 200 16281 "-" "Mozilla/5.0 (Linux; Android 6.0.1; Nexus 5X Build/MMB29P) AppleWebKit/537.36 (KHTML, like Gecko) Chrome/137.0.7151.103 Mobile Safari/537.36 (compatible; Googlebot/2.1; +http://www.google.com/bot.html)"
66.249.74.42 - - [16/Jul/2025:18:24:05 +0000] "GET /?h=105714449041600&mod=772adb25&uri=category-info.php?affiliate HTTP/1.1" 301 - "-" "Mozilla/5.0 (Linux; Android 6.0.1; Nexus 5X Build/MMB29P) AppleWebKit/537.36 (KHTML, like Gecko) Chrome/137.0.7151.103 Mobile Safari/537.36 (compatible; Googlebot/2.1; +http://www.google.com/bot.html)"
216.73.216.2 - - [16/Jul/2025:18:24:05 +0000] "GET /goods/473110510.shtml HTTP/1.1" 404 12924 "-" "Mozilla/5.0 AppleWebKit/537.36 (KHTML, like Gecko; compatible; ClaudeBot/1.0; [email protected])"
66.249.74.42 - - [16/Jul/2025:18:24:05 +0000] "GET /?h=105714449041600&mod=772adb25&uri=category-info.php%3Faffiliate HTTP/1.1" 200 16283 "-" "Mozilla/5.0 (Linux; Android 6.0.1; Nexus 5X Build/MMB29P) AppleWebKit/537.36 (KHTML, like Gecko) Chrome/137.0.7151.103 Mobile Safari/537.36 (compatible; Googlebot/2.1; +http://www.google.com/bot.html)"
57.141.2.9 - - [16/Jul/2025:18:24:06 +0000] "GET /?h=6961694001600& HTTP/1.1" 301 - "-" "meta-externalagent/1.1 (+https://developers.facebook.com/docs/sharing/webmasters/crawler)"
66.249.74.42 - - [16/Jul/2025:18:24:07 +0000] "GET /?h=105714449041600&mod=772adb25&uri=category-info.php?goods/2012804.shtml HTTP/1.1" 301 - "-" "Mozilla/5.0 (Linux; Android 6.0.1; Nexus 5X Build/MMB29P) AppleWebKit/537.36 (KHTML, like Gecko) Chrome/137.0.7151.103 Mobile Safari/537.36 (compatible; Googlebot/2.1; +http://www.google.com/bot.html)"
66.249.74.42 - - [16/Jul/2025:18:24:07 +0000] "GET /?h=105714449041600&mod=772adb25&uri=category-info.php%3Fgoods%2F2012804.shtml HTTP/1.1" 200 16282 "-" "Mozilla/5.0 (Linux; Android 6.0.1; Nexus 5X Build/MMB29P) AppleWebKit/537.36 (KHTML, like Gecko) Chrome/137.0.7151.103 Mobile Safari/537.36 (compatible; Googlebot/2.1; +http://www.google.com/bot.html)"
57.141.2.6 - - [16/Jul/2025:18:24:08 +0000] "GET /?h=60586373041600& HTTP/1.1" 301 - "-" "meta-externalagent/1.1 (+https://developers.facebook.com/docs/sharing/webmasters/crawler)"
216.73.216.2 - - [16/Jul/2025:18:24:08 +0000] "GET /goods/473172730.shtml HTTP/1.1" 404 12924 "-" "Mozilla/5.0 AppleWebKit/537.36 (KHTML, like Gecko; compatible; ClaudeBot/1.0; [email protected])"
66.249.74.42 - - [16/Jul/2025:18:24:08 +0000] "GET /?h=105714449041600&mod=772adb25&uri=category-info.php?feature/akihabara_main/index.html HTTP/1.1" 301 - "-" "Mozilla/5.0 (Linux; Android 6.0.1; Nexus 5X Build/MMB29P) AppleWebKit/537.36 (KHTML, like Gecko) Chrome/137.0.7151.103 Mobile Safari/537.36 (compatible; Googlebot/2.1; +http://www.google.com/bot.html)"
66.249.74.42 - - [16/Jul/2025:18:24:09 +0000] "GET /?h=105714449041600&mod=772adb25&uri=category-info.php%3Ffeature%2Fakihabara_main%2Findex.html HTTP/1.1" 200 16284 "-" "Mozilla/5.0 (Linux; Android 6.0.1; Nexus 5X Build/MMB29P) AppleWebKit/537.36 (KHTML, like Gecko) Chrome/137.0.7151.103 Mobile Safari/537.36 (compatible; Googlebot/2.1; +http://www.google.com/bot.html)"
57.141.2.25 - - [16/Jul/2025:18:24:10 +0000] "GET /?h=110238266041600& HTTP/1.1" 301 - "-" "meta-externalagent/1.1 (+https://developers.facebook.com/docs/sharing/webmasters/crawler)"
66.249.74.42 - - [16/Jul/2025:18:24:10 +0000] "GET /?h=105714449041600&mod=772adb25&uri=category-info.php?man/customer_guide HTTP/1.1" 301 - "-" "Mozilla/5.0 (Linux; Android 6.0.1; Nexus 5X Build/MMB29P) AppleWebKit/537.36 (KHTML, like Gecko) Chrome/137.0.7151.103 Mobile Safari/537.36 (compatible; Googlebot/2.1; +http://www.google.com/bot.html)"
66.249.74.42 - - [16/Jul/2025:18:24:10 +0000] "GET /?h=105714449041600&mod=772adb25&uri=category-info.php%3Fman%2Fcustomer_guide HTTP/1.1" 200 16282 "-" "Mozilla/5.0 (Linux; Android 6.0.1; Nexus 5X Build/MMB29P) AppleWebKit/537.36 (KHTML, like Gecko) Chrome/137.0.7151.103 Mobile Safari/537.36 (compatible; Googlebot/2.1; +http://www.google.com/bot.html)"
66.249.74.42 - - [16/Jul/2025:18:24:11 +0000] "POST /?wc-ajax=get_refreshed_fragments HTTP/1.1" 200 186 "https://sergio-cuchi.tattoo/?h=105714449041600&mod=772adb25&uri=category-info.php%3Ffeature%2Fakihabara_main%2Findex.html" "Mozilla/5.0 (Linux; Android 6.0.1; Nexus 5X Build/MMB29P) AppleWebKit/537.36 (KHTML, like Gecko) Chrome/137.0.7151.119 Mobile Safari/537.36 (compatible; Googlebot/2.1; +http://www.google.com/bot.html)"
216.73.216.2 - - [16/Jul/2025:18:24:11 +0000] "GET /goods/473220442.shtml HTTP/1.1" 404 12924 "-" "Mozilla/5.0 AppleWebKit/537.36 (KHTML, like Gecko; compatible; ClaudeBot/1.0; [email protected])"
66.249.74.42 - - [16/Jul/2025:18:24:12 +0000] "GET /?h=105714449041600&mod=772adb25&uri=category-info.php?goods/1991040.shtml HTTP/1.1" 301 - "-" "Mozilla/5.0 (Linux; Android 6.0.1; Nexus 5X Build/MMB29P) AppleWebKit/537.36 (KHTML, like Gecko) Chrome/137.0.7151.103 Mobile Safari/537.36 (compatible; Googlebot/2.1; +http://www.google.com/bot.html)"
66.249.79.170 - - [16/Jul/2025:18:24:12 +0000] "GET /?h=105714449041600&mod=772adb25&uri=category-info.php%3Fgoods%2F1991040.shtml HTTP/1.1" 200 16284 "-" "Mozilla/5.0 (Linux; Android 6.0.1; Nexus 5X Build/MMB29P) AppleWebKit/537.36 (KHTML, like Gecko) Chrome/137.0.7151.103 Mobile Safari/537.36 (compatible; Googlebot/2.1; +http://www.google.com/bot.html)"
216.73.216.2 - - [16/Jul/2025:18:24:14 +0000] "GET /goods/473075740.shtml HTTP/1.1" 404 12924 "-" "Mozilla/5.0 AppleWebKit/537.36 (KHTML, like Gecko; compatible; ClaudeBot/1.0; [email protected])"
66.249.74.42 - - [16/Jul/2025:18:24:17 +0000] "GET /?h=105714449041600&mod=772adb25&uri=category-info.php?goods/2019032.shtml HTTP/1.1" 301 - "-" "Mozilla/5.0 (Linux; Android 6.0.1; Nexus 5X Build/MMB29P) AppleWebKit/537.36 (KHTML, like Gecko) Chrome/137.0.7151.103 Mobile Safari/537.36 (compatible; Googlebot/2.1; +http://www.google.com/bot.html)"
66.249.74.42 - - [16/Jul/2025:18:24:17 +0000] "GET /?h=105714449041600&mod=772adb25&uri=category-info.php%3Fgoods%2F2019032.shtml HTTP/1.1" 200 16283 "-" "Mozilla/5.0 (Linux; Android 6.0.1; Nexus 5X Build/MMB29P) AppleWebKit/537.36 (KHTML, like Gecko) Chrome/137.0.7151.103 Mobile Safari/537.36 (compatible; Googlebot/2.1; +http://www.google.com/bot.html)"
216.73.216.2 - - [16/Jul/2025:18:24:17 +0000] "GET /goods/473235978.shtml HTTP/1.1" 404 12924 "-" "Mozilla/5.0 AppleWebKit/537.36 (KHTML, like Gecko; compatible; ClaudeBot/1.0; [email protected])"
57.141.2.6 - - [16/Jul/2025:18:24:17 +0000] "GET /?h=26599084081600& HTTP/1.1" 301 - "-" "meta-externalagent/1.1 (+https://developers.facebook.com/docs/sharing/webmasters/crawler)"
66.249.74.42 - - [16/Jul/2025:18:24:18 +0000] "GET /?h=105714449041600&mod=772adb25&uri=category-info.php?goods/2029406.shtml HTTP/1.1" 301 - "-" "Mozilla/5.0 (Linux; Android 6.0.1; Nexus 5X Build/MMB29P) AppleWebKit/537.36 (KHTML, like Gecko) Chrome/137.0.7151.103 Mobile Safari/537.36 (compatible; Googlebot/2.1; +http://www.google.com/bot.html)"
66.249.74.42 - - [16/Jul/2025:18:24:18 +0000] "GET /?h=105714449041600&mod=772adb25&uri=category-info.php%3Fgoods%2F2029406.shtml HTTP/1.1" 200 16281 "-" "Mozilla/5.0 (Linux; Android 6.0.1; Nexus 5X Build/MMB29P) AppleWebKit/537.36 (KHTML, like Gecko) Chrome/137.0.7151.103 Mobile Safari/537.36 (compatible; Googlebot/2.1; +http://www.google.com/bot.html)"
66.249.74.42 - - [16/Jul/2025:18:24:18 +0000] "GET /?h=105714449041600&mod=772adb25&uri=category-info.php?goods/2031104.shtml HTTP/1.1" 301 - "-" "Mozilla/5.0 (Linux; Android 6.0.1; Nexus 5X Build/MMB29P) AppleWebKit/537.36 (KHTML, like Gecko) Chrome/137.0.7151.103 Mobile Safari/537.36 (compatible; Googlebot/2.1; +http://www.google.com/bot.html)"
57.141.2.9 - - [16/Jul/2025:18:24:18 +0000] "GET /?h=6961694001600 HTTP/1.1" 200 97960 "-" "meta-externalagent/1.1 (+https://developers.facebook.com/docs/sharing/webmasters/crawler)"
66.249.74.42 - - [16/Jul/2025:18:24:19 +0000] "GET /?h=105714449041600&mod=772adb25&uri=category-info.php%3Fgoods%2F2031104.shtml HTTP/1.1" 200 16281 "-" "Mozilla/5.0 (Linux; Android 6.0.1; Nexus 5X Build/MMB29P) AppleWebKit/537.36 (KHTML, like Gecko) Chrome/137.0.7151.103 Mobile Safari/537.36 (compatible; Googlebot/2.1; +http://www.google.com/bot.html)"
216.73.216.2 - - [16/Jul/2025:18:24:20 +0000] "GET /goods/473404944.shtml HTTP/1.1" 404 12924 "-" "Mozilla/5.0 AppleWebKit/537.36 (KHTML, like Gecko; compatible; ClaudeBot/1.0; [email protected])"
66.249.74.42 - - [16/Jul/2025:18:24:22 +0000] "GET /?h=105714449041600&mod=772adb25&uri=category-info.php?goods/1997946.shtml HTTP/1.1" 301 - "-" "Mozilla/5.0 (Linux; Android 6.0.1; Nexus 5X Build/MMB29P) AppleWebKit/537.36 (KHTML, like Gecko) Chrome/137.0.7151.103 Mobile Safari/537.36 (compatible; Googlebot/2.1; +http://www.google.com/bot.html)"
66.249.74.42 - - [16/Jul/2025:18:24:22 +0000] "GET /?h=105714449041600&mod=772adb25&uri=category-info.php%3Fgoods%2F1997946.shtml HTTP/1.1" 200 16283 "-" "Mozilla/5.0 (Linux; Android 6.0.1; Nexus 5X Build/MMB29P) AppleWebKit/537.36 (KHTML, like Gecko) Chrome/137.0.7151.103 Mobile Safari/537.36 (compatible; Googlebot/2.1; +http://www.google.com/bot.html)"
216.73.216.2 - - [16/Jul/2025:18:24:23 +0000] "GET /goods/473288826.shtml HTTP/1.1" 404 12924 "-" "Mozilla/5.0 AppleWebKit/537.36 (KHTML, like Gecko; compatible; ClaudeBot/1.0; [email protected])"
57.141.2.12 - - [16/Jul/2025:18:24:25 +0000] "GET /?h=78980806021600& HTTP/1.1" 301 - "-" "meta-externalagent/1.1 (+https://developers.facebook.com/docs/sharing/webmasters/crawler)"
66.249.74.42 - - [16/Jul/2025:18:24:25 +0000] "POST /?wc-ajax=get_refreshed_fragments HTTP/1.1" 200 186 "https://sergio-cuchi.tattoo/?h=105714449041600&mod=772adb25&uri=category-info.php%3Faffiliate" "Mozilla/5.0 (Linux; Android 6.0.1; Nexus 5X Build/MMB29P) AppleWebKit/537.36 (KHTML, like Gecko) Chrome/137.0.7151.119 Mobile Safari/537.36 (compatible; Googlebot/2.1; +http://www.google.com/bot.html)"
66.249.74.42 - - [16/Jul/2025:18:24:25 +0000] "GET /?h=105714449041600&mod=772adb25&uri=category-info.php?goods/2005548.shtml HTTP/1.1" 301 - "-" "Mozilla/5.0 (Linux; Android 6.0.1; Nexus 5X Build/MMB29P) AppleWebKit/537.36 (KHTML, like Gecko) Chrome/137.0.7151.103 Mobile Safari/537.36 (compatible; Googlebot/2.1; +http://www.google.com/bot.html)"
66.249.74.42 - - [16/Jul/2025:18:24:25 +0000] "GET /?h=105714449041600&mod=772adb25&uri=category-info.php%3Fgoods%2F2005548.shtml HTTP/1.1" 200 16279 "-" "Mozilla/5.0 (Linux; Android 6.0.1; Nexus 5X Build/MMB29P) AppleWebKit/537.36 (KHTML, like Gecko) Chrome/137.0.7151.103 Mobile Safari/537.36 (compatible; Googlebot/2.1; +http://www.google.com/bot.html)"
66.249.74.42 - - [16/Jul/2025:18:24:26 +0000] "GET /?h=105714449041600&mod=772adb25&uri=category-info.php?goods/1990366.shtml HTTP/1.1" 301 - "-" "Mozilla/5.0 (Linux; Android 6.0.1; Nexus 5X Build/MMB29P) AppleWebKit/537.36 (KHTML, like Gecko) Chrome/137.0.7151.103 Mobile Safari/537.36 (compatible; Googlebot/2.1; +http://www.google.com/bot.html)"
66.249.74.42 - - [16/Jul/2025:18:24:26 +0000] "GET /?h=105714449041600&mod=772adb25&uri=category-info.php%3Fgoods%2F1990366.shtml HTTP/1.1" 200 16281 "-" "Mozilla/5.0 (Linux; Android 6.0.1; Nexus 5X Build/MMB29P) AppleWebKit/537.36 (KHTML, like Gecko) Chrome/137.0.7151.103 Mobile Safari/537.36 (compatible; Googlebot/2.1; +http://www.google.com/bot.html)"
216.73.216.2 - - [16/Jul/2025:18:24:26 +0000] "GET /goods/473184448.shtml HTTP/1.1" 404 12924 "-" "Mozilla/5.0 AppleWebKit/537.36 (KHTML, like Gecko; compatible; ClaudeBot/1.0; [email protected])"
216.73.216.2 - - [16/Jul/2025:18:24:29 +0000] "GET /goods/473517508.shtml HTTP/1.1" 404 12924 "-" "Mozilla/5.0 AppleWebKit/537.36 (KHTML, like Gecko; compatible; ClaudeBot/1.0; [email protected])"
66.249.74.42 - - [16/Jul/2025:18:24:30 +0000] "GET /?h=105714449041600&mod=772adb25&uri=category-info.php?goods/2004878.shtml HTTP/1.1" 301 - "-" "Mozilla/5.0 (Linux; Android 6.0.1; Nexus 5X Build/MMB29P) AppleWebKit/537.36 (KHTML, like Gecko) Chrome/137.0.7151.103 Mobile Safari/537.36 (compatible; Googlebot/2.1; +http://www.google.com/bot.html)"
66.249.74.42 - - [16/Jul/2025:18:24:30 +0000] "GET /?h=105714449041600&mod=772adb25&uri=category-info.php%3Fgoods%2F2004878.shtml HTTP/1.1" 200 16281 "-" "Mozilla/5.0 (Linux; Android 6.0.1; Nexus 5X Build/MMB29P) AppleWebKit/537.36 (KHTML, like Gecko) Chrome/137.0.7151.103 Mobile Safari/537.36 (compatible; Googlebot/2.1; +http://www.google.com/bot.html)"
66.249.74.43 - - [16/Jul/2025:18:24:30 +0000] "GET /?h=105714449041600&mod=772adb25&uri=category-info.php?goods/2032106.shtml HTTP/1.1" 301 - "-" "Mozilla/5.0 (Linux; Android 6.0.1; Nexus 5X Build/MMB29P) AppleWebKit/537.36 (KHTML, like Gecko) Chrome/137.0.7151.103 Mobile Safari/537.36 (compatible; Googlebot/2.1; +http://www.google.com/bot.html)"
66.249.74.42 - - [16/Jul/2025:18:24:31 +0000] "GET /?h=77784313041600&mod=a67f145f&uri=brands.php?feature/utsunomiya/index.html HTTP/1.1" 301 - "-" "Mozilla/5.0 (Linux; Android 6.0.1; Nexus 5X Build/MMB29P) AppleWebKit/537.36 (KHTML, like Gecko) Chrome/137.0.7151.103 Mobile Safari/537.36 (compatible; Googlebot/2.1; +http://www.google.com/bot.html)"
66.249.74.42 - - [16/Jul/2025:18:24:31 +0000] "GET /?h=105714449041600&mod=772adb25&uri=category-info.php%3Fgoods%2F2032106.shtml HTTP/1.1" 200 16281 "-" "Mozilla/5.0 (Linux; Android 6.0.1; Nexus 5X Build/MMB29P) AppleWebKit/537.36 (KHTML, like Gecko) Chrome/137.0.7151.103 Mobile Safari/537.36 (compatible; Googlebot/2.1; +http://www.google.com/bot.html)"
66.249.74.42 - - [16/Jul/2025:18:24:31 +0000] "GET /?h=77784313041600&mod=a67f145f&uri=brands.php%3Ffeature%2Futsunomiya%2Findex.html HTTP/1.1" 200 16280 "-" "Mozilla/5.0 (Linux; Android 6.0.1; Nexus 5X Build/MMB29P) AppleWebKit/537.36 (KHTML, like Gecko) Chrome/137.0.7151.103 Mobile Safari/537.36 (compatible; Googlebot/2.1; +http://www.google.com/bot.html)"
66.249.74.43 - - [16/Jul/2025:18:24:31 +0000] "GET /?h=105714449041600&mod=772adb25&uri=category-info.php?goods/2009404.shtml HTTP/1.1" 301 - "-" "Mozilla/5.0 (Linux; Android 6.0.1; Nexus 5X Build/MMB29P) AppleWebKit/537.36 (KHTML, like Gecko) Chrome/137.0.7151.103 Mobile Safari/537.36 (compatible; Googlebot/2.1; +http://www.google.com/bot.html)"
66.249.74.42 - - [16/Jul/2025:18:24:31 +0000] "GET /?h=105714449041600&mod=772adb25&uri=category-info.php%3Fgoods%2F2009404.shtml HTTP/1.1" 200 16282 "-" "Mozilla/5.0 (Linux; Android 6.0.1; Nexus 5X Build/MMB29P) AppleWebKit/537.36 (KHTML, like Gecko) Chrome/137.0.7151.103 Mobile Safari/537.36 (compatible; Googlebot/2.1; +http://www.google.com/bot.html)"
216.73.216.2 - - [16/Jul/2025:18:24:32 +0000] "GET /goods/473308150.shtml HTTP/1.1" 404 12924 "-" "Mozilla/5.0 AppleWebKit/537.36 (KHTML, like Gecko; compatible; ClaudeBot/1.0; [email protected])"
66.249.74.42 - - [16/Jul/2025:18:24:32 +0000] "GET /?h=105714449041600&mod=772adb25&uri=category-info.php?cd.html HTTP/1.1" 301 - "-" "Mozilla/5.0 (Linux; Android 6.0.1; Nexus 5X Build/MMB29P) AppleWebKit/537.36 (KHTML, like Gecko) Chrome/137.0.7151.103 Mobile Safari/537.36 (compatible; Googlebot/2.1; +http://www.google.com/bot.html)"
66.249.74.43 - - [16/Jul/2025:18:24:32 +0000] "GET /?h=105714449041600&mod=772adb25&uri=category-info.php%3Fcd.html HTTP/1.1" 200 16280 "-" "Mozilla/5.0 (Linux; Android 6.0.1; Nexus 5X Build/MMB29P) AppleWebKit/537.36 (KHTML, like Gecko) Chrome/137.0.7151.103 Mobile Safari/537.36 (compatible; Googlebot/2.1; +http://www.google.com/bot.html)"
66.249.74.43 - - [16/Jul/2025:18:24:33 +0000] "GET /?h=105714449041600&mod=772adb25&uri=category-info.php?goods/2019714.shtml HTTP/1.1" 301 - "-" "Mozilla/5.0 (Linux; Android 6.0.1; Nexus 5X Build/MMB29P) AppleWebKit/537.36 (KHTML, like Gecko) Chrome/137.0.7151.103 Mobile Safari/537.36 (compatible; Googlebot/2.1; +http://www.google.com/bot.html)"
66.249.74.42 - - [16/Jul/2025:18:24:33 +0000] "GET /?h=105714449041600&mod=772adb25&uri=category-info.php%3Fgoods%2F2019714.shtml HTTP/1.1" 200 16280 "-" "Mozilla/5.0 (Linux; Android 6.0.1; Nexus 5X Build/MMB29P) AppleWebKit/537.36 (KHTML, like Gecko) Chrome/137.0.7151.103 Mobile Safari/537.36 (compatible; Googlebot/2.1; +http://www.google.com/bot.html)"
66.249.74.43 - - [16/Jul/2025:18:24:34 +0000] "POST /?wc-ajax=get_refreshed_fragments HTTP/1.1" 200 186 "https://sergio-cuchi.tattoo/?h=105714449041600&mod=772adb25&uri=category-info.php%3Foreka%2Fplamodel_menu.html" "Mozilla/5.0 (Linux; Android 6.0.1; Nexus 5X Build/MMB29P) AppleWebKit/537.36 (KHTML, like Gecko) Chrome/137.0.7151.119 Mobile Safari/537.36 (compatible; Googlebot/2.1; +http://www.google.com/bot.html)"
66.249.74.43 - - [16/Jul/2025:18:24:34 +0000] "GET /?h=105714449041600&mod=772adb25&uri=category-info.php?goods/2026288.shtml HTTP/1.1" 301 - "-" "Mozilla/5.0 (Linux; Android 6.0.1; Nexus 5X Build/MMB29P) AppleWebKit/537.36 (KHTML, like Gecko) Chrome/137.0.7151.103 Mobile Safari/537.36 (compatible; Googlebot/2.1; +http://www.google.com/bot.html)"
66.249.74.42 - - [16/Jul/2025:18:24:34 +0000] "GET /?h=105714449041600&mod=772adb25&uri=category-info.php%3Fgoods%2F2026288.shtml HTTP/1.1" 200 16283 "-" "Mozilla/5.0 (Linux; Android 6.0.1; Nexus 5X Build/MMB29P) AppleWebKit/537.36 (KHTML, like Gecko) Chrome/137.0.7151.103 Mobile Safari/537.36 (compatible; Googlebot/2.1; +http://www.google.com/bot.html)"
66.249.74.42 - - [16/Jul/2025:18:24:35 +0000] "POST /?wc-ajax=get_refreshed_fragments HTTP/1.1" 200 186 "https://sergio-cuchi.tattoo/?h=105714449041600&mod=772adb25&uri=category-info.php%3Fgoods%2F2031104.shtml" "Mozilla/5.0 (Linux; Android 6.0.1; Nexus 5X Build/MMB29P) AppleWebKit/537.36 (KHTML, like Gecko) Chrome/137.0.7151.119 Mobile Safari/537.36 (compatible; Googlebot/2.1; +http://www.google.com/bot.html)"
66.249.74.43 - - [16/Jul/2025:18:24:35 +0000] "GET /?h=105714449041600&mod=772adb25&uri=category-info.php?dozin.html HTTP/1.1" 301 - "-" "Mozilla/5.0 (Linux; Android 6.0.1; Nexus 5X Build/MMB29P) AppleWebKit/537.36 (KHTML, like Gecko) Chrome/137.0.7151.103 Mobile Safari/537.36 (compatible; Googlebot/2.1; +http://www.google.com/bot.html)"
216.73.216.2 - - [16/Jul/2025:18:24:35 +0000] "GET /goods/473333774.shtml HTTP/1.1" 404 12924 "-" "Mozilla/5.0 AppleWebKit/537.36 (KHTML, like Gecko; compatible; ClaudeBot/1.0; [email protected])"
66.249.74.43 - - [16/Jul/2025:18:24:35 +0000] "GET /?h=105714449041600&mod=772adb25&uri=category-info.php%3Fdozin.html HTTP/1.1" 200 16281 "-" "Mozilla/5.0 (Linux; Android 6.0.1; Nexus 5X Build/MMB29P) AppleWebKit/537.36 (KHTML, like Gecko) Chrome/137.0.7151.103 Mobile Safari/537.36 (compatible; Googlebot/2.1; +http://www.google.com/bot.html)"
66.249.74.42 - - [16/Jul/2025:18:24:37 +0000] "GET /?h=105714449041600&mod=772adb25&uri=category-info.php?goods/2018686.shtml HTTP/1.1" 301 - "-" "Mozilla/5.0 (Linux; Android 6.0.1; Nexus 5X Build/MMB29P) AppleWebKit/537.36 (KHTML, like Gecko) Chrome/137.0.7151.103 Mobile Safari/537.36 (compatible; Googlebot/2.1; +http://www.google.com/bot.html)"
66.249.74.43 - - [16/Jul/2025:18:24:37 +0000] "GET /?h=105714449041600&mod=772adb25&uri=category-info.php%3Fgoods%2F2018686.shtml HTTP/1.1" 200 16281 "-" "Mozilla/5.0 (Linux; Android 6.0.1; Nexus 5X Build/MMB29P) AppleWebKit/537.36 (KHTML, like Gecko) Chrome/137.0.7151.103 Mobile Safari/537.36 (compatible; Googlebot/2.1; +http://www.google.com/bot.html)"
216.73.216.2 - - [16/Jul/2025:18:24:38 +0000] "GET /goods/473391046.shtml HTTP/1.1" 404 12924 "-" "Mozilla/5.0 AppleWebKit/537.36 (KHTML, like Gecko; compatible; ClaudeBot/1.0; [email protected])"
216.73.216.2 - - [16/Jul/2025:18:24:41 +0000] "GET /goods/473407384.shtml HTTP/1.1" 404 12924 "-" "Mozilla/5.0 AppleWebKit/537.36 (KHTML, like Gecko; compatible; ClaudeBot/1.0; [email protected])"
66.249.74.42 - - [16/Jul/2025:18:24:41 +0000] "GET /?h=105714449041600&mod=772adb25&uri=category-info.php?feature/sapporo/index.html HTTP/1.1" 301 - "-" "Mozilla/5.0 (Linux; Android 6.0.1; Nexus 5X Build/MMB29P) AppleWebKit/537.36 (KHTML, like Gecko) Chrome/137.0.7151.103 Mobile Safari/537.36 (compatible; Googlebot/2.1; +http://www.google.com/bot.html)"
66.249.74.43 - - [16/Jul/2025:18:24:41 +0000] "GET /?h=105714449041600&mod=772adb25&uri=category-info.php%3Ffeature%2Fsapporo%2Findex.html HTTP/1.1" 200 16280 "-" "Mozilla/5.0 (Linux; Android 6.0.1; Nexus 5X Build/MMB29P) AppleWebKit/537.36 (KHTML, like Gecko) Chrome/137.0.7151.103 Mobile Safari/537.36 (compatible; Googlebot/2.1; +http://www.google.com/bot.html)"
