216.73.160.55 - - [15/Jul/2025:04:10:26 +0000] "POST //wp-login.php HTTP/1.1" 200 7174 "https://sixpacksecurity.com.au//wp-login.php" "Mozilla/5.0 (Windows NT 10.0; Win64; x64) AppleWebKit/537.36 (KHTML, like Gecko) Chrome/131.0.0.0 Safari/537.36"
216.73.160.55 - - [15/Jul/2025:04:10:27 +0000] "POST //wp-login.php HTTP/1.1" 200 7174 "https://sixpacksecurity.com.au//wp-login.php" "Mozilla/5.0 (Windows NT 10.0; Win64; x64) AppleWebKit/537.36 (KHTML, like Gecko) Chrome/131.0.0.0 Safari/537.36"
216.73.160.55 - - [15/Jul/2025:04:10:27 +0000] "POST //wp-login.php HTTP/1.1" 200 7174 "https://sixpacksecurity.com.au//wp-login.php" "Mozilla/5.0 (Windows NT 10.0; Win64; x64) AppleWebKit/537.36 (KHTML, like Gecko) Chrome/131.0.0.0 Safari/537.36"
216.73.160.55 - - [15/Jul/2025:04:10:27 +0000] "POST //wp-login.php HTTP/1.1" 200 7174 "https://sixpacksecurity.com.au//wp-login.php" "Mozilla/5.0 (Windows NT 10.0; Win64; x64) AppleWebKit/537.36 (KHTML, like Gecko) Chrome/131.0.0.0 Safari/537.36"
216.73.160.55 - - [15/Jul/2025:04:10:28 +0000] "POST //wp-login.php HTTP/1.1" 200 7174 "https://sixpacksecurity.com.au//wp-login.php" "Mozilla/5.0 (Windows NT 10.0; Win64; x64) AppleWebKit/537.36 (KHTML, like Gecko) Chrome/131.0.0.0 Safari/537.36"
216.73.160.55 - - [15/Jul/2025:04:10:28 +0000] "POST //wp-login.php HTTP/1.1" 200 7174 "https://sixpacksecurity.com.au//wp-login.php" "Mozilla/5.0 (Windows NT 10.0; Win64; x64) AppleWebKit/537.36 (KHTML, like Gecko) Chrome/131.0.0.0 Safari/537.36"
216.73.160.55 - - [15/Jul/2025:04:10:29 +0000] "POST //wp-login.php HTTP/1.1" 200 7174 "https://sixpacksecurity.com.au//wp-login.php" "Mozilla/5.0 (Windows NT 10.0; Win64; x64) AppleWebKit/537.36 (KHTML, like Gecko) Chrome/131.0.0.0 Safari/537.36"
216.73.160.55 - - [15/Jul/2025:04:10:29 +0000] "POST //wp-login.php HTTP/1.1" 200 7174 "https://sixpacksecurity.com.au//wp-login.php" "Mozilla/5.0 (Windows NT 10.0; Win64; x64) AppleWebKit/537.36 (KHTML, like Gecko) Chrome/131.0.0.0 Safari/537.36"
216.73.160.55 - - [15/Jul/2025:04:10:29 +0000] "POST //wp-login.php HTTP/1.1" 200 7174 "https://sixpacksecurity.com.au//wp-login.php" "Mozilla/5.0 (Windows NT 10.0; Win64; x64) AppleWebKit/537.36 (KHTML, like Gecko) Chrome/131.0.0.0 Safari/537.36"
216.73.160.55 - - [15/Jul/2025:04:10:30 +0000] "POST //wp-login.php HTTP/1.1" 200 7174 "https://sixpacksecurity.com.au//wp-login.php" "Mozilla/5.0 (Windows NT 10.0; Win64; x64) AppleWebKit/537.36 (KHTML, like Gecko) Chrome/131.0.0.0 Safari/537.36"
216.73.160.55 - - [15/Jul/2025:04:10:30 +0000] "POST //wp-login.php HTTP/1.1" 200 7174 "https://sixpacksecurity.com.au//wp-login.php" "Mozilla/5.0 (Windows NT 10.0; Win64; x64) AppleWebKit/537.36 (KHTML, like Gecko) Chrome/131.0.0.0 Safari/537.36"
216.73.160.55 - - [15/Jul/2025:04:10:30 +0000] "POST //wp-login.php HTTP/1.1" 200 7174 "https://sixpacksecurity.com.au//wp-login.php" "Mozilla/5.0 (Windows NT 10.0; Win64; x64) AppleWebKit/537.36 (KHTML, like Gecko) Chrome/131.0.0.0 Safari/537.36"
216.73.160.55 - - [15/Jul/2025:04:10:31 +0000] "POST //wp-login.php HTTP/1.1" 200 7174 "https://sixpacksecurity.com.au//wp-login.php" "Mozilla/5.0 (Windows NT 10.0; Win64; x64) AppleWebKit/537.36 (KHTML, like Gecko) Chrome/131.0.0.0 Safari/537.36"
216.73.160.55 - - [15/Jul/2025:04:10:31 +0000] "POST //wp-login.php HTTP/1.1" 200 7174 "https://sixpacksecurity.com.au//wp-login.php" "Mozilla/5.0 (Windows NT 10.0; Win64; x64) AppleWebKit/537.36 (KHTML, like Gecko) Chrome/131.0.0.0 Safari/537.36"
216.73.160.55 - - [15/Jul/2025:04:10:32 +0000] "POST //wp-login.php HTTP/1.1" 200 7174 "https://sixpacksecurity.com.au//wp-login.php" "Mozilla/5.0 (Windows NT 10.0; Win64; x64) AppleWebKit/537.36 (KHTML, like Gecko) Chrome/131.0.0.0 Safari/537.36"
216.73.160.55 - - [15/Jul/2025:04:10:32 +0000] "POST //wp-login.php HTTP/1.1" 200 7174 "https://sixpacksecurity.com.au//wp-login.php" "Mozilla/5.0 (Windows NT 10.0; Win64; x64) AppleWebKit/537.36 (KHTML, like Gecko) Chrome/131.0.0.0 Safari/537.36"
216.73.160.55 - - [15/Jul/2025:04:10:32 +0000] "POST //wp-login.php HTTP/1.1" 200 7174 "https://sixpacksecurity.com.au//wp-login.php" "Mozilla/5.0 (Windows NT 10.0; Win64; x64) AppleWebKit/537.36 (KHTML, like Gecko) Chrome/131.0.0.0 Safari/537.36"
216.73.160.55 - - [15/Jul/2025:04:10:33 +0000] "POST //wp-login.php HTTP/1.1" 200 7174 "https://sixpacksecurity.com.au//wp-login.php" "Mozilla/5.0 (Windows NT 10.0; Win64; x64) AppleWebKit/537.36 (KHTML, like Gecko) Chrome/131.0.0.0 Safari/537.36"
216.73.160.55 - - [15/Jul/2025:04:10:33 +0000] "POST //wp-login.php HTTP/1.1" 200 7174 "https://sixpacksecurity.com.au//wp-login.php" "Mozilla/5.0 (Windows NT 10.0; Win64; x64) AppleWebKit/537.36 (KHTML, like Gecko) Chrome/131.0.0.0 Safari/537.36"
216.73.160.55 - - [15/Jul/2025:04:10:34 +0000] "POST //wp-login.php HTTP/1.1" 200 7174 "https://sixpacksecurity.com.au//wp-login.php" "Mozilla/5.0 (Windows NT 10.0; Win64; x64) AppleWebKit/537.36 (KHTML, like Gecko) Chrome/131.0.0.0 Safari/537.36"
216.73.160.55 - - [15/Jul/2025:04:10:34 +0000] "POST //wp-login.php HTTP/1.1" 200 7174 "https://sixpacksecurity.com.au//wp-login.php" "Mozilla/5.0 (Windows NT 10.0; Win64; x64) AppleWebKit/537.36 (KHTML, like Gecko) Chrome/131.0.0.0 Safari/537.36"
216.73.160.55 - - [15/Jul/2025:04:10:35 +0000] "POST //wp-login.php HTTP/1.1" 200 7174 "https://sixpacksecurity.com.au//wp-login.php" "Mozilla/5.0 (Windows NT 10.0; Win64; x64) AppleWebKit/537.36 (KHTML, like Gecko) Chrome/131.0.0.0 Safari/537.36"
216.73.160.55 - - [15/Jul/2025:04:10:35 +0000] "POST //wp-login.php HTTP/1.1" 200 7174 "https://sixpacksecurity.com.au//wp-login.php" "Mozilla/5.0 (Windows NT 10.0; Win64; x64) AppleWebKit/537.36 (KHTML, like Gecko) Chrome/131.0.0.0 Safari/537.36"
216.73.160.55 - - [15/Jul/2025:04:10:35 +0000] "POST //wp-login.php HTTP/1.1" 200 7174 "https://sixpacksecurity.com.au//wp-login.php" "Mozilla/5.0 (Windows NT 10.0; Win64; x64) AppleWebKit/537.36 (KHTML, like Gecko) Chrome/131.0.0.0 Safari/537.36"
66.249.74.99 - - [15/Jul/2025:04:10:35 +0000] "POST /get-message-notify HTTP/1.1" 200 40149 "https://sixpacksecurity.com.au/s/self11547888/" "Mozilla/5.0 (Linux; Android 6.0.1; Nexus 5X Build/MMB29P) AppleWebKit/537.36 (KHTML, like Gecko) Chrome/137.0.7151.119 Mobile Safari/537.36 (compatible; Googlebot/2.1; +http://www.google.com/bot.html)"
66.249.74.100 - - [15/Jul/2025:04:57:25 +0000] "POST /get-message-notify HTTP/1.1" 200 40167 "https://sixpacksecurity.com.au/s/care21532577/" "Mozilla/5.0 (Linux; Android 6.0.1; Nexus 5X Build/MMB29P) AppleWebKit/537.36 (KHTML, like Gecko) Chrome/137.0.7151.119 Mobile Safari/537.36 (compatible; Googlebot/2.1; +http://www.google.com/bot.html)"
66.249.74.99 - - [15/Jul/2025:04:57:59 +0000] "GET /s/route32981442/ HTTP/1.1" 200 40144 "-" "Mozilla/5.0 (Linux; Android 6.0.1; Nexus 5X Build/MMB29P) AppleWebKit/537.36 (KHTML, like Gecko) Chrome/137.0.7151.103 Mobile Safari/537.36 (compatible; GoogleOther)"
66.249.74.99 - - [15/Jul/2025:04:58:04 +0000] "GET /s/navig42802883/ HTTP/1.1" 200 40056 "-" "Mozilla/5.0 (Linux; Android 6.0.1; Nexus 5X Build/MMB29P) AppleWebKit/537.36 (KHTML, like Gecko) Chrome/137.0.7151.103 Mobile Safari/537.36 (compatible; GoogleOther)"
209.74.77.214 - - [15/Jul/2025:04:59:43 +0000] "POST /wp-admin/admin-ajax.php?action=async_litespeed&nonce=OjmbDWp1GUUqX2lU3H7yYCMkvEA1PpXq&litespeed_type=imgoptm HTTP/1.1" 200 21 "-" "WordPress/6.8.1; https://sixpacksecurity.com.au"
64.227.154.116 - - [15/Jul/2025:04:59:44 +0000] "GET / HTTP/1.1" 301 - "-" "Mozilla/5.0 (X11; Linux x86_64) AppleWebKit/537.36 (KHTML, like Gecko) Chrome/137.0.0.0 Safari/537.36"
64.227.154.116 - - [15/Jul/2025:04:59:50 +0000] "GET /favicon.ico HTTP/1.1" 302 - "https://www.sixpacksecurity.com.au/" "Mozilla/5.0 (X11; Linux x86_64) AppleWebKit/537.36 (KHTML, like Gecko) Chrome/137.0.0.0 Safari/537.36"
66.249.74.101 - - [15/Jul/2025:04:59:50 +0000] "POST /get-message-notify HTTP/1.1" 200 40063 "https://sixpacksecurity.com.au/s/oppor10121440/" "Mozilla/5.0 (Linux; Android 6.0.1; Nexus 5X Build/MMB29P) AppleWebKit/537.36 (KHTML, like Gecko) Chrome/137.0.7151.119 Mobile Safari/537.36 (compatible; Googlebot/2.1; +http://www.google.com/bot.html)"
209.74.77.214 - - [15/Jul/2025:05:11:59 +0000] "POST /wp-admin/admin-ajax.php?action=async_litespeed&nonce=WJ1zG2zh3gUi9rtmnWaZ47dMImSPfD5L&litespeed_type=imgoptm HTTP/1.1" 200 21 "-" "WordPress/6.8.1; https://sixpacksecurity.com.au"
87.236.176.208 - - [15/Jul/2025:05:11:59 +0000] "GET / HTTP/1.1" 200 23764 "http://sixpacksecurity.com.au" "Mozilla/5.0 (compatible; InternetMeasurement/1.0; +https://internet-measurement.com/)"
185.247.137.28 - - [15/Jul/2025:05:12:02 +0000] "GET /wp-content/uploads/2023/06/cropped-android-chrome-512x512-2-192x192.png HTTP/1.1" 200 3455 "-" "Mozilla/5.0 (compatible; InternetMeasurement/1.0; +https://internet-measurement.com/)"
87.236.176.201 - - [15/Jul/2025:05:12:02 +0000] "GET /wp-content/uploads/2023/06/cropped-android-chrome-512x512-2-270x270.png HTTP/1.1" 200 4881 "-" "Mozilla/5.0 (compatible; InternetMeasurement/1.0; +https://internet-measurement.com/)"
87.236.176.218 - - [15/Jul/2025:05:12:02 +0000] "GET /favicon.ico HTTP/1.1" 302 - "-" "Mozilla/5.0 (compatible; InternetMeasurement/1.0; +https://internet-measurement.com/)"
185.247.137.52 - - [15/Jul/2025:05:12:02 +0000] "GET /wp-content/uploads/2023/06/cropped-android-chrome-512x512-2-32x32.png HTTP/1.1" 200 692 "-" "Mozilla/5.0 (compatible; InternetMeasurement/1.0; +https://internet-measurement.com/)"
87.236.176.218 - - [15/Jul/2025:05:12:02 +0000] "GET /wp-content/uploads/2023/06/cropped-android-chrome-512x512-2-32x32.png HTTP/1.1" 200 692 "https://sixpacksecurity.com.au/favicon.ico" "Mozilla/5.0 (compatible; InternetMeasurement/1.0; +https://internet-measurement.com/)"
87.236.176.83 - - [15/Jul/2025:05:12:03 +0000] "GET /wp-content/uploads/2023/06/cropped-android-chrome-512x512-2-180x180.png HTTP/1.1" 200 2805 "-" "Mozilla/5.0 (compatible; InternetMeasurement/1.0; +https://internet-measurement.com/)"
66.249.74.99 - - [15/Jul/2025:05:12:55 +0000] "GET /s/equat62679213/ HTTP/1.1" 200 39912 "-" "Mozilla/5.0 (Linux; Android 6.0.1; Nexus 5X Build/MMB29P) AppleWebKit/537.36 (KHTML, like Gecko) Chrome/137.0.7151.103 Mobile Safari/537.36 (compatible; GoogleOther)"
66.249.74.100 - - [15/Jul/2025:05:15:55 +0000] "GET /s/adopt72158518/ HTTP/1.1" 200 39914 "-" "Mozilla/5.0 (Linux; Android 6.0.1; Nexus 5X Build/MMB29P) AppleWebKit/537.36 (KHTML, like Gecko) Chrome/137.0.7151.103 Mobile Safari/537.36 (compatible; GoogleOther)"
66.249.74.99 - - [15/Jul/2025:05:27:58 +0000] "GET /s/handy72759422/ HTTP/1.1" 200 40330 "-" "Mozilla/5.0 (Linux; Android 6.0.1; Nexus 5X Build/MMB29P) AppleWebKit/537.36 (KHTML, like Gecko) Chrome/137.0.7151.103 Mobile Safari/537.36 (compatible; GoogleOther)"
216.73.216.167 - - [15/Jul/2025:05:31:02 +0000] "GET /robots.txt HTTP/1.1" 200 126 "-" "Mozilla/5.0 AppleWebKit/537.36 (KHTML, like Gecko; compatible; ClaudeBot/1.0; [email protected])"
216.73.216.167 - - [15/Jul/2025:05:31:02 +0000] "GET /sitemape.xml HTTP/1.1" 200 17978 "-" "Mozilla/5.0 AppleWebKit/537.36 (KHTML, like Gecko; compatible; ClaudeBot/1.0; [email protected])"
66.249.74.99 - - [15/Jul/2025:05:33:55 +0000] "GET /s/race62760941/ HTTP/1.1" 200 39811 "-" "Mozilla/5.0 (Linux; Android 6.0.1; Nexus 5X Build/MMB29P) AppleWebKit/537.36 (KHTML, like Gecko) Chrome/137.0.7151.103 Mobile Safari/537.36 (compatible; GoogleOther)"
66.249.74.100 - - [15/Jul/2025:05:42:58 +0000] "GET /s/salar50083652/ HTTP/1.1" 200 40366 "-" "Mozilla/5.0 (Linux; Android 6.0.1; Nexus 5X Build/MMB29P) AppleWebKit/537.36 (KHTML, like Gecko) Chrome/137.0.7151.103 Mobile Safari/537.36 (compatible; GoogleOther)"
45.204.8.167 - - [15/Jul/2025:05:45:42 +0000] "GET /moddofuns.php HTTP/1.1" 200 28 "https://www.google.com" "Mozilla/5.0 (Windows NT 10.0; Win64; x64) AppleWebKit/537.36 (KHTML, like Gecko) Chrome/114.0.0.0 Safari/537.36 Edg/114.0.1823.43"
45.204.8.167 - - [15/Jul/2025:05:45:44 +0000] "GET /moddofuns.php HTTP/1.1" 200 28 "https://www.google.com" "Mozilla/5.0 (Windows NT 10.0; Win64; x64) AppleWebKit/537.36 (KHTML, like Gecko) Chrome/114.0.0.0 Safari/537.36 Edg/114.0.1823.43"
45.204.8.167 - - [15/Jul/2025:05:45:51 +0000] "GET /moddofuns.php HTTP/1.1" 200 28 "https://www.google.com" "Mozilla/5.0 (Windows NT 10.0; Win64; x64) AppleWebKit/537.36 (KHTML, like Gecko) Chrome/114.0.0.0 Safari/537.36 Edg/114.0.1823.43"
45.204.8.167 - - [15/Jul/2025:05:45:53 +0000] "GET /moddofuns.php HTTP/1.1" 200 28 "https://www.google.com" "Mozilla/5.0 (Windows NT 10.0; Win64; x64) AppleWebKit/537.36 (KHTML, like Gecko) Chrome/114.0.0.0 Safari/537.36 Edg/114.0.1823.43"
45.204.8.167 - - [15/Jul/2025:05:45:57 +0000] "GET /moddofuns.php HTTP/1.1" 200 28 "https://www.google.com" "Mozilla/5.0 (Windows NT 10.0; Win64; x64) AppleWebKit/537.36 (KHTML, like Gecko) Chrome/114.0.0.0 Safari/537.36 Edg/114.0.1823.43"
45.204.8.167 - - [15/Jul/2025:05:45:59 +0000] "GET /moddofuns.php HTTP/1.1" 200 28 "https://www.google.com" "Mozilla/5.0 (Windows NT 10.0; Win64; x64) AppleWebKit/537.36 (KHTML, like Gecko) Chrome/114.0.0.0 Safari/537.36 Edg/114.0.1823.43"
45.204.8.167 - - [15/Jul/2025:05:46:00 +0000] "GET /moddofuns.php HTTP/1.1" 200 28 "https://www.google.com" "Mozilla/5.0 (Windows NT 10.0; Win64; x64) AppleWebKit/537.36 (KHTML, like Gecko) Chrome/114.0.0.0 Safari/537.36 Edg/114.0.1823.43"
209.74.77.214 - - [15/Jul/2025:05:46:02 +0000] "POST /wp-cron.php?doing_wp_cron=1752558362.0790169239044189453125 HTTP/1.1" 200 - "-" "WordPress/6.8.1; https://sixpacksecurity.com.au"
209.74.77.214 - - [15/Jul/2025:05:46:03 +0000] "POST /wp-admin/admin-ajax.php?action=async_litespeed&nonce=NCcNoo2wGaQKURCIsAB5mLeGjj1kZWoi&litespeed_type=imgoptm HTTP/1.1" 200 21 "-" "WordPress/6.8.1; https://sixpacksecurity.com.au"
209.74.77.214 - - [15/Jul/2025:05:46:06 +0000] "POST /wp-cron.php?doing_wp_cron=1752558366.2157890796661376953125 HTTP/1.1" 200 - "-" "WordPress/6.8.1; https://sixpacksecurity.com.au"
45.204.8.167 - - [15/Jul/2025:05:46:18 +0000] "GET /moddofuns.php HTTP/1.1" 200 28 "https://www.google.com" "Mozilla/5.0 (Windows NT 10.0; Win64; x64) AppleWebKit/537.36 (KHTML, like Gecko) Chrome/114.0.0.0 Safari/537.36 Edg/114.0.1823.43"
209.74.77.214 - - [15/Jul/2025:05:47:41 +0000] "POST /wp-cron.php?doing_wp_cron=1752558461.8873040676116943359375 HTTP/1.1" 200 - "-" "WordPress/6.8.1; https://sixpacksecurity.com.au"
209.74.77.214 - - [15/Jul/2025:05:47:43 +0000] "POST /wp-admin/admin-ajax.php?action=async_litespeed&nonce=TWkMX513Oj7r6edIrkWMTgsPBzaH7YvG&litespeed_type=imgoptm HTTP/1.1" 200 21 "-" "WordPress/6.8.1; https://sixpacksecurity.com.au"
66.249.74.101 - - [15/Jul/2025:05:51:55 +0000] "GET /s/objec71148438/ HTTP/1.1" 200 40824 "-" "Mozilla/5.0 (Linux; Android 6.0.1; Nexus 5X Build/MMB29P) AppleWebKit/537.36 (KHTML, like Gecko) Chrome/137.0.7151.103 Mobile Safari/537.36 (compatible; GoogleOther)"
66.249.74.99 - - [15/Jul/2025:05:57:58 +0000] "GET /s/soda80751695/ HTTP/1.1" 200 40165 "-" "Mozilla/5.0 (Linux; Android 6.0.1; Nexus 5X Build/MMB29P) AppleWebKit/537.36 (KHTML, like Gecko) Chrome/137.0.7151.103 Mobile Safari/537.36 (compatible; GoogleOther)"
66.249.74.101 - - [15/Jul/2025:06:09:55 +0000] "GET /s/grave60874421/ HTTP/1.1" 200 40006 "-" "Mozilla/5.0 (Linux; Android 6.0.1; Nexus 5X Build/MMB29P) AppleWebKit/537.36 (KHTML, like Gecko) Chrome/137.0.7151.103 Mobile Safari/537.36 (compatible; GoogleOther)"
66.249.74.99 - - [15/Jul/2025:06:12:58 +0000] "GET /s/slow22272137/ HTTP/1.1" 200 40262 "-" "Mozilla/5.0 (Linux; Android 6.0.1; Nexus 5X Build/MMB29P) AppleWebKit/537.36 (KHTML, like Gecko) Chrome/137.0.7151.103 Mobile Safari/537.36 (compatible; GoogleOther)"
66.249.74.100 - - [15/Jul/2025:06:27:58 +0000] "GET /s/assig71918006/ HTTP/1.1" 200 40023 "-" "Mozilla/5.0 (Linux; Android 6.0.1; Nexus 5X Build/MMB29P) AppleWebKit/537.36 (KHTML, like Gecko) Chrome/137.0.7151.103 Mobile Safari/537.36 (compatible; GoogleOther)"
66.249.74.99 - - [15/Jul/2025:06:28:02 +0000] "GET /s/trigg21530089/ HTTP/1.1" 200 39916 "-" "Mozilla/5.0 (Linux; Android 6.0.1; Nexus 5X Build/MMB29P) AppleWebKit/537.36 (KHTML, like Gecko) Chrome/137.0.7151.103 Mobile Safari/537.36 (compatible; GoogleOther)"
216.73.216.167 - - [15/Jul/2025:06:28:30 +0000] "GET /sitemapb.xml HTTP/1.1" 200 11675 "-" "Mozilla/5.0 AppleWebKit/537.36 (KHTML, like Gecko; compatible; ClaudeBot/1.0; [email protected])"
66.249.74.101 - - [15/Jul/2025:06:45:55 +0000] "GET /s/volle31720274/ HTTP/1.1" 200 40123 "-" "Mozilla/5.0 (Linux; Android 6.0.1; Nexus 5X Build/MMB29P) AppleWebKit/537.36 (KHTML, like Gecko) Chrome/137.0.7151.103 Mobile Safari/537.36 (compatible; GoogleOther)"
45.227.253.15 - - [15/Jul/2025:06:50:09 +0000] "GET /wp-admin/css/colors/colors/index.php?ARRAY=7o2230223n313735323536353931342p2231223n22687474703n5p2s5p2s6p776n39302r67756172652r77696o695p2s3s6p633q7068705s636s64655s6n6326743q313735323536323331342q6162396561666665313363343633386261663138646262363337333632383039222p2232223n223739616365623434663138666339623635356330653635356532383436303766222p2233223n223934356438666134663530376639383361656238376163666666646565326364222p2262696r675s70617373223n2232352q34312q35372q36372q37382q39302q3237227q HTTP/1.1" 200 102 "-" "Mozilla/5.0 (iPhone; CPU iPhone OS 11_3 like Mac OS X) AppleWebKit/605.1.15 (KHTML, like Gecko) Version/11.0.4 Mobile/15E148 Safari/604.1"
45.227.253.15 - - [15/Jul/2025:06:53:55 +0000] "GET /?of=1 HTTP/1.1" 200 5806 "-" "Mozilla/5.0 (iPad; U; CPU OS 4_2_3 like Mac OS X; ja) AppleWebKit/533.17.9 (KHTML, like Gecko) Version/5.0.2 Mobile/8J2 Safari/6533.18.5"
45.227.253.15 - - [15/Jul/2025:07:17:46 +0000] "GET /index.php/jk HTTP/1.1" 200 59 "-" "Mozilla/5.0 (Windows NT 10.0; Win64; x64; rv:82.0) Gecko/20100101 Firefox/82.0"
66.249.74.101 - - [15/Jul/2025:07:21:55 +0000] "GET /s/murde82560343/ HTTP/1.1" 200 40052 "-" "Mozilla/5.0 (Linux; Android 6.0.1; Nexus 5X Build/MMB29P) AppleWebKit/537.36 (KHTML, like Gecko) Chrome/137.0.7151.103 Mobile Safari/537.36 (compatible; GoogleOther)"
66.249.74.99 - - [15/Jul/2025:07:27:55 +0000] "GET /s/inner42670787/ HTTP/1.1" 200 40270 "-" "Mozilla/5.0 (Linux; Android 6.0.1; Nexus 5X Build/MMB29P) AppleWebKit/537.36 (KHTML, like Gecko) Chrome/137.0.7151.103 Mobile Safari/537.36 (compatible; GoogleOther)"
66.249.74.99 - - [15/Jul/2025:07:58:01 +0000] "GET /s/disk41123595/ HTTP/1.1" 200 40555 "-" "Mozilla/5.0 (Linux; Android 6.0.1; Nexus 5X Build/MMB29P) AppleWebKit/537.36 (KHTML, like Gecko) Chrome/137.0.7151.103 Mobile Safari/537.36 (compatible; GoogleOther)"
66.249.74.101 - - [15/Jul/2025:07:58:04 +0000] "GET /s/atten42180243/ HTTP/1.1" 200 40103 "-" "Mozilla/5.0 (Linux; Android 6.0.1; Nexus 5X Build/MMB29P) AppleWebKit/537.36 (KHTML, like Gecko) Chrome/137.0.7151.103 Mobile Safari/537.36 (compatible; GoogleOther)"
66.249.74.99 - - [15/Jul/2025:08:15:58 +0000] "GET /s/signa52857828/ HTTP/1.1" 200 40074 "-" "Mozilla/5.0 (Linux; Android 6.0.1; Nexus 5X Build/MMB29P) AppleWebKit/537.36 (KHTML, like Gecko) Chrome/137.0.7151.103 Mobile Safari/537.36 (compatible; GoogleOther)"
54.36.148.43 - - [15/Jul/2025:08:19:37 +0000] "GET /robots.txt HTTP/1.1" 200 126 "-" "Mozilla/5.0 (compatible; AhrefsBot/7.0; +http://ahrefs.com/robot/)"
209.74.77.214 - - [15/Jul/2025:08:19:43 +0000] "POST /wp-cron.php?doing_wp_cron=1752567583.0381879806518554687500 HTTP/1.1" 200 - "-" "WordPress/6.8.1; https://sixpacksecurity.com.au"
54.36.148.127 - - [15/Jul/2025:08:19:41 +0000] "GET /category/safety/ HTTP/1.1" 200 11384 "-" "Mozilla/5.0 (compatible; AhrefsBot/7.0; +http://ahrefs.com/robot/)"
209.74.77.214 - - [15/Jul/2025:08:19:43 +0000] "POST /wp-admin/admin-ajax.php?action=async_litespeed&nonce=T2m5zk8k9TtZKqduTOUlKibGQhLRt7Ez&litespeed_type=imgoptm HTTP/1.1" 200 21 "-" "WordPress/6.8.1; https://sixpacksecurity.com.au"
54.36.148.221 - - [15/Jul/2025:08:20:00 +0000] "GET /wp-content/uploads/2021/01/b7-2.jpg HTTP/1.1" 200 59720 "-" "Mozilla/5.0 (compatible; AhrefsBot/7.0; +http://ahrefs.com/robot/)"
216.73.216.167 - - [15/Jul/2025:08:25:44 +0000] "GET /robots.txt HTTP/1.1" 200 126 "-" "Mozilla/5.0 AppleWebKit/537.36 (KHTML, like Gecko; compatible; ClaudeBot/1.0; [email protected])"
216.73.216.167 - - [15/Jul/2025:08:25:44 +0000] "GET /sitemape.xml HTTP/1.1" 200 18538 "-" "Mozilla/5.0 AppleWebKit/537.36 (KHTML, like Gecko; compatible; ClaudeBot/1.0; [email protected])"
66.249.74.100 - - [15/Jul/2025:08:33:09 +0000] "GET /s/cept11563920/ HTTP/1.1" 200 40000 "-" "Mozilla/5.0 (Linux; Android 6.0.1; Nexus 5X Build/MMB29P) AppleWebKit/537.36 (KHTML, like Gecko) Chrome/137.0.7151.103 Mobile Safari/537.36 (compatible; GoogleOther)"
66.249.74.100 - - [15/Jul/2025:08:33:55 +0000] "GET /s/rail10814968/ HTTP/1.1" 200 40174 "-" "Mozilla/5.0 (Linux; Android 6.0.1; Nexus 5X Build/MMB29P) AppleWebKit/537.36 (KHTML, like Gecko) Chrome/137.0.7151.103 Mobile Safari/537.36 (compatible; GoogleOther)"
66.249.74.100 - - [15/Jul/2025:08:42:07 +0000] "GET /s/revis50818276/ HTTP/1.1" 200 39972 "-" "Mozilla/5.0 (Linux; Android 6.0.1; Nexus 5X Build/MMB29P) AppleWebKit/537.36 (KHTML, like Gecko) Chrome/137.0.7151.103 Mobile Safari/537.36 (compatible; GoogleOther)"
66.249.74.101 - - [15/Jul/2025:08:51:55 +0000] "GET /s/makeu20362393/ HTTP/1.1" 200 40733 "-" "Mozilla/5.0 (Linux; Android 6.0.1; Nexus 5X Build/MMB29P) AppleWebKit/537.36 (KHTML, like Gecko) Chrome/137.0.7151.103 Mobile Safari/537.36 (compatible; GoogleOther)"
209.74.77.214 - - [15/Jul/2025:09:02:14 +0000] "POST /wp-admin/admin-ajax.php?action=async_litespeed&nonce=NJa9ZRgSS2Rydt8MItMSTtrJPchHmLbf&litespeed_type=imgoptm HTTP/1.1" 200 21 "-" "WordPress/6.8.1; https://sixpacksecurity.com.au"
185.191.171.14 - - [15/Jul/2025:09:04:37 +0000] "GET /robots.txt HTTP/1.1" 200 126 "-" "Mozilla/5.0 (compatible; SemrushBot/7~bl; +http://www.semrush.com/bot.html)"
209.74.77.214 - - [15/Jul/2025:09:04:40 +0000] "POST /wp-cron.php?doing_wp_cron=1752570280.1250879764556884765625 HTTP/1.1" 200 - "-" "WordPress/6.8.1; https://sixpacksecurity.com.au"
209.74.77.214 - - [15/Jul/2025:09:04:40 +0000] "POST /wp-admin/admin-ajax.php?action=async_litespeed&nonce=Nmy5suugJyezYQUhklkUUuqdhrKE2e6i&litespeed_type=imgoptm HTTP/1.1" 200 21 "-" "WordPress/6.8.1; https://sixpacksecurity.com.au"
185.191.171.2 - - [15/Jul/2025:09:04:38 +0000] "GET /2023/06/10/ HTTP/1.1" 200 11120 "-" "Mozilla/5.0 (compatible; SemrushBot/7~bl; +http://www.semrush.com/bot.html)"
66.249.74.99 - - [15/Jul/2025:09:09:58 +0000] "GET /s/marbl21806937/ HTTP/1.1" 200 40722 "-" "Mozilla/5.0 (Linux; Android 6.0.1; Nexus 5X Build/MMB29P) AppleWebKit/537.36 (KHTML, like Gecko) Chrome/137.0.7151.103 Mobile Safari/537.36 (compatible; GoogleOther)"
66.249.74.101 - - [15/Jul/2025:09:27:57 +0000] "GET /s/bury32782826/ HTTP/1.1" 200 40236 "-" "Mozilla/5.0 (Linux; Android 6.0.1; Nexus 5X Build/MMB29P) AppleWebKit/537.36 (KHTML, like Gecko) Chrome/137.0.7151.103 Mobile Safari/537.36 (compatible; GoogleOther)"
66.249.74.99 - - [15/Jul/2025:09:33:04 +0000] "GET /s/galle12845416/ HTTP/1.1" 200 39919 "-" "Mozilla/5.0 (Linux; Android 6.0.1; Nexus 5X Build/MMB29P) AppleWebKit/537.36 (KHTML, like Gecko) Chrome/137.0.7151.103 Mobile Safari/537.36 (compatible; GoogleOther)"
209.74.77.214 - - [15/Jul/2025:09:34:55 +0000] "POST /wp-cron.php?doing_wp_cron=1752572095.7320199012756347656250 HTTP/1.1" 200 - "-" "WordPress/6.8.1; https://sixpacksecurity.com.au"
185.191.171.3 - - [15/Jul/2025:09:34:54 +0000] "GET /2023/06/06/ HTTP/1.1" 200 11138 "-" "Mozilla/5.0 (compatible; SemrushBot/7~bl; +http://www.semrush.com/bot.html)"
209.74.77.214 - - [15/Jul/2025:09:34:55 +0000] "POST /wp-admin/admin-ajax.php?action=async_litespeed&nonce=hl0BoPWCOjY3pyG2E0XP4UXFOyX4PAIk&litespeed_type=imgoptm HTTP/1.1" 200 21 "-" "WordPress/6.8.1; https://sixpacksecurity.com.au"
209.74.77.214 - - [15/Jul/2025:09:41:19 +0000] "POST /wp-admin/admin-ajax.php?action=async_litespeed&nonce=JH1MZN1Lw20HzwdHKdAPBCHhhRNZzYLN&litespeed_type=imgoptm HTTP/1.1" 200 21 "-" "WordPress/6.8.1; https://sixpacksecurity.com.au"
192.42.116.178 - - [15/Jul/2025:09:41:21 +0000] "GET / HTTP/1.1" 200 176694 "sixpacksecurity.com.au" "Mozilla/5.0 (Linux; Android 7.0; P310) AppleWebKit/537.36 (KHTML, like Gecko) Chrome/81.0.4044.111 Safari/537.36"
209.74.77.214 - - [15/Jul/2025:09:42:04 +0000] "POST /wp-cron.php?doing_wp_cron=1752572524.5846190452575683593750 HTTP/1.1" 200 - "-" "WordPress/6.8.1; https://sixpacksecurity.com.au"
209.74.77.214 - - [15/Jul/2025:09:42:04 +0000] "POST /wp-admin/admin-ajax.php?action=async_litespeed&nonce=bieNovUUepnaCeSUrOb7mGOWvahhKlfN&litespeed_type=imgoptm HTTP/1.1" 200 21 "-" "WordPress/6.8.1; https://sixpacksecurity.com.au"
45.138.16.239 - - [15/Jul/2025:09:42:03 +0000] "GET / HTTP/1.1" 200 176694 "https://sixpacksecurity.com.au" "Mozilla/5.0 (Linux; Android 7.0; P310) AppleWebKit/537.36 (KHTML, like Gecko) Chrome/81.0.4044.111 Safari/537.36"
209.74.77.214 - - [15/Jul/2025:09:42:07 +0000] "POST /wp-cron.php?doing_wp_cron=1752572527.4360508918762207031250 HTTP/1.1" 200 - "-" "WordPress/6.8.1; https://sixpacksecurity.com.au"
45.138.16.239 - - [15/Jul/2025:09:42:07 +0000] "GET /about HTTP/1.1" 301 - "https://sixpacksecurity.com.au/about" "Mozilla/5.0 (Linux; Android 7.0; P310) AppleWebKit/537.36 (KHTML, like Gecko) Chrome/81.0.4044.111 Safari/537.36"
45.138.16.239 - - [15/Jul/2025:09:42:07 +0000] "GET /about/ HTTP/1.1" 200 101394 "https://sixpacksecurity.com.au/about" "Mozilla/5.0 (Linux; Android 7.0; P310) AppleWebKit/537.36 (KHTML, like Gecko) Chrome/81.0.4044.111 Safari/537.36"
45.138.16.239 - - [15/Jul/2025:09:42:09 +0000] "GET /best-construction-tips-you-will-read-2021-year HTTP/1.1" 301 - "https://sixpacksecurity.com.au/best-construction-tips-you-will-read-2021-year" "Mozilla/5.0 (Linux; Android 7.0; P310) AppleWebKit/537.36 (KHTML, like Gecko) Chrome/81.0.4044.111 Safari/537.36"
45.138.16.239 - - [15/Jul/2025:09:42:10 +0000] "GET /best-construction-tips-you-will-read-2021-year/ HTTP/1.1" 200 60082 "https://sixpacksecurity.com.au/best-construction-tips-you-will-read-2021-year" "Mozilla/5.0 (Linux; Android 7.0; P310) AppleWebKit/537.36 (KHTML, like Gecko) Chrome/81.0.4044.111 Safari/537.36"
192.42.116.201 - - [15/Jul/2025:09:42:11 +0000] "POST /wp-comments-post.php HTTP/1.1" 302 - "https://sixpacksecurity.com.au/wp-comments-post.php" "Mozilla/5.0 (Linux; Android 7.0; P310) AppleWebKit/537.36 (KHTML, like Gecko) Chrome/81.0.4044.111 Safari/537.36"
192.42.116.201 - - [15/Jul/2025:09:42:12 +0000] "GET /best-construction-tips-you-will-read-2021-year/ HTTP/1.1" 200 60082 "https://sixpacksecurity.com.au/wp-comments-post.php" "Mozilla/5.0 (Linux; Android 7.0; P310) AppleWebKit/537.36 (KHTML, like Gecko) Chrome/81.0.4044.111 Safari/537.36"
192.42.116.201 - - [15/Jul/2025:09:42:13 +0000] "GET /blog HTTP/1.1" 301 - "https://sixpacksecurity.com.au/blog" "Mozilla/5.0 (Linux; Android 7.0; P310) AppleWebKit/537.36 (KHTML, like Gecko) Chrome/81.0.4044.111 Safari/537.36"
192.42.116.201 - - [15/Jul/2025:09:42:14 +0000] "GET /blog/ HTTP/1.1" 200 62146 "https://sixpacksecurity.com.au/blog" "Mozilla/5.0 (Linux; Android 7.0; P310) AppleWebKit/537.36 (KHTML, like Gecko) Chrome/81.0.4044.111 Safari/537.36"
192.42.116.201 - - [15/Jul/2025:09:42:16 +0000] "GET /comments/feed HTTP/1.1" 301 - "https://sixpacksecurity.com.au/comments/feed" "Mozilla/5.0 (Linux; Android 7.0; P310) AppleWebKit/537.36 (KHTML, like Gecko) Chrome/81.0.4044.111 Safari/537.36"
192.42.116.201 - - [15/Jul/2025:09:42:16 +0000] "GET /comments/feed/ HTTP/1.1" 200 764 "https://sixpacksecurity.com.au/comments/feed" "Mozilla/5.0 (Linux; Android 7.0; P310) AppleWebKit/537.36 (KHTML, like Gecko) Chrome/81.0.4044.111 Safari/537.36"
192.42.116.201 - - [15/Jul/2025:09:42:17 +0000] "GET /contact HTTP/1.1" 301 - "https://sixpacksecurity.com.au/contact" "Mozilla/5.0 (Linux; Android 7.0; P310) AppleWebKit/537.36 (KHTML, like Gecko) Chrome/81.0.4044.111 Safari/537.36"
192.42.116.201 - - [15/Jul/2025:09:42:17 +0000] "GET /contact/ HTTP/1.1" 200 61599 "https://sixpacksecurity.com.au/contact" "Mozilla/5.0 (Linux; Android 7.0; P310) AppleWebKit/537.36 (KHTML, like Gecko) Chrome/81.0.4044.111 Safari/537.36"
192.42.116.201 - - [15/Jul/2025:09:42:20 +0000] "GET /em_team/peshotan-mehta HTTP/1.1" 301 - "https://sixpacksecurity.com.au/em_team/peshotan-mehta" "Mozilla/5.0 (Linux; Android 7.0; P310) AppleWebKit/537.36 (KHTML, like Gecko) Chrome/81.0.4044.111 Safari/537.36"
192.42.116.201 - - [15/Jul/2025:09:42:20 +0000] "GET /em_team/peshotan-mehta/ HTTP/1.1" 200 45955 "https://sixpacksecurity.com.au/em_team/peshotan-mehta" "Mozilla/5.0 (Linux; Android 7.0; P310) AppleWebKit/537.36 (KHTML, like Gecko) Chrome/81.0.4044.111 Safari/537.36"
192.42.116.201 - - [15/Jul/2025:09:42:23 +0000] "GET /em_team/peter-fransisco HTTP/1.1" 301 - "https://sixpacksecurity.com.au/em_team/peter-fransisco" "Mozilla/5.0 (Linux; Android 7.0; P310) AppleWebKit/537.36 (KHTML, like Gecko) Chrome/81.0.4044.111 Safari/537.36"
192.42.116.201 - - [15/Jul/2025:09:42:23 +0000] "GET /em_team/peter-fransisco/ HTTP/1.1" 200 45970 "https://sixpacksecurity.com.au/em_team/peter-fransisco" "Mozilla/5.0 (Linux; Android 7.0; P310) AppleWebKit/537.36 (KHTML, like Gecko) Chrome/81.0.4044.111 Safari/537.36"
192.42.116.201 - - [15/Jul/2025:09:42:25 +0000] "GET /em_team/tomas-brown HTTP/1.1" 301 - "https://sixpacksecurity.com.au/em_team/tomas-brown" "Mozilla/5.0 (Linux; Android 7.0; P310) AppleWebKit/537.36 (KHTML, like Gecko) Chrome/81.0.4044.111 Safari/537.36"
192.42.116.201 - - [15/Jul/2025:09:42:25 +0000] "GET /em_team/tomas-brown/ HTTP/1.1" 200 45941 "https://sixpacksecurity.com.au/em_team/tomas-brown" "Mozilla/5.0 (Linux; Android 7.0; P310) AppleWebKit/537.36 (KHTML, like Gecko) Chrome/81.0.4044.111 Safari/537.36"
37.114.63.5 - - [15/Jul/2025:09:42:26 +0000] "GET /faq HTTP/1.1" 301 - "https://sixpacksecurity.com.au/faq" "Mozilla/5.0 (Linux; Android 7.0; P310) AppleWebKit/537.36 (KHTML, like Gecko) Chrome/81.0.4044.111 Safari/537.36"
37.114.63.5 - - [15/Jul/2025:09:42:27 +0000] "GET /faq/ HTTP/1.1" 200 69605 "https://sixpacksecurity.com.au/faq" "Mozilla/5.0 (Linux; Android 7.0; P310) AppleWebKit/537.36 (KHTML, like Gecko) Chrome/81.0.4044.111 Safari/537.36"
37.114.63.5 - - [15/Jul/2025:09:42:29 +0000] "GET /feed HTTP/1.1" 301 - "https://sixpacksecurity.com.au/feed" "Mozilla/5.0 (Linux; Android 7.0; P310) AppleWebKit/537.36 (KHTML, like Gecko) Chrome/81.0.4044.111 Safari/537.36"
37.114.63.5 - - [15/Jul/2025:09:42:29 +0000] "GET /feed/ HTTP/1.1" 200 48542 "https://sixpacksecurity.com.au/feed" "Mozilla/5.0 (Linux; Android 7.0; P310) AppleWebKit/537.36 (KHTML, like Gecko) Chrome/81.0.4044.111 Safari/537.36"
37.114.63.5 - - [15/Jul/2025:09:42:30 +0000] "GET /home-security HTTP/1.1" 301 - "https://sixpacksecurity.com.au/home-security" "Mozilla/5.0 (Linux; Android 7.0; P310) AppleWebKit/537.36 (KHTML, like Gecko) Chrome/81.0.4044.111 Safari/537.36"
37.114.63.5 - - [15/Jul/2025:09:42:30 +0000] "GET /home-security/ HTTP/1.1" 200 79652 "https://sixpacksecurity.com.au/home-security" "Mozilla/5.0 (Linux; Android 7.0; P310) AppleWebKit/537.36 (KHTML, like Gecko) Chrome/81.0.4044.111 Safari/537.36"
37.114.63.5 - - [15/Jul/2025:09:42:32 +0000] "GET /how-will-you-know-success-when-it-shows-ups HTTP/1.1" 301 - "https://sixpacksecurity.com.au/how-will-you-know-success-when-it-shows-ups" "Mozilla/5.0 (Linux; Android 7.0; P310) AppleWebKit/537.36 (KHTML, like Gecko) Chrome/81.0.4044.111 Safari/537.36"
37.114.63.5 - - [15/Jul/2025:09:42:33 +0000] "GET /how-will-you-know-success-when-it-shows-ups/ HTTP/1.1" 200 60050 "https://sixpacksecurity.com.au/how-will-you-know-success-when-it-shows-ups" "Mozilla/5.0 (Linux; Android 7.0; P310) AppleWebKit/537.36 (KHTML, like Gecko) Chrome/81.0.4044.111 Safari/537.36"
37.114.63.5 - - [15/Jul/2025:09:42:34 +0000] "POST /wp-comments-post.php HTTP/1.1" 302 - "https://sixpacksecurity.com.au/wp-comments-post.php" "Mozilla/5.0 (Linux; Android 7.0; P310) AppleWebKit/537.36 (KHTML, like Gecko) Chrome/81.0.4044.111 Safari/537.36"
37.114.63.5 - - [15/Jul/2025:09:42:34 +0000] "GET /how-will-you-know-success-when-it-shows-ups/ HTTP/1.1" 200 60050 "https://sixpacksecurity.com.au/wp-comments-post.php" "Mozilla/5.0 (Linux; Android 7.0; P310) AppleWebKit/537.36 (KHTML, like Gecko) Chrome/81.0.4044.111 Safari/537.36"
37.114.63.5 - - [15/Jul/2025:09:42:36 +0000] "GET /installation-cctv HTTP/1.1" 301 - "https://sixpacksecurity.com.au/installation-cctv" "Mozilla/5.0 (Linux; Android 7.0; P310) AppleWebKit/537.36 (KHTML, like Gecko) Chrome/81.0.4044.111 Safari/537.36"
37.114.63.5 - - [15/Jul/2025:09:42:37 +0000] "GET /installation-cctv/ HTTP/1.1" 200 80323 "https://sixpacksecurity.com.au/installation-cctv" "Mozilla/5.0 (Linux; Android 7.0; P310) AppleWebKit/537.36 (KHTML, like Gecko) Chrome/81.0.4044.111 Safari/537.36"
45.134.225.36 - - [15/Jul/2025:09:42:39 +0000] "GET /our-clients HTTP/1.1" 301 - "https://sixpacksecurity.com.au/our-clients" "Mozilla/5.0 (Linux; Android 7.0; P310) AppleWebKit/537.36 (KHTML, like Gecko) Chrome/81.0.4044.111 Safari/537.36"
45.134.225.36 - - [15/Jul/2025:09:42:39 +0000] "GET /our-clients/ HTTP/1.1" 200 59391 "https://sixpacksecurity.com.au/our-clients" "Mozilla/5.0 (Linux; Android 7.0; P310) AppleWebKit/537.36 (KHTML, like Gecko) Chrome/81.0.4044.111 Safari/537.36"
45.134.225.36 - - [15/Jul/2025:09:42:41 +0000] "GET /places-to-install-cctv-in-your-house HTTP/1.1" 301 - "https://sixpacksecurity.com.au/places-to-install-cctv-in-your-house" "Mozilla/5.0 (Linux; Android 7.0; P310) AppleWebKit/537.36 (KHTML, like Gecko) Chrome/81.0.4044.111 Safari/537.36"
45.134.225.36 - - [15/Jul/2025:09:42:41 +0000] "GET /places-to-install-cctv-in-your-house/ HTTP/1.1" 200 59937 "https://sixpacksecurity.com.au/places-to-install-cctv-in-your-house" "Mozilla/5.0 (Linux; Android 7.0; P310) AppleWebKit/537.36 (KHTML, like Gecko) Chrome/81.0.4044.111 Safari/537.36"
209.74.77.214 - - [15/Jul/2025:09:42:43 +0000] "POST /wp-cron.php?doing_wp_cron=1752572563.0595779418945312500000 HTTP/1.1" 200 - "-" "WordPress/6.8.1; https://sixpacksecurity.com.au"
45.134.225.36 - - [15/Jul/2025:09:42:42 +0000] "POST /wp-comments-post.php HTTP/1.1" 429 2586 "https://sixpacksecurity.com.au/wp-comments-post.php" "Mozilla/5.0 (Linux; Android 7.0; P310) AppleWebKit/537.36 (KHTML, like Gecko) Chrome/81.0.4044.111 Safari/537.36"
209.74.77.214 - - [15/Jul/2025:09:42:43 +0000] "POST /wp-admin/admin-ajax.php?action=async_litespeed&nonce=exEbKI7bJsMR63PyRJ4pz7xN4VIwnzVm&litespeed_type=imgoptm HTTP/1.1" 200 21 "-" "WordPress/6.8.1; https://sixpacksecurity.com.au"
45.134.225.36 - - [15/Jul/2025:09:42:44 +0000] "GET /portfolio HTTP/1.1" 301 - "https://sixpacksecurity.com.au/portfolio" "Mozilla/5.0 (Linux; Android 7.0; P310) AppleWebKit/537.36 (KHTML, like Gecko) Chrome/81.0.4044.111 Safari/537.36"
45.134.225.36 - - [15/Jul/2025:09:42:44 +0000] "GET /portfolio/ HTTP/1.1" 200 65842 "https://sixpacksecurity.com.au/portfolio" "Mozilla/5.0 (Linux; Android 7.0; P310) AppleWebKit/537.36 (KHTML, like Gecko) Chrome/81.0.4044.111 Safari/537.36"
45.134.225.36 - - [15/Jul/2025:09:42:46 +0000] "GET /pricing HTTP/1.1" 301 - "https://sixpacksecurity.com.au/pricing" "Mozilla/5.0 (Linux; Android 7.0; P310) AppleWebKit/537.36 (KHTML, like Gecko) Chrome/81.0.4044.111 Safari/537.36"
45.134.225.36 - - [15/Jul/2025:09:42:46 +0000] "GET /pricing/ HTTP/1.1" 200 66342 "https://sixpacksecurity.com.au/pricing" "Mozilla/5.0 (Linux; Android 7.0; P310) AppleWebKit/537.36 (KHTML, like Gecko) Chrome/81.0.4044.111 Safari/537.36"
45.134.225.36 - - [15/Jul/2025:09:42:48 +0000] "GET /reasons-why-is-important-to-install-cctv HTTP/1.1" 301 - "https://sixpacksecurity.com.au/reasons-why-is-important-to-install-cctv" "Mozilla/5.0 (Linux; Android 7.0; P310) AppleWebKit/537.36 (KHTML, like Gecko) Chrome/81.0.4044.111 Safari/537.36"
45.134.225.36 - - [15/Jul/2025:09:42:48 +0000] "GET /reasons-why-is-important-to-install-cctv/ HTTP/1.1" 200 60776 "https://sixpacksecurity.com.au/reasons-why-is-important-to-install-cctv" "Mozilla/5.0 (Linux; Android 7.0; P310) AppleWebKit/537.36 (KHTML, like Gecko) Chrome/81.0.4044.111 Safari/537.36"
45.84.107.128 - - [15/Jul/2025:09:42:50 +0000] "POST /wp-comments-post.php HTTP/1.1" 302 - "https://sixpacksecurity.com.au/wp-comments-post.php" "Mozilla/5.0 (Linux; Android 7.0; P310) AppleWebKit/537.36 (KHTML, like Gecko) Chrome/81.0.4044.111 Safari/537.36"
45.84.107.128 - - [15/Jul/2025:09:42:50 +0000] "GET /reasons-why-is-important-to-install-cctv/ HTTP/1.1" 200 60776 "https://sixpacksecurity.com.au/wp-comments-post.php" "Mozilla/5.0 (Linux; Android 7.0; P310) AppleWebKit/537.36 (KHTML, like Gecko) Chrome/81.0.4044.111 Safari/537.36"
45.84.107.128 - - [15/Jul/2025:09:42:52 +0000] "GET /residential-security HTTP/1.1" 301 - "https://sixpacksecurity.com.au/residential-security" "Mozilla/5.0 (Linux; Android 7.0; P310) AppleWebKit/537.36 (KHTML, like Gecko) Chrome/81.0.4044.111 Safari/537.36"
45.84.107.128 - - [15/Jul/2025:09:42:53 +0000] "GET /residential-security/ HTTP/1.1" 200 78591 "https://sixpacksecurity.com.au/residential-security" "Mozilla/5.0 (Linux; Android 7.0; P310) AppleWebKit/537.36 (KHTML, like Gecko) Chrome/81.0.4044.111 Safari/537.36"
45.84.107.128 - - [15/Jul/2025:09:42:55 +0000] "GET /service HTTP/1.1" 301 - "https://sixpacksecurity.com.au/service" "Mozilla/5.0 (Linux; Android 7.0; P310) AppleWebKit/537.36 (KHTML, like Gecko) Chrome/81.0.4044.111 Safari/537.36"
45.84.107.128 - - [15/Jul/2025:09:42:55 +0000] "GET /service/ HTTP/1.1" 200 63345 "https://sixpacksecurity.com.au/service" "Mozilla/5.0 (Linux; Android 7.0; P310) AppleWebKit/537.36 (KHTML, like Gecko) Chrome/81.0.4044.111 Safari/537.36"
45.84.107.128 - - [15/Jul/2025:09:42:57 +0000] "GET /software-development HTTP/1.1" 301 - "https://sixpacksecurity.com.au/software-development" "Mozilla/5.0 (Linux; Android 7.0; P310) AppleWebKit/537.36 (KHTML, like Gecko) Chrome/81.0.4044.111 Safari/537.36"
45.84.107.128 - - [15/Jul/2025:09:42:57 +0000] "GET /software-development/ HTTP/1.1" 200 88804 "https://sixpacksecurity.com.au/software-development" "Mozilla/5.0 (Linux; Android 7.0; P310) AppleWebKit/537.36 (KHTML, like Gecko) Chrome/81.0.4044.111 Safari/537.36"
45.84.107.128 - - [15/Jul/2025:09:43:00 +0000] "GET /solar-windows-could-be-for-the-future HTTP/1.1" 301 - "https://sixpacksecurity.com.au/solar-windows-could-be-for-the-future" "Mozilla/5.0 (Linux; Android 7.0; P310) AppleWebKit/537.36 (KHTML, like Gecko) Chrome/81.0.4044.111 Safari/537.36"
45.84.107.128 - - [15/Jul/2025:09:43:00 +0000] "GET /solar-windows-could-be-for-the-future/ HTTP/1.1" 200 64313 "https://sixpacksecurity.com.au/solar-windows-could-be-for-the-future" "Mozilla/5.0 (Linux; Android 7.0; P310) AppleWebKit/537.36 (KHTML, like Gecko) Chrome/81.0.4044.111 Safari/537.36"
192.42.116.203 - - [15/Jul/2025:09:43:02 +0000] "POST /wp-comments-post.php HTTP/1.1" 429 2586 "https://sixpacksecurity.com.au/wp-comments-post.php" "Mozilla/5.0 (Linux; Android 7.0; P310) AppleWebKit/537.36 (KHTML, like Gecko) Chrome/81.0.4044.111 Safari/537.36"
192.42.116.203 - - [15/Jul/2025:09:43:03 +0000] "GET /team HTTP/1.1" 301 - "https://sixpacksecurity.com.au/team" "Mozilla/5.0 (Linux; Android 7.0; P310) AppleWebKit/537.36 (KHTML, like Gecko) Chrome/81.0.4044.111 Safari/537.36"
192.42.116.203 - - [15/Jul/2025:09:43:03 +0000] "GET /team/ HTTP/1.1" 200 61480 "https://sixpacksecurity.com.au/team" "Mozilla/5.0 (Linux; Android 7.0; P310) AppleWebKit/537.36 (KHTML, like Gecko) Chrome/81.0.4044.111 Safari/537.36"
192.42.116.203 - - [15/Jul/2025:09:43:05 +0000] "GET /wp-json HTTP/1.1" 200 238846 "https://sixpacksecurity.com.au/wp-json" "Mozilla/5.0 (Linux; Android 7.0; P310) AppleWebKit/537.36 (KHTML, like Gecko) Chrome/81.0.4044.111 Safari/537.36"
209.74.77.214 - - [15/Jul/2025:09:43:07 +0000] "POST /wp-cron.php?doing_wp_cron=1752572587.1807548999786376953125 HTTP/1.1" 200 - "-" "WordPress/6.8.1; https://sixpacksecurity.com.au"
192.42.116.203 - - [15/Jul/2025:09:43:07 +0000] "GET /wp-json/oembed/1.0/embed?url=https%3A%2F%2Fsixpacksecurity.com.au%2F HTTP/1.1" 200 2143 "https://sixpacksecurity.com.au/wp-json/oembed/1.0/embed?url=https%3A%2F%2Fsixpacksecurity.com.au%2F" "Mozilla/5.0 (Linux; Android 7.0; P310) AppleWebKit/537.36 (KHTML, like Gecko) Chrome/81.0.4044.111 Safari/537.36"
192.42.116.203 - - [15/Jul/2025:09:43:08 +0000] "GET /wp-json/oembed/1.0/embed?url=https%3A%2F%2Fsixpacksecurity.com.au%2F&format=xml HTTP/1.1" 200 2302 "https://sixpacksecurity.com.au/wp-json/oembed/1.0/embed?url=https%3A%2F%2Fsixpacksecurity.com.au%2F&format=xml" "Mozilla/5.0 (Linux; Android 7.0; P310) AppleWebKit/537.36 (KHTML, like Gecko) Chrome/81.0.4044.111 Safari/537.36"
192.42.116.203 - - [15/Jul/2025:09:43:09 +0000] "GET /wp-json/wp/v2/pages/1717 HTTP/1.1" 200 155191 "https://sixpacksecurity.com.au/wp-json/wp/v2/pages/1717" "Mozilla/5.0 (Linux; Android 7.0; P310) AppleWebKit/537.36 (KHTML, like Gecko) Chrome/81.0.4044.111 Safari/537.36"
192.42.116.199 - - [15/Jul/2025:09:43:11 +0000] "GET /xmlrpc.php HTTP/1.1" 405 42 "https://sixpacksecurity.com.au/xmlrpc.php" "Mozilla/5.0 (Linux; Android 7.0; P310) AppleWebKit/537.36 (KHTML, like Gecko) Chrome/81.0.4044.111 Safari/537.36"
192.42.116.199 - - [15/Jul/2025:09:43:12 +0000] "GET /xmlrpc.php?rsd HTTP/1.1" 200 846 "https://sixpacksecurity.com.au/xmlrpc.php?rsd" "Mozilla/5.0 (Linux; Android 7.0; P310) AppleWebKit/537.36 (KHTML, like Gecko) Chrome/81.0.4044.111 Safari/537.36"
66.249.74.99 - - [15/Jul/2025:09:45:59 +0000] "GET /s/porte80762151/ HTTP/1.1" 200 40103 "-" "Mozilla/5.0 (Linux; Android 6.0.1; Nexus 5X Build/MMB29P) AppleWebKit/537.36 (KHTML, like Gecko) Chrome/137.0.7151.103 Mobile Safari/537.36 (compatible; GoogleOther)"
209.74.77.214 - - [15/Jul/2025:09:48:30 +0000] "POST /wp-cron.php?doing_wp_cron=1752572910.8359398841857910156250 HTTP/1.1" 200 - "-" "WordPress/6.8.1; https://sixpacksecurity.com.au"
209.74.77.214 - - [15/Jul/2025:09:48:30 +0000] "POST /wp-cron.php?doing_wp_cron=1752572910.8359398841857910156250 HTTP/1.1" 200 - "-" "WordPress/6.8.1; https://sixpacksecurity.com.au"
141.95.4.134 - - [15/Jul/2025:09:48:29 +0000] "GET /blog-verify HTTP/1.1" 404 42447 "-" "Mozilla/5.0 (Windows NT 10.0; Win64; x64) AppleWebKit/537.36 (KHTML, like Gecko) Chrome/127.0.0.0 Safari/537.36"
209.74.77.214 - - [15/Jul/2025:09:48:30 +0000] "POST /wp-admin/admin-ajax.php?action=async_litespeed&nonce=ufUBXFaE3CoFwShMVwWsKPSzXvDaGQ50&litespeed_type=imgoptm HTTP/1.1" 200 21 "-" "WordPress/6.8.1; https://sixpacksecurity.com.au"
209.74.77.214 - - [15/Jul/2025:09:48:30 +0000] "POST /wp-admin/admin-ajax.php?action=async_litespeed&nonce=RVNk6bxdmUbfPNqZpsgyBrm9rChpco9P&litespeed_type=imgoptm HTTP/1.1" 200 21 "-" "WordPress/6.8.1; https://sixpacksecurity.com.au"
141.95.4.134 - - [15/Jul/2025:09:48:29 +0000] "GET /?wordpress_x_core=check HTTP/1.1" 200 176717 "-" "Mozilla/5.0 (Windows NT 10.0; Win64; x64) AppleWebKit/537.36 (KHTML, like Gecko) Chrome/127.0.0.0 Safari/537.36"
209.74.77.214 - - [15/Jul/2025:09:51:16 +0000] "POST /wp-cron.php?doing_wp_cron=1752573076.2065520286560058593750 HTTP/1.1" 200 - "-" "WordPress/6.8.1; https://sixpacksecurity.com.au"
54.36.149.8 - - [15/Jul/2025:09:51:14 +0000] "GET /category/security/ HTTP/1.1" 200 11386 "-" "Mozilla/5.0 (compatible; AhrefsBot/7.0; +http://ahrefs.com/robot/)"
209.74.77.214 - - [15/Jul/2025:09:51:16 +0000] "POST /wp-admin/admin-ajax.php?action=async_litespeed&nonce=dn3nvoESSeqxWju2FWMPgnmsXpOvWCJF&litespeed_type=imgoptm HTTP/1.1" 200 21 "-" "WordPress/6.8.1; https://sixpacksecurity.com.au"