20.171.207.253 - - [17/Jul/2025:12:28:32 +0000] "GET /items/decor/low-tables/2208237/ HTTP/1.1" 404 13316 "-" "Mozilla/5.0 AppleWebKit/537.36 (KHTML, like Gecko; compatible; GPTBot/1.2; +https://openai.com/gptbot)"
20.171.207.253 - - [17/Jul/2025:12:28:33 +0000] "GET /items/kitchen/tea-cups/3296251/ HTTP/1.1" 404 13316 "-" "Mozilla/5.0 AppleWebKit/537.36 (KHTML, like Gecko; compatible; GPTBot/1.2; +https://openai.com/gptbot)"
20.171.207.253 - - [17/Jul/2025:12:28:34 +0000] "GET /items/blu-ray/records/2807580/ HTTP/1.1" 404 13316 "-" "Mozilla/5.0 AppleWebKit/537.36 (KHTML, like Gecko; compatible; GPTBot/1.2; +https://openai.com/gptbot)"
20.171.207.253 - - [17/Jul/2025:12:28:35 +0000] "GET /items/blu-ray/western/2405056/ HTTP/1.1" 404 13316 "-" "Mozilla/5.0 AppleWebKit/537.36 (KHTML, like Gecko; compatible; GPTBot/1.2; +https://openai.com/gptbot)"
20.171.207.253 - - [17/Jul/2025:12:28:37 +0000] "GET /items/beauty/hair-care/4362112/ HTTP/1.1" 404 13316 "-" "Mozilla/5.0 AppleWebKit/537.36 (KHTML, like Gecko; compatible; GPTBot/1.2; +https://openai.com/gptbot)"
20.171.207.253 - - [17/Jul/2025:12:28:38 +0000] "GET /items/audio/zoom-lens/4254203/ HTTP/1.1" 404 13316 "-" "Mozilla/5.0 AppleWebKit/537.36 (KHTML, like Gecko; compatible; GPTBot/1.2; +https://openai.com/gptbot)"
20.171.207.253 - - [17/Jul/2025:12:28:39 +0000] "GET /items/diy/power-tools/4197837/ HTTP/1.1" 404 13317 "-" "Mozilla/5.0 AppleWebKit/537.36 (KHTML, like Gecko; compatible; GPTBot/1.2; +https://openai.com/gptbot)"
20.171.207.253 - - [17/Jul/2025:12:28:40 +0000] "GET /items/beauty/body-care/5119445/ HTTP/1.1" 404 13316 "-" "Mozilla/5.0 AppleWebKit/537.36 (KHTML, like Gecko; compatible; GPTBot/1.2; +https://openai.com/gptbot)"
209.74.77.214 - - [17/Jul/2025:12:28:41 +0000] "POST /wp-cron.php?doing_wp_cron=1752755321.9634320735931396484375 HTTP/1.1" 200 - "-" "WordPress/6.8.2; https://akaventures.com.au"
20.171.207.253 - - [17/Jul/2025:12:28:41 +0000] "GET /items/beauty/hair-care/1844710/ HTTP/1.1" 404 13316 "-" "Mozilla/5.0 AppleWebKit/537.36 (KHTML, like Gecko; compatible; GPTBot/1.2; +https://openai.com/gptbot)"
20.171.207.253 - - [17/Jul/2025:12:28:42 +0000] "GET /items/diy/power-tools/3008422/ HTTP/1.1" 404 13316 "-" "Mozilla/5.0 AppleWebKit/537.36 (KHTML, like Gecko; compatible; GPTBot/1.2; +https://openai.com/gptbot)"
20.171.207.253 - - [17/Jul/2025:12:28:44 +0000] "GET /items/blu-ray/records/2756467/ HTTP/1.1" 404 13316 "-" "Mozilla/5.0 AppleWebKit/537.36 (KHTML, like Gecko; compatible; GPTBot/1.2; +https://openai.com/gptbot)"
20.171.207.253 - - [17/Jul/2025:12:28:45 +0000] "GET /items/audio/zoom-lens/3245375/ HTTP/1.1" 404 13316 "-" "Mozilla/5.0 AppleWebKit/537.36 (KHTML, like Gecko; compatible; GPTBot/1.2; +https://openai.com/gptbot)"
20.171.207.253 - - [17/Jul/2025:12:28:46 +0000] "GET /items/goods/tin-badges/4385309/ HTTP/1.1" 404 13316 "-" "Mozilla/5.0 AppleWebKit/537.36 (KHTML, like Gecko; compatible; GPTBot/1.2; +https://openai.com/gptbot)"
20.171.207.253 - - [17/Jul/2025:12:28:47 +0000] "GET /items/diy/power-tools/3244097/ HTTP/1.1" 404 13316 "-" "Mozilla/5.0 AppleWebKit/537.36 (KHTML, like Gecko; compatible; GPTBot/1.2; +https://openai.com/gptbot)"
20.171.207.253 - - [17/Jul/2025:12:28:48 +0000] "GET /items/beauty/body-care/1649030/ HTTP/1.1" 404 13317 "-" "Mozilla/5.0 AppleWebKit/537.36 (KHTML, like Gecko; compatible; GPTBot/1.2; +https://openai.com/gptbot)"
20.171.207.253 - - [17/Jul/2025:12:28:50 +0000] "GET /items/decor/sofa-beds/3708527/ HTTP/1.1" 404 13316 "-" "Mozilla/5.0 AppleWebKit/537.36 (KHTML, like Gecko; compatible; GPTBot/1.2; +https://openai.com/gptbot)"
20.171.207.253 - - [17/Jul/2025:12:28:51 +0000] "GET /items/tv/film-cameras/3746001/ HTTP/1.1" 404 13316 "-" "Mozilla/5.0 AppleWebKit/537.36 (KHTML, like Gecko; compatible; GPTBot/1.2; +https://openai.com/gptbot)"
20.171.207.253 - - [17/Jul/2025:12:28:52 +0000] "GET /items/decor/sofa-beds/2821965/ HTTP/1.1" 404 13316 "-" "Mozilla/5.0 AppleWebKit/537.36 (KHTML, like Gecko; compatible; GPTBot/1.2; +https://openai.com/gptbot)"
20.171.207.253 - - [17/Jul/2025:12:28:53 +0000] "GET /items/beauty/body-care/5169283/ HTTP/1.1" 404 13316 "-" "Mozilla/5.0 AppleWebKit/537.36 (KHTML, like Gecko; compatible; GPTBot/1.2; +https://openai.com/gptbot)"
20.171.207.253 - - [17/Jul/2025:12:28:54 +0000] "GET /items/diy/power-tools/1726047/ HTTP/1.1" 404 13316 "-" "Mozilla/5.0 AppleWebKit/537.36 (KHTML, like Gecko; compatible; GPTBot/1.2; +https://openai.com/gptbot)"
20.171.207.253 - - [17/Jul/2025:12:28:55 +0000] "GET /items/blu-ray/records/2756467/ HTTP/1.1" 404 13316 "-" "Mozilla/5.0 AppleWebKit/537.36 (KHTML, like Gecko; compatible; GPTBot/1.2; +https://openai.com/gptbot)"
20.171.207.253 - - [17/Jul/2025:12:28:57 +0000] "GET /items/audio/zoom-lens/4930384/ HTTP/1.1" 404 13316 "-" "Mozilla/5.0 AppleWebKit/537.36 (KHTML, like Gecko; compatible; GPTBot/1.2; +https://openai.com/gptbot)"
20.171.207.253 - - [17/Jul/2025:12:28:58 +0000] "GET /items/beauty/nail-tips/5019273/ HTTP/1.1" 404 13316 "-" "Mozilla/5.0 AppleWebKit/537.36 (KHTML, like Gecko; compatible; GPTBot/1.2; +https://openai.com/gptbot)"
66.249.74.131 - - [17/Jul/2025:12:28:58 +0000] "GET /?y=110889535071940&mod=c53015e8&uri=products.php?entity/2382997.shtm HTTP/1.1" 200 18470 "-" "Mozilla/5.0 (Linux; Android 6.0.1; Nexus 5X Build/MMB29P) AppleWebKit/537.36 (KHTML, like Gecko) Chrome/137.0.7151.103 Mobile Safari/537.36 (compatible; Googlebot/2.1; +http://www.google.com/bot.html)"
20.171.207.253 - - [17/Jul/2025:12:28:59 +0000] "GET /items/blu-ray/records/4374069/ HTTP/1.1" 404 13317 "-" "Mozilla/5.0 AppleWebKit/537.36 (KHTML, like Gecko; compatible; GPTBot/1.2; +https://openai.com/gptbot)"
20.171.207.253 - - [17/Jul/2025:12:29:00 +0000] "GET /items/diy/power-tools/4918125/ HTTP/1.1" 404 13317 "-" "Mozilla/5.0 AppleWebKit/537.36 (KHTML, like Gecko; compatible; GPTBot/1.2; +https://openai.com/gptbot)"
209.74.77.214 - - [17/Jul/2025:12:29:02 +0000] "POST /wp-cron.php?doing_wp_cron=1752755342.0231969356536865234375 HTTP/1.1" 200 - "-" "WordPress/6.8.2; https://akaventures.com.au"
20.171.207.253 - - [17/Jul/2025:12:29:01 +0000] "GET /items/food/soft-drinks/2981767/ HTTP/1.1" 404 13316 "-" "Mozilla/5.0 AppleWebKit/537.36 (KHTML, like Gecko; compatible; GPTBot/1.2; +https://openai.com/gptbot)"
20.171.207.253 - - [17/Jul/2025:12:29:02 +0000] "GET /items/beauty/body-care/2211478/ HTTP/1.1" 404 13317 "-" "Mozilla/5.0 AppleWebKit/537.36 (KHTML, like Gecko; compatible; GPTBot/1.2; +https://openai.com/gptbot)"
20.171.207.253 - - [17/Jul/2025:12:29:04 +0000] "GET /items/blu-ray/records/2034151/ HTTP/1.1" 404 13316 "-" "Mozilla/5.0 AppleWebKit/537.36 (KHTML, like Gecko; compatible; GPTBot/1.2; +https://openai.com/gptbot)"
20.171.207.253 - - [17/Jul/2025:12:29:05 +0000] "GET /items/beauty/body-care/2260410/ HTTP/1.1" 404 13317 "-" "Mozilla/5.0 AppleWebKit/537.36 (KHTML, like Gecko; compatible; GPTBot/1.2; +https://openai.com/gptbot)"
20.171.207.253 - - [17/Jul/2025:12:29:06 +0000] "GET /items/food/soft-drinks/3716296/ HTTP/1.1" 404 13317 "-" "Mozilla/5.0 AppleWebKit/537.36 (KHTML, like Gecko; compatible; GPTBot/1.2; +https://openai.com/gptbot)"
20.171.207.253 - - [17/Jul/2025:12:29:07 +0000] "GET /items/art/dj-equipment/2094581/ HTTP/1.1" 404 13317 "-" "Mozilla/5.0 AppleWebKit/537.36 (KHTML, like Gecko; compatible; GPTBot/1.2; +https://openai.com/gptbot)"
20.171.207.253 - - [17/Jul/2025:12:29:08 +0000] "GET /items/beauty/body-care/2066887/ HTTP/1.1" 404 13316 "-" "Mozilla/5.0 AppleWebKit/537.36 (KHTML, like Gecko; compatible; GPTBot/1.2; +https://openai.com/gptbot)"
20.171.207.253 - - [17/Jul/2025:12:29:10 +0000] "GET /items/beauty/nail-care/1829976/ HTTP/1.1" 404 13316 "-" "Mozilla/5.0 AppleWebKit/537.36 (KHTML, like Gecko; compatible; GPTBot/1.2; +https://openai.com/gptbot)"
20.171.207.253 - - [17/Jul/2025:12:29:11 +0000] "GET /items/blu-ray/records/4436550/ HTTP/1.1" 404 13316 "-" "Mozilla/5.0 AppleWebKit/537.36 (KHTML, like Gecko; compatible; GPTBot/1.2; +https://openai.com/gptbot)"
20.171.207.253 - - [17/Jul/2025:12:29:12 +0000] "GET /items/beauty/hair-care/2547489/ HTTP/1.1" 404 13316 "-" "Mozilla/5.0 AppleWebKit/537.36 (KHTML, like Gecko; compatible; GPTBot/1.2; +https://openai.com/gptbot)"
20.171.207.253 - - [17/Jul/2025:12:29:13 +0000] "GET /items/blu-ray/records/2060921/ HTTP/1.1" 404 13316 "-" "Mozilla/5.0 AppleWebKit/537.36 (KHTML, like Gecko; compatible; GPTBot/1.2; +https://openai.com/gptbot)"
20.171.207.253 - - [17/Jul/2025:12:29:14 +0000] "GET /items/tv/single-focus/4410832/ HTTP/1.1" 404 13316 "-" "Mozilla/5.0 AppleWebKit/537.36 (KHTML, like Gecko; compatible; GPTBot/1.2; +https://openai.com/gptbot)"
20.171.207.253 - - [17/Jul/2025:12:29:15 +0000] "GET /items/beauty/face-care/1803736/ HTTP/1.1" 404 13316 "-" "Mozilla/5.0 AppleWebKit/537.36 (KHTML, like Gecko; compatible; GPTBot/1.2; +https://openai.com/gptbot)"
20.171.207.253 - - [17/Jul/2025:12:29:17 +0000] "GET /items/diy/power-tools/2167600/ HTTP/1.1" 404 13316 "-" "Mozilla/5.0 AppleWebKit/537.36 (KHTML, like Gecko; compatible; GPTBot/1.2; +https://openai.com/gptbot)"
20.171.207.253 - - [17/Jul/2025:12:29:18 +0000] "GET /items/beauty/body-care/5285423/ HTTP/1.1" 404 13316 "-" "Mozilla/5.0 AppleWebKit/537.36 (KHTML, like Gecko; compatible; GPTBot/1.2; +https://openai.com/gptbot)"
20.171.207.253 - - [17/Jul/2025:12:29:19 +0000] "GET /items/decor/sofa-beds/4125430/ HTTP/1.1" 404 13316 "-" "Mozilla/5.0 AppleWebKit/537.36 (KHTML, like Gecko; compatible; GPTBot/1.2; +https://openai.com/gptbot)"
20.171.207.253 - - [17/Jul/2025:12:29:20 +0000] "GET /items/tv/film-cameras/4421807/ HTTP/1.1" 404 13316 "-" "Mozilla/5.0 AppleWebKit/537.36 (KHTML, like Gecko; compatible; GPTBot/1.2; +https://openai.com/gptbot)"
20.171.207.253 - - [17/Jul/2025:12:29:21 +0000] "GET /items/blu-ray/records/4995065/ HTTP/1.1" 404 13316 "-" "Mozilla/5.0 AppleWebKit/537.36 (KHTML, like Gecko; compatible; GPTBot/1.2; +https://openai.com/gptbot)"
20.171.207.253 - - [17/Jul/2025:12:29:22 +0000] "GET /items/beauty/nail-care/2144825/ HTTP/1.1" 404 13316 "-" "Mozilla/5.0 AppleWebKit/537.36 (KHTML, like Gecko; compatible; GPTBot/1.2; +https://openai.com/gptbot)"
20.171.207.253 - - [17/Jul/2025:12:29:24 +0000] "GET /items/audio/zoom-lens/3190414/ HTTP/1.1" 404 13316 "-" "Mozilla/5.0 AppleWebKit/537.36 (KHTML, like Gecko; compatible; GPTBot/1.2; +https://openai.com/gptbot)"
20.171.207.253 - - [17/Jul/2025:12:29:25 +0000] "GET /items/beauty/nail-care/1972939/ HTTP/1.1" 404 13316 "-" "Mozilla/5.0 AppleWebKit/537.36 (KHTML, like Gecko; compatible; GPTBot/1.2; +https://openai.com/gptbot)"
20.171.207.253 - - [17/Jul/2025:12:29:26 +0000] "GET /items/decor/sofa-beds/5435290/ HTTP/1.1" 404 13316 "-" "Mozilla/5.0 AppleWebKit/537.36 (KHTML, like Gecko; compatible; GPTBot/1.2; +https://openai.com/gptbot)"
20.171.207.253 - - [17/Jul/2025:12:29:27 +0000] "GET /items/audio/zoom-lens/4278117/ HTTP/1.1" 404 13316 "-" "Mozilla/5.0 AppleWebKit/537.36 (KHTML, like Gecko; compatible; GPTBot/1.2; +https://openai.com/gptbot)"
20.171.207.253 - - [17/Jul/2025:12:29:28 +0000] "GET /items/diy/floor-tiles/2780199/ HTTP/1.1" 404 13315 "-" "Mozilla/5.0 AppleWebKit/537.36 (KHTML, like Gecko; compatible; GPTBot/1.2; +https://openai.com/gptbot)"
20.171.207.253 - - [17/Jul/2025:12:29:29 +0000] "GET /items/tv/film-cameras/2283604/ HTTP/1.1" 404 13317 "-" "Mozilla/5.0 AppleWebKit/537.36 (KHTML, like Gecko; compatible; GPTBot/1.2; +https://openai.com/gptbot)"
20.171.207.253 - - [17/Jul/2025:12:29:31 +0000] "GET /items/tv/film-cameras/4387199/ HTTP/1.1" 404 13316 "-" "Mozilla/5.0 AppleWebKit/537.36 (KHTML, like Gecko; compatible; GPTBot/1.2; +https://openai.com/gptbot)"
20.171.207.253 - - [17/Jul/2025:12:29:32 +0000] "GET /items/audio/zoom-lens/2567508/ HTTP/1.1" 404 13316 "-" "Mozilla/5.0 AppleWebKit/537.36 (KHTML, like Gecko; compatible; GPTBot/1.2; +https://openai.com/gptbot)"
20.171.207.253 - - [17/Jul/2025:12:29:33 +0000] "GET /items/blu-ray/records/3967683/ HTTP/1.1" 404 13317 "-" "Mozilla/5.0 AppleWebKit/537.36 (KHTML, like Gecko; compatible; GPTBot/1.2; +https://openai.com/gptbot)"
20.171.207.253 - - [17/Jul/2025:12:29:34 +0000] "GET /items/beauty/hair-care/2071307/ HTTP/1.1" 404 13317 "-" "Mozilla/5.0 AppleWebKit/537.36 (KHTML, like Gecko; compatible; GPTBot/1.2; +https://openai.com/gptbot)"
20.171.207.253 - - [17/Jul/2025:12:29:35 +0000] "GET /items/beauty/hair-care/1856261/ HTTP/1.1" 404 13317 "-" "Mozilla/5.0 AppleWebKit/537.36 (KHTML, like Gecko; compatible; GPTBot/1.2; +https://openai.com/gptbot)"
20.171.207.253 - - [17/Jul/2025:12:29:37 +0000] "GET /items/audio/zoom-lens/4234256/ HTTP/1.1" 404 13317 "-" "Mozilla/5.0 AppleWebKit/537.36 (KHTML, like Gecko; compatible; GPTBot/1.2; +https://openai.com/gptbot)"
20.171.207.253 - - [17/Jul/2025:12:29:38 +0000] "GET /items/manga/4-panel-comics/3913125/ HTTP/1.1" 404 13317 "-" "Mozilla/5.0 AppleWebKit/537.36 (KHTML, like Gecko; compatible; GPTBot/1.2; +https://openai.com/gptbot)"
20.171.207.253 - - [17/Jul/2025:12:29:39 +0000] "GET /items/sports/golf-bags/4735142/ HTTP/1.1" 404 13316 "-" "Mozilla/5.0 AppleWebKit/537.36 (KHTML, like Gecko; compatible; GPTBot/1.2; +https://openai.com/gptbot)"
20.171.207.253 - - [17/Jul/2025:12:29:40 +0000] "GET /items/blu-ray/records/3384563/ HTTP/1.1" 404 13317 "-" "Mozilla/5.0 AppleWebKit/537.36 (KHTML, like Gecko; compatible; GPTBot/1.2; +https://openai.com/gptbot)"
66.249.74.131 - - [17/Jul/2025:12:29:41 +0000] "GET /?y=5441832011940&mod=edb446b6&uri=itm.php?pcmypage/ HTTP/1.1" 200 19582 "-" "Mozilla/5.0 (Linux; Android 6.0.1; Nexus 5X Build/MMB29P) AppleWebKit/537.36 (KHTML, like Gecko) Chrome/137.0.7151.103 Mobile Safari/537.36 (compatible; Googlebot/2.1; +http://www.google.com/bot.html)"
209.74.77.214 - - [17/Jul/2025:12:29:41 +0000] "POST /wp-cron.php?doing_wp_cron=1752755381.9073960781097412109375 HTTP/1.1" 200 - "-" "WordPress/6.8.2; https://akaventures.com.au"
20.171.207.253 - - [17/Jul/2025:12:29:41 +0000] "GET /items/beauty/hair-care/2411073/ HTTP/1.1" 404 13316 "-" "Mozilla/5.0 AppleWebKit/537.36 (KHTML, like Gecko; compatible; GPTBot/1.2; +https://openai.com/gptbot)"
20.171.207.253 - - [17/Jul/2025:12:29:42 +0000] "GET /items/beauty/body-care/4950589/ HTTP/1.1" 404 13317 "-" "Mozilla/5.0 AppleWebKit/537.36 (KHTML, like Gecko; compatible; GPTBot/1.2; +https://openai.com/gptbot)"
20.171.207.253 - - [17/Jul/2025:12:29:44 +0000] "GET /items/beauty/nail-care/4906737/ HTTP/1.1" 404 13317 "-" "Mozilla/5.0 AppleWebKit/537.36 (KHTML, like Gecko; compatible; GPTBot/1.2; +https://openai.com/gptbot)"
20.171.207.253 - - [17/Jul/2025:12:29:45 +0000] "GET /items/games/plush-toys/2469172/ HTTP/1.1" 404 13317 "-" "Mozilla/5.0 AppleWebKit/537.36 (KHTML, like Gecko; compatible; GPTBot/1.2; +https://openai.com/gptbot)"
20.171.207.253 - - [17/Jul/2025:12:29:46 +0000] "GET /items/blu-ray/records/5387002/ HTTP/1.1" 404 13317 "-" "Mozilla/5.0 AppleWebKit/537.36 (KHTML, like Gecko; compatible; GPTBot/1.2; +https://openai.com/gptbot)"
20.171.207.253 - - [17/Jul/2025:12:29:47 +0000] "GET /items/beauty/body-care/4418920/ HTTP/1.1" 404 13317 "-" "Mozilla/5.0 AppleWebKit/537.36 (KHTML, like Gecko; compatible; GPTBot/1.2; +https://openai.com/gptbot)"
20.171.207.253 - - [17/Jul/2025:12:29:48 +0000] "GET /items/beauty/oral-care/3124045/ HTTP/1.1" 404 13317 "-" "Mozilla/5.0 AppleWebKit/537.36 (KHTML, like Gecko; compatible; GPTBot/1.2; +https://openai.com/gptbot)"
20.171.207.253 - - [17/Jul/2025:12:29:49 +0000] "GET /items/diy/power-tools/2709901/ HTTP/1.1" 404 13317 "-" "Mozilla/5.0 AppleWebKit/537.36 (KHTML, like Gecko; compatible; GPTBot/1.2; +https://openai.com/gptbot)"
20.171.207.253 - - [17/Jul/2025:12:29:51 +0000] "GET /items/beauty/body-care/3576683/ HTTP/1.1" 404 13316 "-" "Mozilla/5.0 AppleWebKit/537.36 (KHTML, like Gecko; compatible; GPTBot/1.2; +https://openai.com/gptbot)"
20.171.207.253 - - [17/Jul/2025:12:29:52 +0000] "GET /items/blu-ray/records/3885268/ HTTP/1.1" 404 13316 "-" "Mozilla/5.0 AppleWebKit/537.36 (KHTML, like Gecko; compatible; GPTBot/1.2; +https://openai.com/gptbot)"
20.171.207.253 - - [17/Jul/2025:12:29:53 +0000] "GET /items/beauty/nail-care/5184153/ HTTP/1.1" 404 13317 "-" "Mozilla/5.0 AppleWebKit/537.36 (KHTML, like Gecko; compatible; GPTBot/1.2; +https://openai.com/gptbot)"
20.171.207.253 - - [17/Jul/2025:12:29:54 +0000] "GET /items/blu-ray/records/5562568/ HTTP/1.1" 404 13317 "-" "Mozilla/5.0 AppleWebKit/537.36 (KHTML, like Gecko; compatible; GPTBot/1.2; +https://openai.com/gptbot)"
20.171.207.253 - - [17/Jul/2025:12:29:55 +0000] "GET /items/blu-ray/records/2716324/ HTTP/1.1" 404 13317 "-" "Mozilla/5.0 AppleWebKit/537.36 (KHTML, like Gecko; compatible; GPTBot/1.2; +https://openai.com/gptbot)"
20.171.207.253 - - [17/Jul/2025:12:29:56 +0000] "GET /items/diet/folic-acid/2615493/ HTTP/1.1" 404 13317 "-" "Mozilla/5.0 AppleWebKit/537.36 (KHTML, like Gecko; compatible; GPTBot/1.2; +https://openai.com/gptbot)"
20.171.207.253 - - [17/Jul/2025:12:29:58 +0000] "GET /items/sports/golf-bags/4236493/ HTTP/1.1" 404 13317 "-" "Mozilla/5.0 AppleWebKit/537.36 (KHTML, like Gecko; compatible; GPTBot/1.2; +https://openai.com/gptbot)"
20.171.207.253 - - [17/Jul/2025:12:29:59 +0000] "GET /items/decor/low-tables/5491490/ HTTP/1.1" 404 13316 "-" "Mozilla/5.0 AppleWebKit/537.36 (KHTML, like Gecko; compatible; GPTBot/1.2; +https://openai.com/gptbot)"
20.171.207.253 - - [17/Jul/2025:12:30:00 +0000] "GET /items/beauty/body-care/5449428/ HTTP/1.1" 404 13316 "-" "Mozilla/5.0 AppleWebKit/537.36 (KHTML, like Gecko; compatible; GPTBot/1.2; +https://openai.com/gptbot)"
209.74.77.214 - - [17/Jul/2025:12:30:02 +0000] "POST /wp-cron.php?doing_wp_cron=1752755402.0012609958648681640625 HTTP/1.1" 200 - "-" "WordPress/6.8.2; https://akaventures.com.au"
20.171.207.253 - - [17/Jul/2025:12:30:01 +0000] "GET /items/beauty/body-care/4292291/ HTTP/1.1" 404 13316 "-" "Mozilla/5.0 AppleWebKit/537.36 (KHTML, like Gecko; compatible; GPTBot/1.2; +https://openai.com/gptbot)"
20.171.207.253 - - [17/Jul/2025:12:30:02 +0000] "GET /items/kitchen/tea-cups/5366743/ HTTP/1.1" 404 13317 "-" "Mozilla/5.0 AppleWebKit/537.36 (KHTML, like Gecko; compatible; GPTBot/1.2; +https://openai.com/gptbot)"
20.171.207.253 - - [17/Jul/2025:12:30:04 +0000] "GET /items/decor/sofa-sets/2708314/ HTTP/1.1" 404 13316 "-" "Mozilla/5.0 AppleWebKit/537.36 (KHTML, like Gecko; compatible; GPTBot/1.2; +https://openai.com/gptbot)"
20.171.207.253 - - [17/Jul/2025:12:30:05 +0000] "GET /items/diy/making-paper/2153940/ HTTP/1.1" 404 13317 "-" "Mozilla/5.0 AppleWebKit/537.36 (KHTML, like Gecko; compatible; GPTBot/1.2; +https://openai.com/gptbot)"
20.171.207.253 - - [17/Jul/2025:12:30:06 +0000] "GET /items/diy/power-tools/4671057/ HTTP/1.1" 404 13317 "-" "Mozilla/5.0 AppleWebKit/537.36 (KHTML, like Gecko; compatible; GPTBot/1.2; +https://openai.com/gptbot)"
20.171.207.253 - - [17/Jul/2025:12:30:07 +0000] "GET /items/diy/power-tools/3379448/ HTTP/1.1" 404 13317 "-" "Mozilla/5.0 AppleWebKit/537.36 (KHTML, like Gecko; compatible; GPTBot/1.2; +https://openai.com/gptbot)"
20.171.207.253 - - [17/Jul/2025:12:30:08 +0000] "GET /items/tools/spray-guns/3937327/ HTTP/1.1" 404 13317 "-" "Mozilla/5.0 AppleWebKit/537.36 (KHTML, like Gecko; compatible; GPTBot/1.2; +https://openai.com/gptbot)"
20.171.207.253 - - [17/Jul/2025:12:30:10 +0000] "GET /items/blu-ray/records/2864096/ HTTP/1.1" 404 13316 "-" "Mozilla/5.0 AppleWebKit/537.36 (KHTML, like Gecko; compatible; GPTBot/1.2; +https://openai.com/gptbot)"
20.171.207.253 - - [17/Jul/2025:12:30:11 +0000] "GET /items/kitchen/tea-cups/1781556/ HTTP/1.1" 404 13316 "-" "Mozilla/5.0 AppleWebKit/537.36 (KHTML, like Gecko; compatible; GPTBot/1.2; +https://openai.com/gptbot)"
20.171.207.253 - - [17/Jul/2025:12:30:12 +0000] "GET /items/beauty/hair-care/2618674/ HTTP/1.1" 404 13316 "-" "Mozilla/5.0 AppleWebKit/537.36 (KHTML, like Gecko; compatible; GPTBot/1.2; +https://openai.com/gptbot)"
20.171.207.253 - - [17/Jul/2025:12:30:13 +0000] "GET /items/beauty/lip-gloss/2523955/ HTTP/1.1" 404 13316 "-" "Mozilla/5.0 AppleWebKit/537.36 (KHTML, like Gecko; compatible; GPTBot/1.2; +https://openai.com/gptbot)"
20.171.207.253 - - [17/Jul/2025:12:30:14 +0000] "GET /items/beauty/body-care/4112691/ HTTP/1.1" 404 13316 "-" "Mozilla/5.0 AppleWebKit/537.36 (KHTML, like Gecko; compatible; GPTBot/1.2; +https://openai.com/gptbot)"
20.171.207.253 - - [17/Jul/2025:12:30:15 +0000] "GET /items/diy/power-tools/2735279/ HTTP/1.1" 404 13316 "-" "Mozilla/5.0 AppleWebKit/537.36 (KHTML, like Gecko; compatible; GPTBot/1.2; +https://openai.com/gptbot)"
20.171.207.253 - - [17/Jul/2025:12:30:17 +0000] "GET /items/beauty/hair-care/4680649/ HTTP/1.1" 404 13316 "-" "Mozilla/5.0 AppleWebKit/537.36 (KHTML, like Gecko; compatible; GPTBot/1.2; +https://openai.com/gptbot)"
20.171.207.253 - - [17/Jul/2025:12:30:18 +0000] "GET /items/beauty/body-care/4742596/ HTTP/1.1" 404 13316 "-" "Mozilla/5.0 AppleWebKit/537.36 (KHTML, like Gecko; compatible; GPTBot/1.2; +https://openai.com/gptbot)"
20.171.207.253 - - [17/Jul/2025:12:30:19 +0000] "GET /items/beauty/hair-care/4723701/ HTTP/1.1" 404 13317 "-" "Mozilla/5.0 AppleWebKit/537.36 (KHTML, like Gecko; compatible; GPTBot/1.2; +https://openai.com/gptbot)"
20.171.207.253 - - [17/Jul/2025:12:30:20 +0000] "GET /items/beauty/hair-care/2886009/ HTTP/1.1" 404 13316 "-" "Mozilla/5.0 AppleWebKit/537.36 (KHTML, like Gecko; compatible; GPTBot/1.2; +https://openai.com/gptbot)"
20.171.207.253 - - [17/Jul/2025:12:30:21 +0000] "GET /items/diy/power-tools/4670393/ HTTP/1.1" 404 13316 "-" "Mozilla/5.0 AppleWebKit/537.36 (KHTML, like Gecko; compatible; GPTBot/1.2; +https://openai.com/gptbot)"
20.171.207.253 - - [17/Jul/2025:12:30:22 +0000] "GET /items/blu-ray/records/2731258/ HTTP/1.1" 404 13316 "-" "Mozilla/5.0 AppleWebKit/537.36 (KHTML, like Gecko; compatible; GPTBot/1.2; +https://openai.com/gptbot)"
20.171.207.253 - - [17/Jul/2025:12:30:24 +0000] "GET /items/beauty/body-care/3655993/ HTTP/1.1" 404 13316 "-" "Mozilla/5.0 AppleWebKit/537.36 (KHTML, like Gecko; compatible; GPTBot/1.2; +https://openai.com/gptbot)"
20.171.207.253 - - [17/Jul/2025:12:30:25 +0000] "GET /items/beauty/body-care/4194683/ HTTP/1.1" 404 13316 "-" "Mozilla/5.0 AppleWebKit/537.36 (KHTML, like Gecko; compatible; GPTBot/1.2; +https://openai.com/gptbot)"
20.171.207.253 - - [17/Jul/2025:12:30:26 +0000] "GET /items/beauty/body-care/2784243/ HTTP/1.1" 404 13316 "-" "Mozilla/5.0 AppleWebKit/537.36 (KHTML, like Gecko; compatible; GPTBot/1.2; +https://openai.com/gptbot)"
20.171.207.253 - - [17/Jul/2025:12:30:27 +0000] "GET /items/food/soft-drinks/5127970/ HTTP/1.1" 404 13316 "-" "Mozilla/5.0 AppleWebKit/537.36 (KHTML, like Gecko; compatible; GPTBot/1.2; +https://openai.com/gptbot)"
20.171.207.253 - - [17/Jul/2025:12:30:28 +0000] "GET /items/beauty/hair-care/2897489/ HTTP/1.1" 404 13317 "-" "Mozilla/5.0 AppleWebKit/537.36 (KHTML, like Gecko; compatible; GPTBot/1.2; +https://openai.com/gptbot)"
66.249.74.130 - - [17/Jul/2025:12:30:29 +0000] "GET /?y=5441832011940&mod=edb446b6&uri=itm.php?entity/2367181.shtm HTTP/1.1" 200 18910 "-" "Mozilla/5.0 (Linux; Android 6.0.1; Nexus 5X Build/MMB29P) AppleWebKit/537.36 (KHTML, like Gecko) Chrome/137.0.7151.103 Mobile Safari/537.36 (compatible; Googlebot/2.1; +http://www.google.com/bot.html)"
20.171.207.253 - - [17/Jul/2025:12:30:30 +0000] "GET /items/tv/film-cameras/3521082/ HTTP/1.1" 404 13314 "-" "Mozilla/5.0 AppleWebKit/537.36 (KHTML, like Gecko; compatible; GPTBot/1.2; +https://openai.com/gptbot)"
20.171.207.253 - - [17/Jul/2025:12:30:31 +0000] "GET /items/beauty/hair-care/4304859/ HTTP/1.1" 404 13315 "-" "Mozilla/5.0 AppleWebKit/537.36 (KHTML, like Gecko; compatible; GPTBot/1.2; +https://openai.com/gptbot)"
20.171.207.253 - - [17/Jul/2025:12:30:32 +0000] "GET /items/beauty/nail-care/4009392/ HTTP/1.1" 404 13315 "-" "Mozilla/5.0 AppleWebKit/537.36 (KHTML, like Gecko; compatible; GPTBot/1.2; +https://openai.com/gptbot)"
20.171.207.253 - - [17/Jul/2025:12:30:33 +0000] "GET /items/sports/men-wear/2345918/ HTTP/1.1" 404 13315 "-" "Mozilla/5.0 AppleWebKit/537.36 (KHTML, like Gecko; compatible; GPTBot/1.2; +https://openai.com/gptbot)"
20.171.207.253 - - [17/Jul/2025:12:30:34 +0000] "GET /items/blu-ray/records/3021462/ HTTP/1.1" 404 13315 "-" "Mozilla/5.0 AppleWebKit/537.36 (KHTML, like Gecko; compatible; GPTBot/1.2; +https://openai.com/gptbot)"
20.171.207.253 - - [17/Jul/2025:12:30:35 +0000] "GET /items/beauty/body-care/4913446/ HTTP/1.1" 404 13315 "-" "Mozilla/5.0 AppleWebKit/537.36 (KHTML, like Gecko; compatible; GPTBot/1.2; +https://openai.com/gptbot)"
20.171.207.253 - - [17/Jul/2025:12:30:37 +0000] "GET /items/diy/power-tools/1729164/ HTTP/1.1" 404 13315 "-" "Mozilla/5.0 AppleWebKit/537.36 (KHTML, like Gecko; compatible; GPTBot/1.2; +https://openai.com/gptbot)"
20.171.207.253 - - [17/Jul/2025:12:30:38 +0000] "GET /items/food/soft-drinks/3548321/ HTTP/1.1" 404 13315 "-" "Mozilla/5.0 AppleWebKit/537.36 (KHTML, like Gecko; compatible; GPTBot/1.2; +https://openai.com/gptbot)"
20.171.207.253 - - [17/Jul/2025:12:30:39 +0000] "GET /items/diy/power-tools/3875516/ HTTP/1.1" 404 13315 "-" "Mozilla/5.0 AppleWebKit/537.36 (KHTML, like Gecko; compatible; GPTBot/1.2; +https://openai.com/gptbot)"
20.171.207.253 - - [17/Jul/2025:12:30:40 +0000] "GET /items/kitchen/tea-cups/5363052/ HTTP/1.1" 404 13317 "-" "Mozilla/5.0 AppleWebKit/537.36 (KHTML, like Gecko; compatible; GPTBot/1.2; +https://openai.com/gptbot)"
209.74.77.214 - - [17/Jul/2025:12:30:42 +0000] "POST /wp-cron.php?doing_wp_cron=1752755442.0370719432830810546875 HTTP/1.1" 200 - "-" "WordPress/6.8.2; https://akaventures.com.au"
20.171.207.253 - - [17/Jul/2025:12:30:41 +0000] "GET /items/beauty/hair-care/4526860/ HTTP/1.1" 404 13316 "-" "Mozilla/5.0 AppleWebKit/537.36 (KHTML, like Gecko; compatible; GPTBot/1.2; +https://openai.com/gptbot)"
20.171.207.253 - - [17/Jul/2025:12:30:43 +0000] "GET /items/diy/power-tools/3459548/ HTTP/1.1" 404 13317 "-" "Mozilla/5.0 AppleWebKit/537.36 (KHTML, like Gecko; compatible; GPTBot/1.2; +https://openai.com/gptbot)"
20.171.207.253 - - [17/Jul/2025:12:30:44 +0000] "GET /items/beauty/body-care/3900776/ HTTP/1.1" 404 13317 "-" "Mozilla/5.0 AppleWebKit/537.36 (KHTML, like Gecko; compatible; GPTBot/1.2; +https://openai.com/gptbot)"
20.171.207.253 - - [17/Jul/2025:12:30:45 +0000] "GET /items/blu-ray/records/3796616/ HTTP/1.1" 404 13317 "-" "Mozilla/5.0 AppleWebKit/537.36 (KHTML, like Gecko; compatible; GPTBot/1.2; +https://openai.com/gptbot)"
20.171.207.253 - - [17/Jul/2025:12:30:46 +0000] "GET /items/blu-ray/records/2180441/ HTTP/1.1" 404 13317 "-" "Mozilla/5.0 AppleWebKit/537.36 (KHTML, like Gecko; compatible; GPTBot/1.2; +https://openai.com/gptbot)"
20.171.207.253 - - [17/Jul/2025:12:30:47 +0000] "GET /items/decor/fax-stands/4788002/ HTTP/1.1" 404 13317 "-" "Mozilla/5.0 AppleWebKit/537.36 (KHTML, like Gecko; compatible; GPTBot/1.2; +https://openai.com/gptbot)"
20.171.207.253 - - [17/Jul/2025:12:30:48 +0000] "GET /items/beauty/hair-care/4874567/ HTTP/1.1" 404 13317 "-" "Mozilla/5.0 AppleWebKit/537.36 (KHTML, like Gecko; compatible; GPTBot/1.2; +https://openai.com/gptbot)"
20.171.207.253 - - [17/Jul/2025:12:30:50 +0000] "GET /items/blu-ray/records/2203479/ HTTP/1.1" 404 13317 "-" "Mozilla/5.0 AppleWebKit/537.36 (KHTML, like Gecko; compatible; GPTBot/1.2; +https://openai.com/gptbot)"
20.171.207.253 - - [17/Jul/2025:12:30:51 +0000] "GET /items/audio/zoom-lens/3212068/ HTTP/1.1" 404 13316 "-" "Mozilla/5.0 AppleWebKit/537.36 (KHTML, like Gecko; compatible; GPTBot/1.2; +https://openai.com/gptbot)"
20.171.207.253 - - [17/Jul/2025:12:30:52 +0000] "GET /items/beauty/hair-care/2241354/ HTTP/1.1" 404 13316 "-" "Mozilla/5.0 AppleWebKit/537.36 (KHTML, like Gecko; compatible; GPTBot/1.2; +https://openai.com/gptbot)"
20.171.207.253 - - [17/Jul/2025:12:30:53 +0000] "GET /items/blu-ray/records/2240295/ HTTP/1.1" 404 13317 "-" "Mozilla/5.0 AppleWebKit/537.36 (KHTML, like Gecko; compatible; GPTBot/1.2; +https://openai.com/gptbot)"
20.171.207.253 - - [17/Jul/2025:12:30:54 +0000] "GET /items/beauty/face-care/2548065/ HTTP/1.1" 404 13317 "-" "Mozilla/5.0 AppleWebKit/537.36 (KHTML, like Gecko; compatible; GPTBot/1.2; +https://openai.com/gptbot)"
20.171.207.253 - - [17/Jul/2025:12:30:55 +0000] "GET /items/beauty/body-care/3550232/ HTTP/1.1" 404 13317 "-" "Mozilla/5.0 AppleWebKit/537.36 (KHTML, like Gecko; compatible; GPTBot/1.2; +https://openai.com/gptbot)"
20.171.207.253 - - [17/Jul/2025:12:30:57 +0000] "GET /items/beauty/oral-care/2860667/ HTTP/1.1" 404 13317 "-" "Mozilla/5.0 AppleWebKit/537.36 (KHTML, like Gecko; compatible; GPTBot/1.2; +https://openai.com/gptbot)"
20.171.207.253 - - [17/Jul/2025:12:30:58 +0000] "GET /items/beauty/body-care/2780213/ HTTP/1.1" 404 13317 "-" "Mozilla/5.0 AppleWebKit/537.36 (KHTML, like Gecko; compatible; GPTBot/1.2; +https://openai.com/gptbot)"
20.171.207.253 - - [17/Jul/2025:12:30:59 +0000] "GET /items/blu-ray/musicals/2521274/ HTTP/1.1" 404 13317 "-" "Mozilla/5.0 AppleWebKit/537.36 (KHTML, like Gecko; compatible; GPTBot/1.2; +https://openai.com/gptbot)"
20.171.207.253 - - [17/Jul/2025:12:31:00 +0000] "GET /items/beauty/hair-care/4874567/ HTTP/1.1" 404 13316 "-" "Mozilla/5.0 AppleWebKit/537.36 (KHTML, like Gecko; compatible; GPTBot/1.2; +https://openai.com/gptbot)"
209.74.77.214 - - [17/Jul/2025:12:31:02 +0000] "POST /wp-cron.php?doing_wp_cron=1752755462.0317499637603759765625 HTTP/1.1" 200 - "-" "WordPress/6.8.2; https://akaventures.com.au"
20.171.207.253 - - [17/Jul/2025:12:31:01 +0000] "GET /items/diy/spray-paints/3401487/ HTTP/1.1" 404 13316 "-" "Mozilla/5.0 AppleWebKit/537.36 (KHTML, like Gecko; compatible; GPTBot/1.2; +https://openai.com/gptbot)"
20.171.207.253 - - [17/Jul/2025:12:31:02 +0000] "GET /items/beauty/nail-care/3725190/ HTTP/1.1" 404 13316 "-" "Mozilla/5.0 AppleWebKit/537.36 (KHTML, like Gecko; compatible; GPTBot/1.2; +https://openai.com/gptbot)"
20.171.207.253 - - [17/Jul/2025:12:31:04 +0000] "GET /items/blu-ray/musicals/1967638/ HTTP/1.1" 404 13316 "-" "Mozilla/5.0 AppleWebKit/537.36 (KHTML, like Gecko; compatible; GPTBot/1.2; +https://openai.com/gptbot)"
20.171.207.253 - - [17/Jul/2025:12:31:05 +0000] "GET /items/blu-ray/records/4671107/ HTTP/1.1" 404 13316 "-" "Mozilla/5.0 AppleWebKit/537.36 (KHTML, like Gecko; compatible; GPTBot/1.2; +https://openai.com/gptbot)"
20.171.207.253 - - [17/Jul/2025:12:31:06 +0000] "GET /items/tv/film-cameras/2048359/ HTTP/1.1" 404 13316 "-" "Mozilla/5.0 AppleWebKit/537.36 (KHTML, like Gecko; compatible; GPTBot/1.2; +https://openai.com/gptbot)"
20.171.207.253 - - [17/Jul/2025:12:31:07 +0000] "GET /items/blu-ray/records/4517755/ HTTP/1.1" 404 13316 "-" "Mozilla/5.0 AppleWebKit/537.36 (KHTML, like Gecko; compatible; GPTBot/1.2; +https://openai.com/gptbot)"
20.171.207.253 - - [17/Jul/2025:12:31:09 +0000] "GET /items/beauty/face-care/2801039/ HTTP/1.1" 404 13317 "-" "Mozilla/5.0 AppleWebKit/537.36 (KHTML, like Gecko; compatible; GPTBot/1.2; +https://openai.com/gptbot)"
20.171.207.253 - - [17/Jul/2025:12:31:10 +0000] "GET /items/blu-ray/records/2200933/ HTTP/1.1" 404 13316 "-" "Mozilla/5.0 AppleWebKit/537.36 (KHTML, like Gecko; compatible; GPTBot/1.2; +https://openai.com/gptbot)"
20.171.207.253 - - [17/Jul/2025:12:31:11 +0000] "GET /items/beauty/nail-care/4270684/ HTTP/1.1" 404 13316 "-" "Mozilla/5.0 AppleWebKit/537.36 (KHTML, like Gecko; compatible; GPTBot/1.2; +https://openai.com/gptbot)"
20.171.207.253 - - [17/Jul/2025:12:31:12 +0000] "GET /items/beauty/face-care/4701882/ HTTP/1.1" 404 13316 "-" "Mozilla/5.0 AppleWebKit/537.36 (KHTML, like Gecko; compatible; GPTBot/1.2; +https://openai.com/gptbot)"
20.171.207.253 - - [17/Jul/2025:12:31:13 +0000] "GET /items/goods/tin-badges/1725183/ HTTP/1.1" 404 13316 "-" "Mozilla/5.0 AppleWebKit/537.36 (KHTML, like Gecko; compatible; GPTBot/1.2; +https://openai.com/gptbot)"
20.171.207.253 - - [17/Jul/2025:12:31:14 +0000] "GET /items/blu-ray/records/4410719/ HTTP/1.1" 404 13316 "-" "Mozilla/5.0 AppleWebKit/537.36 (KHTML, like Gecko; compatible; GPTBot/1.2; +https://openai.com/gptbot)"
20.171.207.253 - - [17/Jul/2025:12:31:15 +0000] "GET /items/audio/zoom-lens/4695759/ HTTP/1.1" 404 13316 "-" "Mozilla/5.0 AppleWebKit/537.36 (KHTML, like Gecko; compatible; GPTBot/1.2; +https://openai.com/gptbot)"
20.171.207.253 - - [17/Jul/2025:12:31:17 +0000] "GET /items/diy/power-tools/2396324/ HTTP/1.1" 404 13316 "-" "Mozilla/5.0 AppleWebKit/537.36 (KHTML, like Gecko; compatible; GPTBot/1.2; +https://openai.com/gptbot)"
20.171.207.253 - - [17/Jul/2025:12:31:18 +0000] "GET /items/beauty/hair-care/2963124/ HTTP/1.1" 404 13316 "-" "Mozilla/5.0 AppleWebKit/537.36 (KHTML, like Gecko; compatible; GPTBot/1.2; +https://openai.com/gptbot)"
66.249.74.131 - - [17/Jul/2025:12:31:18 +0000] "GET /?y=5441832011940&mod=edb446b6&uri=itm.php?entity/2347068.shtm HTTP/1.1" 200 19381 "-" "Mozilla/5.0 (Linux; Android 6.0.1; Nexus 5X Build/MMB29P) AppleWebKit/537.36 (KHTML, like Gecko) Chrome/137.0.7151.103 Mobile Safari/537.36 (compatible; Googlebot/2.1; +http://www.google.com/bot.html)"
20.171.207.253 - - [17/Jul/2025:12:31:19 +0000] "GET /items/beauty/nail-care/2818369/ HTTP/1.1" 404 13316 "-" "Mozilla/5.0 AppleWebKit/537.36 (KHTML, like Gecko; compatible; GPTBot/1.2; +https://openai.com/gptbot)"
20.171.207.253 - - [17/Jul/2025:12:31:20 +0000] "GET /items/tv/single-focus/4942357/ HTTP/1.1" 404 13316 "-" "Mozilla/5.0 AppleWebKit/537.36 (KHTML, like Gecko; compatible; GPTBot/1.2; +https://openai.com/gptbot)"
20.171.207.253 - - [17/Jul/2025:12:31:21 +0000] "GET /items/beauty/body-mist/3379046/ HTTP/1.1" 404 13316 "-" "Mozilla/5.0 AppleWebKit/537.36 (KHTML, like Gecko; compatible; GPTBot/1.2; +https://openai.com/gptbot)"
20.171.207.253 - - [17/Jul/2025:12:31:23 +0000] "GET /items/audio/zoom-lens/5423816/ HTTP/1.1" 404 13316 "-" "Mozilla/5.0 AppleWebKit/537.36 (KHTML, like Gecko; compatible; GPTBot/1.2; +https://openai.com/gptbot)"
20.171.207.253 - - [17/Jul/2025:12:31:24 +0000] "GET /items/tools/spray-guns/2864698/ HTTP/1.1" 404 13316 "-" "Mozilla/5.0 AppleWebKit/537.36 (KHTML, like Gecko; compatible; GPTBot/1.2; +https://openai.com/gptbot)"
20.171.207.253 - - [17/Jul/2025:12:31:25 +0000] "GET /items/diy/claw-hammers/4815943/ HTTP/1.1" 404 13316 "-" "Mozilla/5.0 AppleWebKit/537.36 (KHTML, like Gecko; compatible; GPTBot/1.2; +https://openai.com/gptbot)"
20.171.207.253 - - [17/Jul/2025:12:31:26 +0000] "GET /items/beauty/gel-nails/5103420/ HTTP/1.1" 404 13316 "-" "Mozilla/5.0 AppleWebKit/537.36 (KHTML, like Gecko; compatible; GPTBot/1.2; +https://openai.com/gptbot)"
20.171.207.253 - - [17/Jul/2025:12:31:27 +0000] "GET /items/audio/zoom-lens/3140991/ HTTP/1.1" 404 13316 "-" "Mozilla/5.0 AppleWebKit/537.36 (KHTML, like Gecko; compatible; GPTBot/1.2; +https://openai.com/gptbot)"
20.171.207.253 - - [17/Jul/2025:12:31:29 +0000] "GET /items/blu-ray/records/2318793/ HTTP/1.1" 404 13316 "-" "Mozilla/5.0 AppleWebKit/537.36 (KHTML, like Gecko; compatible; GPTBot/1.2; +https://openai.com/gptbot)"
20.171.207.253 - - [17/Jul/2025:12:31:30 +0000] "GET /items/beauty/body-care/3823528/ HTTP/1.1" 404 13316 "-" "Mozilla/5.0 AppleWebKit/537.36 (KHTML, like Gecko; compatible; GPTBot/1.2; +https://openai.com/gptbot)"
20.171.207.253 - - [17/Jul/2025:12:31:31 +0000] "GET /items/diy/power-tools/2645923/ HTTP/1.1" 404 13315 "-" "Mozilla/5.0 AppleWebKit/537.36 (KHTML, like Gecko; compatible; GPTBot/1.2; +https://openai.com/gptbot)"
20.171.207.253 - - [17/Jul/2025:12:31:32 +0000] "GET /items/decor/bed-frames/5124913/ HTTP/1.1" 404 13316 "-" "Mozilla/5.0 AppleWebKit/537.36 (KHTML, like Gecko; compatible; GPTBot/1.2; +https://openai.com/gptbot)"
20.171.207.253 - - [17/Jul/2025:12:31:33 +0000] "GET /items/decor/low-tables/4102737/ HTTP/1.1" 404 13316 "-" "Mozilla/5.0 AppleWebKit/537.36 (KHTML, like Gecko; compatible; GPTBot/1.2; +https://openai.com/gptbot)"
20.171.207.253 - - [17/Jul/2025:12:31:34 +0000] "GET /items/beauty/hair-care/2377639/ HTTP/1.1" 404 13316 "-" "Mozilla/5.0 AppleWebKit/537.36 (KHTML, like Gecko; compatible; GPTBot/1.2; +https://openai.com/gptbot)"
20.171.207.253 - - [17/Jul/2025:12:31:36 +0000] "GET /items/beauty/hair-care/3148670/ HTTP/1.1" 404 13316 "-" "Mozilla/5.0 AppleWebKit/537.36 (KHTML, like Gecko; compatible; GPTBot/1.2; +https://openai.com/gptbot)"
20.171.207.253 - - [17/Jul/2025:12:31:37 +0000] "GET /items/decor/low-tables/3351013/ HTTP/1.1" 404 13316 "-" "Mozilla/5.0 AppleWebKit/537.36 (KHTML, like Gecko; compatible; GPTBot/1.2; +https://openai.com/gptbot)"
20.171.207.253 - - [17/Jul/2025:12:31:38 +0000] "GET /items/diet/royal-jelly/3278419/ HTTP/1.1" 404 13316 "-" "Mozilla/5.0 AppleWebKit/537.36 (KHTML, like Gecko; compatible; GPTBot/1.2; +https://openai.com/gptbot)"
20.171.207.253 - - [17/Jul/2025:12:31:39 +0000] "GET /items/health/diet-food/2516884/ HTTP/1.1" 404 13317 "-" "Mozilla/5.0 AppleWebKit/537.36 (KHTML, like Gecko; compatible; GPTBot/1.2; +https://openai.com/gptbot)"
20.171.207.253 - - [17/Jul/2025:12:31:40 +0000] "GET /items/beauty/hair-care/1931442/ HTTP/1.1" 404 13316 "-" "Mozilla/5.0 AppleWebKit/537.36 (KHTML, like Gecko; compatible; GPTBot/1.2; +https://openai.com/gptbot)"
209.74.77.214 - - [17/Jul/2025:12:31:42 +0000] "POST /wp-cron.php?doing_wp_cron=1752755502.2162261009216308593750 HTTP/1.1" 200 - "-" "WordPress/6.8.2; https://akaventures.com.au"
20.171.207.253 - - [17/Jul/2025:12:31:41 +0000] "GET /items/decor/bunk-beds/3811073/ HTTP/1.1" 404 13316 "-" "Mozilla/5.0 AppleWebKit/537.36 (KHTML, like Gecko; compatible; GPTBot/1.2; +https://openai.com/gptbot)"
20.171.207.253 - - [17/Jul/2025:12:31:43 +0000] "GET /items/audio/zoom-lens/2384495/ HTTP/1.1" 404 13316 "-" "Mozilla/5.0 AppleWebKit/537.36 (KHTML, like Gecko; compatible; GPTBot/1.2; +https://openai.com/gptbot)"
20.171.207.253 - - [17/Jul/2025:12:31:44 +0000] "GET /items/blu-ray/records/2681675/ HTTP/1.1" 404 13316 "-" "Mozilla/5.0 AppleWebKit/537.36 (KHTML, like Gecko; compatible; GPTBot/1.2; +https://openai.com/gptbot)"
20.171.207.253 - - [17/Jul/2025:12:31:45 +0000] "GET /items/blu-ray/records/4118747/ HTTP/1.1" 404 13316 "-" "Mozilla/5.0 AppleWebKit/537.36 (KHTML, like Gecko; compatible; GPTBot/1.2; +https://openai.com/gptbot)"
20.171.207.253 - - [17/Jul/2025:12:31:46 +0000] "GET /items/toys/pin-badges/2048730/ HTTP/1.1" 404 13316 "-" "Mozilla/5.0 AppleWebKit/537.36 (KHTML, like Gecko; compatible; GPTBot/1.2; +https://openai.com/gptbot)"
20.171.207.253 - - [17/Jul/2025:12:31:47 +0000] "GET /items/audio/zoom-lens/5529940/ HTTP/1.1" 404 13316 "-" "Mozilla/5.0 AppleWebKit/537.36 (KHTML, like Gecko; compatible; GPTBot/1.2; +https://openai.com/gptbot)"
66.249.74.131 - - [17/Jul/2025:12:31:48 +0000] "GET /?y=110889535071940&mod=c53015e8&uri=products.php?entity/2335626.shtm HTTP/1.1" 200 19005 "-" "Mozilla/5.0 (Linux; Android 6.0.1; Nexus 5X Build/MMB29P) AppleWebKit/537.36 (KHTML, like Gecko) Chrome/137.0.7151.103 Mobile Safari/537.36 (compatible; Googlebot/2.1; +http://www.google.com/bot.html)"
20.171.207.253 - - [17/Jul/2025:12:31:48 +0000] "GET /items/diy/power-tools/4669725/ HTTP/1.1" 404 13317 "-" "Mozilla/5.0 AppleWebKit/537.36 (KHTML, like Gecko; compatible; GPTBot/1.2; +https://openai.com/gptbot)"
20.171.207.253 - - [17/Jul/2025:12:31:50 +0000] "GET /items/diet/soy-protein/2398165/ HTTP/1.1" 404 13316 "-" "Mozilla/5.0 AppleWebKit/537.36 (KHTML, like Gecko; compatible; GPTBot/1.2; +https://openai.com/gptbot)"
20.171.207.253 - - [17/Jul/2025:12:31:51 +0000] "GET /items/beauty/gel-nails/5402378/ HTTP/1.1" 404 13316 "-" "Mozilla/5.0 AppleWebKit/537.36 (KHTML, like Gecko; compatible; GPTBot/1.2; +https://openai.com/gptbot)"
20.171.207.253 - - [17/Jul/2025:12:31:52 +0000] "GET /items/diy/power-tools/2885623/ HTTP/1.1" 404 13316 "-" "Mozilla/5.0 AppleWebKit/537.36 (KHTML, like Gecko; compatible; GPTBot/1.2; +https://openai.com/gptbot)"
20.171.207.253 - - [17/Jul/2025:12:31:53 +0000] "GET /items/blu-ray/records/2754647/ HTTP/1.1" 404 13316 "-" "Mozilla/5.0 AppleWebKit/537.36 (KHTML, like Gecko; compatible; GPTBot/1.2; +https://openai.com/gptbot)"
20.171.207.253 - - [17/Jul/2025:12:31:54 +0000] "GET /items/blu-ray/records/2557491/ HTTP/1.1" 404 13316 "-" "Mozilla/5.0 AppleWebKit/537.36 (KHTML, like Gecko; compatible; GPTBot/1.2; +https://openai.com/gptbot)"
20.171.207.253 - - [17/Jul/2025:12:31:56 +0000] "GET /items/kitchen/tea-cups/1821093/ HTTP/1.1" 404 13316 "-" "Mozilla/5.0 AppleWebKit/537.36 (KHTML, like Gecko; compatible; GPTBot/1.2; +https://openai.com/gptbot)"
20.171.207.253 - - [17/Jul/2025:12:31:57 +0000] "GET /items/tv/film-cameras/5316234/ HTTP/1.1" 404 13316 "-" "Mozilla/5.0 AppleWebKit/537.36 (KHTML, like Gecko; compatible; GPTBot/1.2; +https://openai.com/gptbot)"
20.171.207.253 - - [17/Jul/2025:12:31:58 +0000] "GET /items/diet/royal-jelly/1762847/ HTTP/1.1" 404 13316 "-" "Mozilla/5.0 AppleWebKit/537.36 (KHTML, like Gecko; compatible; GPTBot/1.2; +https://openai.com/gptbot)"
20.171.207.253 - - [17/Jul/2025:12:31:59 +0000] "GET /items/computers/android-tablet-body/2536769/ HTTP/1.1" 404 13317 "-" "Mozilla/5.0 AppleWebKit/537.36 (KHTML, like Gecko; compatible; GPTBot/1.2; +https://openai.com/gptbot)"
20.171.207.253 - - [17/Jul/2025:12:32:00 +0000] "GET /items/travel-supplies/outdoor-bedding/4955361/ HTTP/1.1" 404 13316 "-" "Mozilla/5.0 AppleWebKit/537.36 (KHTML, like Gecko; compatible; GPTBot/1.2; +https://openai.com/gptbot)"
209.74.77.214 - - [17/Jul/2025:12:32:02 +0000] "POST /wp-cron.php?doing_wp_cron=1752755522.2060890197753906250000 HTTP/1.1" 200 - "-" "WordPress/6.8.2; https://akaventures.com.au"
20.171.207.253 - - [17/Jul/2025:12:32:01 +0000] "GET /items/computers/android-tablet-body/4825909/ HTTP/1.1" 404 13316 "-" "Mozilla/5.0 AppleWebKit/537.36 (KHTML, like Gecko; compatible; GPTBot/1.2; +https://openai.com/gptbot)"
20.171.207.253 - - [17/Jul/2025:12:32:03 +0000] "GET /items/kitchen/portable-power-sources/4925798/ HTTP/1.1" 404 13316 "-" "Mozilla/5.0 AppleWebKit/537.36 (KHTML, like Gecko; compatible; GPTBot/1.2; +https://openai.com/gptbot)"
20.171.207.253 - - [17/Jul/2025:12:32:04 +0000] "GET /items/computers/android-tablet-body/4241389/ HTTP/1.1" 404 13316 "-" "Mozilla/5.0 AppleWebKit/537.36 (KHTML, like Gecko; compatible; GPTBot/1.2; +https://openai.com/gptbot)"
20.171.207.253 - - [17/Jul/2025:12:32:05 +0000] "GET /items/travel-supplies/outdoor-bedding/3061291/ HTTP/1.1" 404 13316 "-" "Mozilla/5.0 AppleWebKit/537.36 (KHTML, like Gecko; compatible; GPTBot/1.2; +https://openai.com/gptbot)"
20.171.207.253 - - [17/Jul/2025:12:32:06 +0000] "GET /items/travel-supplies/outdoor-bedding/4078821/ HTTP/1.1" 404 13316 "-" "Mozilla/5.0 AppleWebKit/537.36 (KHTML, like Gecko; compatible; GPTBot/1.2; +https://openai.com/gptbot)"
20.171.207.253 - - [17/Jul/2025:12:32:07 +0000] "GET /items/computers/android-tablet-body/3017247/ HTTP/1.1" 404 13316 "-" "Mozilla/5.0 AppleWebKit/537.36 (KHTML, like Gecko; compatible; GPTBot/1.2; +https://openai.com/gptbot)"
20.171.207.253 - - [17/Jul/2025:12:32:09 +0000] "GET /items/sports/shoes/2855726/ HTTP/1.1" 404 13317 "-" "Mozilla/5.0 AppleWebKit/537.36 (KHTML, like Gecko; compatible; GPTBot/1.2; +https://openai.com/gptbot)"
20.171.207.253 - - [17/Jul/2025:12:32:10 +0000] "GET /items/dvds/records/4557795/ HTTP/1.1" 404 13316 "-" "Mozilla/5.0 AppleWebKit/537.36 (KHTML, like Gecko; compatible; GPTBot/1.2; +https://openai.com/gptbot)"
20.171.207.253 - - [17/Jul/2025:12:32:11 +0000] "GET /items/fashion/mens/5427272/ HTTP/1.1" 404 13316 "-" "Mozilla/5.0 AppleWebKit/537.36 (KHTML, like Gecko; compatible; GPTBot/1.2; +https://openai.com/gptbot)"
20.171.207.253 - - [17/Jul/2025:12:32:12 +0000] "GET /items/dvds/records/1778879/ HTTP/1.1" 404 13316 "-" "Mozilla/5.0 AppleWebKit/537.36 (KHTML, like Gecko; compatible; GPTBot/1.2; +https://openai.com/gptbot)"
20.171.207.253 - - [17/Jul/2025:12:32:13 +0000] "GET /items/tools/drills/4469149/ HTTP/1.1" 404 13316 "-" "Mozilla/5.0 AppleWebKit/537.36 (KHTML, like Gecko; compatible; GPTBot/1.2; +https://openai.com/gptbot)"
20.171.207.253 - - [17/Jul/2025:12:32:15 +0000] "GET /items/tools/drills/4242732/ HTTP/1.1" 404 13316 "-" "Mozilla/5.0 AppleWebKit/537.36 (KHTML, like Gecko; compatible; GPTBot/1.2; +https://openai.com/gptbot)"
20.171.207.253 - - [17/Jul/2025:12:32:16 +0000] "GET /items/sports/shoes/1924600/ HTTP/1.1" 404 13316 "-" "Mozilla/5.0 AppleWebKit/537.36 (KHTML, like Gecko; compatible; GPTBot/1.2; +https://openai.com/gptbot)"
20.171.207.253 - - [17/Jul/2025:12:32:17 +0000] "GET /items/sports/shoes/3679394/ HTTP/1.1" 404 13316 "-" "Mozilla/5.0 AppleWebKit/537.36 (KHTML, like Gecko; compatible; GPTBot/1.2; +https://openai.com/gptbot)"
20.171.207.253 - - [17/Jul/2025:12:32:18 +0000] "GET /items/sports/shoes/4139497/ HTTP/1.1" 404 13316 "-" "Mozilla/5.0 AppleWebKit/537.36 (KHTML, like Gecko; compatible; GPTBot/1.2; +https://openai.com/gptbot)"
20.171.207.253 - - [17/Jul/2025:12:32:19 +0000] "GET /items/fashion/mens/3151513/ HTTP/1.1" 404 13316 "-" "Mozilla/5.0 AppleWebKit/537.36 (KHTML, like Gecko; compatible; GPTBot/1.2; +https://openai.com/gptbot)"
20.171.207.253 - - [17/Jul/2025:12:32:20 +0000] "GET /items/sports/shoes/2047903/ HTTP/1.1" 404 13316 "-" "Mozilla/5.0 AppleWebKit/537.36 (KHTML, like Gecko; compatible; GPTBot/1.2; +https://openai.com/gptbot)"
20.171.207.253 - - [17/Jul/2025:12:32:22 +0000] "GET /items/sports/pants/2536242/ HTTP/1.1" 404 13316 "-" "Mozilla/5.0 AppleWebKit/537.36 (KHTML, like Gecko; compatible; GPTBot/1.2; +https://openai.com/gptbot)"
20.171.207.253 - - [17/Jul/2025:12:32:23 +0000] "GET /items/tools/drills/3890801/ HTTP/1.1" 404 13316 "-" "Mozilla/5.0 AppleWebKit/537.36 (KHTML, like Gecko; compatible; GPTBot/1.2; +https://openai.com/gptbot)"
20.171.207.253 - - [17/Jul/2025:12:32:24 +0000] "GET /items/sports/shoes/4072732/ HTTP/1.1" 404 13316 "-" "Mozilla/5.0 AppleWebKit/537.36 (KHTML, like Gecko; compatible; GPTBot/1.2; +https://openai.com/gptbot)"
20.171.207.253 - - [17/Jul/2025:12:32:25 +0000] "GET /items/sports/shoes/2052968/ HTTP/1.1" 404 13316 "-" "Mozilla/5.0 AppleWebKit/537.36 (KHTML, like Gecko; compatible; GPTBot/1.2; +https://openai.com/gptbot)"
20.171.207.253 - - [17/Jul/2025:12:32:26 +0000] "GET /items/sports/shoes/1894511/ HTTP/1.1" 404 13316 "-" "Mozilla/5.0 AppleWebKit/537.36 (KHTML, like Gecko; compatible; GPTBot/1.2; +https://openai.com/gptbot)"
20.171.207.253 - - [17/Jul/2025:12:32:28 +0000] "GET /items/dvds/records/3224474/ HTTP/1.1" 404 13316 "-" "Mozilla/5.0 AppleWebKit/537.36 (KHTML, like Gecko; compatible; GPTBot/1.2; +https://openai.com/gptbot)"
20.171.207.253 - - [17/Jul/2025:12:32:29 +0000] "GET /items/dvds/records/2089900/ HTTP/1.1" 404 13316 "-" "Mozilla/5.0 AppleWebKit/537.36 (KHTML, like Gecko; compatible; GPTBot/1.2; +https://openai.com/gptbot)"
20.171.207.253 - - [17/Jul/2025:12:32:30 +0000] "GET /items/tools/drills/3797386/ HTTP/1.1" 404 13316 "-" "Mozilla/5.0 AppleWebKit/537.36 (KHTML, like Gecko; compatible; GPTBot/1.2; +https://openai.com/gptbot)"
20.171.207.253 - - [17/Jul/2025:12:32:31 +0000] "GET /items/dvds/records/1815411/ HTTP/1.1" 404 13316 "-" "Mozilla/5.0 AppleWebKit/537.36 (KHTML, like Gecko; compatible; GPTBot/1.2; +https://openai.com/gptbot)"
20.171.207.253 - - [17/Jul/2025:12:32:32 +0000] "GET /items/tools/drills/2247739/ HTTP/1.1" 404 13316 "-" "Mozilla/5.0 AppleWebKit/537.36 (KHTML, like Gecko; compatible; GPTBot/1.2; +https://openai.com/gptbot)"
20.171.207.253 - - [17/Jul/2025:12:32:33 +0000] "GET /items/games/others/4594596/ HTTP/1.1" 404 13316 "-" "Mozilla/5.0 AppleWebKit/537.36 (KHTML, like Gecko; compatible; GPTBot/1.2; +https://openai.com/gptbot)"
20.171.207.253 - - [17/Jul/2025:12:32:35 +0000] "GET /items/decor/chairs/2855855/ HTTP/1.1" 404 13316 "-" "Mozilla/5.0 AppleWebKit/537.36 (KHTML, like Gecko; compatible; GPTBot/1.2; +https://openai.com/gptbot)"
20.171.207.253 - - [17/Jul/2025:12:32:36 +0000] "GET /items/audio/radios/3373443/ HTTP/1.1" 404 13316 "-" "Mozilla/5.0 AppleWebKit/537.36 (KHTML, like Gecko; compatible; GPTBot/1.2; +https://openai.com/gptbot)"
66.249.74.130 - - [17/Jul/2025:12:32:36 +0000] "GET /?y=110889535071940&mod=c53015e8&uri=products.php?entity/2371813.shtm HTTP/1.1" 200 18957 "-" "Mozilla/5.0 (Linux; Android 6.0.1; Nexus 5X Build/MMB29P) AppleWebKit/537.36 (KHTML, like Gecko) Chrome/137.0.7151.103 Mobile Safari/537.36 (compatible; Googlebot/2.1; +http://www.google.com/bot.html)"
20.171.207.253 - - [17/Jul/2025:12:32:37 +0000] "GET /items/tools/drills/3580011/ HTTP/1.1" 404 13316 "-" "Mozilla/5.0 AppleWebKit/537.36 (KHTML, like Gecko; compatible; GPTBot/1.2; +https://openai.com/gptbot)"
20.171.207.253 - - [17/Jul/2025:12:32:38 +0000] "GET /items/sports/shoes/5112146/ HTTP/1.1" 404 13316 "-" "Mozilla/5.0 AppleWebKit/537.36 (KHTML, like Gecko; compatible; GPTBot/1.2; +https://openai.com/gptbot)"
20.171.207.253 - - [17/Jul/2025:12:32:39 +0000] "GET /items/fashion/mens/2797975/ HTTP/1.1" 404 13316 "-" "Mozilla/5.0 AppleWebKit/537.36 (KHTML, like Gecko; compatible; GPTBot/1.2; +https://openai.com/gptbot)"
209.74.77.214 - - [17/Jul/2025:12:32:41 +0000] "POST /wp-cron.php?doing_wp_cron=1752755561.1669299602508544921875 HTTP/1.1" 200 - "-" "WordPress/6.8.2; https://akaventures.com.au"
20.171.207.253 - - [17/Jul/2025:12:32:40 +0000] "GET /items/sports/shoes/4779220/ HTTP/1.1" 404 13316 "-" "Mozilla/5.0 AppleWebKit/537.36 (KHTML, like Gecko; compatible; GPTBot/1.2; +https://openai.com/gptbot)"
20.171.207.253 - - [17/Jul/2025:12:32:42 +0000] "GET /items/dvds/records/2327271/ HTTP/1.1" 404 13316 "-" "Mozilla/5.0 AppleWebKit/537.36 (KHTML, like Gecko; compatible; GPTBot/1.2; +https://openai.com/gptbot)"
20.171.207.253 - - [17/Jul/2025:12:32:43 +0000] "GET /items/dvds/records/3703009/ HTTP/1.1" 404 13316 "-" "Mozilla/5.0 AppleWebKit/537.36 (KHTML, like Gecko; compatible; GPTBot/1.2; +https://openai.com/gptbot)"
20.171.207.253 - - [17/Jul/2025:12:32:44 +0000] "GET /items/dvds/records/3165613/ HTTP/1.1" 404 13316 "-" "Mozilla/5.0 AppleWebKit/537.36 (KHTML, like Gecko; compatible; GPTBot/1.2; +https://openai.com/gptbot)"
