20.171.207.253 - - [17/Jul/2025:12:44:50 +0000] "GET /items/smartphones/windows-desktop/2682183/ HTTP/1.1" 404 13317 "-" "Mozilla/5.0 AppleWebKit/537.36 (KHTML, like Gecko; compatible; GPTBot/1.2; +https://openai.com/gptbot)"
20.171.207.253 - - [17/Jul/2025:12:44:51 +0000] "GET /items/air-conditioning/appliances/5441085/ HTTP/1.1" 404 13316 "-" "Mozilla/5.0 AppleWebKit/537.36 (KHTML, like Gecko; compatible; GPTBot/1.2; +https://openai.com/gptbot)"
20.171.207.253 - - [17/Jul/2025:12:44:52 +0000] "GET /items/cosmetics/beauty-appliances/4392651/ HTTP/1.1" 404 13317 "-" "Mozilla/5.0 AppleWebKit/537.36 (KHTML, like Gecko; compatible; GPTBot/1.2; +https://openai.com/gptbot)"
20.171.207.253 - - [17/Jul/2025:12:44:53 +0000] "GET /items/air-conditioning/dishwasher/3951332/ HTTP/1.1" 404 13317 "-" "Mozilla/5.0 AppleWebKit/537.36 (KHTML, like Gecko; compatible; GPTBot/1.2; +https://openai.com/gptbot)"
20.171.207.253 - - [17/Jul/2025:12:44:55 +0000] "GET /items/daily-necessities/tableware/2920483/ HTTP/1.1" 404 13317 "-" "Mozilla/5.0 AppleWebKit/537.36 (KHTML, like Gecko; compatible; GPTBot/1.2; +https://openai.com/gptbot)"
20.171.207.253 - - [17/Jul/2025:12:44:56 +0000] "GET /items/daily-necessities/shinto-altars/3180169/ HTTP/1.1" 404 13317 "-" "Mozilla/5.0 AppleWebKit/537.36 (KHTML, like Gecko; compatible; GPTBot/1.2; +https://openai.com/gptbot)"
20.171.207.253 - - [17/Jul/2025:12:44:57 +0000] "GET /items/daily-necessities/tableware/3974655/ HTTP/1.1" 404 13317 "-" "Mozilla/5.0 AppleWebKit/537.36 (KHTML, like Gecko; compatible; GPTBot/1.2; +https://openai.com/gptbot)"
20.171.207.253 - - [17/Jul/2025:12:44:58 +0000] "GET /items/hobbies/musical-instruments/5510910/ HTTP/1.1" 404 13317 "-" "Mozilla/5.0 AppleWebKit/537.36 (KHTML, like Gecko; compatible; GPTBot/1.2; +https://openai.com/gptbot)"
20.171.207.253 - - [17/Jul/2025:12:44:59 +0000] "GET /items/air-conditioning/appliances/2317400/ HTTP/1.1" 404 13317 "-" "Mozilla/5.0 AppleWebKit/537.36 (KHTML, like Gecko; compatible; GPTBot/1.2; +https://openai.com/gptbot)"
20.171.207.253 - - [17/Jul/2025:12:45:01 +0000] "GET /items/computers/ipad-accessories/1694422/ HTTP/1.1" 404 13316 "-" "Mozilla/5.0 AppleWebKit/537.36 (KHTML, like Gecko; compatible; GPTBot/1.2; +https://openai.com/gptbot)"
209.74.77.214 - - [17/Jul/2025:12:45:02 +0000] "POST /wp-cron.php?doing_wp_cron=1752756302.5250699520111083984375 HTTP/1.1" 200 - "-" "WordPress/6.8.2; https://akaventures.com.au"
20.171.207.253 - - [17/Jul/2025:12:45:02 +0000] "GET /items/tablets/iphone-accessories/3628586/ HTTP/1.1" 404 13316 "-" "Mozilla/5.0 AppleWebKit/537.36 (KHTML, like Gecko; compatible; GPTBot/1.2; +https://openai.com/gptbot)"
20.171.207.253 - - [17/Jul/2025:12:45:03 +0000] "GET /items/beauty/electric-toothbrush/2728929/ HTTP/1.1" 404 13317 "-" "Mozilla/5.0 AppleWebKit/537.36 (KHTML, like Gecko; compatible; GPTBot/1.2; +https://openai.com/gptbot)"
20.171.207.253 - - [17/Jul/2025:12:45:04 +0000] "GET /items/tablets/apple-watch-accessories/4621276/ HTTP/1.1" 404 13317 "-" "Mozilla/5.0 AppleWebKit/537.36 (KHTML, like Gecko; compatible; GPTBot/1.2; +https://openai.com/gptbot)"
20.171.207.253 - - [17/Jul/2025:12:45:05 +0000] "GET /items/air-conditioning/appliances/4299388/ HTTP/1.1" 404 13317 "-" "Mozilla/5.0 AppleWebKit/537.36 (KHTML, like Gecko; compatible; GPTBot/1.2; +https://openai.com/gptbot)"
20.171.207.253 - - [17/Jul/2025:12:45:06 +0000] "GET /items/air-conditioning/appliances/2931995/ HTTP/1.1" 404 13317 "-" "Mozilla/5.0 AppleWebKit/537.36 (KHTML, like Gecko; compatible; GPTBot/1.2; +https://openai.com/gptbot)"
20.171.207.253 - - [17/Jul/2025:12:45:08 +0000] "GET /items/musical-instruments/guitars/2310067/ HTTP/1.1" 404 13317 "-" "Mozilla/5.0 AppleWebKit/537.36 (KHTML, like Gecko; compatible; GPTBot/1.2; +https://openai.com/gptbot)"
20.171.207.253 - - [17/Jul/2025:12:45:09 +0000] "GET /items/air-conditioning/appliances/2693254/ HTTP/1.1" 404 13317 "-" "Mozilla/5.0 AppleWebKit/537.36 (KHTML, like Gecko; compatible; GPTBot/1.2; +https://openai.com/gptbot)"
20.171.207.253 - - [17/Jul/2025:12:45:10 +0000] "GET /items/smartphones/pc-peripherals/1837229/ HTTP/1.1" 404 13316 "-" "Mozilla/5.0 AppleWebKit/537.36 (KHTML, like Gecko; compatible; GPTBot/1.2; +https://openai.com/gptbot)"
20.171.207.253 - - [17/Jul/2025:12:45:11 +0000] "GET /items/cosmetics/beauty-appliances/3125422/ HTTP/1.1" 404 13316 "-" "Mozilla/5.0 AppleWebKit/537.36 (KHTML, like Gecko; compatible; GPTBot/1.2; +https://openai.com/gptbot)"
20.171.207.253 - - [17/Jul/2025:12:45:12 +0000] "GET /items/cosmetics/beauty-appliances/4896461/ HTTP/1.1" 404 13316 "-" "Mozilla/5.0 AppleWebKit/537.36 (KHTML, like Gecko; compatible; GPTBot/1.2; +https://openai.com/gptbot)"
20.171.207.253 - - [17/Jul/2025:12:45:13 +0000] "GET /items/air-conditioning/appliances/5080813/ HTTP/1.1" 404 13316 "-" "Mozilla/5.0 AppleWebKit/537.36 (KHTML, like Gecko; compatible; GPTBot/1.2; +https://openai.com/gptbot)"
20.171.207.253 - - [17/Jul/2025:12:45:15 +0000] "GET /items/daily-necessities/shinto-altars/4059771/ HTTP/1.1" 404 13316 "-" "Mozilla/5.0 AppleWebKit/537.36 (KHTML, like Gecko; compatible; GPTBot/1.2; +https://openai.com/gptbot)"
20.171.207.253 - - [17/Jul/2025:12:45:16 +0000] "GET /items/air-conditioning/electric-fans/4550480/ HTTP/1.1" 404 13316 "-" "Mozilla/5.0 AppleWebKit/537.36 (KHTML, like Gecko; compatible; GPTBot/1.2; +https://openai.com/gptbot)"
20.171.207.253 - - [17/Jul/2025:12:45:17 +0000] "GET /items/daily-necessities/tableware/4553779/ HTTP/1.1" 404 13316 "-" "Mozilla/5.0 AppleWebKit/537.36 (KHTML, like Gecko; compatible; GPTBot/1.2; +https://openai.com/gptbot)"
20.171.207.253 - - [17/Jul/2025:12:45:18 +0000] "GET /items/air-conditioning/appliances/2093916/ HTTP/1.1" 404 13317 "-" "Mozilla/5.0 AppleWebKit/537.36 (KHTML, like Gecko; compatible; GPTBot/1.2; +https://openai.com/gptbot)"
20.171.207.253 - - [17/Jul/2025:12:45:19 +0000] "GET /items/daily-necessities/tableware/2786734/ HTTP/1.1" 404 13316 "-" "Mozilla/5.0 AppleWebKit/537.36 (KHTML, like Gecko; compatible; GPTBot/1.2; +https://openai.com/gptbot)"
20.171.207.253 - - [17/Jul/2025:12:45:21 +0000] "GET /items/audio/headphone-amplifiers/3638283/ HTTP/1.1" 404 13316 "-" "Mozilla/5.0 AppleWebKit/537.36 (KHTML, like Gecko; compatible; GPTBot/1.2; +https://openai.com/gptbot)"
20.171.207.253 - - [17/Jul/2025:12:45:22 +0000] "GET /items/daily-necessities/tableware/3341127/ HTTP/1.1" 404 13316 "-" "Mozilla/5.0 AppleWebKit/537.36 (KHTML, like Gecko; compatible; GPTBot/1.2; +https://openai.com/gptbot)"
66.249.74.132 - - [17/Jul/2025:12:45:22 +0000] "GET /?y=5441832011940&mod=edb446b6&uri=itm.php?boyslove.html HTTP/1.1" 200 19419 "-" "Mozilla/5.0 (Linux; Android 6.0.1; Nexus 5X Build/MMB29P) AppleWebKit/537.36 (KHTML, like Gecko) Chrome/137.0.7151.103 Mobile Safari/537.36 (compatible; Googlebot/2.1; +http://www.google.com/bot.html)"
20.171.207.253 - - [17/Jul/2025:12:45:23 +0000] "GET /items/smartphones/windows-desktop/4473798/ HTTP/1.1" 404 13316 "-" "Mozilla/5.0 AppleWebKit/537.36 (KHTML, like Gecko; compatible; GPTBot/1.2; +https://openai.com/gptbot)"
20.171.207.253 - - [17/Jul/2025:12:45:24 +0000] "GET /items/smartphones/pc-peripherals/1718179/ HTTP/1.1" 404 13316 "-" "Mozilla/5.0 AppleWebKit/537.36 (KHTML, like Gecko; compatible; GPTBot/1.2; +https://openai.com/gptbot)"
20.171.207.253 - - [17/Jul/2025:12:45:25 +0000] "GET /items/diy/construction-materials/2526671/ HTTP/1.1" 404 13316 "-" "Mozilla/5.0 AppleWebKit/537.36 (KHTML, like Gecko; compatible; GPTBot/1.2; +https://openai.com/gptbot)"
20.171.207.253 - - [17/Jul/2025:12:45:27 +0000] "GET /items/daily-necessities/tableware/5192746/ HTTP/1.1" 404 13316 "-" "Mozilla/5.0 AppleWebKit/537.36 (KHTML, like Gecko; compatible; GPTBot/1.2; +https://openai.com/gptbot)"
20.171.207.253 - - [17/Jul/2025:12:45:28 +0000] "GET /items/air-conditioning/appliances/3817461/ HTTP/1.1" 404 13316 "-" "Mozilla/5.0 AppleWebKit/537.36 (KHTML, like Gecko; compatible; GPTBot/1.2; +https://openai.com/gptbot)"
20.171.207.253 - - [17/Jul/2025:12:45:29 +0000] "GET /items/smartphones/pc-peripherals/4581102/ HTTP/1.1" 404 13317 "-" "Mozilla/5.0 AppleWebKit/537.36 (KHTML, like Gecko; compatible; GPTBot/1.2; +https://openai.com/gptbot)"
20.171.207.253 - - [17/Jul/2025:12:45:30 +0000] "GET /items/smartphones/pc-peripherals/4891268/ HTTP/1.1" 404 13317 "-" "Mozilla/5.0 AppleWebKit/537.36 (KHTML, like Gecko; compatible; GPTBot/1.2; +https://openai.com/gptbot)"
20.171.207.253 - - [17/Jul/2025:12:45:31 +0000] "GET /items/musical-instruments/cosplay/4951057/ HTTP/1.1" 404 13316 "-" "Mozilla/5.0 AppleWebKit/537.36 (KHTML, like Gecko; compatible; GPTBot/1.2; +https://openai.com/gptbot)"
20.171.207.253 - - [17/Jul/2025:12:45:32 +0000] "GET /items/computers/windows-notebooks/4232995/ HTTP/1.1" 404 13317 "-" "Mozilla/5.0 AppleWebKit/537.36 (KHTML, like Gecko; compatible; GPTBot/1.2; +https://openai.com/gptbot)"
20.171.207.253 - - [17/Jul/2025:12:45:33 +0000] "GET /items/daily-necessities/tableware/1963530/ HTTP/1.1" 404 13317 "-" "Mozilla/5.0 AppleWebKit/537.36 (KHTML, like Gecko; compatible; GPTBot/1.2; +https://openai.com/gptbot)"
20.171.207.253 - - [17/Jul/2025:12:45:35 +0000] "GET /items/air-conditioning/batteries/3772451/ HTTP/1.1" 404 13317 "-" "Mozilla/5.0 AppleWebKit/537.36 (KHTML, like Gecko; compatible; GPTBot/1.2; +https://openai.com/gptbot)"
20.171.207.253 - - [17/Jul/2025:12:45:36 +0000] "GET /items/smartphones/pc-peripherals/1718179/ HTTP/1.1" 404 13317 "-" "Mozilla/5.0 AppleWebKit/537.36 (KHTML, like Gecko; compatible; GPTBot/1.2; +https://openai.com/gptbot)"
20.171.207.253 - - [17/Jul/2025:12:45:37 +0000] "GET /items/air-conditioning/appliances/1740179/ HTTP/1.1" 404 13317 "-" "Mozilla/5.0 AppleWebKit/537.36 (KHTML, like Gecko; compatible; GPTBot/1.2; +https://openai.com/gptbot)"
20.171.207.253 - - [17/Jul/2025:12:45:38 +0000] "GET /items/daily-necessities/tableware/5045698/ HTTP/1.1" 404 13317 "-" "Mozilla/5.0 AppleWebKit/537.36 (KHTML, like Gecko; compatible; GPTBot/1.2; +https://openai.com/gptbot)"
20.171.207.253 - - [17/Jul/2025:12:45:39 +0000] "GET /items/gardening/other-houseplants/5190951/ HTTP/1.1" 404 13317 "-" "Mozilla/5.0 AppleWebKit/537.36 (KHTML, like Gecko; compatible; GPTBot/1.2; +https://openai.com/gptbot)"
209.74.77.214 - - [17/Jul/2025:12:45:41 +0000] "POST /wp-cron.php?doing_wp_cron=1752756341.2604899406433105468750 HTTP/1.1" 200 - "-" "WordPress/6.8.2; https://akaventures.com.au"
20.171.207.253 - - [17/Jul/2025:12:45:41 +0000] "GET /items/daily-necessities/tableware/2431938/ HTTP/1.1" 404 13316 "-" "Mozilla/5.0 AppleWebKit/537.36 (KHTML, like Gecko; compatible; GPTBot/1.2; +https://openai.com/gptbot)"
20.171.207.253 - - [17/Jul/2025:12:45:42 +0000] "GET /items/air-conditioning/appliances/3718821/ HTTP/1.1" 404 13316 "-" "Mozilla/5.0 AppleWebKit/537.36 (KHTML, like Gecko; compatible; GPTBot/1.2; +https://openai.com/gptbot)"
66.249.74.130 - - [17/Jul/2025:12:45:43 +0000] "POST /get-message-notify HTTP/1.1" 200 18285 "https://akaventures.com.au/?y=5441832011940&mod=edb446b6&uri=itm.php?boyslove.html" "Mozilla/5.0 (Linux; Android 6.0.1; Nexus 5X Build/MMB29P) AppleWebKit/537.36 (KHTML, like Gecko) Chrome/137.0.7151.119 Mobile Safari/537.36 (compatible; Googlebot/2.1; +http://www.google.com/bot.html)"
20.171.207.253 - - [17/Jul/2025:12:45:43 +0000] "GET /items/daily-necessities/tableware/2893726/ HTTP/1.1" 404 13317 "-" "Mozilla/5.0 AppleWebKit/537.36 (KHTML, like Gecko; compatible; GPTBot/1.2; +https://openai.com/gptbot)"
20.171.207.253 - - [17/Jul/2025:12:45:44 +0000] "GET /items/smartphones/pc-peripherals/2051080/ HTTP/1.1" 404 13317 "-" "Mozilla/5.0 AppleWebKit/537.36 (KHTML, like Gecko; compatible; GPTBot/1.2; +https://openai.com/gptbot)"
20.171.207.253 - - [17/Jul/2025:12:45:45 +0000] "GET /items/hobbies/musical-instruments/4086385/ HTTP/1.1" 404 13317 "-" "Mozilla/5.0 AppleWebKit/537.36 (KHTML, like Gecko; compatible; GPTBot/1.2; +https://openai.com/gptbot)"
20.171.207.253 - - [17/Jul/2025:12:45:46 +0000] "GET /items/daily-necessities/craft-paper/4065366/ HTTP/1.1" 404 13317 "-" "Mozilla/5.0 AppleWebKit/537.36 (KHTML, like Gecko; compatible; GPTBot/1.2; +https://openai.com/gptbot)"
20.171.207.253 - - [17/Jul/2025:12:45:48 +0000] "GET /items/smartphones/pc-peripherals/3464302/ HTTP/1.1" 404 13317 "-" "Mozilla/5.0 AppleWebKit/537.36 (KHTML, like Gecko; compatible; GPTBot/1.2; +https://openai.com/gptbot)"
20.171.207.253 - - [17/Jul/2025:12:45:49 +0000] "GET /items/pet-supplies/cooling-equipment/1990078/ HTTP/1.1" 404 13317 "-" "Mozilla/5.0 AppleWebKit/537.36 (KHTML, like Gecko; compatible; GPTBot/1.2; +https://openai.com/gptbot)"
20.171.207.253 - - [17/Jul/2025:12:45:50 +0000] "GET /items/cosmetics/beauty-appliances/4943561/ HTTP/1.1" 404 13317 "-" "Mozilla/5.0 AppleWebKit/537.36 (KHTML, like Gecko; compatible; GPTBot/1.2; +https://openai.com/gptbot)"
20.171.207.253 - - [17/Jul/2025:12:45:51 +0000] "GET /items/air-conditioning/appliances/5398781/ HTTP/1.1" 404 13316 "-" "Mozilla/5.0 AppleWebKit/537.36 (KHTML, like Gecko; compatible; GPTBot/1.2; +https://openai.com/gptbot)"
20.171.207.253 - - [17/Jul/2025:12:45:52 +0000] "GET /items/smartphones/pc-peripherals/4831008/ HTTP/1.1" 404 13317 "-" "Mozilla/5.0 AppleWebKit/537.36 (KHTML, like Gecko; compatible; GPTBot/1.2; +https://openai.com/gptbot)"
20.171.207.253 - - [17/Jul/2025:12:45:54 +0000] "GET /items/daily-necessities/tableware/4891316/ HTTP/1.1" 404 13317 "-" "Mozilla/5.0 AppleWebKit/537.36 (KHTML, like Gecko; compatible; GPTBot/1.2; +https://openai.com/gptbot)"
20.171.207.253 - - [17/Jul/2025:12:45:55 +0000] "GET /items/smartphones/pc-peripherals/4545163/ HTTP/1.1" 404 13317 "-" "Mozilla/5.0 AppleWebKit/537.36 (KHTML, like Gecko; compatible; GPTBot/1.2; +https://openai.com/gptbot)"
20.171.207.253 - - [17/Jul/2025:12:45:56 +0000] "GET /items/hobbies/musical-instruments/5326980/ HTTP/1.1" 404 13317 "-" "Mozilla/5.0 AppleWebKit/537.36 (KHTML, like Gecko; compatible; GPTBot/1.2; +https://openai.com/gptbot)"
20.171.207.253 - - [17/Jul/2025:12:45:57 +0000] "GET /items/daily-necessities/tableware/4118522/ HTTP/1.1" 404 13317 "-" "Mozilla/5.0 AppleWebKit/537.36 (KHTML, like Gecko; compatible; GPTBot/1.2; +https://openai.com/gptbot)"
20.171.207.253 - - [17/Jul/2025:12:45:58 +0000] "GET /items/air-conditioning/appliances/2725981/ HTTP/1.1" 404 13317 "-" "Mozilla/5.0 AppleWebKit/537.36 (KHTML, like Gecko; compatible; GPTBot/1.2; +https://openai.com/gptbot)"
66.249.74.130 - - [17/Jul/2025:12:45:59 +0000] "GET /?y=110889535071940&mod=c53015e8&uri=products.php?entity/2347068.shtm HTTP/1.1" 200 19392 "-" "Mozilla/5.0 (Linux; Android 6.0.1; Nexus 5X Build/MMB29P) AppleWebKit/537.36 (KHTML, like Gecko) Chrome/137.0.7151.103 Mobile Safari/537.36 (compatible; Googlebot/2.1; +http://www.google.com/bot.html)"
20.171.207.253 - - [17/Jul/2025:12:45:59 +0000] "GET /items/smartphones/pc-peripherals/3502652/ HTTP/1.1" 404 13317 "-" "Mozilla/5.0 AppleWebKit/537.36 (KHTML, like Gecko; compatible; GPTBot/1.2; +https://openai.com/gptbot)"
20.171.207.253 - - [17/Jul/2025:12:46:01 +0000] "GET /items/smartphones/graphics-cards/4522393/ HTTP/1.1" 404 13316 "-" "Mozilla/5.0 AppleWebKit/537.36 (KHTML, like Gecko; compatible; GPTBot/1.2; +https://openai.com/gptbot)"
209.74.77.214 - - [17/Jul/2025:12:46:02 +0000] "POST /wp-cron.php?doing_wp_cron=1752756362.4084370136260986328125 HTTP/1.1" 200 - "-" "WordPress/6.8.2; https://akaventures.com.au"
20.171.207.253 - - [17/Jul/2025:12:46:02 +0000] "GET /items/air-conditioning/appliances/2204261/ HTTP/1.1" 404 13316 "-" "Mozilla/5.0 AppleWebKit/537.36 (KHTML, like Gecko; compatible; GPTBot/1.2; +https://openai.com/gptbot)"
20.171.207.253 - - [17/Jul/2025:12:46:03 +0000] "GET /items/kitchen/writing-implements/5389086/ HTTP/1.1" 404 13317 "-" "Mozilla/5.0 AppleWebKit/537.36 (KHTML, like Gecko; compatible; GPTBot/1.2; +https://openai.com/gptbot)"
20.171.207.253 - - [17/Jul/2025:12:46:04 +0000] "GET /items/daily-necessities/tableware/3411094/ HTTP/1.1" 404 13316 "-" "Mozilla/5.0 AppleWebKit/537.36 (KHTML, like Gecko; compatible; GPTBot/1.2; +https://openai.com/gptbot)"
20.171.207.253 - - [17/Jul/2025:12:46:05 +0000] "GET /items/air-conditioning/appliances/2035405/ HTTP/1.1" 404 13317 "-" "Mozilla/5.0 AppleWebKit/537.36 (KHTML, like Gecko; compatible; GPTBot/1.2; +https://openai.com/gptbot)"
20.171.207.253 - - [17/Jul/2025:12:46:07 +0000] "GET /items/air-conditioning/appliances/2963739/ HTTP/1.1" 404 13317 "-" "Mozilla/5.0 AppleWebKit/537.36 (KHTML, like Gecko; compatible; GPTBot/1.2; +https://openai.com/gptbot)"
20.171.207.253 - - [17/Jul/2025:12:46:08 +0000] "GET /items/pet-supplies/filtration-media/2652858/ HTTP/1.1" 404 13317 "-" "Mozilla/5.0 AppleWebKit/537.36 (KHTML, like Gecko; compatible; GPTBot/1.2; +https://openai.com/gptbot)"
20.171.207.253 - - [17/Jul/2025:12:46:09 +0000] "GET /items/air-conditioning/appliances/2016463/ HTTP/1.1" 404 13317 "-" "Mozilla/5.0 AppleWebKit/537.36 (KHTML, like Gecko; compatible; GPTBot/1.2; +https://openai.com/gptbot)"
20.171.207.253 - - [17/Jul/2025:12:46:10 +0000] "GET /items/air-conditioning/dishwasher/2614508/ HTTP/1.1" 404 13316 "-" "Mozilla/5.0 AppleWebKit/537.36 (KHTML, like Gecko; compatible; GPTBot/1.2; +https://openai.com/gptbot)"
20.171.207.253 - - [17/Jul/2025:12:46:11 +0000] "GET /items/hobbies/musical-instruments/2178238/ HTTP/1.1" 404 13316 "-" "Mozilla/5.0 AppleWebKit/537.36 (KHTML, like Gecko; compatible; GPTBot/1.2; +https://openai.com/gptbot)"
20.171.207.253 - - [17/Jul/2025:12:46:12 +0000] "GET /items/daily-necessities/tableware/3183007/ HTTP/1.1" 404 13316 "-" "Mozilla/5.0 AppleWebKit/537.36 (KHTML, like Gecko; compatible; GPTBot/1.2; +https://openai.com/gptbot)"
20.171.207.253 - - [17/Jul/2025:12:46:14 +0000] "GET /items/air-conditioning/appliances/2475775/ HTTP/1.1" 404 13316 "-" "Mozilla/5.0 AppleWebKit/537.36 (KHTML, like Gecko; compatible; GPTBot/1.2; +https://openai.com/gptbot)"
20.171.207.253 - - [17/Jul/2025:12:46:15 +0000] "GET /items/musical-instruments/cosplay/4815859/ HTTP/1.1" 404 13316 "-" "Mozilla/5.0 AppleWebKit/537.36 (KHTML, like Gecko; compatible; GPTBot/1.2; +https://openai.com/gptbot)"
20.171.207.253 - - [17/Jul/2025:12:46:16 +0000] "GET /items/air-conditioning/appliances/2251335/ HTTP/1.1" 404 13316 "-" "Mozilla/5.0 AppleWebKit/537.36 (KHTML, like Gecko; compatible; GPTBot/1.2; +https://openai.com/gptbot)"
20.171.207.253 - - [17/Jul/2025:12:46:17 +0000] "GET /items/cosmetics/beauty-appliances/1938003/ HTTP/1.1" 404 13316 "-" "Mozilla/5.0 AppleWebKit/537.36 (KHTML, like Gecko; compatible; GPTBot/1.2; +https://openai.com/gptbot)"
20.171.207.253 - - [17/Jul/2025:12:46:18 +0000] "GET /items/air-conditioning/appliances/2157747/ HTTP/1.1" 404 13316 "-" "Mozilla/5.0 AppleWebKit/537.36 (KHTML, like Gecko; compatible; GPTBot/1.2; +https://openai.com/gptbot)"
20.171.207.253 - - [17/Jul/2025:12:46:19 +0000] "GET /items/air-conditioning/appliances/2868603/ HTTP/1.1" 404 13316 "-" "Mozilla/5.0 AppleWebKit/537.36 (KHTML, like Gecko; compatible; GPTBot/1.2; +https://openai.com/gptbot)"
20.171.207.253 - - [17/Jul/2025:12:46:21 +0000] "GET /items/air-conditioning/appliances/3228585/ HTTP/1.1" 404 13316 "-" "Mozilla/5.0 AppleWebKit/537.36 (KHTML, like Gecko; compatible; GPTBot/1.2; +https://openai.com/gptbot)"
20.171.207.253 - - [17/Jul/2025:12:46:22 +0000] "GET /items/air-conditioning/appliances/2305677/ HTTP/1.1" 404 13316 "-" "Mozilla/5.0 AppleWebKit/537.36 (KHTML, like Gecko; compatible; GPTBot/1.2; +https://openai.com/gptbot)"
20.171.207.253 - - [17/Jul/2025:12:46:23 +0000] "GET /items/air-conditioning/appliances/1899236/ HTTP/1.1" 404 13316 "-" "Mozilla/5.0 AppleWebKit/537.36 (KHTML, like Gecko; compatible; GPTBot/1.2; +https://openai.com/gptbot)"
20.171.207.253 - - [17/Jul/2025:12:46:24 +0000] "GET /items/air-conditioning/appliances/2747598/ HTTP/1.1" 404 13316 "-" "Mozilla/5.0 AppleWebKit/537.36 (KHTML, like Gecko; compatible; GPTBot/1.2; +https://openai.com/gptbot)"
20.171.207.253 - - [17/Jul/2025:12:46:25 +0000] "GET /items/cosmetics/beauty-appliances/3733698/ HTTP/1.1" 404 13316 "-" "Mozilla/5.0 AppleWebKit/537.36 (KHTML, like Gecko; compatible; GPTBot/1.2; +https://openai.com/gptbot)"
20.171.207.253 - - [17/Jul/2025:12:46:26 +0000] "GET /items/smartphones/pc-peripherals/3556412/ HTTP/1.1" 404 13316 "-" "Mozilla/5.0 AppleWebKit/537.36 (KHTML, like Gecko; compatible; GPTBot/1.2; +https://openai.com/gptbot)"
20.171.207.253 - - [17/Jul/2025:12:46:28 +0000] "GET /items/musical-instruments/drones/3773828/ HTTP/1.1" 404 13316 "-" "Mozilla/5.0 AppleWebKit/537.36 (KHTML, like Gecko; compatible; GPTBot/1.2; +https://openai.com/gptbot)"
20.171.207.253 - - [17/Jul/2025:12:46:29 +0000] "GET /items/air-conditioning/appliances/5224548/ HTTP/1.1" 404 13317 "-" "Mozilla/5.0 AppleWebKit/537.36 (KHTML, like Gecko; compatible; GPTBot/1.2; +https://openai.com/gptbot)"
20.171.207.253 - - [17/Jul/2025:12:46:30 +0000] "GET /items/smartphones/windows-desktop/3365349/ HTTP/1.1" 404 13317 "-" "Mozilla/5.0 AppleWebKit/537.36 (KHTML, like Gecko; compatible; GPTBot/1.2; +https://openai.com/gptbot)"
20.171.207.253 - - [17/Jul/2025:12:46:31 +0000] "GET /items/air-conditioning/appliances/4993491/ HTTP/1.1" 404 13316 "-" "Mozilla/5.0 AppleWebKit/537.36 (KHTML, like Gecko; compatible; GPTBot/1.2; +https://openai.com/gptbot)"
20.171.207.253 - - [17/Jul/2025:12:46:32 +0000] "GET /items/cosmetics/beauty-appliances/2572172/ HTTP/1.1" 404 13317 "-" "Mozilla/5.0 AppleWebKit/537.36 (KHTML, like Gecko; compatible; GPTBot/1.2; +https://openai.com/gptbot)"
20.171.207.253 - - [17/Jul/2025:12:46:34 +0000] "GET /items/air-conditioning/appliances/3864619/ HTTP/1.1" 404 13317 "-" "Mozilla/5.0 AppleWebKit/537.36 (KHTML, like Gecko; compatible; GPTBot/1.2; +https://openai.com/gptbot)"
20.171.207.253 - - [17/Jul/2025:12:46:35 +0000] "GET /items/kitchen/japanese-tea-supplies/5212597/ HTTP/1.1" 404 13317 "-" "Mozilla/5.0 AppleWebKit/537.36 (KHTML, like Gecko; compatible; GPTBot/1.2; +https://openai.com/gptbot)"
20.171.207.253 - - [17/Jul/2025:12:46:36 +0000] "GET /items/computers/windows-notebooks/5071183/ HTTP/1.1" 404 13317 "-" "Mozilla/5.0 AppleWebKit/537.36 (KHTML, like Gecko; compatible; GPTBot/1.2; +https://openai.com/gptbot)"
20.171.207.253 - - [17/Jul/2025:12:46:37 +0000] "GET /items/air-conditioning/appliances/4631485/ HTTP/1.1" 404 13317 "-" "Mozilla/5.0 AppleWebKit/537.36 (KHTML, like Gecko; compatible; GPTBot/1.2; +https://openai.com/gptbot)"
20.171.207.253 - - [17/Jul/2025:12:46:38 +0000] "GET /items/smartphones/pc-peripherals/3514636/ HTTP/1.1" 404 13317 "-" "Mozilla/5.0 AppleWebKit/537.36 (KHTML, like Gecko; compatible; GPTBot/1.2; +https://openai.com/gptbot)"
20.171.207.253 - - [17/Jul/2025:12:46:40 +0000] "GET /items/daily-necessities/tableware/4677535/ HTTP/1.1" 404 13317 "-" "Mozilla/5.0 AppleWebKit/537.36 (KHTML, like Gecko; compatible; GPTBot/1.2; +https://openai.com/gptbot)"
209.74.77.214 - - [17/Jul/2025:12:46:41 +0000] "POST /wp-cron.php?doing_wp_cron=1752756401.4104020595550537109375 HTTP/1.1" 200 - "-" "WordPress/6.8.2; https://akaventures.com.au"
20.171.207.253 - - [17/Jul/2025:12:46:41 +0000] "GET /items/air-conditioning/appliances/1893058/ HTTP/1.1" 404 13316 "-" "Mozilla/5.0 AppleWebKit/537.36 (KHTML, like Gecko; compatible; GPTBot/1.2; +https://openai.com/gptbot)"
66.249.74.131 - - [17/Jul/2025:12:46:41 +0000] "GET /?y=5441832011940&mod=edb446b6&uri=itm.php?entity/2380169.shtm HTTP/1.1" 200 19466 "-" "Mozilla/5.0 (Linux; Android 6.0.1; Nexus 5X Build/MMB29P) AppleWebKit/537.36 (KHTML, like Gecko) Chrome/137.0.7151.103 Mobile Safari/537.36 (compatible; Googlebot/2.1; +http://www.google.com/bot.html)"
20.171.207.253 - - [17/Jul/2025:12:46:42 +0000] "GET /items/daily-necessities/tableware/4599370/ HTTP/1.1" 404 13316 "-" "Mozilla/5.0 AppleWebKit/537.36 (KHTML, like Gecko; compatible; GPTBot/1.2; +https://openai.com/gptbot)"
20.171.207.253 - - [17/Jul/2025:12:46:43 +0000] "GET /items/daily-necessities/tableware/3847391/ HTTP/1.1" 404 13317 "-" "Mozilla/5.0 AppleWebKit/537.36 (KHTML, like Gecko; compatible; GPTBot/1.2; +https://openai.com/gptbot)"
20.171.207.253 - - [17/Jul/2025:12:46:44 +0000] "GET /items/musical-instruments/guitars/4591123/ HTTP/1.1" 404 13317 "-" "Mozilla/5.0 AppleWebKit/537.36 (KHTML, like Gecko; compatible; GPTBot/1.2; +https://openai.com/gptbot)"
20.171.207.253 - - [17/Jul/2025:12:46:45 +0000] "GET /items/smartphones/pc-peripherals/3926317/ HTTP/1.1" 404 13315 "-" "Mozilla/5.0 AppleWebKit/537.36 (KHTML, like Gecko; compatible; GPTBot/1.2; +https://openai.com/gptbot)"
20.171.207.253 - - [17/Jul/2025:12:46:47 +0000] "GET /items/smartphones/pc-peripherals/2783731/ HTTP/1.1" 404 13317 "-" "Mozilla/5.0 AppleWebKit/537.36 (KHTML, like Gecko; compatible; GPTBot/1.2; +https://openai.com/gptbot)"
20.171.207.253 - - [17/Jul/2025:12:46:48 +0000] "GET /items/air-conditioning/appliances/1908680/ HTTP/1.1" 404 13317 "-" "Mozilla/5.0 AppleWebKit/537.36 (KHTML, like Gecko; compatible; GPTBot/1.2; +https://openai.com/gptbot)"
20.171.207.253 - - [17/Jul/2025:12:46:49 +0000] "GET /items/smartphones/pc-peripherals/5432664/ HTTP/1.1" 404 13317 "-" "Mozilla/5.0 AppleWebKit/537.36 (KHTML, like Gecko; compatible; GPTBot/1.2; +https://openai.com/gptbot)"
20.171.207.253 - - [17/Jul/2025:12:46:50 +0000] "GET /items/smartphones/pc-peripherals/3514636/ HTTP/1.1" 404 13317 "-" "Mozilla/5.0 AppleWebKit/537.36 (KHTML, like Gecko; compatible; GPTBot/1.2; +https://openai.com/gptbot)"
20.171.207.253 - - [17/Jul/2025:12:46:51 +0000] "GET /items/kitchen/writing-implements/3752162/ HTTP/1.1" 404 13316 "-" "Mozilla/5.0 AppleWebKit/537.36 (KHTML, like Gecko; compatible; GPTBot/1.2; +https://openai.com/gptbot)"
20.171.207.253 - - [17/Jul/2025:12:46:52 +0000] "GET /items/air-conditioning/appliances/3092924/ HTTP/1.1" 404 13317 "-" "Mozilla/5.0 AppleWebKit/537.36 (KHTML, like Gecko; compatible; GPTBot/1.2; +https://openai.com/gptbot)"
20.171.207.253 - - [17/Jul/2025:12:46:54 +0000] "GET /items/daily-necessities/notebooks/4961502/ HTTP/1.1" 404 13317 "-" "Mozilla/5.0 AppleWebKit/537.36 (KHTML, like Gecko; compatible; GPTBot/1.2; +https://openai.com/gptbot)"
20.171.207.253 - - [17/Jul/2025:12:46:55 +0000] "GET /items/smartphones/pc-peripherals/2862552/ HTTP/1.1" 404 13317 "-" "Mozilla/5.0 AppleWebKit/537.36 (KHTML, like Gecko; compatible; GPTBot/1.2; +https://openai.com/gptbot)"
20.171.207.253 - - [17/Jul/2025:12:46:56 +0000] "GET /items/air-conditioning/appliances/5047026/ HTTP/1.1" 404 13317 "-" "Mozilla/5.0 AppleWebKit/537.36 (KHTML, like Gecko; compatible; GPTBot/1.2; +https://openai.com/gptbot)"
20.171.207.253 - - [17/Jul/2025:12:46:57 +0000] "GET /items/daily-necessities/tableware/3362681/ HTTP/1.1" 404 13317 "-" "Mozilla/5.0 AppleWebKit/537.36 (KHTML, like Gecko; compatible; GPTBot/1.2; +https://openai.com/gptbot)"
20.171.207.253 - - [17/Jul/2025:12:46:58 +0000] "GET /items/smartphones/pc-peripherals/3926317/ HTTP/1.1" 404 13317 "-" "Mozilla/5.0 AppleWebKit/537.36 (KHTML, like Gecko; compatible; GPTBot/1.2; +https://openai.com/gptbot)"
20.171.207.253 - - [17/Jul/2025:12:46:59 +0000] "GET /items/air-conditioning/appliances/3783948/ HTTP/1.1" 404 13317 "-" "Mozilla/5.0 AppleWebKit/537.36 (KHTML, like Gecko; compatible; GPTBot/1.2; +https://openai.com/gptbot)"
20.171.207.253 - - [17/Jul/2025:12:47:01 +0000] "GET /items/tablets/apple-watch-accessories/2098006/ HTTP/1.1" 404 13316 "-" "Mozilla/5.0 AppleWebKit/537.36 (KHTML, like Gecko; compatible; GPTBot/1.2; +https://openai.com/gptbot)"
209.74.77.214 - - [17/Jul/2025:12:47:02 +0000] "POST /wp-cron.php?doing_wp_cron=1752756422.6013369560241699218750 HTTP/1.1" 200 - "-" "WordPress/6.8.2; https://akaventures.com.au"
20.171.207.253 - - [17/Jul/2025:12:47:02 +0000] "GET /items/musical-instruments/cosplay/3767282/ HTTP/1.1" 404 13316 "-" "Mozilla/5.0 AppleWebKit/537.36 (KHTML, like Gecko; compatible; GPTBot/1.2; +https://openai.com/gptbot)"
20.171.207.253 - - [17/Jul/2025:12:47:03 +0000] "GET /items/air-conditioning/appliances/2063448/ HTTP/1.1" 404 13317 "-" "Mozilla/5.0 AppleWebKit/537.36 (KHTML, like Gecko; compatible; GPTBot/1.2; +https://openai.com/gptbot)"
20.171.207.253 - - [17/Jul/2025:12:47:04 +0000] "GET /items/musical-instruments/antique/2546759/ HTTP/1.1" 404 13317 "-" "Mozilla/5.0 AppleWebKit/537.36 (KHTML, like Gecko; compatible; GPTBot/1.2; +https://openai.com/gptbot)"
20.171.207.253 - - [17/Jul/2025:12:47:05 +0000] "GET /items/cosmetics/beauty-appliances/1948942/ HTTP/1.1" 404 13317 "-" "Mozilla/5.0 AppleWebKit/537.36 (KHTML, like Gecko; compatible; GPTBot/1.2; +https://openai.com/gptbot)"
20.171.207.253 - - [17/Jul/2025:12:47:07 +0000] "GET /items/smartphones/pc-peripherals/4804076/ HTTP/1.1" 404 13317 "-" "Mozilla/5.0 AppleWebKit/537.36 (KHTML, like Gecko; compatible; GPTBot/1.2; +https://openai.com/gptbot)"
20.171.207.253 - - [17/Jul/2025:12:47:08 +0000] "GET /items/daily-necessities/tableware/3714637/ HTTP/1.1" 404 13317 "-" "Mozilla/5.0 AppleWebKit/537.36 (KHTML, like Gecko; compatible; GPTBot/1.2; +https://openai.com/gptbot)"
20.171.207.253 - - [17/Jul/2025:12:47:09 +0000] "GET /items/smartphones/pc-peripherals/4861984/ HTTP/1.1" 404 13317 "-" "Mozilla/5.0 AppleWebKit/537.36 (KHTML, like Gecko; compatible; GPTBot/1.2; +https://openai.com/gptbot)"
20.171.207.253 - - [17/Jul/2025:12:47:10 +0000] "GET /items/smartphones/pc-peripherals/3491368/ HTTP/1.1" 404 13316 "-" "Mozilla/5.0 AppleWebKit/537.36 (KHTML, like Gecko; compatible; GPTBot/1.2; +https://openai.com/gptbot)"
20.171.207.253 - - [17/Jul/2025:12:47:11 +0000] "GET /items/smartphones/pc-peripherals/2384928/ HTTP/1.1" 404 13316 "-" "Mozilla/5.0 AppleWebKit/537.36 (KHTML, like Gecko; compatible; GPTBot/1.2; +https://openai.com/gptbot)"
20.171.207.253 - - [17/Jul/2025:12:47:13 +0000] "GET /items/air-conditioning/telephones/5524071/ HTTP/1.1" 404 13316 "-" "Mozilla/5.0 AppleWebKit/537.36 (KHTML, like Gecko; compatible; GPTBot/1.2; +https://openai.com/gptbot)"
20.171.207.253 - - [17/Jul/2025:12:47:14 +0000] "GET /items/smartphones/pc-peripherals/2075935/ HTTP/1.1" 404 13316 "-" "Mozilla/5.0 AppleWebKit/537.36 (KHTML, like Gecko; compatible; GPTBot/1.2; +https://openai.com/gptbot)"
20.171.207.253 - - [17/Jul/2025:12:47:15 +0000] "GET /items/daily-necessities/tableware/5194203/ HTTP/1.1" 404 13316 "-" "Mozilla/5.0 AppleWebKit/537.36 (KHTML, like Gecko; compatible; GPTBot/1.2; +https://openai.com/gptbot)"
20.171.207.253 - - [17/Jul/2025:12:47:16 +0000] "GET /items/health/corrective-supplies/2965971/ HTTP/1.1" 404 13316 "-" "Mozilla/5.0 AppleWebKit/537.36 (KHTML, like Gecko; compatible; GPTBot/1.2; +https://openai.com/gptbot)"
20.171.207.253 - - [17/Jul/2025:12:47:17 +0000] "GET /items/air-conditioning/appliances/3821329/ HTTP/1.1" 404 13316 "-" "Mozilla/5.0 AppleWebKit/537.36 (KHTML, like Gecko; compatible; GPTBot/1.2; +https://openai.com/gptbot)"
20.171.207.253 - - [17/Jul/2025:12:47:18 +0000] "GET /items/air-conditioning/appliances/4860870/ HTTP/1.1" 404 13317 "-" "Mozilla/5.0 AppleWebKit/537.36 (KHTML, like Gecko; compatible; GPTBot/1.2; +https://openai.com/gptbot)"
20.171.207.253 - - [17/Jul/2025:12:47:20 +0000] "GET /items/cosmetics/beauty-appliances/4147571/ HTTP/1.1" 404 13316 "-" "Mozilla/5.0 AppleWebKit/537.36 (KHTML, like Gecko; compatible; GPTBot/1.2; +https://openai.com/gptbot)"
20.171.207.253 - - [17/Jul/2025:12:47:21 +0000] "GET /items/air-conditioning/appliances/5259443/ HTTP/1.1" 404 13316 "-" "Mozilla/5.0 AppleWebKit/537.36 (KHTML, like Gecko; compatible; GPTBot/1.2; +https://openai.com/gptbot)"
20.171.207.253 - - [17/Jul/2025:12:47:22 +0000] "GET /items/air-conditioning/appliances/3932250/ HTTP/1.1" 404 13316 "-" "Mozilla/5.0 AppleWebKit/537.36 (KHTML, like Gecko; compatible; GPTBot/1.2; +https://openai.com/gptbot)"
20.171.207.253 - - [17/Jul/2025:12:47:23 +0000] "GET /items/cosmetics/beauty-appliances/4049523/ HTTP/1.1" 404 13316 "-" "Mozilla/5.0 AppleWebKit/537.36 (KHTML, like Gecko; compatible; GPTBot/1.2; +https://openai.com/gptbot)"
20.171.207.253 - - [17/Jul/2025:12:47:24 +0000] "GET /items/air-conditioning/appliances/2014948/ HTTP/1.1" 404 13316 "-" "Mozilla/5.0 AppleWebKit/537.36 (KHTML, like Gecko; compatible; GPTBot/1.2; +https://openai.com/gptbot)"
66.249.74.131 - - [17/Jul/2025:12:47:25 +0000] "GET /?y=5441832011940&mod=edb446b6&uri=itm.php?entity/2351048.shtm HTTP/1.1" 200 18457 "-" "Mozilla/5.0 (Linux; Android 6.0.1; Nexus 5X Build/MMB29P) AppleWebKit/537.36 (KHTML, like Gecko) Chrome/137.0.7151.103 Mobile Safari/537.36 (compatible; Googlebot/2.1; +http://www.google.com/bot.html)"
20.171.207.253 - - [17/Jul/2025:12:47:25 +0000] "GET /items/tablets/apple-watch-accessories/3433764/ HTTP/1.1" 404 13316 "-" "Mozilla/5.0 AppleWebKit/537.36 (KHTML, like Gecko; compatible; GPTBot/1.2; +https://openai.com/gptbot)"
20.171.207.253 - - [17/Jul/2025:12:47:27 +0000] "GET /items/air-conditioning/appliances/4399352/ HTTP/1.1" 404 13316 "-" "Mozilla/5.0 AppleWebKit/537.36 (KHTML, like Gecko; compatible; GPTBot/1.2; +https://openai.com/gptbot)"
20.171.207.253 - - [17/Jul/2025:12:47:28 +0000] "GET /items/air-conditioning/appliances/5273408/ HTTP/1.1" 404 13316 "-" "Mozilla/5.0 AppleWebKit/537.36 (KHTML, like Gecko; compatible; GPTBot/1.2; +https://openai.com/gptbot)"
20.171.207.253 - - [17/Jul/2025:12:47:29 +0000] "GET /items/air-conditioning/appliances/4156226/ HTTP/1.1" 404 13317 "-" "Mozilla/5.0 AppleWebKit/537.36 (KHTML, like Gecko; compatible; GPTBot/1.2; +https://openai.com/gptbot)"
20.171.207.253 - - [17/Jul/2025:12:47:30 +0000] "GET /items/daily-necessities/tableware/2589370/ HTTP/1.1" 404 13317 "-" "Mozilla/5.0 AppleWebKit/537.36 (KHTML, like Gecko; compatible; GPTBot/1.2; +https://openai.com/gptbot)"
20.171.207.253 - - [17/Jul/2025:12:47:31 +0000] "GET /items/air-conditioning/appliances/3990980/ HTTP/1.1" 404 13316 "-" "Mozilla/5.0 AppleWebKit/537.36 (KHTML, like Gecko; compatible; GPTBot/1.2; +https://openai.com/gptbot)"
20.171.207.253 - - [17/Jul/2025:12:47:32 +0000] "GET /items/smartphones/pc-peripherals/3640439/ HTTP/1.1" 404 13317 "-" "Mozilla/5.0 AppleWebKit/537.36 (KHTML, like Gecko; compatible; GPTBot/1.2; +https://openai.com/gptbot)"
20.171.207.253 - - [17/Jul/2025:12:47:34 +0000] "GET /items/air-conditioning/appliances/3475431/ HTTP/1.1" 404 13317 "-" "Mozilla/5.0 AppleWebKit/537.36 (KHTML, like Gecko; compatible; GPTBot/1.2; +https://openai.com/gptbot)"
20.171.207.253 - - [17/Jul/2025:12:47:35 +0000] "GET /items/cosmetics/beauty-appliances/1807399/ HTTP/1.1" 404 13317 "-" "Mozilla/5.0 AppleWebKit/537.36 (KHTML, like Gecko; compatible; GPTBot/1.2; +https://openai.com/gptbot)"
20.171.207.253 - - [17/Jul/2025:12:47:36 +0000] "GET /items/air-conditioning/dishwasher/4135425/ HTTP/1.1" 404 13317 "-" "Mozilla/5.0 AppleWebKit/537.36 (KHTML, like Gecko; compatible; GPTBot/1.2; +https://openai.com/gptbot)"
20.171.207.253 - - [17/Jul/2025:12:47:37 +0000] "GET /items/smartphones/windows-desktop/1785795/ HTTP/1.1" 404 13317 "-" "Mozilla/5.0 AppleWebKit/537.36 (KHTML, like Gecko; compatible; GPTBot/1.2; +https://openai.com/gptbot)"
20.171.207.253 - - [17/Jul/2025:12:47:38 +0000] "GET /items/cosmetics/beauty-appliances/5252740/ HTTP/1.1" 404 13317 "-" "Mozilla/5.0 AppleWebKit/537.36 (KHTML, like Gecko; compatible; GPTBot/1.2; +https://openai.com/gptbot)"
20.171.207.253 - - [17/Jul/2025:12:47:40 +0000] "GET /items/hobbies/musical-instruments/3462049/ HTTP/1.1" 404 13317 "-" "Mozilla/5.0 AppleWebKit/537.36 (KHTML, like Gecko; compatible; GPTBot/1.2; +https://openai.com/gptbot)"
209.74.77.214 - - [17/Jul/2025:12:47:41 +0000] "POST /wp-cron.php?doing_wp_cron=1752756461.4381470680236816406250 HTTP/1.1" 200 - "-" "WordPress/6.8.2; https://akaventures.com.au"
20.171.207.253 - - [17/Jul/2025:12:47:41 +0000] "GET /items/smartphones/pc-peripherals/4238304/ HTTP/1.1" 404 13316 "-" "Mozilla/5.0 AppleWebKit/537.36 (KHTML, like Gecko; compatible; GPTBot/1.2; +https://openai.com/gptbot)"
20.171.207.253 - - [17/Jul/2025:12:47:42 +0000] "GET /items/daily-necessities/tableware/3474158/ HTTP/1.1" 404 13316 "-" "Mozilla/5.0 AppleWebKit/537.36 (KHTML, like Gecko; compatible; GPTBot/1.2; +https://openai.com/gptbot)"
20.171.207.253 - - [17/Jul/2025:12:47:43 +0000] "GET /items/smartphones/pc-peripherals/3185731/ HTTP/1.1" 404 13317 "-" "Mozilla/5.0 AppleWebKit/537.36 (KHTML, like Gecko; compatible; GPTBot/1.2; +https://openai.com/gptbot)"
20.171.207.253 - - [17/Jul/2025:12:47:44 +0000] "GET /items/smartphones/pc-peripherals/2117805/ HTTP/1.1" 404 13317 "-" "Mozilla/5.0 AppleWebKit/537.36 (KHTML, like Gecko; compatible; GPTBot/1.2; +https://openai.com/gptbot)"
20.171.207.253 - - [17/Jul/2025:12:47:46 +0000] "GET /items/smartphones/pc-peripherals/3429969/ HTTP/1.1" 404 13317 "-" "Mozilla/5.0 AppleWebKit/537.36 (KHTML, like Gecko; compatible; GPTBot/1.2; +https://openai.com/gptbot)"
20.171.207.253 - - [17/Jul/2025:12:47:47 +0000] "GET /items/cosmetics/beauty-appliances/4116029/ HTTP/1.1" 404 13315 "-" "Mozilla/5.0 AppleWebKit/537.36 (KHTML, like Gecko; compatible; GPTBot/1.2; +https://openai.com/gptbot)"
20.171.207.253 - - [17/Jul/2025:12:47:48 +0000] "GET /items/air-conditioning/appliances/4632793/ HTTP/1.1" 404 13317 "-" "Mozilla/5.0 AppleWebKit/537.36 (KHTML, like Gecko; compatible; GPTBot/1.2; +https://openai.com/gptbot)"
20.171.207.253 - - [17/Jul/2025:12:47:49 +0000] "GET /items/smartphones/pc-peripherals/2886318/ HTTP/1.1" 404 13317 "-" "Mozilla/5.0 AppleWebKit/537.36 (KHTML, like Gecko; compatible; GPTBot/1.2; +https://openai.com/gptbot)"
20.171.207.253 - - [17/Jul/2025:12:47:50 +0000] "GET /items/tablets/apple-watch-accessories/2185862/ HTTP/1.1" 404 13316 "-" "Mozilla/5.0 AppleWebKit/537.36 (KHTML, like Gecko; compatible; GPTBot/1.2; +https://openai.com/gptbot)"
20.171.207.253 - - [17/Jul/2025:12:47:51 +0000] "GET /items/cosmetics/beauty-appliances/4582353/ HTTP/1.1" 404 13316 "-" "Mozilla/5.0 AppleWebKit/537.36 (KHTML, like Gecko; compatible; GPTBot/1.2; +https://openai.com/gptbot)"
20.171.207.253 - - [17/Jul/2025:12:47:53 +0000] "GET /items/air-conditioning/microwaves/4045388/ HTTP/1.1" 404 13317 "-" "Mozilla/5.0 AppleWebKit/537.36 (KHTML, like Gecko; compatible; GPTBot/1.2; +https://openai.com/gptbot)"
20.171.207.253 - - [17/Jul/2025:12:47:54 +0000] "GET /items/smartphones/pc-peripherals/1692360/ HTTP/1.1" 404 13317 "-" "Mozilla/5.0 AppleWebKit/537.36 (KHTML, like Gecko; compatible; GPTBot/1.2; +https://openai.com/gptbot)"
20.171.207.253 - - [17/Jul/2025:12:47:55 +0000] "GET /items/air-conditioning/appliances/2002645/ HTTP/1.1" 404 13317 "-" "Mozilla/5.0 AppleWebKit/537.36 (KHTML, like Gecko; compatible; GPTBot/1.2; +https://openai.com/gptbot)"
20.171.207.253 - - [17/Jul/2025:12:47:56 +0000] "GET /items/beauty/electric-toothbrush/5412521/ HTTP/1.1" 404 13317 "-" "Mozilla/5.0 AppleWebKit/537.36 (KHTML, like Gecko; compatible; GPTBot/1.2; +https://openai.com/gptbot)"
20.171.207.253 - - [17/Jul/2025:12:47:57 +0000] "GET /items/air-conditioning/appliances/3733190/ HTTP/1.1" 404 13317 "-" "Mozilla/5.0 AppleWebKit/537.36 (KHTML, like Gecko; compatible; GPTBot/1.2; +https://openai.com/gptbot)"
20.171.207.253 - - [17/Jul/2025:12:47:58 +0000] "GET /items/musical-instruments/cosplay/5022028/ HTTP/1.1" 404 13317 "-" "Mozilla/5.0 AppleWebKit/537.36 (KHTML, like Gecko; compatible; GPTBot/1.2; +https://openai.com/gptbot)"
20.171.207.253 - - [17/Jul/2025:12:48:00 +0000] "GET /items/air-conditioning/microwaves/1708565/ HTTP/1.1" 404 13317 "-" "Mozilla/5.0 AppleWebKit/537.36 (KHTML, like Gecko; compatible; GPTBot/1.2; +https://openai.com/gptbot)"
20.171.207.253 - - [17/Jul/2025:12:48:01 +0000] "GET /items/air-conditioning/appliances/1677021/ HTTP/1.1" 404 13316 "-" "Mozilla/5.0 AppleWebKit/537.36 (KHTML, like Gecko; compatible; GPTBot/1.2; +https://openai.com/gptbot)"
209.74.77.214 - - [17/Jul/2025:12:48:02 +0000] "POST /wp-cron.php?doing_wp_cron=1752756482.6923360824584960937500 HTTP/1.1" 200 - "-" "WordPress/6.8.2; https://akaventures.com.au"
20.171.207.253 - - [17/Jul/2025:12:48:02 +0000] "GET /items/air-conditioning/appliances/2265902/ HTTP/1.1" 404 13316 "-" "Mozilla/5.0 AppleWebKit/537.36 (KHTML, like Gecko; compatible; GPTBot/1.2; +https://openai.com/gptbot)"
20.171.207.253 - - [17/Jul/2025:12:48:03 +0000] "GET /items/air-conditioning/appliances/5429175/ HTTP/1.1" 404 13317 "-" "Mozilla/5.0 AppleWebKit/537.36 (KHTML, like Gecko; compatible; GPTBot/1.2; +https://openai.com/gptbot)"
20.171.207.253 - - [17/Jul/2025:12:48:04 +0000] "GET /items/air-conditioning/appliances/1674854/ HTTP/1.1" 404 13317 "-" "Mozilla/5.0 AppleWebKit/537.36 (KHTML, like Gecko; compatible; GPTBot/1.2; +https://openai.com/gptbot)"
20.171.207.253 - - [17/Jul/2025:12:48:05 +0000] "GET /items/air-conditioning/appliances/4341163/ HTTP/1.1" 404 13317 "-" "Mozilla/5.0 AppleWebKit/537.36 (KHTML, like Gecko; compatible; GPTBot/1.2; +https://openai.com/gptbot)"
20.171.207.253 - - [17/Jul/2025:12:48:07 +0000] "GET /items/smartphones/pc-peripherals/4853780/ HTTP/1.1" 404 13317 "-" "Mozilla/5.0 AppleWebKit/537.36 (KHTML, like Gecko; compatible; GPTBot/1.2; +https://openai.com/gptbot)"
20.171.207.253 - - [17/Jul/2025:12:48:08 +0000] "GET /items/daily-necessities/tableware/5426447/ HTTP/1.1" 404 13317 "-" "Mozilla/5.0 AppleWebKit/537.36 (KHTML, like Gecko; compatible; GPTBot/1.2; +https://openai.com/gptbot)"
20.171.207.253 - - [17/Jul/2025:12:48:09 +0000] "GET /items/cosmetics/beauty-appliances/2282243/ HTTP/1.1" 404 13317 "-" "Mozilla/5.0 AppleWebKit/537.36 (KHTML, like Gecko; compatible; GPTBot/1.2; +https://openai.com/gptbot)"
20.171.207.253 - - [17/Jul/2025:12:48:10 +0000] "GET /items/daily-necessities/tableware/5454069/ HTTP/1.1" 404 13316 "-" "Mozilla/5.0 AppleWebKit/537.36 (KHTML, like Gecko; compatible; GPTBot/1.2; +https://openai.com/gptbot)"
20.171.207.253 - - [17/Jul/2025:12:48:11 +0000] "GET /items/cosmetics/beauty-appliances/5335541/ HTTP/1.1" 404 13316 "-" "Mozilla/5.0 AppleWebKit/537.36 (KHTML, like Gecko; compatible; GPTBot/1.2; +https://openai.com/gptbot)"
20.171.207.253 - - [17/Jul/2025:12:48:13 +0000] "GET /items/daily-necessities/tableware/3294878/ HTTP/1.1" 404 13316 "-" "Mozilla/5.0 AppleWebKit/537.36 (KHTML, like Gecko; compatible; GPTBot/1.2; +https://openai.com/gptbot)"
20.171.207.253 - - [17/Jul/2025:12:48:14 +0000] "GET /items/tablets/iphone-accessories/5381135/ HTTP/1.1" 404 13316 "-" "Mozilla/5.0 AppleWebKit/537.36 (KHTML, like Gecko; compatible; GPTBot/1.2; +https://openai.com/gptbot)"
20.171.207.253 - - [17/Jul/2025:12:48:15 +0000] "GET /items/daily-necessities/tableware/4618990/ HTTP/1.1" 404 13316 "-" "Mozilla/5.0 AppleWebKit/537.36 (KHTML, like Gecko; compatible; GPTBot/1.2; +https://openai.com/gptbot)"
20.171.207.253 - - [17/Jul/2025:12:48:16 +0000] "GET /items/air-conditioning/appliances/5473688/ HTTP/1.1" 404 13316 "-" "Mozilla/5.0 AppleWebKit/537.36 (KHTML, like Gecko; compatible; GPTBot/1.2; +https://openai.com/gptbot)"
20.171.207.253 - - [17/Jul/2025:12:48:17 +0000] "GET /items/cosmetics/beauty-appliances/3325059/ HTTP/1.1" 404 13316 "-" "Mozilla/5.0 AppleWebKit/537.36 (KHTML, like Gecko; compatible; GPTBot/1.2; +https://openai.com/gptbot)"
20.171.207.253 - - [17/Jul/2025:12:48:19 +0000] "GET /items/daily-necessities/tableware/1894842/ HTTP/1.1" 404 13317 "-" "Mozilla/5.0 AppleWebKit/537.36 (KHTML, like Gecko; compatible; GPTBot/1.2; +https://openai.com/gptbot)"
20.171.207.253 - - [17/Jul/2025:12:48:20 +0000] "GET /items/cameras/developing-supplies/5053193/ HTTP/1.1" 404 13316 "-" "Mozilla/5.0 AppleWebKit/537.36 (KHTML, like Gecko; compatible; GPTBot/1.2; +https://openai.com/gptbot)"
20.171.207.253 - - [17/Jul/2025:12:48:21 +0000] "GET /items/air-conditioning/appliances/4528526/ HTTP/1.1" 404 13316 "-" "Mozilla/5.0 AppleWebKit/537.36 (KHTML, like Gecko; compatible; GPTBot/1.2; +https://openai.com/gptbot)"
66.249.74.132 - - [17/Jul/2025:12:48:21 +0000] "GET /?y=5441832011940&mod=edb446b6&uri=itm.php?entity/2364353.shtm HTTP/1.1" 200 19264 "-" "Mozilla/5.0 (Linux; Android 6.0.1; Nexus 5X Build/MMB29P) AppleWebKit/537.36 (KHTML, like Gecko) Chrome/137.0.7151.103 Mobile Safari/537.36 (compatible; Googlebot/2.1; +http://www.google.com/bot.html)"
20.171.207.253 - - [17/Jul/2025:12:48:22 +0000] "GET /items/cosmetics/beauty-appliances/3756636/ HTTP/1.1" 404 13316 "-" "Mozilla/5.0 AppleWebKit/537.36 (KHTML, like Gecko; compatible; GPTBot/1.2; +https://openai.com/gptbot)"
20.171.207.253 - - [17/Jul/2025:12:48:23 +0000] "GET /items/air-conditioning/appliances/1991215/ HTTP/1.1" 404 13316 "-" "Mozilla/5.0 AppleWebKit/537.36 (KHTML, like Gecko; compatible; GPTBot/1.2; +https://openai.com/gptbot)"
20.171.207.253 - - [17/Jul/2025:12:48:24 +0000] "GET /items/cosmetics/beauty-appliances/3430567/ HTTP/1.1" 404 13316 "-" "Mozilla/5.0 AppleWebKit/537.36 (KHTML, like Gecko; compatible; GPTBot/1.2; +https://openai.com/gptbot)"
20.171.207.253 - - [17/Jul/2025:12:48:26 +0000] "GET /items/air-conditioning/electric-fans/5285966/ HTTP/1.1" 404 13316 "-" "Mozilla/5.0 AppleWebKit/537.36 (KHTML, like Gecko; compatible; GPTBot/1.2; +https://openai.com/gptbot)"
20.171.207.253 - - [17/Jul/2025:12:48:27 +0000] "GET /items/hobbies/musical-instruments/2195369/ HTTP/1.1" 404 13316 "-" "Mozilla/5.0 AppleWebKit/537.36 (KHTML, like Gecko; compatible; GPTBot/1.2; +https://openai.com/gptbot)"
20.171.207.253 - - [17/Jul/2025:12:48:28 +0000] "GET /items/daily-necessities/cleaning/3192842/ HTTP/1.1" 404 13316 "-" "Mozilla/5.0 AppleWebKit/537.36 (KHTML, like Gecko; compatible; GPTBot/1.2; +https://openai.com/gptbot)"
20.171.207.253 - - [17/Jul/2025:12:48:29 +0000] "GET /items/gardening/preserved-flowers/5541858/ HTTP/1.1" 404 13317 "-" "Mozilla/5.0 AppleWebKit/537.36 (KHTML, like Gecko; compatible; GPTBot/1.2; +https://openai.com/gptbot)"
20.171.207.253 - - [17/Jul/2025:12:48:30 +0000] "GET /items/air-conditioning/appliances/2418959/ HTTP/1.1" 404 13316 "-" "Mozilla/5.0 AppleWebKit/537.36 (KHTML, like Gecko; compatible; GPTBot/1.2; +https://openai.com/gptbot)"
20.171.207.253 - - [17/Jul/2025:12:48:31 +0000] "GET /items/daily-necessities/tableware/4470134/ HTTP/1.1" 404 13316 "-" "Mozilla/5.0 AppleWebKit/537.36 (KHTML, like Gecko; compatible; GPTBot/1.2; +https://openai.com/gptbot)"
20.171.207.253 - - [17/Jul/2025:12:48:33 +0000] "GET /items/musical-instruments/others/4516312/ HTTP/1.1" 404 13317 "-" "Mozilla/5.0 AppleWebKit/537.36 (KHTML, like Gecko; compatible; GPTBot/1.2; +https://openai.com/gptbot)"
20.171.207.253 - - [17/Jul/2025:12:48:34 +0000] "GET /items/cosmetics/beauty-appliances/4958003/ HTTP/1.1" 404 13317 "-" "Mozilla/5.0 AppleWebKit/537.36 (KHTML, like Gecko; compatible; GPTBot/1.2; +https://openai.com/gptbot)"
20.171.207.253 - - [17/Jul/2025:12:48:35 +0000] "GET /items/smartphones/graphics-cards/3287379/ HTTP/1.1" 404 13317 "-" "Mozilla/5.0 AppleWebKit/537.36 (KHTML, like Gecko; compatible; GPTBot/1.2; +https://openai.com/gptbot)"
20.171.207.253 - - [17/Jul/2025:12:48:36 +0000] "GET /items/health/corrective-supplies/2814364/ HTTP/1.1" 404 13317 "-" "Mozilla/5.0 AppleWebKit/537.36 (KHTML, like Gecko; compatible; GPTBot/1.2; +https://openai.com/gptbot)"
20.171.207.253 - - [17/Jul/2025:12:48:37 +0000] "GET /items/musical-instruments/others/1984120/ HTTP/1.1" 404 13317 "-" "Mozilla/5.0 AppleWebKit/537.36 (KHTML, like Gecko; compatible; GPTBot/1.2; +https://openai.com/gptbot)"
20.171.207.253 - - [17/Jul/2025:12:48:38 +0000] "GET /items/air-conditioning/clothes-dryers/4174249/ HTTP/1.1" 404 13317 "-" "Mozilla/5.0 AppleWebKit/537.36 (KHTML, like Gecko; compatible; GPTBot/1.2; +https://openai.com/gptbot)"
20.171.207.253 - - [17/Jul/2025:12:48:40 +0000] "GET /items/daily-necessities/tableware/1868796/ HTTP/1.1" 404 13317 "-" "Mozilla/5.0 AppleWebKit/537.36 (KHTML, like Gecko; compatible; GPTBot/1.2; +https://openai.com/gptbot)"
66.249.74.131 - - [17/Jul/2025:12:48:40 +0000] "POST /get-message-notify HTTP/1.1" 200 18285 "https://akaventures.com.au/?y=5441832011940&mod=edb446b6&uri=itm.php?entity/2364353.shtm" "Mozilla/5.0 (Linux; Android 6.0.1; Nexus 5X Build/MMB29P) AppleWebKit/537.36 (KHTML, like Gecko) Chrome/137.0.7151.119 Mobile Safari/537.36 (compatible; Googlebot/2.1; +http://www.google.com/bot.html)"
209.74.77.214 - - [17/Jul/2025:12:48:41 +0000] "POST /wp-cron.php?doing_wp_cron=1752756521.5495219230651855468750 HTTP/1.1" 200 - "-" "WordPress/6.8.2; https://akaventures.com.au"
20.171.207.253 - - [17/Jul/2025:12:48:41 +0000] "GET /items/daily-necessities/tableware/4068002/ HTTP/1.1" 404 13316 "-" "Mozilla/5.0 AppleWebKit/537.36 (KHTML, like Gecko; compatible; GPTBot/1.2; +https://openai.com/gptbot)"
20.171.207.253 - - [17/Jul/2025:12:48:42 +0000] "GET /items/cosmetics/beauty-appliances/1778034/ HTTP/1.1" 404 13316 "-" "Mozilla/5.0 AppleWebKit/537.36 (KHTML, like Gecko; compatible; GPTBot/1.2; +https://openai.com/gptbot)"
20.171.207.253 - - [17/Jul/2025:12:48:43 +0000] "GET /items/musical-instruments/drones/1773409/ HTTP/1.1" 404 13317 "-" "Mozilla/5.0 AppleWebKit/537.36 (KHTML, like Gecko; compatible; GPTBot/1.2; +https://openai.com/gptbot)"
20.171.207.253 - - [17/Jul/2025:12:48:44 +0000] "GET /items/musical-instruments/others/4516312/ HTTP/1.1" 404 13317 "-" "Mozilla/5.0 AppleWebKit/537.36 (KHTML, like Gecko; compatible; GPTBot/1.2; +https://openai.com/gptbot)"
20.171.207.253 - - [17/Jul/2025:12:48:46 +0000] "GET /items/air-conditioning/appliances/2566134/ HTTP/1.1" 404 13317 "-" "Mozilla/5.0 AppleWebKit/537.36 (KHTML, like Gecko; compatible; GPTBot/1.2; +https://openai.com/gptbot)"
20.171.207.253 - - [17/Jul/2025:12:48:47 +0000] "GET /items/pet-supplies/filtration-media/4116788/ HTTP/1.1" 404 13317 "-" "Mozilla/5.0 AppleWebKit/537.36 (KHTML, like Gecko; compatible; GPTBot/1.2; +https://openai.com/gptbot)"
20.171.207.253 - - [17/Jul/2025:12:48:48 +0000] "GET /items/flowers/artificial-foliage/5494125/ HTTP/1.1" 404 13315 "-" "Mozilla/5.0 AppleWebKit/537.36 (KHTML, like Gecko; compatible; GPTBot/1.2; +https://openai.com/gptbot)"
