66.249.68.3 - - [17/Jul/2025:13:50:34 +0000] "GET /?y=47542120031940&mod=adf8d7f8&uri=search.php?entity/3764722.shtm HTTP/1.1" 200 19331 "-" "Mozilla/5.0 (Linux; Android 6.0.1; Nexus 5X Build/MMB29P) AppleWebKit/537.36 (KHTML, like Gecko) Chrome/137.0.7151.103 Mobile Safari/537.36 (compatible; Googlebot/2.1; +http://www.google.com/bot.html)"
20.171.207.253 - - [17/Jul/2025:13:50:35 +0000] "GET /items/fashion/jackets/3217283/ HTTP/1.1" 404 13317 "-" "Mozilla/5.0 AppleWebKit/537.36 (KHTML, like Gecko; compatible; GPTBot/1.2; +https://openai.com/gptbot)"
20.171.207.253 - - [17/Jul/2025:13:50:36 +0000] "GET /items/books/magazines/2936534/ HTTP/1.1" 404 13317 "-" "Mozilla/5.0 AppleWebKit/537.36 (KHTML, like Gecko; compatible; GPTBot/1.2; +https://openai.com/gptbot)"
20.171.207.253 - - [17/Jul/2025:13:50:38 +0000] "GET /items/fashion/jackets/4118090/ HTTP/1.1" 404 13317 "-" "Mozilla/5.0 AppleWebKit/537.36 (KHTML, like Gecko; compatible; GPTBot/1.2; +https://openai.com/gptbot)"
20.171.207.253 - - [17/Jul/2025:13:50:39 +0000] "GET /items/audio/earphones/3921610/ HTTP/1.1" 404 13317 "-" "Mozilla/5.0 AppleWebKit/537.36 (KHTML, like Gecko; compatible; GPTBot/1.2; +https://openai.com/gptbot)"
20.171.207.253 - - [17/Jul/2025:13:50:40 +0000] "GET /items/art/calligraphy/4367902/ HTTP/1.1" 404 13317 "-" "Mozilla/5.0 AppleWebKit/537.36 (KHTML, like Gecko; compatible; GPTBot/1.2; +https://openai.com/gptbot)"
209.74.77.214 - - [17/Jul/2025:13:50:41 +0000] "POST /wp-cron.php?doing_wp_cron=1752760241.9086840152740478515625 HTTP/1.1" 200 - "-" "WordPress/6.8.2; https://akaventures.com.au"
20.171.207.253 - - [17/Jul/2025:13:50:41 +0000] "GET /items/fashion/jackets/3719165/ HTTP/1.1" 404 13317 "-" "Mozilla/5.0 AppleWebKit/537.36 (KHTML, like Gecko; compatible; GPTBot/1.2; +https://openai.com/gptbot)"
20.171.207.253 - - [17/Jul/2025:13:50:42 +0000] "GET /items/alcohol/powders/5164962/ HTTP/1.1" 404 13317 "-" "Mozilla/5.0 AppleWebKit/537.36 (KHTML, like Gecko; compatible; GPTBot/1.2; +https://openai.com/gptbot)"
20.171.207.253 - - [17/Jul/2025:13:50:44 +0000] "GET /items/fashion/jackets/3012641/ HTTP/1.1" 404 13317 "-" "Mozilla/5.0 AppleWebKit/537.36 (KHTML, like Gecko; compatible; GPTBot/1.2; +https://openai.com/gptbot)"
20.171.207.253 - - [17/Jul/2025:13:50:45 +0000] "GET /items/fashion/jackets/2423855/ HTTP/1.1" 404 13317 "-" "Mozilla/5.0 AppleWebKit/537.36 (KHTML, like Gecko; compatible; GPTBot/1.2; +https://openai.com/gptbot)"
20.171.207.253 - - [17/Jul/2025:13:50:46 +0000] "GET /items/fashion/jackets/3755606/ HTTP/1.1" 404 13317 "-" "Mozilla/5.0 AppleWebKit/537.36 (KHTML, like Gecko; compatible; GPTBot/1.2; +https://openai.com/gptbot)"
20.171.207.253 - - [17/Jul/2025:13:50:47 +0000] "GET /items/fashion/jackets/3871955/ HTTP/1.1" 404 13317 "-" "Mozilla/5.0 AppleWebKit/537.36 (KHTML, like Gecko; compatible; GPTBot/1.2; +https://openai.com/gptbot)"
20.171.207.253 - - [17/Jul/2025:13:50:48 +0000] "GET /items/audio/earphones/2939645/ HTTP/1.1" 404 13317 "-" "Mozilla/5.0 AppleWebKit/537.36 (KHTML, like Gecko; compatible; GPTBot/1.2; +https://openai.com/gptbot)"
20.171.207.253 - - [17/Jul/2025:13:50:49 +0000] "GET /items/beauty/skincare/3894966/ HTTP/1.1" 404 13316 "-" "Mozilla/5.0 AppleWebKit/537.36 (KHTML, like Gecko; compatible; GPTBot/1.2; +https://openai.com/gptbot)"
20.171.207.253 - - [17/Jul/2025:13:50:51 +0000] "GET /items/fashion/jackets/4890327/ HTTP/1.1" 404 13317 "-" "Mozilla/5.0 AppleWebKit/537.36 (KHTML, like Gecko; compatible; GPTBot/1.2; +https://openai.com/gptbot)"
20.171.207.253 - - [17/Jul/2025:13:50:52 +0000] "GET /items/magazines/books/4694203/ HTTP/1.1" 404 13317 "-" "Mozilla/5.0 AppleWebKit/537.36 (KHTML, like Gecko; compatible; GPTBot/1.2; +https://openai.com/gptbot)"
20.171.207.253 - - [17/Jul/2025:13:50:53 +0000] "GET /items/beauty/skincare/5290269/ HTTP/1.1" 404 13317 "-" "Mozilla/5.0 AppleWebKit/537.36 (KHTML, like Gecko; compatible; GPTBot/1.2; +https://openai.com/gptbot)"
20.171.207.253 - - [17/Jul/2025:13:50:54 +0000] "GET /items/fashion/jackets/4965758/ HTTP/1.1" 404 13317 "-" "Mozilla/5.0 AppleWebKit/537.36 (KHTML, like Gecko; compatible; GPTBot/1.2; +https://openai.com/gptbot)"
20.171.207.253 - - [17/Jul/2025:13:50:55 +0000] "GET /items/fashion/jackets/5279626/ HTTP/1.1" 404 13317 "-" "Mozilla/5.0 AppleWebKit/537.36 (KHTML, like Gecko; compatible; GPTBot/1.2; +https://openai.com/gptbot)"
20.171.207.253 - - [17/Jul/2025:13:50:57 +0000] "GET /items/beauty/skincare/3772099/ HTTP/1.1" 404 13317 "-" "Mozilla/5.0 AppleWebKit/537.36 (KHTML, like Gecko; compatible; GPTBot/1.2; +https://openai.com/gptbot)"
20.171.207.253 - - [17/Jul/2025:13:50:58 +0000] "GET /items/magazines/books/4761235/ HTTP/1.1" 404 13317 "-" "Mozilla/5.0 AppleWebKit/537.36 (KHTML, like Gecko; compatible; GPTBot/1.2; +https://openai.com/gptbot)"
20.171.207.253 - - [17/Jul/2025:13:50:59 +0000] "GET /items/fashion/jackets/4049359/ HTTP/1.1" 404 13317 "-" "Mozilla/5.0 AppleWebKit/537.36 (KHTML, like Gecko; compatible; GPTBot/1.2; +https://openai.com/gptbot)"
20.171.207.253 - - [17/Jul/2025:13:51:00 +0000] "GET /items/magazines/books/5091723/ HTTP/1.1" 404 13317 "-" "Mozilla/5.0 AppleWebKit/537.36 (KHTML, like Gecko; compatible; GPTBot/1.2; +https://openai.com/gptbot)"
20.171.207.253 - - [17/Jul/2025:13:51:01 +0000] "GET /items/alcohol/whiskey/4658459/ HTTP/1.1" 404 13317 "-" "Mozilla/5.0 AppleWebKit/537.36 (KHTML, like Gecko; compatible; GPTBot/1.2; +https://openai.com/gptbot)"
209.74.77.214 - - [17/Jul/2025:13:51:03 +0000] "POST /wp-cron.php?doing_wp_cron=1752760263.0869619846343994140625 HTTP/1.1" 200 - "-" "WordPress/6.8.2; https://akaventures.com.au"
20.171.207.253 - - [17/Jul/2025:13:51:02 +0000] "GET /items/fashion/jackets/2849778/ HTTP/1.1" 404 13317 "-" "Mozilla/5.0 AppleWebKit/537.36 (KHTML, like Gecko; compatible; GPTBot/1.2; +https://openai.com/gptbot)"
20.171.207.253 - - [17/Jul/2025:13:51:04 +0000] "GET /items/alcohol/powders/2190016/ HTTP/1.1" 404 13317 "-" "Mozilla/5.0 AppleWebKit/537.36 (KHTML, like Gecko; compatible; GPTBot/1.2; +https://openai.com/gptbot)"
20.171.207.253 - - [17/Jul/2025:13:51:05 +0000] "GET /items/alcohol/whiskey/4463186/ HTTP/1.1" 404 13317 "-" "Mozilla/5.0 AppleWebKit/537.36 (KHTML, like Gecko; compatible; GPTBot/1.2; +https://openai.com/gptbot)"
20.171.207.253 - - [17/Jul/2025:13:51:06 +0000] "GET /items/fashion/jackets/3061430/ HTTP/1.1" 404 13317 "-" "Mozilla/5.0 AppleWebKit/537.36 (KHTML, like Gecko; compatible; GPTBot/1.2; +https://openai.com/gptbot)"
20.171.207.253 - - [17/Jul/2025:13:51:07 +0000] "GET /items/fashion/jackets/1634055/ HTTP/1.1" 404 13317 "-" "Mozilla/5.0 AppleWebKit/537.36 (KHTML, like Gecko; compatible; GPTBot/1.2; +https://openai.com/gptbot)"
20.171.207.253 - - [17/Jul/2025:13:51:08 +0000] "GET /items/fashion/jackets/3510459/ HTTP/1.1" 404 13317 "-" "Mozilla/5.0 AppleWebKit/537.36 (KHTML, like Gecko; compatible; GPTBot/1.2; +https://openai.com/gptbot)"
20.171.207.253 - - [17/Jul/2025:13:51:09 +0000] "GET /items/outdoor/fishing/4283009/ HTTP/1.1" 404 13317 "-" "Mozilla/5.0 AppleWebKit/537.36 (KHTML, like Gecko; compatible; GPTBot/1.2; +https://openai.com/gptbot)"
20.171.207.253 - - [17/Jul/2025:13:51:11 +0000] "GET /items/gardening/codex/4103622/ HTTP/1.1" 404 13317 "-" "Mozilla/5.0 AppleWebKit/537.36 (KHTML, like Gecko; compatible; GPTBot/1.2; +https://openai.com/gptbot)"
20.171.207.253 - - [17/Jul/2025:13:51:12 +0000] "GET /items/fashion/jackets/2205108/ HTTP/1.1" 404 13317 "-" "Mozilla/5.0 AppleWebKit/537.36 (KHTML, like Gecko; compatible; GPTBot/1.2; +https://openai.com/gptbot)"
20.171.207.253 - - [17/Jul/2025:13:51:13 +0000] "GET /items/fashion/watches/2993584/ HTTP/1.1" 404 13317 "-" "Mozilla/5.0 AppleWebKit/537.36 (KHTML, like Gecko; compatible; GPTBot/1.2; +https://openai.com/gptbot)"
66.249.68.4 - - [17/Jul/2025:13:51:14 +0000] "GET /?y=47542120031940&mod=adf8d7f8&uri=search.php?entity/3740101.shtm HTTP/1.1" 200 19470 "-" "Mozilla/5.0 (Linux; Android 6.0.1; Nexus 5X Build/MMB29P) AppleWebKit/537.36 (KHTML, like Gecko) Chrome/137.0.7151.103 Mobile Safari/537.36 (compatible; Googlebot/2.1; +http://www.google.com/bot.html)"
20.171.207.253 - - [17/Jul/2025:13:51:14 +0000] "GET /items/fashion/jackets/2849778/ HTTP/1.1" 404 13317 "-" "Mozilla/5.0 AppleWebKit/537.36 (KHTML, like Gecko; compatible; GPTBot/1.2; +https://openai.com/gptbot)"
20.171.207.253 - - [17/Jul/2025:13:51:15 +0000] "GET /items/fashion/jackets/4251656/ HTTP/1.1" 404 13317 "-" "Mozilla/5.0 AppleWebKit/537.36 (KHTML, like Gecko; compatible; GPTBot/1.2; +https://openai.com/gptbot)"
20.171.207.253 - - [17/Jul/2025:13:51:16 +0000] "GET /items/beauty/skincare/4575634/ HTTP/1.1" 404 13317 "-" "Mozilla/5.0 AppleWebKit/537.36 (KHTML, like Gecko; compatible; GPTBot/1.2; +https://openai.com/gptbot)"
20.171.207.253 - - [17/Jul/2025:13:51:18 +0000] "GET /items/fashion/jackets/4623538/ HTTP/1.1" 404 13317 "-" "Mozilla/5.0 AppleWebKit/537.36 (KHTML, like Gecko; compatible; GPTBot/1.2; +https://openai.com/gptbot)"
20.171.207.253 - - [17/Jul/2025:13:51:19 +0000] "GET /items/goods/character/2571067/ HTTP/1.1" 404 13317 "-" "Mozilla/5.0 AppleWebKit/537.36 (KHTML, like Gecko; compatible; GPTBot/1.2; +https://openai.com/gptbot)"
20.171.207.253 - - [17/Jul/2025:13:51:20 +0000] "GET /items/fashion/watches/4658029/ HTTP/1.1" 404 13317 "-" "Mozilla/5.0 AppleWebKit/537.36 (KHTML, like Gecko; compatible; GPTBot/1.2; +https://openai.com/gptbot)"
20.171.207.253 - - [17/Jul/2025:13:51:21 +0000] "GET /items/alcohol/whiskey/4976452/ HTTP/1.1" 404 13317 "-" "Mozilla/5.0 AppleWebKit/537.36 (KHTML, like Gecko; compatible; GPTBot/1.2; +https://openai.com/gptbot)"
20.171.207.253 - - [17/Jul/2025:13:51:22 +0000] "GET /items/fashion/jackets/4105202/ HTTP/1.1" 404 13317 "-" "Mozilla/5.0 AppleWebKit/537.36 (KHTML, like Gecko; compatible; GPTBot/1.2; +https://openai.com/gptbot)"
20.171.207.253 - - [17/Jul/2025:13:51:24 +0000] "GET /items/audio/earphones/5185639/ HTTP/1.1" 404 13317 "-" "Mozilla/5.0 AppleWebKit/537.36 (KHTML, like Gecko; compatible; GPTBot/1.2; +https://openai.com/gptbot)"
20.171.207.253 - - [17/Jul/2025:13:51:25 +0000] "GET /items/fashion/jackets/3931827/ HTTP/1.1" 404 13317 "-" "Mozilla/5.0 AppleWebKit/537.36 (KHTML, like Gecko; compatible; GPTBot/1.2; +https://openai.com/gptbot)"
20.171.207.253 - - [17/Jul/2025:13:51:26 +0000] "GET /items/art/calligraphy/1737184/ HTTP/1.1" 404 13317 "-" "Mozilla/5.0 AppleWebKit/537.36 (KHTML, like Gecko; compatible; GPTBot/1.2; +https://openai.com/gptbot)"
20.171.207.253 - - [17/Jul/2025:13:51:27 +0000] "GET /items/hobbies/cosplay/1967218/ HTTP/1.1" 404 13317 "-" "Mozilla/5.0 AppleWebKit/537.36 (KHTML, like Gecko; compatible; GPTBot/1.2; +https://openai.com/gptbot)"
20.171.207.253 - - [17/Jul/2025:13:51:28 +0000] "GET /items/alcohol/whiskey/4288331/ HTTP/1.1" 404 13317 "-" "Mozilla/5.0 AppleWebKit/537.36 (KHTML, like Gecko; compatible; GPTBot/1.2; +https://openai.com/gptbot)"
20.171.207.253 - - [17/Jul/2025:13:51:29 +0000] "GET /items/handmade/crafts/3805139/ HTTP/1.1" 404 13317 "-" "Mozilla/5.0 AppleWebKit/537.36 (KHTML, like Gecko; compatible; GPTBot/1.2; +https://openai.com/gptbot)"
20.171.207.253 - - [17/Jul/2025:13:51:31 +0000] "GET /items/hobbies/cosplay/5293784/ HTTP/1.1" 404 13317 "-" "Mozilla/5.0 AppleWebKit/537.36 (KHTML, like Gecko; compatible; GPTBot/1.2; +https://openai.com/gptbot)"
20.171.207.253 - - [17/Jul/2025:13:51:32 +0000] "GET /items/fashion/jackets/4763029/ HTTP/1.1" 404 13317 "-" "Mozilla/5.0 AppleWebKit/537.36 (KHTML, like Gecko; compatible; GPTBot/1.2; +https://openai.com/gptbot)"
20.171.207.253 - - [17/Jul/2025:13:51:33 +0000] "GET /items/outdoor/fishing/2375876/ HTTP/1.1" 404 13317 "-" "Mozilla/5.0 AppleWebKit/537.36 (KHTML, like Gecko; compatible; GPTBot/1.2; +https://openai.com/gptbot)"
20.171.207.253 - - [17/Jul/2025:13:51:34 +0000] "GET /items/audio/earphones/2736172/ HTTP/1.1" 404 13317 "-" "Mozilla/5.0 AppleWebKit/537.36 (KHTML, like Gecko; compatible; GPTBot/1.2; +https://openai.com/gptbot)"
20.171.207.253 - - [17/Jul/2025:13:51:35 +0000] "GET /items/handmade/living/5075982/ HTTP/1.1" 404 13317 "-" "Mozilla/5.0 AppleWebKit/537.36 (KHTML, like Gecko; compatible; GPTBot/1.2; +https://openai.com/gptbot)"
20.171.207.253 - - [17/Jul/2025:13:51:36 +0000] "GET /items/beauty/skincare/3848609/ HTTP/1.1" 404 13317 "-" "Mozilla/5.0 AppleWebKit/537.36 (KHTML, like Gecko; compatible; GPTBot/1.2; +https://openai.com/gptbot)"
20.171.207.253 - - [17/Jul/2025:13:51:38 +0000] "GET /items/fashion/jackets/3190680/ HTTP/1.1" 404 13317 "-" "Mozilla/5.0 AppleWebKit/537.36 (KHTML, like Gecko; compatible; GPTBot/1.2; +https://openai.com/gptbot)"
20.171.207.253 - - [17/Jul/2025:13:51:39 +0000] "GET /items/fashion/jackets/4739362/ HTTP/1.1" 404 13317 "-" "Mozilla/5.0 AppleWebKit/537.36 (KHTML, like Gecko; compatible; GPTBot/1.2; +https://openai.com/gptbot)"
20.171.207.253 - - [17/Jul/2025:13:51:40 +0000] "GET /items/fashion/jackets/5134523/ HTTP/1.1" 404 13317 "-" "Mozilla/5.0 AppleWebKit/537.36 (KHTML, like Gecko; compatible; GPTBot/1.2; +https://openai.com/gptbot)"
209.74.77.214 - - [17/Jul/2025:13:51:41 +0000] "POST /wp-cron.php?doing_wp_cron=1752760301.7765369415283203125000 HTTP/1.1" 200 - "-" "WordPress/6.8.2; https://akaventures.com.au"
20.171.207.253 - - [17/Jul/2025:13:51:41 +0000] "GET /items/beauty/skincare/2599571/ HTTP/1.1" 404 13317 "-" "Mozilla/5.0 AppleWebKit/537.36 (KHTML, like Gecko; compatible; GPTBot/1.2; +https://openai.com/gptbot)"
20.171.207.253 - - [17/Jul/2025:13:51:42 +0000] "GET /items/fashion/jackets/3376840/ HTTP/1.1" 404 13317 "-" "Mozilla/5.0 AppleWebKit/537.36 (KHTML, like Gecko; compatible; GPTBot/1.2; +https://openai.com/gptbot)"
20.171.207.253 - - [17/Jul/2025:13:51:43 +0000] "GET /items/fashion/jackets/2517185/ HTTP/1.1" 404 13317 "-" "Mozilla/5.0 AppleWebKit/537.36 (KHTML, like Gecko; compatible; GPTBot/1.2; +https://openai.com/gptbot)"
20.171.207.253 - - [17/Jul/2025:13:51:45 +0000] "GET /items/fashion/watches/2892470/ HTTP/1.1" 404 13317 "-" "Mozilla/5.0 AppleWebKit/537.36 (KHTML, like Gecko; compatible; GPTBot/1.2; +https://openai.com/gptbot)"
20.171.207.253 - - [17/Jul/2025:13:51:46 +0000] "GET /items/alcohol/whiskey/4057682/ HTTP/1.1" 404 13317 "-" "Mozilla/5.0 AppleWebKit/537.36 (KHTML, like Gecko; compatible; GPTBot/1.2; +https://openai.com/gptbot)"
20.171.207.253 - - [17/Jul/2025:13:51:47 +0000] "GET /items/fashion/jackets/2914125/ HTTP/1.1" 404 13317 "-" "Mozilla/5.0 AppleWebKit/537.36 (KHTML, like Gecko; compatible; GPTBot/1.2; +https://openai.com/gptbot)"
20.171.207.253 - - [17/Jul/2025:13:51:48 +0000] "GET /items/magazines/books/2907125/ HTTP/1.1" 404 13317 "-" "Mozilla/5.0 AppleWebKit/537.36 (KHTML, like Gecko; compatible; GPTBot/1.2; +https://openai.com/gptbot)"
20.171.207.253 - - [17/Jul/2025:13:51:49 +0000] "GET /items/books/magazines/4743186/ HTTP/1.1" 404 13316 "-" "Mozilla/5.0 AppleWebKit/537.36 (KHTML, like Gecko; compatible; GPTBot/1.2; +https://openai.com/gptbot)"
20.171.207.253 - - [17/Jul/2025:13:51:51 +0000] "GET /items/magazines/books/5362778/ HTTP/1.1" 404 13315 "-" "Mozilla/5.0 AppleWebKit/537.36 (KHTML, like Gecko; compatible; GPTBot/1.2; +https://openai.com/gptbot)"
20.171.207.253 - - [17/Jul/2025:13:51:52 +0000] "GET /items/books/languages/4856996/ HTTP/1.1" 404 13315 "-" "Mozilla/5.0 AppleWebKit/537.36 (KHTML, like Gecko; compatible; GPTBot/1.2; +https://openai.com/gptbot)"
66.249.68.3 - - [17/Jul/2025:13:51:53 +0000] "GET /?y=47542120031940&mod=adf8d7f8&uri=search.php?entity/3782716.shtm HTTP/1.1" 200 18951 "-" "Mozilla/5.0 (Linux; Android 6.0.1; Nexus 5X Build/MMB29P) AppleWebKit/537.36 (KHTML, like Gecko) Chrome/137.0.7151.103 Mobile Safari/537.36 (compatible; Googlebot/2.1; +http://www.google.com/bot.html)"
20.171.207.253 - - [17/Jul/2025:13:51:53 +0000] "GET /items/fashion/jackets/3260786/ HTTP/1.1" 404 13316 "-" "Mozilla/5.0 AppleWebKit/537.36 (KHTML, like Gecko; compatible; GPTBot/1.2; +https://openai.com/gptbot)"
20.171.207.253 - - [17/Jul/2025:13:51:54 +0000] "GET /items/alcohol/whiskey/1876235/ HTTP/1.1" 404 13316 "-" "Mozilla/5.0 AppleWebKit/537.36 (KHTML, like Gecko; compatible; GPTBot/1.2; +https://openai.com/gptbot)"
20.171.207.253 - - [17/Jul/2025:13:51:55 +0000] "GET /items/fashion/jackets/2517185/ HTTP/1.1" 404 13316 "-" "Mozilla/5.0 AppleWebKit/537.36 (KHTML, like Gecko; compatible; GPTBot/1.2; +https://openai.com/gptbot)"
20.171.207.253 - - [17/Jul/2025:13:51:57 +0000] "GET /items/fashion/jackets/4325081/ HTTP/1.1" 404 13316 "-" "Mozilla/5.0 AppleWebKit/537.36 (KHTML, like Gecko; compatible; GPTBot/1.2; +https://openai.com/gptbot)"
20.171.207.253 - - [17/Jul/2025:13:51:58 +0000] "GET /items/audio/earphones/5146801/ HTTP/1.1" 404 13316 "-" "Mozilla/5.0 AppleWebKit/537.36 (KHTML, like Gecko; compatible; GPTBot/1.2; +https://openai.com/gptbot)"
20.171.207.253 - - [17/Jul/2025:13:51:59 +0000] "GET /items/fashion/jackets/4255720/ HTTP/1.1" 404 13316 "-" "Mozilla/5.0 AppleWebKit/537.36 (KHTML, like Gecko; compatible; GPTBot/1.2; +https://openai.com/gptbot)"
20.171.207.253 - - [17/Jul/2025:13:52:00 +0000] "GET /items/magazines/books/4169531/ HTTP/1.1" 404 13317 "-" "Mozilla/5.0 AppleWebKit/537.36 (KHTML, like Gecko; compatible; GPTBot/1.2; +https://openai.com/gptbot)"
20.171.207.253 - - [17/Jul/2025:13:52:01 +0000] "GET /items/beauty/skincare/4632795/ HTTP/1.1" 404 13317 "-" "Mozilla/5.0 AppleWebKit/537.36 (KHTML, like Gecko; compatible; GPTBot/1.2; +https://openai.com/gptbot)"
209.74.77.214 - - [17/Jul/2025:13:52:03 +0000] "POST /wp-cron.php?doing_wp_cron=1752760323.1754720211029052734375 HTTP/1.1" 200 - "-" "WordPress/6.8.2; https://akaventures.com.au"
20.171.207.253 - - [17/Jul/2025:13:52:02 +0000] "GET /items/fashion/jackets/5182843/ HTTP/1.1" 404 13317 "-" "Mozilla/5.0 AppleWebKit/537.36 (KHTML, like Gecko; compatible; GPTBot/1.2; +https://openai.com/gptbot)"
20.171.207.253 - - [17/Jul/2025:13:52:04 +0000] "GET /items/beauty/skincare/5101287/ HTTP/1.1" 404 13317 "-" "Mozilla/5.0 AppleWebKit/537.36 (KHTML, like Gecko; compatible; GPTBot/1.2; +https://openai.com/gptbot)"
20.171.207.253 - - [17/Jul/2025:13:52:05 +0000] "GET /items/beauty/skincare/4596100/ HTTP/1.1" 404 13317 "-" "Mozilla/5.0 AppleWebKit/537.36 (KHTML, like Gecko; compatible; GPTBot/1.2; +https://openai.com/gptbot)"
20.171.207.253 - - [17/Jul/2025:13:52:06 +0000] "GET /items/fashion/jackets/3959134/ HTTP/1.1" 404 13317 "-" "Mozilla/5.0 AppleWebKit/537.36 (KHTML, like Gecko; compatible; GPTBot/1.2; +https://openai.com/gptbot)"
20.171.207.253 - - [17/Jul/2025:13:52:07 +0000] "GET /items/fashion/jackets/4194103/ HTTP/1.1" 404 13317 "-" "Mozilla/5.0 AppleWebKit/537.36 (KHTML, like Gecko; compatible; GPTBot/1.2; +https://openai.com/gptbot)"
20.171.207.253 - - [17/Jul/2025:13:52:08 +0000] "GET /items/fashion/jackets/3763650/ HTTP/1.1" 404 13317 "-" "Mozilla/5.0 AppleWebKit/537.36 (KHTML, like Gecko; compatible; GPTBot/1.2; +https://openai.com/gptbot)"
20.171.207.253 - - [17/Jul/2025:13:52:10 +0000] "GET /items/alcohol/whiskey/5524967/ HTTP/1.1" 404 13317 "-" "Mozilla/5.0 AppleWebKit/537.36 (KHTML, like Gecko; compatible; GPTBot/1.2; +https://openai.com/gptbot)"
20.171.207.253 - - [17/Jul/2025:13:52:11 +0000] "GET /items/fashion/jackets/4182346/ HTTP/1.1" 404 13317 "-" "Mozilla/5.0 AppleWebKit/537.36 (KHTML, like Gecko; compatible; GPTBot/1.2; +https://openai.com/gptbot)"
20.171.207.253 - - [17/Jul/2025:13:52:12 +0000] "GET /items/magazines/books/2548630/ HTTP/1.1" 404 13317 "-" "Mozilla/5.0 AppleWebKit/537.36 (KHTML, like Gecko; compatible; GPTBot/1.2; +https://openai.com/gptbot)"
20.171.207.253 - - [17/Jul/2025:13:52:13 +0000] "GET /items/fashion/jackets/5123677/ HTTP/1.1" 404 13317 "-" "Mozilla/5.0 AppleWebKit/537.36 (KHTML, like Gecko; compatible; GPTBot/1.2; +https://openai.com/gptbot)"
20.171.207.253 - - [17/Jul/2025:13:52:14 +0000] "GET /items/fashion/jackets/2183072/ HTTP/1.1" 404 13317 "-" "Mozilla/5.0 AppleWebKit/537.36 (KHTML, like Gecko; compatible; GPTBot/1.2; +https://openai.com/gptbot)"
20.171.207.253 - - [17/Jul/2025:13:52:15 +0000] "GET /items/beauty/skincare/3367865/ HTTP/1.1" 404 13317 "-" "Mozilla/5.0 AppleWebKit/537.36 (KHTML, like Gecko; compatible; GPTBot/1.2; +https://openai.com/gptbot)"
20.171.207.253 - - [17/Jul/2025:13:52:17 +0000] "GET /items/alcohol/whiskey/1756900/ HTTP/1.1" 404 13317 "-" "Mozilla/5.0 AppleWebKit/537.36 (KHTML, like Gecko; compatible; GPTBot/1.2; +https://openai.com/gptbot)"
20.171.207.253 - - [17/Jul/2025:13:52:18 +0000] "GET /items/food/vegetables/1865933/ HTTP/1.1" 404 13317 "-" "Mozilla/5.0 AppleWebKit/537.36 (KHTML, like Gecko; compatible; GPTBot/1.2; +https://openai.com/gptbot)"
20.171.207.253 - - [17/Jul/2025:13:52:19 +0000] "GET /items/fashion/jackets/2783634/ HTTP/1.1" 404 13317 "-" "Mozilla/5.0 AppleWebKit/537.36 (KHTML, like Gecko; compatible; GPTBot/1.2; +https://openai.com/gptbot)"
20.171.207.253 - - [17/Jul/2025:13:52:20 +0000] "GET /items/fashion/jackets/2251431/ HTTP/1.1" 404 13317 "-" "Mozilla/5.0 AppleWebKit/537.36 (KHTML, like Gecko; compatible; GPTBot/1.2; +https://openai.com/gptbot)"
20.171.207.253 - - [17/Jul/2025:13:52:21 +0000] "GET /items/alcohol/whiskey/3493827/ HTTP/1.1" 404 13317 "-" "Mozilla/5.0 AppleWebKit/537.36 (KHTML, like Gecko; compatible; GPTBot/1.2; +https://openai.com/gptbot)"
20.171.207.253 - - [17/Jul/2025:13:52:22 +0000] "GET /items/fashion/jackets/2110380/ HTTP/1.1" 404 13317 "-" "Mozilla/5.0 AppleWebKit/537.36 (KHTML, like Gecko; compatible; GPTBot/1.2; +https://openai.com/gptbot)"
20.171.207.253 - - [17/Jul/2025:13:52:24 +0000] "GET /items/audio/earphones/3369086/ HTTP/1.1" 404 13317 "-" "Mozilla/5.0 AppleWebKit/537.36 (KHTML, like Gecko; compatible; GPTBot/1.2; +https://openai.com/gptbot)"
20.171.207.253 - - [17/Jul/2025:13:52:25 +0000] "GET /items/fashion/jackets/1983397/ HTTP/1.1" 404 13317 "-" "Mozilla/5.0 AppleWebKit/537.36 (KHTML, like Gecko; compatible; GPTBot/1.2; +https://openai.com/gptbot)"
20.171.207.253 - - [17/Jul/2025:13:52:26 +0000] "GET /items/fashion/jackets/4051367/ HTTP/1.1" 404 13317 "-" "Mozilla/5.0 AppleWebKit/537.36 (KHTML, like Gecko; compatible; GPTBot/1.2; +https://openai.com/gptbot)"
20.171.207.253 - - [17/Jul/2025:13:52:27 +0000] "GET /items/alcohol/whiskey/2943566/ HTTP/1.1" 404 13317 "-" "Mozilla/5.0 AppleWebKit/537.36 (KHTML, like Gecko; compatible; GPTBot/1.2; +https://openai.com/gptbot)"
20.171.207.253 - - [17/Jul/2025:13:52:28 +0000] "GET /items/fashion/jackets/2899545/ HTTP/1.1" 404 13317 "-" "Mozilla/5.0 AppleWebKit/537.36 (KHTML, like Gecko; compatible; GPTBot/1.2; +https://openai.com/gptbot)"
20.171.207.253 - - [17/Jul/2025:13:52:30 +0000] "GET /items/outdoor/fishing/3206457/ HTTP/1.1" 404 13317 "-" "Mozilla/5.0 AppleWebKit/537.36 (KHTML, like Gecko; compatible; GPTBot/1.2; +https://openai.com/gptbot)"
20.171.207.253 - - [17/Jul/2025:13:52:31 +0000] "GET /items/beauty/skincare/2080571/ HTTP/1.1" 404 13317 "-" "Mozilla/5.0 AppleWebKit/537.36 (KHTML, like Gecko; compatible; GPTBot/1.2; +https://openai.com/gptbot)"
20.171.207.253 - - [17/Jul/2025:13:52:32 +0000] "GET /items/goods/character/1904359/ HTTP/1.1" 404 13317 "-" "Mozilla/5.0 AppleWebKit/537.36 (KHTML, like Gecko; compatible; GPTBot/1.2; +https://openai.com/gptbot)"
20.171.207.253 - - [17/Jul/2025:13:52:33 +0000] "GET /items/beauty/perfumes/2478350/ HTTP/1.1" 404 13317 "-" "Mozilla/5.0 AppleWebKit/537.36 (KHTML, like Gecko; compatible; GPTBot/1.2; +https://openai.com/gptbot)"
20.171.207.253 - - [17/Jul/2025:13:52:34 +0000] "GET /items/outdoor/fishing/2110467/ HTTP/1.1" 404 13317 "-" "Mozilla/5.0 AppleWebKit/537.36 (KHTML, like Gecko; compatible; GPTBot/1.2; +https://openai.com/gptbot)"
66.249.68.4 - - [17/Jul/2025:13:52:35 +0000] "GET /?y=47542120031940&mod=adf8d7f8&uri=search.php?entity/3782009.shtm HTTP/1.1" 200 18751 "-" "Mozilla/5.0 (Linux; Android 6.0.1; Nexus 5X Build/MMB29P) AppleWebKit/537.36 (KHTML, like Gecko) Chrome/137.0.7151.103 Mobile Safari/537.36 (compatible; Googlebot/2.1; +http://www.google.com/bot.html)"
20.171.207.253 - - [17/Jul/2025:13:52:35 +0000] "GET /items/magazines/books/2093654/ HTTP/1.1" 404 13317 "-" "Mozilla/5.0 AppleWebKit/537.36 (KHTML, like Gecko; compatible; GPTBot/1.2; +https://openai.com/gptbot)"
20.171.207.253 - - [17/Jul/2025:13:52:37 +0000] "GET /items/beauty/skincare/5204011/ HTTP/1.1" 404 13317 "-" "Mozilla/5.0 AppleWebKit/537.36 (KHTML, like Gecko; compatible; GPTBot/1.2; +https://openai.com/gptbot)"
20.171.207.253 - - [17/Jul/2025:13:52:38 +0000] "GET /items/fashion/jackets/1922355/ HTTP/1.1" 404 13317 "-" "Mozilla/5.0 AppleWebKit/537.36 (KHTML, like Gecko; compatible; GPTBot/1.2; +https://openai.com/gptbot)"
20.171.207.253 - - [17/Jul/2025:13:52:39 +0000] "GET /items/fashion/jackets/4580820/ HTTP/1.1" 404 13317 "-" "Mozilla/5.0 AppleWebKit/537.36 (KHTML, like Gecko; compatible; GPTBot/1.2; +https://openai.com/gptbot)"
20.171.207.253 - - [17/Jul/2025:13:52:40 +0000] "GET /items/alcohol/whiskey/4197552/ HTTP/1.1" 404 13317 "-" "Mozilla/5.0 AppleWebKit/537.36 (KHTML, like Gecko; compatible; GPTBot/1.2; +https://openai.com/gptbot)"
209.74.77.214 - - [17/Jul/2025:13:52:42 +0000] "POST /wp-cron.php?doing_wp_cron=1752760362.0879249572753906250000 HTTP/1.1" 200 - "-" "WordPress/6.8.2; https://akaventures.com.au"
20.171.207.253 - - [17/Jul/2025:13:52:41 +0000] "GET /items/fashion/jackets/5163001/ HTTP/1.1" 404 13317 "-" "Mozilla/5.0 AppleWebKit/537.36 (KHTML, like Gecko; compatible; GPTBot/1.2; +https://openai.com/gptbot)"
20.171.207.253 - - [17/Jul/2025:13:52:43 +0000] "GET /items/fashion/jackets/5291772/ HTTP/1.1" 404 13317 "-" "Mozilla/5.0 AppleWebKit/537.36 (KHTML, like Gecko; compatible; GPTBot/1.2; +https://openai.com/gptbot)"
20.171.207.253 - - [17/Jul/2025:13:52:44 +0000] "GET /items/fashion/jackets/3596194/ HTTP/1.1" 404 13317 "-" "Mozilla/5.0 AppleWebKit/537.36 (KHTML, like Gecko; compatible; GPTBot/1.2; +https://openai.com/gptbot)"
20.171.207.253 - - [17/Jul/2025:13:52:45 +0000] "GET /items/fashion/jackets/1780564/ HTTP/1.1" 404 13317 "-" "Mozilla/5.0 AppleWebKit/537.36 (KHTML, like Gecko; compatible; GPTBot/1.2; +https://openai.com/gptbot)"
20.171.207.253 - - [17/Jul/2025:13:52:46 +0000] "GET /items/beauty/skincare/2021187/ HTTP/1.1" 404 13317 "-" "Mozilla/5.0 AppleWebKit/537.36 (KHTML, like Gecko; compatible; GPTBot/1.2; +https://openai.com/gptbot)"
34.9.158.21 - - [17/Jul/2025:13:52:47 +0000] "GET / HTTP/1.1" 200 21884 "-" "Mozilla/5.0 (X11; Ubuntu; Linux x86_64; rv:21.0) Gecko/20130331 Firefox/21.0"
20.171.207.253 - - [17/Jul/2025:13:52:47 +0000] "GET /items/alcohol/whiskey/2297336/ HTTP/1.1" 404 13317 "-" "Mozilla/5.0 AppleWebKit/537.36 (KHTML, like Gecko; compatible; GPTBot/1.2; +https://openai.com/gptbot)"
20.171.207.253 - - [17/Jul/2025:13:52:48 +0000] "GET /items/books/magazines/2142389/ HTTP/1.1" 404 13317 "-" "Mozilla/5.0 AppleWebKit/537.36 (KHTML, like Gecko; compatible; GPTBot/1.2; +https://openai.com/gptbot)"
20.171.207.253 - - [17/Jul/2025:13:52:50 +0000] "GET /items/fashion/jackets/4057298/ HTTP/1.1" 404 13317 "-" "Mozilla/5.0 AppleWebKit/537.36 (KHTML, like Gecko; compatible; GPTBot/1.2; +https://openai.com/gptbot)"
20.171.207.253 - - [17/Jul/2025:13:52:51 +0000] "GET /items/fashion/jackets/3154387/ HTTP/1.1" 404 13317 "-" "Mozilla/5.0 AppleWebKit/537.36 (KHTML, like Gecko; compatible; GPTBot/1.2; +https://openai.com/gptbot)"
20.171.207.253 - - [17/Jul/2025:13:52:52 +0000] "GET /items/alcohol/whiskey/4859761/ HTTP/1.1" 404 13315 "-" "Mozilla/5.0 AppleWebKit/537.36 (KHTML, like Gecko; compatible; GPTBot/1.2; +https://openai.com/gptbot)"
20.171.207.253 - - [17/Jul/2025:13:52:53 +0000] "GET /items/fashion/jackets/5251830/ HTTP/1.1" 404 13317 "-" "Mozilla/5.0 AppleWebKit/537.36 (KHTML, like Gecko; compatible; GPTBot/1.2; +https://openai.com/gptbot)"
20.171.207.253 - - [17/Jul/2025:13:52:54 +0000] "GET /items/magazines/books/3410359/ HTTP/1.1" 404 13317 "-" "Mozilla/5.0 AppleWebKit/537.36 (KHTML, like Gecko; compatible; GPTBot/1.2; +https://openai.com/gptbot)"
20.171.207.253 - - [17/Jul/2025:13:52:56 +0000] "GET /items/outdoor/fishing/1748062/ HTTP/1.1" 404 13317 "-" "Mozilla/5.0 AppleWebKit/537.36 (KHTML, like Gecko; compatible; GPTBot/1.2; +https://openai.com/gptbot)"
20.171.207.253 - - [17/Jul/2025:13:52:57 +0000] "GET /items/magazines/books/2368470/ HTTP/1.1" 404 13317 "-" "Mozilla/5.0 AppleWebKit/537.36 (KHTML, like Gecko; compatible; GPTBot/1.2; +https://openai.com/gptbot)"
20.171.207.253 - - [17/Jul/2025:13:52:58 +0000] "GET /items/beauty/skincare/3556027/ HTTP/1.1" 404 13317 "-" "Mozilla/5.0 AppleWebKit/537.36 (KHTML, like Gecko; compatible; GPTBot/1.2; +https://openai.com/gptbot)"
20.171.207.253 - - [17/Jul/2025:13:52:59 +0000] "GET /items/magazines/books/4250795/ HTTP/1.1" 404 13317 "-" "Mozilla/5.0 AppleWebKit/537.36 (KHTML, like Gecko; compatible; GPTBot/1.2; +https://openai.com/gptbot)"
20.171.207.253 - - [17/Jul/2025:13:53:00 +0000] "GET /items/handmade/others/3265104/ HTTP/1.1" 404 13317 "-" "Mozilla/5.0 AppleWebKit/537.36 (KHTML, like Gecko; compatible; GPTBot/1.2; +https://openai.com/gptbot)"
209.74.77.214 - - [17/Jul/2025:13:53:02 +0000] "POST /wp-cron.php?doing_wp_cron=1752760382.1630790233612060546875 HTTP/1.1" 200 - "-" "WordPress/6.8.2; https://akaventures.com.au"
20.171.207.253 - - [17/Jul/2025:13:53:01 +0000] "GET /items/alcohol/whiskey/4791143/ HTTP/1.1" 404 13317 "-" "Mozilla/5.0 AppleWebKit/537.36 (KHTML, like Gecko; compatible; GPTBot/1.2; +https://openai.com/gptbot)"
20.171.207.253 - - [17/Jul/2025:13:53:03 +0000] "GET /items/computers/ipads/2315906/ HTTP/1.1" 404 13317 "-" "Mozilla/5.0 AppleWebKit/537.36 (KHTML, like Gecko; compatible; GPTBot/1.2; +https://openai.com/gptbot)"
20.171.207.253 - - [17/Jul/2025:13:53:04 +0000] "GET /items/alcohol/whiskey/2606169/ HTTP/1.1" 404 13317 "-" "Mozilla/5.0 AppleWebKit/537.36 (KHTML, like Gecko; compatible; GPTBot/1.2; +https://openai.com/gptbot)"
20.171.207.253 - - [17/Jul/2025:13:53:05 +0000] "GET /items/food/vegetables/2103895/ HTTP/1.1" 404 13317 "-" "Mozilla/5.0 AppleWebKit/537.36 (KHTML, like Gecko; compatible; GPTBot/1.2; +https://openai.com/gptbot)"
20.171.207.253 - - [17/Jul/2025:13:53:06 +0000] "GET /items/fashion/jackets/3158198/ HTTP/1.1" 404 13317 "-" "Mozilla/5.0 AppleWebKit/537.36 (KHTML, like Gecko; compatible; GPTBot/1.2; +https://openai.com/gptbot)"
20.171.207.253 - - [17/Jul/2025:13:53:07 +0000] "GET /items/fashion/jackets/2643552/ HTTP/1.1" 404 13317 "-" "Mozilla/5.0 AppleWebKit/537.36 (KHTML, like Gecko; compatible; GPTBot/1.2; +https://openai.com/gptbot)"
20.171.207.253 - - [17/Jul/2025:13:53:08 +0000] "GET /items/fashion/jackets/4023859/ HTTP/1.1" 404 13317 "-" "Mozilla/5.0 AppleWebKit/537.36 (KHTML, like Gecko; compatible; GPTBot/1.2; +https://openai.com/gptbot)"
20.171.207.253 - - [17/Jul/2025:13:53:10 +0000] "GET /items/audio/earphones/2182580/ HTTP/1.1" 404 13317 "-" "Mozilla/5.0 AppleWebKit/537.36 (KHTML, like Gecko; compatible; GPTBot/1.2; +https://openai.com/gptbot)"
20.171.207.253 - - [17/Jul/2025:13:53:11 +0000] "GET /items/magazines/books/4018072/ HTTP/1.1" 404 13317 "-" "Mozilla/5.0 AppleWebKit/537.36 (KHTML, like Gecko; compatible; GPTBot/1.2; +https://openai.com/gptbot)"
20.171.207.253 - - [17/Jul/2025:13:53:12 +0000] "GET /items/hobbies/cosplay/4492667/ HTTP/1.1" 404 13317 "-" "Mozilla/5.0 AppleWebKit/537.36 (KHTML, like Gecko; compatible; GPTBot/1.2; +https://openai.com/gptbot)"
20.171.207.253 - - [17/Jul/2025:13:53:13 +0000] "GET /items/outdoor/fishing/4239869/ HTTP/1.1" 404 13317 "-" "Mozilla/5.0 AppleWebKit/537.36 (KHTML, like Gecko; compatible; GPTBot/1.2; +https://openai.com/gptbot)"
20.171.207.253 - - [17/Jul/2025:13:53:14 +0000] "GET /items/sports/flamenco/2381255/ HTTP/1.1" 404 13317 "-" "Mozilla/5.0 AppleWebKit/537.36 (KHTML, like Gecko; compatible; GPTBot/1.2; +https://openai.com/gptbot)"
20.171.207.253 - - [17/Jul/2025:13:53:16 +0000] "GET /items/alcohol/whiskey/2340087/ HTTP/1.1" 404 13317 "-" "Mozilla/5.0 AppleWebKit/537.36 (KHTML, like Gecko; compatible; GPTBot/1.2; +https://openai.com/gptbot)"
20.171.207.253 - - [17/Jul/2025:13:53:17 +0000] "GET /items/fashion/jackets/3629482/ HTTP/1.1" 404 13317 "-" "Mozilla/5.0 AppleWebKit/537.36 (KHTML, like Gecko; compatible; GPTBot/1.2; +https://openai.com/gptbot)"
20.171.207.253 - - [17/Jul/2025:13:53:18 +0000] "GET /items/fashion/jackets/2924363/ HTTP/1.1" 404 13317 "-" "Mozilla/5.0 AppleWebKit/537.36 (KHTML, like Gecko; compatible; GPTBot/1.2; +https://openai.com/gptbot)"
20.171.207.253 - - [17/Jul/2025:13:53:19 +0000] "GET /items/magazines/books/3025683/ HTTP/1.1" 404 13317 "-" "Mozilla/5.0 AppleWebKit/537.36 (KHTML, like Gecko; compatible; GPTBot/1.2; +https://openai.com/gptbot)"
20.171.207.253 - - [17/Jul/2025:13:53:20 +0000] "GET /items/fashion/jackets/3255078/ HTTP/1.1" 404 13317 "-" "Mozilla/5.0 AppleWebKit/537.36 (KHTML, like Gecko; compatible; GPTBot/1.2; +https://openai.com/gptbot)"
20.171.207.253 - - [17/Jul/2025:13:53:21 +0000] "GET /items/audio/earphones/5086168/ HTTP/1.1" 404 13317 "-" "Mozilla/5.0 AppleWebKit/537.36 (KHTML, like Gecko; compatible; GPTBot/1.2; +https://openai.com/gptbot)"
20.171.207.253 - - [17/Jul/2025:13:53:23 +0000] "GET /items/beauty/skincare/2569182/ HTTP/1.1" 404 13317 "-" "Mozilla/5.0 AppleWebKit/537.36 (KHTML, like Gecko; compatible; GPTBot/1.2; +https://openai.com/gptbot)"
20.171.207.253 - - [17/Jul/2025:13:53:24 +0000] "GET /items/outdoor/fishing/5134695/ HTTP/1.1" 404 13317 "-" "Mozilla/5.0 AppleWebKit/537.36 (KHTML, like Gecko; compatible; GPTBot/1.2; +https://openai.com/gptbot)"
66.249.68.5 - - [17/Jul/2025:13:53:25 +0000] "GET /?y=47542120031940&mod=adf8d7f8&uri=search.php?entity/3740808.shtm HTTP/1.1" 200 19366 "-" "Mozilla/5.0 (Linux; Android 6.0.1; Nexus 5X Build/MMB29P) AppleWebKit/537.36 (KHTML, like Gecko) Chrome/137.0.7151.103 Mobile Safari/537.36 (compatible; Googlebot/2.1; +http://www.google.com/bot.html)"
20.171.207.253 - - [17/Jul/2025:13:53:25 +0000] "GET /items/magazines/books/2483791/ HTTP/1.1" 404 13317 "-" "Mozilla/5.0 AppleWebKit/537.36 (KHTML, like Gecko; compatible; GPTBot/1.2; +https://openai.com/gptbot)"
20.171.207.253 - - [17/Jul/2025:13:53:26 +0000] "GET /items/fashion/jackets/2119490/ HTTP/1.1" 404 13317 "-" "Mozilla/5.0 AppleWebKit/537.36 (KHTML, like Gecko; compatible; GPTBot/1.2; +https://openai.com/gptbot)"
20.171.207.253 - - [17/Jul/2025:13:53:27 +0000] "GET /items/fashion/jackets/1721898/ HTTP/1.1" 404 13317 "-" "Mozilla/5.0 AppleWebKit/537.36 (KHTML, like Gecko; compatible; GPTBot/1.2; +https://openai.com/gptbot)"
20.171.207.253 - - [17/Jul/2025:13:53:28 +0000] "GET /items/audio/earphones/2568963/ HTTP/1.1" 404 13317 "-" "Mozilla/5.0 AppleWebKit/537.36 (KHTML, like Gecko; compatible; GPTBot/1.2; +https://openai.com/gptbot)"
20.171.207.253 - - [17/Jul/2025:13:53:30 +0000] "GET /items/alcohol/whiskey/2653894/ HTTP/1.1" 404 13317 "-" "Mozilla/5.0 AppleWebKit/537.36 (KHTML, like Gecko; compatible; GPTBot/1.2; +https://openai.com/gptbot)"
20.171.207.253 - - [17/Jul/2025:13:53:31 +0000] "GET /items/fashion/jackets/3595679/ HTTP/1.1" 404 13317 "-" "Mozilla/5.0 AppleWebKit/537.36 (KHTML, like Gecko; compatible; GPTBot/1.2; +https://openai.com/gptbot)"
20.171.207.253 - - [17/Jul/2025:13:53:32 +0000] "GET /items/fashion/jackets/3449008/ HTTP/1.1" 404 13317 "-" "Mozilla/5.0 AppleWebKit/537.36 (KHTML, like Gecko; compatible; GPTBot/1.2; +https://openai.com/gptbot)"
20.171.207.253 - - [17/Jul/2025:13:53:33 +0000] "GET /items/decor/cupboards/5373898/ HTTP/1.1" 404 13317 "-" "Mozilla/5.0 AppleWebKit/537.36 (KHTML, like Gecko; compatible; GPTBot/1.2; +https://openai.com/gptbot)"
20.171.207.253 - - [17/Jul/2025:13:53:35 +0000] "GET /items/alcohol/whiskey/4504841/ HTTP/1.1" 404 13317 "-" "Mozilla/5.0 AppleWebKit/537.36 (KHTML, like Gecko; compatible; GPTBot/1.2; +https://openai.com/gptbot)"
20.171.207.253 - - [17/Jul/2025:13:53:36 +0000] "GET /items/alcohol/whiskey/1628082/ HTTP/1.1" 404 13317 "-" "Mozilla/5.0 AppleWebKit/537.36 (KHTML, like Gecko; compatible; GPTBot/1.2; +https://openai.com/gptbot)"
20.171.207.253 - - [17/Jul/2025:13:53:37 +0000] "GET /items/goods/character/4572496/ HTTP/1.1" 404 13317 "-" "Mozilla/5.0 AppleWebKit/537.36 (KHTML, like Gecko; compatible; GPTBot/1.2; +https://openai.com/gptbot)"
20.171.207.253 - - [17/Jul/2025:13:53:38 +0000] "GET /items/fashion/jackets/5173902/ HTTP/1.1" 404 13317 "-" "Mozilla/5.0 AppleWebKit/537.36 (KHTML, like Gecko; compatible; GPTBot/1.2; +https://openai.com/gptbot)"
20.171.207.253 - - [17/Jul/2025:13:53:39 +0000] "GET /items/fashion/jackets/3684204/ HTTP/1.1" 404 13317 "-" "Mozilla/5.0 AppleWebKit/537.36 (KHTML, like Gecko; compatible; GPTBot/1.2; +https://openai.com/gptbot)"
20.171.207.253 - - [17/Jul/2025:13:53:40 +0000] "GET /items/fashion/jackets/4176679/ HTTP/1.1" 404 13317 "-" "Mozilla/5.0 AppleWebKit/537.36 (KHTML, like Gecko; compatible; GPTBot/1.2; +https://openai.com/gptbot)"
209.74.77.214 - - [17/Jul/2025:13:53:42 +0000] "POST /wp-cron.php?doing_wp_cron=1752760422.1884260177612304687500 HTTP/1.1" 200 - "-" "WordPress/6.8.2; https://akaventures.com.au"
20.171.207.253 - - [17/Jul/2025:13:53:41 +0000] "GET /items/audio/earphones/4768451/ HTTP/1.1" 404 13317 "-" "Mozilla/5.0 AppleWebKit/537.36 (KHTML, like Gecko; compatible; GPTBot/1.2; +https://openai.com/gptbot)"
20.171.207.253 - - [17/Jul/2025:13:53:43 +0000] "GET /items/computers/ipads/3389601/ HTTP/1.1" 404 13317 "-" "Mozilla/5.0 AppleWebKit/537.36 (KHTML, like Gecko; compatible; GPTBot/1.2; +https://openai.com/gptbot)"
20.171.207.253 - - [17/Jul/2025:13:53:44 +0000] "GET /items/goods/character/1684195/ HTTP/1.1" 404 13317 "-" "Mozilla/5.0 AppleWebKit/537.36 (KHTML, like Gecko; compatible; GPTBot/1.2; +https://openai.com/gptbot)"
20.171.207.253 - - [17/Jul/2025:13:53:45 +0000] "GET /items/fashion/jackets/4689757/ HTTP/1.1" 404 13317 "-" "Mozilla/5.0 AppleWebKit/537.36 (KHTML, like Gecko; compatible; GPTBot/1.2; +https://openai.com/gptbot)"
20.171.207.253 - - [17/Jul/2025:13:53:46 +0000] "GET /items/fashion/jackets/2378609/ HTTP/1.1" 404 13317 "-" "Mozilla/5.0 AppleWebKit/537.36 (KHTML, like Gecko; compatible; GPTBot/1.2; +https://openai.com/gptbot)"
20.171.207.253 - - [17/Jul/2025:13:53:47 +0000] "GET /items/fashion/jackets/4917307/ HTTP/1.1" 404 13317 "-" "Mozilla/5.0 AppleWebKit/537.36 (KHTML, like Gecko; compatible; GPTBot/1.2; +https://openai.com/gptbot)"
20.171.207.253 - - [17/Jul/2025:13:53:49 +0000] "GET /items/fashion/jackets/5407742/ HTTP/1.1" 404 13317 "-" "Mozilla/5.0 AppleWebKit/537.36 (KHTML, like Gecko; compatible; GPTBot/1.2; +https://openai.com/gptbot)"
20.171.207.253 - - [17/Jul/2025:13:53:50 +0000] "GET /items/fashion/jackets/2316170/ HTTP/1.1" 404 13317 "-" "Mozilla/5.0 AppleWebKit/537.36 (KHTML, like Gecko; compatible; GPTBot/1.2; +https://openai.com/gptbot)"
20.171.207.253 - - [17/Jul/2025:13:53:51 +0000] "GET /items/fashion/jackets/2830011/ HTTP/1.1" 404 13317 "-" "Mozilla/5.0 AppleWebKit/537.36 (KHTML, like Gecko; compatible; GPTBot/1.2; +https://openai.com/gptbot)"
20.171.207.253 - - [17/Jul/2025:13:53:52 +0000] "GET /items/fashion/jackets/5148773/ HTTP/1.1" 404 13317 "-" "Mozilla/5.0 AppleWebKit/537.36 (KHTML, like Gecko; compatible; GPTBot/1.2; +https://openai.com/gptbot)"
20.171.207.253 - - [17/Jul/2025:13:53:53 +0000] "GET /items/alcohol/whiskey/3858610/ HTTP/1.1" 404 13317 "-" "Mozilla/5.0 AppleWebKit/537.36 (KHTML, like Gecko; compatible; GPTBot/1.2; +https://openai.com/gptbot)"
20.171.207.253 - - [17/Jul/2025:13:53:54 +0000] "GET /items/beauty/skincare/5477042/ HTTP/1.1" 404 13317 "-" "Mozilla/5.0 AppleWebKit/537.36 (KHTML, like Gecko; compatible; GPTBot/1.2; +https://openai.com/gptbot)"
20.171.207.253 - - [17/Jul/2025:13:53:56 +0000] "GET /items/beauty/skincare/2650909/ HTTP/1.1" 404 13317 "-" "Mozilla/5.0 AppleWebKit/537.36 (KHTML, like Gecko; compatible; GPTBot/1.2; +https://openai.com/gptbot)"
20.171.207.253 - - [17/Jul/2025:13:53:57 +0000] "GET /items/magazines/books/3742185/ HTTP/1.1" 404 13317 "-" "Mozilla/5.0 AppleWebKit/537.36 (KHTML, like Gecko; compatible; GPTBot/1.2; +https://openai.com/gptbot)"
20.171.207.253 - - [17/Jul/2025:13:53:58 +0000] "GET /items/fashion/watches/4913547/ HTTP/1.1" 404 13317 "-" "Mozilla/5.0 AppleWebKit/537.36 (KHTML, like Gecko; compatible; GPTBot/1.2; +https://openai.com/gptbot)"
20.171.207.253 - - [17/Jul/2025:13:53:59 +0000] "GET /items/alcohol/whiskey/3754723/ HTTP/1.1" 404 13317 "-" "Mozilla/5.0 AppleWebKit/537.36 (KHTML, like Gecko; compatible; GPTBot/1.2; +https://openai.com/gptbot)"
20.171.207.253 - - [17/Jul/2025:13:54:00 +0000] "GET /items/magazines/books/1872931/ HTTP/1.1" 404 13317 "-" "Mozilla/5.0 AppleWebKit/537.36 (KHTML, like Gecko; compatible; GPTBot/1.2; +https://openai.com/gptbot)"
66.249.68.3 - - [17/Jul/2025:13:54:00 +0000] "GET /?y=47542120031940&mod=adf8d7f8&uri=search.php?entity/3768576.shtm HTTP/1.1" 200 18773 "-" "Mozilla/5.0 (Linux; Android 6.0.1; Nexus 5X Build/MMB29P) AppleWebKit/537.36 (KHTML, like Gecko) Chrome/137.0.7151.103 Mobile Safari/537.36 (compatible; Googlebot/2.1; +http://www.google.com/bot.html)"
209.74.77.214 - - [17/Jul/2025:13:54:02 +0000] "POST /wp-cron.php?doing_wp_cron=1752760442.2031600475311279296875 HTTP/1.1" 200 - "-" "WordPress/6.8.2; https://akaventures.com.au"
20.171.207.253 - - [17/Jul/2025:13:54:02 +0000] "GET /items/alcohol/whiskey/4078656/ HTTP/1.1" 404 13317 "-" "Mozilla/5.0 AppleWebKit/537.36 (KHTML, like Gecko; compatible; GPTBot/1.2; +https://openai.com/gptbot)"
20.171.207.253 - - [17/Jul/2025:13:54:03 +0000] "GET /items/fashion/jackets/1804839/ HTTP/1.1" 404 13317 "-" "Mozilla/5.0 AppleWebKit/537.36 (KHTML, like Gecko; compatible; GPTBot/1.2; +https://openai.com/gptbot)"
66.249.68.5 - - [17/Jul/2025:13:54:03 +0000] "POST /get-message-notify HTTP/1.1" 200 18285 "https://akaventures.com.au/?y=47542120031940&mod=adf8d7f8&uri=search.php?entity/3768576.shtm" "Mozilla/5.0 (Linux; Android 6.0.1; Nexus 5X Build/MMB29P) AppleWebKit/537.36 (KHTML, like Gecko) Chrome/137.0.7151.119 Mobile Safari/537.36 (compatible; Googlebot/2.1; +http://www.google.com/bot.html)"
20.171.207.253 - - [17/Jul/2025:13:54:04 +0000] "GET /items/fashion/jackets/4382566/ HTTP/1.1" 404 13317 "-" "Mozilla/5.0 AppleWebKit/537.36 (KHTML, like Gecko; compatible; GPTBot/1.2; +https://openai.com/gptbot)"
20.171.207.253 - - [17/Jul/2025:13:54:05 +0000] "GET /items/fashion/jackets/5213418/ HTTP/1.1" 404 13317 "-" "Mozilla/5.0 AppleWebKit/537.36 (KHTML, like Gecko; compatible; GPTBot/1.2; +https://openai.com/gptbot)"
20.171.207.253 - - [17/Jul/2025:13:54:06 +0000] "GET /items/outdoor/fishing/1697813/ HTTP/1.1" 404 13317 "-" "Mozilla/5.0 AppleWebKit/537.36 (KHTML, like Gecko; compatible; GPTBot/1.2; +https://openai.com/gptbot)"
20.171.207.253 - - [17/Jul/2025:13:54:07 +0000] "GET /items/audio/earphones/5096334/ HTTP/1.1" 404 13317 "-" "Mozilla/5.0 AppleWebKit/537.36 (KHTML, like Gecko; compatible; GPTBot/1.2; +https://openai.com/gptbot)"
20.171.207.253 - - [17/Jul/2025:13:54:09 +0000] "GET /items/audio/earphones/2952530/ HTTP/1.1" 404 13317 "-" "Mozilla/5.0 AppleWebKit/537.36 (KHTML, like Gecko; compatible; GPTBot/1.2; +https://openai.com/gptbot)"
20.171.207.253 - - [17/Jul/2025:13:54:10 +0000] "GET /items/fashion/jackets/4938165/ HTTP/1.1" 404 13317 "-" "Mozilla/5.0 AppleWebKit/537.36 (KHTML, like Gecko; compatible; GPTBot/1.2; +https://openai.com/gptbot)"
20.171.207.253 - - [17/Jul/2025:13:54:11 +0000] "GET /items/audio/earphones/3246543/ HTTP/1.1" 404 13317 "-" "Mozilla/5.0 AppleWebKit/537.36 (KHTML, like Gecko; compatible; GPTBot/1.2; +https://openai.com/gptbot)"
20.171.207.253 - - [17/Jul/2025:13:54:12 +0000] "GET /items/outdoor/fishing/4186509/ HTTP/1.1" 404 13317 "-" "Mozilla/5.0 AppleWebKit/537.36 (KHTML, like Gecko; compatible; GPTBot/1.2; +https://openai.com/gptbot)"
20.171.207.253 - - [17/Jul/2025:13:54:13 +0000] "GET /items/outdoor/fishing/2458014/ HTTP/1.1" 404 13317 "-" "Mozilla/5.0 AppleWebKit/537.36 (KHTML, like Gecko; compatible; GPTBot/1.2; +https://openai.com/gptbot)"
20.171.207.253 - - [17/Jul/2025:13:54:14 +0000] "GET /items/audio/earphones/4125480/ HTTP/1.1" 404 13317 "-" "Mozilla/5.0 AppleWebKit/537.36 (KHTML, like Gecko; compatible; GPTBot/1.2; +https://openai.com/gptbot)"
20.171.207.253 - - [17/Jul/2025:13:54:15 +0000] "GET /items/fashion/jackets/4549278/ HTTP/1.1" 404 13317 "-" "Mozilla/5.0 AppleWebKit/537.36 (KHTML, like Gecko; compatible; GPTBot/1.2; +https://openai.com/gptbot)"
20.171.207.253 - - [17/Jul/2025:13:54:17 +0000] "GET /items/fashion/jackets/3314955/ HTTP/1.1" 404 13317 "-" "Mozilla/5.0 AppleWebKit/537.36 (KHTML, like Gecko; compatible; GPTBot/1.2; +https://openai.com/gptbot)"
20.171.207.253 - - [17/Jul/2025:13:54:18 +0000] "GET /items/audio/earphones/4587174/ HTTP/1.1" 404 13317 "-" "Mozilla/5.0 AppleWebKit/537.36 (KHTML, like Gecko; compatible; GPTBot/1.2; +https://openai.com/gptbot)"
20.171.207.253 - - [17/Jul/2025:13:54:19 +0000] "GET /items/fashion/jackets/2630921/ HTTP/1.1" 404 13317 "-" "Mozilla/5.0 AppleWebKit/537.36 (KHTML, like Gecko; compatible; GPTBot/1.2; +https://openai.com/gptbot)"
20.171.207.253 - - [17/Jul/2025:13:54:20 +0000] "GET /items/outdoor/fishing/2503615/ HTTP/1.1" 404 13317 "-" "Mozilla/5.0 AppleWebKit/537.36 (KHTML, like Gecko; compatible; GPTBot/1.2; +https://openai.com/gptbot)"
20.171.207.253 - - [17/Jul/2025:13:54:22 +0000] "GET /items/books/magazines/4235906/ HTTP/1.1" 404 13317 "-" "Mozilla/5.0 AppleWebKit/537.36 (KHTML, like Gecko; compatible; GPTBot/1.2; +https://openai.com/gptbot)"
20.171.207.253 - - [17/Jul/2025:13:54:23 +0000] "GET /items/furniture/racks/3127802/ HTTP/1.1" 404 13317 "-" "Mozilla/5.0 AppleWebKit/537.36 (KHTML, like Gecko; compatible; GPTBot/1.2; +https://openai.com/gptbot)"
20.171.207.253 - - [17/Jul/2025:13:54:24 +0000] "GET /items/handmade/prints/4926583/ HTTP/1.1" 404 13317 "-" "Mozilla/5.0 AppleWebKit/537.36 (KHTML, like Gecko; compatible; GPTBot/1.2; +https://openai.com/gptbot)"
20.171.207.253 - - [17/Jul/2025:13:54:25 +0000] "GET /items/outdoor/fishing/3089437/ HTTP/1.1" 404 13317 "-" "Mozilla/5.0 AppleWebKit/537.36 (KHTML, like Gecko; compatible; GPTBot/1.2; +https://openai.com/gptbot)"
20.171.207.253 - - [17/Jul/2025:13:54:26 +0000] "GET /items/alcohol/whiskey/3587827/ HTTP/1.1" 404 13317 "-" "Mozilla/5.0 AppleWebKit/537.36 (KHTML, like Gecko; compatible; GPTBot/1.2; +https://openai.com/gptbot)"
20.171.207.253 - - [17/Jul/2025:13:54:27 +0000] "GET /items/alcohol/whiskey/1843605/ HTTP/1.1" 404 13317 "-" "Mozilla/5.0 AppleWebKit/537.36 (KHTML, like Gecko; compatible; GPTBot/1.2; +https://openai.com/gptbot)"
20.171.207.253 - - [17/Jul/2025:13:54:29 +0000] "GET /items/alcohol/whiskey/1938752/ HTTP/1.1" 404 13317 "-" "Mozilla/5.0 AppleWebKit/537.36 (KHTML, like Gecko; compatible; GPTBot/1.2; +https://openai.com/gptbot)"
20.171.207.253 - - [17/Jul/2025:13:54:30 +0000] "GET /items/decor/ornaments/3462957/ HTTP/1.1" 404 13317 "-" "Mozilla/5.0 AppleWebKit/537.36 (KHTML, like Gecko; compatible; GPTBot/1.2; +https://openai.com/gptbot)"
20.171.207.253 - - [17/Jul/2025:13:54:31 +0000] "GET /items/magazines/books/5238177/ HTTP/1.1" 404 13317 "-" "Mozilla/5.0 AppleWebKit/537.36 (KHTML, like Gecko; compatible; GPTBot/1.2; +https://openai.com/gptbot)"
20.171.207.253 - - [17/Jul/2025:13:54:32 +0000] "GET /items/books/practical/1743757/ HTTP/1.1" 404 13317 "-" "Mozilla/5.0 AppleWebKit/537.36 (KHTML, like Gecko; compatible; GPTBot/1.2; +https://openai.com/gptbot)"
20.171.207.253 - - [17/Jul/2025:13:54:33 +0000] "GET /items/outdoor/fishing/2608452/ HTTP/1.1" 404 13317 "-" "Mozilla/5.0 AppleWebKit/537.36 (KHTML, like Gecko; compatible; GPTBot/1.2; +https://openai.com/gptbot)"
20.171.207.253 - - [17/Jul/2025:13:54:34 +0000] "GET /items/alcohol/whiskey/3950032/ HTTP/1.1" 404 13317 "-" "Mozilla/5.0 AppleWebKit/537.36 (KHTML, like Gecko; compatible; GPTBot/1.2; +https://openai.com/gptbot)"
20.171.207.253 - - [17/Jul/2025:13:54:36 +0000] "GET /items/audio/earphones/4753549/ HTTP/1.1" 404 13317 "-" "Mozilla/5.0 AppleWebKit/537.36 (KHTML, like Gecko; compatible; GPTBot/1.2; +https://openai.com/gptbot)"
20.171.207.253 - - [17/Jul/2025:13:54:37 +0000] "GET /items/fashion/jackets/4841063/ HTTP/1.1" 404 13317 "-" "Mozilla/5.0 AppleWebKit/537.36 (KHTML, like Gecko; compatible; GPTBot/1.2; +https://openai.com/gptbot)"
20.171.207.253 - - [17/Jul/2025:13:54:38 +0000] "GET /items/fashion/jackets/2945110/ HTTP/1.1" 404 13317 "-" "Mozilla/5.0 AppleWebKit/537.36 (KHTML, like Gecko; compatible; GPTBot/1.2; +https://openai.com/gptbot)"
20.171.207.253 - - [17/Jul/2025:13:54:39 +0000] "GET /items/alcohol/powders/3493784/ HTTP/1.1" 404 13317 "-" "Mozilla/5.0 AppleWebKit/537.36 (KHTML, like Gecko; compatible; GPTBot/1.2; +https://openai.com/gptbot)"
209.74.77.214 - - [17/Jul/2025:13:54:41 +0000] "POST /wp-cron.php?doing_wp_cron=1752760481.2187519073486328125000 HTTP/1.1" 200 - "-" "WordPress/6.8.2; https://akaventures.com.au"
20.171.207.253 - - [17/Jul/2025:13:54:41 +0000] "GET /items/alcohol/whiskey/4842123/ HTTP/1.1" 404 13317 "-" "Mozilla/5.0 AppleWebKit/537.36 (KHTML, like Gecko; compatible; GPTBot/1.2; +https://openai.com/gptbot)"
20.171.207.253 - - [17/Jul/2025:13:54:42 +0000] "GET /items/hobbies/cosplay/3179093/ HTTP/1.1" 404 13317 "-" "Mozilla/5.0 AppleWebKit/537.36 (KHTML, like Gecko; compatible; GPTBot/1.2; +https://openai.com/gptbot)"
20.171.207.253 - - [17/Jul/2025:13:54:43 +0000] "GET /items/hobbies/cosplay/3759872/ HTTP/1.1" 404 13317 "-" "Mozilla/5.0 AppleWebKit/537.36 (KHTML, like Gecko; compatible; GPTBot/1.2; +https://openai.com/gptbot)"
20.171.207.253 - - [17/Jul/2025:13:54:44 +0000] "GET /items/fashion/jackets/4485082/ HTTP/1.1" 404 13317 "-" "Mozilla/5.0 AppleWebKit/537.36 (KHTML, like Gecko; compatible; GPTBot/1.2; +https://openai.com/gptbot)"
20.171.207.253 - - [17/Jul/2025:13:54:45 +0000] "GET /items/outdoor/fishing/4715267/ HTTP/1.1" 404 13317 "-" "Mozilla/5.0 AppleWebKit/537.36 (KHTML, like Gecko; compatible; GPTBot/1.2; +https://openai.com/gptbot)"
