66.249.74.130 - - [17/Jul/2025:12:48:49 +0000] "GET /?y=17745176071940&mod=c25196c4&uri=goods.php?entity/2369692.shtm HTTP/1.1" 200 19207 "-" "Mozilla/5.0 (Linux; Android 6.0.1; Nexus 5X Build/MMB29P) AppleWebKit/537.36 (KHTML, like Gecko) Chrome/137.0.7151.103 Mobile Safari/537.36 (compatible; Googlebot/2.1; +http://www.google.com/bot.html)"
20.171.207.253 - - [17/Jul/2025:12:48:49 +0000] "GET /items/health/corrective-supplies/2814364/ HTTP/1.1" 404 13317 "-" "Mozilla/5.0 AppleWebKit/537.36 (KHTML, like Gecko; compatible; GPTBot/1.2; +https://openai.com/gptbot)"
20.171.207.253 - - [17/Jul/2025:12:48:50 +0000] "GET /items/air-conditioning/telephones/4238635/ HTTP/1.1" 404 13316 "-" "Mozilla/5.0 AppleWebKit/537.36 (KHTML, like Gecko; compatible; GPTBot/1.2; +https://openai.com/gptbot)"
20.171.207.253 - - [17/Jul/2025:12:48:52 +0000] "GET /items/smartphones/pc-peripherals/3088236/ HTTP/1.1" 404 13316 "-" "Mozilla/5.0 AppleWebKit/537.36 (KHTML, like Gecko; compatible; GPTBot/1.2; +https://openai.com/gptbot)"
20.171.207.253 - - [17/Jul/2025:12:48:53 +0000] "GET /items/cosmetics/beauty-appliances/2563737/ HTTP/1.1" 404 13317 "-" "Mozilla/5.0 AppleWebKit/537.36 (KHTML, like Gecko; compatible; GPTBot/1.2; +https://openai.com/gptbot)"
20.171.207.253 - - [17/Jul/2025:12:48:54 +0000] "GET /items/air-conditioning/appliances/2036679/ HTTP/1.1" 404 13317 "-" "Mozilla/5.0 AppleWebKit/537.36 (KHTML, like Gecko; compatible; GPTBot/1.2; +https://openai.com/gptbot)"
20.171.207.253 - - [17/Jul/2025:12:48:55 +0000] "GET /items/gardening/other-houseplants/3188488/ HTTP/1.1" 404 13317 "-" "Mozilla/5.0 AppleWebKit/537.36 (KHTML, like Gecko; compatible; GPTBot/1.2; +https://openai.com/gptbot)"
20.171.207.253 - - [17/Jul/2025:12:48:56 +0000] "GET /items/cosmetics/beauty-appliances/4467036/ HTTP/1.1" 404 13317 "-" "Mozilla/5.0 AppleWebKit/537.36 (KHTML, like Gecko; compatible; GPTBot/1.2; +https://openai.com/gptbot)"
20.171.207.253 - - [17/Jul/2025:12:48:57 +0000] "GET /items/air-conditioning/appliances/4422956/ HTTP/1.1" 404 13317 "-" "Mozilla/5.0 AppleWebKit/537.36 (KHTML, like Gecko; compatible; GPTBot/1.2; +https://openai.com/gptbot)"
20.171.207.253 - - [17/Jul/2025:12:48:59 +0000] "GET /items/smartphones/pc-peripherals/5409370/ HTTP/1.1" 404 13317 "-" "Mozilla/5.0 AppleWebKit/537.36 (KHTML, like Gecko; compatible; GPTBot/1.2; +https://openai.com/gptbot)"
20.171.207.253 - - [17/Jul/2025:12:49:00 +0000] "GET /items/diy/construction-materials/4645002/ HTTP/1.1" 404 13317 "-" "Mozilla/5.0 AppleWebKit/537.36 (KHTML, like Gecko; compatible; GPTBot/1.2; +https://openai.com/gptbot)"
20.171.207.253 - - [17/Jul/2025:12:49:01 +0000] "GET /items/daily-necessities/tableware/4370554/ HTTP/1.1" 404 13317 "-" "Mozilla/5.0 AppleWebKit/537.36 (KHTML, like Gecko; compatible; GPTBot/1.2; +https://openai.com/gptbot)"
209.74.77.214 - - [17/Jul/2025:12:49:02 +0000] "POST /wp-cron.php?doing_wp_cron=1752756542.8543350696563720703125 HTTP/1.1" 200 - "-" "WordPress/6.8.2; https://akaventures.com.au"
20.171.207.253 - - [17/Jul/2025:12:49:02 +0000] "GET /items/gardening/other-succulents/4407678/ HTTP/1.1" 404 13317 "-" "Mozilla/5.0 AppleWebKit/537.36 (KHTML, like Gecko; compatible; GPTBot/1.2; +https://openai.com/gptbot)"
20.171.207.253 - - [17/Jul/2025:12:49:03 +0000] "GET /items/tools/distance-measurement/4631184/ HTTP/1.1" 404 13316 "-" "Mozilla/5.0 AppleWebKit/537.36 (KHTML, like Gecko; compatible; GPTBot/1.2; +https://openai.com/gptbot)"
20.171.207.253 - - [17/Jul/2025:12:49:05 +0000] "GET /items/musical-instruments/antique/1887690/ HTTP/1.1" 404 13317 "-" "Mozilla/5.0 AppleWebKit/537.36 (KHTML, like Gecko; compatible; GPTBot/1.2; +https://openai.com/gptbot)"
20.171.207.253 - - [17/Jul/2025:12:49:06 +0000] "GET /items/smartphones/pc-peripherals/3208449/ HTTP/1.1" 404 13317 "-" "Mozilla/5.0 AppleWebKit/537.36 (KHTML, like Gecko; compatible; GPTBot/1.2; +https://openai.com/gptbot)"
20.171.207.253 - - [17/Jul/2025:12:49:07 +0000] "GET /items/air-conditioning/clothes-dryers/2431152/ HTTP/1.1" 404 13317 "-" "Mozilla/5.0 AppleWebKit/537.36 (KHTML, like Gecko; compatible; GPTBot/1.2; +https://openai.com/gptbot)"
20.171.207.253 - - [17/Jul/2025:12:49:08 +0000] "GET /items/musical-instruments/others/4817248/ HTTP/1.1" 404 13317 "-" "Mozilla/5.0 AppleWebKit/537.36 (KHTML, like Gecko; compatible; GPTBot/1.2; +https://openai.com/gptbot)"
20.171.207.253 - - [17/Jul/2025:12:49:09 +0000] "GET /items/musical-instruments/others/4266588/ HTTP/1.1" 404 13317 "-" "Mozilla/5.0 AppleWebKit/537.36 (KHTML, like Gecko; compatible; GPTBot/1.2; +https://openai.com/gptbot)"
20.171.207.253 - - [17/Jul/2025:12:49:10 +0000] "GET /items/air-conditioning/appliances/2316011/ HTTP/1.1" 404 13316 "-" "Mozilla/5.0 AppleWebKit/537.36 (KHTML, like Gecko; compatible; GPTBot/1.2; +https://openai.com/gptbot)"
20.171.207.253 - - [17/Jul/2025:12:49:12 +0000] "GET /items/cars/clothing/4380212/ HTTP/1.1" 404 13316 "-" "Mozilla/5.0 AppleWebKit/537.36 (KHTML, like Gecko; compatible; GPTBot/1.2; +https://openai.com/gptbot)"
20.171.207.253 - - [17/Jul/2025:12:49:13 +0000] "GET /items/cars/clothing/3051349/ HTTP/1.1" 404 13317 "-" "Mozilla/5.0 AppleWebKit/537.36 (KHTML, like Gecko; compatible; GPTBot/1.2; +https://openai.com/gptbot)"
20.171.207.253 - - [17/Jul/2025:12:49:14 +0000] "GET /items/cars/clothing/5430681/ HTTP/1.1" 404 13317 "-" "Mozilla/5.0 AppleWebKit/537.36 (KHTML, like Gecko; compatible; GPTBot/1.2; +https://openai.com/gptbot)"
20.171.207.253 - - [17/Jul/2025:12:49:15 +0000] "GET /items/cars/clothing/2348080/ HTTP/1.1" 404 13317 "-" "Mozilla/5.0 AppleWebKit/537.36 (KHTML, like Gecko; compatible; GPTBot/1.2; +https://openai.com/gptbot)"
20.171.207.253 - - [17/Jul/2025:12:49:16 +0000] "GET /items/cars/clothing/4827591/ HTTP/1.1" 404 13316 "-" "Mozilla/5.0 AppleWebKit/537.36 (KHTML, like Gecko; compatible; GPTBot/1.2; +https://openai.com/gptbot)"
20.171.207.253 - - [17/Jul/2025:12:49:17 +0000] "GET /items/cars/clothing/4024694/ HTTP/1.1" 404 13317 "-" "Mozilla/5.0 AppleWebKit/537.36 (KHTML, like Gecko; compatible; GPTBot/1.2; +https://openai.com/gptbot)"
20.171.207.253 - - [17/Jul/2025:12:49:19 +0000] "GET /items/sports/surfing/4962075/ HTTP/1.1" 404 13316 "-" "Mozilla/5.0 AppleWebKit/537.36 (KHTML, like Gecko; compatible; GPTBot/1.2; +https://openai.com/gptbot)"
20.171.207.253 - - [17/Jul/2025:12:49:20 +0000] "GET /items/cars/clothing/4303868/ HTTP/1.1" 404 13317 "-" "Mozilla/5.0 AppleWebKit/537.36 (KHTML, like Gecko; compatible; GPTBot/1.2; +https://openai.com/gptbot)"
20.171.207.253 - - [17/Jul/2025:12:49:21 +0000] "GET /items/cars/clothing/1842123/ HTTP/1.1" 404 13316 "-" "Mozilla/5.0 AppleWebKit/537.36 (KHTML, like Gecko; compatible; GPTBot/1.2; +https://openai.com/gptbot)"
20.171.207.253 - - [17/Jul/2025:12:49:22 +0000] "GET /items/cars/clothing/5442732/ HTTP/1.1" 404 13316 "-" "Mozilla/5.0 AppleWebKit/537.36 (KHTML, like Gecko; compatible; GPTBot/1.2; +https://openai.com/gptbot)"
20.171.207.253 - - [17/Jul/2025:12:49:23 +0000] "GET /items/travel-supplies/outdoor-wear/3441118/ HTTP/1.1" 404 13317 "-" "Mozilla/5.0 AppleWebKit/537.36 (KHTML, like Gecko; compatible; GPTBot/1.2; +https://openai.com/gptbot)"
20.171.207.253 - - [17/Jul/2025:12:49:24 +0000] "GET /items/smartphones/smartphone-accessories/2722856/ HTTP/1.1" 404 13317 "-" "Mozilla/5.0 AppleWebKit/537.36 (KHTML, like Gecko; compatible; GPTBot/1.2; +https://openai.com/gptbot)"
20.171.207.253 - - [17/Jul/2025:12:49:26 +0000] "GET /items/cars/cars/3353395/ HTTP/1.1" 404 13317 "-" "Mozilla/5.0 AppleWebKit/537.36 (KHTML, like Gecko; compatible; GPTBot/1.2; +https://openai.com/gptbot)"
20.171.207.253 - - [17/Jul/2025:12:49:27 +0000] "GET /items/cars/cars/5515051/ HTTP/1.1" 404 13317 "-" "Mozilla/5.0 AppleWebKit/537.36 (KHTML, like Gecko; compatible; GPTBot/1.2; +https://openai.com/gptbot)"
20.171.207.253 - - [17/Jul/2025:12:49:28 +0000] "GET /items/cars/cars/3837838/ HTTP/1.1" 404 13317 "-" "Mozilla/5.0 AppleWebKit/537.36 (KHTML, like Gecko; compatible; GPTBot/1.2; +https://openai.com/gptbot)"
20.171.207.253 - - [17/Jul/2025:12:49:29 +0000] "GET /items/cars/cars/3139331/ HTTP/1.1" 404 13316 "-" "Mozilla/5.0 AppleWebKit/537.36 (KHTML, like Gecko; compatible; GPTBot/1.2; +https://openai.com/gptbot)"
20.171.207.253 - - [17/Jul/2025:12:49:30 +0000] "GET /items/cars/cars/1808838/ HTTP/1.1" 404 13317 "-" "Mozilla/5.0 AppleWebKit/537.36 (KHTML, like Gecko; compatible; GPTBot/1.2; +https://openai.com/gptbot)"
66.249.74.130 - - [17/Jul/2025:12:49:31 +0000] "GET /?y=5441832011940&mod=edb446b6&uri=itm.php?entity/2335756.shtm HTTP/1.1" 200 19211 "-" "Mozilla/5.0 (Linux; Android 6.0.1; Nexus 5X Build/MMB29P) AppleWebKit/537.36 (KHTML, like Gecko) Chrome/137.0.7151.103 Mobile Safari/537.36 (compatible; Googlebot/2.1; +http://www.google.com/bot.html)"
20.171.207.253 - - [17/Jul/2025:12:49:32 +0000] "GET /items/cars/cars/3830533/ HTTP/1.1" 404 13317 "-" "Mozilla/5.0 AppleWebKit/537.36 (KHTML, like Gecko; compatible; GPTBot/1.2; +https://openai.com/gptbot)"
20.171.207.253 - - [17/Jul/2025:12:49:33 +0000] "GET /items/cars/cars/1711651/ HTTP/1.1" 404 13317 "-" "Mozilla/5.0 AppleWebKit/537.36 (KHTML, like Gecko; compatible; GPTBot/1.2; +https://openai.com/gptbot)"
20.171.207.253 - - [17/Jul/2025:12:49:34 +0000] "GET /items/cars/cars/5533559/ HTTP/1.1" 404 13317 "-" "Mozilla/5.0 AppleWebKit/537.36 (KHTML, like Gecko; compatible; GPTBot/1.2; +https://openai.com/gptbot)"
20.171.207.253 - - [17/Jul/2025:12:49:35 +0000] "GET /items/gardening/other-houseplants/3602157/ HTTP/1.1" 404 13317 "-" "Mozilla/5.0 AppleWebKit/537.36 (KHTML, like Gecko; compatible; GPTBot/1.2; +https://openai.com/gptbot)"
20.171.207.253 - - [17/Jul/2025:12:49:36 +0000] "GET /items/gardening/other-houseplants/4736028/ HTTP/1.1" 404 13317 "-" "Mozilla/5.0 AppleWebKit/537.36 (KHTML, like Gecko; compatible; GPTBot/1.2; +https://openai.com/gptbot)"
20.171.207.253 - - [17/Jul/2025:12:49:37 +0000] "GET /items/pet-supplies/dog-clothes/5552295/ HTTP/1.1" 404 13317 "-" "Mozilla/5.0 AppleWebKit/537.36 (KHTML, like Gecko; compatible; GPTBot/1.2; +https://openai.com/gptbot)"
20.171.207.253 - - [17/Jul/2025:12:49:39 +0000] "GET /items/flowers/branch-cutters/1888006/ HTTP/1.1" 404 13316 "-" "Mozilla/5.0 AppleWebKit/537.36 (KHTML, like Gecko; compatible; GPTBot/1.2; +https://openai.com/gptbot)"
20.171.207.253 - - [17/Jul/2025:12:49:40 +0000] "GET /items/audio/portable-players/5344442/ HTTP/1.1" 404 13317 "-" "Mozilla/5.0 AppleWebKit/537.36 (KHTML, like Gecko; compatible; GPTBot/1.2; +https://openai.com/gptbot)"
209.74.77.214 - - [17/Jul/2025:12:49:41 +0000] "POST /wp-cron.php?doing_wp_cron=1752756581.7081670761108398437500 HTTP/1.1" 200 - "-" "WordPress/6.8.2; https://akaventures.com.au"
20.171.207.253 - - [17/Jul/2025:12:49:41 +0000] "GET /items/cameras/cameras/3877720/ HTTP/1.1" 404 13317 "-" "Mozilla/5.0 AppleWebKit/537.36 (KHTML, like Gecko; compatible; GPTBot/1.2; +https://openai.com/gptbot)"
20.171.207.253 - - [17/Jul/2025:12:49:42 +0000] "GET /items/cameras/cameras/3406111/ HTTP/1.1" 404 13317 "-" "Mozilla/5.0 AppleWebKit/537.36 (KHTML, like Gecko; compatible; GPTBot/1.2; +https://openai.com/gptbot)"
20.171.207.253 - - [17/Jul/2025:12:49:43 +0000] "GET /items/cameras/cameras/4449627/ HTTP/1.1" 404 13317 "-" "Mozilla/5.0 AppleWebKit/537.36 (KHTML, like Gecko; compatible; GPTBot/1.2; +https://openai.com/gptbot)"
20.171.207.253 - - [17/Jul/2025:12:49:45 +0000] "GET /items/health/nutritional-drinks/3091758/ HTTP/1.1" 404 13317 "-" "Mozilla/5.0 AppleWebKit/537.36 (KHTML, like Gecko; compatible; GPTBot/1.2; +https://openai.com/gptbot)"
20.171.207.253 - - [17/Jul/2025:12:49:46 +0000] "GET /items/health/nutritional-drinks/2835694/ HTTP/1.1" 404 13317 "-" "Mozilla/5.0 AppleWebKit/537.36 (KHTML, like Gecko; compatible; GPTBot/1.2; +https://openai.com/gptbot)"
20.171.207.253 - - [17/Jul/2025:12:49:47 +0000] "GET /items/flowers/other-houseplants/1966725/ HTTP/1.1" 404 13317 "-" "Mozilla/5.0 AppleWebKit/537.36 (KHTML, like Gecko; compatible; GPTBot/1.2; +https://openai.com/gptbot)"
20.171.207.253 - - [17/Jul/2025:12:49:48 +0000] "GET /items/outdoor/mountain-climbing/2367819/ HTTP/1.1" 404 13317 "-" "Mozilla/5.0 AppleWebKit/537.36 (KHTML, like Gecko; compatible; GPTBot/1.2; +https://openai.com/gptbot)"
20.171.207.253 - - [17/Jul/2025:12:49:49 +0000] "GET /items/computers/gaming-desktops/2924718/ HTTP/1.1" 404 13317 "-" "Mozilla/5.0 AppleWebKit/537.36 (KHTML, like Gecko; compatible; GPTBot/1.2; +https://openai.com/gptbot)"
20.171.207.253 - - [17/Jul/2025:12:49:50 +0000] "GET /items/computers/graphics-boards/3078239/ HTTP/1.1" 404 13317 "-" "Mozilla/5.0 AppleWebKit/537.36 (KHTML, like Gecko; compatible; GPTBot/1.2; +https://openai.com/gptbot)"
20.171.207.253 - - [17/Jul/2025:12:49:52 +0000] "GET /items/gardening/tuberous-plants/2321677/ HTTP/1.1" 404 13317 "-" "Mozilla/5.0 AppleWebKit/537.36 (KHTML, like Gecko; compatible; GPTBot/1.2; +https://openai.com/gptbot)"
20.171.207.253 - - [17/Jul/2025:12:49:53 +0000] "GET /items/furniture/kitchen-storage/3827613/ HTTP/1.1" 404 13317 "-" "Mozilla/5.0 AppleWebKit/537.36 (KHTML, like Gecko; compatible; GPTBot/1.2; +https://openai.com/gptbot)"
20.171.207.253 - - [17/Jul/2025:12:49:54 +0000] "GET /items/computers/gaming-desktops/4217023/ HTTP/1.1" 404 13317 "-" "Mozilla/5.0 AppleWebKit/537.36 (KHTML, like Gecko; compatible; GPTBot/1.2; +https://openai.com/gptbot)"
20.171.207.253 - - [17/Jul/2025:12:49:55 +0000] "GET /items/flowers/other-houseplants/4065784/ HTTP/1.1" 404 13317 "-" "Mozilla/5.0 AppleWebKit/537.36 (KHTML, like Gecko; compatible; GPTBot/1.2; +https://openai.com/gptbot)"
20.171.207.253 - - [17/Jul/2025:12:49:56 +0000] "GET /items/flowers/other-houseplants/5360914/ HTTP/1.1" 404 13317 "-" "Mozilla/5.0 AppleWebKit/537.36 (KHTML, like Gecko; compatible; GPTBot/1.2; +https://openai.com/gptbot)"
20.171.207.253 - - [17/Jul/2025:12:49:58 +0000] "GET /items/outdoor/travel-appliances/3980985/ HTTP/1.1" 404 13317 "-" "Mozilla/5.0 AppleWebKit/537.36 (KHTML, like Gecko; compatible; GPTBot/1.2; +https://openai.com/gptbot)"
20.171.207.253 - - [17/Jul/2025:12:49:59 +0000] "GET /items/flowers/other-houseplants/2913624/ HTTP/1.1" 404 13316 "-" "Mozilla/5.0 AppleWebKit/537.36 (KHTML, like Gecko; compatible; GPTBot/1.2; +https://openai.com/gptbot)"
20.171.207.253 - - [17/Jul/2025:12:50:00 +0000] "GET /items/flowers/other-houseplants/1983462/ HTTP/1.1" 404 13316 "-" "Mozilla/5.0 AppleWebKit/537.36 (KHTML, like Gecko; compatible; GPTBot/1.2; +https://openai.com/gptbot)"
209.74.77.214 - - [17/Jul/2025:12:50:02 +0000] "POST /wp-cron.php?doing_wp_cron=1752756602.1963090896606445312500 HTTP/1.1" 200 - "-" "WordPress/6.8.2; https://akaventures.com.au"
20.171.207.253 - - [17/Jul/2025:12:50:01 +0000] "GET /items/kitchen/washroom-supplies/4452120/ HTTP/1.1" 404 13316 "-" "Mozilla/5.0 AppleWebKit/537.36 (KHTML, like Gecko; compatible; GPTBot/1.2; +https://openai.com/gptbot)"
20.171.207.253 - - [17/Jul/2025:12:50:02 +0000] "GET /items/computers/gaming-desktops/4928807/ HTTP/1.1" 404 13317 "-" "Mozilla/5.0 AppleWebKit/537.36 (KHTML, like Gecko; compatible; GPTBot/1.2; +https://openai.com/gptbot)"
20.171.207.253 - - [17/Jul/2025:12:50:03 +0000] "GET /items/flowers/other-houseplants/5564123/ HTTP/1.1" 404 13316 "-" "Mozilla/5.0 AppleWebKit/537.36 (KHTML, like Gecko; compatible; GPTBot/1.2; +https://openai.com/gptbot)"
20.171.207.253 - - [17/Jul/2025:12:50:05 +0000] "GET /items/flowers/other-houseplants/1776592/ HTTP/1.1" 404 13317 "-" "Mozilla/5.0 AppleWebKit/537.36 (KHTML, like Gecko; compatible; GPTBot/1.2; +https://openai.com/gptbot)"
20.171.207.253 - - [17/Jul/2025:12:50:06 +0000] "GET /items/flowers/other-houseplants/5086261/ HTTP/1.1" 404 13317 "-" "Mozilla/5.0 AppleWebKit/537.36 (KHTML, like Gecko; compatible; GPTBot/1.2; +https://openai.com/gptbot)"
20.171.207.253 - - [17/Jul/2025:12:50:07 +0000] "GET /items/outdoor/mountain-climbing/5098436/ HTTP/1.1" 404 13317 "-" "Mozilla/5.0 AppleWebKit/537.36 (KHTML, like Gecko; compatible; GPTBot/1.2; +https://openai.com/gptbot)"
20.171.207.253 - - [17/Jul/2025:12:50:08 +0000] "GET /items/flowers/other-houseplants/3469589/ HTTP/1.1" 404 13317 "-" "Mozilla/5.0 AppleWebKit/537.36 (KHTML, like Gecko; compatible; GPTBot/1.2; +https://openai.com/gptbot)"
20.171.207.253 - - [17/Jul/2025:12:50:09 +0000] "GET /items/computers/graphics-boards/3992770/ HTTP/1.1" 404 13316 "-" "Mozilla/5.0 AppleWebKit/537.36 (KHTML, like Gecko; compatible; GPTBot/1.2; +https://openai.com/gptbot)"
20.171.207.253 - - [17/Jul/2025:12:50:10 +0000] "GET /items/flowers/other-houseplants/3972466/ HTTP/1.1" 404 13316 "-" "Mozilla/5.0 AppleWebKit/537.36 (KHTML, like Gecko; compatible; GPTBot/1.2; +https://openai.com/gptbot)"
20.171.207.253 - - [17/Jul/2025:12:50:12 +0000] "GET /items/flowers/other-houseplants/4910672/ HTTP/1.1" 404 13316 "-" "Mozilla/5.0 AppleWebKit/537.36 (KHTML, like Gecko; compatible; GPTBot/1.2; +https://openai.com/gptbot)"
20.171.207.253 - - [17/Jul/2025:12:50:13 +0000] "GET /items/interior/zabuton-cushions/2738564/ HTTP/1.1" 404 13316 "-" "Mozilla/5.0 AppleWebKit/537.36 (KHTML, like Gecko; compatible; GPTBot/1.2; +https://openai.com/gptbot)"
66.249.74.132 - - [17/Jul/2025:12:50:14 +0000] "GET /?y=5441832011940&mod=edb446b6&uri=itm.php?entity/2358508.shtm HTTP/1.1" 200 19533 "-" "Mozilla/5.0 (Linux; Android 6.0.1; Nexus 5X Build/MMB29P) AppleWebKit/537.36 (KHTML, like Gecko) Chrome/137.0.7151.103 Mobile Safari/537.36 (compatible; Googlebot/2.1; +http://www.google.com/bot.html)"
20.171.207.253 - - [17/Jul/2025:12:50:14 +0000] "GET /items/flowers/other-houseplants/2603074/ HTTP/1.1" 404 13316 "-" "Mozilla/5.0 AppleWebKit/537.36 (KHTML, like Gecko; compatible; GPTBot/1.2; +https://openai.com/gptbot)"
20.171.207.253 - - [17/Jul/2025:12:50:15 +0000] "GET /items/flowers/other-houseplants/1648632/ HTTP/1.1" 404 13316 "-" "Mozilla/5.0 AppleWebKit/537.36 (KHTML, like Gecko; compatible; GPTBot/1.2; +https://openai.com/gptbot)"
20.171.207.253 - - [17/Jul/2025:12:50:16 +0000] "GET /items/cosmetics/base-makeup/1925226/ HTTP/1.1" 404 13316 "-" "Mozilla/5.0 AppleWebKit/537.36 (KHTML, like Gecko; compatible; GPTBot/1.2; +https://openai.com/gptbot)"
20.171.207.253 - - [17/Jul/2025:12:50:18 +0000] "GET /items/computers/desktop-pcs/4538554/ HTTP/1.1" 404 13316 "-" "Mozilla/5.0 AppleWebKit/537.36 (KHTML, like Gecko; compatible; GPTBot/1.2; +https://openai.com/gptbot)"
66.249.74.130 - - [17/Jul/2025:12:50:19 +0000] "POST /get-message-notify HTTP/1.1" 200 18285 "https://akaventures.com.au/?y=5441832011940&mod=edb446b6&uri=itm.php?entity/2358508.shtm" "Mozilla/5.0 (Linux; Android 6.0.1; Nexus 5X Build/MMB29P) AppleWebKit/537.36 (KHTML, like Gecko) Chrome/137.0.7151.119 Mobile Safari/537.36 (compatible; Googlebot/2.1; +http://www.google.com/bot.html)"
20.171.207.253 - - [17/Jul/2025:12:50:19 +0000] "GET /items/computers/desktop-pcs/4774411/ HTTP/1.1" 404 13317 "-" "Mozilla/5.0 AppleWebKit/537.36 (KHTML, like Gecko; compatible; GPTBot/1.2; +https://openai.com/gptbot)"
20.171.207.253 - - [17/Jul/2025:12:50:20 +0000] "GET /items/interior/tissue-boxes/5016868/ HTTP/1.1" 404 13316 "-" "Mozilla/5.0 AppleWebKit/537.36 (KHTML, like Gecko; compatible; GPTBot/1.2; +https://openai.com/gptbot)"
20.171.207.253 - - [17/Jul/2025:12:50:21 +0000] "GET /items/tablets/smart-watches/3096743/ HTTP/1.1" 404 13316 "-" "Mozilla/5.0 AppleWebKit/537.36 (KHTML, like Gecko; compatible; GPTBot/1.2; +https://openai.com/gptbot)"
20.171.207.253 - - [17/Jul/2025:12:50:22 +0000] "GET /items/travel-supplies/reels/3273489/ HTTP/1.1" 404 13316 "-" "Mozilla/5.0 AppleWebKit/537.36 (KHTML, like Gecko; compatible; GPTBot/1.2; +https://openai.com/gptbot)"
20.171.207.253 - - [17/Jul/2025:12:50:23 +0000] "GET /items/travel-supplies/reels/5082291/ HTTP/1.1" 404 13316 "-" "Mozilla/5.0 AppleWebKit/537.36 (KHTML, like Gecko; compatible; GPTBot/1.2; +https://openai.com/gptbot)"
20.171.207.253 - - [17/Jul/2025:12:50:25 +0000] "GET /items/audio/digital-cameras/2991779/ HTTP/1.1" 404 13316 "-" "Mozilla/5.0 AppleWebKit/537.36 (KHTML, like Gecko; compatible; GPTBot/1.2; +https://openai.com/gptbot)"
20.171.207.253 - - [17/Jul/2025:12:50:26 +0000] "GET /items/tickets/fitness-clubs/4959788/ HTTP/1.1" 404 13316 "-" "Mozilla/5.0 AppleWebKit/537.36 (KHTML, like Gecko; compatible; GPTBot/1.2; +https://openai.com/gptbot)"
20.171.207.253 - - [17/Jul/2025:12:50:27 +0000] "GET /items/tablets/smart-watches/3907704/ HTTP/1.1" 404 13316 "-" "Mozilla/5.0 AppleWebKit/537.36 (KHTML, like Gecko; compatible; GPTBot/1.2; +https://openai.com/gptbot)"
20.171.207.253 - - [17/Jul/2025:12:50:28 +0000] "GET /items/audio/digital-cameras/4221192/ HTTP/1.1" 404 13316 "-" "Mozilla/5.0 AppleWebKit/537.36 (KHTML, like Gecko; compatible; GPTBot/1.2; +https://openai.com/gptbot)"
20.171.207.253 - - [17/Jul/2025:12:50:29 +0000] "GET /items/fishing/outdoor-shoes/4541594/ HTTP/1.1" 404 13317 "-" "Mozilla/5.0 AppleWebKit/537.36 (KHTML, like Gecko; compatible; GPTBot/1.2; +https://openai.com/gptbot)"
20.171.207.253 - - [17/Jul/2025:12:50:31 +0000] "GET /items/tools/grinding-stones/2695974/ HTTP/1.1" 404 13316 "-" "Mozilla/5.0 AppleWebKit/537.36 (KHTML, like Gecko; compatible; GPTBot/1.2; +https://openai.com/gptbot)"
20.171.207.253 - - [17/Jul/2025:12:50:32 +0000] "GET /items/tablets/smart-watches/2423919/ HTTP/1.1" 404 13316 "-" "Mozilla/5.0 AppleWebKit/537.36 (KHTML, like Gecko; compatible; GPTBot/1.2; +https://openai.com/gptbot)"
20.171.207.253 - - [17/Jul/2025:12:50:33 +0000] "GET /items/tickets/fitness-clubs/4254298/ HTTP/1.1" 404 13317 "-" "Mozilla/5.0 AppleWebKit/537.36 (KHTML, like Gecko; compatible; GPTBot/1.2; +https://openai.com/gptbot)"
20.171.207.253 - - [17/Jul/2025:12:50:34 +0000] "GET /items/cosmetics/base-makeup/2973255/ HTTP/1.1" 404 13317 "-" "Mozilla/5.0 AppleWebKit/537.36 (KHTML, like Gecko; compatible; GPTBot/1.2; +https://openai.com/gptbot)"
20.171.207.253 - - [17/Jul/2025:12:50:35 +0000] "GET /items/games/magic-gathering/2469076/ HTTP/1.1" 404 13317 "-" "Mozilla/5.0 AppleWebKit/537.36 (KHTML, like Gecko; compatible; GPTBot/1.2; +https://openai.com/gptbot)"
20.171.207.253 - - [17/Jul/2025:12:50:36 +0000] "GET /items/cosmetics/false-nails/2637971/ HTTP/1.1" 404 13317 "-" "Mozilla/5.0 AppleWebKit/537.36 (KHTML, like Gecko; compatible; GPTBot/1.2; +https://openai.com/gptbot)"
20.171.207.253 - - [17/Jul/2025:12:50:37 +0000] "GET /items/travel-supplies/reels/4061803/ HTTP/1.1" 404 13317 "-" "Mozilla/5.0 AppleWebKit/537.36 (KHTML, like Gecko; compatible; GPTBot/1.2; +https://openai.com/gptbot)"
20.171.207.253 - - [17/Jul/2025:12:50:39 +0000] "GET /items/games/special-effects/2737094/ HTTP/1.1" 404 13317 "-" "Mozilla/5.0 AppleWebKit/537.36 (KHTML, like Gecko; compatible; GPTBot/1.2; +https://openai.com/gptbot)"
20.171.207.253 - - [17/Jul/2025:12:50:40 +0000] "GET /items/travel-supplies/reels/2757544/ HTTP/1.1" 404 13317 "-" "Mozilla/5.0 AppleWebKit/537.36 (KHTML, like Gecko; compatible; GPTBot/1.2; +https://openai.com/gptbot)"
209.74.77.214 - - [17/Jul/2025:12:50:41 +0000] "POST /wp-cron.php?doing_wp_cron=1752756641.8437740802764892578125 HTTP/1.1" 200 - "-" "WordPress/6.8.2; https://akaventures.com.au"
20.171.207.253 - - [17/Jul/2025:12:50:41 +0000] "GET /items/audio/digital-cameras/5151341/ HTTP/1.1" 404 13316 "-" "Mozilla/5.0 AppleWebKit/537.36 (KHTML, like Gecko; compatible; GPTBot/1.2; +https://openai.com/gptbot)"
20.171.207.253 - - [17/Jul/2025:12:50:42 +0000] "GET /items/cosmetics/false-nails/4097334/ HTTP/1.1" 404 13317 "-" "Mozilla/5.0 AppleWebKit/537.36 (KHTML, like Gecko; compatible; GPTBot/1.2; +https://openai.com/gptbot)"
20.171.207.253 - - [17/Jul/2025:12:50:44 +0000] "GET /items/tablets/apple-watches/3751157/ HTTP/1.1" 404 13317 "-" "Mozilla/5.0 AppleWebKit/537.36 (KHTML, like Gecko; compatible; GPTBot/1.2; +https://openai.com/gptbot)"
20.171.207.253 - - [17/Jul/2025:12:50:45 +0000] "GET /items/tools/dust-collectors/2833056/ HTTP/1.1" 404 13317 "-" "Mozilla/5.0 AppleWebKit/537.36 (KHTML, like Gecko; compatible; GPTBot/1.2; +https://openai.com/gptbot)"
20.171.207.253 - - [17/Jul/2025:12:50:46 +0000] "GET /items/travel-supplies/reels/5145649/ HTTP/1.1" 404 13317 "-" "Mozilla/5.0 AppleWebKit/537.36 (KHTML, like Gecko; compatible; GPTBot/1.2; +https://openai.com/gptbot)"
20.171.207.253 - - [17/Jul/2025:12:50:47 +0000] "GET /items/cosmetics/men-perfume/2512007/ HTTP/1.1" 404 13317 "-" "Mozilla/5.0 AppleWebKit/537.36 (KHTML, like Gecko; compatible; GPTBot/1.2; +https://openai.com/gptbot)"
20.171.207.253 - - [17/Jul/2025:12:50:48 +0000] "GET /items/diet/mugwort-steaming/3394335/ HTTP/1.1" 404 13317 "-" "Mozilla/5.0 AppleWebKit/537.36 (KHTML, like Gecko; compatible; GPTBot/1.2; +https://openai.com/gptbot)"
20.171.207.253 - - [17/Jul/2025:12:50:49 +0000] "GET /items/tablets/smart-watches/1650076/ HTTP/1.1" 404 13314 "-" "Mozilla/5.0 AppleWebKit/537.36 (KHTML, like Gecko; compatible; GPTBot/1.2; +https://openai.com/gptbot)"
20.171.207.253 - - [17/Jul/2025:12:50:51 +0000] "GET /items/travel-supplies/reels/4032171/ HTTP/1.1" 404 13315 "-" "Mozilla/5.0 AppleWebKit/537.36 (KHTML, like Gecko; compatible; GPTBot/1.2; +https://openai.com/gptbot)"
20.171.207.253 - - [17/Jul/2025:12:50:52 +0000] "GET /items/travel-supplies/reels/2705576/ HTTP/1.1" 404 13315 "-" "Mozilla/5.0 AppleWebKit/537.36 (KHTML, like Gecko; compatible; GPTBot/1.2; +https://openai.com/gptbot)"
20.171.207.253 - - [17/Jul/2025:12:50:53 +0000] "GET /items/tablets/smart-watches/3792976/ HTTP/1.1" 404 13315 "-" "Mozilla/5.0 AppleWebKit/537.36 (KHTML, like Gecko; compatible; GPTBot/1.2; +https://openai.com/gptbot)"
20.171.207.253 - - [17/Jul/2025:12:50:54 +0000] "GET /items/tablets/smart-watches/3876745/ HTTP/1.1" 404 13315 "-" "Mozilla/5.0 AppleWebKit/537.36 (KHTML, like Gecko; compatible; GPTBot/1.2; +https://openai.com/gptbot)"
20.171.207.253 - - [17/Jul/2025:12:50:55 +0000] "GET /items/audio/instant-cameras/2622092/ HTTP/1.1" 404 13315 "-" "Mozilla/5.0 AppleWebKit/537.36 (KHTML, like Gecko; compatible; GPTBot/1.2; +https://openai.com/gptbot)"
66.249.74.130 - - [17/Jul/2025:12:50:56 +0000] "GET /?y=110889535071940&mod=c53015e8&uri=products.php?entity/2369050.shtm HTTP/1.1" 200 18232 "-" "Mozilla/5.0 (Linux; Android 6.0.1; Nexus 5X Build/MMB29P) AppleWebKit/537.36 (KHTML, like Gecko) Chrome/137.0.7151.103 Mobile Safari/537.36 (compatible; Googlebot/2.1; +http://www.google.com/bot.html)"
20.171.207.253 - - [17/Jul/2025:12:50:56 +0000] "GET /items/interior/slatted-beds/2728373/ HTTP/1.1" 404 13315 "-" "Mozilla/5.0 AppleWebKit/537.36 (KHTML, like Gecko; compatible; GPTBot/1.2; +https://openai.com/gptbot)"
20.171.207.253 - - [17/Jul/2025:12:50:58 +0000] "GET /items/travel-supplies/reels/3655984/ HTTP/1.1" 404 13315 "-" "Mozilla/5.0 AppleWebKit/537.36 (KHTML, like Gecko; compatible; GPTBot/1.2; +https://openai.com/gptbot)"
20.171.207.253 - - [17/Jul/2025:12:50:59 +0000] "GET /items/tv/camera-accessories/1796847/ HTTP/1.1" 404 13315 "-" "Mozilla/5.0 AppleWebKit/537.36 (KHTML, like Gecko; compatible; GPTBot/1.2; +https://openai.com/gptbot)"
20.171.207.253 - - [17/Jul/2025:12:51:00 +0000] "GET /items/travel-supplies/reels/2141595/ HTTP/1.1" 404 13316 "-" "Mozilla/5.0 AppleWebKit/537.36 (KHTML, like Gecko; compatible; GPTBot/1.2; +https://openai.com/gptbot)"
20.171.207.253 - - [17/Jul/2025:12:51:01 +0000] "GET /items/computers/smart-watch/2448144/ HTTP/1.1" 404 13316 "-" "Mozilla/5.0 AppleWebKit/537.36 (KHTML, like Gecko; compatible; GPTBot/1.2; +https://openai.com/gptbot)"
209.74.77.214 - - [17/Jul/2025:12:51:02 +0000] "POST /wp-cron.php?doing_wp_cron=1752756662.9860448837280273437500 HTTP/1.1" 200 - "-" "WordPress/6.8.2; https://akaventures.com.au"
20.171.207.253 - - [17/Jul/2025:12:51:02 +0000] "GET /items/audio/digital-cameras/3348138/ HTTP/1.1" 404 13316 "-" "Mozilla/5.0 AppleWebKit/537.36 (KHTML, like Gecko; compatible; GPTBot/1.2; +https://openai.com/gptbot)"
20.171.207.253 - - [17/Jul/2025:12:51:04 +0000] "GET /items/tv/camera-accessories/3051726/ HTTP/1.1" 404 13316 "-" "Mozilla/5.0 AppleWebKit/537.36 (KHTML, like Gecko; compatible; GPTBot/1.2; +https://openai.com/gptbot)"
20.171.207.253 - - [17/Jul/2025:12:51:05 +0000] "GET /items/travel-supplies/reels/2026415/ HTTP/1.1" 404 13316 "-" "Mozilla/5.0 AppleWebKit/537.36 (KHTML, like Gecko; compatible; GPTBot/1.2; +https://openai.com/gptbot)"
20.171.207.253 - - [17/Jul/2025:12:51:06 +0000] "GET /items/tickets/fitness-clubs/3857156/ HTTP/1.1" 404 13316 "-" "Mozilla/5.0 AppleWebKit/537.36 (KHTML, like Gecko; compatible; GPTBot/1.2; +https://openai.com/gptbot)"
20.171.207.253 - - [17/Jul/2025:12:51:07 +0000] "GET /items/tablets/smart-watches/4016696/ HTTP/1.1" 404 13316 "-" "Mozilla/5.0 AppleWebKit/537.36 (KHTML, like Gecko; compatible; GPTBot/1.2; +https://openai.com/gptbot)"
20.171.207.253 - - [17/Jul/2025:12:51:08 +0000] "GET /items/tablets/smart-watches/2403045/ HTTP/1.1" 404 13317 "-" "Mozilla/5.0 AppleWebKit/537.36 (KHTML, like Gecko; compatible; GPTBot/1.2; +https://openai.com/gptbot)"
20.171.207.253 - - [17/Jul/2025:12:51:09 +0000] "GET /items/tv/camera-accessories/3020264/ HTTP/1.1" 404 13316 "-" "Mozilla/5.0 AppleWebKit/537.36 (KHTML, like Gecko; compatible; GPTBot/1.2; +https://openai.com/gptbot)"
20.171.207.253 - - [17/Jul/2025:12:51:11 +0000] "GET /items/audio/digital-cameras/4534499/ HTTP/1.1" 404 13316 "-" "Mozilla/5.0 AppleWebKit/537.36 (KHTML, like Gecko; compatible; GPTBot/1.2; +https://openai.com/gptbot)"
20.171.207.253 - - [17/Jul/2025:12:51:12 +0000] "GET /items/travel-supplies/reels/2253973/ HTTP/1.1" 404 13316 "-" "Mozilla/5.0 AppleWebKit/537.36 (KHTML, like Gecko; compatible; GPTBot/1.2; +https://openai.com/gptbot)"
20.171.207.253 - - [17/Jul/2025:12:51:13 +0000] "GET /items/tickets/fitness-clubs/5326011/ HTTP/1.1" 404 13316 "-" "Mozilla/5.0 AppleWebKit/537.36 (KHTML, like Gecko; compatible; GPTBot/1.2; +https://openai.com/gptbot)"
20.171.207.253 - - [17/Jul/2025:12:51:14 +0000] "GET /items/tablets/smart-watches/3704005/ HTTP/1.1" 404 13316 "-" "Mozilla/5.0 AppleWebKit/537.36 (KHTML, like Gecko; compatible; GPTBot/1.2; +https://openai.com/gptbot)"
20.171.207.253 - - [17/Jul/2025:12:51:16 +0000] "GET /items/tv/camera-accessories/3323259/ HTTP/1.1" 404 13316 "-" "Mozilla/5.0 AppleWebKit/537.36 (KHTML, like Gecko; compatible; GPTBot/1.2; +https://openai.com/gptbot)"
20.171.207.253 - - [17/Jul/2025:12:51:17 +0000] "GET /items/travel-supplies/reels/3109088/ HTTP/1.1" 404 13316 "-" "Mozilla/5.0 AppleWebKit/537.36 (KHTML, like Gecko; compatible; GPTBot/1.2; +https://openai.com/gptbot)"
20.171.207.253 - - [17/Jul/2025:12:51:18 +0000] "GET /items/tools/grinding-stones/1814417/ HTTP/1.1" 404 13316 "-" "Mozilla/5.0 AppleWebKit/537.36 (KHTML, like Gecko; compatible; GPTBot/1.2; +https://openai.com/gptbot)"
20.171.207.253 - - [17/Jul/2025:12:51:19 +0000] "GET /items/travel-supplies/reels/3994793/ HTTP/1.1" 404 13316 "-" "Mozilla/5.0 AppleWebKit/537.36 (KHTML, like Gecko; compatible; GPTBot/1.2; +https://openai.com/gptbot)"
20.171.207.253 - - [17/Jul/2025:12:51:20 +0000] "GET /items/tickets/fitness-clubs/3149322/ HTTP/1.1" 404 13316 "-" "Mozilla/5.0 AppleWebKit/537.36 (KHTML, like Gecko; compatible; GPTBot/1.2; +https://openai.com/gptbot)"
20.171.207.253 - - [17/Jul/2025:12:51:21 +0000] "GET /items/travel-supplies/reels/4154504/ HTTP/1.1" 404 13316 "-" "Mozilla/5.0 AppleWebKit/537.36 (KHTML, like Gecko; compatible; GPTBot/1.2; +https://openai.com/gptbot)"
20.171.207.253 - - [17/Jul/2025:12:51:22 +0000] "GET /items/travel-supplies/reels/3224787/ HTTP/1.1" 404 13316 "-" "Mozilla/5.0 AppleWebKit/537.36 (KHTML, like Gecko; compatible; GPTBot/1.2; +https://openai.com/gptbot)"
20.171.207.253 - - [17/Jul/2025:12:51:24 +0000] "GET /items/cosmetics/base-makeup/5523274/ HTTP/1.1" 404 13316 "-" "Mozilla/5.0 AppleWebKit/537.36 (KHTML, like Gecko; compatible; GPTBot/1.2; +https://openai.com/gptbot)"
20.171.207.253 - - [17/Jul/2025:12:51:25 +0000] "GET /items/tablets/apple-watches/5533063/ HTTP/1.1" 404 13316 "-" "Mozilla/5.0 AppleWebKit/537.36 (KHTML, like Gecko; compatible; GPTBot/1.2; +https://openai.com/gptbot)"
20.171.207.253 - - [17/Jul/2025:12:51:26 +0000] "GET /items/art/brass-instruments/2441507/ HTTP/1.1" 404 13316 "-" "Mozilla/5.0 AppleWebKit/537.36 (KHTML, like Gecko; compatible; GPTBot/1.2; +https://openai.com/gptbot)"
20.171.207.253 - - [17/Jul/2025:12:51:27 +0000] "GET /items/tools/grinding-stones/4780576/ HTTP/1.1" 404 13316 "-" "Mozilla/5.0 AppleWebKit/537.36 (KHTML, like Gecko; compatible; GPTBot/1.2; +https://openai.com/gptbot)"
20.171.207.253 - - [17/Jul/2025:12:51:28 +0000] "GET /items/fishing/outdoor-shoes/2007332/ HTTP/1.1" 404 13316 "-" "Mozilla/5.0 AppleWebKit/537.36 (KHTML, like Gecko; compatible; GPTBot/1.2; +https://openai.com/gptbot)"
20.171.207.253 - - [17/Jul/2025:12:51:30 +0000] "GET /items/interior/floor-stands/3610603/ HTTP/1.1" 404 13316 "-" "Mozilla/5.0 AppleWebKit/537.36 (KHTML, like Gecko; compatible; GPTBot/1.2; +https://openai.com/gptbot)"
20.171.207.253 - - [17/Jul/2025:12:51:31 +0000] "GET /items/tickets/fitness-clubs/1878243/ HTTP/1.1" 404 13316 "-" "Mozilla/5.0 AppleWebKit/537.36 (KHTML, like Gecko; compatible; GPTBot/1.2; +https://openai.com/gptbot)"
20.171.207.253 - - [17/Jul/2025:12:51:32 +0000] "GET /items/travel-supplies/reels/3329171/ HTTP/1.1" 404 13316 "-" "Mozilla/5.0 AppleWebKit/537.36 (KHTML, like Gecko; compatible; GPTBot/1.2; +https://openai.com/gptbot)"
20.171.207.253 - - [17/Jul/2025:12:51:33 +0000] "GET /items/fishing/outdoor-shoes/5389889/ HTTP/1.1" 404 13316 "-" "Mozilla/5.0 AppleWebKit/537.36 (KHTML, like Gecko; compatible; GPTBot/1.2; +https://openai.com/gptbot)"
20.171.207.253 - - [17/Jul/2025:12:51:34 +0000] "GET /items/travel-supplies/reels/4635694/ HTTP/1.1" 404 13316 "-" "Mozilla/5.0 AppleWebKit/537.36 (KHTML, like Gecko; compatible; GPTBot/1.2; +https://openai.com/gptbot)"
20.171.207.253 - - [17/Jul/2025:12:51:36 +0000] "GET /items/tablets/smart-watches/2279149/ HTTP/1.1" 404 13316 "-" "Mozilla/5.0 AppleWebKit/537.36 (KHTML, like Gecko; compatible; GPTBot/1.2; +https://openai.com/gptbot)"
20.171.207.253 - - [17/Jul/2025:12:51:37 +0000] "GET /items/travel-supplies/reels/3687489/ HTTP/1.1" 404 13316 "-" "Mozilla/5.0 AppleWebKit/537.36 (KHTML, like Gecko; compatible; GPTBot/1.2; +https://openai.com/gptbot)"
20.171.207.253 - - [17/Jul/2025:12:51:38 +0000] "GET /items/tablets/smart-watches/3235971/ HTTP/1.1" 404 13316 "-" "Mozilla/5.0 AppleWebKit/537.36 (KHTML, like Gecko; compatible; GPTBot/1.2; +https://openai.com/gptbot)"
66.249.74.131 - - [17/Jul/2025:12:51:39 +0000] "GET /?y=5441832011940&mod=edb446b6&uri=itm.php?hobby/nuigurumi/nuigurumi.html HTTP/1.1" 200 18586 "-" "Mozilla/5.0 (Linux; Android 6.0.1; Nexus 5X Build/MMB29P) AppleWebKit/537.36 (KHTML, like Gecko) Chrome/137.0.7151.103 Mobile Safari/537.36 (compatible; Googlebot/2.1; +http://www.google.com/bot.html)"
20.171.207.253 - - [17/Jul/2025:12:51:39 +0000] "GET /items/travel-supplies/reels/4818569/ HTTP/1.1" 404 13317 "-" "Mozilla/5.0 AppleWebKit/537.36 (KHTML, like Gecko; compatible; GPTBot/1.2; +https://openai.com/gptbot)"
20.171.207.253 - - [17/Jul/2025:12:51:40 +0000] "GET /items/travel-supplies/reels/1835495/ HTTP/1.1" 404 13316 "-" "Mozilla/5.0 AppleWebKit/537.36 (KHTML, like Gecko; compatible; GPTBot/1.2; +https://openai.com/gptbot)"
209.74.77.214 - - [17/Jul/2025:12:51:42 +0000] "POST /wp-cron.php?doing_wp_cron=1752756702.1418550014495849609375 HTTP/1.1" 200 - "-" "WordPress/6.8.2; https://akaventures.com.au"
20.171.207.253 - - [17/Jul/2025:12:51:41 +0000] "GET /items/diy/grinding-machines/1737121/ HTTP/1.1" 404 13316 "-" "Mozilla/5.0 AppleWebKit/537.36 (KHTML, like Gecko; compatible; GPTBot/1.2; +https://openai.com/gptbot)"
20.171.207.253 - - [17/Jul/2025:12:51:43 +0000] "GET /items/tablets/apple-watches/5088200/ HTTP/1.1" 404 13316 "-" "Mozilla/5.0 AppleWebKit/537.36 (KHTML, like Gecko; compatible; GPTBot/1.2; +https://openai.com/gptbot)"
20.171.207.253 - - [17/Jul/2025:12:51:44 +0000] "GET /items/tools/dust-collectors/4929153/ HTTP/1.1" 404 13316 "-" "Mozilla/5.0 AppleWebKit/537.36 (KHTML, like Gecko; compatible; GPTBot/1.2; +https://openai.com/gptbot)"
20.171.207.253 - - [17/Jul/2025:12:51:45 +0000] "GET /items/tv/camera-accessories/1641248/ HTTP/1.1" 404 13316 "-" "Mozilla/5.0 AppleWebKit/537.36 (KHTML, like Gecko; compatible; GPTBot/1.2; +https://openai.com/gptbot)"
20.171.207.253 - - [17/Jul/2025:12:51:46 +0000] "GET /items/tv/camera-accessories/2411376/ HTTP/1.1" 404 13316 "-" "Mozilla/5.0 AppleWebKit/537.36 (KHTML, like Gecko; compatible; GPTBot/1.2; +https://openai.com/gptbot)"
20.171.207.253 - - [17/Jul/2025:12:51:47 +0000] "GET /items/tablets/smart-watches/2566403/ HTTP/1.1" 404 13316 "-" "Mozilla/5.0 AppleWebKit/537.36 (KHTML, like Gecko; compatible; GPTBot/1.2; +https://openai.com/gptbot)"
20.171.207.253 - - [17/Jul/2025:12:51:49 +0000] "GET /items/tools/grinding-stones/1836961/ HTTP/1.1" 404 13317 "-" "Mozilla/5.0 AppleWebKit/537.36 (KHTML, like Gecko; compatible; GPTBot/1.2; +https://openai.com/gptbot)"
20.171.207.253 - - [17/Jul/2025:12:51:50 +0000] "GET /items/tablets/smart-watches/3235971/ HTTP/1.1" 404 13316 "-" "Mozilla/5.0 AppleWebKit/537.36 (KHTML, like Gecko; compatible; GPTBot/1.2; +https://openai.com/gptbot)"
20.171.207.253 - - [17/Jul/2025:12:51:51 +0000] "GET /items/interior/night-tables/2315152/ HTTP/1.1" 404 13315 "-" "Mozilla/5.0 AppleWebKit/537.36 (KHTML, like Gecko; compatible; GPTBot/1.2; +https://openai.com/gptbot)"
20.171.207.253 - - [17/Jul/2025:12:51:52 +0000] "GET /items/travel-supplies/reels/5468131/ HTTP/1.1" 404 13316 "-" "Mozilla/5.0 AppleWebKit/537.36 (KHTML, like Gecko; compatible; GPTBot/1.2; +https://openai.com/gptbot)"
20.171.207.253 - - [17/Jul/2025:12:51:53 +0000] "GET /items/tickets/fitness-clubs/2804483/ HTTP/1.1" 404 13316 "-" "Mozilla/5.0 AppleWebKit/537.36 (KHTML, like Gecko; compatible; GPTBot/1.2; +https://openai.com/gptbot)"
20.171.207.253 - - [17/Jul/2025:12:51:54 +0000] "GET /items/diy/grinding-machines/1737121/ HTTP/1.1" 404 13316 "-" "Mozilla/5.0 AppleWebKit/537.36 (KHTML, like Gecko; compatible; GPTBot/1.2; +https://openai.com/gptbot)"
20.171.207.253 - - [17/Jul/2025:12:51:56 +0000] "GET /items/tickets/fitness-clubs/3415472/ HTTP/1.1" 404 13316 "-" "Mozilla/5.0 AppleWebKit/537.36 (KHTML, like Gecko; compatible; GPTBot/1.2; +https://openai.com/gptbot)"
20.171.207.253 - - [17/Jul/2025:12:51:57 +0000] "GET /items/travel-supplies/reels/4936726/ HTTP/1.1" 404 13316 "-" "Mozilla/5.0 AppleWebKit/537.36 (KHTML, like Gecko; compatible; GPTBot/1.2; +https://openai.com/gptbot)"
20.171.207.253 - - [17/Jul/2025:12:51:58 +0000] "GET /items/tablets/smart-watches/4118487/ HTTP/1.1" 404 13316 "-" "Mozilla/5.0 AppleWebKit/537.36 (KHTML, like Gecko; compatible; GPTBot/1.2; +https://openai.com/gptbot)"
20.171.207.253 - - [17/Jul/2025:12:51:59 +0000] "GET /items/tv/camera-accessories/2090467/ HTTP/1.1" 404 13316 "-" "Mozilla/5.0 AppleWebKit/537.36 (KHTML, like Gecko; compatible; GPTBot/1.2; +https://openai.com/gptbot)"
20.171.207.253 - - [17/Jul/2025:12:52:00 +0000] "GET /items/games/special-effects/4209012/ HTTP/1.1" 404 13316 "-" "Mozilla/5.0 AppleWebKit/537.36 (KHTML, like Gecko; compatible; GPTBot/1.2; +https://openai.com/gptbot)"
209.74.77.214 - - [17/Jul/2025:12:52:02 +0000] "POST /wp-cron.php?doing_wp_cron=1752756722.4483559131622314453125 HTTP/1.1" 200 - "-" "WordPress/6.8.2; https://akaventures.com.au"
20.171.207.253 - - [17/Jul/2025:12:52:02 +0000] "GET /items/tv/camera-accessories/4086913/ HTTP/1.1" 404 13316 "-" "Mozilla/5.0 AppleWebKit/537.36 (KHTML, like Gecko; compatible; GPTBot/1.2; +https://openai.com/gptbot)"
20.171.207.253 - - [17/Jul/2025:12:52:03 +0000] "GET /items/gardening/fruit-trees/2377467/ HTTP/1.1" 404 13316 "-" "Mozilla/5.0 AppleWebKit/537.36 (KHTML, like Gecko; compatible; GPTBot/1.2; +https://openai.com/gptbot)"
20.171.207.253 - - [17/Jul/2025:12:52:04 +0000] "GET /items/interior/night-tables/2315152/ HTTP/1.1" 404 13316 "-" "Mozilla/5.0 AppleWebKit/537.36 (KHTML, like Gecko; compatible; GPTBot/1.2; +https://openai.com/gptbot)"
20.171.207.253 - - [17/Jul/2025:12:52:05 +0000] "GET /items/travel-supplies/reels/3579232/ HTTP/1.1" 404 13316 "-" "Mozilla/5.0 AppleWebKit/537.36 (KHTML, like Gecko; compatible; GPTBot/1.2; +https://openai.com/gptbot)"
20.171.207.253 - - [17/Jul/2025:12:52:06 +0000] "GET /items/furniture/study-desks/4533123/ HTTP/1.1" 404 13316 "-" "Mozilla/5.0 AppleWebKit/537.36 (KHTML, like Gecko; compatible; GPTBot/1.2; +https://openai.com/gptbot)"
20.171.207.253 - - [17/Jul/2025:12:52:07 +0000] "GET /items/travel-supplies/reels/2083949/ HTTP/1.1" 404 13316 "-" "Mozilla/5.0 AppleWebKit/537.36 (KHTML, like Gecko; compatible; GPTBot/1.2; +https://openai.com/gptbot)"
20.171.207.253 - - [17/Jul/2025:12:52:09 +0000] "GET /items/audio/digital-cameras/4760774/ HTTP/1.1" 404 13317 "-" "Mozilla/5.0 AppleWebKit/537.36 (KHTML, like Gecko; compatible; GPTBot/1.2; +https://openai.com/gptbot)"
20.171.207.253 - - [17/Jul/2025:12:52:10 +0000] "GET /items/tv/camera-accessories/5548358/ HTTP/1.1" 404 13316 "-" "Mozilla/5.0 AppleWebKit/537.36 (KHTML, like Gecko; compatible; GPTBot/1.2; +https://openai.com/gptbot)"
20.171.207.253 - - [17/Jul/2025:12:52:11 +0000] "GET /items/cosmetics/base-makeup/1900100/ HTTP/1.1" 404 13316 "-" "Mozilla/5.0 AppleWebKit/537.36 (KHTML, like Gecko; compatible; GPTBot/1.2; +https://openai.com/gptbot)"
20.171.207.253 - - [17/Jul/2025:12:52:12 +0000] "GET /items/tools/dust-collectors/4901823/ HTTP/1.1" 404 13316 "-" "Mozilla/5.0 AppleWebKit/537.36 (KHTML, like Gecko; compatible; GPTBot/1.2; +https://openai.com/gptbot)"
20.171.207.253 - - [17/Jul/2025:12:52:13 +0000] "GET /items/fishing/outdoor-shoes/2462524/ HTTP/1.1" 404 13316 "-" "Mozilla/5.0 AppleWebKit/537.36 (KHTML, like Gecko; compatible; GPTBot/1.2; +https://openai.com/gptbot)"
20.171.207.253 - - [17/Jul/2025:12:52:14 +0000] "GET /items/tv/camera-accessories/3534076/ HTTP/1.1" 404 13316 "-" "Mozilla/5.0 AppleWebKit/537.36 (KHTML, like Gecko; compatible; GPTBot/1.2; +https://openai.com/gptbot)"
20.171.207.253 - - [17/Jul/2025:12:52:16 +0000] "GET /items/pet-supplies/memorial/2678416/ HTTP/1.1" 404 13316 "-" "Mozilla/5.0 AppleWebKit/537.36 (KHTML, like Gecko; compatible; GPTBot/1.2; +https://openai.com/gptbot)"
20.171.207.253 - - [17/Jul/2025:12:52:17 +0000] "GET /items/travel-supplies/reels/3579232/ HTTP/1.1" 404 13316 "-" "Mozilla/5.0 AppleWebKit/537.36 (KHTML, like Gecko; compatible; GPTBot/1.2; +https://openai.com/gptbot)"
20.171.207.253 - - [17/Jul/2025:12:52:18 +0000] "GET /items/audio/digital-cameras/2824832/ HTTP/1.1" 404 13316 "-" "Mozilla/5.0 AppleWebKit/537.36 (KHTML, like Gecko; compatible; GPTBot/1.2; +https://openai.com/gptbot)"
20.171.207.253 - - [17/Jul/2025:12:52:19 +0000] "GET /items/tablets/smart-watches/3482512/ HTTP/1.1" 404 13316 "-" "Mozilla/5.0 AppleWebKit/537.36 (KHTML, like Gecko; compatible; GPTBot/1.2; +https://openai.com/gptbot)"
20.171.207.253 - - [17/Jul/2025:12:52:21 +0000] "GET /items/cosmetics/base-makeup/5336750/ HTTP/1.1" 404 13316 "-" "Mozilla/5.0 AppleWebKit/537.36 (KHTML, like Gecko; compatible; GPTBot/1.2; +https://openai.com/gptbot)"
66.249.74.130 - - [17/Jul/2025:12:52:22 +0000] "GET /?y=110889535071940&mod=c53015e8&uri=products.php? HTTP/1.1" 200 18839 "-" "Mozilla/5.0 (Linux; Android 6.0.1; Nexus 5X Build/MMB29P) AppleWebKit/537.36 (KHTML, like Gecko) Chrome/137.0.7151.103 Mobile Safari/537.36 (compatible; Googlebot/2.1; +http://www.google.com/bot.html)"
20.171.207.253 - - [17/Jul/2025:12:52:22 +0000] "GET /items/tablets/smart-watches/2166580/ HTTP/1.1" 404 13316 "-" "Mozilla/5.0 AppleWebKit/537.36 (KHTML, like Gecko; compatible; GPTBot/1.2; +https://openai.com/gptbot)"
20.171.207.253 - - [17/Jul/2025:12:52:23 +0000] "GET /items/cosmetics/hair-dryers/4621191/ HTTP/1.1" 404 13316 "-" "Mozilla/5.0 AppleWebKit/537.36 (KHTML, like Gecko; compatible; GPTBot/1.2; +https://openai.com/gptbot)"
20.171.207.253 - - [17/Jul/2025:12:52:24 +0000] "GET /items/travel-supplies/reels/2973630/ HTTP/1.1" 404 13316 "-" "Mozilla/5.0 AppleWebKit/537.36 (KHTML, like Gecko; compatible; GPTBot/1.2; +https://openai.com/gptbot)"
20.171.207.253 - - [17/Jul/2025:12:52:25 +0000] "GET /items/cosmetics/base-makeup/2204732/ HTTP/1.1" 404 13316 "-" "Mozilla/5.0 AppleWebKit/537.36 (KHTML, like Gecko; compatible; GPTBot/1.2; +https://openai.com/gptbot)"
20.171.207.253 - - [17/Jul/2025:12:52:26 +0000] "GET /items/gardening/fruit-trees/2132628/ HTTP/1.1" 404 13316 "-" "Mozilla/5.0 AppleWebKit/537.36 (KHTML, like Gecko; compatible; GPTBot/1.2; +https://openai.com/gptbot)"
20.171.207.253 - - [17/Jul/2025:12:52:28 +0000] "GET /items/pet-supplies/starters/1723424/ HTTP/1.1" 404 13316 "-" "Mozilla/5.0 AppleWebKit/537.36 (KHTML, like Gecko; compatible; GPTBot/1.2; +https://openai.com/gptbot)"
20.171.207.253 - - [17/Jul/2025:12:52:29 +0000] "GET /items/diy/grinding-machines/2600604/ HTTP/1.1" 404 13316 "-" "Mozilla/5.0 AppleWebKit/537.36 (KHTML, like Gecko; compatible; GPTBot/1.2; +https://openai.com/gptbot)"
20.171.207.253 - - [17/Jul/2025:12:52:30 +0000] "GET /items/travel-supplies/reels/2806860/ HTTP/1.1" 404 13316 "-" "Mozilla/5.0 AppleWebKit/537.36 (KHTML, like Gecko; compatible; GPTBot/1.2; +https://openai.com/gptbot)"
20.171.207.253 - - [17/Jul/2025:12:52:31 +0000] "GET /items/tablets/smart-watches/4316355/ HTTP/1.1" 404 13316 "-" "Mozilla/5.0 AppleWebKit/537.36 (KHTML, like Gecko; compatible; GPTBot/1.2; +https://openai.com/gptbot)"
20.171.207.253 - - [17/Jul/2025:12:52:32 +0000] "GET /items/tv/camera-accessories/5107929/ HTTP/1.1" 404 13316 "-" "Mozilla/5.0 AppleWebKit/537.36 (KHTML, like Gecko; compatible; GPTBot/1.2; +https://openai.com/gptbot)"
20.171.207.253 - - [17/Jul/2025:12:52:33 +0000] "GET /items/pet-supplies/memorial/2024464/ HTTP/1.1" 404 13316 "-" "Mozilla/5.0 AppleWebKit/537.36 (KHTML, like Gecko; compatible; GPTBot/1.2; +https://openai.com/gptbot)"
20.171.207.253 - - [17/Jul/2025:12:52:35 +0000] "GET /items/cosmetics/base-makeup/4526925/ HTTP/1.1" 404 13316 "-" "Mozilla/5.0 AppleWebKit/537.36 (KHTML, like Gecko; compatible; GPTBot/1.2; +https://openai.com/gptbot)"
20.171.207.253 - - [17/Jul/2025:12:52:36 +0000] "GET /items/travel-supplies/reels/5106791/ HTTP/1.1" 404 13316 "-" "Mozilla/5.0 AppleWebKit/537.36 (KHTML, like Gecko; compatible; GPTBot/1.2; +https://openai.com/gptbot)"
20.171.207.253 - - [17/Jul/2025:12:52:37 +0000] "GET /items/travel-supplies/reels/2399054/ HTTP/1.1" 404 13316 "-" "Mozilla/5.0 AppleWebKit/537.36 (KHTML, like Gecko; compatible; GPTBot/1.2; +https://openai.com/gptbot)"
20.171.207.253 - - [17/Jul/2025:12:52:38 +0000] "GET /items/travel-supplies/reels/5499331/ HTTP/1.1" 404 13316 "-" "Mozilla/5.0 AppleWebKit/537.36 (KHTML, like Gecko; compatible; GPTBot/1.2; +https://openai.com/gptbot)"
20.171.207.253 - - [17/Jul/2025:12:52:39 +0000] "GET /items/tickets/fitness-clubs/4023459/ HTTP/1.1" 404 13316 "-" "Mozilla/5.0 AppleWebKit/537.36 (KHTML, like Gecko; compatible; GPTBot/1.2; +https://openai.com/gptbot)"
209.74.77.214 - - [17/Jul/2025:12:52:41 +0000] "POST /wp-cron.php?doing_wp_cron=1752756761.2029249668121337890625 HTTP/1.1" 200 - "-" "WordPress/6.8.2; https://akaventures.com.au"
20.171.207.253 - - [17/Jul/2025:12:52:40 +0000] "GET /items/pet-supplies/aeration/1757855/ HTTP/1.1" 404 13316 "-" "Mozilla/5.0 AppleWebKit/537.36 (KHTML, like Gecko; compatible; GPTBot/1.2; +https://openai.com/gptbot)"
20.171.207.253 - - [17/Jul/2025:12:52:42 +0000] "GET /items/diy/grinding-machines/4104480/ HTTP/1.1" 404 13316 "-" "Mozilla/5.0 AppleWebKit/537.36 (KHTML, like Gecko; compatible; GPTBot/1.2; +https://openai.com/gptbot)"
20.171.207.253 - - [17/Jul/2025:12:52:43 +0000] "GET /items/travel-supplies/reels/5013605/ HTTP/1.1" 404 13316 "-" "Mozilla/5.0 AppleWebKit/537.36 (KHTML, like Gecko; compatible; GPTBot/1.2; +https://openai.com/gptbot)"
20.171.207.253 - - [17/Jul/2025:12:52:44 +0000] "GET /items/audio/digital-cameras/4277282/ HTTP/1.1" 404 13316 "-" "Mozilla/5.0 AppleWebKit/537.36 (KHTML, like Gecko; compatible; GPTBot/1.2; +https://openai.com/gptbot)"
20.171.207.253 - - [17/Jul/2025:12:52:45 +0000] "GET /items/computers/desktop-pcs/4554600/ HTTP/1.1" 404 13316 "-" "Mozilla/5.0 AppleWebKit/537.36 (KHTML, like Gecko; compatible; GPTBot/1.2; +https://openai.com/gptbot)"
20.171.207.253 - - [17/Jul/2025:12:52:46 +0000] "GET /items/travel-supplies/reels/3970015/ HTTP/1.1" 404 13316 "-" "Mozilla/5.0 AppleWebKit/537.36 (KHTML, like Gecko; compatible; GPTBot/1.2; +https://openai.com/gptbot)"
20.171.207.253 - - [17/Jul/2025:12:52:48 +0000] "GET /items/audio/digital-cameras/5265856/ HTTP/1.1" 404 13316 "-" "Mozilla/5.0 AppleWebKit/537.36 (KHTML, like Gecko; compatible; GPTBot/1.2; +https://openai.com/gptbot)"
20.171.207.253 - - [17/Jul/2025:12:52:49 +0000] "GET /items/tools/grinding-stones/3207113/ HTTP/1.1" 404 13317 "-" "Mozilla/5.0 AppleWebKit/537.36 (KHTML, like Gecko; compatible; GPTBot/1.2; +https://openai.com/gptbot)"
20.171.207.253 - - [17/Jul/2025:12:52:50 +0000] "GET /items/gardening/water-areas/3780882/ HTTP/1.1" 404 13316 "-" "Mozilla/5.0 AppleWebKit/537.36 (KHTML, like Gecko; compatible; GPTBot/1.2; +https://openai.com/gptbot)"
20.171.207.253 - - [17/Jul/2025:12:52:51 +0000] "GET /items/travel-supplies/reels/3053784/ HTTP/1.1" 404 13316 "-" "Mozilla/5.0 AppleWebKit/537.36 (KHTML, like Gecko; compatible; GPTBot/1.2; +https://openai.com/gptbot)"
20.171.207.253 - - [17/Jul/2025:12:52:52 +0000] "GET /items/fishing/outdoor-shoes/4770660/ HTTP/1.1" 404 13316 "-" "Mozilla/5.0 AppleWebKit/537.36 (KHTML, like Gecko; compatible; GPTBot/1.2; +https://openai.com/gptbot)"
20.171.207.253 - - [17/Jul/2025:12:52:53 +0000] "GET /items/art/brass-instruments/1991740/ HTTP/1.1" 404 13316 "-" "Mozilla/5.0 AppleWebKit/537.36 (KHTML, like Gecko; compatible; GPTBot/1.2; +https://openai.com/gptbot)"
20.171.207.253 - - [17/Jul/2025:12:52:55 +0000] "GET /items/cosmetics/base-makeup/4590154/ HTTP/1.1" 404 13316 "-" "Mozilla/5.0 AppleWebKit/537.36 (KHTML, like Gecko; compatible; GPTBot/1.2; +https://openai.com/gptbot)"
