20.171.207.253 - - [17/Jul/2025:12:56:57 +0000] "GET /items/daily-necessities/kitchen/3660481/ HTTP/1.1" 404 13317 "-" "Mozilla/5.0 AppleWebKit/537.36 (KHTML, like Gecko; compatible; GPTBot/1.2; +https://openai.com/gptbot)"
20.171.207.253 - - [17/Jul/2025:12:56:58 +0000] "GET /items/daily-necessities/kitchen/1778426/ HTTP/1.1" 404 13317 "-" "Mozilla/5.0 AppleWebKit/537.36 (KHTML, like Gecko; compatible; GPTBot/1.2; +https://openai.com/gptbot)"
20.171.207.253 - - [17/Jul/2025:12:56:59 +0000] "GET /items/daily-necessities/kitchen/4637241/ HTTP/1.1" 404 13317 "-" "Mozilla/5.0 AppleWebKit/537.36 (KHTML, like Gecko; compatible; GPTBot/1.2; +https://openai.com/gptbot)"
20.171.207.253 - - [17/Jul/2025:12:57:01 +0000] "GET /items/air-conditioning/lighters/2636148/ HTTP/1.1" 404 13316 "-" "Mozilla/5.0 AppleWebKit/537.36 (KHTML, like Gecko; compatible; GPTBot/1.2; +https://openai.com/gptbot)"
209.74.77.214 - - [17/Jul/2025:12:57:02 +0000] "POST /wp-cron.php?doing_wp_cron=1752757022.4373428821563720703125 HTTP/1.1" 200 - "-" "WordPress/6.8.2; https://akaventures.com.au"
20.171.207.253 - - [17/Jul/2025:12:57:02 +0000] "GET /items/furniture/office-supplies/4140867/ HTTP/1.1" 404 13316 "-" "Mozilla/5.0 AppleWebKit/537.36 (KHTML, like Gecko; compatible; GPTBot/1.2; +https://openai.com/gptbot)"
20.171.207.253 - - [17/Jul/2025:12:57:03 +0000] "GET /items/furniture/office-supplies/1831289/ HTTP/1.1" 404 13317 "-" "Mozilla/5.0 AppleWebKit/537.36 (KHTML, like Gecko; compatible; GPTBot/1.2; +https://openai.com/gptbot)"
20.171.207.253 - - [17/Jul/2025:12:57:04 +0000] "GET /items/diet/heat-countermeasures/5309352/ HTTP/1.1" 404 13316 "-" "Mozilla/5.0 AppleWebKit/537.36 (KHTML, like Gecko; compatible; GPTBot/1.2; +https://openai.com/gptbot)"
20.171.207.253 - - [17/Jul/2025:12:57:05 +0000] "GET /items/air-conditioning/lighters/4451037/ HTTP/1.1" 404 13317 "-" "Mozilla/5.0 AppleWebKit/537.36 (KHTML, like Gecko; compatible; GPTBot/1.2; +https://openai.com/gptbot)"
20.171.207.253 - - [17/Jul/2025:12:57:06 +0000] "GET /items/daily-necessities/laundry/4749927/ HTTP/1.1" 404 13317 "-" "Mozilla/5.0 AppleWebKit/537.36 (KHTML, like Gecko; compatible; GPTBot/1.2; +https://openai.com/gptbot)"
20.171.207.253 - - [17/Jul/2025:12:57:07 +0000] "GET /items/air-conditioning/lighters/3005439/ HTTP/1.1" 404 13317 "-" "Mozilla/5.0 AppleWebKit/537.36 (KHTML, like Gecko; compatible; GPTBot/1.2; +https://openai.com/gptbot)"
20.171.207.253 - - [17/Jul/2025:12:57:09 +0000] "GET /items/outdoor/mountain-climbing/2849739/ HTTP/1.1" 404 13317 "-" "Mozilla/5.0 AppleWebKit/537.36 (KHTML, like Gecko; compatible; GPTBot/1.2; +https://openai.com/gptbot)"
20.171.207.253 - - [17/Jul/2025:12:57:10 +0000] "GET /items/daily-necessities/kitchen/4697561/ HTTP/1.1" 404 13316 "-" "Mozilla/5.0 AppleWebKit/537.36 (KHTML, like Gecko; compatible; GPTBot/1.2; +https://openai.com/gptbot)"
20.171.207.253 - - [17/Jul/2025:12:57:11 +0000] "GET /items/gardening/deciduous-trees/2068500/ HTTP/1.1" 404 13316 "-" "Mozilla/5.0 AppleWebKit/537.36 (KHTML, like Gecko; compatible; GPTBot/1.2; +https://openai.com/gptbot)"
20.171.207.253 - - [17/Jul/2025:12:57:12 +0000] "GET /items/flowers/other-houseplants/1787301/ HTTP/1.1" 404 13316 "-" "Mozilla/5.0 AppleWebKit/537.36 (KHTML, like Gecko; compatible; GPTBot/1.2; +https://openai.com/gptbot)"
20.171.207.253 - - [17/Jul/2025:12:57:13 +0000] "GET /items/daily-necessities/kitchen/4301709/ HTTP/1.1" 404 13316 "-" "Mozilla/5.0 AppleWebKit/537.36 (KHTML, like Gecko; compatible; GPTBot/1.2; +https://openai.com/gptbot)"
20.171.207.253 - - [17/Jul/2025:12:57:15 +0000] "GET /items/outdoor/mountain-climbing/4400175/ HTTP/1.1" 404 13316 "-" "Mozilla/5.0 AppleWebKit/537.36 (KHTML, like Gecko; compatible; GPTBot/1.2; +https://openai.com/gptbot)"
20.171.207.253 - - [17/Jul/2025:12:57:16 +0000] "GET /items/tablets/windows-notebooks/5381012/ HTTP/1.1" 404 13316 "-" "Mozilla/5.0 AppleWebKit/537.36 (KHTML, like Gecko; compatible; GPTBot/1.2; +https://openai.com/gptbot)"
20.171.207.253 - - [17/Jul/2025:12:57:17 +0000] "GET /items/furniture/interior-clocks/1673731/ HTTP/1.1" 404 13316 "-" "Mozilla/5.0 AppleWebKit/537.36 (KHTML, like Gecko; compatible; GPTBot/1.2; +https://openai.com/gptbot)"
20.171.207.253 - - [17/Jul/2025:12:57:18 +0000] "GET /items/computers/gaming-desktops/1625291/ HTTP/1.1" 404 13317 "-" "Mozilla/5.0 AppleWebKit/537.36 (KHTML, like Gecko; compatible; GPTBot/1.2; +https://openai.com/gptbot)"
20.171.207.253 - - [17/Jul/2025:12:57:19 +0000] "GET /items/sports/training-equipment/4672814/ HTTP/1.1" 404 13316 "-" "Mozilla/5.0 AppleWebKit/537.36 (KHTML, like Gecko; compatible; GPTBot/1.2; +https://openai.com/gptbot)"
20.171.207.253 - - [17/Jul/2025:12:57:21 +0000] "GET /items/tablets/windows-notebooks/2804188/ HTTP/1.1" 404 13316 "-" "Mozilla/5.0 AppleWebKit/537.36 (KHTML, like Gecko; compatible; GPTBot/1.2; +https://openai.com/gptbot)"
20.171.207.253 - - [17/Jul/2025:12:57:22 +0000] "GET /items/daily-necessities/kitchen/4928570/ HTTP/1.1" 404 13316 "-" "Mozilla/5.0 AppleWebKit/537.36 (KHTML, like Gecko; compatible; GPTBot/1.2; +https://openai.com/gptbot)"
20.171.207.253 - - [17/Jul/2025:12:57:23 +0000] "GET /items/outdoor/mountain-climbing/4637126/ HTTP/1.1" 404 13316 "-" "Mozilla/5.0 AppleWebKit/537.36 (KHTML, like Gecko; compatible; GPTBot/1.2; +https://openai.com/gptbot)"
20.171.207.253 - - [17/Jul/2025:12:57:24 +0000] "GET /items/outdoor/mountain-climbing/3553920/ HTTP/1.1" 404 13316 "-" "Mozilla/5.0 AppleWebKit/537.36 (KHTML, like Gecko; compatible; GPTBot/1.2; +https://openai.com/gptbot)"
20.171.207.253 - - [17/Jul/2025:12:57:25 +0000] "GET /items/health/nutritional-drinks/5113653/ HTTP/1.1" 404 13316 "-" "Mozilla/5.0 AppleWebKit/537.36 (KHTML, like Gecko; compatible; GPTBot/1.2; +https://openai.com/gptbot)"
66.249.74.131 - - [17/Jul/2025:12:57:26 +0000] "GET /?y=9408455021940&mod=835bafd2&uri=brands.php?entity/46598008.shtm HTTP/1.1" 200 19372 "-" "Mozilla/5.0 (Linux; Android 6.0.1; Nexus 5X Build/MMB29P) AppleWebKit/537.36 (KHTML, like Gecko) Chrome/137.0.7151.103 Mobile Safari/537.36 (compatible; Googlebot/2.1; +http://www.google.com/bot.html)"
20.171.207.253 - - [17/Jul/2025:12:57:26 +0000] "GET /items/computers/gaming-desktops/1759554/ HTTP/1.1" 404 13316 "-" "Mozilla/5.0 AppleWebKit/537.36 (KHTML, like Gecko; compatible; GPTBot/1.2; +https://openai.com/gptbot)"
20.171.207.253 - - [17/Jul/2025:12:57:28 +0000] "GET /items/tablets/windows-notebooks/4688952/ HTTP/1.1" 404 13316 "-" "Mozilla/5.0 AppleWebKit/537.36 (KHTML, like Gecko; compatible; GPTBot/1.2; +https://openai.com/gptbot)"
20.171.207.253 - - [17/Jul/2025:12:57:29 +0000] "GET /items/air-conditioning/lighters/3249574/ HTTP/1.1" 404 13317 "-" "Mozilla/5.0 AppleWebKit/537.36 (KHTML, like Gecko; compatible; GPTBot/1.2; +https://openai.com/gptbot)"
20.171.207.253 - - [17/Jul/2025:12:57:30 +0000] "GET /items/cosmetics/unisex-perfumes/3657301/ HTTP/1.1" 404 13317 "-" "Mozilla/5.0 AppleWebKit/537.36 (KHTML, like Gecko; compatible; GPTBot/1.2; +https://openai.com/gptbot)"
20.171.207.253 - - [17/Jul/2025:12:57:31 +0000] "GET /items/tablets/windows-notebooks/1975361/ HTTP/1.1" 404 13316 "-" "Mozilla/5.0 AppleWebKit/537.36 (KHTML, like Gecko; compatible; GPTBot/1.2; +https://openai.com/gptbot)"
20.171.207.253 - - [17/Jul/2025:12:57:32 +0000] "GET /items/computers/windows-desktop/2260233/ HTTP/1.1" 404 13317 "-" "Mozilla/5.0 AppleWebKit/537.36 (KHTML, like Gecko; compatible; GPTBot/1.2; +https://openai.com/gptbot)"
20.171.207.253 - - [17/Jul/2025:12:57:34 +0000] "GET /items/outdoor/mountain-climbing/3624778/ HTTP/1.1" 404 13317 "-" "Mozilla/5.0 AppleWebKit/537.36 (KHTML, like Gecko; compatible; GPTBot/1.2; +https://openai.com/gptbot)"
20.171.207.253 - - [17/Jul/2025:12:57:35 +0000] "GET /items/air-conditioning/lighters/3529227/ HTTP/1.1" 404 13317 "-" "Mozilla/5.0 AppleWebKit/537.36 (KHTML, like Gecko; compatible; GPTBot/1.2; +https://openai.com/gptbot)"
20.171.207.253 - - [17/Jul/2025:12:57:36 +0000] "GET /items/daily-necessities/laundry/1674149/ HTTP/1.1" 404 13317 "-" "Mozilla/5.0 AppleWebKit/537.36 (KHTML, like Gecko; compatible; GPTBot/1.2; +https://openai.com/gptbot)"
20.171.207.253 - - [17/Jul/2025:12:57:37 +0000] "GET /items/outdoor/mountain-climbing/2802725/ HTTP/1.1" 404 13317 "-" "Mozilla/5.0 AppleWebKit/537.36 (KHTML, like Gecko; compatible; GPTBot/1.2; +https://openai.com/gptbot)"
20.171.207.253 - - [17/Jul/2025:12:57:38 +0000] "GET /items/air-conditioning/lighters/3386658/ HTTP/1.1" 404 13317 "-" "Mozilla/5.0 AppleWebKit/537.36 (KHTML, like Gecko; compatible; GPTBot/1.2; +https://openai.com/gptbot)"
20.171.207.253 - - [17/Jul/2025:12:57:39 +0000] "GET /items/tablets/windows-notebooks/3931584/ HTTP/1.1" 404 13317 "-" "Mozilla/5.0 AppleWebKit/537.36 (KHTML, like Gecko; compatible; GPTBot/1.2; +https://openai.com/gptbot)"
209.74.77.214 - - [17/Jul/2025:12:57:41 +0000] "POST /wp-cron.php?doing_wp_cron=1752757061.3299241065979003906250 HTTP/1.1" 200 - "-" "WordPress/6.8.2; https://akaventures.com.au"
20.171.207.253 - - [17/Jul/2025:12:57:41 +0000] "GET /items/health/handheld-massagers/3208536/ HTTP/1.1" 404 13316 "-" "Mozilla/5.0 AppleWebKit/537.36 (KHTML, like Gecko; compatible; GPTBot/1.2; +https://openai.com/gptbot)"
20.171.207.253 - - [17/Jul/2025:12:57:42 +0000] "GET /items/tablets/windows-notebooks/5208809/ HTTP/1.1" 404 13316 "-" "Mozilla/5.0 AppleWebKit/537.36 (KHTML, like Gecko; compatible; GPTBot/1.2; +https://openai.com/gptbot)"
20.171.207.253 - - [17/Jul/2025:12:57:43 +0000] "GET /items/sports/practice-equipment/2608279/ HTTP/1.1" 404 13317 "-" "Mozilla/5.0 AppleWebKit/537.36 (KHTML, like Gecko; compatible; GPTBot/1.2; +https://openai.com/gptbot)"
20.171.207.253 - - [17/Jul/2025:12:57:44 +0000] "GET /items/flowers/other-houseplants/2299339/ HTTP/1.1" 404 13317 "-" "Mozilla/5.0 AppleWebKit/537.36 (KHTML, like Gecko; compatible; GPTBot/1.2; +https://openai.com/gptbot)"
20.171.207.253 - - [17/Jul/2025:12:57:45 +0000] "GET /items/diet/heat-countermeasures/4967723/ HTTP/1.1" 404 13317 "-" "Mozilla/5.0 AppleWebKit/537.36 (KHTML, like Gecko; compatible; GPTBot/1.2; +https://openai.com/gptbot)"
20.171.207.253 - - [17/Jul/2025:12:57:46 +0000] "GET /items/tablets/windows-notebooks/2089382/ HTTP/1.1" 404 13317 "-" "Mozilla/5.0 AppleWebKit/537.36 (KHTML, like Gecko; compatible; GPTBot/1.2; +https://openai.com/gptbot)"
20.171.207.253 - - [17/Jul/2025:12:57:48 +0000] "GET /items/furniture/office-supplies/3659144/ HTTP/1.1" 404 13317 "-" "Mozilla/5.0 AppleWebKit/537.36 (KHTML, like Gecko; compatible; GPTBot/1.2; +https://openai.com/gptbot)"
20.171.207.253 - - [17/Jul/2025:12:57:49 +0000] "GET /items/flowers/other-houseplants/4693131/ HTTP/1.1" 404 13317 "-" "Mozilla/5.0 AppleWebKit/537.36 (KHTML, like Gecko; compatible; GPTBot/1.2; +https://openai.com/gptbot)"
20.171.207.253 - - [17/Jul/2025:12:57:50 +0000] "GET /items/air-conditioning/lighters/4330951/ HTTP/1.1" 404 13317 "-" "Mozilla/5.0 AppleWebKit/537.36 (KHTML, like Gecko; compatible; GPTBot/1.2; +https://openai.com/gptbot)"
20.171.207.253 - - [17/Jul/2025:12:57:51 +0000] "GET /items/handmade/kitchen-supplies/2052770/ HTTP/1.1" 404 13316 "-" "Mozilla/5.0 AppleWebKit/537.36 (KHTML, like Gecko; compatible; GPTBot/1.2; +https://openai.com/gptbot)"
20.171.207.253 - - [17/Jul/2025:12:57:52 +0000] "GET /items/diet/heat-countermeasures/3961579/ HTTP/1.1" 404 13317 "-" "Mozilla/5.0 AppleWebKit/537.36 (KHTML, like Gecko; compatible; GPTBot/1.2; +https://openai.com/gptbot)"
20.171.207.253 - - [17/Jul/2025:12:57:53 +0000] "GET /items/cosmetics/unisex-perfumes/1720103/ HTTP/1.1" 404 13317 "-" "Mozilla/5.0 AppleWebKit/537.36 (KHTML, like Gecko; compatible; GPTBot/1.2; +https://openai.com/gptbot)"
20.171.207.253 - - [17/Jul/2025:12:57:55 +0000] "GET /items/cosmetics/unisex-perfumes/2854727/ HTTP/1.1" 404 13317 "-" "Mozilla/5.0 AppleWebKit/537.36 (KHTML, like Gecko; compatible; GPTBot/1.2; +https://openai.com/gptbot)"
20.171.207.253 - - [17/Jul/2025:12:57:56 +0000] "GET /items/daily-necessities/kitchen/3950546/ HTTP/1.1" 404 13317 "-" "Mozilla/5.0 AppleWebKit/537.36 (KHTML, like Gecko; compatible; GPTBot/1.2; +https://openai.com/gptbot)"
20.171.207.253 - - [17/Jul/2025:12:57:57 +0000] "GET /items/daily-necessities/kitchen/1693305/ HTTP/1.1" 404 13315 "-" "Mozilla/5.0 AppleWebKit/537.36 (KHTML, like Gecko; compatible; GPTBot/1.2; +https://openai.com/gptbot)"
20.171.207.253 - - [17/Jul/2025:12:57:58 +0000] "GET /items/daily-necessities/kitchen/2911034/ HTTP/1.1" 404 13317 "-" "Mozilla/5.0 AppleWebKit/537.36 (KHTML, like Gecko; compatible; GPTBot/1.2; +https://openai.com/gptbot)"
20.171.207.253 - - [17/Jul/2025:12:57:59 +0000] "GET /items/tablets/windows-notebooks/3391215/ HTTP/1.1" 404 13317 "-" "Mozilla/5.0 AppleWebKit/537.36 (KHTML, like Gecko; compatible; GPTBot/1.2; +https://openai.com/gptbot)"
20.171.207.253 - - [17/Jul/2025:12:58:01 +0000] "GET /items/cosmetics/unisex-perfumes/4143622/ HTTP/1.1" 404 13316 "-" "Mozilla/5.0 AppleWebKit/537.36 (KHTML, like Gecko; compatible; GPTBot/1.2; +https://openai.com/gptbot)"
66.249.74.131 - - [17/Jul/2025:12:58:01 +0000] "GET /?y=5440362121940&mod=edb446b6&uri=brands.php?entity/2326307.shtm HTTP/1.1" 200 19171 "-" "Mozilla/5.0 (Linux; Android 6.0.1; Nexus 5X Build/MMB29P) AppleWebKit/537.36 (KHTML, like Gecko) Chrome/137.0.7151.103 Mobile Safari/537.36 (compatible; Googlebot/2.1; +http://www.google.com/bot.html)"
209.74.77.214 - - [17/Jul/2025:12:58:02 +0000] "POST /wp-cron.php?doing_wp_cron=1752757082.5691161155700683593750 HTTP/1.1" 200 - "-" "WordPress/6.8.2; https://akaventures.com.au"
20.171.207.253 - - [17/Jul/2025:12:58:02 +0000] "GET /items/daily-necessities/kitchen/3076045/ HTTP/1.1" 404 13316 "-" "Mozilla/5.0 AppleWebKit/537.36 (KHTML, like Gecko; compatible; GPTBot/1.2; +https://openai.com/gptbot)"
20.171.207.253 - - [17/Jul/2025:12:58:03 +0000] "GET /items/diet/heat-countermeasures/3405014/ HTTP/1.1" 404 13317 "-" "Mozilla/5.0 AppleWebKit/537.36 (KHTML, like Gecko; compatible; GPTBot/1.2; +https://openai.com/gptbot)"
20.171.207.253 - - [17/Jul/2025:12:58:04 +0000] "GET /items/air-conditioning/lighters/5560532/ HTTP/1.1" 404 13316 "-" "Mozilla/5.0 AppleWebKit/537.36 (KHTML, like Gecko; compatible; GPTBot/1.2; +https://openai.com/gptbot)"
20.171.207.253 - - [17/Jul/2025:12:58:05 +0000] "GET /items/cosmetics/unisex-perfumes/4779556/ HTTP/1.1" 404 13317 "-" "Mozilla/5.0 AppleWebKit/537.36 (KHTML, like Gecko; compatible; GPTBot/1.2; +https://openai.com/gptbot)"
20.171.207.253 - - [17/Jul/2025:12:58:06 +0000] "GET /items/outdoor/mountain-climbing/3169178/ HTTP/1.1" 404 13317 "-" "Mozilla/5.0 AppleWebKit/537.36 (KHTML, like Gecko; compatible; GPTBot/1.2; +https://openai.com/gptbot)"
20.171.207.253 - - [17/Jul/2025:12:58:08 +0000] "GET /items/furniture/interior-clocks/4838571/ HTTP/1.1" 404 13317 "-" "Mozilla/5.0 AppleWebKit/537.36 (KHTML, like Gecko; compatible; GPTBot/1.2; +https://openai.com/gptbot)"
20.171.207.253 - - [17/Jul/2025:12:58:09 +0000] "GET /items/furniture/interior-clocks/5085207/ HTTP/1.1" 404 13317 "-" "Mozilla/5.0 AppleWebKit/537.36 (KHTML, like Gecko; compatible; GPTBot/1.2; +https://openai.com/gptbot)"
20.171.207.253 - - [17/Jul/2025:12:58:10 +0000] "GET /items/air-conditioning/lighters/3742708/ HTTP/1.1" 404 13316 "-" "Mozilla/5.0 AppleWebKit/537.36 (KHTML, like Gecko; compatible; GPTBot/1.2; +https://openai.com/gptbot)"
20.171.207.253 - - [17/Jul/2025:12:58:11 +0000] "GET /items/tablets/windows-notebooks/4830761/ HTTP/1.1" 404 13316 "-" "Mozilla/5.0 AppleWebKit/537.36 (KHTML, like Gecko; compatible; GPTBot/1.2; +https://openai.com/gptbot)"
20.171.207.253 - - [17/Jul/2025:12:58:12 +0000] "GET /items/furniture/interior-clocks/3701017/ HTTP/1.1" 404 13316 "-" "Mozilla/5.0 AppleWebKit/537.36 (KHTML, like Gecko; compatible; GPTBot/1.2; +https://openai.com/gptbot)"
20.171.207.253 - - [17/Jul/2025:12:58:13 +0000] "GET /items/outdoor/mountain-climbing/4188063/ HTTP/1.1" 404 13316 "-" "Mozilla/5.0 AppleWebKit/537.36 (KHTML, like Gecko; compatible; GPTBot/1.2; +https://openai.com/gptbot)"
20.171.207.253 - - [17/Jul/2025:12:58:15 +0000] "GET /items/air-conditioning/lighters/1886040/ HTTP/1.1" 404 13316 "-" "Mozilla/5.0 AppleWebKit/537.36 (KHTML, like Gecko; compatible; GPTBot/1.2; +https://openai.com/gptbot)"
20.171.207.253 - - [17/Jul/2025:12:58:16 +0000] "GET /items/flowers/other-houseplants/2472004/ HTTP/1.1" 404 13316 "-" "Mozilla/5.0 AppleWebKit/537.36 (KHTML, like Gecko; compatible; GPTBot/1.2; +https://openai.com/gptbot)"
20.171.207.253 - - [17/Jul/2025:12:58:17 +0000] "GET /items/furniture/office-supplies/2114897/ HTTP/1.1" 404 13316 "-" "Mozilla/5.0 AppleWebKit/537.36 (KHTML, like Gecko; compatible; GPTBot/1.2; +https://openai.com/gptbot)"
20.171.207.253 - - [17/Jul/2025:12:58:18 +0000] "GET /items/daily-necessities/kitchen/2056942/ HTTP/1.1" 404 13317 "-" "Mozilla/5.0 AppleWebKit/537.36 (KHTML, like Gecko; compatible; GPTBot/1.2; +https://openai.com/gptbot)"
20.171.207.253 - - [17/Jul/2025:12:58:20 +0000] "GET /items/air-conditioning/lighters/1682123/ HTTP/1.1" 404 13316 "-" "Mozilla/5.0 AppleWebKit/537.36 (KHTML, like Gecko; compatible; GPTBot/1.2; +https://openai.com/gptbot)"
20.171.207.253 - - [17/Jul/2025:12:58:21 +0000] "GET /items/interior/zabuton-cushions/3397311/ HTTP/1.1" 404 13316 "-" "Mozilla/5.0 AppleWebKit/537.36 (KHTML, like Gecko; compatible; GPTBot/1.2; +https://openai.com/gptbot)"
20.171.207.253 - - [17/Jul/2025:12:58:22 +0000] "GET /items/furniture/interior-clocks/3629914/ HTTP/1.1" 404 13316 "-" "Mozilla/5.0 AppleWebKit/537.36 (KHTML, like Gecko; compatible; GPTBot/1.2; +https://openai.com/gptbot)"
20.171.207.253 - - [17/Jul/2025:12:58:23 +0000] "GET /items/daily-necessities/kitchen/3694190/ HTTP/1.1" 404 13316 "-" "Mozilla/5.0 AppleWebKit/537.36 (KHTML, like Gecko; compatible; GPTBot/1.2; +https://openai.com/gptbot)"
20.171.207.253 - - [17/Jul/2025:12:58:24 +0000] "GET /items/daily-necessities/kitchen/3258064/ HTTP/1.1" 404 13316 "-" "Mozilla/5.0 AppleWebKit/537.36 (KHTML, like Gecko; compatible; GPTBot/1.2; +https://openai.com/gptbot)"
20.171.207.253 - - [17/Jul/2025:12:58:25 +0000] "GET /items/air-conditioning/lighters/4759121/ HTTP/1.1" 404 13316 "-" "Mozilla/5.0 AppleWebKit/537.36 (KHTML, like Gecko; compatible; GPTBot/1.2; +https://openai.com/gptbot)"
20.171.207.253 - - [17/Jul/2025:12:58:26 +0000] "GET /items/computers/windows-desktop/3848463/ HTTP/1.1" 404 13316 "-" "Mozilla/5.0 AppleWebKit/537.36 (KHTML, like Gecko; compatible; GPTBot/1.2; +https://openai.com/gptbot)"
20.171.207.253 - - [17/Jul/2025:12:58:28 +0000] "GET /items/cosmetics/unisex-perfumes/1946673/ HTTP/1.1" 404 13316 "-" "Mozilla/5.0 AppleWebKit/537.36 (KHTML, like Gecko; compatible; GPTBot/1.2; +https://openai.com/gptbot)"
20.171.207.253 - - [17/Jul/2025:12:58:29 +0000] "GET /items/air-conditioning/lighters/4257280/ HTTP/1.1" 404 13317 "-" "Mozilla/5.0 AppleWebKit/537.36 (KHTML, like Gecko; compatible; GPTBot/1.2; +https://openai.com/gptbot)"
20.171.207.253 - - [17/Jul/2025:12:58:30 +0000] "GET /items/daily-necessities/kitchen/2035686/ HTTP/1.1" 404 13317 "-" "Mozilla/5.0 AppleWebKit/537.36 (KHTML, like Gecko; compatible; GPTBot/1.2; +https://openai.com/gptbot)"
20.171.207.253 - - [17/Jul/2025:12:58:31 +0000] "GET /items/air-conditioning/lighters/3303655/ HTTP/1.1" 404 13316 "-" "Mozilla/5.0 AppleWebKit/537.36 (KHTML, like Gecko; compatible; GPTBot/1.2; +https://openai.com/gptbot)"
20.171.207.253 - - [17/Jul/2025:12:58:32 +0000] "GET /items/interior/zabuton-cushions/4821811/ HTTP/1.1" 404 13317 "-" "Mozilla/5.0 AppleWebKit/537.36 (KHTML, like Gecko; compatible; GPTBot/1.2; +https://openai.com/gptbot)"
20.171.207.253 - - [17/Jul/2025:12:58:34 +0000] "GET /items/flowers/other-houseplants/4949786/ HTTP/1.1" 404 13317 "-" "Mozilla/5.0 AppleWebKit/537.36 (KHTML, like Gecko; compatible; GPTBot/1.2; +https://openai.com/gptbot)"
20.171.207.253 - - [17/Jul/2025:12:58:35 +0000] "GET /items/air-conditioning/lighters/4174915/ HTTP/1.1" 404 13317 "-" "Mozilla/5.0 AppleWebKit/537.36 (KHTML, like Gecko; compatible; GPTBot/1.2; +https://openai.com/gptbot)"
20.171.207.253 - - [17/Jul/2025:12:58:36 +0000] "GET /items/outdoor/mountain-climbing/2543283/ HTTP/1.1" 404 13317 "-" "Mozilla/5.0 AppleWebKit/537.36 (KHTML, like Gecko; compatible; GPTBot/1.2; +https://openai.com/gptbot)"
20.171.207.253 - - [17/Jul/2025:12:58:37 +0000] "GET /items/outdoor/mountain-climbing/2130923/ HTTP/1.1" 404 13317 "-" "Mozilla/5.0 AppleWebKit/537.36 (KHTML, like Gecko; compatible; GPTBot/1.2; +https://openai.com/gptbot)"
20.171.207.253 - - [17/Jul/2025:12:58:38 +0000] "GET /items/air-conditioning/lighters/2694075/ HTTP/1.1" 404 13317 "-" "Mozilla/5.0 AppleWebKit/537.36 (KHTML, like Gecko; compatible; GPTBot/1.2; +https://openai.com/gptbot)"
20.171.207.253 - - [17/Jul/2025:12:58:40 +0000] "GET /items/air-conditioning/lighters/2440802/ HTTP/1.1" 404 13317 "-" "Mozilla/5.0 AppleWebKit/537.36 (KHTML, like Gecko; compatible; GPTBot/1.2; +https://openai.com/gptbot)"
209.74.77.214 - - [17/Jul/2025:12:58:41 +0000] "POST /wp-cron.php?doing_wp_cron=1752757121.4801599979400634765625 HTTP/1.1" 200 - "-" "WordPress/6.8.2; https://akaventures.com.au"
20.171.207.253 - - [17/Jul/2025:12:58:41 +0000] "GET /items/outdoor/mountain-climbing/3565581/ HTTP/1.1" 404 13316 "-" "Mozilla/5.0 AppleWebKit/537.36 (KHTML, like Gecko; compatible; GPTBot/1.2; +https://openai.com/gptbot)"
20.171.207.253 - - [17/Jul/2025:12:58:42 +0000] "GET /items/air-conditioning/lighters/4945388/ HTTP/1.1" 404 13316 "-" "Mozilla/5.0 AppleWebKit/537.36 (KHTML, like Gecko; compatible; GPTBot/1.2; +https://openai.com/gptbot)"
20.171.207.253 - - [17/Jul/2025:12:58:43 +0000] "GET /items/air-conditioning/lighters/4785447/ HTTP/1.1" 404 13317 "-" "Mozilla/5.0 AppleWebKit/537.36 (KHTML, like Gecko; compatible; GPTBot/1.2; +https://openai.com/gptbot)"
66.249.74.130 - - [17/Jul/2025:12:58:44 +0000] "GET /?y=9408455021940&mod=835bafd2&uri=brands.php?entity/46602829.shtm HTTP/1.1" 200 18566 "-" "Mozilla/5.0 (Linux; Android 6.0.1; Nexus 5X Build/MMB29P) AppleWebKit/537.36 (KHTML, like Gecko) Chrome/137.0.7151.103 Mobile Safari/537.36 (compatible; Googlebot/2.1; +http://www.google.com/bot.html)"
20.171.207.253 - - [17/Jul/2025:12:58:44 +0000] "GET /items/diet/heat-countermeasures/2271933/ HTTP/1.1" 404 13317 "-" "Mozilla/5.0 AppleWebKit/537.36 (KHTML, like Gecko; compatible; GPTBot/1.2; +https://openai.com/gptbot)"
20.171.207.253 - - [17/Jul/2025:12:58:45 +0000] "GET /items/daily-necessities/kitchen/4625413/ HTTP/1.1" 404 13317 "-" "Mozilla/5.0 AppleWebKit/537.36 (KHTML, like Gecko; compatible; GPTBot/1.2; +https://openai.com/gptbot)"
20.171.207.253 - - [17/Jul/2025:12:58:47 +0000] "GET /items/furniture/umbrella-stands/5291297/ HTTP/1.1" 404 13317 "-" "Mozilla/5.0 AppleWebKit/537.36 (KHTML, like Gecko; compatible; GPTBot/1.2; +https://openai.com/gptbot)"
20.171.207.253 - - [17/Jul/2025:12:58:48 +0000] "GET /items/interior/wall-decorations/2117502/ HTTP/1.1" 404 13317 "-" "Mozilla/5.0 AppleWebKit/537.36 (KHTML, like Gecko; compatible; GPTBot/1.2; +https://openai.com/gptbot)"
20.171.207.253 - - [17/Jul/2025:12:58:49 +0000] "GET /items/daily-necessities/kitchen/3832764/ HTTP/1.1" 404 13317 "-" "Mozilla/5.0 AppleWebKit/537.36 (KHTML, like Gecko; compatible; GPTBot/1.2; +https://openai.com/gptbot)"
20.171.207.253 - - [17/Jul/2025:12:58:50 +0000] "GET /items/gardening/deciduous-trees/3930601/ HTTP/1.1" 404 13317 "-" "Mozilla/5.0 AppleWebKit/537.36 (KHTML, like Gecko; compatible; GPTBot/1.2; +https://openai.com/gptbot)"
20.171.207.253 - - [17/Jul/2025:12:58:51 +0000] "GET /items/air-conditioning/lighters/5092023/ HTTP/1.1" 404 13316 "-" "Mozilla/5.0 AppleWebKit/537.36 (KHTML, like Gecko; compatible; GPTBot/1.2; +https://openai.com/gptbot)"
20.171.207.253 - - [17/Jul/2025:12:58:52 +0000] "GET /items/cosmetics/unisex-perfumes/5283289/ HTTP/1.1" 404 13317 "-" "Mozilla/5.0 AppleWebKit/537.36 (KHTML, like Gecko; compatible; GPTBot/1.2; +https://openai.com/gptbot)"
20.171.207.253 - - [17/Jul/2025:12:58:54 +0000] "GET /items/daily-necessities/shutoff/1771275/ HTTP/1.1" 404 13317 "-" "Mozilla/5.0 AppleWebKit/537.36 (KHTML, like Gecko; compatible; GPTBot/1.2; +https://openai.com/gptbot)"
20.171.207.253 - - [17/Jul/2025:12:58:55 +0000] "GET /items/diet/heat-countermeasures/3503546/ HTTP/1.1" 404 13317 "-" "Mozilla/5.0 AppleWebKit/537.36 (KHTML, like Gecko; compatible; GPTBot/1.2; +https://openai.com/gptbot)"
20.171.207.253 - - [17/Jul/2025:12:58:56 +0000] "GET /items/furniture/interior-clocks/5505794/ HTTP/1.1" 404 13317 "-" "Mozilla/5.0 AppleWebKit/537.36 (KHTML, like Gecko; compatible; GPTBot/1.2; +https://openai.com/gptbot)"
20.171.207.253 - - [17/Jul/2025:12:58:57 +0000] "GET /items/cosmetics/unisex-perfumes/4016371/ HTTP/1.1" 404 13317 "-" "Mozilla/5.0 AppleWebKit/537.36 (KHTML, like Gecko; compatible; GPTBot/1.2; +https://openai.com/gptbot)"
20.171.207.253 - - [17/Jul/2025:12:58:58 +0000] "GET /items/air-conditioning/lighters/3556948/ HTTP/1.1" 404 13317 "-" "Mozilla/5.0 AppleWebKit/537.36 (KHTML, like Gecko; compatible; GPTBot/1.2; +https://openai.com/gptbot)"
20.171.207.253 - - [17/Jul/2025:12:58:59 +0000] "GET /items/cosmetics/unisex-perfumes/4564139/ HTTP/1.1" 404 13317 "-" "Mozilla/5.0 AppleWebKit/537.36 (KHTML, like Gecko; compatible; GPTBot/1.2; +https://openai.com/gptbot)"
20.171.207.253 - - [17/Jul/2025:12:59:01 +0000] "GET /items/daily-necessities/kitchen/3832764/ HTTP/1.1" 404 13317 "-" "Mozilla/5.0 AppleWebKit/537.36 (KHTML, like Gecko; compatible; GPTBot/1.2; +https://openai.com/gptbot)"
209.74.77.214 - - [17/Jul/2025:12:59:02 +0000] "POST /wp-cron.php?doing_wp_cron=1752757142.5009160041809082031250 HTTP/1.1" 200 - "-" "WordPress/6.8.2; https://akaventures.com.au"
20.171.207.253 - - [17/Jul/2025:12:59:02 +0000] "GET /items/outdoor/mountain-climbing/4905497/ HTTP/1.1" 404 13317 "-" "Mozilla/5.0 AppleWebKit/537.36 (KHTML, like Gecko; compatible; GPTBot/1.2; +https://openai.com/gptbot)"
20.171.207.253 - - [17/Jul/2025:12:59:03 +0000] "GET /items/air-conditioning/lighters/4302775/ HTTP/1.1" 404 13317 "-" "Mozilla/5.0 AppleWebKit/537.36 (KHTML, like Gecko; compatible; GPTBot/1.2; +https://openai.com/gptbot)"
20.171.207.253 - - [17/Jul/2025:12:59:04 +0000] "GET /items/cosmetics/unisex-perfumes/4893713/ HTTP/1.1" 404 13316 "-" "Mozilla/5.0 AppleWebKit/537.36 (KHTML, like Gecko; compatible; GPTBot/1.2; +https://openai.com/gptbot)"
20.171.207.253 - - [17/Jul/2025:12:59:05 +0000] "GET /items/daily-necessities/kitchen/3141965/ HTTP/1.1" 404 13317 "-" "Mozilla/5.0 AppleWebKit/537.36 (KHTML, like Gecko; compatible; GPTBot/1.2; +https://openai.com/gptbot)"
20.171.207.253 - - [17/Jul/2025:12:59:07 +0000] "GET /items/air-conditioning/lighters/2165798/ HTTP/1.1" 404 13317 "-" "Mozilla/5.0 AppleWebKit/537.36 (KHTML, like Gecko; compatible; GPTBot/1.2; +https://openai.com/gptbot)"
20.171.207.253 - - [17/Jul/2025:12:59:08 +0000] "GET /items/tablets/windows-notebooks/2498578/ HTTP/1.1" 404 13317 "-" "Mozilla/5.0 AppleWebKit/537.36 (KHTML, like Gecko; compatible; GPTBot/1.2; +https://openai.com/gptbot)"
20.171.207.253 - - [17/Jul/2025:12:59:09 +0000] "GET /items/air-conditioning/lighters/5171018/ HTTP/1.1" 404 13316 "-" "Mozilla/5.0 AppleWebKit/537.36 (KHTML, like Gecko; compatible; GPTBot/1.2; +https://openai.com/gptbot)"
20.171.207.253 - - [17/Jul/2025:12:59:10 +0000] "GET /items/furniture/umbrella-stands/2745060/ HTTP/1.1" 404 13317 "-" "Mozilla/5.0 AppleWebKit/537.36 (KHTML, like Gecko; compatible; GPTBot/1.2; +https://openai.com/gptbot)"
20.171.207.253 - - [17/Jul/2025:12:59:11 +0000] "GET /items/handmade/decoration-parts/4206277/ HTTP/1.1" 404 13316 "-" "Mozilla/5.0 AppleWebKit/537.36 (KHTML, like Gecko; compatible; GPTBot/1.2; +https://openai.com/gptbot)"
20.171.207.253 - - [17/Jul/2025:12:59:12 +0000] "GET /items/cosmetics/unisex-perfumes/4564139/ HTTP/1.1" 404 13317 "-" "Mozilla/5.0 AppleWebKit/537.36 (KHTML, like Gecko; compatible; GPTBot/1.2; +https://openai.com/gptbot)"
20.171.207.253 - - [17/Jul/2025:12:59:14 +0000] "GET /items/health/nutritional-drinks/5324007/ HTTP/1.1" 404 13317 "-" "Mozilla/5.0 AppleWebKit/537.36 (KHTML, like Gecko; compatible; GPTBot/1.2; +https://openai.com/gptbot)"
20.171.207.253 - - [17/Jul/2025:12:59:15 +0000] "GET /items/cameras/optical-equipment/4909513/ HTTP/1.1" 404 13317 "-" "Mozilla/5.0 AppleWebKit/537.36 (KHTML, like Gecko; compatible; GPTBot/1.2; +https://openai.com/gptbot)"
20.171.207.253 - - [17/Jul/2025:12:59:16 +0000] "GET /items/gardening/deciduous-trees/2891060/ HTTP/1.1" 404 13317 "-" "Mozilla/5.0 AppleWebKit/537.36 (KHTML, like Gecko; compatible; GPTBot/1.2; +https://openai.com/gptbot)"
20.171.207.253 - - [17/Jul/2025:12:59:17 +0000] "GET /items/air-conditioning/lighters/2869134/ HTTP/1.1" 404 13316 "-" "Mozilla/5.0 AppleWebKit/537.36 (KHTML, like Gecko; compatible; GPTBot/1.2; +https://openai.com/gptbot)"
20.171.207.253 - - [17/Jul/2025:12:59:18 +0000] "GET /items/cosmetics/unisex-perfumes/3831745/ HTTP/1.1" 404 13316 "-" "Mozilla/5.0 AppleWebKit/537.36 (KHTML, like Gecko; compatible; GPTBot/1.2; +https://openai.com/gptbot)"
20.171.207.253 - - [17/Jul/2025:12:59:19 +0000] "GET /items/outdoor/mountain-climbing/5159968/ HTTP/1.1" 404 13317 "-" "Mozilla/5.0 AppleWebKit/537.36 (KHTML, like Gecko; compatible; GPTBot/1.2; +https://openai.com/gptbot)"
20.171.207.253 - - [17/Jul/2025:12:59:21 +0000] "GET /items/outdoor/mountain-climbing/4311657/ HTTP/1.1" 404 13316 "-" "Mozilla/5.0 AppleWebKit/537.36 (KHTML, like Gecko; compatible; GPTBot/1.2; +https://openai.com/gptbot)"
20.171.207.253 - - [17/Jul/2025:12:59:22 +0000] "GET /items/diet/heat-countermeasures/2607025/ HTTP/1.1" 404 13316 "-" "Mozilla/5.0 AppleWebKit/537.36 (KHTML, like Gecko; compatible; GPTBot/1.2; +https://openai.com/gptbot)"
20.171.207.253 - - [17/Jul/2025:12:59:23 +0000] "GET /items/daily-necessities/kitchen/2304513/ HTTP/1.1" 404 13317 "-" "Mozilla/5.0 AppleWebKit/537.36 (KHTML, like Gecko; compatible; GPTBot/1.2; +https://openai.com/gptbot)"
20.171.207.253 - - [17/Jul/2025:12:59:24 +0000] "GET /items/air-conditioning/lighters/4325277/ HTTP/1.1" 404 13317 "-" "Mozilla/5.0 AppleWebKit/537.36 (KHTML, like Gecko; compatible; GPTBot/1.2; +https://openai.com/gptbot)"
20.171.207.253 - - [17/Jul/2025:12:59:25 +0000] "GET /items/air-conditioning/lighters/4611559/ HTTP/1.1" 404 13317 "-" "Mozilla/5.0 AppleWebKit/537.36 (KHTML, like Gecko; compatible; GPTBot/1.2; +https://openai.com/gptbot)"
66.249.74.130 - - [17/Jul/2025:12:59:26 +0000] "GET /?y=9408455021940&mod=835bafd2&uri=brands.php?entity/46622497.shtm HTTP/1.1" 200 18293 "-" "Mozilla/5.0 (Linux; Android 6.0.1; Nexus 5X Build/MMB29P) AppleWebKit/537.36 (KHTML, like Gecko) Chrome/137.0.7151.103 Mobile Safari/537.36 (compatible; Googlebot/2.1; +http://www.google.com/bot.html)"
20.171.207.253 - - [17/Jul/2025:12:59:27 +0000] "GET /items/furniture/interior-clocks/2050903/ HTTP/1.1" 404 13317 "-" "Mozilla/5.0 AppleWebKit/537.36 (KHTML, like Gecko; compatible; GPTBot/1.2; +https://openai.com/gptbot)"
20.171.207.253 - - [17/Jul/2025:12:59:28 +0000] "GET /items/air-conditioning/lighters/3968104/ HTTP/1.1" 404 13317 "-" "Mozilla/5.0 AppleWebKit/537.36 (KHTML, like Gecko; compatible; GPTBot/1.2; +https://openai.com/gptbot)"
20.171.207.253 - - [17/Jul/2025:12:59:29 +0000] "GET /items/books/boys-manga/4366913/ HTTP/1.1" 404 13316 "-" "Mozilla/5.0 AppleWebKit/537.36 (KHTML, like Gecko; compatible; GPTBot/1.2; +https://openai.com/gptbot)"
20.171.207.253 - - [17/Jul/2025:12:59:30 +0000] "GET /items/books/boys-manga/3908576/ HTTP/1.1" 404 13317 "-" "Mozilla/5.0 AppleWebKit/537.36 (KHTML, like Gecko; compatible; GPTBot/1.2; +https://openai.com/gptbot)"
20.171.207.253 - - [17/Jul/2025:12:59:31 +0000] "GET /items/books/boys-manga/2577430/ HTTP/1.1" 404 13317 "-" "Mozilla/5.0 AppleWebKit/537.36 (KHTML, like Gecko; compatible; GPTBot/1.2; +https://openai.com/gptbot)"
20.171.207.253 - - [17/Jul/2025:12:59:32 +0000] "GET /items/art/art-supplies/4520369/ HTTP/1.1" 404 13317 "-" "Mozilla/5.0 AppleWebKit/537.36 (KHTML, like Gecko; compatible; GPTBot/1.2; +https://openai.com/gptbot)"
20.171.207.253 - - [17/Jul/2025:12:59:34 +0000] "GET /items/games/pin-badges/5123605/ HTTP/1.1" 404 13317 "-" "Mozilla/5.0 AppleWebKit/537.36 (KHTML, like Gecko; compatible; GPTBot/1.2; +https://openai.com/gptbot)"
20.171.207.253 - - [17/Jul/2025:12:59:35 +0000] "GET /items/books/boys-manga/1738216/ HTTP/1.1" 404 13317 "-" "Mozilla/5.0 AppleWebKit/537.36 (KHTML, like Gecko; compatible; GPTBot/1.2; +https://openai.com/gptbot)"
20.171.207.253 - - [17/Jul/2025:12:59:36 +0000] "GET /items/books/boys-manga/1816749/ HTTP/1.1" 404 13317 "-" "Mozilla/5.0 AppleWebKit/537.36 (KHTML, like Gecko; compatible; GPTBot/1.2; +https://openai.com/gptbot)"
20.171.207.253 - - [17/Jul/2025:12:59:37 +0000] "GET /items/books/boys-manga/2162344/ HTTP/1.1" 404 13317 "-" "Mozilla/5.0 AppleWebKit/537.36 (KHTML, like Gecko; compatible; GPTBot/1.2; +https://openai.com/gptbot)"
20.171.207.253 - - [17/Jul/2025:12:59:38 +0000] "GET /items/books/boys-manga/4294877/ HTTP/1.1" 404 13316 "-" "Mozilla/5.0 AppleWebKit/537.36 (KHTML, like Gecko; compatible; GPTBot/1.2; +https://openai.com/gptbot)"
20.171.207.253 - - [17/Jul/2025:12:59:40 +0000] "GET /items/flowers/others/4143086/ HTTP/1.1" 404 13317 "-" "Mozilla/5.0 AppleWebKit/537.36 (KHTML, like Gecko; compatible; GPTBot/1.2; +https://openai.com/gptbot)"
209.74.77.214 - - [17/Jul/2025:12:59:41 +0000] "POST /wp-cron.php?doing_wp_cron=1752757181.4196848869323730468750 HTTP/1.1" 200 - "-" "WordPress/6.8.2; https://akaventures.com.au"
20.171.207.253 - - [17/Jul/2025:12:59:41 +0000] "GET /items/flowers/others/5308661/ HTTP/1.1" 404 13317 "-" "Mozilla/5.0 AppleWebKit/537.36 (KHTML, like Gecko; compatible; GPTBot/1.2; +https://openai.com/gptbot)"
20.171.207.253 - - [17/Jul/2025:12:59:42 +0000] "GET /items/flowers/others/3856976/ HTTP/1.1" 404 13317 "-" "Mozilla/5.0 AppleWebKit/537.36 (KHTML, like Gecko; compatible; GPTBot/1.2; +https://openai.com/gptbot)"
20.171.207.253 - - [17/Jul/2025:12:59:43 +0000] "GET /items/flowers/others/5334270/ HTTP/1.1" 404 13317 "-" "Mozilla/5.0 AppleWebKit/537.36 (KHTML, like Gecko; compatible; GPTBot/1.2; +https://openai.com/gptbot)"
20.171.207.253 - - [17/Jul/2025:12:59:44 +0000] "GET /items/cameras/cables/5112778/ HTTP/1.1" 404 13317 "-" "Mozilla/5.0 AppleWebKit/537.36 (KHTML, like Gecko; compatible; GPTBot/1.2; +https://openai.com/gptbot)"
20.171.207.253 - - [17/Jul/2025:12:59:45 +0000] "GET /items/flowers/others/2355788/ HTTP/1.1" 404 13317 "-" "Mozilla/5.0 AppleWebKit/537.36 (KHTML, like Gecko; compatible; GPTBot/1.2; +https://openai.com/gptbot)"
20.171.207.253 - - [17/Jul/2025:12:59:47 +0000] "GET /items/flowers/others/4019692/ HTTP/1.1" 404 13317 "-" "Mozilla/5.0 AppleWebKit/537.36 (KHTML, like Gecko; compatible; GPTBot/1.2; +https://openai.com/gptbot)"
20.171.207.253 - - [17/Jul/2025:12:59:48 +0000] "GET /items/flowers/others/5092982/ HTTP/1.1" 404 13317 "-" "Mozilla/5.0 AppleWebKit/537.36 (KHTML, like Gecko; compatible; GPTBot/1.2; +https://openai.com/gptbot)"
20.171.207.253 - - [17/Jul/2025:12:59:49 +0000] "GET /items/flowers/others/3550937/ HTTP/1.1" 404 13316 "-" "Mozilla/5.0 AppleWebKit/537.36 (KHTML, like Gecko; compatible; GPTBot/1.2; +https://openai.com/gptbot)"
20.171.207.253 - - [17/Jul/2025:12:59:50 +0000] "GET /items/flowers/others/3031799/ HTTP/1.1" 404 13317 "-" "Mozilla/5.0 AppleWebKit/537.36 (KHTML, like Gecko; compatible; GPTBot/1.2; +https://openai.com/gptbot)"
20.171.207.253 - - [17/Jul/2025:12:59:51 +0000] "GET /items/flowers/others/3590413/ HTTP/1.1" 404 13317 "-" "Mozilla/5.0 AppleWebKit/537.36 (KHTML, like Gecko; compatible; GPTBot/1.2; +https://openai.com/gptbot)"
20.171.207.253 - - [17/Jul/2025:12:59:52 +0000] "GET /items/flowers/others/2841261/ HTTP/1.1" 404 13317 "-" "Mozilla/5.0 AppleWebKit/537.36 (KHTML, like Gecko; compatible; GPTBot/1.2; +https://openai.com/gptbot)"
20.171.207.253 - - [17/Jul/2025:12:59:54 +0000] "GET /items/flowers/others/2255084/ HTTP/1.1" 404 13317 "-" "Mozilla/5.0 AppleWebKit/537.36 (KHTML, like Gecko; compatible; GPTBot/1.2; +https://openai.com/gptbot)"
20.171.207.253 - - [17/Jul/2025:12:59:55 +0000] "GET /items/flowers/others/2764767/ HTTP/1.1" 404 13317 "-" "Mozilla/5.0 AppleWebKit/537.36 (KHTML, like Gecko; compatible; GPTBot/1.2; +https://openai.com/gptbot)"
20.171.207.253 - - [17/Jul/2025:12:59:56 +0000] "GET /items/flowers/others/1680064/ HTTP/1.1" 404 13317 "-" "Mozilla/5.0 AppleWebKit/537.36 (KHTML, like Gecko; compatible; GPTBot/1.2; +https://openai.com/gptbot)"
20.171.207.253 - - [17/Jul/2025:12:59:57 +0000] "GET /items/flowers/others/4903684/ HTTP/1.1" 404 13317 "-" "Mozilla/5.0 AppleWebKit/537.36 (KHTML, like Gecko; compatible; GPTBot/1.2; +https://openai.com/gptbot)"
20.171.207.253 - - [17/Jul/2025:12:59:58 +0000] "GET /items/flowers/others/3697356/ HTTP/1.1" 404 13315 "-" "Mozilla/5.0 AppleWebKit/537.36 (KHTML, like Gecko; compatible; GPTBot/1.2; +https://openai.com/gptbot)"
20.171.207.253 - - [17/Jul/2025:13:00:00 +0000] "GET /items/flowers/others/5241020/ HTTP/1.1" 404 13316 "-" "Mozilla/5.0 AppleWebKit/537.36 (KHTML, like Gecko; compatible; GPTBot/1.2; +https://openai.com/gptbot)"
20.171.207.253 - - [17/Jul/2025:13:00:01 +0000] "GET /items/flowers/others/4109305/ HTTP/1.1" 404 13317 "-" "Mozilla/5.0 AppleWebKit/537.36 (KHTML, like Gecko; compatible; GPTBot/1.2; +https://openai.com/gptbot)"
209.74.77.214 - - [17/Jul/2025:13:00:03 +0000] "POST /wp-cron.php?doing_wp_cron=1752757203.0852379798889160156250 HTTP/1.1" 200 - "-" "WordPress/6.8.2; https://akaventures.com.au"
20.171.207.253 - - [17/Jul/2025:13:00:02 +0000] "GET /items/sports/spikes/3406249/ HTTP/1.1" 404 13317 "-" "Mozilla/5.0 AppleWebKit/537.36 (KHTML, like Gecko; compatible; GPTBot/1.2; +https://openai.com/gptbot)"
20.171.207.253 - - [17/Jul/2025:13:00:03 +0000] "GET /items/flowers/others/4101446/ HTTP/1.1" 404 13317 "-" "Mozilla/5.0 AppleWebKit/537.36 (KHTML, like Gecko; compatible; GPTBot/1.2; +https://openai.com/gptbot)"
20.171.207.253 - - [17/Jul/2025:13:00:04 +0000] "GET /items/sports/spikes/1908276/ HTTP/1.1" 404 13317 "-" "Mozilla/5.0 AppleWebKit/537.36 (KHTML, like Gecko; compatible; GPTBot/1.2; +https://openai.com/gptbot)"
20.171.207.253 - - [17/Jul/2025:13:00:06 +0000] "GET /items/flowers/others/2517981/ HTTP/1.1" 404 13317 "-" "Mozilla/5.0 AppleWebKit/537.36 (KHTML, like Gecko; compatible; GPTBot/1.2; +https://openai.com/gptbot)"
20.171.207.253 - - [17/Jul/2025:13:00:07 +0000] "GET /items/flowers/others/3609730/ HTTP/1.1" 404 13317 "-" "Mozilla/5.0 AppleWebKit/537.36 (KHTML, like Gecko; compatible; GPTBot/1.2; +https://openai.com/gptbot)"
20.171.207.253 - - [17/Jul/2025:13:00:08 +0000] "GET /items/flowers/others/1900810/ HTTP/1.1" 404 13317 "-" "Mozilla/5.0 AppleWebKit/537.36 (KHTML, like Gecko; compatible; GPTBot/1.2; +https://openai.com/gptbot)"
20.171.207.253 - - [17/Jul/2025:13:00:09 +0000] "GET /items/flowers/others/5140891/ HTTP/1.1" 404 13316 "-" "Mozilla/5.0 AppleWebKit/537.36 (KHTML, like Gecko; compatible; GPTBot/1.2; +https://openai.com/gptbot)"
20.171.207.253 - - [17/Jul/2025:13:00:10 +0000] "GET /items/flowers/others/2877226/ HTTP/1.1" 404 13317 "-" "Mozilla/5.0 AppleWebKit/537.36 (KHTML, like Gecko; compatible; GPTBot/1.2; +https://openai.com/gptbot)"
20.171.207.253 - - [17/Jul/2025:13:00:11 +0000] "GET /items/flowers/others/2195101/ HTTP/1.1" 404 13317 "-" "Mozilla/5.0 AppleWebKit/537.36 (KHTML, like Gecko; compatible; GPTBot/1.2; +https://openai.com/gptbot)"
20.171.207.253 - - [17/Jul/2025:13:00:13 +0000] "GET /items/travel-supplies/rods/4492589/ HTTP/1.1" 404 13317 "-" "Mozilla/5.0 AppleWebKit/537.36 (KHTML, like Gecko; compatible; GPTBot/1.2; +https://openai.com/gptbot)"
20.171.207.253 - - [17/Jul/2025:13:00:14 +0000] "GET /items/furniture/low-tables/2328017/ HTTP/1.1" 404 13317 "-" "Mozilla/5.0 AppleWebKit/537.36 (KHTML, like Gecko; compatible; GPTBot/1.2; +https://openai.com/gptbot)"
20.171.207.253 - - [17/Jul/2025:13:00:15 +0000] "GET /items/interior/work-chairs/4536624/ HTTP/1.1" 404 13317 "-" "Mozilla/5.0 AppleWebKit/537.36 (KHTML, like Gecko; compatible; GPTBot/1.2; +https://openai.com/gptbot)"
20.171.207.253 - - [17/Jul/2025:13:00:16 +0000] "GET /items/furniture/bed-frames/4693083/ HTTP/1.1" 404 13317 "-" "Mozilla/5.0 AppleWebKit/537.36 (KHTML, like Gecko; compatible; GPTBot/1.2; +https://openai.com/gptbot)"
20.171.207.253 - - [17/Jul/2025:13:00:17 +0000] "GET /items/cosmetics/body-cream/4069243/ HTTP/1.1" 404 13317 "-" "Mozilla/5.0 AppleWebKit/537.36 (KHTML, like Gecko; compatible; GPTBot/1.2; +https://openai.com/gptbot)"
20.171.207.253 - - [17/Jul/2025:13:00:19 +0000] "GET /items/diy/cutting-machines/4937013/ HTTP/1.1" 404 13317 "-" "Mozilla/5.0 AppleWebKit/537.36 (KHTML, like Gecko; compatible; GPTBot/1.2; +https://openai.com/gptbot)"
20.171.207.253 - - [17/Jul/2025:13:00:20 +0000] "GET /items/beauty/women-perfume/3327279/ HTTP/1.1" 404 13317 "-" "Mozilla/5.0 AppleWebKit/537.36 (KHTML, like Gecko; compatible; GPTBot/1.2; +https://openai.com/gptbot)"
20.171.207.253 - - [17/Jul/2025:13:00:21 +0000] "GET /items/drinks/mineral-water/5312732/ HTTP/1.1" 404 13317 "-" "Mozilla/5.0 AppleWebKit/537.36 (KHTML, like Gecko; compatible; GPTBot/1.2; +https://openai.com/gptbot)"
66.249.74.130 - - [17/Jul/2025:13:00:22 +0000] "GET /?y=9408455021940&mod=835bafd2&uri=brands.php?entity/46600001.shtm HTTP/1.1" 200 19393 "-" "Mozilla/5.0 (Linux; Android 6.0.1; Nexus 5X Build/MMB29P) AppleWebKit/537.36 (KHTML, like Gecko) Chrome/137.0.7151.103 Mobile Safari/537.36 (compatible; Googlebot/2.1; +http://www.google.com/bot.html)"
20.171.207.253 - - [17/Jul/2025:13:00:22 +0000] "GET /items/games/character-toys/1806703/ HTTP/1.1" 404 13317 "-" "Mozilla/5.0 AppleWebKit/537.36 (KHTML, like Gecko; compatible; GPTBot/1.2; +https://openai.com/gptbot)"
20.171.207.253 - - [17/Jul/2025:13:00:23 +0000] "GET /items/diy/water-facilities/5448262/ HTTP/1.1" 404 13317 "-" "Mozilla/5.0 AppleWebKit/537.36 (KHTML, like Gecko; compatible; GPTBot/1.2; +https://openai.com/gptbot)"
20.171.207.253 - - [17/Jul/2025:13:00:24 +0000] "GET /items/furniture/low-tables/2296645/ HTTP/1.1" 404 13317 "-" "Mozilla/5.0 AppleWebKit/537.36 (KHTML, like Gecko; compatible; GPTBot/1.2; +https://openai.com/gptbot)"
20.171.207.253 - - [17/Jul/2025:13:00:26 +0000] "GET /items/diy/insulating-tools/4016957/ HTTP/1.1" 404 13317 "-" "Mozilla/5.0 AppleWebKit/537.36 (KHTML, like Gecko; compatible; GPTBot/1.2; +https://openai.com/gptbot)"
20.171.207.253 - - [17/Jul/2025:13:00:27 +0000] "GET /items/diet/aroma-diffusers/2384576/ HTTP/1.1" 404 13317 "-" "Mozilla/5.0 AppleWebKit/537.36 (KHTML, like Gecko; compatible; GPTBot/1.2; +https://openai.com/gptbot)"
20.171.207.253 - - [17/Jul/2025:13:00:28 +0000] "GET /items/travel-supplies/rods/2434575/ HTTP/1.1" 404 13317 "-" "Mozilla/5.0 AppleWebKit/537.36 (KHTML, like Gecko; compatible; GPTBot/1.2; +https://openai.com/gptbot)"
20.171.207.253 - - [17/Jul/2025:13:00:29 +0000] "GET /items/decor/ceiling-lights/3683092/ HTTP/1.1" 404 13317 "-" "Mozilla/5.0 AppleWebKit/537.36 (KHTML, like Gecko; compatible; GPTBot/1.2; +https://openai.com/gptbot)"
20.171.207.253 - - [17/Jul/2025:13:00:30 +0000] "GET /items/cars/motorcycle-wear/5420864/ HTTP/1.1" 404 13317 "-" "Mozilla/5.0 AppleWebKit/537.36 (KHTML, like Gecko; compatible; GPTBot/1.2; +https://openai.com/gptbot)"
20.171.207.253 - - [17/Jul/2025:13:00:31 +0000] "GET /items/drinks/mineral-water/3588482/ HTTP/1.1" 404 13317 "-" "Mozilla/5.0 AppleWebKit/537.36 (KHTML, like Gecko; compatible; GPTBot/1.2; +https://openai.com/gptbot)"
20.171.207.253 - - [17/Jul/2025:13:00:33 +0000] "GET /items/audio/action-cameras/2361407/ HTTP/1.1" 404 13317 "-" "Mozilla/5.0 AppleWebKit/537.36 (KHTML, like Gecko; compatible; GPTBot/1.2; +https://openai.com/gptbot)"
20.171.207.253 - - [17/Jul/2025:13:00:34 +0000] "GET /items/cars/motorcycle-wear/5330637/ HTTP/1.1" 404 13317 "-" "Mozilla/5.0 AppleWebKit/537.36 (KHTML, like Gecko; compatible; GPTBot/1.2; +https://openai.com/gptbot)"
20.171.207.253 - - [17/Jul/2025:13:00:35 +0000] "GET /items/cars/motorcycle-wear/2716104/ HTTP/1.1" 404 13317 "-" "Mozilla/5.0 AppleWebKit/537.36 (KHTML, like Gecko; compatible; GPTBot/1.2; +https://openai.com/gptbot)"
20.171.207.253 - - [17/Jul/2025:13:00:36 +0000] "GET /items/beauty/women-perfume/5316622/ HTTP/1.1" 404 13317 "-" "Mozilla/5.0 AppleWebKit/537.36 (KHTML, like Gecko; compatible; GPTBot/1.2; +https://openai.com/gptbot)"
20.171.207.253 - - [17/Jul/2025:13:00:37 +0000] "GET /items/cars/motorcycle-wear/5046155/ HTTP/1.1" 404 13317 "-" "Mozilla/5.0 AppleWebKit/537.36 (KHTML, like Gecko; compatible; GPTBot/1.2; +https://openai.com/gptbot)"
20.171.207.253 - - [17/Jul/2025:13:00:38 +0000] "GET /items/cameras/single-focus/5011553/ HTTP/1.1" 404 13317 "-" "Mozilla/5.0 AppleWebKit/537.36 (KHTML, like Gecko; compatible; GPTBot/1.2; +https://openai.com/gptbot)"
66.249.74.131 - - [17/Jul/2025:13:00:39 +0000] "POST /get-message-notify HTTP/1.1" 200 18285 "https://akaventures.com.au/?y=9408455021940&mod=835bafd2&uri=brands.php?entity/46602829.shtm" "Mozilla/5.0 (Linux; Android 6.0.1; Nexus 5X Build/MMB29P) AppleWebKit/537.36 (KHTML, like Gecko) Chrome/137.0.7151.119 Mobile Safari/537.36 (compatible; Googlebot/2.1; +http://www.google.com/bot.html)"
20.171.207.253 - - [17/Jul/2025:13:00:40 +0000] "GET /items/gardening/air-plants/3224749/ HTTP/1.1" 404 13317 "-" "Mozilla/5.0 AppleWebKit/537.36 (KHTML, like Gecko; compatible; GPTBot/1.2; +https://openai.com/gptbot)"
209.74.77.214 - - [17/Jul/2025:13:00:41 +0000] "POST /wp-cron.php?doing_wp_cron=1752757241.4967529773712158203125 HTTP/1.1" 200 - "-" "WordPress/6.8.2; https://akaventures.com.au"
20.171.207.253 - - [17/Jul/2025:13:00:41 +0000] "GET /items/travel-supplies/rods/1895371/ HTTP/1.1" 404 13317 "-" "Mozilla/5.0 AppleWebKit/537.36 (KHTML, like Gecko; compatible; GPTBot/1.2; +https://openai.com/gptbot)"
20.171.207.253 - - [17/Jul/2025:13:00:42 +0000] "GET /items/hobbies/model-trains/3562748/ HTTP/1.1" 404 13317 "-" "Mozilla/5.0 AppleWebKit/537.36 (KHTML, like Gecko; compatible; GPTBot/1.2; +https://openai.com/gptbot)"
20.171.207.253 - - [17/Jul/2025:13:00:43 +0000] "GET /items/gardening/air-plants/2142175/ HTTP/1.1" 404 13317 "-" "Mozilla/5.0 AppleWebKit/537.36 (KHTML, like Gecko; compatible; GPTBot/1.2; +https://openai.com/gptbot)"
20.171.207.253 - - [17/Jul/2025:13:00:44 +0000] "GET /items/travel-supplies/bags/4146954/ HTTP/1.1" 404 13317 "-" "Mozilla/5.0 AppleWebKit/537.36 (KHTML, like Gecko; compatible; GPTBot/1.2; +https://openai.com/gptbot)"
20.171.207.253 - - [17/Jul/2025:13:00:46 +0000] "GET /items/travel-supplies/rods/5174889/ HTTP/1.1" 404 13317 "-" "Mozilla/5.0 AppleWebKit/537.36 (KHTML, like Gecko; compatible; GPTBot/1.2; +https://openai.com/gptbot)"
20.171.207.253 - - [17/Jul/2025:13:00:47 +0000] "GET /items/travel-supplies/rods/2675280/ HTTP/1.1" 404 13317 "-" "Mozilla/5.0 AppleWebKit/537.36 (KHTML, like Gecko; compatible; GPTBot/1.2; +https://openai.com/gptbot)"
20.171.207.253 - - [17/Jul/2025:13:00:48 +0000] "GET /items/cars/motorcycle-wear/3764244/ HTTP/1.1" 404 13317 "-" "Mozilla/5.0 AppleWebKit/537.36 (KHTML, like Gecko; compatible; GPTBot/1.2; +https://openai.com/gptbot)"
20.171.207.253 - - [17/Jul/2025:13:00:49 +0000] "GET /items/decor/ceiling-lights/3328531/ HTTP/1.1" 404 13317 "-" "Mozilla/5.0 AppleWebKit/537.36 (KHTML, like Gecko; compatible; GPTBot/1.2; +https://openai.com/gptbot)"
20.171.207.253 - - [17/Jul/2025:13:00:50 +0000] "GET /items/travel-supplies/jugs/4184721/ HTTP/1.1" 404 13317 "-" "Mozilla/5.0 AppleWebKit/537.36 (KHTML, like Gecko; compatible; GPTBot/1.2; +https://openai.com/gptbot)"
66.249.74.130 - - [17/Jul/2025:13:00:52 +0000] "GET /?y=9408455021940&mod=835bafd2&uri=brands.php?entity/46605210.shtm HTTP/1.1" 200 18453 "-" "Mozilla/5.0 (Linux; Android 6.0.1; Nexus 5X Build/MMB29P) AppleWebKit/537.36 (KHTML, like Gecko) Chrome/137.0.7151.103 Mobile Safari/537.36 (compatible; Googlebot/2.1; +http://www.google.com/bot.html)"
20.171.207.253 - - [17/Jul/2025:13:00:52 +0000] "GET /items/travel-supplies/rods/5018976/ HTTP/1.1" 404 13317 "-" "Mozilla/5.0 AppleWebKit/537.36 (KHTML, like Gecko; compatible; GPTBot/1.2; +https://openai.com/gptbot)"
20.171.207.253 - - [17/Jul/2025:13:00:53 +0000] "GET /items/beauty/women-perfume/2034116/ HTTP/1.1" 404 13317 "-" "Mozilla/5.0 AppleWebKit/537.36 (KHTML, like Gecko; compatible; GPTBot/1.2; +https://openai.com/gptbot)"
20.171.207.253 - - [17/Jul/2025:13:00:54 +0000] "GET /items/decor/magazine-racks/5434297/ HTTP/1.1" 404 13317 "-" "Mozilla/5.0 AppleWebKit/537.36 (KHTML, like Gecko; compatible; GPTBot/1.2; +https://openai.com/gptbot)"
20.171.207.253 - - [17/Jul/2025:13:00:55 +0000] "GET /items/furniture/low-tables/3029169/ HTTP/1.1" 404 13317 "-" "Mozilla/5.0 AppleWebKit/537.36 (KHTML, like Gecko; compatible; GPTBot/1.2; +https://openai.com/gptbot)"
20.171.207.253 - - [17/Jul/2025:13:00:56 +0000] "GET /items/hobbies/cosplay-wigs/5223629/ HTTP/1.1" 404 13317 "-" "Mozilla/5.0 AppleWebKit/537.36 (KHTML, like Gecko; compatible; GPTBot/1.2; +https://openai.com/gptbot)"
20.171.207.253 - - [17/Jul/2025:13:00:57 +0000] "GET /items/drinks/mineral-water/5375328/ HTTP/1.1" 404 13317 "-" "Mozilla/5.0 AppleWebKit/537.36 (KHTML, like Gecko; compatible; GPTBot/1.2; +https://openai.com/gptbot)"
20.171.207.253 - - [17/Jul/2025:13:00:58 +0000] "GET /items/travel-supplies/bags/4050743/ HTTP/1.1" 404 13317 "-" "Mozilla/5.0 AppleWebKit/537.36 (KHTML, like Gecko; compatible; GPTBot/1.2; +https://openai.com/gptbot)"
20.171.207.253 - - [17/Jul/2025:13:01:00 +0000] "GET /items/travel-supplies/rods/2374639/ HTTP/1.1" 404 13316 "-" "Mozilla/5.0 AppleWebKit/537.36 (KHTML, like Gecko; compatible; GPTBot/1.2; +https://openai.com/gptbot)"
20.171.207.253 - - [17/Jul/2025:13:01:01 +0000] "GET /items/magazines/boys-manga/2735825/ HTTP/1.1" 404 13315 "-" "Mozilla/5.0 AppleWebKit/537.36 (KHTML, like Gecko; compatible; GPTBot/1.2; +https://openai.com/gptbot)"
