66.249.65.161 - - [16/Jul/2025:06:29:12 +0000] "GET /shopbrand/82462707.htm HTTP/1.1" 404 20411 "-" "Mozilla/5.0 (Linux; Android 6.0.1; Nexus 5X Build/MMB29P) AppleWebKit/537.36 (KHTML, like Gecko) Chrome/137.0.7151.103 Mobile Safari/537.36 (compatible; Googlebot/2.1; +http://www.google.com/bot.html)"
20.171.207.145 - - [16/Jul/2025:06:29:12 +0000] "GET /shopbrand/260349347.htm HTTP/1.1" 404 20411 "-" "Mozilla/5.0 AppleWebKit/537.36 (KHTML, like Gecko; compatible; GPTBot/1.2; +https://openai.com/gptbot)"
66.249.74.13 - - [16/Jul/2025:06:29:13 +0000] "GET /shopbrand/82472590.htm HTTP/1.1" 301 - "-" "Mozilla/5.0 (Linux; Android 6.0.1; Nexus 5X Build/MMB29P) AppleWebKit/537.36 (KHTML, like Gecko) Chrome/137.0.7151.103 Mobile Safari/537.36 (compatible; Googlebot/2.1; +http://www.google.com/bot.html)"
66.249.65.160 - - [16/Jul/2025:06:29:13 +0000] "GET /shopbrand/82472590.htm HTTP/1.1" 404 20411 "-" "Mozilla/5.0 (Linux; Android 6.0.1; Nexus 5X Build/MMB29P) AppleWebKit/537.36 (KHTML, like Gecko) Chrome/137.0.7151.103 Mobile Safari/537.36 (compatible; Googlebot/2.1; +http://www.google.com/bot.html)"
209.74.77.214 - - [16/Jul/2025:06:29:16 +0000] "POST /wp-cron.php?doing_wp_cron=1752647356.2490499019622802734375 HTTP/1.1" 200 - "-" "WordPress/6.8.2; https://alalamy.com.au"
66.249.74.13 - - [16/Jul/2025:06:29:16 +0000] "GET /shopbrand/82428368.htm HTTP/1.1" 301 - "-" "Mozilla/5.0 (Linux; Android 6.0.1; Nexus 5X Build/MMB29P) AppleWebKit/537.36 (KHTML, like Gecko) Chrome/137.0.7151.103 Mobile Safari/537.36 (compatible; Googlebot/2.1; +http://www.google.com/bot.html)"
66.249.65.174 - - [16/Jul/2025:06:29:16 +0000] "GET /shopbrand/82428368.htm HTTP/1.1" 404 20411 "-" "Mozilla/5.0 (Linux; Android 6.0.1; Nexus 5X Build/MMB29P) AppleWebKit/537.36 (KHTML, like Gecko) Chrome/137.0.7151.103 Mobile Safari/537.36 (compatible; Googlebot/2.1; +http://www.google.com/bot.html)"
66.249.74.12 - - [16/Jul/2025:06:29:20 +0000] "GET /shopbrand/82505835.htm HTTP/1.1" 301 - "-" "Mozilla/5.0 (Linux; Android 6.0.1; Nexus 5X Build/MMB29P) AppleWebKit/537.36 (KHTML, like Gecko) Chrome/137.0.7151.103 Mobile Safari/537.36 (compatible; Googlebot/2.1; +http://www.google.com/bot.html)"
66.249.65.174 - - [16/Jul/2025:06:29:20 +0000] "GET /shopbrand/82505835.htm HTTP/1.1" 404 20412 "-" "Mozilla/5.0 (Linux; Android 6.0.1; Nexus 5X Build/MMB29P) AppleWebKit/537.36 (KHTML, like Gecko) Chrome/137.0.7151.103 Mobile Safari/537.36 (compatible; Googlebot/2.1; +http://www.google.com/bot.html)"
66.249.74.12 - - [16/Jul/2025:06:29:24 +0000] "GET /shopbrand/82470666.htm HTTP/1.1" 301 - "-" "Mozilla/5.0 (Linux; Android 6.0.1; Nexus 5X Build/MMB29P) AppleWebKit/537.36 (KHTML, like Gecko) Chrome/137.0.7151.103 Mobile Safari/537.36 (compatible; Googlebot/2.1; +http://www.google.com/bot.html)"
66.249.65.174 - - [16/Jul/2025:06:29:24 +0000] "GET /shopbrand/82470666.htm HTTP/1.1" 404 20411 "-" "Mozilla/5.0 (Linux; Android 6.0.1; Nexus 5X Build/MMB29P) AppleWebKit/537.36 (KHTML, like Gecko) Chrome/137.0.7151.103 Mobile Safari/537.36 (compatible; Googlebot/2.1; +http://www.google.com/bot.html)"
66.249.74.12 - - [16/Jul/2025:06:29:27 +0000] "GET /shopbrand/82419216.htm HTTP/1.1" 301 - "-" "Mozilla/5.0 (Linux; Android 6.0.1; Nexus 5X Build/MMB29P) AppleWebKit/537.36 (KHTML, like Gecko) Chrome/137.0.7151.103 Mobile Safari/537.36 (compatible; Googlebot/2.1; +http://www.google.com/bot.html)"
66.249.65.174 - - [16/Jul/2025:06:29:27 +0000] "GET /shopbrand/82419216.htm HTTP/1.1" 404 20412 "-" "Mozilla/5.0 (Linux; Android 6.0.1; Nexus 5X Build/MMB29P) AppleWebKit/537.36 (KHTML, like Gecko) Chrome/137.0.7151.103 Mobile Safari/537.36 (compatible; Googlebot/2.1; +http://www.google.com/bot.html)"
66.249.74.12 - - [16/Jul/2025:06:29:28 +0000] "GET /shopbrand/82459089.htm HTTP/1.1" 301 - "-" "Mozilla/5.0 (Linux; Android 6.0.1; Nexus 5X Build/MMB29P) AppleWebKit/537.36 (KHTML, like Gecko) Chrome/137.0.7151.103 Mobile Safari/537.36 (compatible; Googlebot/2.1; +http://www.google.com/bot.html)"
66.249.65.174 - - [16/Jul/2025:06:29:28 +0000] "GET /shopbrand/82459089.htm HTTP/1.1" 404 20412 "-" "Mozilla/5.0 (Linux; Android 6.0.1; Nexus 5X Build/MMB29P) AppleWebKit/537.36 (KHTML, like Gecko) Chrome/137.0.7151.103 Mobile Safari/537.36 (compatible; Googlebot/2.1; +http://www.google.com/bot.html)"
66.249.74.12 - - [16/Jul/2025:06:29:31 +0000] "GET /shopbrand/82426301.htm HTTP/1.1" 301 - "-" "Mozilla/5.0 (Linux; Android 6.0.1; Nexus 5X Build/MMB29P) AppleWebKit/537.36 (KHTML, like Gecko) Chrome/137.0.7151.103 Mobile Safari/537.36 (compatible; Googlebot/2.1; +http://www.google.com/bot.html)"
66.249.65.174 - - [16/Jul/2025:06:29:31 +0000] "GET /shopbrand/82426301.htm HTTP/1.1" 404 20412 "-" "Mozilla/5.0 (Linux; Android 6.0.1; Nexus 5X Build/MMB29P) AppleWebKit/537.36 (KHTML, like Gecko) Chrome/137.0.7151.103 Mobile Safari/537.36 (compatible; Googlebot/2.1; +http://www.google.com/bot.html)"
209.74.77.214 - - [16/Jul/2025:06:30:19 +0000] "POST /wp-cron.php?doing_wp_cron=1752647419.4660320281982421875000 HTTP/1.1" 200 - "-" "WordPress/6.8.2; https://alalamy.com.au"
20.171.207.145 - - [16/Jul/2025:06:30:17 +0000] "GET /shopbrand/188363074.htm HTTP/1.1" 404 20412 "-" "Mozilla/5.0 AppleWebKit/537.36 (KHTML, like Gecko; compatible; GPTBot/1.2; +https://openai.com/gptbot)"
20.171.207.145 - - [16/Jul/2025:06:31:18 +0000] "GET /shopbrand/188367937.htm HTTP/1.1" 404 20412 "-" "Mozilla/5.0 AppleWebKit/537.36 (KHTML, like Gecko; compatible; GPTBot/1.2; +https://openai.com/gptbot)"
209.74.77.214 - - [16/Jul/2025:06:32:23 +0000] "POST /wp-cron.php?doing_wp_cron=1752647543.7556459903717041015625 HTTP/1.1" 200 - "-" "WordPress/6.8.2; https://alalamy.com.au"
20.171.207.145 - - [16/Jul/2025:06:32:22 +0000] "GET /shopbrand/188439220.htm HTTP/1.1" 404 20411 "-" "Mozilla/5.0 AppleWebKit/537.36 (KHTML, like Gecko; compatible; GPTBot/1.2; +https://openai.com/gptbot)"
209.74.77.214 - - [16/Jul/2025:06:33:24 +0000] "POST /wp-cron.php?doing_wp_cron=1752647604.3104259967803955078125 HTTP/1.1" 200 - "-" "WordPress/6.8.2; https://alalamy.com.au"
20.171.207.145 - - [16/Jul/2025:06:33:24 +0000] "GET /shopbrand/188439105.htm HTTP/1.1" 404 20411 "-" "Mozilla/5.0 AppleWebKit/537.36 (KHTML, like Gecko; compatible; GPTBot/1.2; +https://openai.com/gptbot)"
209.74.77.214 - - [16/Jul/2025:06:34:27 +0000] "POST /wp-cron.php?doing_wp_cron=1752647667.2592229843139648437500 HTTP/1.1" 200 - "-" "WordPress/6.8.2; https://alalamy.com.au"
20.171.207.145 - - [16/Jul/2025:06:34:27 +0000] "GET /shopbrand/260299738.htm HTTP/1.1" 404 20412 "-" "Mozilla/5.0 AppleWebKit/537.36 (KHTML, like Gecko; compatible; GPTBot/1.2; +https://openai.com/gptbot)"
209.74.77.214 - - [16/Jul/2025:06:35:33 +0000] "POST /wp-cron.php?doing_wp_cron=1752647733.3519649505615234375000 HTTP/1.1" 200 - "-" "WordPress/6.8.2; https://alalamy.com.au"
20.171.207.145 - - [16/Jul/2025:06:35:31 +0000] "GET /shopbrand/260289448.htm HTTP/1.1" 404 20411 "-" "Mozilla/5.0 AppleWebKit/537.36 (KHTML, like Gecko; compatible; GPTBot/1.2; +https://openai.com/gptbot)"
209.74.77.214 - - [16/Jul/2025:06:36:34 +0000] "POST /wp-cron.php?doing_wp_cron=1752647794.0615770816802978515625 HTTP/1.1" 200 - "-" "WordPress/6.8.2; https://alalamy.com.au"
20.171.207.145 - - [16/Jul/2025:06:36:32 +0000] "GET /shopbrand/260312951.htm HTTP/1.1" 404 20411 "-" "Mozilla/5.0 AppleWebKit/537.36 (KHTML, like Gecko; compatible; GPTBot/1.2; +https://openai.com/gptbot)"
209.74.77.214 - - [16/Jul/2025:06:37:35 +0000] "POST /wp-cron.php?doing_wp_cron=1752647855.5591809749603271484375 HTTP/1.1" 200 - "-" "WordPress/6.8.2; https://alalamy.com.au"
20.171.207.145 - - [16/Jul/2025:06:37:33 +0000] "GET /shopbrand/260345314.htm HTTP/1.1" 404 20412 "-" "Mozilla/5.0 AppleWebKit/537.36 (KHTML, like Gecko; compatible; GPTBot/1.2; +https://openai.com/gptbot)"
209.74.77.214 - - [16/Jul/2025:06:38:35 +0000] "POST /wp-cron.php?doing_wp_cron=1752647915.5405380725860595703125 HTTP/1.1" 200 - "-" "WordPress/6.8.2; https://alalamy.com.au"
20.171.207.145 - - [16/Jul/2025:06:38:33 +0000] "GET /shopbrand/188368924.htm HTTP/1.1" 404 20412 "-" "Mozilla/5.0 AppleWebKit/537.36 (KHTML, like Gecko; compatible; GPTBot/1.2; +https://openai.com/gptbot)"
209.74.77.214 - - [16/Jul/2025:06:39:37 +0000] "POST /wp-cron.php?doing_wp_cron=1752647977.2870259284973144531250 HTTP/1.1" 200 - "-" "WordPress/6.8.2; https://alalamy.com.au"
20.171.207.145 - - [16/Jul/2025:06:39:35 +0000] "GET /shopbrand/260394955.htm HTTP/1.1" 404 20412 "-" "Mozilla/5.0 AppleWebKit/537.36 (KHTML, like Gecko; compatible; GPTBot/1.2; +https://openai.com/gptbot)"
20.171.207.145 - - [16/Jul/2025:06:40:36 +0000] "GET /shopbrand/260368807.htm HTTP/1.1" 404 20412 "-" "Mozilla/5.0 AppleWebKit/537.36 (KHTML, like Gecko; compatible; GPTBot/1.2; +https://openai.com/gptbot)"
209.74.77.214 - - [16/Jul/2025:06:41:39 +0000] "POST /wp-cron.php?doing_wp_cron=1752648099.7821168899536132812500 HTTP/1.1" 200 - "-" "WordPress/6.8.2; https://alalamy.com.au"
20.171.207.145 - - [16/Jul/2025:06:41:38 +0000] "GET /shopbrand/188436740.htm HTTP/1.1" 404 20411 "-" "Mozilla/5.0 AppleWebKit/537.36 (KHTML, like Gecko; compatible; GPTBot/1.2; +https://openai.com/gptbot)"
209.74.77.214 - - [16/Jul/2025:06:42:40 +0000] "POST /wp-cron.php?doing_wp_cron=1752648160.9885718822479248046875 HTTP/1.1" 200 - "-" "WordPress/6.8.2; https://alalamy.com.au"
20.171.207.145 - - [16/Jul/2025:06:42:40 +0000] "GET /shopbrand/188439220.htm HTTP/1.1" 404 20411 "-" "Mozilla/5.0 AppleWebKit/537.36 (KHTML, like Gecko; compatible; GPTBot/1.2; +https://openai.com/gptbot)"
20.171.207.145 - - [16/Jul/2025:06:43:42 +0000] "GET /shopbrand/188361007.htm HTTP/1.1" 404 20411 "-" "Mozilla/5.0 AppleWebKit/537.36 (KHTML, like Gecko; compatible; GPTBot/1.2; +https://openai.com/gptbot)"
209.74.77.214 - - [16/Jul/2025:06:44:48 +0000] "POST /wp-cron.php?doing_wp_cron=1752648288.3214819431304931640625 HTTP/1.1" 200 - "-" "WordPress/6.8.2; https://alalamy.com.au"
20.171.207.145 - - [16/Jul/2025:06:44:48 +0000] "GET /shopbrand/260327381.htm HTTP/1.1" 404 20412 "-" "Mozilla/5.0 AppleWebKit/537.36 (KHTML, like Gecko; compatible; GPTBot/1.2; +https://openai.com/gptbot)"
209.74.77.214 - - [16/Jul/2025:06:45:50 +0000] "POST /wp-cron.php?doing_wp_cron=1752648350.9720389842987060546875 HTTP/1.1" 200 - "-" "WordPress/6.8.2; https://alalamy.com.au"
20.171.207.145 - - [16/Jul/2025:06:45:49 +0000] "GET /shopbrand/260299738.htm HTTP/1.1" 404 20411 "-" "Mozilla/5.0 AppleWebKit/537.36 (KHTML, like Gecko; compatible; GPTBot/1.2; +https://openai.com/gptbot)"
209.74.77.214 - - [16/Jul/2025:06:46:55 +0000] "POST /wp-cron.php?doing_wp_cron=1752648415.6506779193878173828125 HTTP/1.1" 200 - "-" "WordPress/6.8.2; https://alalamy.com.au"
20.171.207.145 - - [16/Jul/2025:06:46:54 +0000] "GET /shopbrand/188396009.htm HTTP/1.1" 404 20411 "-" "Mozilla/5.0 AppleWebKit/537.36 (KHTML, like Gecko; compatible; GPTBot/1.2; +https://openai.com/gptbot)"
20.171.207.145 - - [16/Jul/2025:06:47:57 +0000] "GET /shopbrand/260350759.htm HTTP/1.1" 404 20412 "-" "Mozilla/5.0 AppleWebKit/537.36 (KHTML, like Gecko; compatible; GPTBot/1.2; +https://openai.com/gptbot)"
20.171.207.145 - - [16/Jul/2025:06:49:00 +0000] "GET /shopbrand/188437594.htm HTTP/1.1" 404 20412 "-" "Mozilla/5.0 AppleWebKit/537.36 (KHTML, like Gecko; compatible; GPTBot/1.2; +https://openai.com/gptbot)"
209.74.77.214 - - [16/Jul/2025:06:49:53 +0000] "POST /wp-cron.php?doing_wp_cron=1752648593.0899319648742675781250 HTTP/1.1" 200 - "-" "WordPress/6.8.2; https://alalamy.com.au"
66.249.74.14 - - [16/Jul/2025:06:49:51 +0000] "POST /get-message-notify HTTP/1.1" 404 20368 "http://www.alalamy.com.au/shopbrand/82493162.htm" "Mozilla/5.0 (Linux; Android 6.0.1; Nexus 5X Build/MMB29P) AppleWebKit/537.36 (KHTML, like Gecko) Chrome/137.0.7151.119 Mobile Safari/537.36 (compatible; Googlebot/2.1; +http://www.google.com/bot.html)"
20.171.207.145 - - [16/Jul/2025:06:50:03 +0000] "GET /shopbrand/188457054.htm HTTP/1.1" 404 20411 "-" "Mozilla/5.0 AppleWebKit/537.36 (KHTML, like Gecko; compatible; GPTBot/1.2; +https://openai.com/gptbot)"
209.74.77.214 - - [16/Jul/2025:06:51:08 +0000] "POST /wp-cron.php?doing_wp_cron=1752648668.7908430099487304687500 HTTP/1.1" 200 - "-" "WordPress/6.8.2; https://alalamy.com.au"
20.171.207.145 - - [16/Jul/2025:06:51:07 +0000] "GET /shopbrand/188368924.htm HTTP/1.1" 404 20412 "-" "Mozilla/5.0 AppleWebKit/537.36 (KHTML, like Gecko; compatible; GPTBot/1.2; +https://openai.com/gptbot)"
20.171.207.145 - - [16/Jul/2025:06:52:10 +0000] "GET /shopbrand/188450779.htm HTTP/1.1" 404 20411 "-" "Mozilla/5.0 AppleWebKit/537.36 (KHTML, like Gecko; compatible; GPTBot/1.2; +https://openai.com/gptbot)"
209.74.77.214 - - [16/Jul/2025:06:53:15 +0000] "POST /wp-cron.php?doing_wp_cron=1752648795.7769598960876464843750 HTTP/1.1" 200 - "-" "WordPress/6.8.2; https://alalamy.com.au"
20.171.207.145 - - [16/Jul/2025:06:53:14 +0000] "GET /shopbrand/260288477.htm HTTP/1.1" 404 20411 "-" "Mozilla/5.0 AppleWebKit/537.36 (KHTML, like Gecko; compatible; GPTBot/1.2; +https://openai.com/gptbot)"
20.171.207.145 - - [16/Jul/2025:06:54:14 +0000] "GET /shopbrand/260290544.htm HTTP/1.1" 404 20411 "-" "Mozilla/5.0 AppleWebKit/537.36 (KHTML, like Gecko; compatible; GPTBot/1.2; +https://openai.com/gptbot)"
209.74.77.214 - - [16/Jul/2025:06:55:16 +0000] "POST /wp-cron.php?doing_wp_cron=1752648916.8197309970855712890625 HTTP/1.1" 200 - "-" "WordPress/6.8.2; https://alalamy.com.au"
20.171.207.145 - - [16/Jul/2025:06:55:16 +0000] "GET /shopbrand/260384250.htm HTTP/1.1" 404 20411 "-" "Mozilla/5.0 AppleWebKit/537.36 (KHTML, like Gecko; compatible; GPTBot/1.2; +https://openai.com/gptbot)"
209.74.77.214 - - [16/Jul/2025:06:56:20 +0000] "POST /wp-cron.php?doing_wp_cron=1752648980.0249700546264648437500 HTTP/1.1" 200 - "-" "WordPress/6.8.2; https://alalamy.com.au"
20.171.207.145 - - [16/Jul/2025:06:56:19 +0000] "GET /shopbrand/260357264.htm HTTP/1.1" 404 20411 "-" "Mozilla/5.0 AppleWebKit/537.36 (KHTML, like Gecko; compatible; GPTBot/1.2; +https://openai.com/gptbot)"
209.74.77.214 - - [16/Jul/2025:06:57:24 +0000] "POST /wp-cron.php?doing_wp_cron=1752649044.8965539932250976562500 HTTP/1.1" 200 - "-" "WordPress/6.8.2; https://alalamy.com.au"
20.171.207.145 - - [16/Jul/2025:06:57:23 +0000] "GET /shopbrand/260329764.htm HTTP/1.1" 404 20412 "-" "Mozilla/5.0 AppleWebKit/537.36 (KHTML, like Gecko; compatible; GPTBot/1.2; +https://openai.com/gptbot)"
209.74.77.214 - - [16/Jul/2025:06:58:23 +0000] "POST /wp-cron.php?doing_wp_cron=1752649103.9238049983978271484375 HTTP/1.1" 200 - "-" "WordPress/6.8.2; https://alalamy.com.au"
20.171.207.145 - - [16/Jul/2025:06:58:23 +0000] "GET /shopbrand/188457312.htm HTTP/1.1" 404 20411 "-" "Mozilla/5.0 AppleWebKit/537.36 (KHTML, like Gecko; compatible; GPTBot/1.2; +https://openai.com/gptbot)"
209.74.77.214 - - [16/Jul/2025:06:59:30 +0000] "POST /wp-cron.php?doing_wp_cron=1752649170.3642020225524902343750 HTTP/1.1" 200 - "-" "WordPress/6.8.2; https://alalamy.com.au"
20.171.207.145 - - [16/Jul/2025:06:59:28 +0000] "GET /shopbrand/188458962.htm HTTP/1.1" 404 20412 "-" "Mozilla/5.0 AppleWebKit/537.36 (KHTML, like Gecko; compatible; GPTBot/1.2; +https://openai.com/gptbot)"
20.171.207.145 - - [16/Jul/2025:07:00:29 +0000] "GET /shopbrand/260286819.htm HTTP/1.1" 404 20412 "-" "Mozilla/5.0 AppleWebKit/537.36 (KHTML, like Gecko; compatible; GPTBot/1.2; +https://openai.com/gptbot)"
209.74.77.214 - - [16/Jul/2025:07:01:34 +0000] "POST /wp-cron.php?doing_wp_cron=1752649294.8869199752807617187500 HTTP/1.1" 200 - "-" "WordPress/6.8.2; https://alalamy.com.au"
20.171.207.145 - - [16/Jul/2025:07:01:34 +0000] "GET /shopbrand/188391720.htm HTTP/1.1" 404 20412 "-" "Mozilla/5.0 AppleWebKit/537.36 (KHTML, like Gecko; compatible; GPTBot/1.2; +https://openai.com/gptbot)"
209.74.77.214 - - [16/Jul/2025:07:02:34 +0000] "POST /wp-cron.php?doing_wp_cron=1752649354.9930291175842285156250 HTTP/1.1" 200 - "-" "WordPress/6.8.2; https://alalamy.com.au"
20.171.207.145 - - [16/Jul/2025:07:02:34 +0000] "GET /shopbrand/260283773.htm HTTP/1.1" 404 20412 "-" "Mozilla/5.0 AppleWebKit/537.36 (KHTML, like Gecko; compatible; GPTBot/1.2; +https://openai.com/gptbot)"
209.74.77.214 - - [16/Jul/2025:07:03:39 +0000] "POST /wp-cron.php?doing_wp_cron=1752649419.1277248859405517578125 HTTP/1.1" 200 - "-" "WordPress/6.8.2; https://alalamy.com.au"
20.171.207.145 - - [16/Jul/2025:07:03:37 +0000] "GET /shopbrand/188435626.htm HTTP/1.1" 404 20412 "-" "Mozilla/5.0 AppleWebKit/537.36 (KHTML, like Gecko; compatible; GPTBot/1.2; +https://openai.com/gptbot)"
209.74.77.214 - - [16/Jul/2025:07:04:39 +0000] "POST /wp-cron.php?doing_wp_cron=1752649479.3253090381622314453125 HTTP/1.1" 200 - "-" "WordPress/6.8.2; https://alalamy.com.au"
20.171.207.145 - - [16/Jul/2025:07:04:39 +0000] "GET /shopbrand/260346301.htm HTTP/1.1" 404 20412 "-" "Mozilla/5.0 AppleWebKit/537.36 (KHTML, like Gecko; compatible; GPTBot/1.2; +https://openai.com/gptbot)"
209.74.77.214 - - [16/Jul/2025:07:05:40 +0000] "POST /wp-cron.php?doing_wp_cron=1752649540.5835089683532714843750 HTTP/1.1" 200 - "-" "WordPress/6.8.2; https://alalamy.com.au"
20.171.207.145 - - [16/Jul/2025:07:05:40 +0000] "GET /shopbrand/188433005.htm HTTP/1.1" 404 20412 "-" "Mozilla/5.0 AppleWebKit/537.36 (KHTML, like Gecko; compatible; GPTBot/1.2; +https://openai.com/gptbot)"
20.171.207.145 - - [16/Jul/2025:07:06:41 +0000] "GET /shopbrand/260297798.htm HTTP/1.1" 404 20412 "-" "Mozilla/5.0 AppleWebKit/537.36 (KHTML, like Gecko; compatible; GPTBot/1.2; +https://openai.com/gptbot)"
209.74.77.214 - - [16/Jul/2025:07:07:43 +0000] "POST /wp-cron.php?doing_wp_cron=1752649663.7703659534454345703125 HTTP/1.1" 200 - "-" "WordPress/6.8.2; https://alalamy.com.au"
20.171.207.145 - - [16/Jul/2025:07:07:42 +0000] "GET /shopbrand/260388144.htm HTTP/1.1" 404 20412 "-" "Mozilla/5.0 AppleWebKit/537.36 (KHTML, like Gecko; compatible; GPTBot/1.2; +https://openai.com/gptbot)"
209.74.77.214 - - [16/Jul/2025:07:08:44 +0000] "POST /wp-cron.php?doing_wp_cron=1752649724.1018431186676025390625 HTTP/1.1" 200 - "-" "WordPress/6.8.2; https://alalamy.com.au"
20.171.207.145 - - [16/Jul/2025:07:08:42 +0000] "GET /shopbrand/260357165.htm HTTP/1.1" 404 20412 "-" "Mozilla/5.0 AppleWebKit/537.36 (KHTML, like Gecko; compatible; GPTBot/1.2; +https://openai.com/gptbot)"
209.74.77.214 - - [16/Jul/2025:07:09:50 +0000] "POST /wp-cron.php?doing_wp_cron=1752649790.4766869544982910156250 HTTP/1.1" 200 - "-" "WordPress/6.8.2; https://alalamy.com.au"
20.171.207.145 - - [16/Jul/2025:07:09:48 +0000] "GET /shopbrand/260382856.htm HTTP/1.1" 404 20412 "-" "Mozilla/5.0 AppleWebKit/537.36 (KHTML, like Gecko; compatible; GPTBot/1.2; +https://openai.com/gptbot)"
209.74.77.214 - - [16/Jul/2025:07:10:56 +0000] "POST /wp-cron.php?doing_wp_cron=1752649856.3119940757751464843750 HTTP/1.1" 200 - "-" "WordPress/6.8.2; https://alalamy.com.au"
20.171.207.145 - - [16/Jul/2025:07:10:54 +0000] "GET /shopbrand/260309464.htm HTTP/1.1" 404 20411 "-" "Mozilla/5.0 AppleWebKit/537.36 (KHTML, like Gecko; compatible; GPTBot/1.2; +https://openai.com/gptbot)"
209.74.77.214 - - [16/Jul/2025:07:11:59 +0000] "POST /wp-cron.php?doing_wp_cron=1752649919.9743599891662597656250 HTTP/1.1" 200 - "-" "WordPress/6.8.2; https://alalamy.com.au"
20.171.207.145 - - [16/Jul/2025:07:11:58 +0000] "GET /shopbrand/188427014.htm HTTP/1.1" 404 20411 "-" "Mozilla/5.0 AppleWebKit/537.36 (KHTML, like Gecko; compatible; GPTBot/1.2; +https://openai.com/gptbot)"
209.74.77.214 - - [16/Jul/2025:07:13:05 +0000] "POST /wp-cron.php?doing_wp_cron=1752649985.9021849632263183593750 HTTP/1.1" 200 - "-" "WordPress/6.8.2; https://alalamy.com.au"
20.171.207.145 - - [16/Jul/2025:07:13:04 +0000] "GET /shopbrand/260402167.htm HTTP/1.1" 404 20411 "-" "Mozilla/5.0 AppleWebKit/537.36 (KHTML, like Gecko; compatible; GPTBot/1.2; +https://openai.com/gptbot)"
209.74.77.214 - - [16/Jul/2025:07:14:08 +0000] "POST /wp-cron.php?doing_wp_cron=1752650048.7891490459442138671875 HTTP/1.1" 200 - "-" "WordPress/6.8.2; https://alalamy.com.au"
20.171.207.145 - - [16/Jul/2025:07:14:07 +0000] "GET /shopbrand/260337705.htm HTTP/1.1" 404 20412 "-" "Mozilla/5.0 AppleWebKit/537.36 (KHTML, like Gecko; compatible; GPTBot/1.2; +https://openai.com/gptbot)"
20.171.207.145 - - [16/Jul/2025:07:15:11 +0000] "GET /shopbrand/260351164.htm HTTP/1.1" 404 20412 "-" "Mozilla/5.0 AppleWebKit/537.36 (KHTML, like Gecko; compatible; GPTBot/1.2; +https://openai.com/gptbot)"
209.74.77.214 - - [16/Jul/2025:07:16:16 +0000] "POST /wp-cron.php?doing_wp_cron=1752650176.8944621086120605468750 HTTP/1.1" 200 - "-" "WordPress/6.8.2; https://alalamy.com.au"
20.171.207.145 - - [16/Jul/2025:07:16:15 +0000] "GET /shopbrand/260395495.htm HTTP/1.1" 404 20412 "-" "Mozilla/5.0 AppleWebKit/537.36 (KHTML, like Gecko; compatible; GPTBot/1.2; +https://openai.com/gptbot)"
209.74.77.214 - - [16/Jul/2025:07:17:20 +0000] "POST /wp-cron.php?doing_wp_cron=1752650240.7920479774475097656250 HTTP/1.1" 200 - "-" "WordPress/6.8.2; https://alalamy.com.au"
20.171.207.145 - - [16/Jul/2025:07:17:20 +0000] "GET /shopbrand/260302959.htm HTTP/1.1" 404 20411 "-" "Mozilla/5.0 AppleWebKit/537.36 (KHTML, like Gecko; compatible; GPTBot/1.2; +https://openai.com/gptbot)"
209.74.77.214 - - [16/Jul/2025:07:18:26 +0000] "POST /wp-cron.php?doing_wp_cron=1752650306.9056470394134521484375 HTTP/1.1" 200 - "-" "WordPress/6.8.2; https://alalamy.com.au"
20.171.207.145 - - [16/Jul/2025:07:18:25 +0000] "GET /shopbrand/260397878.htm HTTP/1.1" 404 20412 "-" "Mozilla/5.0 AppleWebKit/537.36 (KHTML, like Gecko; compatible; GPTBot/1.2; +https://openai.com/gptbot)"
209.74.77.214 - - [16/Jul/2025:07:19:30 +0000] "POST /wp-cron.php?doing_wp_cron=1752650370.9289829730987548828125 HTTP/1.1" 200 - "-" "WordPress/6.8.2; https://alalamy.com.au"
20.171.207.145 - - [16/Jul/2025:07:19:29 +0000] "GET /shopbrand/188375703.htm HTTP/1.1" 404 20412 "-" "Mozilla/5.0 AppleWebKit/537.36 (KHTML, like Gecko; compatible; GPTBot/1.2; +https://openai.com/gptbot)"
209.74.77.214 - - [16/Jul/2025:07:20:35 +0000] "POST /wp-cron.php?doing_wp_cron=1752650435.6329460144042968750000 HTTP/1.1" 200 - "-" "WordPress/6.8.2; https://alalamy.com.au"
20.171.207.145 - - [16/Jul/2025:07:20:33 +0000] "GET /shopbrand/188400316.htm HTTP/1.1" 404 20412 "-" "Mozilla/5.0 AppleWebKit/537.36 (KHTML, like Gecko; compatible; GPTBot/1.2; +https://openai.com/gptbot)"
209.74.77.214 - - [16/Jul/2025:07:21:34 +0000] "POST /wp-cron.php?doing_wp_cron=1752650494.3672571182250976562500 HTTP/1.1" 200 - "-" "WordPress/6.8.2; https://alalamy.com.au"
20.171.207.145 - - [16/Jul/2025:07:21:34 +0000] "GET /shopbrand/260379089.htm HTTP/1.1" 404 20412 "-" "Mozilla/5.0 AppleWebKit/537.36 (KHTML, like Gecko; compatible; GPTBot/1.2; +https://openai.com/gptbot)"
209.74.77.214 - - [16/Jul/2025:07:22:38 +0000] "POST /wp-cron.php?doing_wp_cron=1752650558.1294939517974853515625 HTTP/1.1" 200 - "-" "WordPress/6.8.2; https://alalamy.com.au"
20.171.207.145 - - [16/Jul/2025:07:22:37 +0000] "GET /shopbrand/260291416.htm HTTP/1.1" 404 20412 "-" "Mozilla/5.0 AppleWebKit/537.36 (KHTML, like Gecko; compatible; GPTBot/1.2; +https://openai.com/gptbot)"
209.74.77.214 - - [16/Jul/2025:07:23:40 +0000] "POST /wp-cron.php?doing_wp_cron=1752650620.7711679935455322265625 HTTP/1.1" 200 - "-" "WordPress/6.8.2; https://alalamy.com.au"
20.171.207.145 - - [16/Jul/2025:07:23:39 +0000] "GET /shopbrand/188466049.htm HTTP/1.1" 404 20412 "-" "Mozilla/5.0 AppleWebKit/537.36 (KHTML, like Gecko; compatible; GPTBot/1.2; +https://openai.com/gptbot)"
20.171.207.145 - - [16/Jul/2025:07:24:43 +0000] "GET /shopbrand/260320594.htm HTTP/1.1" 404 20411 "-" "Mozilla/5.0 AppleWebKit/537.36 (KHTML, like Gecko; compatible; GPTBot/1.2; +https://openai.com/gptbot)"
20.171.207.145 - - [16/Jul/2025:07:25:43 +0000] "GET /shopbrand/188465950.htm HTTP/1.1" 404 20412 "-" "Mozilla/5.0 AppleWebKit/537.36 (KHTML, like Gecko; compatible; GPTBot/1.2; +https://openai.com/gptbot)"
20.171.207.145 - - [16/Jul/2025:07:26:48 +0000] "GET /shopbrand/188415735.htm HTTP/1.1" 404 20412 "-" "Mozilla/5.0 AppleWebKit/537.36 (KHTML, like Gecko; compatible; GPTBot/1.2; +https://openai.com/gptbot)"
209.74.77.214 - - [16/Jul/2025:07:27:54 +0000] "POST /wp-cron.php?doing_wp_cron=1752650874.4982390403747558593750 HTTP/1.1" 200 - "-" "WordPress/6.8.2; https://alalamy.com.au"
20.171.207.145 - - [16/Jul/2025:07:27:52 +0000] "GET /shopbrand/260389397.htm HTTP/1.1" 404 20412 "-" "Mozilla/5.0 AppleWebKit/537.36 (KHTML, like Gecko; compatible; GPTBot/1.2; +https://openai.com/gptbot)"
209.74.77.214 - - [16/Jul/2025:07:28:59 +0000] "POST /wp-cron.php?doing_wp_cron=1752650939.8674690723419189453125 HTTP/1.1" 200 - "-" "WordPress/6.8.2; https://alalamy.com.au"
20.171.207.145 - - [16/Jul/2025:07:28:58 +0000] "GET /shopbrand/260348269.htm HTTP/1.1" 404 20412 "-" "Mozilla/5.0 AppleWebKit/537.36 (KHTML, like Gecko; compatible; GPTBot/1.2; +https://openai.com/gptbot)"
209.74.77.214 - - [16/Jul/2025:07:30:00 +0000] "POST /wp-cron.php?doing_wp_cron=1752651000.8173639774322509765625 HTTP/1.1" 200 - "-" "WordPress/6.8.2; https://alalamy.com.au"
20.171.207.145 - - [16/Jul/2025:07:29:59 +0000] "GET /shopbrand/260319772.htm HTTP/1.1" 404 20412 "-" "Mozilla/5.0 AppleWebKit/537.36 (KHTML, like Gecko; compatible; GPTBot/1.2; +https://openai.com/gptbot)"
209.74.77.214 - - [16/Jul/2025:07:31:02 +0000] "POST /wp-cron.php?doing_wp_cron=1752651062.9129610061645507812500 HTTP/1.1" 200 - "-" "WordPress/6.8.2; https://alalamy.com.au"
20.171.207.145 - - [16/Jul/2025:07:31:01 +0000] "GET /shopbrand/260357836.htm HTTP/1.1" 404 20412 "-" "Mozilla/5.0 AppleWebKit/537.36 (KHTML, like Gecko; compatible; GPTBot/1.2; +https://openai.com/gptbot)"
66.249.74.12 - - [16/Jul/2025:07:31:53 +0000] "GET /sitemap.xml HTTP/1.1" 301 - "-" "Mozilla/5.0 (compatible; Googlebot/2.1; +http://www.google.com/bot.html)"
20.171.207.145 - - [16/Jul/2025:07:32:01 +0000] "GET /shopbrand/260350177.htm HTTP/1.1" 404 20412 "-" "Mozilla/5.0 AppleWebKit/537.36 (KHTML, like Gecko; compatible; GPTBot/1.2; +https://openai.com/gptbot)"
20.171.207.145 - - [16/Jul/2025:07:33:03 +0000] "GET /shopbrand/260351720.htm HTTP/1.1" 404 20412 "-" "Mozilla/5.0 AppleWebKit/537.36 (KHTML, like Gecko; compatible; GPTBot/1.2; +https://openai.com/gptbot)"
209.74.77.214 - - [16/Jul/2025:07:34:06 +0000] "POST /wp-cron.php?doing_wp_cron=1752651246.6581950187683105468750 HTTP/1.1" 200 - "-" "WordPress/6.8.2; https://alalamy.com.au"
20.171.207.145 - - [16/Jul/2025:07:34:04 +0000] "GET /shopbrand/188359156.htm HTTP/1.1" 404 20412 "-" "Mozilla/5.0 AppleWebKit/537.36 (KHTML, like Gecko; compatible; GPTBot/1.2; +https://openai.com/gptbot)"
20.171.207.145 - - [16/Jul/2025:07:35:09 +0000] "GET /shopbrand/188427570.htm HTTP/1.1" 404 20412 "-" "Mozilla/5.0 AppleWebKit/537.36 (KHTML, like Gecko; compatible; GPTBot/1.2; +https://openai.com/gptbot)"
20.171.207.145 - - [16/Jul/2025:07:36:09 +0000] "GET /shopbrand/188424631.htm HTTP/1.1" 404 20412 "-" "Mozilla/5.0 AppleWebKit/537.36 (KHTML, like Gecko; compatible; GPTBot/1.2; +https://openai.com/gptbot)"
20.171.207.145 - - [16/Jul/2025:07:37:09 +0000] "GET /shopbrand/260340725.htm HTTP/1.1" 404 20412 "-" "Mozilla/5.0 AppleWebKit/537.36 (KHTML, like Gecko; compatible; GPTBot/1.2; +https://openai.com/gptbot)"
20.171.207.145 - - [16/Jul/2025:07:38:12 +0000] "GET /shopbrand/260403412.htm HTTP/1.1" 404 20412 "-" "Mozilla/5.0 AppleWebKit/537.36 (KHTML, like Gecko; compatible; GPTBot/1.2; +https://openai.com/gptbot)"
209.74.77.214 - - [16/Jul/2025:07:39:18 +0000] "POST /wp-cron.php?doing_wp_cron=1752651558.0305299758911132812500 HTTP/1.1" 200 - "-" "WordPress/6.8.2; https://alalamy.com.au"
20.171.207.145 - - [16/Jul/2025:07:39:16 +0000] "GET /shopbrand/188371970.htm HTTP/1.1" 404 20412 "-" "Mozilla/5.0 AppleWebKit/537.36 (KHTML, like Gecko; compatible; GPTBot/1.2; +https://openai.com/gptbot)"
209.74.77.214 - - [16/Jul/2025:07:40:17 +0000] "POST /wp-cron.php?doing_wp_cron=1752651617.5612280368804931640625 HTTP/1.1" 200 - "-" "WordPress/6.8.2; https://alalamy.com.au"
20.171.207.145 - - [16/Jul/2025:07:40:17 +0000] "GET /shopbrand/188409363.htm HTTP/1.1" 404 20412 "-" "Mozilla/5.0 AppleWebKit/537.36 (KHTML, like Gecko; compatible; GPTBot/1.2; +https://openai.com/gptbot)"
209.74.77.214 - - [16/Jul/2025:07:41:20 +0000] "POST /wp-cron.php?doing_wp_cron=1752651680.6965320110321044921875 HTTP/1.1" 200 - "-" "WordPress/6.8.2; https://alalamy.com.au"
20.171.207.145 - - [16/Jul/2025:07:41:19 +0000] "GET /shopbrand/188369031.htm HTTP/1.1" 404 20412 "-" "Mozilla/5.0 AppleWebKit/537.36 (KHTML, like Gecko; compatible; GPTBot/1.2; +https://openai.com/gptbot)"
209.74.77.214 - - [16/Jul/2025:07:42:25 +0000] "POST /wp-cron.php?doing_wp_cron=1752651745.0469350814819335937500 HTTP/1.1" 200 - "-" "WordPress/6.8.2; https://alalamy.com.au"
20.171.207.145 - - [16/Jul/2025:07:42:23 +0000] "GET /shopbrand/188441029.htm HTTP/1.1" 404 20412 "-" "Mozilla/5.0 AppleWebKit/537.36 (KHTML, like Gecko; compatible; GPTBot/1.2; +https://openai.com/gptbot)"
20.171.207.145 - - [16/Jul/2025:07:43:24 +0000] "GET /shopbrand/260281690.htm HTTP/1.1" 404 20411 "-" "Mozilla/5.0 AppleWebKit/537.36 (KHTML, like Gecko; compatible; GPTBot/1.2; +https://openai.com/gptbot)"
209.74.77.214 - - [16/Jul/2025:07:44:26 +0000] "POST /wp-cron.php?doing_wp_cron=1752651866.1264350414276123046875 HTTP/1.1" 200 - "-" "WordPress/6.8.2; https://alalamy.com.au"
20.171.207.145 - - [16/Jul/2025:07:44:25 +0000] "GET /shopbrand/260323489.htm HTTP/1.1" 404 20412 "-" "Mozilla/5.0 AppleWebKit/537.36 (KHTML, like Gecko; compatible; GPTBot/1.2; +https://openai.com/gptbot)"
209.74.77.214 - - [16/Jul/2025:07:45:29 +0000] "POST /wp-cron.php?doing_wp_cron=1752651929.2211360931396484375000 HTTP/1.1" 200 - "-" "WordPress/6.8.2; https://alalamy.com.au"
20.171.207.145 - - [16/Jul/2025:07:45:27 +0000] "GET /shopbrand/188391420.htm HTTP/1.1" 404 20412 "-" "Mozilla/5.0 AppleWebKit/537.36 (KHTML, like Gecko; compatible; GPTBot/1.2; +https://openai.com/gptbot)"
209.74.77.214 - - [16/Jul/2025:07:46:43 +0000] "POST /wp-cron.php?doing_wp_cron=1752652003.4307019710540771484375 HTTP/1.1" 200 - "-" "WordPress/6.8.2; https://alalamy.com.au"
20.171.207.145 - - [16/Jul/2025:07:46:41 +0000] "GET /shopbrand/188456756.htm HTTP/1.1" 404 20412 "-" "Mozilla/5.0 AppleWebKit/537.36 (KHTML, like Gecko; compatible; GPTBot/1.2; +https://openai.com/gptbot)"
209.74.77.214 - - [16/Jul/2025:07:47:43 +0000] "POST /wp-cron.php?doing_wp_cron=1752652063.4369130134582519531250 HTTP/1.1" 200 - "-" "WordPress/6.8.2; https://alalamy.com.au"
20.171.207.145 - - [16/Jul/2025:07:47:43 +0000] "GET /shopbrand/260286394.htm HTTP/1.1" 404 20411 "-" "Mozilla/5.0 AppleWebKit/537.36 (KHTML, like Gecko; compatible; GPTBot/1.2; +https://openai.com/gptbot)"
209.74.77.214 - - [16/Jul/2025:07:48:47 +0000] "POST /wp-cron.php?doing_wp_cron=1752652127.5051379203796386718750 HTTP/1.1" 200 - "-" "WordPress/6.8.2; https://alalamy.com.au"
20.171.207.145 - - [16/Jul/2025:07:48:45 +0000] "GET /shopbrand/260348535.htm HTTP/1.1" 404 20412 "-" "Mozilla/5.0 AppleWebKit/537.36 (KHTML, like Gecko; compatible; GPTBot/1.2; +https://openai.com/gptbot)"
209.74.77.214 - - [16/Jul/2025:07:49:51 +0000] "POST /wp-cron.php?doing_wp_cron=1752652191.3724379539489746093750 HTTP/1.1" 200 - "-" "WordPress/6.8.2; https://alalamy.com.au"
20.171.207.145 - - [16/Jul/2025:07:49:49 +0000] "GET /shopbrand/260298511.htm HTTP/1.1" 404 20412 "-" "Mozilla/5.0 AppleWebKit/537.36 (KHTML, like Gecko; compatible; GPTBot/1.2; +https://openai.com/gptbot)"
209.74.77.214 - - [16/Jul/2025:07:50:55 +0000] "POST /wp-cron.php?doing_wp_cron=1752652255.1087610721588134765625 HTTP/1.1" 200 - "-" "WordPress/6.8.2; https://alalamy.com.au"
20.171.207.145 - - [16/Jul/2025:07:50:53 +0000] "GET /shopbrand/188433402.htm HTTP/1.1" 404 20412 "-" "Mozilla/5.0 AppleWebKit/537.36 (KHTML, like Gecko; compatible; GPTBot/1.2; +https://openai.com/gptbot)"
20.171.207.145 - - [16/Jul/2025:07:51:55 +0000] "GET /shopbrand/188420598.htm HTTP/1.1" 404 20412 "-" "Mozilla/5.0 AppleWebKit/537.36 (KHTML, like Gecko; compatible; GPTBot/1.2; +https://openai.com/gptbot)"
20.171.207.145 - - [16/Jul/2025:07:53:00 +0000] "GET /shopbrand/260387173.htm HTTP/1.1" 404 20412 "-" "Mozilla/5.0 AppleWebKit/537.36 (KHTML, like Gecko; compatible; GPTBot/1.2; +https://openai.com/gptbot)"
20.171.207.145 - - [16/Jul/2025:07:54:02 +0000] "GET /shopbrand/188453162.htm HTTP/1.1" 404 20412 "-" "Mozilla/5.0 AppleWebKit/537.36 (KHTML, like Gecko; compatible; GPTBot/1.2; +https://openai.com/gptbot)"
209.74.77.214 - - [16/Jul/2025:07:55:10 +0000] "POST /wp-cron.php?doing_wp_cron=1752652510.2144310474395751953125 HTTP/1.1" 200 - "-" "WordPress/6.8.2; https://alalamy.com.au"
20.171.207.145 - - [16/Jul/2025:07:55:08 +0000] "GET /shopbrand/260281531.htm HTTP/1.1" 404 20411 "-" "Mozilla/5.0 AppleWebKit/537.36 (KHTML, like Gecko; compatible; GPTBot/1.2; +https://openai.com/gptbot)"
209.74.77.214 - - [16/Jul/2025:07:57:15 +0000] "POST /wp-cron.php?doing_wp_cron=1752652635.6451721191406250000000 HTTP/1.1" 200 - "-" "WordPress/6.8.2; https://alalamy.com.au"
20.171.207.145 - - [16/Jul/2025:07:57:13 +0000] "GET /shopbrand/188419927.htm HTTP/1.1" 404 20411 "-" "Mozilla/5.0 AppleWebKit/537.36 (KHTML, like Gecko; compatible; GPTBot/1.2; +https://openai.com/gptbot)"
209.74.77.214 - - [16/Jul/2025:07:58:21 +0000] "POST /wp-cron.php?doing_wp_cron=1752652701.8751630783081054687500 HTTP/1.1" 200 - "-" "WordPress/6.8.2; https://alalamy.com.au"
20.171.207.145 - - [16/Jul/2025:07:58:20 +0000] "GET /shopbrand/188462016.htm HTTP/1.1" 404 20412 "-" "Mozilla/5.0 AppleWebKit/537.36 (KHTML, like Gecko; compatible; GPTBot/1.2; +https://openai.com/gptbot)"
209.74.77.214 - - [16/Jul/2025:07:59:23 +0000] "POST /wp-cron.php?doing_wp_cron=1752652763.4398560523986816406250 HTTP/1.1" 200 - "-" "WordPress/6.8.2; https://alalamy.com.au"
20.171.207.145 - - [16/Jul/2025:07:59:21 +0000] "GET /shopbrand/188447030.htm HTTP/1.1" 404 20412 "-" "Mozilla/5.0 AppleWebKit/537.36 (KHTML, like Gecko; compatible; GPTBot/1.2; +https://openai.com/gptbot)"
209.74.77.214 - - [16/Jul/2025:08:00:29 +0000] "POST /wp-cron.php?doing_wp_cron=1752652829.0186269283294677734375 HTTP/1.1" 200 - "-" "WordPress/6.8.2; https://alalamy.com.au"
20.171.207.145 - - [16/Jul/2025:08:00:27 +0000] "GET /shopbrand/188427145.htm HTTP/1.1" 404 20412 "-" "Mozilla/5.0 AppleWebKit/537.36 (KHTML, like Gecko; compatible; GPTBot/1.2; +https://openai.com/gptbot)"
209.74.77.214 - - [16/Jul/2025:08:01:28 +0000] "POST /wp-cron.php?doing_wp_cron=1752652888.2836039066314697265625 HTTP/1.1" 200 - "-" "WordPress/6.8.2; https://alalamy.com.au"
20.171.207.145 - - [16/Jul/2025:08:01:27 +0000] "GET /shopbrand/260316559.htm HTTP/1.1" 404 20412 "-" "Mozilla/5.0 AppleWebKit/537.36 (KHTML, like Gecko; compatible; GPTBot/1.2; +https://openai.com/gptbot)"
209.74.77.214 - - [16/Jul/2025:08:02:35 +0000] "POST /wp-cron.php?doing_wp_cron=1752652955.3461029529571533203125 HTTP/1.1" 200 - "-" "WordPress/6.8.2; https://alalamy.com.au"
20.171.207.145 - - [16/Jul/2025:08:02:33 +0000] "GET /shopbrand/260374542.htm HTTP/1.1" 404 20412 "-" "Mozilla/5.0 AppleWebKit/537.36 (KHTML, like Gecko; compatible; GPTBot/1.2; +https://openai.com/gptbot)"
209.74.77.214 - - [16/Jul/2025:08:03:34 +0000] "POST /wp-cron.php?doing_wp_cron=1752653014.8551781177520751953125 HTTP/1.1" 200 - "-" "WordPress/6.8.2; https://alalamy.com.au"
20.171.207.145 - - [16/Jul/2025:08:03:33 +0000] "GET /shopbrand/260326710.htm HTTP/1.1" 404 20412 "-" "Mozilla/5.0 AppleWebKit/537.36 (KHTML, like Gecko; compatible; GPTBot/1.2; +https://openai.com/gptbot)"
209.74.77.214 - - [16/Jul/2025:08:04:33 +0000] "POST /wp-cron.php?doing_wp_cron=1752653073.5100131034851074218750 HTTP/1.1" 200 - "-" "WordPress/6.8.2; https://alalamy.com.au"
20.171.207.145 - - [16/Jul/2025:08:04:33 +0000] "GET /shopbrand/260325870.htm HTTP/1.1" 404 20412 "-" "Mozilla/5.0 AppleWebKit/537.36 (KHTML, like Gecko; compatible; GPTBot/1.2; +https://openai.com/gptbot)"
209.74.77.214 - - [16/Jul/2025:08:05:37 +0000] "POST /wp-cron.php?doing_wp_cron=1752653137.4261839389801025390625 HTTP/1.1" 200 - "-" "WordPress/6.8.2; https://alalamy.com.au"
20.171.207.145 - - [16/Jul/2025:08:05:35 +0000] "GET /shopbrand/260356019.htm HTTP/1.1" 404 20412 "-" "Mozilla/5.0 AppleWebKit/537.36 (KHTML, like Gecko; compatible; GPTBot/1.2; +https://openai.com/gptbot)"
20.171.207.145 - - [16/Jul/2025:08:06:58 +0000] "GET /shopbrand/260401329.htm HTTP/1.1" 404 20412 "-" "Mozilla/5.0 AppleWebKit/537.36 (KHTML, like Gecko; compatible; GPTBot/1.2; +https://openai.com/gptbot)"
209.74.77.214 - - [16/Jul/2025:08:07:41 +0000] "POST /wp-cron.php?doing_wp_cron=1752653261.1591479778289794921875 HTTP/1.1" 200 - "-" "WordPress/6.8.2; https://alalamy.com.au"
20.171.207.145 - - [16/Jul/2025:08:07:39 +0000] "GET /shopbrand/188459536.htm HTTP/1.1" 404 20412 "-" "Mozilla/5.0 AppleWebKit/537.36 (KHTML, like Gecko; compatible; GPTBot/1.2; +https://openai.com/gptbot)"
209.74.77.214 - - [16/Jul/2025:08:08:46 +0000] "POST /wp-cron.php?doing_wp_cron=1752653326.7022480964660644531250 HTTP/1.1" 200 - "-" "WordPress/6.8.2; https://alalamy.com.au"
20.171.207.145 - - [16/Jul/2025:08:08:45 +0000] "GET /shopbrand/260405263.htm HTTP/1.1" 404 20412 "-" "Mozilla/5.0 AppleWebKit/537.36 (KHTML, like Gecko; compatible; GPTBot/1.2; +https://openai.com/gptbot)"
209.74.77.214 - - [16/Jul/2025:08:09:47 +0000] "POST /wp-cron.php?doing_wp_cron=1752653387.3127129077911376953125 HTTP/1.1" 200 - "-" "WordPress/6.8.2; https://alalamy.com.au"
20.171.207.145 - - [16/Jul/2025:08:09:47 +0000] "GET /shopbrand/260294180.htm HTTP/1.1" 404 20412 "-" "Mozilla/5.0 AppleWebKit/537.36 (KHTML, like Gecko; compatible; GPTBot/1.2; +https://openai.com/gptbot)"
209.74.77.214 - - [16/Jul/2025:08:10:51 +0000] "POST /wp-cron.php?doing_wp_cron=1752653451.7645730972290039062500 HTTP/1.1" 200 - "-" "WordPress/6.8.2; https://alalamy.com.au"
20.171.207.145 - - [16/Jul/2025:08:10:50 +0000] "GET /shopbrand/188461045.htm HTTP/1.1" 404 20411 "-" "Mozilla/5.0 AppleWebKit/537.36 (KHTML, like Gecko; compatible; GPTBot/1.2; +https://openai.com/gptbot)"
20.171.207.145 - - [16/Jul/2025:08:11:53 +0000] "GET /shopbrand/260337405.htm HTTP/1.1" 404 20412 "-" "Mozilla/5.0 AppleWebKit/537.36 (KHTML, like Gecko; compatible; GPTBot/1.2; +https://openai.com/gptbot)"
209.74.77.214 - - [16/Jul/2025:08:12:58 +0000] "POST /wp-cron.php?doing_wp_cron=1752653578.5240209102630615234375 HTTP/1.1" 200 - "-" "WordPress/6.8.2; https://alalamy.com.au"
20.171.207.145 - - [16/Jul/2025:08:12:57 +0000] "GET /shopbrand/188413926.htm HTTP/1.1" 404 20412 "-" "Mozilla/5.0 AppleWebKit/537.36 (KHTML, like Gecko; compatible; GPTBot/1.2; +https://openai.com/gptbot)"
209.74.77.214 - - [16/Jul/2025:08:14:04 +0000] "POST /wp-cron.php?doing_wp_cron=1752653644.8269150257110595703125 HTTP/1.1" 200 - "-" "WordPress/6.8.2; https://alalamy.com.au"
20.171.207.145 - - [16/Jul/2025:08:14:03 +0000] "GET /shopbrand/188431593.htm HTTP/1.1" 404 20412 "-" "Mozilla/5.0 AppleWebKit/537.36 (KHTML, like Gecko; compatible; GPTBot/1.2; +https://openai.com/gptbot)"
209.74.77.214 - - [16/Jul/2025:08:15:05 +0000] "POST /wp-cron.php?doing_wp_cron=1752653705.6010050773620605468750 HTTP/1.1" 200 - "-" "WordPress/6.8.2; https://alalamy.com.au"
20.171.207.145 - - [16/Jul/2025:08:15:03 +0000] "GET /shopbrand/188433271.htm HTTP/1.1" 404 20412 "-" "Mozilla/5.0 AppleWebKit/537.36 (KHTML, like Gecko; compatible; GPTBot/1.2; +https://openai.com/gptbot)"
20.171.207.145 - - [16/Jul/2025:08:16:09 +0000] "GET /shopbrand/188476613.htm HTTP/1.1" 404 20412 "-" "Mozilla/5.0 AppleWebKit/537.36 (KHTML, like Gecko; compatible; GPTBot/1.2; +https://openai.com/gptbot)"
209.74.77.214 - - [16/Jul/2025:08:17:15 +0000] "POST /wp-cron.php?doing_wp_cron=1752653835.2497229576110839843750 HTTP/1.1" 200 - "-" "WordPress/6.8.2; https://alalamy.com.au"
20.171.207.145 - - [16/Jul/2025:08:17:13 +0000] "GET /shopbrand/188375322.htm HTTP/1.1" 404 20412 "-" "Mozilla/5.0 AppleWebKit/537.36 (KHTML, like Gecko; compatible; GPTBot/1.2; +https://openai.com/gptbot)"
209.74.77.214 - - [16/Jul/2025:08:18:19 +0000] "POST /wp-cron.php?doing_wp_cron=1752653899.7736709117889404296875 HTTP/1.1" 200 - "-" "WordPress/6.8.2; https://alalamy.com.au"
20.171.207.145 - - [16/Jul/2025:08:18:18 +0000] "GET /shopbrand/188475942.htm HTTP/1.1" 404 20411 "-" "Mozilla/5.0 AppleWebKit/537.36 (KHTML, like Gecko; compatible; GPTBot/1.2; +https://openai.com/gptbot)"
209.74.77.214 - - [16/Jul/2025:08:19:19 +0000] "POST /wp-cron.php?doing_wp_cron=1752653959.9236168861389160156250 HTTP/1.1" 200 - "-" "WordPress/6.8.2; https://alalamy.com.au"
20.171.207.145 - - [16/Jul/2025:08:19:18 +0000] "GET /shopbrand/188457725.htm HTTP/1.1" 404 20412 "-" "Mozilla/5.0 AppleWebKit/537.36 (KHTML, like Gecko; compatible; GPTBot/1.2; +https://openai.com/gptbot)"
209.74.77.214 - - [16/Jul/2025:08:20:20 +0000] "POST /wp-cron.php?doing_wp_cron=1752654020.6896030902862548828125 HTTP/1.1" 200 - "-" "WordPress/6.8.2; https://alalamy.com.au"
20.171.207.145 - - [16/Jul/2025:08:20:18 +0000] "GET /shopbrand/260314494.htm HTTP/1.1" 404 20412 "-" "Mozilla/5.0 AppleWebKit/537.36 (KHTML, like Gecko; compatible; GPTBot/1.2; +https://openai.com/gptbot)"
209.74.77.214 - - [16/Jul/2025:08:21:21 +0000] "POST /wp-cron.php?doing_wp_cron=1752654081.3564970493316650390625 HTTP/1.1" 200 - "-" "WordPress/6.8.2; https://alalamy.com.au"
20.171.207.145 - - [16/Jul/2025:08:21:19 +0000] "GET /shopbrand/188430465.htm HTTP/1.1" 404 20411 "-" "Mozilla/5.0 AppleWebKit/537.36 (KHTML, like Gecko; compatible; GPTBot/1.2; +https://openai.com/gptbot)"
209.74.77.214 - - [16/Jul/2025:08:22:23 +0000] "POST /wp-cron.php?doing_wp_cron=1752654143.6375279426574707031250 HTTP/1.1" 200 - "-" "WordPress/6.8.2; https://alalamy.com.au"
20.171.207.145 - - [16/Jul/2025:08:22:23 +0000] "GET /shopbrand/260374127.htm HTTP/1.1" 404 20412 "-" "Mozilla/5.0 AppleWebKit/537.36 (KHTML, like Gecko; compatible; GPTBot/1.2; +https://openai.com/gptbot)"
209.74.77.214 - - [16/Jul/2025:08:23:29 +0000] "POST /wp-cron.php?doing_wp_cron=1752654209.0411050319671630859375 HTTP/1.1" 200 - "-" "WordPress/6.8.2; https://alalamy.com.au"
20.171.207.145 - - [16/Jul/2025:08:23:27 +0000] "GET /shopbrand/188443710.htm HTTP/1.1" 404 20412 "-" "Mozilla/5.0 AppleWebKit/537.36 (KHTML, like Gecko; compatible; GPTBot/1.2; +https://openai.com/gptbot)"
209.74.77.214 - - [16/Jul/2025:08:24:33 +0000] "POST /wp-cron.php?doing_wp_cron=1752654273.9468989372253417968750 HTTP/1.1" 200 - "-" "WordPress/6.8.2; https://alalamy.com.au"
20.171.207.145 - - [16/Jul/2025:08:24:32 +0000] "GET /shopbrand/260339216.htm HTTP/1.1" 404 20411 "-" "Mozilla/5.0 AppleWebKit/537.36 (KHTML, like Gecko; compatible; GPTBot/1.2; +https://openai.com/gptbot)"
209.74.77.214 - - [16/Jul/2025:08:25:39 +0000] "POST /wp-cron.php?doing_wp_cron=1752654339.5078239440917968750000 HTTP/1.1" 200 - "-" "WordPress/6.8.2; https://alalamy.com.au"
20.171.207.145 - - [16/Jul/2025:08:25:37 +0000] "GET /shopbrand/260391337.htm HTTP/1.1" 404 20412 "-" "Mozilla/5.0 AppleWebKit/537.36 (KHTML, like Gecko; compatible; GPTBot/1.2; +https://openai.com/gptbot)"
209.74.77.214 - - [16/Jul/2025:08:26:40 +0000] "POST /wp-cron.php?doing_wp_cron=1752654400.0306549072265625000000 HTTP/1.1" 200 - "-" "WordPress/6.8.2; https://alalamy.com.au"
20.171.207.145 - - [16/Jul/2025:08:26:39 +0000] "GET /shopbrand/188450382.htm HTTP/1.1" 404 20412 "-" "Mozilla/5.0 AppleWebKit/537.36 (KHTML, like Gecko; compatible; GPTBot/1.2; +https://openai.com/gptbot)"
209.74.77.214 - - [16/Jul/2025:08:27:41 +0000] "POST /wp-cron.php?doing_wp_cron=1752654461.9203460216522216796875 HTTP/1.1" 200 - "-" "WordPress/6.8.2; https://alalamy.com.au"
20.171.207.145 - - [16/Jul/2025:08:27:40 +0000] "GET /shopbrand/260315175.htm HTTP/1.1" 404 20412 "-" "Mozilla/5.0 AppleWebKit/537.36 (KHTML, like Gecko; compatible; GPTBot/1.2; +https://openai.com/gptbot)"
209.74.77.214 - - [16/Jul/2025:08:28:42 +0000] "POST /wp-cron.php?doing_wp_cron=1752654522.0886828899383544921875 HTTP/1.1" 200 - "-" "WordPress/6.8.2; https://alalamy.com.au"
20.171.207.145 - - [16/Jul/2025:08:28:40 +0000] "GET /shopbrand/260307091.htm HTTP/1.1" 404 20412 "-" "Mozilla/5.0 AppleWebKit/537.36 (KHTML, like Gecko; compatible; GPTBot/1.2; +https://openai.com/gptbot)"
20.171.207.145 - - [16/Jul/2025:08:29:43 +0000] "GET /shopbrand/260295715.htm HTTP/1.1" 404 20412 "-" "Mozilla/5.0 AppleWebKit/537.36 (KHTML, like Gecko; compatible; GPTBot/1.2; +https://openai.com/gptbot)"
209.74.77.214 - - [16/Jul/2025:08:30:47 +0000] "POST /wp-cron.php?doing_wp_cron=1752654647.0478808879852294921875 HTTP/1.1" 200 - "-" "WordPress/6.8.2; https://alalamy.com.au"
20.171.207.145 - - [16/Jul/2025:08:30:45 +0000] "GET /shopbrand/260343108.htm HTTP/1.1" 404 20412 "-" "Mozilla/5.0 AppleWebKit/537.36 (KHTML, like Gecko; compatible; GPTBot/1.2; +https://openai.com/gptbot)"
209.74.77.214 - - [16/Jul/2025:08:31:50 +0000] "POST /wp-cron.php?doing_wp_cron=1752654710.5935919284820556640625 HTTP/1.1" 200 - "-" "WordPress/6.8.2; https://alalamy.com.au"
20.171.207.145 - - [16/Jul/2025:08:31:50 +0000] "GET /shopbrand/260331414.htm HTTP/1.1" 404 20412 "-" "Mozilla/5.0 AppleWebKit/537.36 (KHTML, like Gecko; compatible; GPTBot/1.2; +https://openai.com/gptbot)"
20.171.207.145 - - [16/Jul/2025:08:32:50 +0000] "GET /shopbrand/260319083.htm HTTP/1.1" 404 20412 "-" "Mozilla/5.0 AppleWebKit/537.36 (KHTML, like Gecko; compatible; GPTBot/1.2; +https://openai.com/gptbot)"
209.74.77.214 - - [16/Jul/2025:08:33:55 +0000] "POST /wp-cron.php?doing_wp_cron=1752654835.9359879493713378906250 HTTP/1.1" 200 - "-" "WordPress/6.8.2; https://alalamy.com.au"
20.171.207.145 - - [16/Jul/2025:08:33:54 +0000] "GET /shopbrand/188369587.htm HTTP/1.1" 404 20412 "-" "Mozilla/5.0 AppleWebKit/537.36 (KHTML, like Gecko; compatible; GPTBot/1.2; +https://openai.com/gptbot)"
172.190.142.176 - - [16/Jul/2025:08:34:30 +0000] "GET /wp-content/plugins/hellopress/wp_filemanager.php HTTP/1.1" 404 98826 "-" "-"
172.190.142.176 - - [16/Jul/2025:08:34:30 +0000] "GET /.well-known/log.php HTTP/1.1" 404 98826 "-" "-"
172.190.142.176 - - [16/Jul/2025:08:34:31 +0000] "GET /chosen.php HTTP/1.1" 404 98826 "-" "-"
172.190.142.176 - - [16/Jul/2025:08:34:31 +0000] "GET /admin.php HTTP/1.1" 404 98826 "-" "-"
172.190.142.176 - - [16/Jul/2025:08:34:31 +0000] "GET /wp-admin/network/chosen.php HTTP/1.1" 404 98826 "-" "-"
209.74.77.214 - - [16/Jul/2025:08:34:32 +0000] "POST /wp-cron.php?doing_wp_cron=1752654872.2462120056152343750000 HTTP/1.1" 200 - "-" "WordPress/6.8.2; https://alalamy.com.au"
172.190.142.176 - - [16/Jul/2025:08:34:32 +0000] "GET /FoxWSO.php HTTP/1.1" 404 98826 "-" "-"
209.74.77.214 - - [16/Jul/2025:08:34:33 +0000] "POST /wp-cron.php?doing_wp_cron=1752654873.0069398880004882812500 HTTP/1.1" 200 - "-" "WordPress/6.8.2; https://alalamy.com.au"
172.190.142.176 - - [16/Jul/2025:08:34:32 +0000] "GET /wp-mail.php/wp-includes/ID3/getid3s.php HTTP/1.1" 403 2520 "-" "-"
172.190.142.176 - - [16/Jul/2025:08:34:33 +0000] "GET /wp-includes/fonts/admin.php HTTP/1.1" 404 98826 "-" "-"
172.190.142.176 - - [16/Jul/2025:08:34:33 +0000] "GET /autoload_classmap.php HTTP/1.1" 404 98826 "-" "-"
172.190.142.176 - - [16/Jul/2025:08:34:33 +0000] "GET /menu.php HTTP/1.1" 404 98826 "-" "-"
172.190.142.176 - - [16/Jul/2025:08:34:34 +0000] "GET /system_log.php HTTP/1.1" 404 98826 "-" "-"
172.190.142.176 - - [16/Jul/2025:08:34:34 +0000] "GET /wp-admin/log.php HTTP/1.1" 404 98826 "-" "-"
172.190.142.176 - - [16/Jul/2025:08:34:34 +0000] "GET /goat1.php HTTP/1.1" 404 98826 "-" "-"
172.190.142.176 - - [16/Jul/2025:08:34:35 +0000] "GET /wp-content/plugins/hellopress/wp_filemanager.php HTTP/1.1" 404 98826 "-" "-"
172.190.142.176 - - [16/Jul/2025:08:34:35 +0000] "GET /wp-includes/Text/wp-conflg.php HTTP/1.1" 404 98826 "-" "-"
172.190.142.176 - - [16/Jul/2025:08:34:35 +0000] "GET /media.php HTTP/1.1" 404 98826 "-" "-"
172.190.142.176 - - [16/Jul/2025:08:34:35 +0000] "GET /bless.php HTTP/1.1" 404 98826 "-" "-"
172.190.142.176 - - [16/Jul/2025:08:34:36 +0000] "GET /wp-includes/Text/Diff/Engine/about.php HTTP/1.1" 404 98826 "-" "-"
172.190.142.176 - - [16/Jul/2025:08:34:36 +0000] "GET /wp-content/upgrade/index.php HTTP/1.1" 301 - "-" "-"
172.190.142.176 - - [16/Jul/2025:08:34:36 +0000] "GET /wp-content/upgrade/ HTTP/1.1" 404 98826 "-" "-"
172.190.142.176 - - [16/Jul/2025:08:34:37 +0000] "GET /wp-content/themes/aahana/json.php HTTP/1.1" 404 98826 "-" "-"
172.190.142.176 - - [16/Jul/2025:08:34:37 +0000] "GET /classwithtostring.php HTTP/1.1" 404 98826 "-" "-"
172.190.142.176 - - [16/Jul/2025:08:34:37 +0000] "GET /wp-content/themes.php HTTP/1.1" 404 98826 "-" "-"
172.190.142.176 - - [16/Jul/2025:08:34:38 +0000] "GET /wp-includes/SimplePie/index.php HTTP/1.1" 301 - "-" "-"
172.190.142.176 - - [16/Jul/2025:08:34:38 +0000] "GET /wp-includes/SimplePie/ HTTP/1.1" 404 98826 "-" "-"
172.190.142.176 - - [16/Jul/2025:08:34:38 +0000] "GET /chosen HTTP/1.1" 404 98826 "-" "-"
172.190.142.176 - - [16/Jul/2025:08:34:39 +0000] "GET /filemanager.php HTTP/1.1" 404 98826 "-" "-"
172.190.142.176 - - [16/Jul/2025:08:34:39 +0000] "GET /wp-content/packed.php HTTP/1.1" 404 98826 "-" "-"
172.190.142.176 - - [16/Jul/2025:08:34:39 +0000] "GET /wp-content/plugins/seoplugins/db.php HTTP/1.1" 404 98826 "-" "-"
172.190.142.176 - - [16/Jul/2025:08:34:40 +0000] "GET /function/function.php HTTP/1.1" 404 98826 "-" "-"
20.171.207.145 - - [16/Jul/2025:08:34:57 +0000] "GET /shopbrand/188371404.htm HTTP/1.1" 404 20412 "-" "Mozilla/5.0 AppleWebKit/537.36 (KHTML, like Gecko; compatible; GPTBot/1.2; +https://openai.com/gptbot)"
172.190.142.176 - - [16/Jul/2025:08:35:09 +0000] "GET /wp-content/themes/twentytwentytwo/alfa-rex.php HTTP/1.1" 404 98826 "-" "-"
172.190.142.176 - - [16/Jul/2025:08:35:10 +0000] "GET /wp-includes/html-api/index.php HTTP/1.1" 301 - "-" "-"
172.190.142.176 - - [16/Jul/2025:08:35:10 +0000] "GET /wp-includes/html-api/ HTTP/1.1" 404 98826 "-" "-"
172.190.142.176 - - [16/Jul/2025:08:35:11 +0000] "GET /wp-conflg.php HTTP/1.1" 404 98826 "-" "-"
172.190.142.176 - - [16/Jul/2025:08:35:11 +0000] "GET /index/function.php HTTP/1.1" 404 98826 "-" "-"
