209.74.77.214 - - [15/Jul/2025:12:52:22 +0000] "POST /wp-cron.php?doing_wp_cron=1752583942.3298299312591552734375 HTTP/1.1" 200 - "-" "WordPress/6.8.1; https://babyl0n.restaurant"
185.191.171.8 - - [15/Jul/2025:12:52:22 +0000] "GET /product/morni50973028.htm HTTP/1.1" 404 11468 "-" "Mozilla/5.0 (compatible; SemrushBot/7~bl; +http://www.semrush.com/bot.html)"
85.208.96.211 - - [15/Jul/2025:12:52:25 +0000] "GET /product/aside70666750.htm HTTP/1.1" 404 11468 "-" "Mozilla/5.0 (compatible; SemrushBot/7~bl; +http://www.semrush.com/bot.html)"
185.191.171.1 - - [15/Jul/2025:12:53:05 +0000] "GET /product/conju71593350.htm HTTP/1.1" 404 11470 "-" "Mozilla/5.0 (compatible; SemrushBot/7~bl; +http://www.semrush.com/bot.html)"
209.74.77.214 - - [15/Jul/2025:12:53:28 +0000] "POST /wp-cron.php?doing_wp_cron=1752584008.0185010433197021484375 HTTP/1.1" 200 - "-" "WordPress/6.8.1; https://babyl0n.restaurant"
185.191.171.17 - - [15/Jul/2025:12:53:27 +0000] "GET /product/bear81321279.htm HTTP/1.1" 404 11465 "-" "Mozilla/5.0 (compatible; SemrushBot/7~bl; +http://www.semrush.com/bot.html)"
85.208.96.210 - - [15/Jul/2025:12:53:33 +0000] "GET /product/shell80913575.htm HTTP/1.1" 404 11469 "-" "Mozilla/5.0 (compatible; SemrushBot/7~bl; +http://www.semrush.com/bot.html)"
85.208.96.212 - - [15/Jul/2025:12:53:38 +0000] "GET /product/him81200415.htm HTTP/1.1" 404 11466 "-" "Mozilla/5.0 (compatible; SemrushBot/7~bl; +http://www.semrush.com/bot.html)"
85.208.96.201 - - [15/Jul/2025:12:53:46 +0000] "GET /product/whoev60795685.htm HTTP/1.1" 404 11470 "-" "Mozilla/5.0 (compatible; SemrushBot/7~bl; +http://www.semrush.com/bot.html)"
185.191.171.14 - - [15/Jul/2025:12:53:52 +0000] "GET /product/mine80484295.htm HTTP/1.1" 404 11467 "-" "Mozilla/5.0 (compatible; SemrushBot/7~bl; +http://www.semrush.com/bot.html)"
85.208.96.200 - - [15/Jul/2025:12:54:03 +0000] "GET /product/party40236003.htm HTTP/1.1" 404 11468 "-" "Mozilla/5.0 (compatible; SemrushBot/7~bl; +http://www.semrush.com/bot.html)"
209.74.77.214 - - [15/Jul/2025:12:54:26 +0000] "POST /wp-cron.php?doing_wp_cron=1752584066.3142850399017333984375 HTTP/1.1" 200 - "-" "WordPress/6.8.1; https://babyl0n.restaurant"
185.191.171.5 - - [15/Jul/2025:12:54:26 +0000] "GET /product/junio41771467.htm HTTP/1.1" 404 11469 "-" "Mozilla/5.0 (compatible; SemrushBot/7~bl; +http://www.semrush.com/bot.html)"
185.191.171.8 - - [15/Jul/2025:12:54:30 +0000] "GET /product/despa20618945.htm HTTP/1.1" 404 11468 "-" "Mozilla/5.0 (compatible; SemrushBot/7~bl; +http://www.semrush.com/bot.html)"
85.208.96.205 - - [15/Jul/2025:12:54:51 +0000] "GET /product/trait81226079.htm HTTP/1.1" 404 11468 "-" "Mozilla/5.0 (compatible; SemrushBot/7~bl; +http://www.semrush.com/bot.html)"
185.191.171.18 - - [15/Jul/2025:12:55:02 +0000] "GET /product/yearl50203196.htm HTTP/1.1" 404 11468 "-" "Mozilla/5.0 (compatible; SemrushBot/7~bl; +http://www.semrush.com/bot.html)"
209.74.77.214 - - [15/Jul/2025:12:55:18 +0000] "POST /wp-cron.php?doing_wp_cron=1752584118.9576570987701416015625 HTTP/1.1" 200 - "-" "WordPress/6.8.1; https://babyl0n.restaurant"
85.208.96.206 - - [15/Jul/2025:12:55:18 +0000] "GET /product/insti61233829.htm HTTP/1.1" 404 11467 "-" "Mozilla/5.0 (compatible; SemrushBot/7~bl; +http://www.semrush.com/bot.html)"
185.191.171.4 - - [15/Jul/2025:12:55:23 +0000] "GET /product/own52177100.htm HTTP/1.1" 404 11468 "-" "Mozilla/5.0 (compatible; SemrushBot/7~bl; +http://www.semrush.com/bot.html)"
185.191.171.11 - - [15/Jul/2025:12:55:32 +0000] "GET /product/harbo81154663.htm HTTP/1.1" 404 11469 "-" "Mozilla/5.0 (compatible; SemrushBot/7~bl; +http://www.semrush.com/bot.html)"
85.208.96.201 - - [15/Jul/2025:12:55:36 +0000] "GET /product/regis52771404.htm HTTP/1.1" 404 11468 "-" "Mozilla/5.0 (compatible; SemrushBot/7~bl; +http://www.semrush.com/bot.html)"
85.208.96.205 - - [15/Jul/2025:12:56:07 +0000] "GET /product/amazi30653762.htm HTTP/1.1" 404 11467 "-" "Mozilla/5.0 (compatible; SemrushBot/7~bl; +http://www.semrush.com/bot.html)"
209.74.77.214 - - [15/Jul/2025:12:56:23 +0000] "POST /wp-cron.php?doing_wp_cron=1752584183.7513079643249511718750 HTTP/1.1" 200 - "-" "WordPress/6.8.1; https://babyl0n.restaurant"
85.208.96.207 - - [15/Jul/2025:12:56:23 +0000] "GET /product/bulk71602454.htm HTTP/1.1" 404 11467 "-" "Mozilla/5.0 (compatible; SemrushBot/7~bl; +http://www.semrush.com/bot.html)"
185.191.171.9 - - [15/Jul/2025:12:56:27 +0000] "GET /product/coat22408609.htm HTTP/1.1" 404 11467 "-" "Mozilla/5.0 (compatible; SemrushBot/7~bl; +http://www.semrush.com/bot.html)"
185.191.171.13 - - [15/Jul/2025:12:56:31 +0000] "GET /product/newsp72732486.htm HTTP/1.1" 404 11468 "-" "Mozilla/5.0 (compatible; SemrushBot/7~bl; +http://www.semrush.com/bot.html)"
185.191.171.9 - - [15/Jul/2025:12:56:35 +0000] "GET /product/maid52311308.htm HTTP/1.1" 404 11468 "-" "Mozilla/5.0 (compatible; SemrushBot/7~bl; +http://www.semrush.com/bot.html)"
185.191.171.8 - - [15/Jul/2025:12:56:54 +0000] "GET /product/kink12311848.htm HTTP/1.1" 404 11467 "-" "Mozilla/5.0 (compatible; SemrushBot/7~bl; +http://www.semrush.com/bot.html)"
185.191.171.16 - - [15/Jul/2025:12:57:07 +0000] "GET /product/kite42708907.htm HTTP/1.1" 404 11468 "-" "Mozilla/5.0 (compatible; SemrushBot/7~bl; +http://www.semrush.com/bot.html)"
85.208.96.210 - - [15/Jul/2025:12:57:15 +0000] "GET /product/brush62540989.htm HTTP/1.1" 404 11468 "-" "Mozilla/5.0 (compatible; SemrushBot/7~bl; +http://www.semrush.com/bot.html)"
209.74.77.214 - - [15/Jul/2025:12:57:22 +0000] "POST /wp-cron.php?doing_wp_cron=1752584242.2760679721832275390625 HTTP/1.1" 200 - "-" "WordPress/6.8.1; https://babyl0n.restaurant"
185.191.171.9 - - [15/Jul/2025:12:57:22 +0000] "GET /product/museu51044900.htm HTTP/1.1" 404 11468 "-" "Mozilla/5.0 (compatible; SemrushBot/7~bl; +http://www.semrush.com/bot.html)"
185.191.171.1 - - [15/Jul/2025:12:57:39 +0000] "GET /product/tune81707279.htm HTTP/1.1" 404 11467 "-" "Mozilla/5.0 (compatible; SemrushBot/7~bl; +http://www.semrush.com/bot.html)"
85.208.96.210 - - [15/Jul/2025:12:58:01 +0000] "GET /product/haste30978970.htm HTTP/1.1" 404 11468 "-" "Mozilla/5.0 (compatible; SemrushBot/7~bl; +http://www.semrush.com/bot.html)"
209.74.77.214 - - [15/Jul/2025:12:58:25 +0000] "POST /wp-cron.php?doing_wp_cron=1752584305.3585870265960693359375 HTTP/1.1" 200 - "-" "WordPress/6.8.1; https://babyl0n.restaurant"
185.191.171.14 - - [15/Jul/2025:12:58:25 +0000] "GET /product/semes32601610.htm HTTP/1.1" 404 11468 "-" "Mozilla/5.0 (compatible; SemrushBot/7~bl; +http://www.semrush.com/bot.html)"
85.208.96.196 - - [15/Jul/2025:12:58:29 +0000] "GET /product/gape22415841.htm HTTP/1.1" 404 11467 "-" "Mozilla/5.0 (compatible; SemrushBot/7~bl; +http://www.semrush.com/bot.html)"
185.191.171.13 - - [15/Jul/2025:12:58:54 +0000] "GET /product/more30925594.htm HTTP/1.1" 404 11467 "-" "Mozilla/5.0 (compatible; SemrushBot/7~bl; +http://www.semrush.com/bot.html)"
85.208.96.201 - - [15/Jul/2025:12:59:04 +0000] "GET /product/data20663353.htm HTTP/1.1" 404 11467 "-" "Mozilla/5.0 (compatible; SemrushBot/7~bl; +http://www.semrush.com/bot.html)"
85.208.96.205 - - [15/Jul/2025:12:59:08 +0000] "GET /product/trous40881243.htm HTTP/1.1" 404 11467 "-" "Mozilla/5.0 (compatible; SemrushBot/7~bl; +http://www.semrush.com/bot.html)"
85.208.96.201 - - [15/Jul/2025:12:59:12 +0000] "GET /product/negle42706307.htm HTTP/1.1" 404 11468 "-" "Mozilla/5.0 (compatible; SemrushBot/7~bl; +http://www.semrush.com/bot.html)"
85.208.96.211 - - [15/Jul/2025:12:59:16 +0000] "GET /product/inspe81618199.htm HTTP/1.1" 404 11468 "-" "Mozilla/5.0 (compatible; SemrushBot/7~bl; +http://www.semrush.com/bot.html)"
209.74.77.214 - - [15/Jul/2025:12:59:31 +0000] "POST /wp-cron.php?doing_wp_cron=1752584371.1987109184265136718750 HTTP/1.1" 200 - "-" "WordPress/6.8.1; https://babyl0n.restaurant"
185.191.171.19 - - [15/Jul/2025:12:59:31 +0000] "GET /product/helic70673622.htm HTTP/1.1" 404 11468 "-" "Mozilla/5.0 (compatible; SemrushBot/7~bl; +http://www.semrush.com/bot.html)"
185.191.171.5 - - [15/Jul/2025:12:59:50 +0000] "GET /product/soft60137029.htm HTTP/1.1" 404 11468 "-" "Mozilla/5.0 (compatible; SemrushBot/7~bl; +http://www.semrush.com/bot.html)"
85.208.96.194 - - [15/Jul/2025:12:59:55 +0000] "GET /product/septe71285062.htm HTTP/1.1" 404 11468 "-" "Mozilla/5.0 (compatible; SemrushBot/7~bl; +http://www.semrush.com/bot.html)"
85.208.96.194 - - [15/Jul/2025:13:00:05 +0000] "GET /product/pract52624924.htm HTTP/1.1" 404 11466 "-" "Mozilla/5.0 (compatible; SemrushBot/7~bl; +http://www.semrush.com/bot.html)"
209.74.77.214 - - [15/Jul/2025:13:00:32 +0000] "POST /wp-cron.php?doing_wp_cron=1752584432.2127239704132080078125 HTTP/1.1" 200 - "-" "WordPress/6.8.1; https://babyl0n.restaurant"
185.191.171.4 - - [15/Jul/2025:13:00:31 +0000] "GET /product/glass72129022.htm HTTP/1.1" 404 11467 "-" "Mozilla/5.0 (compatible; SemrushBot/7~bl; +http://www.semrush.com/bot.html)"
85.208.96.206 - - [15/Jul/2025:13:00:35 +0000] "GET /product/hero31849802.htm HTTP/1.1" 404 11467 "-" "Mozilla/5.0 (compatible; SemrushBot/7~bl; +http://www.semrush.com/bot.html)"
85.208.96.202 - - [15/Jul/2025:13:00:45 +0000] "GET /product/mend50493292.htm HTTP/1.1" 404 11467 "-" "Mozilla/5.0 (compatible; SemrushBot/7~bl; +http://www.semrush.com/bot.html)"
85.208.96.196 - - [15/Jul/2025:13:00:52 +0000] "GET /product/dull51129612.htm HTTP/1.1" 404 11467 "-" "Mozilla/5.0 (compatible; SemrushBot/7~bl; +http://www.semrush.com/bot.html)"
85.208.96.196 - - [15/Jul/2025:13:01:06 +0000] "GET /product/favor12213536.htm HTTP/1.1" 404 11469 "-" "Mozilla/5.0 (compatible; SemrushBot/7~bl; +http://www.semrush.com/bot.html)"
85.208.96.194 - - [15/Jul/2025:13:01:14 +0000] "GET /product/silen71260590.htm HTTP/1.1" 404 11468 "-" "Mozilla/5.0 (compatible; SemrushBot/7~bl; +http://www.semrush.com/bot.html)"
209.74.77.214 - - [15/Jul/2025:13:01:36 +0000] "POST /wp-cron.php?doing_wp_cron=1752584496.2248539924621582031250 HTTP/1.1" 200 - "-" "WordPress/6.8.1; https://babyl0n.restaurant"
85.208.96.200 - - [15/Jul/2025:13:01:36 +0000] "GET /product/submi82113935.htm HTTP/1.1" 404 11467 "-" "Mozilla/5.0 (compatible; SemrushBot/7~bl; +http://www.semrush.com/bot.html)"
185.191.171.13 - - [15/Jul/2025:13:01:40 +0000] "GET /product/divin70502294.htm HTTP/1.1" 404 11468 "-" "Mozilla/5.0 (compatible; SemrushBot/7~bl; +http://www.semrush.com/bot.html)"
185.191.171.1 - - [15/Jul/2025:13:02:41 +0000] "GET /robots.txt HTTP/1.1" 200 119 "-" "Mozilla/5.0 (compatible; SemrushBot/7~bl; +http://www.semrush.com/bot.html)"
209.74.77.214 - - [15/Jul/2025:13:02:55 +0000] "POST /wp-cron.php?doing_wp_cron=1752584575.1773939132690429687500 HTTP/1.1" 200 - "-" "WordPress/6.8.1; https://babyl0n.restaurant"
185.191.171.3 - - [15/Jul/2025:13:02:53 +0000] "GET /product/conve22904089.htm HTTP/1.1" 404 11468 "-" "Mozilla/5.0 (compatible; SemrushBot/7~bl; +http://www.semrush.com/bot.html)"
185.191.171.1 - - [15/Jul/2025:13:02:59 +0000] "GET /product/thous22448729.htm HTTP/1.1" 404 11468 "-" "Mozilla/5.0 (compatible; SemrushBot/7~bl; +http://www.semrush.com/bot.html)"
85.208.96.206 - - [15/Jul/2025:13:03:04 +0000] "GET /product/lion12200392.htm HTTP/1.1" 404 11467 "-" "Mozilla/5.0 (compatible; SemrushBot/7~bl; +http://www.semrush.com/bot.html)"
85.208.96.200 - - [15/Jul/2025:13:03:09 +0000] "GET /product/mercy42414915.htm HTTP/1.1" 404 11468 "-" "Mozilla/5.0 (compatible; SemrushBot/7~bl; +http://www.semrush.com/bot.html)"
85.208.96.206 - - [15/Jul/2025:13:03:13 +0000] "GET /product/devic50497948.htm HTTP/1.1" 404 11468 "-" "Mozilla/5.0 (compatible; SemrushBot/7~bl; +http://www.semrush.com/bot.html)"
209.74.77.214 - - [15/Jul/2025:13:03:20 +0000] "POST /wp-cron.php?doing_wp_cron=1752584600.3641140460968017578125 HTTP/1.1" 200 - "-" "WordPress/6.8.1; https://babyl0n.restaurant"
185.191.171.3 - - [15/Jul/2025:13:03:20 +0000] "GET /product/table80516023.htm HTTP/1.1" 404 11467 "-" "Mozilla/5.0 (compatible; SemrushBot/7~bl; +http://www.semrush.com/bot.html)"
85.208.96.194 - - [15/Jul/2025:13:03:23 +0000] "GET /product/indic71218438.htm HTTP/1.1" 404 11468 "-" "Mozilla/5.0 (compatible; SemrushBot/7~bl; +http://www.semrush.com/bot.html)"
85.208.96.195 - - [15/Jul/2025:13:03:30 +0000] "GET /product/launc11621896.htm HTTP/1.1" 404 11468 "-" "Mozilla/5.0 (compatible; SemrushBot/7~bl; +http://www.semrush.com/bot.html)"
185.191.171.16 - - [15/Jul/2025:13:03:34 +0000] "GET /product/techn20136473.htm HTTP/1.1" 404 11468 "-" "Mozilla/5.0 (compatible; SemrushBot/7~bl; +http://www.semrush.com/bot.html)"
85.208.96.194 - - [15/Jul/2025:13:03:39 +0000] "GET /product/phase70703102.htm HTTP/1.1" 404 11467 "-" "Mozilla/5.0 (compatible; SemrushBot/7~bl; +http://www.semrush.com/bot.html)"
185.191.171.13 - - [15/Jul/2025:13:04:11 +0000] "GET /product/pecul70858974.htm HTTP/1.1" 404 11466 "-" "Mozilla/5.0 (compatible; SemrushBot/7~bl; +http://www.semrush.com/bot.html)"
209.74.77.214 - - [15/Jul/2025:13:04:24 +0000] "POST /wp-cron.php?doing_wp_cron=1752584664.5641100406646728515625 HTTP/1.1" 200 - "-" "WordPress/6.8.1; https://babyl0n.restaurant"
185.191.171.3 - - [15/Jul/2025:13:04:24 +0000] "GET /product/anyon61772213.htm HTTP/1.1" 404 11468 "-" "Mozilla/5.0 (compatible; SemrushBot/7~bl; +http://www.semrush.com/bot.html)"
185.191.171.15 - - [15/Jul/2025:13:04:29 +0000] "GET /product/narro40365963.htm HTTP/1.1" 404 11468 "-" "Mozilla/5.0 (compatible; SemrushBot/7~bl; +http://www.semrush.com/bot.html)"
185.191.171.12 - - [15/Jul/2025:13:04:33 +0000] "GET /product/boom72835758.htm HTTP/1.1" 404 11468 "-" "Mozilla/5.0 (compatible; SemrushBot/7~bl; +http://www.semrush.com/bot.html)"
185.191.171.15 - - [15/Jul/2025:13:04:42 +0000] "GET /product/stake81122055.htm HTTP/1.1" 404 11468 "-" "Mozilla/5.0 (compatible; SemrushBot/7~bl; +http://www.semrush.com/bot.html)"
85.208.96.204 - - [15/Jul/2025:13:04:56 +0000] "GET /product/apolo22831169.htm HTTP/1.1" 404 11468 "-" "Mozilla/5.0 (compatible; SemrushBot/7~bl; +http://www.semrush.com/bot.html)"
85.208.96.207 - - [15/Jul/2025:13:05:09 +0000] "GET /product/recog21322577.htm HTTP/1.1" 404 11468 "-" "Mozilla/5.0 (compatible; SemrushBot/7~bl; +http://www.semrush.com/bot.html)"
209.74.77.214 - - [15/Jul/2025:13:05:30 +0000] "POST /wp-cron.php?doing_wp_cron=1752584730.4495859146118164062500 HTTP/1.1" 200 - "-" "WordPress/6.8.1; https://babyl0n.restaurant"
185.191.171.3 - - [15/Jul/2025:13:05:30 +0000] "GET /product/coil70782622.htm HTTP/1.1" 404 11466 "-" "Mozilla/5.0 (compatible; SemrushBot/7~bl; +http://www.semrush.com/bot.html)"
85.208.96.201 - - [15/Jul/2025:13:05:36 +0000] "GET /product/porti22450705.htm HTTP/1.1" 404 11468 "-" "Mozilla/5.0 (compatible; SemrushBot/7~bl; +http://www.semrush.com/bot.html)"
185.191.171.9 - - [15/Jul/2025:13:06:00 +0000] "GET /product/cheri50259724.htm HTTP/1.1" 404 11467 "-" "Mozilla/5.0 (compatible; SemrushBot/7~bl; +http://www.semrush.com/bot.html)"
209.74.77.214 - - [15/Jul/2025:13:06:44 +0000] "POST /wp-cron.php?doing_wp_cron=1752584804.3606328964233398437500 HTTP/1.1" 200 - "-" "WordPress/6.8.1; https://babyl0n.restaurant"
85.208.96.202 - - [15/Jul/2025:13:06:42 +0000] "GET /product/land41025203.htm HTTP/1.1" 404 11467 "-" "Mozilla/5.0 (compatible; SemrushBot/7~bl; +http://www.semrush.com/bot.html)"
185.191.171.8 - - [15/Jul/2025:13:06:48 +0000] "GET /product/fabri80339463.htm HTTP/1.1" 404 11468 "-" "Mozilla/5.0 (compatible; SemrushBot/7~bl; +http://www.semrush.com/bot.html)"
51.222.253.20 - - [15/Jul/2025:13:06:58 +0000] "GET /sitemap.xml HTTP/1.1" 200 204 "-" "Mozilla/5.0 (compatible; AhrefsBot/7.0; +http://ahrefs.com/robot/)"
85.208.96.212 - - [15/Jul/2025:13:06:58 +0000] "GET /product/rejec71314182.htm HTTP/1.1" 404 11469 "-" "Mozilla/5.0 (compatible; SemrushBot/7~bl; +http://www.semrush.com/bot.html)"
51.222.253.9 - - [15/Jul/2025:13:07:02 +0000] "GET /sitemapa.xml HTTP/1.1" 200 17615 "-" "Mozilla/5.0 (compatible; AhrefsBot/7.0; +http://ahrefs.com/robot/)"
185.191.171.15 - - [15/Jul/2025:13:07:02 +0000] "GET /product/restl42847275.htm HTTP/1.1" 404 11467 "-" "Mozilla/5.0 (compatible; SemrushBot/7~bl; +http://www.semrush.com/bot.html)"
51.222.253.5 - - [15/Jul/2025:13:07:06 +0000] "GET /sitemapb.xml HTTP/1.1" 200 14046 "-" "Mozilla/5.0 (compatible; AhrefsBot/7.0; +http://ahrefs.com/robot/)"
51.222.253.10 - - [15/Jul/2025:13:07:11 +0000] "GET /sitemapc.xml HTTP/1.1" 200 12451 "-" "Mozilla/5.0 (compatible; AhrefsBot/7.0; +http://ahrefs.com/robot/)"
85.208.96.206 - - [15/Jul/2025:13:07:11 +0000] "GET /product/ham50712588.htm HTTP/1.1" 404 11468 "-" "Mozilla/5.0 (compatible; SemrushBot/7~bl; +http://www.semrush.com/bot.html)"
51.222.253.1 - - [15/Jul/2025:13:07:15 +0000] "GET /sitemapd.xml HTTP/1.1" 200 10712 "-" "Mozilla/5.0 (compatible; AhrefsBot/7.0; +http://ahrefs.com/robot/)"
85.208.96.194 - - [15/Jul/2025:13:07:16 +0000] "GET /product/repre62433453.htm HTTP/1.1" 404 11468 "-" "Mozilla/5.0 (compatible; SemrushBot/7~bl; +http://www.semrush.com/bot.html)"
51.222.253.11 - - [15/Jul/2025:13:07:20 +0000] "GET /sitemape.xml HTTP/1.1" 200 9748 "-" "Mozilla/5.0 (compatible; AhrefsBot/7.0; +http://ahrefs.com/robot/)"
209.74.77.214 - - [15/Jul/2025:13:07:22 +0000] "POST /wp-cron.php?doing_wp_cron=1752584842.1864550113677978515625 HTTP/1.1" 200 - "-" "WordPress/6.8.1; https://babyl0n.restaurant"
85.208.96.209 - - [15/Jul/2025:13:07:22 +0000] "GET /product/lane12226464.htm HTTP/1.1" 404 11467 "-" "Mozilla/5.0 (compatible; SemrushBot/7~bl; +http://www.semrush.com/bot.html)"
51.222.253.3 - - [15/Jul/2025:13:07:24 +0000] "GET /sitemapf.xml HTTP/1.1" 200 15859 "-" "Mozilla/5.0 (compatible; AhrefsBot/7.0; +http://ahrefs.com/robot/)"
185.191.171.14 - - [15/Jul/2025:13:07:26 +0000] "GET /product/nitro42431627.htm HTTP/1.1" 404 11468 "-" "Mozilla/5.0 (compatible; SemrushBot/7~bl; +http://www.semrush.com/bot.html)"
51.222.253.11 - - [15/Jul/2025:13:07:28 +0000] "GET /sitemapg.xml HTTP/1.1" 200 18068 "-" "Mozilla/5.0 (compatible; AhrefsBot/7.0; +http://ahrefs.com/robot/)"
85.208.96.194 - - [15/Jul/2025:13:07:32 +0000] "GET /product/flap21979969.htm HTTP/1.1" 404 11467 "-" "Mozilla/5.0 (compatible; SemrushBot/7~bl; +http://www.semrush.com/bot.html)"
51.222.253.4 - - [15/Jul/2025:13:07:33 +0000] "GET /sitemaph.xml HTTP/1.1" 200 12731 "-" "Mozilla/5.0 (compatible; AhrefsBot/7.0; +http://ahrefs.com/robot/)"
185.191.171.12 - - [15/Jul/2025:13:07:36 +0000] "GET /product/healt20472033.htm HTTP/1.1" 404 11468 "-" "Mozilla/5.0 (compatible; SemrushBot/7~bl; +http://www.semrush.com/bot.html)"
51.222.253.10 - - [15/Jul/2025:13:07:37 +0000] "GET /sitemapi.xml HTTP/1.1" 200 14083 "-" "Mozilla/5.0 (compatible; AhrefsBot/7.0; +http://ahrefs.com/robot/)"
51.222.253.12 - - [15/Jul/2025:13:07:42 +0000] "GET /sitemapj.xml HTTP/1.1" 200 11055 "-" "Mozilla/5.0 (compatible; AhrefsBot/7.0; +http://ahrefs.com/robot/)"
51.222.253.19 - - [15/Jul/2025:13:07:46 +0000] "GET /sitemapk.xml HTTP/1.1" 200 14168 "-" "Mozilla/5.0 (compatible; AhrefsBot/7.0; +http://ahrefs.com/robot/)"
51.222.253.8 - - [15/Jul/2025:13:07:53 +0000] "GET /sitemapl.xml HTTP/1.1" 200 11872 "-" "Mozilla/5.0 (compatible; AhrefsBot/7.0; +http://ahrefs.com/robot/)"
185.191.171.2 - - [15/Jul/2025:13:07:54 +0000] "GET /product/retra21190377.htm HTTP/1.1" 404 11468 "-" "Mozilla/5.0 (compatible; SemrushBot/7~bl; +http://www.semrush.com/bot.html)"
51.222.253.16 - - [15/Jul/2025:13:07:58 +0000] "GET /sitemapm.xml HTTP/1.1" 200 18807 "-" "Mozilla/5.0 (compatible; AhrefsBot/7.0; +http://ahrefs.com/robot/)"
85.208.96.207 - - [15/Jul/2025:13:07:59 +0000] "GET /product/featu21713785.htm HTTP/1.1" 404 11467 "-" "Mozilla/5.0 (compatible; SemrushBot/7~bl; +http://www.semrush.com/bot.html)"
51.222.253.14 - - [15/Jul/2025:13:08:03 +0000] "GET /sitemapn.xml HTTP/1.1" 200 17276 "-" "Mozilla/5.0 (compatible; AhrefsBot/7.0; +http://ahrefs.com/robot/)"
51.222.253.1 - - [15/Jul/2025:13:08:08 +0000] "GET /sitemapo.xml HTTP/1.1" 200 13802 "-" "Mozilla/5.0 (compatible; AhrefsBot/7.0; +http://ahrefs.com/robot/)"
209.74.77.214 - - [15/Jul/2025:13:08:29 +0000] "POST /wp-cron.php?doing_wp_cron=1752584909.4403629302978515625000 HTTP/1.1" 200 - "-" "WordPress/6.8.1; https://babyl0n.restaurant"
185.191.171.5 - - [15/Jul/2025:13:08:29 +0000] "GET /product/wing70844286.htm HTTP/1.1" 404 11466 "-" "Mozilla/5.0 (compatible; SemrushBot/7~bl; +http://www.semrush.com/bot.html)"
85.208.96.206 - - [15/Jul/2025:13:08:57 +0000] "GET /product/fig30459946.htm HTTP/1.1" 404 11467 "-" "Mozilla/5.0 (compatible; SemrushBot/7~bl; +http://www.semrush.com/bot.html)"
85.208.96.193 - - [15/Jul/2025:13:09:09 +0000] "GET /product/deaf81144591.htm HTTP/1.1" 404 11467 "-" "Mozilla/5.0 (compatible; SemrushBot/7~bl; +http://www.semrush.com/bot.html)"
185.191.171.9 - - [15/Jul/2025:13:09:13 +0000] "GET /product/gray51866836.htm HTTP/1.1" 404 11467 "-" "Mozilla/5.0 (compatible; SemrushBot/7~bl; +http://www.semrush.com/bot.html)"
209.74.77.214 - - [15/Jul/2025:13:09:18 +0000] "POST /wp-cron.php?doing_wp_cron=1752584958.0435910224914550781250 HTTP/1.1" 200 - "-" "WordPress/6.8.1; https://babyl0n.restaurant"
185.191.171.13 - - [15/Jul/2025:13:09:17 +0000] "GET /product/frown81106239.htm HTTP/1.1" 404 11469 "-" "Mozilla/5.0 (compatible; SemrushBot/7~bl; +http://www.semrush.com/bot.html)"
185.191.171.2 - - [15/Jul/2025:13:09:38 +0000] "GET /product/actor61915589.htm HTTP/1.1" 404 11469 "-" "Mozilla/5.0 (compatible; SemrushBot/7~bl; +http://www.semrush.com/bot.html)"
85.208.96.204 - - [15/Jul/2025:13:09:45 +0000] "GET /product/rest42840843.htm HTTP/1.1" 404 11466 "-" "Mozilla/5.0 (compatible; SemrushBot/7~bl; +http://www.semrush.com/bot.html)"
185.191.171.18 - - [15/Jul/2025:13:10:11 +0000] "GET /product/diffi72392598.htm HTTP/1.1" 404 11468 "-" "Mozilla/5.0 (compatible; SemrushBot/7~bl; +http://www.semrush.com/bot.html)"
209.74.77.214 - - [15/Jul/2025:13:10:35 +0000] "POST /wp-cron.php?doing_wp_cron=1752585035.2864050865173339843750 HTTP/1.1" 200 - "-" "WordPress/6.8.1; https://babyl0n.restaurant"
185.191.171.8 - - [15/Jul/2025:13:10:35 +0000] "GET /product/snack20898081.htm HTTP/1.1" 404 11467 "-" "Mozilla/5.0 (compatible; SemrushBot/7~bl; +http://www.semrush.com/bot.html)"
85.208.96.208 - - [15/Jul/2025:13:10:43 +0000] "GET /product/am12297688.htm HTTP/1.1" 404 11466 "-" "Mozilla/5.0 (compatible; SemrushBot/7~bl; +http://www.semrush.com/bot.html)"
85.208.96.211 - - [15/Jul/2025:13:10:54 +0000] "GET /product/reven41213915.htm HTTP/1.1" 404 11467 "-" "Mozilla/5.0 (compatible; SemrushBot/7~bl; +http://www.semrush.com/bot.html)"
85.208.96.212 - - [15/Jul/2025:13:10:57 +0000] "GET /product/false21535321.htm HTTP/1.1" 404 11467 "-" "Mozilla/5.0 (compatible; SemrushBot/7~bl; +http://www.semrush.com/bot.html)"
185.191.171.19 - - [15/Jul/2025:13:11:03 +0000] "GET /product/hen80092927.htm HTTP/1.1" 404 11467 "-" "Mozilla/5.0 (compatible; SemrushBot/7~bl; +http://www.semrush.com/bot.html)"
185.191.171.12 - - [15/Jul/2025:13:11:11 +0000] "GET /product/vehic42444363.htm HTTP/1.1" 404 11468 "-" "Mozilla/5.0 (compatible; SemrushBot/7~bl; +http://www.semrush.com/bot.html)"
209.74.77.214 - - [15/Jul/2025:13:11:26 +0000] "POST /wp-cron.php?doing_wp_cron=1752585086.3360819816589355468750 HTTP/1.1" 200 - "-" "WordPress/6.8.1; https://babyl0n.restaurant"
85.208.96.196 - - [15/Jul/2025:13:11:26 +0000] "GET /product/profi52002060.htm HTTP/1.1" 404 11466 "-" "Mozilla/5.0 (compatible; SemrushBot/7~bl; +http://www.semrush.com/bot.html)"
185.191.171.19 - - [15/Jul/2025:13:11:33 +0000] "GET /product/amaze12070040.htm HTTP/1.1" 404 11467 "-" "Mozilla/5.0 (compatible; SemrushBot/7~bl; +http://www.semrush.com/bot.html)"
185.191.171.8 - - [15/Jul/2025:13:11:39 +0000] "GET /product/adjus61859077.htm HTTP/1.1" 404 11469 "-" "Mozilla/5.0 (compatible; SemrushBot/7~bl; +http://www.semrush.com/bot.html)"
209.74.77.214 - - [15/Jul/2025:13:12:04 +0000] "POST /wp-cron.php?doing_wp_cron=1752585124.3801651000976562500000 HTTP/1.1" 200 - "-" "WordPress/6.8.1; https://babyl0n.restaurant"
185.191.171.19 - - [15/Jul/2025:13:12:04 +0000] "GET /product/as22412305.htm HTTP/1.1" 404 11466 "-" "Mozilla/5.0 (compatible; SemrushBot/7~bl; +http://www.semrush.com/bot.html)"
185.191.171.5 - - [15/Jul/2025:13:12:08 +0000] "GET /product/rust72463382.htm HTTP/1.1" 404 11467 "-" "Mozilla/5.0 (compatible; SemrushBot/7~bl; +http://www.semrush.com/bot.html)"
209.74.77.214 - - [15/Jul/2025:13:12:27 +0000] "POST /wp-cron.php?doing_wp_cron=1752585147.7640569210052490234375 HTTP/1.1" 200 - "-" "WordPress/6.8.1; https://babyl0n.restaurant"
185.191.171.5 - - [15/Jul/2025:13:12:27 +0000] "GET /product/aslee52636092.htm HTTP/1.1" 404 11468 "-" "Mozilla/5.0 (compatible; SemrushBot/7~bl; +http://www.semrush.com/bot.html)"
185.191.171.11 - - [15/Jul/2025:13:12:47 +0000] "GET /product/wheth41160739.htm HTTP/1.1" 404 11468 "-" "Mozilla/5.0 (compatible; SemrushBot/7~bl; +http://www.semrush.com/bot.html)"
185.191.171.8 - - [15/Jul/2025:13:12:52 +0000] "GET /product/parli21427601.htm HTTP/1.1" 404 11467 "-" "Mozilla/5.0 (compatible; SemrushBot/7~bl; +http://www.semrush.com/bot.html)"
209.74.77.214 - - [15/Jul/2025:13:13:23 +0000] "POST /wp-cron.php?doing_wp_cron=1752585203.2623848915100097656250 HTTP/1.1" 200 - "-" "WordPress/6.8.1; https://babyl0n.restaurant"
185.191.171.18 - - [15/Jul/2025:13:13:23 +0000] "GET /product/empow31239754.htm HTTP/1.1" 404 11468 "-" "Mozilla/5.0 (compatible; SemrushBot/7~bl; +http://www.semrush.com/bot.html)"
209.74.77.214 - - [15/Jul/2025:13:13:49 +0000] "POST /wp-cron.php?doing_wp_cron=1752585229.1785221099853515625000 HTTP/1.1" 200 - "-" "WordPress/6.8.1; https://babyl0n.restaurant"
85.208.96.194 - - [15/Jul/2025:13:13:49 +0000] "GET /product/heter31839690.htm HTTP/1.1" 404 11468 "-" "Mozilla/5.0 (compatible; SemrushBot/7~bl; +http://www.semrush.com/bot.html)"
185.191.171.7 - - [15/Jul/2025:13:13:53 +0000] "GET /product/know21041769.htm HTTP/1.1" 404 11468 "-" "Mozilla/5.0 (compatible; SemrushBot/7~bl; +http://www.semrush.com/bot.html)"
85.208.96.210 - - [15/Jul/2025:13:13:57 +0000] "GET /product/key61072261.htm HTTP/1.1" 404 11467 "-" "Mozilla/5.0 (compatible; SemrushBot/7~bl; +http://www.semrush.com/bot.html)"
85.208.96.204 - - [15/Jul/2025:13:14:07 +0000] "GET /product/colon52042876.htm HTTP/1.1" 404 11467 "-" "Mozilla/5.0 (compatible; SemrushBot/7~bl; +http://www.semrush.com/bot.html)"
85.208.96.203 - - [15/Jul/2025:13:14:10 +0000] "GET /product/goat32076690.htm HTTP/1.1" 404 11467 "-" "Mozilla/5.0 (compatible; SemrushBot/7~bl; +http://www.semrush.com/bot.html)"
209.74.77.214 - - [15/Jul/2025:13:14:25 +0000] "POST /wp-cron.php?doing_wp_cron=1752585265.4489550590515136718750 HTTP/1.1" 200 - "-" "WordPress/6.8.1; https://babyl0n.restaurant"
85.208.96.200 - - [15/Jul/2025:13:14:25 +0000] "GET /product/recor22960393.htm HTTP/1.1" 404 11468 "-" "Mozilla/5.0 (compatible; SemrushBot/7~bl; +http://www.semrush.com/bot.html)"
185.191.171.16 - - [15/Jul/2025:13:15:00 +0000] "GET /product/call30508178.htm HTTP/1.1" 404 11467 "-" "Mozilla/5.0 (compatible; SemrushBot/7~bl; +http://www.semrush.com/bot.html)"
85.208.96.200 - - [15/Jul/2025:13:15:07 +0000] "GET /product/nerve50842860.htm HTTP/1.1" 404 11468 "-" "Mozilla/5.0 (compatible; SemrushBot/7~bl; +http://www.semrush.com/bot.html)"
85.208.96.204 - - [15/Jul/2025:13:15:13 +0000] "GET /product/genui10286312.htm HTTP/1.1" 404 11468 "-" "Mozilla/5.0 (compatible; SemrushBot/7~bl; +http://www.semrush.com/bot.html)"
209.74.77.214 - - [15/Jul/2025:13:15:22 +0000] "POST /wp-cron.php?doing_wp_cron=1752585322.6456580162048339843750 HTTP/1.1" 200 - "-" "WordPress/6.8.1; https://babyl0n.restaurant"
185.191.171.18 - - [15/Jul/2025:13:15:22 +0000] "GET /product/visit50584204.htm HTTP/1.1" 404 11469 "-" "Mozilla/5.0 (compatible; SemrushBot/7~bl; +http://www.semrush.com/bot.html)"
85.208.96.196 - - [15/Jul/2025:13:15:26 +0000] "GET /product/sort52009076.htm HTTP/1.1" 404 11467 "-" "Mozilla/5.0 (compatible; SemrushBot/7~bl; +http://www.semrush.com/bot.html)"
185.191.171.8 - - [15/Jul/2025:13:15:30 +0000] "GET /product/spect20523705.htm HTTP/1.1" 404 11467 "-" "Mozilla/5.0 (compatible; SemrushBot/7~bl; +http://www.semrush.com/bot.html)"
185.191.171.14 - - [15/Jul/2025:13:15:37 +0000] "GET /product/chop72125470.htm HTTP/1.1" 404 11467 "-" "Mozilla/5.0 (compatible; SemrushBot/7~bl; +http://www.semrush.com/bot.html)"
85.208.96.203 - - [15/Jul/2025:13:15:42 +0000] "GET /product/mall11785512.htm HTTP/1.1" 404 11467 "-" "Mozilla/5.0 (compatible; SemrushBot/7~bl; +http://www.semrush.com/bot.html)"
85.208.96.209 - - [15/Jul/2025:13:16:01 +0000] "GET /product/await81047231.htm HTTP/1.1" 404 11468 "-" "Mozilla/5.0 (compatible; SemrushBot/7~bl; +http://www.semrush.com/bot.html)"
209.74.77.214 - - [15/Jul/2025:13:16:40 +0000] "POST /wp-cron.php?doing_wp_cron=1752585400.1837780475616455078125 HTTP/1.1" 200 - "-" "WordPress/6.8.1; https://babyl0n.restaurant"
185.191.171.18 - - [15/Jul/2025:13:16:38 +0000] "GET /product/heavi30562690.htm HTTP/1.1" 404 11469 "-" "Mozilla/5.0 (compatible; SemrushBot/7~bl; +http://www.semrush.com/bot.html)"
85.208.96.210 - - [15/Jul/2025:13:16:46 +0000] "GET /product/also32520426.htm HTTP/1.1" 404 11467 "-" "Mozilla/5.0 (compatible; SemrushBot/7~bl; +http://www.semrush.com/bot.html)"
85.208.96.207 - - [15/Jul/2025:13:16:51 +0000] "GET /product/engli50920228.htm HTTP/1.1" 404 11468 "-" "Mozilla/5.0 (compatible; SemrushBot/7~bl; +http://www.semrush.com/bot.html)"
85.208.96.208 - - [15/Jul/2025:13:17:03 +0000] "GET /product/dale40855955.htm HTTP/1.1" 404 11468 "-" "Mozilla/5.0 (compatible; SemrushBot/7~bl; +http://www.semrush.com/bot.html)"
85.208.96.207 - - [15/Jul/2025:13:17:07 +0000] "GET /product/becom52173724.htm HTTP/1.1" 404 11467 "-" "Mozilla/5.0 (compatible; SemrushBot/7~bl; +http://www.semrush.com/bot.html)"
85.208.96.198 - - [15/Jul/2025:13:17:13 +0000] "GET /product/time81176223.htm HTTP/1.1" 404 11467 "-" "Mozilla/5.0 (compatible; SemrushBot/7~bl; +http://www.semrush.com/bot.html)"
209.74.77.214 - - [15/Jul/2025:13:17:26 +0000] "POST /wp-cron.php?doing_wp_cron=1752585446.8135609626770019531250 HTTP/1.1" 200 - "-" "WordPress/6.8.1; https://babyl0n.restaurant"
85.208.96.199 - - [15/Jul/2025:13:17:26 +0000] "GET /product/princ32966122.htm HTTP/1.1" 404 11467 "-" "Mozilla/5.0 (compatible; SemrushBot/7~bl; +http://www.semrush.com/bot.html)"
85.208.96.203 - - [15/Jul/2025:13:17:52 +0000] "GET /product/scrub32839986.htm HTTP/1.1" 404 11469 "-" "Mozilla/5.0 (compatible; SemrushBot/7~bl; +http://www.semrush.com/bot.html)"
85.208.96.210 - - [15/Jul/2025:13:17:58 +0000] "GET /product/place12492408.htm HTTP/1.1" 404 11465 "-" "Mozilla/5.0 (compatible; SemrushBot/7~bl; +http://www.semrush.com/bot.html)"
85.208.96.196 - - [15/Jul/2025:13:18:02 +0000] "GET /product/rough21366801.htm HTTP/1.1" 404 11468 "-" "Mozilla/5.0 (compatible; SemrushBot/7~bl; +http://www.semrush.com/bot.html)"
209.74.77.214 - - [15/Jul/2025:13:18:24 +0000] "POST /wp-cron.php?doing_wp_cron=1752585504.5015799999237060546875 HTTP/1.1" 200 - "-" "WordPress/6.8.1; https://babyl0n.restaurant"
185.191.171.13 - - [15/Jul/2025:13:18:24 +0000] "GET /product/impol11205792.htm HTTP/1.1" 404 11468 "-" "Mozilla/5.0 (compatible; SemrushBot/7~bl; +http://www.semrush.com/bot.html)"
185.191.171.14 - - [15/Jul/2025:13:19:05 +0000] "GET /product/sofa50024428.htm HTTP/1.1" 404 11467 "-" "Mozilla/5.0 (compatible; SemrushBot/7~bl; +http://www.semrush.com/bot.html)"
185.191.171.14 - - [15/Jul/2025:13:19:12 +0000] "GET /product/game22029281.htm HTTP/1.1" 404 11468 "-" "Mozilla/5.0 (compatible; SemrushBot/7~bl; +http://www.semrush.com/bot.html)"
209.74.77.214 - - [15/Jul/2025:13:19:18 +0000] "POST /wp-cron.php?doing_wp_cron=1752585558.3969190120697021484375 HTTP/1.1" 200 - "-" "WordPress/6.8.1; https://babyl0n.restaurant"
185.191.171.7 - - [15/Jul/2025:13:19:18 +0000] "GET /product/sour72732974.htm HTTP/1.1" 404 11467 "-" "Mozilla/5.0 (compatible; SemrushBot/7~bl; +http://www.semrush.com/bot.html)"
85.208.96.211 - - [15/Jul/2025:13:19:23 +0000] "GET /product/compa20604193.htm HTTP/1.1" 404 11468 "-" "Mozilla/5.0 (compatible; SemrushBot/7~bl; +http://www.semrush.com/bot.html)"
85.208.96.205 - - [15/Jul/2025:13:19:27 +0000] "GET /product/prime32347114.htm HTTP/1.1" 404 11466 "-" "Mozilla/5.0 (compatible; SemrushBot/7~bl; +http://www.semrush.com/bot.html)"
185.191.171.7 - - [15/Jul/2025:13:19:31 +0000] "GET /product/frien31660362.htm HTTP/1.1" 404 11468 "-" "Mozilla/5.0 (compatible; SemrushBot/7~bl; +http://www.semrush.com/bot.html)"
185.191.171.11 - - [15/Jul/2025:13:19:36 +0000] "GET /product/uncle31236226.htm HTTP/1.1" 404 11468 "-" "Mozilla/5.0 (compatible; SemrushBot/7~bl; +http://www.semrush.com/bot.html)"
185.191.171.11 - - [15/Jul/2025:13:19:41 +0000] "GET /product/anymo31321394.htm HTTP/1.1" 404 11468 "-" "Mozilla/5.0 (compatible; SemrushBot/7~bl; +http://www.semrush.com/bot.html)"
185.191.171.4 - - [15/Jul/2025:13:20:13 +0000] "GET /product/reass11698408.htm HTTP/1.1" 404 11468 "-" "Mozilla/5.0 (compatible; SemrushBot/7~bl; +http://www.semrush.com/bot.html)"
209.74.77.214 - - [15/Jul/2025:13:20:29 +0000] "POST /wp-cron.php?doing_wp_cron=1752585629.7589919567108154296875 HTTP/1.1" 200 - "-" "WordPress/6.8.1; https://babyl0n.restaurant"
185.191.171.11 - - [15/Jul/2025:13:20:29 +0000] "GET /product/rent40285643.htm HTTP/1.1" 404 11467 "-" "Mozilla/5.0 (compatible; SemrushBot/7~bl; +http://www.semrush.com/bot.html)"
85.208.96.195 - - [15/Jul/2025:13:20:33 +0000] "GET /product/black42920067.htm HTTP/1.1" 404 11467 "-" "Mozilla/5.0 (compatible; SemrushBot/7~bl; +http://www.semrush.com/bot.html)"
185.191.171.15 - - [15/Jul/2025:13:20:47 +0000] "GET /product/risk61100549.htm HTTP/1.1" 404 11468 "-" "Mozilla/5.0 (compatible; SemrushBot/7~bl; +http://www.semrush.com/bot.html)"
185.191.171.16 - - [15/Jul/2025:13:21:00 +0000] "GET /product/tune80195279.htm HTTP/1.1" 404 11466 "-" "Mozilla/5.0 (compatible; SemrushBot/7~bl; +http://www.semrush.com/bot.html)"
209.74.77.214 - - [15/Jul/2025:13:21:23 +0000] "POST /wp-cron.php?doing_wp_cron=1752585683.8234140872955322265625 HTTP/1.1" 200 - "-" "WordPress/6.8.1; https://babyl0n.restaurant"
85.208.96.212 - - [15/Jul/2025:13:21:23 +0000] "GET /product/ruler70313134.htm HTTP/1.1" 404 11465 "-" "Mozilla/5.0 (compatible; SemrushBot/7~bl; +http://www.semrush.com/bot.html)"
185.191.171.18 - - [15/Jul/2025:13:21:28 +0000] "GET /product/death21748145.htm HTTP/1.1" 404 11468 "-" "Mozilla/5.0 (compatible; SemrushBot/7~bl; +http://www.semrush.com/bot.html)"
85.208.96.200 - - [15/Jul/2025:13:21:33 +0000] "GET /product/loft21847849.htm HTTP/1.1" 404 11468 "-" "Mozilla/5.0 (compatible; SemrushBot/7~bl; +http://www.semrush.com/bot.html)"
85.208.96.210 - - [15/Jul/2025:13:21:54 +0000] "GET /product/earn41879115.htm HTTP/1.1" 404 11467 "-" "Mozilla/5.0 (compatible; SemrushBot/7~bl; +http://www.semrush.com/bot.html)"
185.191.171.1 - - [15/Jul/2025:13:21:58 +0000] "GET /product/cruis41379771.htm HTTP/1.1" 404 11468 "-" "Mozilla/5.0 (compatible; SemrushBot/7~bl; +http://www.semrush.com/bot.html)"
185.191.171.13 - - [15/Jul/2025:13:22:03 +0000] "GET /product/arbit50435588.htm HTTP/1.1" 404 11469 "-" "Mozilla/5.0 (compatible; SemrushBot/7~bl; +http://www.semrush.com/bot.html)"
209.74.77.214 - - [15/Jul/2025:13:22:29 +0000] "POST /wp-cron.php?doing_wp_cron=1752585749.4942049980163574218750 HTTP/1.1" 200 - "-" "WordPress/6.8.1; https://babyl0n.restaurant"
85.208.96.206 - - [15/Jul/2025:13:22:29 +0000] "GET /product/monum40866483.htm HTTP/1.1" 404 11468 "-" "Mozilla/5.0 (compatible; SemrushBot/7~bl; +http://www.semrush.com/bot.html)"
85.208.96.200 - - [15/Jul/2025:13:22:48 +0000] "GET /product/deliv40106155.htm HTTP/1.1" 404 11468 "-" "Mozilla/5.0 (compatible; SemrushBot/7~bl; +http://www.semrush.com/bot.html)"
85.208.96.201 - - [15/Jul/2025:13:23:13 +0000] "GET /product/moreo11131592.htm HTTP/1.1" 404 11468 "-" "Mozilla/5.0 (compatible; SemrushBot/7~bl; +http://www.semrush.com/bot.html)"
85.208.96.208 - - [15/Jul/2025:13:23:15 +0000] "GET /robots.txt HTTP/1.1" 200 119 "-" "Mozilla/5.0 (compatible; SemrushBot/7~bl; +http://www.semrush.com/bot.html)"
185.191.171.7 - - [15/Jul/2025:13:23:17 +0000] "GET /product/brute82674951.htm HTTP/1.1" 404 11468 "-" "Mozilla/5.0 (compatible; SemrushBot/7~bl; +http://www.semrush.com/bot.html)"
209.74.77.214 - - [15/Jul/2025:13:23:25 +0000] "POST /wp-cron.php?doing_wp_cron=1752585805.6605250835418701171875 HTTP/1.1" 200 - "-" "WordPress/6.8.1; https://babyl0n.restaurant"
185.191.171.17 - - [15/Jul/2025:13:23:25 +0000] "GET /product/them42200731.htm HTTP/1.1" 404 11465 "-" "Mozilla/5.0 (compatible; SemrushBot/7~bl; +http://www.semrush.com/bot.html)"
185.191.171.9 - - [15/Jul/2025:13:23:29 +0000] "GET /product/bacte72426254.htm HTTP/1.1" 404 11466 "-" "Mozilla/5.0 (compatible; SemrushBot/7~bl; +http://www.semrush.com/bot.html)"
185.191.171.11 - - [15/Jul/2025:13:23:36 +0000] "GET /product/mushr41814635.htm HTTP/1.1" 404 11468 "-" "Mozilla/5.0 (compatible; SemrushBot/7~bl; +http://www.semrush.com/bot.html)"
185.191.171.13 - - [15/Jul/2025:13:23:40 +0000] "GET /product/slope50434924.htm HTTP/1.1" 404 11468 "-" "Mozilla/5.0 (compatible; SemrushBot/7~bl; +http://www.semrush.com/bot.html)"
85.208.96.198 - - [15/Jul/2025:13:23:44 +0000] "GET /product/disad30509706.htm HTTP/1.1" 404 11468 "-" "Mozilla/5.0 (compatible; SemrushBot/7~bl; +http://www.semrush.com/bot.html)"
85.208.96.198 - - [15/Jul/2025:13:24:05 +0000] "GET /product/indis20986321.htm HTTP/1.1" 404 11468 "-" "Mozilla/5.0 (compatible; SemrushBot/7~bl; +http://www.semrush.com/bot.html)"
209.74.77.214 - - [15/Jul/2025:13:24:33 +0000] "POST /wp-cron.php?doing_wp_cron=1752585873.2782590389251708984375 HTTP/1.1" 200 - "-" "WordPress/6.8.1; https://babyl0n.restaurant"
85.208.96.198 - - [15/Jul/2025:13:24:33 +0000] "GET /product/dime81415831.htm HTTP/1.1" 404 11467 "-" "Mozilla/5.0 (compatible; SemrushBot/7~bl; +http://www.semrush.com/bot.html)"
85.208.96.196 - - [15/Jul/2025:13:24:49 +0000] "GET /product/hell42247091.htm HTTP/1.1" 404 11467 "-" "Mozilla/5.0 (compatible; SemrushBot/7~bl; +http://www.semrush.com/bot.html)"
85.208.96.198 - - [15/Jul/2025:13:24:59 +0000] "GET /product/risk60420549.htm HTTP/1.1" 404 11468 "-" "Mozilla/5.0 (compatible; SemrushBot/7~bl; +http://www.semrush.com/bot.html)"
85.208.96.193 - - [15/Jul/2025:13:25:13 +0000] "GET /product/visua50714628.htm HTTP/1.1" 404 11469 "-" "Mozilla/5.0 (compatible; SemrushBot/7~bl; +http://www.semrush.com/bot.html)"
209.74.77.214 - - [15/Jul/2025:13:25:25 +0000] "POST /wp-cron.php?doing_wp_cron=1752585925.9079620838165283203125 HTTP/1.1" 200 - "-" "WordPress/6.8.1; https://babyl0n.restaurant"
85.208.96.205 - - [15/Jul/2025:13:25:25 +0000] "GET /product/art71085230.htm HTTP/1.1" 404 11467 "-" "Mozilla/5.0 (compatible; SemrushBot/7~bl; +http://www.semrush.com/bot.html)"
185.191.171.8 - - [15/Jul/2025:13:25:30 +0000] "GET /product/glanc12978808.htm HTTP/1.1" 404 11468 "-" "Mozilla/5.0 (compatible; SemrushBot/7~bl; +http://www.semrush.com/bot.html)"
185.191.171.11 - - [15/Jul/2025:13:25:43 +0000] "GET /product/tape52092964.htm HTTP/1.1" 404 11467 "-" "Mozilla/5.0 (compatible; SemrushBot/7~bl; +http://www.semrush.com/bot.html)"
85.208.96.199 - - [15/Jul/2025:13:25:54 +0000] "GET /product/crime30987562.htm HTTP/1.1" 404 11468 "-" "Mozilla/5.0 (compatible; SemrushBot/7~bl; +http://www.semrush.com/bot.html)"
85.208.96.209 - - [15/Jul/2025:13:26:01 +0000] "GET /product/hesit70811222.htm HTTP/1.1" 404 11468 "-" "Mozilla/5.0 (compatible; SemrushBot/7~bl; +http://www.semrush.com/bot.html)"
85.208.96.195 - - [15/Jul/2025:13:26:05 +0000] "GET /product/atten42432243.htm HTTP/1.1" 404 11466 "-" "Mozilla/5.0 (compatible; SemrushBot/7~bl; +http://www.semrush.com/bot.html)"
209.74.77.214 - - [15/Jul/2025:13:26:24 +0000] "POST /wp-cron.php?doing_wp_cron=1752585984.3308949470520019531250 HTTP/1.1" 200 - "-" "WordPress/6.8.1; https://babyl0n.restaurant"
185.191.171.11 - - [15/Jul/2025:13:26:24 +0000] "GET /product/impos72561406.htm HTTP/1.1" 404 11468 "-" "Mozilla/5.0 (compatible; SemrushBot/7~bl; +http://www.semrush.com/bot.html)"
85.208.96.195 - - [15/Jul/2025:13:26:35 +0000] "GET /product/join32064378.htm HTTP/1.1" 404 11467 "-" "Mozilla/5.0 (compatible; SemrushBot/7~bl; +http://www.semrush.com/bot.html)"
209.74.77.214 - - [15/Jul/2025:13:27:18 +0000] "POST /wp-cron.php?doing_wp_cron=1752586038.5476241111755371093750 HTTP/1.1" 200 - "-" "WordPress/6.8.1; https://babyl0n.restaurant"
185.191.171.18 - - [15/Jul/2025:13:27:18 +0000] "GET /product/vivid81555295.htm HTTP/1.1" 404 11468 "-" "Mozilla/5.0 (compatible; SemrushBot/7~bl; +http://www.semrush.com/bot.html)"
185.191.171.16 - - [15/Jul/2025:13:27:25 +0000] "GET /product/quarr12983336.htm HTTP/1.1" 404 11468 "-" "Mozilla/5.0 (compatible; SemrushBot/7~bl; +http://www.semrush.com/bot.html)"
185.191.171.8 - - [15/Jul/2025:13:27:30 +0000] "GET /product/divin71470294.htm HTTP/1.1" 404 11468 "-" "Mozilla/5.0 (compatible; SemrushBot/7~bl; +http://www.semrush.com/bot.html)"
185.191.171.8 - - [15/Jul/2025:13:27:34 +0000] "GET /product/leg51165196.htm HTTP/1.1" 404 11467 "-" "Mozilla/5.0 (compatible; SemrushBot/7~bl; +http://www.semrush.com/bot.html)"
85.208.96.197 - - [15/Jul/2025:13:27:37 +0000] "GET /product/strai60369325.htm HTTP/1.1" 404 11468 "-" "Mozilla/5.0 (compatible; SemrushBot/7~bl; +http://www.semrush.com/bot.html)"
185.191.171.6 - - [15/Jul/2025:13:27:45 +0000] "GET /product/assem22102353.htm HTTP/1.1" 404 11468 "-" "Mozilla/5.0 (compatible; SemrushBot/7~bl; +http://www.semrush.com/bot.html)"
85.208.96.207 - - [15/Jul/2025:13:28:01 +0000] "GET /product/fract22419537.htm HTTP/1.1" 404 11468 "-" "Mozilla/5.0 (compatible; SemrushBot/7~bl; +http://www.semrush.com/bot.html)"
115.72.40.207 - - [15/Jul/2025:13:28:17 +0000] "POST /wp-comments-post.php HTTP/1.1" 302 - "-" "Mozilla/5.0 (Windows NT 10.0; Win64; x64) AppleWebKit/537.36 (KHTML, like Gecko) Chrome/120.0.0.0 Safari/537.36"
209.74.77.214 - - [15/Jul/2025:13:28:19 +0000] "POST /wp-cron.php?doing_wp_cron=1752586099.9005200862884521484375 HTTP/1.1" 200 - "-" "WordPress/6.8.1; https://babyl0n.restaurant"
185.191.171.6 - - [15/Jul/2025:13:28:19 +0000] "GET /product/surge51423428.htm HTTP/1.1" 404 11468 "-" "Mozilla/5.0 (compatible; SemrushBot/7~bl; +http://www.semrush.com/bot.html)"
185.191.171.2 - - [15/Jul/2025:13:28:25 +0000] "GET /product/view71113630.htm HTTP/1.1" 404 11466 "-" "Mozilla/5.0 (compatible; SemrushBot/7~bl; +http://www.semrush.com/bot.html)"
185.191.171.12 - - [15/Jul/2025:13:28:40 +0000] "GET /product/goods30011066.htm HTTP/1.1" 404 11468 "-" "Mozilla/5.0 (compatible; SemrushBot/7~bl; +http://www.semrush.com/bot.html)"
85.208.96.208 - - [15/Jul/2025:13:28:47 +0000] "GET /product/intel62617861.htm HTTP/1.1" 404 11467 "-" "Mozilla/5.0 (compatible; SemrushBot/7~bl; +http://www.semrush.com/bot.html)"
115.72.40.207 - - [15/Jul/2025:13:28:55 +0000] "POST /wp-comments-post.php HTTP/1.1" 302 - "-" "Mozilla/5.0 (Windows NT 10.0; Win64; x64) AppleWebKit/537.36 (KHTML, like Gecko) Chrome/120.0.0.0 Safari/537.36"
209.74.77.214 - - [15/Jul/2025:13:29:21 +0000] "POST /wp-cron.php?doing_wp_cron=1752586161.9855639934539794921875 HTTP/1.1" 200 - "-" "WordPress/6.8.1; https://babyl0n.restaurant"
85.208.96.211 - - [15/Jul/2025:13:29:21 +0000] "GET /product/stabi41407339.htm HTTP/1.1" 404 11467 "-" "Mozilla/5.0 (compatible; SemrushBot/7~bl; +http://www.semrush.com/bot.html)"
185.191.171.19 - - [15/Jul/2025:13:29:25 +0000] "GET /product/pardo21761137.htm HTTP/1.1" 404 11466 "-" "Mozilla/5.0 (compatible; SemrushBot/7~bl; +http://www.semrush.com/bot.html)"
185.191.171.17 - - [15/Jul/2025:13:29:30 +0000] "GET /product/gram21591753.htm HTTP/1.1" 404 11468 "-" "Mozilla/5.0 (compatible; SemrushBot/7~bl; +http://www.semrush.com/bot.html)"
85.208.96.212 - - [15/Jul/2025:13:29:34 +0000] "GET /product/indic70926438.htm HTTP/1.1" 404 11468 "-" "Mozilla/5.0 (compatible; SemrushBot/7~bl; +http://www.semrush.com/bot.html)"
209.74.77.214 - - [15/Jul/2025:13:29:47 +0000] "POST /wp-cron.php?doing_wp_cron=1752586187.1420500278472900390625 HTTP/1.1" 200 - "-" "WordPress/6.8.1; https://babyl0n.restaurant"
185.191.171.19 - - [15/Jul/2025:13:29:47 +0000] "GET /product/furl80819975.htm HTTP/1.1" 404 11468 "-" "Mozilla/5.0 (compatible; SemrushBot/7~bl; +http://www.semrush.com/bot.html)"
209.74.77.214 - - [15/Jul/2025:13:30:21 +0000] "POST /wp-cron.php?doing_wp_cron=1752586221.3839759826660156250000 HTTP/1.1" 200 - "-" "WordPress/6.8.1; https://babyl0n.restaurant"
185.191.171.10 - - [15/Jul/2025:13:30:19 +0000] "GET /product/berry40210587.htm HTTP/1.1" 404 11467 "-" "Mozilla/5.0 (compatible; SemrushBot/7~bl; +http://www.semrush.com/bot.html)"
185.191.171.16 - - [15/Jul/2025:13:30:36 +0000] "GET /product/thus81415263.htm HTTP/1.1" 404 11468 "-" "Mozilla/5.0 (compatible; SemrushBot/7~bl; +http://www.semrush.com/bot.html)"
85.208.96.206 - - [15/Jul/2025:13:31:08 +0000] "GET /product/muddy31166738.htm HTTP/1.1" 404 11468 "-" "Mozilla/5.0 (compatible; SemrushBot/7~bl; +http://www.semrush.com/bot.html)"
209.74.77.214 - - [15/Jul/2025:13:31:19 +0000] "POST /wp-cron.php?doing_wp_cron=1752586279.7254219055175781250000 HTTP/1.1" 200 - "-" "WordPress/6.8.1; https://babyl0n.restaurant"
85.208.96.204 - - [15/Jul/2025:13:31:19 +0000] "GET /product/minut82149063.htm HTTP/1.1" 404 11468 "-" "Mozilla/5.0 (compatible; SemrushBot/7~bl; +http://www.semrush.com/bot.html)"
185.191.171.14 - - [15/Jul/2025:13:31:24 +0000] "GET /product/onus21655873.htm HTTP/1.1" 404 11469 "-" "Mozilla/5.0 (compatible; SemrushBot/7~bl; +http://www.semrush.com/bot.html)"
85.208.96.203 - - [15/Jul/2025:13:31:27 +0000] "GET /product/vigor42482747.htm HTTP/1.1" 404 11468 "-" "Mozilla/5.0 (compatible; SemrushBot/7~bl; +http://www.semrush.com/bot.html)"
185.191.171.7 - - [15/Jul/2025:13:31:31 +0000] "GET /product/multi50070724.htm HTTP/1.1" 404 11468 "-" "Mozilla/5.0 (compatible; SemrushBot/7~bl; +http://www.semrush.com/bot.html)"
85.208.96.204 - - [15/Jul/2025:13:31:35 +0000] "GET /product/crack50182956.htm HTTP/1.1" 404 11469 "-" "Mozilla/5.0 (compatible; SemrushBot/7~bl; +http://www.semrush.com/bot.html)"
85.208.96.194 - - [15/Jul/2025:13:31:38 +0000] "GET /product/symph61461565.htm HTTP/1.1" 404 11469 "-" "Mozilla/5.0 (compatible; SemrushBot/7~bl; +http://www.semrush.com/bot.html)"
85.208.96.212 - - [15/Jul/2025:13:31:42 +0000] "GET /product/train41540539.htm HTTP/1.1" 404 11467 "-" "Mozilla/5.0 (compatible; SemrushBot/7~bl; +http://www.semrush.com/bot.html)"
85.208.96.210 - - [15/Jul/2025:13:31:48 +0000] "GET /product/base50122892.htm HTTP/1.1" 404 11466 "-" "Mozilla/5.0 (compatible; SemrushBot/7~bl; +http://www.semrush.com/bot.html)"
85.208.96.198 - - [15/Jul/2025:13:31:52 +0000] "GET /product/chemi10324736.htm HTTP/1.1" 404 11467 "-" "Mozilla/5.0 (compatible; SemrushBot/7~bl; +http://www.semrush.com/bot.html)"
209.74.77.214 - - [15/Jul/2025:13:32:30 +0000] "POST /wp-cron.php?doing_wp_cron=1752586350.3262960910797119140625 HTTP/1.1" 200 - "-" "WordPress/6.8.1; https://babyl0n.restaurant"
85.208.96.198 - - [15/Jul/2025:13:32:28 +0000] "GET /product/helme30375394.htm HTTP/1.1" 404 11468 "-" "Mozilla/5.0 (compatible; SemrushBot/7~bl; +http://www.semrush.com/bot.html)"
185.191.171.12 - - [15/Jul/2025:13:33:01 +0000] "GET /product/nothi31724898.htm HTTP/1.1" 404 11468 "-" "Mozilla/5.0 (compatible; SemrushBot/7~bl; +http://www.semrush.com/bot.html)"
85.208.96.193 - - [15/Jul/2025:13:33:07 +0000] "GET /product/quarr12267336.htm HTTP/1.1" 404 11468 "-" "Mozilla/5.0 (compatible; SemrushBot/7~bl; +http://www.semrush.com/bot.html)"
209.74.77.214 - - [15/Jul/2025:13:33:18 +0000] "POST /wp-cron.php?doing_wp_cron=1752586398.3569159507751464843750 HTTP/1.1" 200 - "-" "WordPress/6.8.1; https://babyl0n.restaurant"
85.208.96.195 - - [15/Jul/2025:13:33:18 +0000] "GET /product/freed72162638.htm HTTP/1.1" 404 11468 "-" "Mozilla/5.0 (compatible; SemrushBot/7~bl; +http://www.semrush.com/bot.html)"
85.208.96.193 - - [15/Jul/2025:13:33:28 +0000] "GET /product/fog70326766.htm HTTP/1.1" 404 11467 "-" "Mozilla/5.0 (compatible; SemrushBot/7~bl; +http://www.semrush.com/bot.html)"
85.208.96.198 - - [15/Jul/2025:13:33:32 +0000] "GET /product/natio10228968.htm HTTP/1.1" 404 11467 "-" "Mozilla/5.0 (compatible; SemrushBot/7~bl; +http://www.semrush.com/bot.html)"
85.208.96.201 - - [15/Jul/2025:13:33:36 +0000] "GET /product/block61717341.htm HTTP/1.1" 404 11466 "-" "Mozilla/5.0 (compatible; SemrushBot/7~bl; +http://www.semrush.com/bot.html)"
185.191.171.2 - - [15/Jul/2025:13:34:16 +0000] "GET /product/stimu21462409.htm HTTP/1.1" 404 11468 "-" "Mozilla/5.0 (compatible; SemrushBot/7~bl; +http://www.semrush.com/bot.html)"
209.74.77.214 - - [15/Jul/2025:13:34:21 +0000] "POST /wp-cron.php?doing_wp_cron=1752586461.4253718852996826171875 HTTP/1.1" 200 - "-" "WordPress/6.8.1; https://babyl0n.restaurant"
85.208.96.199 - - [15/Jul/2025:13:34:21 +0000] "GET /product/crush61322709.htm HTTP/1.1" 404 11468 "-" "Mozilla/5.0 (compatible; SemrushBot/7~bl; +http://www.semrush.com/bot.html)"
185.191.171.13 - - [15/Jul/2025:13:34:44 +0000] "GET /product/rare40070083.htm HTTP/1.1" 404 11467 "-" "Mozilla/5.0 (compatible; SemrushBot/7~bl; +http://www.semrush.com/bot.html)"
185.191.171.13 - - [15/Jul/2025:13:35:07 +0000] "GET /product/storm41916787.htm HTTP/1.1" 404 11468 "-" "Mozilla/5.0 (compatible; SemrushBot/7~bl; +http://www.semrush.com/bot.html)"
85.208.96.195 - - [15/Jul/2025:13:35:11 +0000] "GET /product/deed51050932.htm HTTP/1.1" 404 11467 "-" "Mozilla/5.0 (compatible; SemrushBot/7~bl; +http://www.semrush.com/bot.html)"
209.74.77.214 - - [15/Jul/2025:13:35:25 +0000] "POST /wp-cron.php?doing_wp_cron=1752586525.2942519187927246093750 HTTP/1.1" 200 - "-" "WordPress/6.8.1; https://babyl0n.restaurant"
85.208.96.202 - - [15/Jul/2025:13:35:25 +0000] "GET /product/hey82361415.htm HTTP/1.1" 404 11467 "-" "Mozilla/5.0 (compatible; SemrushBot/7~bl; +http://www.semrush.com/bot.html)"
185.191.171.11 - - [15/Jul/2025:13:35:29 +0000] "GET /product/seam41299883.htm HTTP/1.1" 404 11468 "-" "Mozilla/5.0 (compatible; SemrushBot/7~bl; +http://www.semrush.com/bot.html)"
