Current File : /home/kelaby89/access-logs/cartel.express.sixpack.studio |
216.244.66.243 - - [15/Jul/2025:12:22:01 +0000] "GET /robots.txt HTTP/1.1" 200 79 "-" "Mozilla/5.0 (compatible; DotBot/1.2; +https://opensiteexplorer.org/dotbot; [email protected])"
209.74.77.214 - - [15/Jul/2025:12:24:33 +0000] "POST /wp-cron.php?doing_wp_cron=1752582273.5796349048614501953125 HTTP/1.1" 200 - "-" "WordPress/6.8.1; https://cartel.express"
171.6.153.217 - - [15/Jul/2025:12:24:30 +0000] "GET /wp-json/wp/v2/posts HTTP/1.1" 200 5160 "-" "Mozilla/5.0 (Windows NT 10.0; Win64; x64) AppleWebKit/537.36 (KHTML, like Gecko) Chrome/120.0.0.0 Safari/537.36"
209.74.77.214 - - [15/Jul/2025:12:28:19 +0000] "POST /wp-cron.php?doing_wp_cron=1752582499.2280609607696533203125 HTTP/1.1" 200 - "-" "WordPress/6.8.1; https://cartel.express"
43.153.54.138 - - [15/Jul/2025:12:28:16 +0000] "GET / HTTP/1.1" 301 - "-" "Mozilla/5.0 (iPhone; CPU iPhone OS 13_2_3 like Mac OS X) AppleWebKit/605.1.15 (KHTML, like Gecko) Version/13.0.3 Mobile/15E148 Safari/604.1"
209.74.77.214 - - [15/Jul/2025:12:34:06 +0000] "POST /wp-cron.php?doing_wp_cron=1752582846.9294929504394531250000 HTTP/1.1" 200 - "-" "WordPress/6.8.1; https://cartel.express"
203.2.64.59 - - [15/Jul/2025:12:34:04 +0000] "GET / HTTP/1.1" 301 - "-" "Mozilla/5.0 (iPhone; CPU iPhone OS 13_2_3 like Mac OS X) AppleWebKit/605.1.15 (KHTML, like Gecko) Version/13.0.3 Mobile/15E148 Safari/604.1"
216.244.66.243 - - [15/Jul/2025:12:36:13 +0000] "GET /cgi-sys/suspendedpage.cgi?quick-view=27231 HTTP/1.1" 200 7622 "-" "Mozilla/5.0 (compatible; DotBot/1.2; +https://opensiteexplorer.org/dotbot; [email protected])"
209.74.77.214 - - [15/Jul/2025:13:24:47 +0000] "POST /wp-cron.php?doing_wp_cron=1752585887.1166698932647705078125 HTTP/1.1" 200 - "-" "WordPress/6.8.1; https://cartel.express"
129.226.213.145 - - [15/Jul/2025:13:24:44 +0000] "GET / HTTP/1.1" 301 - "-" "Mozilla/5.0 (iPhone; CPU iPhone OS 13_2_3 like Mac OS X) AppleWebKit/605.1.15 (KHTML, like Gecko) Version/13.0.3 Mobile/15E148 Safari/604.1"
209.74.77.214 - - [15/Jul/2025:13:38:59 +0000] "POST /wp-cron.php?doing_wp_cron=1752586739.6587510108947753906250 HTTP/1.1" 200 - "-" "WordPress/6.8.1; https://cartel.express"
143.198.229.0 - - [15/Jul/2025:13:38:56 +0000] "GET /uploaded_script.php HTTP/1.1" 404 24784 "www.google.com" "Mozilla/5.0 (Linux; Android 7.0; SM-G892A Build/NRD90M; wv) AppleWebKit/537.36 (KHTML, like Gecko) Version/4.0 Chrome/60.0.3112.107 Mobile Safari/537.36"
209.74.77.214 - - [15/Jul/2025:13:39:35 +0000] "POST /wp-cron.php?doing_wp_cron=1752586775.7565569877624511718750 HTTP/1.1" 200 - "-" "WordPress/6.8.1; https://cartel.express"
207.166.178.245 - - [15/Jul/2025:13:39:32 +0000] "GET /wp-json/wp/v2/posts HTTP/1.1" 200 5160 "-" "Mozilla/5.0 (Windows NT 10.0; Win64; x64) AppleWebKit/537.36 (KHTML, like Gecko) Chrome/120.0.0.0 Safari/537.36"
216.244.66.243 - - [15/Jul/2025:14:53:04 +0000] "GET /robots.txt HTTP/1.1" 200 79 "-" "Mozilla/5.0 (compatible; DotBot/1.2; +https://opensiteexplorer.org/dotbot; [email protected])"
209.74.77.214 - - [15/Jul/2025:15:13:29 +0000] "POST /wp-cron.php?doing_wp_cron=1752592409.9513928890228271484375 HTTP/1.1" 200 - "-" "WordPress/6.8.1; https://cartel.express"
216.244.66.243 - - [15/Jul/2025:15:13:27 +0000] "GET /product-tag/system/feed/ HTTP/1.1" 200 2263 "-" "Mozilla/5.0 (compatible; DotBot/1.2; +https://opensiteexplorer.org/dotbot; [email protected])"
209.74.77.214 - - [15/Jul/2025:15:19:57 +0000] "POST /wp-cron.php?doing_wp_cron=1752592797.3064301013946533203125 HTTP/1.1" 200 - "-" "WordPress/6.8.1; https://cartel.express"
216.244.66.243 - - [15/Jul/2025:15:19:54 +0000] "GET /product-category/brake-pads/?add-to-cart=19252 HTTP/1.1" 200 245590 "-" "Mozilla/5.0 (compatible; DotBot/1.2; +https://opensiteexplorer.org/dotbot; [email protected])"
209.74.77.214 - - [15/Jul/2025:15:46:41 +0000] "POST /wp-cron.php?doing_wp_cron=1752594401.7010068893432617187500 HTTP/1.1" 200 - "-" "WordPress/6.8.1; https://cartel.express"
121.4.97.180 - - [15/Jul/2025:15:46:38 +0000] "GET / HTTP/1.1" 301 - "-" "Mozilla/5.0 (iPhone; CPU iPhone OS 13_2_3 like Mac OS X) AppleWebKit/605.1.15 (KHTML, like Gecko) Version/13.0.3 Mobile/15E148 Safari/604.1"
209.74.77.214 - - [15/Jul/2025:16:04:04 +0000] "POST /wp-cron.php?doing_wp_cron=1752595444.6037249565124511718750 HTTP/1.1" 200 - "-" "WordPress/6.8.1; https://cartel.express"
139.99.25.135 - - [15/Jul/2025:16:04:01 +0000] "GET /data/admin/allowurl.txt HTTP/1.1" 404 24743 "-" "Mozilla/5.0 (Windows NT 10.0; WOW64; rv:48.0) Gecko/20100101 Firefox/48.0"
209.74.77.214 - - [15/Jul/2025:16:04:55 +0000] "POST /wp-cron.php?doing_wp_cron=1752595495.9206199645996093750000 HTTP/1.1" 200 - "-" "WordPress/6.8.1; https://cartel.express"
205.210.31.145 - - [15/Jul/2025:16:04:53 +0000] "GET / HTTP/1.1" 301 - "-" "Hello from Palo Alto Networks, find out more about our scans in https://docs-cortex.paloaltonetworks.com/r/1/Cortex-Xpanse/Scanning-activity"
216.244.66.243 - - [15/Jul/2025:16:32:45 +0000] "GET /robots.txt HTTP/1.1" 200 79 "-" "Mozilla/5.0 (compatible; DotBot/1.2; +https://opensiteexplorer.org/dotbot; [email protected])"
209.74.77.214 - - [15/Jul/2025:16:38:33 +0000] "POST /wp-cron.php?doing_wp_cron=1752597513.6695339679718017578125 HTTP/1.1" 200 - "-" "WordPress/6.8.1; https://cartel.express"
198.46.234.28 - - [15/Jul/2025:16:38:31 +0000] "POST /index.php/wp-json/litespeed/v1/cdn_status HTTP/1.1" 404 117 "https://cartel.express/wp-admin/update.php?action=upload-plugin" "Mozilla/5.0 (Windows NT 10.0; Win64; x64; rv:128.0) Gecko/20100101 Firefox/128.0"
209.74.77.214 - - [15/Jul/2025:16:49:40 +0000] "POST /wp-cron.php?doing_wp_cron=1752598180.6303029060363769531250 HTTP/1.1" 200 - "-" "WordPress/6.8.1; https://cartel.express"
216.244.66.243 - - [15/Jul/2025:16:49:38 +0000] "GET /cars_model/astra/feed/ HTTP/1.1" 200 2345 "-" "Mozilla/5.0 (compatible; DotBot/1.2; +https://opensiteexplorer.org/dotbot; [email protected])"
216.244.66.243 - - [15/Jul/2025:17:23:56 +0000] "GET /robots.txt HTTP/1.1" 200 79 "-" "Mozilla/5.0 (compatible; DotBot/1.2; +https://opensiteexplorer.org/dotbot; [email protected])"
209.74.77.214 - - [15/Jul/2025:17:31:26 +0000] "POST /wp-cron.php?doing_wp_cron=1752600686.4180159568786621093750 HTTP/1.1" 200 - "-" "WordPress/6.8.1; https://cartel.express"
216.244.66.243 - - [15/Jul/2025:17:31:23 +0000] "GET /product/suspension-spring/?add-to-cart=19250 HTTP/1.1" 200 254278 "-" "Mozilla/5.0 (compatible; DotBot/1.2; +https://opensiteexplorer.org/dotbot; [email protected])"
209.74.77.214 - - [15/Jul/2025:17:32:05 +0000] "POST /wp-cron.php?doing_wp_cron=1752600725.1631538867950439453125 HTTP/1.1" 200 - "-" "WordPress/6.8.1; https://cartel.express"
216.244.66.243 - - [15/Jul/2025:17:32:02 +0000] "GET /cars_maker/aston-martin/ HTTP/1.1" 200 229181 "-" "Mozilla/5.0 (compatible; DotBot/1.2; +https://opensiteexplorer.org/dotbot; [email protected])"
209.74.77.214 - - [15/Jul/2025:17:37:32 +0000] "POST /wp-cron.php?doing_wp_cron=1752601052.7108368873596191406250 HTTP/1.1" 200 - "-" "WordPress/6.8.1; https://cartel.express"
139.99.25.11 - - [15/Jul/2025:17:37:30 +0000] "GET /e/data/js/ajax.js HTTP/1.1" 404 24747 "-" "Mozilla/5.0 (Windows NT 10.0; WOW64; rv:48.0) Gecko/20100101 Firefox/48.0"
216.244.66.243 - - [15/Jul/2025:18:56:56 +0000] "GET /robots.txt HTTP/1.1" 200 79 "-" "Mozilla/5.0 (compatible; DotBot/1.2; +https://opensiteexplorer.org/dotbot; [email protected])"
209.74.77.214 - - [15/Jul/2025:18:57:09 +0000] "POST /wp-cron.php?doing_wp_cron=1752605829.2125749588012695312500 HTTP/1.1" 200 - "-" "WordPress/6.8.1; https://cartel.express"
119.96.24.54 - - [15/Jul/2025:18:57:06 +0000] "GET / HTTP/1.1" 301 - "-" "Mozilla/5.0 (iPhone; CPU iPhone OS 13_2_3 like Mac OS X) AppleWebKit/605.1.15 (KHTML, like Gecko) Version/13.0.3 Mobile/15E148 Safari/604.1"
209.74.77.214 - - [15/Jul/2025:19:05:50 +0000] "POST /wp-cron.php?doing_wp_cron=1752606350.1026968955993652343750 HTTP/1.1" 200 - "-" "WordPress/6.8.1; https://cartel.express"
216.244.66.243 - - [15/Jul/2025:19:05:46 +0000] "GET /product-tag/air/?add-to-cart=19247 HTTP/1.1" 200 257110 "-" "Mozilla/5.0 (compatible; DotBot/1.2; +https://opensiteexplorer.org/dotbot; [email protected])"
216.244.66.243 - - [15/Jul/2025:19:06:42 +0000] "GET /product-tag/item/?add-to-cart=19250 HTTP/1.1" 200 253341 "-" "Mozilla/5.0 (compatible; DotBot/1.2; +https://opensiteexplorer.org/dotbot; [email protected])"
209.74.77.214 - - [15/Jul/2025:19:08:28 +0000] "POST /wp-cron.php?doing_wp_cron=1752606508.6060309410095214843750 HTTP/1.1" 200 - "-" "WordPress/6.8.1; https://cartel.express"
216.244.66.243 - - [15/Jul/2025:19:08:25 +0000] "GET /product-category/seat-covers/feed/ HTTP/1.1" 200 2254 "-" "Mozilla/5.0 (compatible; DotBot/1.2; +https://opensiteexplorer.org/dotbot; [email protected])"
209.74.77.214 - - [15/Jul/2025:19:16:18 +0000] "POST /wp-cron.php?doing_wp_cron=1752606978.9612379074096679687500 HTTP/1.1" 200 - "-" "WordPress/6.8.1; https://cartel.express"
205.210.31.123 - - [15/Jul/2025:19:16:16 +0000] "GET / HTTP/1.1" 301 - "-" "\"Xpanse-bot"
209.74.77.214 - - [15/Jul/2025:19:17:27 +0000] "POST /wp-cron.php?doing_wp_cron=1752607047.9133100509643554687500 HTTP/1.1" 200 - "-" "WordPress/6.8.1; https://cartel.express"
209.74.77.214 - - [15/Jul/2025:19:17:27 +0000] "POST /wp-cron.php?doing_wp_cron=1752607047.9133100509643554687500 HTTP/1.1" 200 - "-" "WordPress/6.8.1; https://cartel.express"
34.122.147.229 - - [15/Jul/2025:19:17:24 +0000] "GET / HTTP/1.1" 301 - "-" "Mozilla/5.0 (X11; Linux x86_64) AppleWebKit/537.36 (KHTML, like Gecko) HeadlessChrome/117.0.5938.132 Safari/537.36"
125.25.132.162 - - [15/Jul/2025:19:17:26 +0000] "GET /wp-json/wp/v2/posts HTTP/1.1" 200 5160 "-" "Mozilla/5.0 (Windows NT 10.0; Win64; x64) AppleWebKit/537.36 (KHTML, like Gecko) Chrome/120.0.0.0 Safari/537.36"
34.122.147.229 - - [15/Jul/2025:19:17:32 +0000] "GET / HTTP/1.1" 301 - "-" "Mozilla/5.0 (Macintosh; Intel Mac OS X 10_15_4) AppleWebKit/537.36 (KHTML, like Gecko) Chrome/83.0.4103.97 Safari/537.36"
216.244.66.243 - - [15/Jul/2025:19:18:37 +0000] "GET /services_group/main-services/feed/ HTTP/1.1" 200 30971 "-" "Mozilla/5.0 (compatible; DotBot/1.2; +https://opensiteexplorer.org/dotbot; [email protected])"
209.74.77.214 - - [15/Jul/2025:19:27:11 +0000] "POST /wp-cron.php?doing_wp_cron=1752607631.2448549270629882812500 HTTP/1.1" 200 - "-" "WordPress/6.8.1; https://cartel.express"
43.133.91.48 - - [15/Jul/2025:19:27:08 +0000] "GET / HTTP/1.1" 301 - "-" "Mozilla/5.0 (iPhone; CPU iPhone OS 13_2_3 like Mac OS X) AppleWebKit/605.1.15 (KHTML, like Gecko) Version/13.0.3 Mobile/15E148 Safari/604.1"
209.74.77.214 - - [15/Jul/2025:20:07:46 +0000] "POST /wp-cron.php?doing_wp_cron=1752610066.0614280700683593750000 HTTP/1.1" 200 - "-" "WordPress/6.8.1; https://cartel.express"
167.71.99.2 - - [15/Jul/2025:20:07:43 +0000] "GET / HTTP/1.1" 301 - "-" "Mozilla/5.0 (X11; Linux x86_64) AppleWebKit/537.36 (KHTML, like Gecko) Chrome/137.0.0.0 Safari/537.36"
167.71.99.2 - - [15/Jul/2025:20:07:46 +0000] "GET /favicon.ico HTTP/1.1" 302 - "http://cartel.express/" "Mozilla/5.0 (X11; Linux x86_64) AppleWebKit/537.36 (KHTML, like Gecko) Chrome/137.0.0.0 Safari/537.36"
45.94.31.13 - - [15/Jul/2025:20:22:36 +0000] "GET /wp-admin/setup-config.php HTTP/1.1" 409 2665 "-" "Mozilla/5.0 (Windows NT 10.0; Win64; x64)"
209.74.77.214 - - [15/Jul/2025:20:22:39 +0000] "POST /wp-cron.php?doing_wp_cron=1752610959.1370820999145507812500 HTTP/1.1" 200 - "-" "WordPress/6.8.1; https://cartel.express"
45.94.31.13 - - [15/Jul/2025:20:22:37 +0000] "GET /wp/wp-admin/setup-config.php HTTP/1.1" 404 146760 "-" "Mozilla/5.0 (Windows NT 10.0; Win64; x64)"
45.94.31.13 - - [15/Jul/2025:20:22:39 +0000] "GET /blog/wp-admin/setup-config.php HTTP/1.1" 404 146762 "-" "Mozilla/5.0 (Windows NT 10.0; Win64; x64)"
45.94.31.13 - - [15/Jul/2025:20:22:40 +0000] "GET /new/wp-admin/setup-config.php HTTP/1.1" 404 146763 "-" "Mozilla/5.0 (Windows NT 10.0; Win64; x64)"
216.244.66.243 - - [15/Jul/2025:20:41:08 +0000] "GET /robots.txt HTTP/1.1" 200 79 "-" "Mozilla/5.0 (compatible; DotBot/1.2; +https://opensiteexplorer.org/dotbot; [email protected])"
209.74.77.214 - - [15/Jul/2025:20:54:03 +0000] "POST /wp-cron.php?doing_wp_cron=1752612843.9272410869598388671875 HTTP/1.1" 200 - "-" "WordPress/6.8.1; https://cartel.express"
216.244.66.243 - - [15/Jul/2025:20:54:00 +0000] "GET /cars_maker/mclaren/feed/ HTTP/1.1" 200 2357 "-" "Mozilla/5.0 (compatible; DotBot/1.2; +https://opensiteexplorer.org/dotbot; [email protected])"
216.244.66.243 - - [15/Jul/2025:20:54:10 +0000] "GET /services_group/auto-repair/feed/ HTTP/1.1" 200 19035 "-" "Mozilla/5.0 (compatible; DotBot/1.2; +https://opensiteexplorer.org/dotbot; [email protected])"
62.138.3.40 - - [15/Jul/2025:20:57:01 +0000] "GET /robots.txt HTTP/1.1" 200 94 "-" "Mozilla/5.0 (X11; Linux x86_64) AppleWebKit/537.36 (KHTML, like Gecko) Chrome/124.0.0.0 Safari/537.36"
209.74.77.214 - - [15/Jul/2025:20:57:03 +0000] "POST /wp-cron.php?doing_wp_cron=1752613023.9039518833160400390625 HTTP/1.1" 200 - "-" "WordPress/6.8.1; https://cartel.express"
62.138.3.40 - - [15/Jul/2025:20:57:01 +0000] "GET / HTTP/1.1" 301 - "-" "Mozilla/5.0 (X11; Linux x86_64) AppleWebKit/537.36 (KHTML, like Gecko) Chrome/124.0.0.0 Safari/537.36"
209.74.77.214 - - [15/Jul/2025:21:12:11 +0000] "POST /wp-cron.php?doing_wp_cron=1752613931.4848079681396484375000 HTTP/1.1" 200 - "-" "WordPress/6.8.1; https://cartel.express"
43.166.128.86 - - [15/Jul/2025:21:12:09 +0000] "GET / HTTP/1.1" 301 - "-" "Mozilla/5.0 (iPhone; CPU iPhone OS 13_2_3 like Mac OS X) AppleWebKit/605.1.15 (KHTML, like Gecko) Version/13.0.3 Mobile/15E148 Safari/604.1"
209.74.77.214 - - [15/Jul/2025:21:14:09 +0000] "POST /wp-cron.php?doing_wp_cron=1752614049.6207699775695800781250 HTTP/1.1" 200 - "-" "WordPress/6.8.1; https://cartel.express"
198.235.24.241 - - [15/Jul/2025:21:14:07 +0000] "GET /shell.php HTTP/1.1" 301 - "-" "Hello from Palo Alto Networks, find out more about our scans in https://docs-cortex.paloaltonetworks.com/r/1/Cortex-Xpanse/Scanning-activity"
198.235.24.241 - - [15/Jul/2025:21:14:10 +0000] "GET /shell.php HTTP/1.1" 404 146672 "http://209.74.77.214:80/shell.php" "Hello from Palo Alto Networks, find out more about our scans in https://docs-cortex.paloaltonetworks.com/r/1/Cortex-Xpanse/Scanning-activity"
209.74.77.214 - - [15/Jul/2025:21:31:16 +0000] "POST /wp-cron.php?doing_wp_cron=1752615076.3913090229034423828125 HTTP/1.1" 200 - "-" "WordPress/6.8.1; https://cartel.express"
44.243.70.208 - - [15/Jul/2025:21:31:14 +0000] "GET / HTTP/1.1" 301 - "-" "Mozilla/5.0 (Macintosh; Intel Mac OS X 10_15_7) AppleWebKit/537.36 (KHTML, like Gecko) Chrome/113.0.0.0 Safari/537.36"
209.74.77.214 - - [15/Jul/2025:21:40:00 +0000] "POST /wp-cron.php?doing_wp_cron=1752615600.9020190238952636718750 HTTP/1.1" 200 - "-" "WordPress/6.8.1; https://cartel.express"
45.138.16.130 - - [15/Jul/2025:21:39:59 +0000] "GET /style.php HTTP/1.1" 404 24783 "-" "Mozilla/5.0 (Linux; Android 7.0; SM-G892A Build/NRD90M; wv) AppleWebKit/537.36 (KHTML, like Gecko) Version/4.0 Chrome/60.0.3112.107 Mobile Safari/537.36"
209.74.77.214 - - [15/Jul/2025:21:48:53 +0000] "POST /wp-cron.php?doing_wp_cron=1752616133.0168409347534179687500 HTTP/1.1" 200 - "-" "WordPress/6.8.1; https://cartel.express"
114.96.103.33 - - [15/Jul/2025:21:48:51 +0000] "GET / HTTP/1.1" 301 - "-" "Mozilla/5.0 (iPhone; CPU iPhone OS 13_2_3 like Mac OS X) AppleWebKit/605.1.15 (KHTML, like Gecko) Version/13.0.3 Mobile/15E148 Safari/604.1"
209.74.77.214 - - [15/Jul/2025:22:38:56 +0000] "POST /wp-cron.php?doing_wp_cron=1752619136.3168919086456298828125 HTTP/1.1" 200 - "-" "WordPress/6.8.1; https://cartel.express"
185.241.208.99 - - [15/Jul/2025:22:38:52 +0000] "GET / HTTP/1.1" 301 - "-" "-"
216.244.66.243 - - [15/Jul/2025:23:02:15 +0000] "GET /robots.txt HTTP/1.1" 200 79 "-" "Mozilla/5.0 (compatible; DotBot/1.2; +https://opensiteexplorer.org/dotbot; [email protected])"
209.74.77.214 - - [15/Jul/2025:23:19:45 +0000] "POST /wp-cron.php?doing_wp_cron=1752621585.4850399494171142578125 HTTP/1.1" 200 - "-" "WordPress/6.8.1; https://cartel.express"
216.244.66.243 - - [15/Jul/2025:23:19:42 +0000] "GET /cars_model/720s/feed/ HTTP/1.1" 200 2348 "-" "Mozilla/5.0 (compatible; DotBot/1.2; +https://opensiteexplorer.org/dotbot; [email protected])"
216.244.66.243 - - [15/Jul/2025:23:59:37 +0000] "GET /robots.txt HTTP/1.1" 200 79 "-" "Mozilla/5.0 (compatible; DotBot/1.2; +https://opensiteexplorer.org/dotbot; [email protected])"
209.74.77.214 - - [16/Jul/2025:00:12:18 +0000] "POST /wp-cron.php?doing_wp_cron=1752624738.3409259319305419921875 HTTP/1.1" 200 - "-" "WordPress/6.8.1; https://cartel.express"
216.244.66.243 - - [16/Jul/2025:00:12:15 +0000] "GET /services_group/auto-body-shop/ HTTP/1.1" 200 238949 "-" "Mozilla/5.0 (compatible; DotBot/1.2; +https://opensiteexplorer.org/dotbot; [email protected])"
209.74.77.214 - - [16/Jul/2025:00:25:22 +0000] "POST /wp-cron.php?doing_wp_cron=1752625522.6040740013122558593750 HTTP/1.1" 200 - "-" "WordPress/6.8.1; https://cartel.express"
216.244.66.243 - - [16/Jul/2025:00:25:19 +0000] "GET /shop/page/2/?quick-view=27384 HTTP/1.1" 200 262493 "-" "Mozilla/5.0 (compatible; DotBot/1.2; +https://opensiteexplorer.org/dotbot; [email protected])"
216.244.66.243 - - [16/Jul/2025:00:46:50 +0000] "GET /robots.txt HTTP/1.1" 200 79 "-" "Mozilla/5.0 (compatible; DotBot/1.2; +https://opensiteexplorer.org/dotbot; [email protected])"
209.74.77.214 - - [16/Jul/2025:00:49:46 +0000] "POST /wp-cron.php?doing_wp_cron=1752626986.0625469684600830078125 HTTP/1.1" 200 - "-" "WordPress/6.8.1; https://cartel.express"
106.119.167.146 - - [16/Jul/2025:00:49:43 +0000] "GET / HTTP/1.1" 301 - "-" "Mozilla/5.0 (iPhone; CPU iPhone OS 13_2_3 like Mac OS X) AppleWebKit/605.1.15 (KHTML, like Gecko) Version/13.0.3 Mobile/15E148 Safari/604.1"
209.74.77.214 - - [16/Jul/2025:00:51:00 +0000] "POST /wp-cron.php?doing_wp_cron=1752627060.9294440746307373046875 HTTP/1.1" 200 - "-" "WordPress/6.8.1; https://cartel.express"
216.244.66.243 - - [16/Jul/2025:00:50:57 +0000] "GET / HTTP/1.1" 301 - "-" "Mozilla/5.0 (compatible; DotBot/1.2; +https://opensiteexplorer.org/dotbot; [email protected])"
209.74.77.214 - - [16/Jul/2025:01:03:58 +0000] "POST /wp-cron.php?doing_wp_cron=1752627838.1568970680236816406250 HTTP/1.1" 200 - "-" "WordPress/6.8.1; https://cartel.express"
216.244.66.243 - - [16/Jul/2025:01:03:55 +0000] "GET /product-tag/lamp/feed/ HTTP/1.1" 200 2228 "-" "Mozilla/5.0 (compatible; DotBot/1.2; +https://opensiteexplorer.org/dotbot; [email protected])"
209.74.77.214 - - [16/Jul/2025:01:26:44 +0000] "POST /wp-cron.php?doing_wp_cron=1752629204.7723600864410400390625 HTTP/1.1" 200 - "-" "WordPress/6.8.1; https://cartel.express"
118.173.85.72 - - [16/Jul/2025:01:26:41 +0000] "GET /wp-json/wp/v2/posts HTTP/1.1" 200 5160 "-" "Mozilla/5.0 (Windows NT 10.0; Win64; x64) AppleWebKit/537.36 (KHTML, like Gecko) Chrome/120.0.0.0 Safari/537.36"
209.74.77.214 - - [16/Jul/2025:02:41:59 +0000] "POST /wp-cron.php?doing_wp_cron=1752633719.4506309032440185546875 HTTP/1.1" 200 - "-" "WordPress/6.8.1; https://cartel.express"
198.46.234.28 - - [16/Jul/2025:02:41:57 +0000] "POST /index.php/wp-json/litespeed/v1/cdn_status HTTP/1.1" 404 117 "https://cartel.express/wp-admin/update.php?action=upload-plugin" "Mozilla/5.0 (Windows NT 10.0; Win64; x64; rv:128.0) Gecko/20100101 Firefox/128.0"
216.244.66.243 - - [16/Jul/2025:03:19:54 +0000] "GET /robots.txt HTTP/1.1" 200 79 "-" "Mozilla/5.0 (compatible; DotBot/1.2; +https://opensiteexplorer.org/dotbot; [email protected])"
209.74.77.214 - - [16/Jul/2025:03:37:26 +0000] "POST /wp-cron.php?doing_wp_cron=1752637046.4719340801239013671875 HTTP/1.1" 200 - "-" "WordPress/6.8.1; https://cartel.express"
216.244.66.243 - - [16/Jul/2025:03:37:23 +0000] "GET /product-category/custom-wheels/?quick-view=27140 HTTP/1.1" 200 276654 "-" "Mozilla/5.0 (compatible; DotBot/1.2; +https://opensiteexplorer.org/dotbot; [email protected])"
209.74.77.214 - - [16/Jul/2025:03:39:36 +0000] "POST /wp-cron.php?doing_wp_cron=1752637176.2299160957336425781250 HTTP/1.1" 200 - "-" "WordPress/6.8.1; https://cartel.express"
216.244.66.243 - - [16/Jul/2025:03:39:33 +0000] "GET /product-tag/fuel/?add-to-cart=19247 HTTP/1.1" 200 257120 "-" "Mozilla/5.0 (compatible; DotBot/1.2; +https://opensiteexplorer.org/dotbot; [email protected])"
209.74.77.214 - - [16/Jul/2025:03:44:21 +0000] "POST /wp-cron.php?doing_wp_cron=1752637461.4294190406799316406250 HTTP/1.1" 200 - "-" "WordPress/6.8.1; https://cartel.express"
216.244.66.243 - - [16/Jul/2025:03:44:19 +0000] "GET /top-10-ideas-how-to-paint-your-sports-and-racing-car/feed/ HTTP/1.1" 200 1848 "-" "Mozilla/5.0 (compatible; DotBot/1.2; +https://opensiteexplorer.org/dotbot; [email protected])"
209.74.77.214 - - [16/Jul/2025:03:48:33 +0000] "POST /wp-cron.php?doing_wp_cron=1752637713.1444380283355712890625 HTTP/1.1" 200 - "-" "WordPress/6.8.1; https://cartel.express"
182.44.67.97 - - [16/Jul/2025:03:48:30 +0000] "GET / HTTP/1.1" 301 - "-" "Mozilla/5.0 (iPhone; CPU iPhone OS 13_2_3 like Mac OS X) AppleWebKit/605.1.15 (KHTML, like Gecko) Version/13.0.3 Mobile/15E148 Safari/604.1"
209.74.77.214 - - [16/Jul/2025:03:54:04 +0000] "POST /wp-cron.php?doing_wp_cron=1752638044.0620388984680175781250 HTTP/1.1" 200 - "-" "WordPress/6.8.1; https://cartel.express"
101.32.52.164 - - [16/Jul/2025:03:54:01 +0000] "GET / HTTP/1.1" 301 - "-" "Mozilla/5.0 (iPhone; CPU iPhone OS 13_2_3 like Mac OS X) AppleWebKit/605.1.15 (KHTML, like Gecko) Version/13.0.3 Mobile/15E148 Safari/604.1"
216.244.66.243 - - [16/Jul/2025:04:07:28 +0000] "GET /robots.txt HTTP/1.1" 200 79 "-" "Mozilla/5.0 (compatible; DotBot/1.2; +https://opensiteexplorer.org/dotbot; [email protected])"
209.74.77.214 - - [16/Jul/2025:04:24:32 +0000] "POST /wp-cron.php?doing_wp_cron=1752639872.2959589958190917968750 HTTP/1.1" 200 - "-" "WordPress/6.8.1; https://cartel.express"
216.244.66.243 - - [16/Jul/2025:04:24:29 +0000] "GET /product-category/custom-wheels/?quick-view=26952 HTTP/1.1" 200 276655 "-" "Mozilla/5.0 (compatible; DotBot/1.2; +https://opensiteexplorer.org/dotbot; [email protected])"
209.74.77.214 - - [16/Jul/2025:04:26:00 +0000] "POST /wp-cron.php?doing_wp_cron=1752639960.5940680503845214843750 HTTP/1.1" 200 - "-" "WordPress/6.8.1; https://cartel.express"
216.244.66.243 - - [16/Jul/2025:04:25:58 +0000] "GET /product-category/tires/?quick-view=19252 HTTP/1.1" 200 262002 "-" "Mozilla/5.0 (compatible; DotBot/1.2; +https://opensiteexplorer.org/dotbot; [email protected])"
209.74.77.214 - - [16/Jul/2025:04:28:15 +0000] "POST /wp-cron.php?doing_wp_cron=1752640095.5932149887084960937500 HTTP/1.1" 200 - "-" "WordPress/6.8.1; https://cartel.express"
216.244.66.243 - - [16/Jul/2025:04:28:13 +0000] "GET /product-category/brakes-rotors/?quick-view=19249 HTTP/1.1" 200 250124 "-" "Mozilla/5.0 (compatible; DotBot/1.2; +https://opensiteexplorer.org/dotbot; [email protected])"
209.74.77.214 - - [16/Jul/2025:04:57:33 +0000] "POST /wp-cron.php?doing_wp_cron=1752641853.9335498809814453125000 HTTP/1.1" 200 - "-" "WordPress/6.8.1; https://cartel.express"
43.159.152.4 - - [16/Jul/2025:04:57:31 +0000] "GET / HTTP/1.1" 301 - "-" "Mozilla/5.0 (iPhone; CPU iPhone OS 13_2_3 like Mac OS X) AppleWebKit/605.1.15 (KHTML, like Gecko) Version/13.0.3 Mobile/15E148 Safari/604.1"
209.74.77.214 - - [16/Jul/2025:05:07:16 +0000] "POST /wp-cron.php?doing_wp_cron=1752642436.8070089817047119140625 HTTP/1.1" 200 - "-" "WordPress/6.8.1; https://cartel.express"
13.74.116.252 - - [16/Jul/2025:05:07:14 +0000] "GET /wp-content/plugins/hellopress/wp_filemanager.php HTTP/1.1" 404 146762 "-" "-"
13.74.116.252 - - [16/Jul/2025:05:07:17 +0000] "GET /.well-known/log.php HTTP/1.1" 404 146671 "-" "-"
13.74.116.252 - - [16/Jul/2025:05:07:18 +0000] "GET /chosen.php HTTP/1.1" 404 146673 "-" "-"
13.74.116.252 - - [16/Jul/2025:05:07:19 +0000] "GET /admin.php HTTP/1.1" 404 146667 "-" "-"
13.74.116.252 - - [16/Jul/2025:05:07:19 +0000] "GET /wp-admin/network/chosen.php HTTP/1.1" 404 146763 "-" "-"
13.74.116.252 - - [16/Jul/2025:05:07:20 +0000] "GET /FoxWSO.php HTTP/1.1" 404 146672 "-" "-"
13.74.116.252 - - [16/Jul/2025:05:07:21 +0000] "GET /wp-mail.php/wp-includes/ID3/getid3s.php HTTP/1.1" 403 2520 "-" "-"
13.74.116.252 - - [16/Jul/2025:05:07:21 +0000] "GET /wp-includes/fonts/admin.php HTTP/1.1" 404 146762 "-" "-"
13.74.116.252 - - [16/Jul/2025:05:07:22 +0000] "GET /autoload_classmap.php HTTP/1.1" 404 146672 "-" "-"
13.74.116.252 - - [16/Jul/2025:05:07:23 +0000] "GET /menu.php HTTP/1.1" 404 146672 "-" "-"
13.74.116.252 - - [16/Jul/2025:05:07:24 +0000] "GET /system_log.php HTTP/1.1" 404 146671 "-" "-"
13.74.116.252 - - [16/Jul/2025:05:07:24 +0000] "GET /wp-admin/log.php HTTP/1.1" 404 146670 "-" "-"
13.74.116.252 - - [16/Jul/2025:05:07:25 +0000] "GET /goat1.php HTTP/1.1" 404 146671 "-" "-"
13.74.116.252 - - [16/Jul/2025:05:07:26 +0000] "GET /wp-content/plugins/hellopress/wp_filemanager.php HTTP/1.1" 404 146763 "-" "-"
13.74.116.252 - - [16/Jul/2025:05:07:27 +0000] "GET /wp-includes/Text/wp-conflg.php HTTP/1.1" 404 146763 "-" "-"
13.74.116.252 - - [16/Jul/2025:05:07:27 +0000] "GET /media.php HTTP/1.1" 404 146669 "-" "-"
13.74.116.252 - - [16/Jul/2025:05:07:28 +0000] "GET /bless.php HTTP/1.1" 404 146673 "-" "-"
13.74.116.252 - - [16/Jul/2025:05:07:29 +0000] "GET /wp-includes/Text/Diff/Engine/about.php HTTP/1.1" 404 146765 "-" "-"
13.74.116.252 - - [16/Jul/2025:05:07:30 +0000] "GET /wp-content/upgrade/index.php HTTP/1.1" 301 - "-" "-"
13.74.116.252 - - [16/Jul/2025:05:07:30 +0000] "GET /wp-content/upgrade/ HTTP/1.1" 404 146672 "-" "-"
13.74.116.252 - - [16/Jul/2025:05:07:31 +0000] "GET /wp-content/themes/aahana/json.php HTTP/1.1" 404 146761 "-" "-"
13.74.116.252 - - [16/Jul/2025:05:07:32 +0000] "GET /classwithtostring.php HTTP/1.1" 404 146669 "-" "-"
13.74.116.252 - - [16/Jul/2025:05:07:32 +0000] "GET /wp-content/themes.php HTTP/1.1" 404 146670 "-" "-"
13.74.116.252 - - [16/Jul/2025:05:07:33 +0000] "GET /wp-includes/SimplePie/index.php HTTP/1.1" 301 - "-" "-"
13.74.116.252 - - [16/Jul/2025:05:07:33 +0000] "GET /wp-includes/SimplePie/ HTTP/1.1" 404 146669 "-" "-"
13.74.116.252 - - [16/Jul/2025:05:07:34 +0000] "GET /chosen HTTP/1.1" 404 146672 "-" "-"
13.74.116.252 - - [16/Jul/2025:05:07:35 +0000] "GET /filemanager.php HTTP/1.1" 404 146669 "-" "-"
13.74.116.252 - - [16/Jul/2025:05:07:36 +0000] "GET /wp-content/packed.php HTTP/1.1" 404 146672 "-" "-"
13.74.116.252 - - [16/Jul/2025:05:07:36 +0000] "GET /wp-content/plugins/seoplugins/db.php HTTP/1.1" 404 146760 "-" "-"
13.74.116.252 - - [16/Jul/2025:05:07:37 +0000] "GET /function/function.php HTTP/1.1" 404 146671 "-" "-"
13.74.116.252 - - [16/Jul/2025:05:07:38 +0000] "GET /wp-content/themes/cay-van-phong/filemanager.php HTTP/1.1" 404 146765 "-" "-"
13.74.116.252 - - [16/Jul/2025:05:07:38 +0000] "GET /wp-content/themes/twentytwentytwo/alfa-rex.php HTTP/1.1" 404 146762 "-" "-"
13.74.116.252 - - [16/Jul/2025:05:07:39 +0000] "GET /wp-includes/html-api/index.php HTTP/1.1" 301 - "-" "-"
13.74.116.252 - - [16/Jul/2025:05:07:40 +0000] "GET /wp-includes/html-api/ HTTP/1.1" 404 146673 "-" "-"
13.74.116.252 - - [16/Jul/2025:05:07:40 +0000] "GET /wp-conflg.php HTTP/1.1" 404 146668 "-" "-"
13.74.116.252 - - [16/Jul/2025:05:07:41 +0000] "GET /index/function.php HTTP/1.1" 404 146671 "-" "-"
13.74.116.252 - - [16/Jul/2025:05:07:42 +0000] "GET /radio.php HTTP/1.1" 404 146669 "-" "-"
13.74.116.252 - - [16/Jul/2025:05:07:42 +0000] "GET /wp-content/uploads/2024/index.php HTTP/1.1" 301 - "-" "-"
13.74.116.252 - - [16/Jul/2025:05:07:43 +0000] "GET /wp-content/uploads/2024/ HTTP/1.1" 404 146765 "-" "-"
13.74.116.252 - - [16/Jul/2025:05:07:44 +0000] "GET /wp-admin/css/wp-conflg.php HTTP/1.1" 404 146762 "-" "-"
13.74.116.252 - - [16/Jul/2025:05:07:44 +0000] "GET /wp-content/plugins/wp-help/index.php HTTP/1.1" 301 - "-" "-"
13.74.116.252 - - [16/Jul/2025:05:07:45 +0000] "GET /wp-content/plugins/wp-help/ HTTP/1.1" 404 146758 "-" "-"
13.74.116.252 - - [16/Jul/2025:05:07:46 +0000] "GET /wp-includes/block-patterns/index.php HTTP/1.1" 301 - "-" "-"
13.74.116.252 - - [16/Jul/2025:05:07:46 +0000] "GET /wp-includes/block-patterns/ HTTP/1.1" 404 146669 "-" "-"
13.74.116.252 - - [16/Jul/2025:05:07:47 +0000] "GET /cc.php HTTP/1.1" 404 146671 "-" "-"
13.74.116.252 - - [16/Jul/2025:05:07:47 +0000] "GET /mail.php HTTP/1.1" 404 146669 "-" "-"
13.74.116.252 - - [16/Jul/2025:05:07:48 +0000] "GET /worksec.php HTTP/1.1" 404 146672 "-" "-"
13.74.116.252 - - [16/Jul/2025:05:07:49 +0000] "GET /about/function.php HTTP/1.1" 404 146672 "-" "-"
13.74.116.252 - - [16/Jul/2025:05:07:50 +0000] "GET /wp-includes/Text/Diff/about.php HTTP/1.1" 404 146764 "-" "-"
13.74.116.252 - - [16/Jul/2025:05:07:51 +0000] "GET /images/Marvins.php HTTP/1.1" 404 146670 "-" "-"
13.74.116.252 - - [16/Jul/2025:05:07:51 +0000] "GET /log.php HTTP/1.1" 404 146669 "-" "-"
13.74.116.252 - - [16/Jul/2025:05:07:52 +0000] "GET /lock360.php HTTP/1.1" 404 146671 "-" "-"
13.74.116.252 - - [16/Jul/2025:05:07:53 +0000] "GET /f35.php HTTP/1.1" 404 146673 "-" "-"
13.74.116.252 - - [16/Jul/2025:05:07:53 +0000] "GET /alfa.php HTTP/1.1" 404 146673 "-" "-"
13.74.116.252 - - [16/Jul/2025:05:07:54 +0000] "GET /lv.php HTTP/1.1" 404 146671 "-" "-"
13.74.116.252 - - [16/Jul/2025:05:07:55 +0000] "GET /02.php HTTP/1.1" 404 146665 "-" "-"
13.74.116.252 - - [16/Jul/2025:05:07:56 +0000] "GET /cgi-bin/cgi-bin/about.php7 HTTP/1.1" 404 146765 "-" "-"
209.74.77.214 - - [16/Jul/2025:05:07:57 +0000] "POST /wp-cron.php?doing_wp_cron=1752642477.1063220500946044921875 HTTP/1.1" 200 - "-" "WordPress/6.8.1; https://cartel.express"
13.74.116.252 - - [16/Jul/2025:05:07:56 +0000] "GET /wp-includes/IXR/index.php HTTP/1.1" 301 - "-" "-"
13.74.116.252 - - [16/Jul/2025:05:07:57 +0000] "GET /wp-includes/IXR/ HTTP/1.1" 404 146672 "-" "-"
13.74.116.252 - - [16/Jul/2025:05:07:58 +0000] "GET /wp-includes/js/codemirror/index.php HTTP/1.1" 301 - "-" "-"
13.74.116.252 - - [16/Jul/2025:05:07:58 +0000] "GET /wp-includes/js/codemirror/ HTTP/1.1" 404 146761 "-" "-"
13.74.116.252 - - [16/Jul/2025:05:07:59 +0000] "GET /baxa1.phP8 HTTP/1.1" 404 146669 "-" "-"
13.74.116.252 - - [16/Jul/2025:05:07:59 +0000] "GET /up.php HTTP/1.1" 404 146671 "-" "-"
13.74.116.252 - - [16/Jul/2025:05:08:00 +0000] "GET /wp-content/plugins/linkpreview/db.php HTTP/1.1" 404 146764 "-" "-"
13.74.116.252 - - [16/Jul/2025:05:08:01 +0000] "GET /themes.php HTTP/1.1" 404 146671 "-" "-"
13.74.116.252 - - [16/Jul/2025:05:08:02 +0000] "GET /jp.php HTTP/1.1" 404 146670 "-" "-"
13.74.116.252 - - [16/Jul/2025:05:08:02 +0000] "GET /wp-configs.php HTTP/1.1" 404 146673 "-" "-"
13.74.116.252 - - [16/Jul/2025:05:08:03 +0000] "GET /atomlib.php HTTP/1.1" 404 146673 "-" "-"
13.74.116.252 - - [16/Jul/2025:05:08:04 +0000] "GET /info.php HTTP/1.1" 404 146667 "-" "-"
13.74.116.252 - - [16/Jul/2025:05:08:04 +0000] "GET /wp-admin/js/wp-conflg.php HTTP/1.1" 404 146761 "-" "-"
13.74.116.252 - - [16/Jul/2025:05:08:05 +0000] "GET /makeasmtp.php HTTP/1.1" 404 146671 "-" "-"
13.74.116.252 - - [16/Jul/2025:05:08:06 +0000] "GET /update/f35.php HTTP/1.1" 404 146670 "-" "-"
13.74.116.252 - - [16/Jul/2025:05:08:07 +0000] "GET /wp-content/languages/chosen.php HTTP/1.1" 404 146762 "-" "-"
13.74.116.252 - - [16/Jul/2025:05:08:07 +0000] "GET /wp-admin/includes/xmrlpc.php HTTP/1.1" 404 146761 "-" "-"
13.74.116.252 - - [16/Jul/2025:05:08:08 +0000] "GET /wp-content/plugins/wp-conflg.php HTTP/1.1" 404 146763 "-" "-"
13.74.116.252 - - [16/Jul/2025:05:08:09 +0000] "GET /about.php HTTP/1.1" 404 146669 "-" "-"
13.74.116.252 - - [16/Jul/2025:05:08:10 +0000] "GET /class.php HTTP/1.1" 404 146670 "-" "-"
13.74.116.252 - - [16/Jul/2025:05:08:10 +0000] "GET /install.php HTTP/1.1" 404 146673 "-" "-"
13.74.116.252 - - [16/Jul/2025:05:08:11 +0000] "GET /wp-content/uploads/wp.php HTTP/1.1" 404 146760 "-" "-"
13.74.116.252 - - [16/Jul/2025:05:08:12 +0000] "GET /default.php HTTP/1.1" 404 146672 "-" "-"
209.74.77.214 - - [16/Jul/2025:05:08:13 +0000] "POST /wp-cron.php?doing_wp_cron=1752642493.2546069622039794921875 HTTP/1.1" 200 - "-" "WordPress/6.8.1; https://cartel.express"
13.74.116.252 - - [16/Jul/2025:05:08:12 +0000] "GET /wp-admin/chosen.php HTTP/1.1" 404 146672 "-" "-"
13.74.116.252 - - [16/Jul/2025:05:08:13 +0000] "GET /wp-content/upgrade/admin.php HTTP/1.1" 404 146761 "-" "-"
13.74.116.252 - - [16/Jul/2025:05:08:14 +0000] "GET /.well-known/gecko-litespeed.php HTTP/1.1" 404 146671 "-" "-"
13.74.116.252 - - [16/Jul/2025:05:08:15 +0000] "GET /item.php HTTP/1.1" 404 146671 "-" "-"
13.74.116.252 - - [16/Jul/2025:05:08:15 +0000] "GET /wp-includes/js/about.php HTTP/1.1" 404 146761 "-" "-"
13.74.116.252 - - [16/Jul/2025:05:08:16 +0000] "GET /as/function.php HTTP/1.1" 404 146673 "-" "-"
13.74.116.252 - - [16/Jul/2025:05:08:17 +0000] "GET /.well-known/pki-validation/dropdown.php HTTP/1.1" 404 - "-" "-"
13.74.116.252 - - [16/Jul/2025:05:08:17 +0000] "GET /wp-content/themes/file.php HTTP/1.1" 404 146764 "-" "-"
13.74.116.252 - - [16/Jul/2025:05:08:18 +0000] "GET /doc.php HTTP/1.1" 404 146668 "-" "-"
13.74.116.252 - - [16/Jul/2025:05:08:18 +0000] "GET /.well-known/pki-validation/index.php HTTP/1.1" 404 - "-" "-"
13.74.116.252 - - [16/Jul/2025:05:08:19 +0000] "GET /k.php HTTP/1.1" 404 146669 "-" "-"
13.74.116.252 - - [16/Jul/2025:05:08:19 +0000] "GET /2.php HTTP/1.1" 404 146672 "-" "-"
13.74.116.252 - - [16/Jul/2025:05:08:20 +0000] "GET /wp-content/themes/admin.php HTTP/1.1" 404 146764 "-" "-"
13.74.116.252 - - [16/Jul/2025:05:08:21 +0000] "GET /wp-content/themes/twentytwentytwo/index.php HTTP/1.1" 301 - "-" "-"
13.74.116.252 - - [16/Jul/2025:05:08:21 +0000] "GET /wp-content/themes/twentytwentytwo/ HTTP/1.1" 404 146763 "-" "-"
13.74.116.252 - - [16/Jul/2025:05:08:22 +0000] "GET /wp-content/themes/about.php HTTP/1.1" 404 146763 "-" "-"
13.74.116.252 - - [16/Jul/2025:05:08:23 +0000] "GET /wp-admin/css/colors/blue/atomlib.php HTTP/1.1" 404 146763 "-" "-"
13.74.116.252 - - [16/Jul/2025:05:08:23 +0000] "GET /packed.php HTTP/1.1" 404 146673 "-" "-"
13.74.116.252 - - [16/Jul/2025:05:08:24 +0000] "GET /wp-includes/pomo/about.php HTTP/1.1" 404 146765 "-" "-"
13.74.116.252 - - [16/Jul/2025:05:08:25 +0000] "GET /moon.php HTTP/1.1" 404 146671 "-" "-"
13.74.116.252 - - [16/Jul/2025:05:08:25 +0000] "GET /wp-admin/classwithtostring.php HTTP/1.1" 404 146668 "-" "-"
13.74.116.252 - - [16/Jul/2025:05:08:26 +0000] "GET /wp-content/themes/pridmag/db.php HTTP/1.1" 404 146762 "-" "-"
13.74.116.252 - - [16/Jul/2025:05:08:27 +0000] "GET /system.php HTTP/1.1" 404 146672 "-" "-"
13.74.116.252 - - [16/Jul/2025:05:08:28 +0000] "GET /file.php HTTP/1.1" 404 146673 "-" "-"
13.74.116.252 - - [16/Jul/2025:05:08:29 +0000] "GET /wp-includes/style-engine/index.php HTTP/1.1" 301 - "-" "-"
13.74.116.252 - - [16/Jul/2025:05:08:29 +0000] "GET /wp-includes/style-engine/ HTTP/1.1" 404 146667 "-" "-"
13.74.116.252 - - [16/Jul/2025:05:08:30 +0000] "GET /wp-admin/images/file.php HTTP/1.1" 404 146762 "-" "-"
13.74.116.252 - - [16/Jul/2025:05:08:31 +0000] "GET /wp-admin/function.php HTTP/1.1" 404 146670 "-" "-"
13.74.116.252 - - [16/Jul/2025:05:08:31 +0000] "GET /wp-includes/IXR/about.php HTTP/1.1" 404 146763 "-" "-"
13.74.116.252 - - [16/Jul/2025:05:08:32 +0000] "GET /mar.php HTTP/1.1" 404 146672 "-" "-"
13.74.116.252 - - [16/Jul/2025:05:08:33 +0000] "GET /wp-content/cong.php HTTP/1.1" 404 146669 "-" "-"
13.74.116.252 - - [16/Jul/2025:05:08:33 +0000] "GET /wp-content/plugins/linkpreview/db.php?u HTTP/1.1" 404 146763 "-" "-"
13.74.116.252 - - [16/Jul/2025:05:08:34 +0000] "GET /wp-includes/block-supports/about.php HTTP/1.1" 404 146759 "-" "-"
209.74.77.214 - - [16/Jul/2025:05:47:00 +0000] "POST /wp-cron.php?doing_wp_cron=1752644820.4060840606689453125000 HTTP/1.1" 200 - "-" "WordPress/6.8.2; https://cartel.express"
31.184.215.152 - - [16/Jul/2025:05:46:57 +0000] "GET / HTTP/1.0" 301 - "http://cartel.express/" "Mozilla/5.0 (Windows NT 6.1; Win64; x64) AppleWebKit/537.36 (KHTML, like Gecko) Chrome/103.0.5060.114 Safari/537.36"
209.74.77.214 - - [16/Jul/2025:07:00:00 +0000] "POST /wp-cron.php?doing_wp_cron=1752649200.3371889591217041015625 HTTP/1.1" 200 - "-" "WordPress/6.8.2; https://cartel.express"
89.163.242.76 - - [16/Jul/2025:06:59:57 +0000] "GET /gdftps.php HTTP/1.1" 404 24838 "www.google.com" "Mozlila/5.0 (Linux; Android 7.0; SM-G892A Bulid/NRD90M; wv) AppleWebKit/537.36 (KHTML, like Gecko) Version/4.0 Chrome/60.0.3112.107 Moblie Safari/537.36"
209.74.77.214 - - [16/Jul/2025:07:28:38 +0000] "POST /wp-cron.php?doing_wp_cron=1752650918.1912291049957275390625 HTTP/1.1" 200 - "-" "WordPress/6.8.2; https://cartel.express"
103.113.3.30 - - [16/Jul/2025:07:28:35 +0000] "GET /wp-json/wp/v2/posts HTTP/1.1" 200 5160 "-" "Mozilla/5.0 (Windows NT 10.0; Win64; x64) AppleWebKit/537.36 (KHTML, like Gecko) Chrome/120.0.0.0 Safari/537.36"
78.153.140.222 - - [16/Jul/2025:09:49:20 +0000] "GET /.env HTTP/1.1" 404 146820 "-" "Mozilla/5.0 (compatible; MSIE 9.0; Windows NT 6.1; WOW64; Trident/5.0; yie9)"
78.153.140.222 - - [16/Jul/2025:09:49:29 +0000] "GET / HTTP/1.1" 301 - "-" "Mozilla/5.0 (X11; U; Linux x86_64; es-ES; rv:1.9.0.12) Gecko/2009070811 Ubuntu/9.04 (jaunty) Firefox/3.0.12"
78.153.140.222 - - [16/Jul/2025:09:49:44 +0000] "GET /sendgrid.env HTTP/1.1" 404 146811 "-" "Mozilla/5.0 (X11; U; Linux x86_64; de; rv:1.9.2.8) Gecko/20100723 Ubuntu/10.04 (lucid) Firefox/3.6.8"
78.153.140.222 - - [16/Jul/2025:09:49:53 +0000] "GET /twilio.env HTTP/1.1" 404 146816 "-" "Mozilla/5.0 (Macintosh; U; Intel Mac OS X 10_6_8; pt-br) AppleWebKit/533.21.1 (KHTML, like Gecko) Version/5.0.5 Safari/533.21.1"
78.153.140.222 - - [16/Jul/2025:09:50:07 +0000] "GET /api/.env HTTP/1.1" 404 146819 "-" "Mozilla/4.0 (compatible; MSIE 7.0; Windows NT 6.1; Trident/5.0; SLCC2; .NET CLR 2.0.50727; .NET CLR 3.5.30729; .NET CLR 3.0.30729; MAGW; .NET4.0C; BRI/2)"
209.74.77.214 - - [16/Jul/2025:09:50:16 +0000] "POST /wp-cron.php?doing_wp_cron=1752659416.1097929477691650390625 HTTP/1.1" 200 - "-" "WordPress/6.8.2; https://cartel.express"
78.153.140.222 - - [16/Jul/2025:09:50:15 +0000] "GET /phpinfo/ HTTP/1.1" 404 146819 "-" "Mozilla/5.0 (X11; Linux x86_64) AppleWebKit/537.36 (KHTML, like Gecko) Chrome/49.0.2623.108 Safari/537.36"
209.74.77.214 - - [16/Jul/2025:09:50:25 +0000] "POST /wp-cron.php?doing_wp_cron=1752659425.5635709762573242187500 HTTP/1.1" 200 - "-" "WordPress/6.8.2; https://cartel.express"
78.153.140.222 - - [16/Jul/2025:09:50:25 +0000] "GET /dev/.env HTTP/1.1" 404 146991 "-" "Mozilla/5.0 (Linux; Android 7.0; SAMSUNG SM-G950U Build/NRD90M) AppleWebKit/537.36 (KHTML, like Gecko) SamsungBrowser/6.4 Chrome/56.0.2924.87 Mobile Safari/537.36"
209.74.77.214 - - [16/Jul/2025:09:50:40 +0000] "POST /wp-cron.php?doing_wp_cron=1752659440.2239139080047607421875 HTTP/1.1" 200 - "-" "WordPress/6.8.2; https://cartel.express"
78.153.140.222 - - [16/Jul/2025:09:50:39 +0000] "GET /app_dev.php/_profiler/phpinfo HTTP/1.1" 404 146906 "-" "Mozilla/5.0 (compatible; MSIE 10.0; Windows NT 6.2; WOW64; Trident/6.0; EIE10;ENCAWOL)"
78.153.140.222 - - [16/Jul/2025:09:50:51 +0000] "GET /admin/.env HTTP/1.1" 404 146818 "-" "Mozilla/5.0 (Windows NT 6.1; Win64; x64) AppleWebKit/537.36 (KHTML, like Gecko) Chrome/60.0.3112.90 Safari/537.36 OPR/47.0.2631.80"
209.74.77.214 - - [16/Jul/2025:09:51:02 +0000] "POST /wp-cron.php?doing_wp_cron=1752659462.2523720264434814453125 HTTP/1.1" 200 - "-" "WordPress/6.8.2; https://cartel.express"
78.153.140.222 - - [16/Jul/2025:09:51:01 +0000] "GET /laravel/.env HTTP/1.1" 404 146820 "-" "Mozilla/5.0 (Macintosh; Intel Mac OS X 10_6_8) AppleWebKit/535.19 (KHTML, like Gecko) Chrome/18.0.1025.11 Safari/535.19"
209.74.77.214 - - [16/Jul/2025:09:51:13 +0000] "POST /wp-cron.php?doing_wp_cron=1752659473.2705259323120117187500 HTTP/1.1" 200 - "-" "WordPress/6.8.2; https://cartel.express"
78.153.140.222 - - [16/Jul/2025:09:51:12 +0000] "GET /.config.yaml HTTP/1.1" 404 146818 "-" "Mozilla/4.0 (compatible; MSIE 6.0; Windows NT 5.1; en) Opera 8.01"
78.153.140.222 - - [16/Jul/2025:09:51:18 +0000] "GET /backend/.env HTTP/1.1" 404 146818 "-" "Opera/9.63 (Windows NT 6.0; U; en) Presto/2.1.1"
78.153.140.222 - - [16/Jul/2025:09:51:26 +0000] "GET /secrets.env HTTP/1.1" 404 146818 "-" "Mozilla/5.0 (Windows NT 6.3; Win64; x64) AppleWebKit/537.36 (KHTML, like Gecko) Chrome/68.0.3440.106 Safari/537.36"
78.153.140.222 - - [16/Jul/2025:09:51:33 +0000] "GET /.env.example HTTP/1.1" 404 146991 "-" "Mozilla/5.0 (Linux; Android 5.0; SM-G900V Build/LRX21T) AppleWebKit/537.36 (KHTML, like Gecko) Chrome/46.0.2490.76 Mobile Safari/537.36"
78.153.140.222 - - [16/Jul/2025:09:51:43 +0000] "GET /web/.env HTTP/1.1" 404 146818 "-" "Mozilla/5.0 (Windows NT 5.1; rv:26.0) Gecko/20100101 Firefox/26.0"
78.153.140.222 - - [16/Jul/2025:09:51:49 +0000] "GET /.env.bak HTTP/1.1" 404 146993 "-" "Mozilla/5.0 (Linux; Android 4.1.1; NX008HD8G Build/JRO03C) AppleWebKit/537.36 (KHTML, like Gecko) Chrome/29.0.1547.72 Safari/537.36"