20.171.207.244 - - [17/Jul/2025:18:33:00 +0000] "GET /shopdetail/2635119724.shtml HTTP/1.1" 404 24727 "-" "Mozilla/5.0 AppleWebKit/537.36 (KHTML, like Gecko; compatible; GPTBot/1.2; +https://openai.com/gptbot)"
20.171.207.244 - - [17/Jul/2025:18:33:03 +0000] "GET /shopdetail/2635534180.shtml HTTP/1.1" 404 24729 "-" "Mozilla/5.0 AppleWebKit/537.36 (KHTML, like Gecko; compatible; GPTBot/1.2; +https://openai.com/gptbot)"
20.171.207.244 - - [17/Jul/2025:18:33:05 +0000] "GET /shopdetail/2635100198.shtml HTTP/1.1" 404 24727 "-" "Mozilla/5.0 AppleWebKit/537.36 (KHTML, like Gecko; compatible; GPTBot/1.2; +https://openai.com/gptbot)"
20.171.207.244 - - [17/Jul/2025:18:33:08 +0000] "GET /shopdetail/2635507986.shtml HTTP/1.1" 404 24726 "-" "Mozilla/5.0 AppleWebKit/537.36 (KHTML, like Gecko; compatible; GPTBot/1.2; +https://openai.com/gptbot)"
20.171.207.244 - - [17/Jul/2025:18:33:10 +0000] "GET /shopdetail/2635384970.shtml HTTP/1.1" 404 24728 "-" "Mozilla/5.0 AppleWebKit/537.36 (KHTML, like Gecko; compatible; GPTBot/1.2; +https://openai.com/gptbot)"
209.74.77.214 - - [17/Jul/2025:18:33:13 +0000] "POST /wp-cron.php?doing_wp_cron=1752777193.7015180587768554687500 HTTP/1.1" 200 - "-" "WordPress/6.8.2; https://cartel.express"
20.171.207.244 - - [17/Jul/2025:18:33:13 +0000] "GET /shopdetail/2635147914.shtml HTTP/1.1" 404 24727 "-" "Mozilla/5.0 AppleWebKit/537.36 (KHTML, like Gecko; compatible; GPTBot/1.2; +https://openai.com/gptbot)"
20.171.207.244 - - [17/Jul/2025:18:33:16 +0000] "GET /shopdetail/2635216478.shtml HTTP/1.1" 404 24727 "-" "Mozilla/5.0 AppleWebKit/537.36 (KHTML, like Gecko; compatible; GPTBot/1.2; +https://openai.com/gptbot)"
20.171.207.244 - - [17/Jul/2025:18:33:18 +0000] "GET /shopdetail/2635414730.shtml HTTP/1.1" 404 24726 "-" "Mozilla/5.0 AppleWebKit/537.36 (KHTML, like Gecko; compatible; GPTBot/1.2; +https://openai.com/gptbot)"
20.171.207.244 - - [17/Jul/2025:18:33:21 +0000] "GET /shopdetail/2635729134.shtml HTTP/1.1" 404 24728 "-" "Mozilla/5.0 AppleWebKit/537.36 (KHTML, like Gecko; compatible; GPTBot/1.2; +https://openai.com/gptbot)"
216.73.216.236 - - [17/Jul/2025:18:33:22 +0000] "GET /?p=3027 HTTP/1.1" 301 - "-" "Mozilla/5.0 AppleWebKit/537.36 (KHTML, like Gecko; compatible; ClaudeBot/1.0; [email protected])"
216.73.216.236 - - [17/Jul/2025:18:33:22 +0000] "GET /portfolio/the-comfort/ HTTP/1.1" 200 36877 "https://cartel.express/?p=3027" "Mozilla/5.0 AppleWebKit/537.36 (KHTML, like Gecko; compatible; ClaudeBot/1.0; [email protected])"
20.171.207.244 - - [17/Jul/2025:18:33:24 +0000] "GET /shopdetail/2635068190.shtml HTTP/1.1" 404 24728 "-" "Mozilla/5.0 AppleWebKit/537.36 (KHTML, like Gecko; compatible; GPTBot/1.2; +https://openai.com/gptbot)"
209.74.77.214 - - [17/Jul/2025:18:33:25 +0000] "POST /wp-cron.php?doing_wp_cron=1752777205.3474450111389160156250 HTTP/1.1" 200 - "-" "WordPress/6.8.2; https://cartel.express"
216.73.216.236 - - [17/Jul/2025:18:33:25 +0000] "GET /?p=2599 HTTP/1.1" 301 - "-" "Mozilla/5.0 AppleWebKit/537.36 (KHTML, like Gecko; compatible; ClaudeBot/1.0; [email protected])"
216.73.216.236 - - [17/Jul/2025:18:33:25 +0000] "GET /must-do-regular-checkups-for-a-better-car-operation/ HTTP/1.1" 200 29295 "https://cartel.express/?p=2599" "Mozilla/5.0 AppleWebKit/537.36 (KHTML, like Gecko; compatible; ClaudeBot/1.0; [email protected])"
20.171.207.244 - - [17/Jul/2025:18:33:26 +0000] "GET /shopdetail/2635064948.shtml HTTP/1.1" 404 24728 "-" "Mozilla/5.0 AppleWebKit/537.36 (KHTML, like Gecko; compatible; GPTBot/1.2; +https://openai.com/gptbot)"
20.171.207.244 - - [17/Jul/2025:18:33:29 +0000] "GET /shopdetail/2635784704.shtml HTTP/1.1" 404 24724 "-" "Mozilla/5.0 AppleWebKit/537.36 (KHTML, like Gecko; compatible; GPTBot/1.2; +https://openai.com/gptbot)"
20.171.207.244 - - [17/Jul/2025:18:33:31 +0000] "GET /shopdetail/2635492078.shtml HTTP/1.1" 404 24726 "-" "Mozilla/5.0 AppleWebKit/537.36 (KHTML, like Gecko; compatible; GPTBot/1.2; +https://openai.com/gptbot)"
20.171.207.244 - - [17/Jul/2025:18:33:34 +0000] "GET /shopdetail/2635689140.shtml HTTP/1.1" 404 24729 "-" "Mozilla/5.0 AppleWebKit/537.36 (KHTML, like Gecko; compatible; GPTBot/1.2; +https://openai.com/gptbot)"
20.171.207.244 - - [17/Jul/2025:18:33:36 +0000] "GET /shopdetail/2635708610.shtml HTTP/1.1" 404 24726 "-" "Mozilla/5.0 AppleWebKit/537.36 (KHTML, like Gecko; compatible; GPTBot/1.2; +https://openai.com/gptbot)"
20.171.207.244 - - [17/Jul/2025:18:33:39 +0000] "GET /shopdetail/2635059214.shtml HTTP/1.1" 404 24727 "-" "Mozilla/5.0 AppleWebKit/537.36 (KHTML, like Gecko; compatible; GPTBot/1.2; +https://openai.com/gptbot)"
20.171.207.244 - - [17/Jul/2025:18:33:42 +0000] "GET /shopdetail/2635034198.shtml HTTP/1.1" 404 24728 "-" "Mozilla/5.0 AppleWebKit/537.36 (KHTML, like Gecko; compatible; GPTBot/1.2; +https://openai.com/gptbot)"
20.171.207.244 - - [17/Jul/2025:18:33:44 +0000] "GET /shopdetail/2635084162.shtml HTTP/1.1" 404 24729 "-" "Mozilla/5.0 AppleWebKit/537.36 (KHTML, like Gecko; compatible; GPTBot/1.2; +https://openai.com/gptbot)"
20.171.207.244 - - [17/Jul/2025:18:33:47 +0000] "GET /shopdetail/2635700492.shtml HTTP/1.1" 404 24725 "-" "Mozilla/5.0 AppleWebKit/537.36 (KHTML, like Gecko; compatible; GPTBot/1.2; +https://openai.com/gptbot)"
20.171.207.244 - - [17/Jul/2025:18:33:49 +0000] "GET /shopdetail/2635378106.shtml HTTP/1.1" 404 24728 "-" "Mozilla/5.0 AppleWebKit/537.36 (KHTML, like Gecko; compatible; GPTBot/1.2; +https://openai.com/gptbot)"
20.171.207.244 - - [17/Jul/2025:18:33:52 +0000] "GET /shopdetail/2635737180.shtml HTTP/1.1" 404 24726 "-" "Mozilla/5.0 AppleWebKit/537.36 (KHTML, like Gecko; compatible; GPTBot/1.2; +https://openai.com/gptbot)"
20.171.207.244 - - [17/Jul/2025:18:33:55 +0000] "GET /shopdetail/2635613840.shtml HTTP/1.1" 404 24728 "-" "Mozilla/5.0 AppleWebKit/537.36 (KHTML, like Gecko; compatible; GPTBot/1.2; +https://openai.com/gptbot)"
209.74.77.214 - - [17/Jul/2025:18:33:58 +0000] "POST /wp-cron.php?doing_wp_cron=1752777238.2262399196624755859375 HTTP/1.1" 200 - "-" "WordPress/6.8.2; https://cartel.express"
20.171.207.244 - - [17/Jul/2025:18:33:57 +0000] "GET /shopdetail/2635269804.shtml HTTP/1.1" 404 24729 "-" "Mozilla/5.0 AppleWebKit/537.36 (KHTML, like Gecko; compatible; GPTBot/1.2; +https://openai.com/gptbot)"
20.171.207.244 - - [17/Jul/2025:18:34:00 +0000] "GET /shopdetail/2635749530.shtml HTTP/1.1" 404 24726 "-" "Mozilla/5.0 AppleWebKit/537.36 (KHTML, like Gecko; compatible; GPTBot/1.2; +https://openai.com/gptbot)"
20.171.207.244 - - [17/Jul/2025:18:34:03 +0000] "GET /shopdetail/2635190340.shtml HTTP/1.1" 404 24722 "-" "Mozilla/5.0 AppleWebKit/537.36 (KHTML, like Gecko; compatible; GPTBot/1.2; +https://openai.com/gptbot)"
20.171.207.244 - - [17/Jul/2025:18:34:05 +0000] "GET /shopdetail/2635088974.shtml HTTP/1.1" 404 24727 "-" "Mozilla/5.0 AppleWebKit/537.36 (KHTML, like Gecko; compatible; GPTBot/1.2; +https://openai.com/gptbot)"
20.171.207.244 - - [17/Jul/2025:18:34:08 +0000] "GET /shopdetail/2635169880.shtml HTTP/1.1" 404 24725 "-" "Mozilla/5.0 AppleWebKit/537.36 (KHTML, like Gecko; compatible; GPTBot/1.2; +https://openai.com/gptbot)"
20.171.207.244 - - [17/Jul/2025:18:34:10 +0000] "GET /shopdetail/2635193710.shtml HTTP/1.1" 404 24727 "-" "Mozilla/5.0 AppleWebKit/537.36 (KHTML, like Gecko; compatible; GPTBot/1.2; +https://openai.com/gptbot)"
209.74.77.214 - - [17/Jul/2025:18:34:13 +0000] "POST /wp-cron.php?doing_wp_cron=1752777253.7726919651031494140625 HTTP/1.1" 200 - "-" "WordPress/6.8.2; https://cartel.express"
20.171.207.244 - - [17/Jul/2025:18:34:13 +0000] "GET /shopdetail/2635309798.shtml HTTP/1.1" 404 24727 "-" "Mozilla/5.0 AppleWebKit/537.36 (KHTML, like Gecko; compatible; GPTBot/1.2; +https://openai.com/gptbot)"
20.171.207.244 - - [17/Jul/2025:18:34:16 +0000] "GET /shopdetail/2635404172.shtml HTTP/1.1" 404 24728 "-" "Mozilla/5.0 AppleWebKit/537.36 (KHTML, like Gecko; compatible; GPTBot/1.2; +https://openai.com/gptbot)"
20.171.207.244 - - [17/Jul/2025:18:34:18 +0000] "GET /shopdetail/2635149160.shtml HTTP/1.1" 404 24729 "-" "Mozilla/5.0 AppleWebKit/537.36 (KHTML, like Gecko; compatible; GPTBot/1.2; +https://openai.com/gptbot)"
20.171.207.244 - - [17/Jul/2025:18:34:21 +0000] "GET /shopdetail/2635476110.shtml HTTP/1.1" 404 24728 "-" "Mozilla/5.0 AppleWebKit/537.36 (KHTML, like Gecko; compatible; GPTBot/1.2; +https://openai.com/gptbot)"
20.171.207.244 - - [17/Jul/2025:18:34:23 +0000] "GET /shopdetail/2635291714.shtml HTTP/1.1" 404 24727 "-" "Mozilla/5.0 AppleWebKit/537.36 (KHTML, like Gecko; compatible; GPTBot/1.2; +https://openai.com/gptbot)"
20.171.207.244 - - [17/Jul/2025:18:34:26 +0000] "GET /shopdetail/2635191270.shtml HTTP/1.1" 404 24726 "-" "Mozilla/5.0 AppleWebKit/537.36 (KHTML, like Gecko; compatible; GPTBot/1.2; +https://openai.com/gptbot)"
20.171.207.244 - - [17/Jul/2025:18:34:28 +0000] "GET /shopdetail/2635581964.shtml HTTP/1.1" 404 24727 "-" "Mozilla/5.0 AppleWebKit/537.36 (KHTML, like Gecko; compatible; GPTBot/1.2; +https://openai.com/gptbot)"
20.171.207.244 - - [17/Jul/2025:18:34:31 +0000] "GET /shopdetail/2635096824.shtml HTTP/1.1" 404 24727 "-" "Mozilla/5.0 AppleWebKit/537.36 (KHTML, like Gecko; compatible; GPTBot/1.2; +https://openai.com/gptbot)"
20.171.207.244 - - [17/Jul/2025:18:34:34 +0000] "GET /shopdetail/2635132074.shtml HTTP/1.1" 404 24725 "-" "Mozilla/5.0 AppleWebKit/537.36 (KHTML, like Gecko; compatible; GPTBot/1.2; +https://openai.com/gptbot)"
216.73.216.236 - - [17/Jul/2025:18:34:36 +0000] "GET /?p=26065 HTTP/1.1" 301 - "-" "Mozilla/5.0 AppleWebKit/537.36 (KHTML, like Gecko; compatible; ClaudeBot/1.0; [email protected])"
20.171.207.244 - - [17/Jul/2025:18:34:36 +0000] "GET /shopdetail/2635380478.shtml HTTP/1.1" 404 24727 "-" "Mozilla/5.0 AppleWebKit/537.36 (KHTML, like Gecko; compatible; GPTBot/1.2; +https://openai.com/gptbot)"
216.73.216.236 - - [17/Jul/2025:18:34:36 +0000] "GET /service-plus/ HTTP/1.1" 200 27339 "https://cartel.express/?p=26065" "Mozilla/5.0 AppleWebKit/537.36 (KHTML, like Gecko; compatible; ClaudeBot/1.0; [email protected])"
216.73.216.236 - - [17/Jul/2025:18:34:39 +0000] "GET /?p=6434 HTTP/1.1" 301 - "-" "Mozilla/5.0 AppleWebKit/537.36 (KHTML, like Gecko; compatible; ClaudeBot/1.0; [email protected])"
20.171.207.244 - - [17/Jul/2025:18:34:39 +0000] "GET /shopdetail/2635790514.shtml HTTP/1.1" 404 24728 "-" "Mozilla/5.0 AppleWebKit/537.36 (KHTML, like Gecko; compatible; GPTBot/1.2; +https://openai.com/gptbot)"
216.73.216.236 - - [17/Jul/2025:18:34:39 +0000] "GET /car-body-polish-makes-it-look-like-new/ HTTP/1.1" 200 28709 "https://cartel.express/?p=6434" "Mozilla/5.0 AppleWebKit/537.36 (KHTML, like Gecko; compatible; ClaudeBot/1.0; [email protected])"
20.171.207.244 - - [17/Jul/2025:18:34:41 +0000] "GET /shopdetail/2635167440.shtml HTTP/1.1" 404 24727 "-" "Mozilla/5.0 AppleWebKit/537.36 (KHTML, like Gecko; compatible; GPTBot/1.2; +https://openai.com/gptbot)"
20.171.207.244 - - [17/Jul/2025:18:34:44 +0000] "GET /shopdetail/2635692638.shtml HTTP/1.1" 404 24728 "-" "Mozilla/5.0 AppleWebKit/537.36 (KHTML, like Gecko; compatible; GPTBot/1.2; +https://openai.com/gptbot)"
20.171.207.244 - - [17/Jul/2025:18:34:46 +0000] "GET /shopdetail/2635263200.shtml HTTP/1.1" 404 24725 "-" "Mozilla/5.0 AppleWebKit/537.36 (KHTML, like Gecko; compatible; GPTBot/1.2; +https://openai.com/gptbot)"
20.171.207.244 - - [17/Jul/2025:18:34:49 +0000] "GET /shopdetail/2635215352.shtml HTTP/1.1" 404 24727 "-" "Mozilla/5.0 AppleWebKit/537.36 (KHTML, like Gecko; compatible; GPTBot/1.2; +https://openai.com/gptbot)"
20.171.207.244 - - [17/Jul/2025:18:34:52 +0000] "GET /shopdetail/2635454524.shtml HTTP/1.1" 404 24727 "-" "Mozilla/5.0 AppleWebKit/537.36 (KHTML, like Gecko; compatible; GPTBot/1.2; +https://openai.com/gptbot)"
20.171.207.244 - - [17/Jul/2025:18:34:54 +0000] "GET /shopdetail/2635332634.shtml HTTP/1.1" 404 24726 "-" "Mozilla/5.0 AppleWebKit/537.36 (KHTML, like Gecko; compatible; GPTBot/1.2; +https://openai.com/gptbot)"
209.74.77.214 - - [17/Jul/2025:18:34:57 +0000] "POST /wp-cron.php?doing_wp_cron=1752777297.9428069591522216796875 HTTP/1.1" 200 - "-" "WordPress/6.8.2; https://cartel.express"
20.171.207.244 - - [17/Jul/2025:18:34:57 +0000] "GET /shopdetail/2635052350.shtml HTTP/1.1" 404 24727 "-" "Mozilla/5.0 AppleWebKit/537.36 (KHTML, like Gecko; compatible; GPTBot/1.2; +https://openai.com/gptbot)"
20.171.207.244 - - [17/Jul/2025:18:35:00 +0000] "GET /shopdetail/2635353026.shtml HTTP/1.1" 404 24726 "-" "Mozilla/5.0 AppleWebKit/537.36 (KHTML, like Gecko; compatible; GPTBot/1.2; +https://openai.com/gptbot)"
20.171.207.244 - - [17/Jul/2025:18:35:02 +0000] "GET /shopdetail/2635576358.shtml HTTP/1.1" 404 24726 "-" "Mozilla/5.0 AppleWebKit/537.36 (KHTML, like Gecko; compatible; GPTBot/1.2; +https://openai.com/gptbot)"
20.171.207.244 - - [17/Jul/2025:18:35:05 +0000] "GET /shopdetail/2635126328.shtml HTTP/1.1" 404 24727 "-" "Mozilla/5.0 AppleWebKit/537.36 (KHTML, like Gecko; compatible; GPTBot/1.2; +https://openai.com/gptbot)"
20.171.207.244 - - [17/Jul/2025:18:35:08 +0000] "GET /shopdetail/2635735738.shtml HTTP/1.1" 404 24728 "-" "Mozilla/5.0 AppleWebKit/537.36 (KHTML, like Gecko; compatible; GPTBot/1.2; +https://openai.com/gptbot)"
20.171.207.244 - - [17/Jul/2025:18:35:10 +0000] "GET /shopdetail/2635526394.shtml HTTP/1.1" 404 24727 "-" "Mozilla/5.0 AppleWebKit/537.36 (KHTML, like Gecko; compatible; GPTBot/1.2; +https://openai.com/gptbot)"
209.74.77.214 - - [17/Jul/2025:18:35:13 +0000] "POST /wp-cron.php?doing_wp_cron=1752777313.6458089351654052734375 HTTP/1.1" 200 - "-" "WordPress/6.8.2; https://cartel.express"
20.171.207.244 - - [17/Jul/2025:18:35:13 +0000] "GET /shopdetail/2635353094.shtml HTTP/1.1" 404 24728 "-" "Mozilla/5.0 AppleWebKit/537.36 (KHTML, like Gecko; compatible; GPTBot/1.2; +https://openai.com/gptbot)"
20.171.207.244 - - [17/Jul/2025:18:35:15 +0000] "GET /shopdetail/2635806354.shtml HTTP/1.1" 404 24725 "-" "Mozilla/5.0 AppleWebKit/537.36 (KHTML, like Gecko; compatible; GPTBot/1.2; +https://openai.com/gptbot)"
20.171.207.244 - - [17/Jul/2025:18:35:18 +0000] "GET /shopdetail/2635198198.shtml HTTP/1.1" 404 24727 "-" "Mozilla/5.0 AppleWebKit/537.36 (KHTML, like Gecko; compatible; GPTBot/1.2; +https://openai.com/gptbot)"
20.171.207.244 - - [17/Jul/2025:18:35:20 +0000] "GET /shopdetail/2635635554.shtml HTTP/1.1" 404 24727 "-" "Mozilla/5.0 AppleWebKit/537.36 (KHTML, like Gecko; compatible; GPTBot/1.2; +https://openai.com/gptbot)"
20.171.207.244 - - [17/Jul/2025:18:35:23 +0000] "GET /shopdetail/2635555830.shtml HTTP/1.1" 404 24724 "-" "Mozilla/5.0 AppleWebKit/537.36 (KHTML, like Gecko; compatible; GPTBot/1.2; +https://openai.com/gptbot)"
209.74.77.214 - - [17/Jul/2025:18:35:26 +0000] "POST /wp-cron.php?doing_wp_cron=1752777326.2448949813842773437500 HTTP/1.1" 200 - "-" "WordPress/6.8.2; https://cartel.express"
20.171.207.244 - - [17/Jul/2025:18:35:25 +0000] "GET /shopdetail/2635555898.shtml HTTP/1.1" 404 24726 "-" "Mozilla/5.0 AppleWebKit/537.36 (KHTML, like Gecko; compatible; GPTBot/1.2; +https://openai.com/gptbot)"
209.74.77.214 - - [17/Jul/2025:18:35:28 +0000] "POST /wp-cron.php?doing_wp_cron=1752777328.7250900268554687500000 HTTP/1.1" 200 - "-" "WordPress/6.8.2; https://cartel.express"
20.171.207.244 - - [17/Jul/2025:18:35:28 +0000] "GET /shopdetail/2635222216.shtml HTTP/1.1" 404 24729 "-" "Mozilla/5.0 AppleWebKit/537.36 (KHTML, like Gecko; compatible; GPTBot/1.2; +https://openai.com/gptbot)"
216.73.216.236 - - [17/Jul/2025:18:35:40 +0000] "GET /?p=25879 HTTP/1.1" 301 - "-" "Mozilla/5.0 AppleWebKit/537.36 (KHTML, like Gecko; compatible; ClaudeBot/1.0; [email protected])"
216.73.216.236 - - [17/Jul/2025:18:35:40 +0000] "GET /wheels-and-tires/ HTTP/1.1" 200 37907 "https://cartel.express/?p=25879" "Mozilla/5.0 AppleWebKit/537.36 (KHTML, like Gecko; compatible; ClaudeBot/1.0; [email protected])"
216.73.216.236 - - [17/Jul/2025:18:35:42 +0000] "GET /?p=30958 HTTP/1.1" 301 - "-" "Mozilla/5.0 AppleWebKit/537.36 (KHTML, like Gecko; compatible; ClaudeBot/1.0; [email protected])"
216.73.216.236 - - [17/Jul/2025:18:35:43 +0000] "GET /dealership/ HTTP/1.1" 200 42940 "https://cartel.express/?p=30958" "Mozilla/5.0 AppleWebKit/537.36 (KHTML, like Gecko; compatible; ClaudeBot/1.0; [email protected])"
209.74.77.214 - - [17/Jul/2025:18:36:51 +0000] "POST /wp-cron.php?doing_wp_cron=1752777411.7736189365386962890625 HTTP/1.1" 200 - "-" "WordPress/6.8.2; https://cartel.express"
216.73.216.236 - - [17/Jul/2025:18:36:49 +0000] "GET /team/david-green HTTP/1.1" 301 - "-" "Mozilla/5.0 AppleWebKit/537.36 (KHTML, like Gecko; compatible; ClaudeBot/1.0; [email protected])"
216.73.216.236 - - [17/Jul/2025:18:36:51 +0000] "GET /team/david-green/ HTTP/1.1" 200 37546 "https://cartel.express/team/david-green" "Mozilla/5.0 AppleWebKit/537.36 (KHTML, like Gecko; compatible; ClaudeBot/1.0; [email protected])"
216.73.216.236 - - [17/Jul/2025:18:36:55 +0000] "GET /wheels-and-tires/?quick-view=27078 HTTP/1.1" 200 37903 "-" "Mozilla/5.0 AppleWebKit/537.36 (KHTML, like Gecko; compatible; ClaudeBot/1.0; [email protected])"
209.74.77.214 - - [17/Jul/2025:18:37:59 +0000] "POST /wp-cron.php?doing_wp_cron=1752777479.3608698844909667968750 HTTP/1.1" 200 - "-" "WordPress/6.8.2; https://cartel.express"
216.73.216.236 - - [17/Jul/2025:18:37:57 +0000] "GET /?p=25880 HTTP/1.1" 301 - "-" "Mozilla/5.0 AppleWebKit/537.36 (KHTML, like Gecko; compatible; ClaudeBot/1.0; [email protected])"
216.73.216.236 - - [17/Jul/2025:18:37:59 +0000] "GET /auto-body-shop/ HTTP/1.1" 200 41597 "https://cartel.express/?p=25880" "Mozilla/5.0 AppleWebKit/537.36 (KHTML, like Gecko; compatible; ClaudeBot/1.0; [email protected])"
216.73.216.236 - - [17/Jul/2025:18:38:02 +0000] "GET /wheels-and-tires/?quick-view=27129 HTTP/1.1" 200 37907 "-" "Mozilla/5.0 AppleWebKit/537.36 (KHTML, like Gecko; compatible; ClaudeBot/1.0; [email protected])"
209.74.77.214 - - [17/Jul/2025:18:39:05 +0000] "POST /wp-cron.php?doing_wp_cron=1752777545.5069429874420166015625 HTTP/1.1" 200 - "-" "WordPress/6.8.2; https://cartel.express"
216.73.216.236 - - [17/Jul/2025:18:39:02 +0000] "GET /wheels-and-tires/?quick-view=27231 HTTP/1.1" 200 37885 "-" "Mozilla/5.0 AppleWebKit/537.36 (KHTML, like Gecko; compatible; ClaudeBot/1.0; [email protected])"
216.73.216.236 - - [17/Jul/2025:18:39:07 +0000] "GET /?p=30783 HTTP/1.1" 301 - "-" "Mozilla/5.0 AppleWebKit/537.36 (KHTML, like Gecko; compatible; ClaudeBot/1.0; [email protected])"
216.73.216.236 - - [17/Jul/2025:18:39:08 +0000] "GET /online-booking/ HTTP/1.1" 200 25913 "https://cartel.express/?p=30783" "Mozilla/5.0 AppleWebKit/537.36 (KHTML, like Gecko; compatible; ClaudeBot/1.0; [email protected])"
66.249.68.33 - - [17/Jul/2025:18:40:13 +0000] "GET /pcmypage?callback=product/review/C567358590 HTTP/1.1" 200 17943 "-" "Mozilla/5.0 (Linux; Android 6.0.1; Nexus 5X Build/MMB29P) AppleWebKit/537.36 (KHTML, like Gecko) Chrome/137.0.7151.103 Mobile Safari/537.36 (compatible; Googlebot/2.1; +http://www.google.com/bot.html)"
209.74.77.214 - - [17/Jul/2025:18:40:14 +0000] "POST /wp-cron.php?doing_wp_cron=1752777614.2904911041259765625000 HTTP/1.1" 200 - "-" "WordPress/6.8.2; https://cartel.express"
216.73.216.236 - - [17/Jul/2025:18:40:11 +0000] "GET /?p=2658 HTTP/1.1" 301 - "-" "Mozilla/5.0 AppleWebKit/537.36 (KHTML, like Gecko; compatible; ClaudeBot/1.0; [email protected])"
216.73.216.236 - - [17/Jul/2025:18:40:14 +0000] "GET /portfolio/three-whales/ HTTP/1.1" 200 36436 "https://cartel.express/?p=2658" "Mozilla/5.0 AppleWebKit/537.36 (KHTML, like Gecko; compatible; ClaudeBot/1.0; [email protected])"
66.249.68.35 - - [17/Jul/2025:18:40:16 +0000] "GET /game.html HTTP/1.1" 200 19702 "-" "Mozilla/5.0 (Linux; Android 6.0.1; Nexus 5X Build/MMB29P) AppleWebKit/537.36 (KHTML, like Gecko) Chrome/137.0.7151.103 Mobile Safari/537.36 (compatible; Googlebot/2.1; +http://www.google.com/bot.html)"
216.73.216.236 - - [17/Jul/2025:18:40:17 +0000] "GET /?p=4065 HTTP/1.1" 301 - "-" "Mozilla/5.0 AppleWebKit/537.36 (KHTML, like Gecko; compatible; ClaudeBot/1.0; [email protected])"
216.73.216.236 - - [17/Jul/2025:18:40:18 +0000] "GET /faqs/ HTTP/1.1" 200 26580 "https://cartel.express/?p=4065" "Mozilla/5.0 AppleWebKit/537.36 (KHTML, like Gecko; compatible; ClaudeBot/1.0; [email protected])"
209.74.77.214 - - [17/Jul/2025:18:41:29 +0000] "POST /wp-cron.php?doing_wp_cron=1752777689.8517789840698242187500 HTTP/1.1" 200 - "-" "WordPress/6.8.2; https://cartel.express"
216.73.216.236 - - [17/Jul/2025:18:41:27 +0000] "GET /wheels-and-tires/?quick-view=27140 HTTP/1.1" 200 37904 "-" "Mozilla/5.0 AppleWebKit/537.36 (KHTML, like Gecko; compatible; ClaudeBot/1.0; [email protected])"
216.73.216.236 - - [17/Jul/2025:18:41:32 +0000] "GET /wheels-and-tires/?quick-view=27282 HTTP/1.1" 200 37907 "-" "Mozilla/5.0 AppleWebKit/537.36 (KHTML, like Gecko; compatible; ClaudeBot/1.0; [email protected])"
209.74.77.214 - - [17/Jul/2025:18:42:33 +0000] "POST /wp-cron.php?doing_wp_cron=1752777753.5096108913421630859375 HTTP/1.1" 200 - "-" "WordPress/6.8.2; https://cartel.express"
216.73.216.236 - - [17/Jul/2025:18:42:31 +0000] "GET /wheels-and-tires/?quick-view=27026 HTTP/1.1" 200 37901 "-" "Mozilla/5.0 AppleWebKit/537.36 (KHTML, like Gecko; compatible; ClaudeBot/1.0; [email protected])"
216.73.216.236 - - [17/Jul/2025:18:42:36 +0000] "GET /wheels-and-tires/?quick-view=26952 HTTP/1.1" 200 37881 "-" "Mozilla/5.0 AppleWebKit/537.36 (KHTML, like Gecko; compatible; ClaudeBot/1.0; [email protected])"
209.74.77.214 - - [17/Jul/2025:18:43:53 +0000] "POST /wp-cron.php?doing_wp_cron=1752777833.0319221019744873046875 HTTP/1.1" 200 - "-" "WordPress/6.8.2; https://cartel.express"
216.73.216.236 - - [17/Jul/2025:18:43:50 +0000] "GET /team/nick-carter HTTP/1.1" 301 - "-" "Mozilla/5.0 AppleWebKit/537.36 (KHTML, like Gecko; compatible; ClaudeBot/1.0; [email protected])"
216.73.216.236 - - [17/Jul/2025:18:43:53 +0000] "GET /team/nick-carter/ HTTP/1.1" 200 37519 "https://cartel.express/team/nick-carter" "Mozilla/5.0 AppleWebKit/537.36 (KHTML, like Gecko; compatible; ClaudeBot/1.0; [email protected])"
216.73.216.236 - - [17/Jul/2025:18:43:56 +0000] "GET /wheels-and-tires/?quick-view=27333 HTTP/1.1" 200 37901 "-" "Mozilla/5.0 AppleWebKit/537.36 (KHTML, like Gecko; compatible; ClaudeBot/1.0; [email protected])"
209.74.77.214 - - [17/Jul/2025:18:45:06 +0000] "POST /wp-cron.php?doing_wp_cron=1752777906.9269790649414062500000 HTTP/1.1" 200 - "-" "WordPress/6.8.2; https://cartel.express"
216.73.216.236 - - [17/Jul/2025:18:45:04 +0000] "GET /portfolio_group/repair HTTP/1.1" 301 - "-" "Mozilla/5.0 AppleWebKit/537.36 (KHTML, like Gecko; compatible; ClaudeBot/1.0; [email protected])"
216.73.216.236 - - [17/Jul/2025:18:45:07 +0000] "GET /portfolio_group/repair/ HTTP/1.1" 200 35312 "https://cartel.express/portfolio_group/repair" "Mozilla/5.0 AppleWebKit/537.36 (KHTML, like Gecko; compatible; ClaudeBot/1.0; [email protected])"
216.73.216.236 - - [17/Jul/2025:18:45:10 +0000] "GET /services/paint-services HTTP/1.1" 301 - "-" "Mozilla/5.0 AppleWebKit/537.36 (KHTML, like Gecko; compatible; ClaudeBot/1.0; [email protected])"
216.73.216.236 - - [17/Jul/2025:18:45:10 +0000] "GET /services/paint-services/ HTTP/1.1" 200 37684 "https://cartel.express/services/paint-services" "Mozilla/5.0 AppleWebKit/537.36 (KHTML, like Gecko; compatible; ClaudeBot/1.0; [email protected])"
66.249.68.34 - - [17/Jul/2025:18:45:21 +0000] "POST /get-message-notify HTTP/1.1" 200 18672 "https://cartel.express/pcmypage?callback=product/review/C567358590" "Mozilla/5.0 (Linux; Android 6.0.1; Nexus 5X Build/MMB29P) AppleWebKit/537.36 (KHTML, like Gecko) Chrome/137.0.7151.119 Mobile Safari/537.36 (compatible; Googlebot/2.1; +http://www.google.com/bot.html)"
66.249.68.33 - - [17/Jul/2025:18:45:46 +0000] "POST /get-message-notify HTTP/1.1" 200 18672 "https://cartel.express/game.html" "Mozilla/5.0 (Linux; Android 6.0.1; Nexus 5X Build/MMB29P) AppleWebKit/537.36 (KHTML, like Gecko) Chrome/137.0.7151.119 Mobile Safari/537.36 (compatible; Googlebot/2.1; +http://www.google.com/bot.html)"
209.74.77.214 - - [17/Jul/2025:18:46:13 +0000] "POST /wp-cron.php?doing_wp_cron=1752777973.0256640911102294921875 HTTP/1.1" 200 - "-" "WordPress/6.8.2; https://cartel.express"
216.73.216.236 - - [17/Jul/2025:18:46:12 +0000] "GET /shop/?quick-view=27384 HTTP/1.1" 200 41135 "-" "Mozilla/5.0 AppleWebKit/537.36 (KHTML, like Gecko; compatible; ClaudeBot/1.0; [email protected])"
216.73.216.236 - - [17/Jul/2025:18:46:15 +0000] "GET /portfolio_group/repairs HTTP/1.1" 301 - "-" "Mozilla/5.0 AppleWebKit/537.36 (KHTML, like Gecko; compatible; ClaudeBot/1.0; [email protected])"
216.73.216.236 - - [17/Jul/2025:18:46:15 +0000] "GET /portfolio_group/repairs/ HTTP/1.1" 200 35187 "https://cartel.express/portfolio_group/repairs" "Mozilla/5.0 AppleWebKit/537.36 (KHTML, like Gecko; compatible; ClaudeBot/1.0; [email protected])"
209.74.77.214 - - [17/Jul/2025:18:47:35 +0000] "POST /wp-cron.php?doing_wp_cron=1752778055.9687368869781494140625 HTTP/1.1" 200 - "-" "WordPress/6.8.2; https://cartel.express"
216.73.216.236 - - [17/Jul/2025:18:47:33 +0000] "GET /shop/?quick-view=19251 HTTP/1.1" 200 41130 "-" "Mozilla/5.0 AppleWebKit/537.36 (KHTML, like Gecko; compatible; ClaudeBot/1.0; [email protected])"
216.73.216.236 - - [17/Jul/2025:18:47:39 +0000] "GET /shop/?quick-view=27078 HTTP/1.1" 200 41140 "-" "Mozilla/5.0 AppleWebKit/537.36 (KHTML, like Gecko; compatible; ClaudeBot/1.0; [email protected])"
209.74.77.214 - - [17/Jul/2025:18:49:03 +0000] "POST /wp-cron.php?doing_wp_cron=1752778143.3435359001159667968750 HTTP/1.1" 200 - "-" "WordPress/6.8.2; https://cartel.express"
216.73.216.236 - - [17/Jul/2025:18:49:01 +0000] "GET /portfolio/ac-cleaning HTTP/1.1" 301 - "-" "Mozilla/5.0 AppleWebKit/537.36 (KHTML, like Gecko; compatible; ClaudeBot/1.0; [email protected])"
216.73.216.236 - - [17/Jul/2025:18:49:03 +0000] "GET /portfolio/ac-cleaning/ HTTP/1.1" 200 36918 "https://cartel.express/portfolio/ac-cleaning" "Mozilla/5.0 AppleWebKit/537.36 (KHTML, like Gecko; compatible; ClaudeBot/1.0; [email protected])"
216.73.216.236 - - [17/Jul/2025:18:49:06 +0000] "GET /portfolio_group/maintenance HTTP/1.1" 301 - "-" "Mozilla/5.0 AppleWebKit/537.36 (KHTML, like Gecko; compatible; ClaudeBot/1.0; [email protected])"
216.73.216.236 - - [17/Jul/2025:18:49:07 +0000] "GET /portfolio_group/maintenance/ HTTP/1.1" 200 35683 "https://cartel.express/portfolio_group/maintenance" "Mozilla/5.0 AppleWebKit/537.36 (KHTML, like Gecko; compatible; ClaudeBot/1.0; [email protected])"
209.74.77.214 - - [17/Jul/2025:18:50:16 +0000] "POST /wp-cron.php?doing_wp_cron=1752778216.7989659309387207031250 HTTP/1.1" 200 - "-" "WordPress/6.8.2; https://cartel.express"
216.73.216.236 - - [17/Jul/2025:18:50:14 +0000] "GET /portfolio/car-wash HTTP/1.1" 301 - "-" "Mozilla/5.0 AppleWebKit/537.36 (KHTML, like Gecko; compatible; ClaudeBot/1.0; [email protected])"
216.73.216.236 - - [17/Jul/2025:18:50:16 +0000] "GET /portfolio/car-wash/ HTTP/1.1" 200 36754 "https://cartel.express/portfolio/car-wash" "Mozilla/5.0 AppleWebKit/537.36 (KHTML, like Gecko; compatible; ClaudeBot/1.0; [email protected])"
216.73.216.236 - - [17/Jul/2025:18:50:20 +0000] "GET /shop/?quick-view=27129 HTTP/1.1" 200 41142 "-" "Mozilla/5.0 AppleWebKit/537.36 (KHTML, like Gecko; compatible; ClaudeBot/1.0; [email protected])"
209.74.77.214 - - [17/Jul/2025:18:51:35 +0000] "POST /wp-cron.php?doing_wp_cron=1752778295.7642331123352050781250 HTTP/1.1" 200 - "-" "WordPress/6.8.2; https://cartel.express"
216.73.216.236 - - [17/Jul/2025:18:51:33 +0000] "GET /shop/?quick-view=19250 HTTP/1.1" 200 41135 "-" "Mozilla/5.0 AppleWebKit/537.36 (KHTML, like Gecko; compatible; ClaudeBot/1.0; [email protected])"
216.73.216.236 - - [17/Jul/2025:18:51:39 +0000] "GET /shop/?quick-view=27231 HTTP/1.1" 200 41137 "-" "Mozilla/5.0 AppleWebKit/537.36 (KHTML, like Gecko; compatible; ClaudeBot/1.0; [email protected])"
209.74.77.214 - - [17/Jul/2025:18:52:55 +0000] "POST /wp-cron.php?doing_wp_cron=1752778375.2921950817108154296875 HTTP/1.1" 200 - "-" "WordPress/6.8.2; https://cartel.express"
216.73.216.236 - - [17/Jul/2025:18:52:53 +0000] "GET /shop/?quick-view=27333 HTTP/1.1" 200 41137 "-" "Mozilla/5.0 AppleWebKit/537.36 (KHTML, like Gecko; compatible; ClaudeBot/1.0; [email protected])"
209.74.77.214 - - [17/Jul/2025:18:52:57 +0000] "POST /wp-cron.php?doing_wp_cron=1752778377.4556610584259033203125 HTTP/1.1" 200 - "-" "WordPress/6.8.2; https://cartel.express"
216.73.216.236 - - [17/Jul/2025:18:52:57 +0000] "GET /shop/?quick-view=26952 HTTP/1.1" 200 41136 "-" "Mozilla/5.0 AppleWebKit/537.36 (KHTML, like Gecko; compatible; ClaudeBot/1.0; [email protected])"
209.74.77.214 - - [17/Jul/2025:18:53:53 +0000] "POST /wp-cron.php?doing_wp_cron=1752778433.9500069618225097656250 HTTP/1.1" 200 - "-" "WordPress/6.8.2; https://cartel.express"
216.73.216.236 - - [17/Jul/2025:18:53:51 +0000] "GET /shop/?quick-view=27026 HTTP/1.1" 200 41143 "-" "Mozilla/5.0 AppleWebKit/537.36 (KHTML, like Gecko; compatible; ClaudeBot/1.0; [email protected])"
209.74.77.214 - - [17/Jul/2025:18:53:57 +0000] "POST /wp-cron.php?doing_wp_cron=1752778437.6882600784301757812500 HTTP/1.1" 200 - "-" "WordPress/6.8.2; https://cartel.express"
216.73.216.236 - - [17/Jul/2025:18:53:57 +0000] "GET /portfolio/leather-seat-covers HTTP/1.1" 301 - "-" "Mozilla/5.0 AppleWebKit/537.36 (KHTML, like Gecko; compatible; ClaudeBot/1.0; [email protected])"
216.73.216.236 - - [17/Jul/2025:18:53:57 +0000] "GET /portfolio/leather-seat-covers/ HTTP/1.1" 200 36792 "https://cartel.express/portfolio/leather-seat-covers" "Mozilla/5.0 AppleWebKit/537.36 (KHTML, like Gecko; compatible; ClaudeBot/1.0; [email protected])"
209.74.77.214 - - [17/Jul/2025:18:55:04 +0000] "POST /wp-cron.php?doing_wp_cron=1752778504.2928819656372070312500 HTTP/1.1" 200 - "-" "WordPress/6.8.2; https://cartel.express"
216.73.216.236 - - [17/Jul/2025:18:55:01 +0000] "GET /cars_agents/frank-lewis HTTP/1.1" 301 - "-" "Mozilla/5.0 AppleWebKit/537.36 (KHTML, like Gecko; compatible; ClaudeBot/1.0; [email protected])"
216.73.216.236 - - [17/Jul/2025:18:55:04 +0000] "GET /cars_agents/frank-lewis/ HTTP/1.1" 200 39130 "https://cartel.express/cars_agents/frank-lewis" "Mozilla/5.0 AppleWebKit/537.36 (KHTML, like Gecko; compatible; ClaudeBot/1.0; [email protected])"
209.74.77.214 - - [17/Jul/2025:18:55:07 +0000] "POST /wp-cron.php?doing_wp_cron=1752778507.2276039123535156250000 HTTP/1.1" 200 - "-" "WordPress/6.8.2; https://cartel.express"
216.73.216.236 - - [17/Jul/2025:18:55:06 +0000] "GET /shop/?quick-view=19252 HTTP/1.1" 200 41135 "-" "Mozilla/5.0 AppleWebKit/537.36 (KHTML, like Gecko; compatible; ClaudeBot/1.0; [email protected])"
185.189.114.124 - - [17/Jul/2025:18:55:07 +0000] "GET / HTTP/1.0" 200 269957 "https://cartel.express/" "Mozilla/5.0 (Windows NT 10.0; Win64; x64) AppleWebKit/537.36 (KHTML, like Gecko) Chrome/130.0.0.0 Safari/537.36 CCleaner/130.0.0.0"
209.74.77.214 - - [17/Jul/2025:18:55:38 +0000] "POST /wp-cron.php?doing_wp_cron=1752778538.9885060787200927734375 HTTP/1.1" 200 - "-" "WordPress/6.8.2; https://cartel.express"
209.74.77.214 - - [17/Jul/2025:18:56:09 +0000] "POST /wp-cron.php?doing_wp_cron=1752778569.0755081176757812500000 HTTP/1.1" 200 - "-" "WordPress/6.8.2; https://cartel.express"
216.73.216.236 - - [17/Jul/2025:18:56:08 +0000] "GET /portfolio/custom-designs HTTP/1.1" 301 - "-" "Mozilla/5.0 AppleWebKit/537.36 (KHTML, like Gecko; compatible; ClaudeBot/1.0; [email protected])"
185.189.114.124 - - [17/Jul/2025:18:55:38 +0000] "POST / HTTP/1.0" 200 269974 "https://cartel.express/" "Mozilla/5.0 (Windows NT 10.0; Win64; x64) AppleWebKit/537.36 (KHTML, like Gecko) Chrome/130.0.0.0 Safari/537.36 CCleaner/130.0.0.0"
216.73.216.236 - - [17/Jul/2025:18:56:09 +0000] "GET /portfolio/custom-designs/ HTTP/1.1" 200 36994 "https://cartel.express/portfolio/custom-designs" "Mozilla/5.0 AppleWebKit/537.36 (KHTML, like Gecko; compatible; ClaudeBot/1.0; [email protected])"
216.73.216.236 - - [17/Jul/2025:18:56:11 +0000] "GET /what-we-like-about-our-detailing-service HTTP/1.1" 301 - "-" "Mozilla/5.0 AppleWebKit/537.36 (KHTML, like Gecko; compatible; ClaudeBot/1.0; [email protected])"
216.73.216.236 - - [17/Jul/2025:18:56:11 +0000] "GET /what-we-like-about-our-detailing-service/ HTTP/1.1" 200 28277 "https://cartel.express/what-we-like-about-our-detailing-service" "Mozilla/5.0 AppleWebKit/537.36 (KHTML, like Gecko; compatible; ClaudeBot/1.0; [email protected])"
209.74.77.214 - - [17/Jul/2025:18:57:11 +0000] "POST /wp-cron.php?doing_wp_cron=1752778631.2512969970703125000000 HTTP/1.1" 200 - "-" "WordPress/6.8.2; https://cartel.express"
216.73.216.236 - - [17/Jul/2025:18:57:08 +0000] "GET /shop/?add-to-cart=19252 HTTP/1.1" 200 41217 "-" "Mozilla/5.0 AppleWebKit/537.36 (KHTML, like Gecko; compatible; ClaudeBot/1.0; [email protected])"
209.74.77.214 - - [17/Jul/2025:18:57:14 +0000] "POST /wp-cron.php?doing_wp_cron=1752778634.8815031051635742187500 HTTP/1.1" 200 - "-" "WordPress/6.8.2; https://cartel.express"
216.73.216.236 - - [17/Jul/2025:18:57:14 +0000] "GET /shop/?add-to-cart=19250 HTTP/1.1" 200 41202 "-" "Mozilla/5.0 AppleWebKit/537.36 (KHTML, like Gecko; compatible; ClaudeBot/1.0; [email protected])"
209.74.77.214 - - [17/Jul/2025:18:58:30 +0000] "POST /wp-cron.php?doing_wp_cron=1752778710.2665379047393798828125 HTTP/1.1" 200 - "-" "WordPress/6.8.2; https://cartel.express"
216.73.216.236 - - [17/Jul/2025:18:58:28 +0000] "GET /shop/page/2 HTTP/1.1" 301 - "-" "Mozilla/5.0 AppleWebKit/537.36 (KHTML, like Gecko; compatible; ClaudeBot/1.0; [email protected])"
216.73.216.236 - - [17/Jul/2025:18:58:30 +0000] "GET /shop/page/2/ HTTP/1.1" 200 39497 "https://cartel.express/shop/page/2" "Mozilla/5.0 AppleWebKit/537.36 (KHTML, like Gecko; compatible; ClaudeBot/1.0; [email protected])"
216.73.216.236 - - [17/Jul/2025:18:58:32 +0000] "GET /cars_type/sedan HTTP/1.1" 301 - "-" "Mozilla/5.0 AppleWebKit/537.36 (KHTML, like Gecko; compatible; ClaudeBot/1.0; [email protected])"
216.73.216.236 - - [17/Jul/2025:18:58:32 +0000] "GET /cars_type/sedan/ HTTP/1.1" 200 35753 "https://cartel.express/cars_type/sedan" "Mozilla/5.0 AppleWebKit/537.36 (KHTML, like Gecko; compatible; ClaudeBot/1.0; [email protected])"
43.157.181.189 - - [17/Jul/2025:18:59:10 +0000] "GET / HTTP/1.1" 200 40664 "http://www.cartel.express" "Mozilla/5.0 (iPhone; CPU iPhone OS 13_2_3 like Mac OS X) AppleWebKit/605.1.15 (KHTML, like Gecko) Version/13.0.3 Mobile/15E148 Safari/604.1"
209.74.77.214 - - [17/Jul/2025:18:59:41 +0000] "POST /wp-cron.php?doing_wp_cron=1752778781.9127819538116455078125 HTTP/1.1" 200 - "-" "WordPress/6.8.2; https://cartel.express"
216.73.216.236 - - [17/Jul/2025:18:59:41 +0000] "GET /shop/feed HTTP/1.1" 301 - "-" "Mozilla/5.0 AppleWebKit/537.36 (KHTML, like Gecko; compatible; ClaudeBot/1.0; [email protected])"
216.73.216.236 - - [17/Jul/2025:18:59:42 +0000] "GET /shop/feed/ HTTP/1.1" 200 1528 "https://cartel.express/shop/feed" "Mozilla/5.0 AppleWebKit/537.36 (KHTML, like Gecko; compatible; ClaudeBot/1.0; [email protected])"
209.74.77.214 - - [17/Jul/2025:19:00:53 +0000] "POST /wp-cron.php?doing_wp_cron=1752778853.6505789756774902343750 HTTP/1.1" 200 - "-" "WordPress/6.8.2; https://cartel.express"
216.73.216.236 - - [17/Jul/2025:19:00:51 +0000] "GET /cars/audi-r8-2 HTTP/1.1" 301 - "-" "Mozilla/5.0 AppleWebKit/537.36 (KHTML, like Gecko; compatible; ClaudeBot/1.0; [email protected])"
216.73.216.236 - - [17/Jul/2025:19:00:53 +0000] "GET /cars/audi-r8-2/ HTTP/1.1" 200 39952 "https://cartel.express/cars/audi-r8-2" "Mozilla/5.0 AppleWebKit/537.36 (KHTML, like Gecko; compatible; ClaudeBot/1.0; [email protected])"
209.74.77.214 - - [17/Jul/2025:19:02:03 +0000] "POST /wp-cron.php?doing_wp_cron=1752778923.3675389289855957031250 HTTP/1.1" 200 - "-" "WordPress/6.8.2; https://cartel.express"
216.73.216.236 - - [17/Jul/2025:19:02:00 +0000] "GET /cars_agents/amy-walker HTTP/1.1" 301 - "-" "Mozilla/5.0 AppleWebKit/537.36 (KHTML, like Gecko; compatible; ClaudeBot/1.0; [email protected])"
216.73.216.236 - - [17/Jul/2025:19:02:03 +0000] "GET /cars_agents/amy-walker/ HTTP/1.1" 200 39331 "https://cartel.express/cars_agents/amy-walker" "Mozilla/5.0 AppleWebKit/537.36 (KHTML, like Gecko; compatible; ClaudeBot/1.0; [email protected])"
209.74.77.214 - - [17/Jul/2025:19:03:07 +0000] "POST /wp-cron.php?doing_wp_cron=1752778987.0300750732421875000000 HTTP/1.1" 200 - "-" "WordPress/6.8.2; https://cartel.express"
216.73.216.236 - - [17/Jul/2025:19:03:04 +0000] "GET /cars_labels/rent HTTP/1.1" 301 - "-" "Mozilla/5.0 AppleWebKit/537.36 (KHTML, like Gecko; compatible; ClaudeBot/1.0; [email protected])"
216.73.216.236 - - [17/Jul/2025:19:03:07 +0000] "GET /cars_labels/rent/ HTTP/1.1" 200 35754 "https://cartel.express/cars_labels/rent" "Mozilla/5.0 AppleWebKit/537.36 (KHTML, like Gecko; compatible; ClaudeBot/1.0; [email protected])"
66.249.68.33 - - [17/Jul/2025:19:03:12 +0000] "GET /accessories-store/?quick-view=19249 HTTP/1.1" 200 18032 "-" "Mozilla/5.0 (Linux; Android 6.0.1; Nexus 5X Build/MMB29P) AppleWebKit/537.36 (KHTML, like Gecko) Chrome/137.0.7151.103 Mobile Safari/537.36 (compatible; Googlebot/2.1; +http://www.google.com/bot.html)"
209.74.77.214 - - [17/Jul/2025:19:04:21 +0000] "POST /wp-cron.php?doing_wp_cron=1752779061.0164480209350585937500 HTTP/1.1" 200 - "-" "WordPress/6.8.2; https://cartel.express"
216.73.216.236 - - [17/Jul/2025:19:04:18 +0000] "GET /cars/mc-laren-720s HTTP/1.1" 301 - "-" "Mozilla/5.0 AppleWebKit/537.36 (KHTML, like Gecko; compatible; ClaudeBot/1.0; [email protected])"
216.73.216.236 - - [17/Jul/2025:19:04:21 +0000] "GET /cars/mc-laren-720s/ HTTP/1.1" 200 39966 "https://cartel.express/cars/mc-laren-720s" "Mozilla/5.0 AppleWebKit/537.36 (KHTML, like Gecko; compatible; ClaudeBot/1.0; [email protected])"
209.74.77.214 - - [17/Jul/2025:19:05:42 +0000] "POST /wp-cron.php?doing_wp_cron=1752779142.4751880168914794921875 HTTP/1.1" 200 - "-" "WordPress/6.8.2; https://cartel.express"
216.73.216.236 - - [17/Jul/2025:19:05:39 +0000] "GET /cars_labels/sale HTTP/1.1" 301 - "-" "Mozilla/5.0 AppleWebKit/537.36 (KHTML, like Gecko; compatible; ClaudeBot/1.0; [email protected])"
216.73.216.236 - - [17/Jul/2025:19:05:42 +0000] "GET /cars_labels/sale/ HTTP/1.1" 200 35756 "https://cartel.express/cars_labels/sale" "Mozilla/5.0 AppleWebKit/537.36 (KHTML, like Gecko; compatible; ClaudeBot/1.0; [email protected])"
209.74.77.214 - - [17/Jul/2025:19:06:56 +0000] "POST /wp-cron.php?doing_wp_cron=1752779216.3599081039428710937500 HTTP/1.1" 200 - "-" "WordPress/6.8.2; https://cartel.express"
216.73.216.236 - - [17/Jul/2025:19:06:54 +0000] "GET /cars_city/miami HTTP/1.1" 301 - "-" "Mozilla/5.0 AppleWebKit/537.36 (KHTML, like Gecko; compatible; ClaudeBot/1.0; [email protected])"
216.73.216.236 - - [17/Jul/2025:19:06:56 +0000] "GET /cars_city/miami/ HTTP/1.1" 200 35914 "https://cartel.express/cars_city/miami" "Mozilla/5.0 AppleWebKit/537.36 (KHTML, like Gecko; compatible; ClaudeBot/1.0; [email protected])"
209.74.77.214 - - [17/Jul/2025:19:08:11 +0000] "POST /wp-cron.php?doing_wp_cron=1752779291.8235449790954589843750 HTTP/1.1" 200 - "-" "WordPress/6.8.2; https://cartel.express"
216.73.216.236 - - [17/Jul/2025:19:08:09 +0000] "GET /cars/opel-astra HTTP/1.1" 301 - "-" "Mozilla/5.0 AppleWebKit/537.36 (KHTML, like Gecko; compatible; ClaudeBot/1.0; [email protected])"
216.73.216.236 - - [17/Jul/2025:19:08:11 +0000] "GET /cars/opel-astra/ HTTP/1.1" 200 38761 "https://cartel.express/cars/opel-astra" "Mozilla/5.0 AppleWebKit/537.36 (KHTML, like Gecko; compatible; ClaudeBot/1.0; [email protected])"
209.74.77.214 - - [17/Jul/2025:19:09:25 +0000] "POST /wp-cron.php?doing_wp_cron=1752779365.2654600143432617187500 HTTP/1.1" 200 - "-" "WordPress/6.8.2; https://cartel.express"
216.73.216.236 - - [17/Jul/2025:19:09:22 +0000] "GET /cars_type/sport HTTP/1.1" 301 - "-" "Mozilla/5.0 AppleWebKit/537.36 (KHTML, like Gecko; compatible; ClaudeBot/1.0; [email protected])"
216.73.216.236 - - [17/Jul/2025:19:09:25 +0000] "GET /cars_type/sport/ HTTP/1.1" 200 35969 "https://cartel.express/cars_type/sport" "Mozilla/5.0 AppleWebKit/537.36 (KHTML, like Gecko; compatible; ClaudeBot/1.0; [email protected])"
216.73.216.236 - - [17/Jul/2025:19:11:00 +0000] "GET /robots.txt HTTP/1.1" 200 94 "-" "Mozilla/5.0 AppleWebKit/537.36 (KHTML, like Gecko; compatible; ClaudeBot/1.0; [email protected])"
209.74.77.214 - - [17/Jul/2025:19:11:03 +0000] "POST /wp-cron.php?doing_wp_cron=1752779463.8501999378204345703125 HTTP/1.1" 200 - "-" "WordPress/6.8.2; https://cartel.express"
216.73.216.236 - - [17/Jul/2025:19:11:00 +0000] "GET /cars/bmw-m2 HTTP/1.1" 301 - "-" "Mozilla/5.0 AppleWebKit/537.36 (KHTML, like Gecko; compatible; ClaudeBot/1.0; [email protected])"
216.73.216.236 - - [17/Jul/2025:19:11:03 +0000] "GET /cars/bmw-m2/ HTTP/1.1" 200 39769 "https://cartel.express/cars/bmw-m2" "Mozilla/5.0 AppleWebKit/537.36 (KHTML, like Gecko; compatible; ClaudeBot/1.0; [email protected])"
209.74.77.214 - - [17/Jul/2025:19:12:24 +0000] "POST /wp-cron.php?doing_wp_cron=1752779544.0317599773406982421875 HTTP/1.1" 200 - "-" "WordPress/6.8.2; https://cartel.express"
216.73.216.236 - - [17/Jul/2025:19:12:21 +0000] "GET /cars/mercedes-benz-cla HTTP/1.1" 301 - "-" "Mozilla/5.0 AppleWebKit/537.36 (KHTML, like Gecko; compatible; ClaudeBot/1.0; [email protected])"
216.73.216.236 - - [17/Jul/2025:19:12:24 +0000] "GET /cars/mercedes-benz-cla/ HTTP/1.1" 200 38850 "https://cartel.express/cars/mercedes-benz-cla" "Mozilla/5.0 AppleWebKit/537.36 (KHTML, like Gecko; compatible; ClaudeBot/1.0; [email protected])"
209.74.77.214 - - [17/Jul/2025:19:13:37 +0000] "POST /wp-cron.php?doing_wp_cron=1752779617.6858499050140380859375 HTTP/1.1" 200 - "-" "WordPress/6.8.2; https://cartel.express"
216.73.216.236 - - [17/Jul/2025:19:13:35 +0000] "GET /cars_city/chicago HTTP/1.1" 301 - "-" "Mozilla/5.0 AppleWebKit/537.36 (KHTML, like Gecko; compatible; ClaudeBot/1.0; [email protected])"
216.73.216.236 - - [17/Jul/2025:19:13:37 +0000] "GET /cars_city/chicago/ HTTP/1.1" 200 35928 "https://cartel.express/cars_city/chicago" "Mozilla/5.0 AppleWebKit/537.36 (KHTML, like Gecko; compatible; ClaudeBot/1.0; [email protected])"
209.74.77.214 - - [17/Jul/2025:19:14:48 +0000] "POST /wp-cron.php?doing_wp_cron=1752779688.2894990444183349609375 HTTP/1.1" 200 - "-" "WordPress/6.8.2; https://cartel.express"
216.73.216.236 - - [17/Jul/2025:19:14:46 +0000] "GET /product/winter-tire/?add-to-cart=19252 HTTP/1.1" 200 43816 "-" "Mozilla/5.0 AppleWebKit/537.36 (KHTML, like Gecko; compatible; ClaudeBot/1.0; [email protected])"
209.74.77.214 - - [17/Jul/2025:19:16:00 +0000] "POST /wp-cron.php?doing_wp_cron=1752779760.8181350231170654296875 HTTP/1.1" 200 - "-" "WordPress/6.8.2; https://cartel.express"
216.73.216.236 - - [17/Jul/2025:19:15:57 +0000] "GET /cars_city/detroit HTTP/1.1" 301 - "-" "Mozilla/5.0 AppleWebKit/537.36 (KHTML, like Gecko; compatible; ClaudeBot/1.0; [email protected])"
216.73.216.236 - - [17/Jul/2025:19:16:00 +0000] "GET /cars_city/detroit/ HTTP/1.1" 200 35948 "https://cartel.express/cars_city/detroit" "Mozilla/5.0 AppleWebKit/537.36 (KHTML, like Gecko; compatible; ClaudeBot/1.0; [email protected])"
209.74.77.214 - - [17/Jul/2025:19:17:55 +0000] "POST /wp-cron.php?doing_wp_cron=1752779875.7556850910186767578125 HTTP/1.1" 200 - "-" "WordPress/6.8.2; https://cartel.express"
216.73.216.236 - - [17/Jul/2025:19:17:53 +0000] "GET /cars/aston-martin HTTP/1.1" 301 - "-" "Mozilla/5.0 AppleWebKit/537.36 (KHTML, like Gecko; compatible; ClaudeBot/1.0; [email protected])"
216.73.216.236 - - [17/Jul/2025:19:17:55 +0000] "GET /cars/aston-martin/ HTTP/1.1" 200 38760 "https://cartel.express/cars/aston-martin" "Mozilla/5.0 AppleWebKit/537.36 (KHTML, like Gecko; compatible; ClaudeBot/1.0; [email protected])"
209.74.77.214 - - [17/Jul/2025:19:19:28 +0000] "POST /wp-cron.php?doing_wp_cron=1752779968.6889228820800781250000 HTTP/1.1" 200 - "-" "WordPress/6.8.2; https://cartel.express"
216.73.216.236 - - [17/Jul/2025:19:19:26 +0000] "GET /cars HTTP/1.1" 301 - "-" "Mozilla/5.0 AppleWebKit/537.36 (KHTML, like Gecko; compatible; ClaudeBot/1.0; [email protected])"
216.73.216.236 - - [17/Jul/2025:19:19:28 +0000] "GET /cars/ HTTP/1.1" 200 37436 "https://cartel.express/cars" "Mozilla/5.0 AppleWebKit/537.36 (KHTML, like Gecko; compatible; ClaudeBot/1.0; [email protected])"
209.74.77.214 - - [17/Jul/2025:19:20:52 +0000] "POST /wp-cron.php?doing_wp_cron=1752780052.8989191055297851562500 HTTP/1.1" 200 - "-" "WordPress/6.8.2; https://cartel.express"
216.73.216.236 - - [17/Jul/2025:19:20:50 +0000] "GET /quote-post HTTP/1.1" 301 - "-" "Mozilla/5.0 AppleWebKit/537.36 (KHTML, like Gecko; compatible; ClaudeBot/1.0; [email protected])"
216.73.216.236 - - [17/Jul/2025:19:20:53 +0000] "GET /quote-post/ HTTP/1.1" 200 27460 "https://cartel.express/quote-post" "Mozilla/5.0 AppleWebKit/537.36 (KHTML, like Gecko; compatible; ClaudeBot/1.0; [email protected])"
216.73.216.236 - - [17/Jul/2025:19:20:56 +0000] "GET /cars_type/hatchback HTTP/1.1" 301 - "-" "Mozilla/5.0 AppleWebKit/537.36 (KHTML, like Gecko; compatible; ClaudeBot/1.0; [email protected])"
216.73.216.236 - - [17/Jul/2025:19:20:56 +0000] "GET /cars_type/hatchback/ HTTP/1.1" 200 35744 "https://cartel.express/cars_type/hatchback" "Mozilla/5.0 AppleWebKit/537.36 (KHTML, like Gecko; compatible; ClaudeBot/1.0; [email protected])"
209.74.77.214 - - [17/Jul/2025:19:21:59 +0000] "POST /wp-cron.php?doing_wp_cron=1752780119.7094109058380126953125 HTTP/1.1" 200 - "-" "WordPress/6.8.2; https://cartel.express"
216.73.216.236 - - [17/Jul/2025:19:21:57 +0000] "GET /cars_type/coupe HTTP/1.1" 301 - "-" "Mozilla/5.0 AppleWebKit/537.36 (KHTML, like Gecko; compatible; ClaudeBot/1.0; [email protected])"
216.73.216.236 - - [17/Jul/2025:19:21:59 +0000] "GET /cars_type/coupe/ HTTP/1.1" 200 36809 "https://cartel.express/cars_type/coupe" "Mozilla/5.0 AppleWebKit/537.36 (KHTML, like Gecko; compatible; ClaudeBot/1.0; [email protected])"
216.73.216.236 - - [17/Jul/2025:19:22:03 +0000] "GET /product/winter-tire/feed HTTP/1.1" 301 - "-" "Mozilla/5.0 AppleWebKit/537.36 (KHTML, like Gecko; compatible; ClaudeBot/1.0; [email protected])"
216.73.216.236 - - [17/Jul/2025:19:22:03 +0000] "GET /product/winter-tire/feed/ HTTP/1.1" 200 720 "https://cartel.express/product/winter-tire/feed" "Mozilla/5.0 AppleWebKit/537.36 (KHTML, like Gecko; compatible; ClaudeBot/1.0; [email protected])"
209.74.77.214 - - [17/Jul/2025:19:23:12 +0000] "POST /wp-cron.php?doing_wp_cron=1752780192.1678628921508789062500 HTTP/1.1" 200 - "-" "WordPress/6.8.2; https://cartel.express"
216.73.216.236 - - [17/Jul/2025:19:23:09 +0000] "GET /cars_city/seattle HTTP/1.1" 301 - "-" "Mozilla/5.0 AppleWebKit/537.36 (KHTML, like Gecko; compatible; ClaudeBot/1.0; [email protected])"
216.73.216.236 - - [17/Jul/2025:19:23:12 +0000] "GET /cars_city/seattle/ HTTP/1.1" 200 36139 "https://cartel.express/cars_city/seattle" "Mozilla/5.0 AppleWebKit/537.36 (KHTML, like Gecko; compatible; ClaudeBot/1.0; [email protected])"
66.249.68.35 - - [17/Jul/2025:19:23:34 +0000] "GET /?pcmypage?callback=product/review/C1868247748 HTTP/1.1" 200 18081 "-" "Mozilla/5.0 (Linux; Android 6.0.1; Nexus 5X Build/MMB29P) AppleWebKit/537.36 (KHTML, like Gecko) Chrome/137.0.7151.103 Mobile Safari/537.36 (compatible; Googlebot/2.1; +http://www.google.com/bot.html)"
209.74.77.214 - - [17/Jul/2025:19:24:24 +0000] "POST /wp-cron.php?doing_wp_cron=1752780264.1778240203857421875000 HTTP/1.1" 200 - "-" "WordPress/6.8.2; https://cartel.express"
216.73.216.236 - - [17/Jul/2025:19:24:21 +0000] "GET /shop/?quick-view=27282 HTTP/1.1" 200 41135 "-" "Mozilla/5.0 AppleWebKit/537.36 (KHTML, like Gecko; compatible; ClaudeBot/1.0; [email protected])"
216.73.216.236 - - [17/Jul/2025:19:24:27 +0000] "GET /shop/?quick-view=27140 HTTP/1.1" 200 41141 "-" "Mozilla/5.0 AppleWebKit/537.36 (KHTML, like Gecko; compatible; ClaudeBot/1.0; [email protected])"
52.89.5.87 - - [17/Jul/2025:19:59:50 +0000] "GET / HTTP/1.1" 200 40570 "http://cartel.express" "Mozilla/5.0 (Windows NT 10.0; Win64; x64) AppleWebKit/537.36 (KHTML, like Gecko) Chrome/70.0.3538.102 Safari/537.36 Edge/18.19582"
209.74.77.214 - - [17/Jul/2025:20:07:39 +0000] "POST /wp-cron.php?doing_wp_cron=1752782859.4112119674682617187500 HTTP/1.1" 200 - "-" "WordPress/6.8.2; https://cartel.express"
66.249.68.33 - - [17/Jul/2025:20:07:36 +0000] "GET /shopdetail/f_auto/hrlnklb0xyqvff8qu2tf/sb-dunk-low-supreme-release-date.jpg HTTP/1.1" 404 24777 "-" "Googlebot-Image/1.0"
45.227.253.15 - - [17/Jul/2025:20:11:15 +0000] "GET /?of=1 HTTP/1.1" 200 8847 "-" "Mozilla/5.0 (Windows NT 10.0; Win64; x64) AppleWebKit/537.36 (KHTML, like Gecko) Chrome/85.0.4183.83 Safari/537.35"
138.197.160.9 - - [17/Jul/2025:20:14:00 +0000] "GET / HTTP/1.1" 200 40577 "-" "Mozilla/5.0 (X11; Linux x86_64; rv:137.0) Gecko/20100101 Firefox/137.0"
138.197.160.9 - - [17/Jul/2025:20:14:06 +0000] "GET /wp-content/uploads/2023/08/cropped-favicon-32x32.png HTTP/1.1" 200 511 "https://cartel.express/" "Mozilla/5.0 (X11; Linux x86_64; rv:137.0) Gecko/20100101 Firefox/137.0"
45.227.253.15 - - [17/Jul/2025:20:24:16 +0000] "GET /index.php/jk HTTP/1.1" 200 59 "-" "Mozilla/5.0 (Macintosh; Intel Mac OS X 10.13; rv:103.0) Gecko/20100101 Firefox/102.0"
45.227.253.15 - - [17/Jul/2025:20:27:02 +0000] "GET /wp-includes/blocks/pattern/pattern/index.php?ARRAY=7o2230223n313735323738373732392p2231223n22687474703n5p2s5p2s7n7334393476313373752r74616368652r70726s5p2s3s6p633q78696164616r5s72616r645s7061746826743q313735323738343132392q3334386364333935386661336538666434623435323963653035343161346431222p2232223n223638376134613033623335396235366366346266656461376232336439663461222p2233223n226337323238396637353332643736333933656134353438643033306533346137222p2262696r675s70617373223n2232312q34382q35322q36312q37312q38372q3236227q HTTP/1.1" 200 460 "-" "Mozilla/5.0 (iPhone; CPU iPhone OS 13_5 like Mac OS X) AppleWebKit/605.1.15 (KHTML, like Gecko) Version/13.5.1 Mobile/15E148 Safari/604.1"
209.74.77.214 - - [17/Jul/2025:20:33:00 +0000] "POST /wp-cron.php?doing_wp_cron=1752784380.3623249530792236328125 HTTP/1.1" 200 - "-" "WordPress/6.8.2; https://cartel.express"
