57.141.2.6 - - [17/Jul/2025:20:32:57 +0000] "GET / HTTP/1.1" 200 269959 "-" "meta-externalagent/1.1 (+https://developers.facebook.com/docs/sharing/webmasters/crawler)"
66.249.68.33 - - [17/Jul/2025:20:33:09 +0000] "GET /shopdetail/f_auto/0b9f4f99-0ae8-479d-8d73-c4c8751d8db0/%E3%80%90nike%E5%85%AC%E5%BC%8F%E3%80%91%E3%83%AC%E3%83%87%E3%82%A3%E3%83%BC%E3%82%B9-%E3%83%80%E3%83%B3%E3%82%AF-high-%E3%82%A2%E3%83%83%E3%83%97-summit-white-dh3718-100-wmns-nike-dunk-high-up.jpg HTTP/1.1" 404 24777 "-" "Googlebot-Image/1.0"
209.74.77.214 - - [17/Jul/2025:20:40:25 +0000] "POST /wp-cron.php?doing_wp_cron=1752784825.4501359462738037109375 HTTP/1.1" 200 - "-" "WordPress/6.8.2; https://cartel.express"
66.249.68.34 - - [17/Jul/2025:20:40:22 +0000] "GET /shopdetail/fl_layer_apply/46f55604-0c16-43d7-8d74-05b379c140dc/WMNS+AIR+JORDAN+1+MID.png HTTP/1.1" 404 24780 "-" "Googlebot-Image/1.0"
216.73.216.236 - - [17/Jul/2025:20:48:02 +0000] "GET /robots.txt HTTP/1.1" 200 94 "-" "Mozilla/5.0 AppleWebKit/537.36 (KHTML, like Gecko; compatible; ClaudeBot/1.0; [email protected])"
209.74.77.214 - - [17/Jul/2025:20:48:05 +0000] "POST /wp-cron.php?doing_wp_cron=1752785285.7268869876861572265625 HTTP/1.1" 200 - "-" "WordPress/6.8.2; https://cartel.express"
216.73.216.236 - - [17/Jul/2025:20:48:02 +0000] "GET /what-can-go-wrong-while-diagnosing-a-car-problem/?replytocom=7 HTTP/1.1" 200 29467 "-" "Mozilla/5.0 AppleWebKit/537.36 (KHTML, like Gecko; compatible; ClaudeBot/1.0; [email protected])"
216.73.216.236 - - [17/Jul/2025:20:48:08 +0000] "GET /what-can-go-wrong-while-diagnosing-a-car-problem/?replytocom=8 HTTP/1.1" 200 29473 "-" "Mozilla/5.0 AppleWebKit/537.36 (KHTML, like Gecko; compatible; ClaudeBot/1.0; [email protected])"
209.74.77.214 - - [17/Jul/2025:20:48:46 +0000] "POST /wp-cron.php?doing_wp_cron=1752785326.3396739959716796875000 HTTP/1.1" 200 - "-" "WordPress/6.8.2; https://cartel.express"
216.73.216.236 - - [17/Jul/2025:20:48:44 +0000] "GET /what-can-go-wrong-while-diagnosing-a-car-problem/feed HTTP/1.1" 301 - "-" "Mozilla/5.0 AppleWebKit/537.36 (KHTML, like Gecko; compatible; ClaudeBot/1.0; [email protected])"
216.73.216.236 - - [17/Jul/2025:20:48:46 +0000] "GET /what-can-go-wrong-while-diagnosing-a-car-problem/feed/ HTTP/1.1" 200 970 "https://cartel.express/what-can-go-wrong-while-diagnosing-a-car-problem/feed" "Mozilla/5.0 AppleWebKit/537.36 (KHTML, like Gecko; compatible; ClaudeBot/1.0; [email protected])"
216.73.216.236 - - [17/Jul/2025:20:48:49 +0000] "GET /what-can-go-wrong-while-diagnosing-a-car-problem/?replytocom=6 HTTP/1.1" 200 29420 "-" "Mozilla/5.0 AppleWebKit/537.36 (KHTML, like Gecko; compatible; ClaudeBot/1.0; [email protected])"
23.105.143.91 - - [17/Jul/2025:20:48:52 +0000] "GET / HTTP/1.1" 200 40570 "-" "Mozilla/5.0 (Macintosh; Intel Mac OS X 10_15_7) AppleWebKit/537.36 (KHTML, like Gecko) Chrome/131.0.0.0 Safari/537.36"
23.105.143.91 - - [17/Jul/2025:20:48:53 +0000] "GET /auto-repair/ HTTP/1.1" 200 42130 "-" "Mozilla/5.0 (Macintosh; Intel Mac OS X 10_15_7) AppleWebKit/537.36 (KHTML, like Gecko) Chrome/131.0.0.0 Safari/537.36"
23.105.143.91 - - [17/Jul/2025:20:48:54 +0000] "GET /about-us/ HTTP/1.1" 200 34418 "-" "Mozilla/5.0 (Macintosh; Intel Mac OS X 10_15_7) AppleWebKit/537.36 (KHTML, like Gecko) Chrome/131.0.0.0 Safari/537.36"
23.105.143.91 - - [17/Jul/2025:20:48:55 +0000] "GET /contact/ HTTP/1.1" 200 27395 "-" "Mozilla/5.0 (Macintosh; Intel Mac OS X 10_15_7) AppleWebKit/537.36 (KHTML, like Gecko) Chrome/131.0.0.0 Safari/537.36"
134.122.20.92 - - [17/Jul/2025:20:48:56 +0000] "GET / HTTP/1.1" 301 - "-" "Mozilla/5.0 (X11; Linux x86_64) AppleWebKit/537.36 (KHTML, like Gecko) Chrome/137.0.0.0 Safari/537.36"
23.105.143.91 - - [17/Jul/2025:20:48:56 +0000] "GET /blog-standard/ HTTP/1.1" 200 29933 "-" "Mozilla/5.0 (Macintosh; Intel Mac OS X 10_15_7) AppleWebKit/537.36 (KHTML, like Gecko) Chrome/131.0.0.0 Safari/537.36"
23.105.143.91 - - [17/Jul/2025:20:48:57 +0000] "GET /wp-content/plugins/advanced-popups/public/js/advanced-popups-public.js?ver=1.2.2 HTTP/1.1" 200 2621 "-" "Mozilla/5.0 (Macintosh; Intel Mac OS X 10_15_7) AppleWebKit/537.36 (KHTML, like Gecko) Chrome/131.0.0.0 Safari/537.36"
23.105.143.91 - - [17/Jul/2025:20:48:57 +0000] "GET /wp-content/plugins/woocommerce/assets/js/frontend/add-to-cart.min.js?ver=10.0.2 HTTP/1.1" 200 1407 "-" "Mozilla/5.0 (Macintosh; Intel Mac OS X 10_15_7) AppleWebKit/537.36 (KHTML, like Gecko) Chrome/131.0.0.0 Safari/537.36"
23.105.143.91 - - [17/Jul/2025:20:48:57 +0000] "GET /wp-includes/js/wp-util.min.js?ver=6.8.2 HTTP/1.1" 200 756 "-" "Mozilla/5.0 (Macintosh; Intel Mac OS X 10_15_7) AppleWebKit/537.36 (KHTML, like Gecko) Chrome/131.0.0.0 Safari/537.36"
23.105.143.91 - - [17/Jul/2025:20:48:57 +0000] "GET /wp-content/plugins/woocommerce/assets/js/frontend/add-to-cart-variation.min.js?ver=10.0.2 HTTP/1.1" 200 3940 "-" "Mozilla/5.0 (Macintosh; Intel Mac OS X 10_15_7) AppleWebKit/537.36 (KHTML, like Gecko) Chrome/131.0.0.0 Safari/537.36"
23.105.143.91 - - [17/Jul/2025:20:48:57 +0000] "GET /wp-content/plugins/woo-smart-quick-view/assets/libs/slick/slick.min.js?ver=4.2.0 HTTP/1.1" 200 10442 "-" "Mozilla/5.0 (Macintosh; Intel Mac OS X 10_15_7) AppleWebKit/537.36 (KHTML, like Gecko) Chrome/131.0.0.0 Safari/537.36"
209.74.77.214 - - [17/Jul/2025:20:48:58 +0000] "POST /wp-cron.php?doing_wp_cron=1752785338.4695599079132080078125 HTTP/1.1" 200 - "-" "WordPress/6.8.2; https://cartel.express"
134.122.20.92 - - [17/Jul/2025:20:48:58 +0000] "GET /favicon.ico HTTP/1.1" 302 - "https://mail.cartel.express/" "Mozilla/5.0 (X11; Linux x86_64) AppleWebKit/537.36 (KHTML, like Gecko) Chrome/137.0.0.0 Safari/537.36"
209.74.77.214 - - [17/Jul/2025:20:49:39 +0000] "POST /wp-cron.php?doing_wp_cron=1752785379.0854709148406982421875 HTTP/1.1" 200 - "-" "WordPress/6.8.2; https://cartel.express"
216.73.216.236 - - [17/Jul/2025:20:49:36 +0000] "GET /tag/soap/feed HTTP/1.1" 301 - "-" "Mozilla/5.0 AppleWebKit/537.36 (KHTML, like Gecko; compatible; ClaudeBot/1.0; [email protected])"
216.73.216.236 - - [17/Jul/2025:20:49:39 +0000] "GET /tag/soap/feed/ HTTP/1.1" 200 4145 "https://cartel.express/tag/soap/feed" "Mozilla/5.0 AppleWebKit/537.36 (KHTML, like Gecko; compatible; ClaudeBot/1.0; [email protected])"
216.73.216.236 - - [17/Jul/2025:20:49:42 +0000] "GET /the-pros-and-cons-of-having-windows-tinted/feed HTTP/1.1" 301 - "-" "Mozilla/5.0 AppleWebKit/537.36 (KHTML, like Gecko; compatible; ClaudeBot/1.0; [email protected])"
216.73.216.236 - - [17/Jul/2025:20:49:42 +0000] "GET /the-pros-and-cons-of-having-windows-tinted/feed/ HTTP/1.1" 200 474 "https://cartel.express/the-pros-and-cons-of-having-windows-tinted/feed" "Mozilla/5.0 AppleWebKit/537.36 (KHTML, like Gecko; compatible; ClaudeBot/1.0; [email protected])"
209.74.77.214 - - [17/Jul/2025:20:50:20 +0000] "POST /wp-cron.php?doing_wp_cron=1752785420.0298941135406494140625 HTTP/1.1" 200 - "-" "WordPress/6.8.2; https://cartel.express"
216.73.216.236 - - [17/Jul/2025:20:50:17 +0000] "GET /upgrading-headlights-for-amazing-appearance-visibility/feed HTTP/1.1" 301 - "-" "Mozilla/5.0 AppleWebKit/537.36 (KHTML, like Gecko; compatible; ClaudeBot/1.0; [email protected])"
216.73.216.236 - - [17/Jul/2025:20:50:20 +0000] "GET /upgrading-headlights-for-amazing-appearance-visibility/feed/ HTTP/1.1" 200 483 "https://cartel.express/upgrading-headlights-for-amazing-appearance-visibility/feed" "Mozilla/5.0 AppleWebKit/537.36 (KHTML, like Gecko; compatible; ClaudeBot/1.0; [email protected])"
216.73.216.236 - - [17/Jul/2025:20:50:22 +0000] "GET /portfolio_group/replacement/feed HTTP/1.1" 301 - "-" "Mozilla/5.0 AppleWebKit/537.36 (KHTML, like Gecko; compatible; ClaudeBot/1.0; [email protected])"
216.73.216.236 - - [17/Jul/2025:20:50:23 +0000] "GET /portfolio_group/replacement/feed/ HTTP/1.1" 200 2278 "https://cartel.express/portfolio_group/replacement/feed" "Mozilla/5.0 AppleWebKit/537.36 (KHTML, like Gecko; compatible; ClaudeBot/1.0; [email protected])"
209.74.77.214 - - [17/Jul/2025:20:51:21 +0000] "POST /wp-cron.php?doing_wp_cron=1752785481.4515140056610107421875 HTTP/1.1" 200 - "-" "WordPress/6.8.2; https://cartel.express"
216.73.216.236 - - [17/Jul/2025:20:51:19 +0000] "GET /tag/paint/feed HTTP/1.1" 301 - "-" "Mozilla/5.0 AppleWebKit/537.36 (KHTML, like Gecko; compatible; ClaudeBot/1.0; [email protected])"
216.73.216.236 - - [17/Jul/2025:20:51:21 +0000] "GET /tag/paint/feed/ HTTP/1.1" 200 3838 "https://cartel.express/tag/paint/feed" "Mozilla/5.0 AppleWebKit/537.36 (KHTML, like Gecko; compatible; ClaudeBot/1.0; [email protected])"
216.73.216.236 - - [17/Jul/2025:20:51:23 +0000] "GET /category/standard/feed HTTP/1.1" 301 - "-" "Mozilla/5.0 AppleWebKit/537.36 (KHTML, like Gecko; compatible; ClaudeBot/1.0; [email protected])"
216.73.216.236 - - [17/Jul/2025:20:51:23 +0000] "GET /category/standard/feed/ HTTP/1.1" 200 3947 "https://cartel.express/category/standard/feed" "Mozilla/5.0 AppleWebKit/537.36 (KHTML, like Gecko; compatible; ClaudeBot/1.0; [email protected])"
209.74.77.214 - - [17/Jul/2025:20:52:27 +0000] "POST /wp-cron.php?doing_wp_cron=1752785547.7897250652313232421875 HTTP/1.1" 200 - "-" "WordPress/6.8.2; https://cartel.express"
216.73.216.236 - - [17/Jul/2025:20:52:25 +0000] "GET /author/cartel/feed HTTP/1.1" 301 - "-" "Mozilla/5.0 AppleWebKit/537.36 (KHTML, like Gecko; compatible; ClaudeBot/1.0; [email protected])"
216.73.216.236 - - [17/Jul/2025:20:52:27 +0000] "GET /author/cartel/feed/ HTTP/1.1" 200 4685 "https://cartel.express/author/cartel/feed" "Mozilla/5.0 AppleWebKit/537.36 (KHTML, like Gecko; compatible; ClaudeBot/1.0; [email protected])"
216.73.216.236 - - [17/Jul/2025:20:52:31 +0000] "GET /tag/news/feed HTTP/1.1" 301 - "-" "Mozilla/5.0 AppleWebKit/537.36 (KHTML, like Gecko; compatible; ClaudeBot/1.0; [email protected])"
216.73.216.236 - - [17/Jul/2025:20:52:31 +0000] "GET /tag/news/feed/ HTTP/1.1" 200 3948 "https://cartel.express/tag/news/feed" "Mozilla/5.0 AppleWebKit/537.36 (KHTML, like Gecko; compatible; ClaudeBot/1.0; [email protected])"
209.74.77.214 - - [17/Jul/2025:20:53:17 +0000] "POST /wp-cron.php?doing_wp_cron=1752785597.0749199390411376953125 HTTP/1.1" 200 - "-" "WordPress/6.8.2; https://cartel.express"
216.73.216.236 - - [17/Jul/2025:20:53:14 +0000] "GET /portfolio_group/paint-job/feed HTTP/1.1" 301 - "-" "Mozilla/5.0 AppleWebKit/537.36 (KHTML, like Gecko; compatible; ClaudeBot/1.0; [email protected])"
216.73.216.236 - - [17/Jul/2025:20:53:17 +0000] "GET /portfolio_group/paint-job/feed/ HTTP/1.1" 200 3039 "https://cartel.express/portfolio_group/paint-job/feed" "Mozilla/5.0 AppleWebKit/537.36 (KHTML, like Gecko; compatible; ClaudeBot/1.0; [email protected])"
216.73.216.236 - - [17/Jul/2025:20:53:18 +0000] "GET /tag/insurance/feed HTTP/1.1" 301 - "-" "Mozilla/5.0 AppleWebKit/537.36 (KHTML, like Gecko; compatible; ClaudeBot/1.0; [email protected])"
216.73.216.236 - - [17/Jul/2025:20:53:19 +0000] "GET /tag/insurance/feed/ HTTP/1.1" 200 3235 "https://cartel.express/tag/insurance/feed" "Mozilla/5.0 AppleWebKit/537.36 (KHTML, like Gecko; compatible; ClaudeBot/1.0; [email protected])"
209.74.77.214 - - [17/Jul/2025:20:54:05 +0000] "POST /wp-cron.php?doing_wp_cron=1752785645.4290659427642822265625 HTTP/1.1" 200 - "-" "WordPress/6.8.2; https://cartel.express"
216.73.216.236 - - [17/Jul/2025:20:54:03 +0000] "GET /category/dealership/feed HTTP/1.1" 301 - "-" "Mozilla/5.0 AppleWebKit/537.36 (KHTML, like Gecko; compatible; ClaudeBot/1.0; [email protected])"
216.73.216.236 - - [17/Jul/2025:20:54:05 +0000] "GET /category/dealership/feed/ HTTP/1.1" 200 3235 "https://cartel.express/category/dealership/feed" "Mozilla/5.0 AppleWebKit/537.36 (KHTML, like Gecko; compatible; ClaudeBot/1.0; [email protected])"
216.73.216.236 - - [17/Jul/2025:20:54:07 +0000] "GET /tag/detailing/feed HTTP/1.1" 301 - "-" "Mozilla/5.0 AppleWebKit/537.36 (KHTML, like Gecko; compatible; ClaudeBot/1.0; [email protected])"
216.73.216.236 - - [17/Jul/2025:20:54:08 +0000] "GET /tag/detailing/feed/ HTTP/1.1" 200 3838 "https://cartel.express/tag/detailing/feed" "Mozilla/5.0 AppleWebKit/537.36 (KHTML, like Gecko; compatible; ClaudeBot/1.0; [email protected])"
209.74.77.214 - - [17/Jul/2025:20:54:52 +0000] "POST /wp-cron.php?doing_wp_cron=1752785692.2591431140899658203125 HTTP/1.1" 200 - "-" "WordPress/6.8.2; https://cartel.express"
216.73.216.236 - - [17/Jul/2025:20:54:50 +0000] "GET /author/cartel/page/2 HTTP/1.1" 301 - "-" "Mozilla/5.0 AppleWebKit/537.36 (KHTML, like Gecko; compatible; ClaudeBot/1.0; [email protected])"
216.73.216.236 - - [17/Jul/2025:20:54:52 +0000] "GET /author/cartel/page/2/ HTTP/1.1" 200 27145 "https://cartel.express/author/cartel/page/2" "Mozilla/5.0 AppleWebKit/537.36 (KHTML, like Gecko; compatible; ClaudeBot/1.0; [email protected])"
216.73.216.236 - - [17/Jul/2025:20:54:54 +0000] "GET /tag/luxury/feed HTTP/1.1" 301 - "-" "Mozilla/5.0 AppleWebKit/537.36 (KHTML, like Gecko; compatible; ClaudeBot/1.0; [email protected])"
216.73.216.236 - - [17/Jul/2025:20:54:54 +0000] "GET /tag/luxury/feed/ HTTP/1.1" 200 3234 "https://cartel.express/tag/luxury/feed" "Mozilla/5.0 AppleWebKit/537.36 (KHTML, like Gecko; compatible; ClaudeBot/1.0; [email protected])"
209.74.77.214 - - [17/Jul/2025:20:56:02 +0000] "POST /wp-cron.php?doing_wp_cron=1752785762.1555829048156738281250 HTTP/1.1" 200 - "-" "WordPress/6.8.2; https://cartel.express"
216.73.216.236 - - [17/Jul/2025:20:55:58 +0000] "GET /tag/rims/feed HTTP/1.1" 301 - "-" "Mozilla/5.0 AppleWebKit/537.36 (KHTML, like Gecko; compatible; ClaudeBot/1.0; [email protected])"
216.73.216.236 - - [17/Jul/2025:20:56:02 +0000] "GET /tag/rims/feed/ HTTP/1.1" 200 3840 "https://cartel.express/tag/rims/feed" "Mozilla/5.0 AppleWebKit/537.36 (KHTML, like Gecko; compatible; ClaudeBot/1.0; [email protected])"
216.73.216.236 - - [17/Jul/2025:20:56:03 +0000] "GET /tag/leather/feed HTTP/1.1" 301 - "-" "Mozilla/5.0 AppleWebKit/537.36 (KHTML, like Gecko; compatible; ClaudeBot/1.0; [email protected])"
216.73.216.236 - - [17/Jul/2025:20:56:03 +0000] "GET /tag/leather/feed/ HTTP/1.1" 200 4147 "https://cartel.express/tag/leather/feed" "Mozilla/5.0 AppleWebKit/537.36 (KHTML, like Gecko; compatible; ClaudeBot/1.0; [email protected])"
209.74.77.214 - - [17/Jul/2025:20:56:56 +0000] "POST /wp-cron.php?doing_wp_cron=1752785816.1460340023040771484375 HTTP/1.1" 200 - "-" "WordPress/6.8.2; https://cartel.express"
216.73.216.236 - - [17/Jul/2025:20:56:53 +0000] "GET /?p=3152 HTTP/1.1" 301 - "-" "Mozilla/5.0 AppleWebKit/537.36 (KHTML, like Gecko; compatible; ClaudeBot/1.0; [email protected])"
216.73.216.236 - - [17/Jul/2025:20:56:56 +0000] "GET /portfolio/custom-seats/ HTTP/1.1" 200 36988 "https://cartel.express/?p=3152" "Mozilla/5.0 AppleWebKit/537.36 (KHTML, like Gecko; compatible; ClaudeBot/1.0; [email protected])"
209.74.77.214 - - [17/Jul/2025:20:57:32 +0000] "POST /wp-cron.php?doing_wp_cron=1752785852.1773650646209716796875 HTTP/1.1" 200 - "-" "WordPress/6.8.2; https://cartel.express"
216.73.216.236 - - [17/Jul/2025:20:57:29 +0000] "GET /original-car-parts-and-certified-mechanics-only/feed HTTP/1.1" 301 - "-" "Mozilla/5.0 AppleWebKit/537.36 (KHTML, like Gecko; compatible; ClaudeBot/1.0; [email protected])"
216.73.216.236 - - [17/Jul/2025:20:57:32 +0000] "GET /original-car-parts-and-certified-mechanics-only/feed/ HTTP/1.1" 200 474 "https://cartel.express/original-car-parts-and-certified-mechanics-only/feed" "Mozilla/5.0 AppleWebKit/537.36 (KHTML, like Gecko; compatible; ClaudeBot/1.0; [email protected])"
209.74.77.214 - - [17/Jul/2025:20:58:17 +0000] "POST /wp-cron.php?doing_wp_cron=1752785897.0958731174468994140625 HTTP/1.1" 200 - "-" "WordPress/6.8.2; https://cartel.express"
216.73.216.236 - - [17/Jul/2025:20:58:14 +0000] "GET /author/cartel/page/3 HTTP/1.1" 301 - "-" "Mozilla/5.0 AppleWebKit/537.36 (KHTML, like Gecko; compatible; ClaudeBot/1.0; [email protected])"
216.73.216.236 - - [17/Jul/2025:20:58:17 +0000] "GET /author/cartel/page/3/ HTTP/1.1" 200 25976 "https://cartel.express/author/cartel/page/3" "Mozilla/5.0 AppleWebKit/537.36 (KHTML, like Gecko; compatible; ClaudeBot/1.0; [email protected])"
209.74.77.214 - - [17/Jul/2025:20:59:10 +0000] "POST /wp-cron.php?doing_wp_cron=1752785950.3041698932647705078125 HTTP/1.1" 200 - "-" "WordPress/6.8.2; https://cartel.express"
216.73.216.236 - - [17/Jul/2025:20:59:07 +0000] "GET /?p=4575 HTTP/1.1" 301 - "-" "Mozilla/5.0 AppleWebKit/537.36 (KHTML, like Gecko; compatible; ClaudeBot/1.0; [email protected])"
216.73.216.236 - - [17/Jul/2025:20:59:10 +0000] "GET /services/turbine/ HTTP/1.1" 200 37710 "https://cartel.express/?p=4575" "Mozilla/5.0 AppleWebKit/537.36 (KHTML, like Gecko; compatible; ClaudeBot/1.0; [email protected])"
209.74.77.214 - - [17/Jul/2025:20:59:54 +0000] "POST /wp-cron.php?doing_wp_cron=1752785994.9666149616241455078125 HTTP/1.1" 200 - "-" "WordPress/6.8.2; https://cartel.express"
216.73.216.236 - - [17/Jul/2025:20:59:52 +0000] "GET /?p=3138 HTTP/1.1" 301 - "-" "Mozilla/5.0 AppleWebKit/537.36 (KHTML, like Gecko; compatible; ClaudeBot/1.0; [email protected])"
216.73.216.236 - - [17/Jul/2025:20:59:55 +0000] "GET /portfolio/air-conditioning/ HTTP/1.1" 200 36999 "https://cartel.express/?p=3138" "Mozilla/5.0 AppleWebKit/537.36 (KHTML, like Gecko; compatible; ClaudeBot/1.0; [email protected])"
209.74.77.214 - - [17/Jul/2025:21:00:37 +0000] "POST /wp-cron.php?doing_wp_cron=1752786037.0975561141967773437500 HTTP/1.1" 200 - "-" "WordPress/6.8.2; https://cartel.express"
216.73.216.236 - - [17/Jul/2025:21:00:34 +0000] "GET /?p=2669 HTTP/1.1" 301 - "-" "Mozilla/5.0 AppleWebKit/537.36 (KHTML, like Gecko; compatible; ClaudeBot/1.0; [email protected])"
216.73.216.236 - - [17/Jul/2025:21:00:37 +0000] "GET /portfolio/partial-painting/ HTTP/1.1" 200 36937 "https://cartel.express/?p=2669" "Mozilla/5.0 AppleWebKit/537.36 (KHTML, like Gecko; compatible; ClaudeBot/1.0; [email protected])"
209.74.77.214 - - [17/Jul/2025:21:01:27 +0000] "POST /wp-cron.php?doing_wp_cron=1752786087.4597990512847900390625 HTTP/1.1" 200 - "-" "WordPress/6.8.2; https://cartel.express"
216.73.216.236 - - [17/Jul/2025:21:01:24 +0000] "GET /?p=4577 HTTP/1.1" 301 - "-" "Mozilla/5.0 AppleWebKit/537.36 (KHTML, like Gecko; compatible; ClaudeBot/1.0; [email protected])"
216.73.216.236 - - [17/Jul/2025:21:01:27 +0000] "GET /services/suspension/ HTTP/1.1" 200 37693 "https://cartel.express/?p=4577" "Mozilla/5.0 AppleWebKit/537.36 (KHTML, like Gecko; compatible; ClaudeBot/1.0; [email protected])"
209.74.77.214 - - [17/Jul/2025:21:02:11 +0000] "POST /wp-cron.php?doing_wp_cron=1752786131.8389980792999267578125 HTTP/1.1" 200 - "-" "WordPress/6.8.2; https://cartel.express"
216.73.216.236 - - [17/Jul/2025:21:02:09 +0000] "GET /tag/rent/feed HTTP/1.1" 301 - "-" "Mozilla/5.0 AppleWebKit/537.36 (KHTML, like Gecko; compatible; ClaudeBot/1.0; [email protected])"
216.73.216.236 - - [17/Jul/2025:21:02:12 +0000] "GET /tag/rent/feed/ HTTP/1.1" 200 3234 "https://cartel.express/tag/rent/feed" "Mozilla/5.0 AppleWebKit/537.36 (KHTML, like Gecko; compatible; ClaudeBot/1.0; [email protected])"
209.74.77.214 - - [17/Jul/2025:21:02:57 +0000] "POST /wp-cron.php?doing_wp_cron=1752786177.4802789688110351562500 HTTP/1.1" 200 - "-" "WordPress/6.8.2; https://cartel.express"
216.73.216.236 - - [17/Jul/2025:21:02:54 +0000] "GET /?p=2992 HTTP/1.1" 301 - "-" "Mozilla/5.0 AppleWebKit/537.36 (KHTML, like Gecko; compatible; ClaudeBot/1.0; [email protected])"
216.73.216.236 - - [17/Jul/2025:21:02:57 +0000] "GET /portfolio/vacuuming/ HTTP/1.1" 200 36712 "https://cartel.express/?p=2992" "Mozilla/5.0 AppleWebKit/537.36 (KHTML, like Gecko; compatible; ClaudeBot/1.0; [email protected])"
209.74.77.214 - - [17/Jul/2025:21:03:40 +0000] "POST /wp-cron.php?doing_wp_cron=1752786220.1864140033721923828125 HTTP/1.1" 200 - "-" "WordPress/6.8.2; https://cartel.express"
216.73.216.236 - - [17/Jul/2025:21:03:37 +0000] "GET /?p=423 HTTP/1.1" 301 - "-" "Mozilla/5.0 AppleWebKit/537.36 (KHTML, like Gecko; compatible; ClaudeBot/1.0; [email protected])"
216.73.216.236 - - [17/Jul/2025:21:03:40 +0000] "GET /the-pros-and-cons-of-having-windows-tinted/ HTTP/1.1" 200 28790 "https://cartel.express/?p=423" "Mozilla/5.0 AppleWebKit/537.36 (KHTML, like Gecko; compatible; ClaudeBot/1.0; [email protected])"
209.74.77.214 - - [17/Jul/2025:21:04:24 +0000] "POST /wp-cron.php?doing_wp_cron=1752786264.5950539112091064453125 HTTP/1.1" 200 - "-" "WordPress/6.8.2; https://cartel.express"
216.73.216.236 - - [17/Jul/2025:21:04:22 +0000] "GET /?p=4573 HTTP/1.1" 301 - "-" "Mozilla/5.0 AppleWebKit/537.36 (KHTML, like Gecko; compatible; ClaudeBot/1.0; [email protected])"
216.73.216.236 - - [17/Jul/2025:21:04:24 +0000] "GET /services/battery/ HTTP/1.1" 200 37689 "https://cartel.express/?p=4573" "Mozilla/5.0 AppleWebKit/537.36 (KHTML, like Gecko; compatible; ClaudeBot/1.0; [email protected])"
34.219.99.143 - - [17/Jul/2025:21:04:51 +0000] "GET / HTTP/1.1" 200 40577 "-" "Mozilla/5.0 (Windows NT 10.0; Win64; x64) AppleWebKit/537.36 (KHTML, like Gecko) Chrome/70.0.3538.102 Safari/537.36 Edge/18.19582"
34.219.99.143 - - [17/Jul/2025:21:04:52 +0000] "GET /wp-content/plugins/trx_addons/css/font-icons/css/trx_addons_icons.css HTTP/1.1" 200 4577 "https://cartel.express/" "Mozilla/5.0 (Windows NT 10.0; Win64; x64) AppleWebKit/537.36 (KHTML, like Gecko) Chrome/70.0.3538.102 Safari/537.36 Edge/18.19582"
34.219.99.143 - - [17/Jul/2025:21:04:52 +0000] "GET /wp-content/plugins/trx_addons/addons/qw-extension/css/font-icons/css/qw_extension_icons.css HTTP/1.1" 200 900 "https://cartel.express/" "Mozilla/5.0 (Windows NT 10.0; Win64; x64) AppleWebKit/537.36 (KHTML, like Gecko) Chrome/70.0.3538.102 Safari/537.36 Edge/18.19582"
34.219.99.143 - - [17/Jul/2025:21:04:52 +0000] "GET /wp-content/plugins/contact-form-7/includes/css/styles.css?ver=6.1 HTTP/1.1" 200 1031 "https://cartel.express/" "Mozilla/5.0 (Windows NT 10.0; Win64; x64) AppleWebKit/537.36 (KHTML, like Gecko) Chrome/70.0.3538.102 Safari/537.36 Edge/18.19582"
34.219.99.143 - - [17/Jul/2025:21:04:52 +0000] "GET /wp-content/themes/detailx/skins/default/css/font-icons/css/fontello.css HTTP/1.1" 200 7543 "https://cartel.express/" "Mozilla/5.0 (Windows NT 10.0; Win64; x64) AppleWebKit/537.36 (KHTML, like Gecko) Chrome/70.0.3538.102 Safari/537.36 Edge/18.19582"
34.219.99.143 - - [17/Jul/2025:21:04:52 +0000] "GET /wp-content/plugins/trx_addons/js/magnific/magnific-popup.min.css HTTP/1.1" 200 1548 "https://cartel.express/" "Mozilla/5.0 (Windows NT 10.0; Win64; x64) AppleWebKit/537.36 (KHTML, like Gecko) Chrome/70.0.3538.102 Safari/537.36 Edge/18.19582"
34.219.99.143 - - [17/Jul/2025:21:04:52 +0000] "GET /wp-content/plugins/instagram-feed/css/sbi-styles.min.css?ver=6.9.1 HTTP/1.1" 200 8799 "https://cartel.express/" "Mozilla/5.0 (Windows NT 10.0; Win64; x64) AppleWebKit/537.36 (KHTML, like Gecko) Chrome/70.0.3538.102 Safari/537.36 Edge/18.19582"
34.219.99.143 - - [17/Jul/2025:21:04:52 +0000] "GET /wp-content/plugins/advanced-popups/public/css/advanced-popups-public.css?ver=1.2.2 HTTP/1.1" 200 2297 "https://cartel.express/" "Mozilla/5.0 (Windows NT 10.0; Win64; x64) AppleWebKit/537.36 (KHTML, like Gecko) Chrome/70.0.3538.102 Safari/537.36 Edge/18.19582"
34.219.99.143 - - [17/Jul/2025:21:04:52 +0000] "GET /wp-content/plugins/woocommerce/assets/css/woocommerce.css?ver=10.0.2 HTTP/1.1" 200 10826 "https://cartel.express/" "Mozilla/5.0 (Windows NT 10.0; Win64; x64) AppleWebKit/537.36 (KHTML, like Gecko) Chrome/70.0.3538.102 Safari/537.36 Edge/18.19582"
34.219.99.143 - - [17/Jul/2025:21:04:52 +0000] "GET /wp-content/plugins/woocommerce/assets/css/woocommerce-layout.css?ver=10.0.2 HTTP/1.1" 200 3414 "https://cartel.express/" "Mozilla/5.0 (Windows NT 10.0; Win64; x64) AppleWebKit/537.36 (KHTML, like Gecko) Chrome/70.0.3538.102 Safari/537.36 Edge/18.19582"
34.219.99.143 - - [17/Jul/2025:21:04:52 +0000] "GET /wp-content/plugins/woo-smart-quick-view/assets/libs/slick/slick.css?ver=6.8.2 HTTP/1.1" 200 545 "https://cartel.express/" "Mozilla/5.0 (Windows NT 10.0; Win64; x64) AppleWebKit/537.36 (KHTML, like Gecko) Chrome/70.0.3538.102 Safari/537.36 Edge/18.19582"
34.219.99.143 - - [17/Jul/2025:21:04:52 +0000] "GET /wp-content/plugins/woo-smart-quick-view/assets/libs/feather/feather.css?ver=6.8.2 HTTP/1.1" 200 169 "https://cartel.express/" "Mozilla/5.0 (Windows NT 10.0; Win64; x64) AppleWebKit/537.36 (KHTML, like Gecko) Chrome/70.0.3538.102 Safari/537.36 Edge/18.19582"
34.219.99.143 - - [17/Jul/2025:21:04:52 +0000] "GET /wp-content/plugins/woo-smart-quick-view/assets/libs/perfect-scrollbar/css/custom-theme.css?ver=6.8.2 HTTP/1.1" 200 621 "https://cartel.express/" "Mozilla/5.0 (Windows NT 10.0; Win64; x64) AppleWebKit/537.36 (KHTML, like Gecko) Chrome/70.0.3538.102 Safari/537.36 Edge/18.19582"
34.219.99.143 - - [17/Jul/2025:21:04:52 +0000] "GET /wp-content/plugins/woo-smart-quick-view/assets/css/frontend.css?ver=4.2.0 HTTP/1.1" 200 3569 "https://cartel.express/" "Mozilla/5.0 (Windows NT 10.0; Win64; x64) AppleWebKit/537.36 (KHTML, like Gecko) Chrome/70.0.3538.102 Safari/537.36 Edge/18.19582"
34.219.99.143 - - [17/Jul/2025:21:04:52 +0000] "GET /wp-content/plugins/woo-smart-quick-view/assets/libs/perfect-scrollbar/css/perfect-scrollbar.min.css?ver=6.8.2 HTTP/1.1" 200 610 "https://cartel.express/" "Mozilla/5.0 (Windows NT 10.0; Win64; x64) AppleWebKit/537.36 (KHTML, like Gecko) Chrome/70.0.3538.102 Safari/537.36 Edge/18.19582"
34.219.99.143 - - [17/Jul/2025:21:04:52 +0000] "GET /wp-content/plugins/woocommerce/assets/css/brands.css?ver=10.0.2 HTTP/1.1" 200 684 "https://cartel.express/" "Mozilla/5.0 (Windows NT 10.0; Win64; x64) AppleWebKit/537.36 (KHTML, like Gecko) Chrome/70.0.3538.102 Safari/537.36 Edge/18.19582"
34.219.99.143 - - [17/Jul/2025:21:04:52 +0000] "GET /wp-content/plugins/trx_addons/components/cpt/services/services.css HTTP/1.1" 200 6021 "https://cartel.express/" "Mozilla/5.0 (Windows NT 10.0; Win64; x64) AppleWebKit/537.36 (KHTML, like Gecko) Chrome/70.0.3538.102 Safari/537.36 Edge/18.19582"
34.219.99.143 - - [17/Jul/2025:21:04:52 +0000] "GET /wp-content/plugins/ti-woocommerce-wishlist/assets/css/webfont.min.css?ver=2.10.0 HTTP/1.1" 200 877 "https://cartel.express/" "Mozilla/5.0 (Windows NT 10.0; Win64; x64) AppleWebKit/537.36 (KHTML, like Gecko) Chrome/70.0.3538.102 Safari/537.36 Edge/18.19582"
34.219.99.143 - - [17/Jul/2025:21:04:52 +0000] "GET /wp-content/uploads/elementor/css/custom-frontend.min.css?ver=1752119949 HTTP/1.1" 200 7083 "https://cartel.express/" "Mozilla/5.0 (Windows NT 10.0; Win64; x64) AppleWebKit/537.36 (KHTML, like Gecko) Chrome/70.0.3538.102 Safari/537.36 Edge/18.19582"
34.219.99.143 - - [17/Jul/2025:21:04:52 +0000] "GET /wp-content/plugins/ti-woocommerce-wishlist/assets/css/public.min.css?ver=2.10.0 HTTP/1.1" 200 5605 "https://cartel.express/" "Mozilla/5.0 (Windows NT 10.0; Win64; x64) AppleWebKit/537.36 (KHTML, like Gecko) Chrome/70.0.3538.102 Safari/537.36 Edge/18.19582"
34.219.99.143 - - [17/Jul/2025:21:04:52 +0000] "GET /wp-content/plugins/elementor/assets/lib/eicons/css/elementor-icons.min.css?ver=5.43.0 HTTP/1.1" 200 4349 "https://cartel.express/" "Mozilla/5.0 (Windows NT 10.0; Win64; x64) AppleWebKit/537.36 (KHTML, like Gecko) Chrome/70.0.3538.102 Safari/537.36 Edge/18.19582"
34.219.99.143 - - [17/Jul/2025:21:04:52 +0000] "GET /wp-content/plugins/elementor/assets/css/widget-spacer.min.css?ver=3.30.2 HTTP/1.1" 200 369 "https://cartel.express/" "Mozilla/5.0 (Windows NT 10.0; Win64; x64) AppleWebKit/537.36 (KHTML, like Gecko) Chrome/70.0.3538.102 Safari/537.36 Edge/18.19582"
34.219.99.143 - - [17/Jul/2025:21:04:52 +0000] "GET /wp-content/uploads/elementor/css/custom-widget-icon-box.min.css?ver=1752119949 HTTP/1.1" 200 705 "https://cartel.express/" "Mozilla/5.0 (Windows NT 10.0; Win64; x64) AppleWebKit/537.36 (KHTML, like Gecko) Chrome/70.0.3538.102 Safari/537.36 Edge/18.19582"
34.219.99.143 - - [17/Jul/2025:21:04:52 +0000] "GET /wp-content/plugins/elementor/assets/css/widget-image.min.css?ver=3.30.2 HTTP/1.1" 200 164 "https://cartel.express/" "Mozilla/5.0 (Windows NT 10.0; Win64; x64) AppleWebKit/537.36 (KHTML, like Gecko) Chrome/70.0.3538.102 Safari/537.36 Edge/18.19582"
34.219.99.143 - - [17/Jul/2025:21:04:52 +0000] "GET /wp-content/plugins/elementor/assets/css/widget-heading.min.css?ver=3.30.2 HTTP/1.1" 200 188 "https://cartel.express/" "Mozilla/5.0 (Windows NT 10.0; Win64; x64) AppleWebKit/537.36 (KHTML, like Gecko) Chrome/70.0.3538.102 Safari/537.36 Edge/18.19582"
34.219.99.143 - - [17/Jul/2025:21:04:52 +0000] "GET /wp-content/plugins/elementor/assets/css/widget-divider.min.css?ver=3.30.2 HTTP/1.1" 200 771 "https://cartel.express/" "Mozilla/5.0 (Windows NT 10.0; Win64; x64) AppleWebKit/537.36 (KHTML, like Gecko) Chrome/70.0.3538.102 Safari/537.36 Edge/18.19582"
34.219.99.143 - - [17/Jul/2025:21:04:52 +0000] "GET /wp-content/plugins/elementor/assets/lib/swiper/v8/css/swiper.min.css?ver=8.4.5 HTTP/1.1" 200 4583 "https://cartel.express/" "Mozilla/5.0 (Windows NT 10.0; Win64; x64) AppleWebKit/537.36 (KHTML, like Gecko) Chrome/70.0.3538.102 Safari/537.36 Edge/18.19582"
34.219.99.143 - - [17/Jul/2025:21:04:52 +0000] "GET /wp-content/plugins/trx_addons/css/__styles.css HTTP/1.1" 200 47458 "https://cartel.express/" "Mozilla/5.0 (Windows NT 10.0; Win64; x64) AppleWebKit/537.36 (KHTML, like Gecko) Chrome/70.0.3538.102 Safari/537.36 Edge/18.19582"
34.219.99.143 - - [17/Jul/2025:21:04:52 +0000] "GET /wp-content/plugins/trx_addons/components/shortcodes/content/content.css HTTP/1.1" 200 618 "https://cartel.express/" "Mozilla/5.0 (Windows NT 10.0; Win64; x64) AppleWebKit/537.36 (KHTML, like Gecko) Chrome/70.0.3538.102 Safari/537.36 Edge/18.19582"
34.219.99.143 - - [17/Jul/2025:21:04:52 +0000] "GET /wp-content/plugins/trx_addons/components/api/woocommerce/woocommerce.css HTTP/1.1" 200 3998 "https://cartel.express/" "Mozilla/5.0 (Windows NT 10.0; Win64; x64) AppleWebKit/537.36 (KHTML, like Gecko) Chrome/70.0.3538.102 Safari/537.36 Edge/18.19582"
34.219.99.143 - - [17/Jul/2025:21:04:52 +0000] "GET /wp-content/plugins/trx_addons/components/shortcodes/content/content.responsive.css HTTP/1.1" 200 696 "https://cartel.express/" "Mozilla/5.0 (Windows NT 10.0; Win64; x64) AppleWebKit/537.36 (KHTML, like Gecko) Chrome/70.0.3538.102 Safari/537.36 Edge/18.19582"
34.219.99.143 - - [17/Jul/2025:21:04:52 +0000] "GET /wp-content/plugins/trx_addons/components/widgets/custom_links/custom_links.css HTTP/1.1" 200 819 "https://cartel.express/" "Mozilla/5.0 (Windows NT 10.0; Win64; x64) AppleWebKit/537.36 (KHTML, like Gecko) Chrome/70.0.3538.102 Safari/537.36 Edge/18.19582"
34.219.99.143 - - [17/Jul/2025:21:04:52 +0000] "GET /wp-content/plugins/trx_addons/css/trx_addons.animations.css HTTP/1.1" 200 6429 "https://cartel.express/" "Mozilla/5.0 (Windows NT 10.0; Win64; x64) AppleWebKit/537.36 (KHTML, like Gecko) Chrome/70.0.3538.102 Safari/537.36 Edge/18.19582"
34.219.99.143 - - [17/Jul/2025:21:04:52 +0000] "GET /wp-content/plugins/trx_addons/components/api/contact-form-7/contact-form-7.css HTTP/1.1" 200 473 "https://cartel.express/" "Mozilla/5.0 (Windows NT 10.0; Win64; x64) AppleWebKit/537.36 (KHTML, like Gecko) Chrome/70.0.3538.102 Safari/537.36 Edge/18.19582"
34.219.99.143 - - [17/Jul/2025:21:04:52 +0000] "GET /wp-content/plugins/trx_addons/addons/mouse-helper/mouse-helper.css HTTP/1.1" 200 1808 "https://cartel.express/" "Mozilla/5.0 (Windows NT 10.0; Win64; x64) AppleWebKit/537.36 (KHTML, like Gecko) Chrome/70.0.3538.102 Safari/537.36 Edge/18.19582"
34.219.99.143 - - [17/Jul/2025:21:04:52 +0000] "GET /wp-content/plugins/trx_addons/components/shortcodes/blogger/blogger.css HTTP/1.1" 200 4496 "https://cartel.express/" "Mozilla/5.0 (Windows NT 10.0; Win64; x64) AppleWebKit/537.36 (KHTML, like Gecko) Chrome/70.0.3538.102 Safari/537.36 Edge/18.19582"
34.219.99.143 - - [17/Jul/2025:21:04:52 +0000] "GET /wp-content/plugins/trx_addons/components/cpt/testimonials/testimonials.css HTTP/1.1" 200 1017 "https://cartel.express/" "Mozilla/5.0 (Windows NT 10.0; Win64; x64) AppleWebKit/537.36 (KHTML, like Gecko) Chrome/70.0.3538.102 Safari/537.36 Edge/18.19582"
34.219.99.143 - - [17/Jul/2025:21:04:52 +0000] "GET /wp-content/plugins/trx_addons/components/shortcodes/icons/icons.css HTTP/1.1" 200 1404 "https://cartel.express/" "Mozilla/5.0 (Windows NT 10.0; Win64; x64) AppleWebKit/537.36 (KHTML, like Gecko) Chrome/70.0.3538.102 Safari/537.36 Edge/18.19582"
34.219.99.143 - - [17/Jul/2025:21:04:52 +0000] "GET /wp-content/plugins/trx_addons/components/shortcodes/skills/skills.css HTTP/1.1" 200 1106 "https://cartel.express/" "Mozilla/5.0 (Windows NT 10.0; Win64; x64) AppleWebKit/537.36 (KHTML, like Gecko) Chrome/70.0.3538.102 Safari/537.36 Edge/18.19582"
34.219.99.143 - - [17/Jul/2025:21:04:52 +0000] "GET /wp-content/plugins/trx_addons/addons/qw-extension/css/qw_extension_testimonials.css HTTP/1.1" 200 1066 "https://cartel.express/" "Mozilla/5.0 (Windows NT 10.0; Win64; x64) AppleWebKit/537.36 (KHTML, like Gecko) Chrome/70.0.3538.102 Safari/537.36 Edge/18.19582"
34.219.99.143 - - [17/Jul/2025:21:04:52 +0000] "GET /wp-content/plugins/woocommerce/assets/client/blocks/wc-blocks.css?ver=wc-10.0.2 HTTP/1.1" 200 2575 "https://cartel.express/" "Mozilla/5.0 (Windows NT 10.0; Win64; x64) AppleWebKit/537.36 (KHTML, like Gecko) Chrome/70.0.3538.102 Safari/537.36 Edge/18.19582"
34.219.99.143 - - [17/Jul/2025:21:04:52 +0000] "GET /wp-content/themes/detailx/style.css HTTP/1.1" 200 1698 "https://cartel.express/" "Mozilla/5.0 (Windows NT 10.0; Win64; x64) AppleWebKit/537.36 (KHTML, like Gecko) Chrome/70.0.3538.102 Safari/537.36 Edge/18.19582"
34.219.99.143 - - [17/Jul/2025:21:04:52 +0000] "GET /wp-content/plugins/revslider/sr6/assets/css/rs6.css?ver=6.7.34 HTTP/1.1" 200 12492 "https://cartel.express/" "Mozilla/5.0 (Windows NT 10.0; Win64; x64) AppleWebKit/537.36 (KHTML, like Gecko) Chrome/70.0.3538.102 Safari/537.36 Edge/18.19582"
34.219.99.143 - - [17/Jul/2025:21:04:52 +0000] "GET /wp-includes/js/mediaelement/mediaelementplayer-legacy.min.css?ver=4.2.17 HTTP/1.1" 200 2592 "https://cartel.express/" "Mozilla/5.0 (Windows NT 10.0; Win64; x64) AppleWebKit/537.36 (KHTML, like Gecko) Chrome/70.0.3538.102 Safari/537.36 Edge/18.19582"
34.219.99.143 - - [17/Jul/2025:21:04:52 +0000] "GET /wp-includes/js/mediaelement/wp-mediaelement.min.css?ver=6.8.2 HTTP/1.1" 200 1156 "https://cartel.express/" "Mozilla/5.0 (Windows NT 10.0; Win64; x64) AppleWebKit/537.36 (KHTML, like Gecko) Chrome/70.0.3538.102 Safari/537.36 Edge/18.19582"
34.219.99.143 - - [17/Jul/2025:21:04:52 +0000] "GET /wp-content/plugins/trx_addons/addons/qw-extension/css/qw_extension_services.css HTTP/1.1" 200 7098 "https://cartel.express/" "Mozilla/5.0 (Windows NT 10.0; Win64; x64) AppleWebKit/537.36 (KHTML, like Gecko) Chrome/70.0.3538.102 Safari/537.36 Edge/18.19582"
34.219.99.143 - - [17/Jul/2025:21:04:52 +0000] "GET /wp-content/themes/detailx/skins/default/css/style.css HTTP/1.1" 200 68098 "https://cartel.express/" "Mozilla/5.0 (Windows NT 10.0; Win64; x64) AppleWebKit/537.36 (KHTML, like Gecko) Chrome/70.0.3538.102 Safari/537.36 Edge/18.19582"
34.219.99.143 - - [17/Jul/2025:21:04:52 +0000] "GET /wp-content/plugins/trx_addons/addons/qw-extension/css/qw_extension_icons.css HTTP/1.1" 200 1435 "https://cartel.express/" "Mozilla/5.0 (Windows NT 10.0; Win64; x64) AppleWebKit/537.36 (KHTML, like Gecko) Chrome/70.0.3538.102 Safari/537.36 Edge/18.19582"
34.219.99.143 - - [17/Jul/2025:21:04:53 +0000] "GET /wp-content/plugins/trx_addons/addons/qw-extension/css/qw_extension_icons.responsive.css HTTP/1.1" 200 236 "https://cartel.express/" "Mozilla/5.0 (Windows NT 10.0; Win64; x64) AppleWebKit/537.36 (KHTML, like Gecko) Chrome/70.0.3538.102 Safari/537.36 Edge/18.19582"
34.219.99.143 - - [17/Jul/2025:21:04:53 +0000] "GET /wp-content/themes/detailx/skins/default/plugins/contact-form-7/contact-form-7.css HTTP/1.1" 200 5831 "https://cartel.express/" "Mozilla/5.0 (Windows NT 10.0; Win64; x64) AppleWebKit/537.36 (KHTML, like Gecko) Chrome/70.0.3538.102 Safari/537.36 Edge/18.19582"
34.219.99.143 - - [17/Jul/2025:21:04:53 +0000] "GET /wp-content/themes/detailx/skins/default/css/__custom.css HTTP/1.1" 200 9696 "https://cartel.express/" "Mozilla/5.0 (Windows NT 10.0; Win64; x64) AppleWebKit/537.36 (KHTML, like Gecko) Chrome/70.0.3538.102 Safari/537.36 Edge/18.19582"
34.219.99.143 - - [17/Jul/2025:21:04:53 +0000] "GET /wp-content/themes/detailx/skins/default/css/__plugins.css HTTP/1.1" 200 105803 "https://cartel.express/" "Mozilla/5.0 (Windows NT 10.0; Win64; x64) AppleWebKit/537.36 (KHTML, like Gecko) Chrome/70.0.3538.102 Safari/537.36 Edge/18.19582"
34.219.99.143 - - [17/Jul/2025:21:04:53 +0000] "GET /wp-content/themes/detailx/skins/default/plugins/mailchimp-for-wp/mailchimp-for-wp.css HTTP/1.1" 200 3346 "https://cartel.express/" "Mozilla/5.0 (Windows NT 10.0; Win64; x64) AppleWebKit/537.36 (KHTML, like Gecko) Chrome/70.0.3538.102 Safari/537.36 Edge/18.19582"
34.219.99.143 - - [17/Jul/2025:21:04:53 +0000] "GET /wp-content/themes/detailx/skins/default/plugins/woocommerce/woocommerce.css HTTP/1.1" 200 33865 "https://cartel.express/" "Mozilla/5.0 (Windows NT 10.0; Win64; x64) AppleWebKit/537.36 (KHTML, like Gecko) Chrome/70.0.3538.102 Safari/537.36 Edge/18.19582"
34.219.99.143 - - [17/Jul/2025:21:04:53 +0000] "GET /wp-content/themes/detailx-child/style.css HTTP/1.1" 200 302 "https://cartel.express/" "Mozilla/5.0 (Windows NT 10.0; Win64; x64) AppleWebKit/537.36 (KHTML, like Gecko) Chrome/70.0.3538.102 Safari/537.36 Edge/18.19582"
34.219.99.143 - - [17/Jul/2025:21:04:53 +0000] "GET /wp-content/plugins/trx_addons/css/__responsive.css HTTP/1.1" 200 7750 "https://cartel.express/" "Mozilla/5.0 (Windows NT 10.0; Win64; x64) AppleWebKit/537.36 (KHTML, like Gecko) Chrome/70.0.3538.102 Safari/537.36 Edge/18.19582"
34.219.99.143 - - [17/Jul/2025:21:04:53 +0000] "GET /wp-content/plugins/trx_addons/addons/qw-extension/css/qw_extension_services.responsive.css HTTP/1.1" 200 1035 "https://cartel.express/" "Mozilla/5.0 (Windows NT 10.0; Win64; x64) AppleWebKit/537.36 (KHTML, like Gecko) Chrome/70.0.3538.102 Safari/537.36 Edge/18.19582"
34.219.99.143 - - [17/Jul/2025:21:04:53 +0000] "GET /wp-content/themes/detailx/skins/default/plugins/woocommerce/woocommerce-responsive.css HTTP/1.1" 200 9063 "https://cartel.express/" "Mozilla/5.0 (Windows NT 10.0; Win64; x64) AppleWebKit/537.36 (KHTML, like Gecko) Chrome/70.0.3538.102 Safari/537.36 Edge/18.19582"
34.219.99.143 - - [17/Jul/2025:21:04:53 +0000] "GET /wp-content/plugins/trx_addons/addons/qw-extension/css/qw_extension_testimonials.responsive.css HTTP/1.1" 200 587 "https://cartel.express/" "Mozilla/5.0 (Windows NT 10.0; Win64; x64) AppleWebKit/537.36 (KHTML, like Gecko) Chrome/70.0.3538.102 Safari/537.36 Edge/18.19582"
34.219.99.143 - - [17/Jul/2025:21:04:53 +0000] "GET /wp-content/plugins/trx_addons/components/cpt/services/services.responsive.css HTTP/1.1" 200 1394 "https://cartel.express/" "Mozilla/5.0 (Windows NT 10.0; Win64; x64) AppleWebKit/537.36 (KHTML, like Gecko) Chrome/70.0.3538.102 Safari/537.36 Edge/18.19582"
34.219.99.143 - - [17/Jul/2025:21:04:53 +0000] "GET /wp-content/themes/detailx/skins/default/cars.css HTTP/1.1" 200 4959 "https://cartel.express/" "Mozilla/5.0 (Windows NT 10.0; Win64; x64) AppleWebKit/537.36 (KHTML, like Gecko) Chrome/70.0.3538.102 Safari/537.36 Edge/18.19582"
34.219.99.143 - - [17/Jul/2025:21:04:53 +0000] "GET /wp-content/uploads/elementor/google-fonts/css/roboto.css?ver=1742256774 HTTP/1.1" 200 2846 "https://cartel.express/" "Mozilla/5.0 (Windows NT 10.0; Win64; x64) AppleWebKit/537.36 (KHTML, like Gecko) Chrome/70.0.3538.102 Safari/537.36 Edge/18.19582"
34.219.99.143 - - [17/Jul/2025:21:04:53 +0000] "GET /wp-content/uploads/elementor/google-fonts/css/robotoslab.css?ver=1742256790 HTTP/1.1" 200 917 "https://cartel.express/" "Mozilla/5.0 (Windows NT 10.0; Win64; x64) AppleWebKit/537.36 (KHTML, like Gecko) Chrome/70.0.3538.102 Safari/537.36 Edge/18.19582"
34.219.99.143 - - [17/Jul/2025:21:04:53 +0000] "GET /wp-content/themes/detailx/skins/default/extra-styles.css HTTP/1.1" 200 3370 "https://cartel.express/" "Mozilla/5.0 (Windows NT 10.0; Win64; x64) AppleWebKit/537.36 (KHTML, like Gecko) Chrome/70.0.3538.102 Safari/537.36 Edge/18.19582"
34.219.99.143 - - [17/Jul/2025:21:04:53 +0000] "GET /wp-content/uploads/elementor/google-fonts/css/barlowcondensed.css?ver=1742269076 HTTP/1.1" 200 903 "https://cartel.express/" "Mozilla/5.0 (Windows NT 10.0; Win64; x64) AppleWebKit/537.36 (KHTML, like Gecko) Chrome/70.0.3538.102 Safari/537.36 Edge/18.19582"
34.219.99.143 - - [17/Jul/2025:21:04:53 +0000] "GET /wp-content/themes/detailx/skins/default/css/__responsive.css HTTP/1.1" 200 78843 "https://cartel.express/" "Mozilla/5.0 (Windows NT 10.0; Win64; x64) AppleWebKit/537.36 (KHTML, like Gecko) Chrome/70.0.3538.102 Safari/537.36 Edge/18.19582"
34.219.99.143 - - [17/Jul/2025:21:04:53 +0000] "GET /wp-content/plugins/revslider/sr6/assets/assets/dummy.png HTTP/1.1" 200 68 "https://cartel.express/" "Mozilla/5.0 (Windows NT 10.0; Win64; x64) AppleWebKit/537.36 (KHTML, like Gecko) Chrome/70.0.3538.102 Safari/537.36 Edge/18.19582"
34.219.99.143 - - [17/Jul/2025:21:04:53 +0000] "GET /wp-content/plugins/advanced-popups/fonts/advanced-popups-icons.woff HTTP/1.1" 200 694 "https://cartel.express/" "Mozilla/5.0 (Windows NT 10.0; Win64; x64) AppleWebKit/537.36 (KHTML, like Gecko) Chrome/70.0.3538.102 Safari/537.36 Edge/18.19582"
34.219.99.143 - - [17/Jul/2025:21:04:53 +0000] "GET /wp-includes/js/jquery/jquery-migrate.min.js?ver=3.4.1 HTTP/1.1" 200 4872 "https://cartel.express/" "Mozilla/5.0 (Windows NT 10.0; Win64; x64) AppleWebKit/537.36 (KHTML, like Gecko) Chrome/70.0.3538.102 Safari/537.36 Edge/18.19582"
34.219.99.143 - - [17/Jul/2025:21:04:53 +0000] "GET /wp-content/plugins/ti-woocommerce-wishlist/assets/fonts/tinvwl-webfont.woff2?ver=xu2uyi HTTP/1.1" 200 4427 "https://cartel.express/" "Mozilla/5.0 (Windows NT 10.0; Win64; x64) AppleWebKit/537.36 (KHTML, like Gecko) Chrome/70.0.3538.102 Safari/537.36 Edge/18.19582"
34.219.99.143 - - [17/Jul/2025:21:04:53 +0000] "GET /wp-includes/js/jquery/jquery.min.js?ver=3.7.1 HTTP/1.1" 200 30368 "https://cartel.express/" "Mozilla/5.0 (Windows NT 10.0; Win64; x64) AppleWebKit/537.36 (KHTML, like Gecko) Chrome/70.0.3538.102 Safari/537.36 Edge/18.19582"
34.219.99.143 - - [17/Jul/2025:21:04:53 +0000] "GET /wp-includes/js/dist/hooks.min.js?ver=4d63a3d491d11ffd8ac6 HTTP/1.1" 200 1648 "https://cartel.express/" "Mozilla/5.0 (Windows NT 10.0; Win64; x64) AppleWebKit/537.36 (KHTML, like Gecko) Chrome/70.0.3538.102 Safari/537.36 Edge/18.19582"
34.219.99.143 - - [17/Jul/2025:21:04:53 +0000] "GET /wp-includes/js/jquery/ui/core.min.js?ver=1.13.3 HTTP/1.1" 200 7106 "https://cartel.express/" "Mozilla/5.0 (Windows NT 10.0; Win64; x64) AppleWebKit/537.36 (KHTML, like Gecko) Chrome/70.0.3538.102 Safari/537.36 Edge/18.19582"
34.219.99.143 - - [17/Jul/2025:21:04:53 +0000] "GET /wp-includes/js/dist/i18n.min.js?ver=5e580eb46a90c2b997e6 HTTP/1.1" 200 3667 "https://cartel.express/" "Mozilla/5.0 (Windows NT 10.0; Win64; x64) AppleWebKit/537.36 (KHTML, like Gecko) Chrome/70.0.3538.102 Safari/537.36 Edge/18.19582"
34.219.99.143 - - [17/Jul/2025:21:04:53 +0000] "GET /wp-includes/js/wp-util.min.js?ver=6.8.2 HTTP/1.1" 200 756 "https://cartel.express/" "Mozilla/5.0 (Windows NT 10.0; Win64; x64) AppleWebKit/537.36 (KHTML, like Gecko) Chrome/70.0.3538.102 Safari/537.36 Edge/18.19582"
34.219.99.143 - - [17/Jul/2025:21:04:53 +0000] "GET /wp-content/plugins/woocommerce/assets/js/jquery-blockui/jquery.blockUI.min.js?ver=2.7.0-wc.10.0.2 HTTP/1.1" 200 3537 "https://cartel.express/" "Mozilla/5.0 (Windows NT 10.0; Win64; x64) AppleWebKit/537.36 (KHTML, like Gecko) Chrome/70.0.3538.102 Safari/537.36 Edge/18.19582"
34.219.99.143 - - [17/Jul/2025:21:04:53 +0000] "GET /wp-includes/js/underscore.min.js?ver=1.13.7 HTTP/1.1" 200 7317 "https://cartel.express/" "Mozilla/5.0 (Windows NT 10.0; Win64; x64) AppleWebKit/537.36 (KHTML, like Gecko) Chrome/70.0.3538.102 Safari/537.36 Edge/18.19582"
34.219.99.143 - - [17/Jul/2025:21:04:53 +0000] "GET /wp-content/plugins/woocommerce/assets/js/js-cookie/js.cookie.min.js?ver=2.1.4-wc.10.0.2 HTTP/1.1" 200 833 "https://cartel.express/" "Mozilla/5.0 (Windows NT 10.0; Win64; x64) AppleWebKit/537.36 (KHTML, like Gecko) Chrome/70.0.3538.102 Safari/537.36 Edge/18.19582"
34.219.99.143 - - [17/Jul/2025:21:04:53 +0000] "GET /wp-content/plugins/woo-smart-quick-view/assets/libs/perfect-scrollbar/js/perfect-scrollbar.jquery.min.js?ver=4.2.0 HTTP/1.1" 200 6509 "https://cartel.express/" "Mozilla/5.0 (Windows NT 10.0; Win64; x64) AppleWebKit/537.36 (KHTML, like Gecko) Chrome/70.0.3538.102 Safari/537.36 Edge/18.19582"
34.219.99.143 - - [17/Jul/2025:21:04:53 +0000] "GET /wp-content/plugins/woocommerce/assets/js/frontend/add-to-cart-variation.min.js?ver=10.0.2 HTTP/1.1" 200 3940 "https://cartel.express/" "Mozilla/5.0 (Windows NT 10.0; Win64; x64) AppleWebKit/537.36 (KHTML, like Gecko) Chrome/70.0.3538.102 Safari/537.36 Edge/18.19582"
34.219.99.143 - - [17/Jul/2025:21:04:53 +0000] "GET /wp-content/plugins/woocommerce/assets/js/frontend/cart-fragments.min.js?ver=10.0.2 HTTP/1.1" 200 1045 "https://cartel.express/" "Mozilla/5.0 (Windows NT 10.0; Win64; x64) AppleWebKit/537.36 (KHTML, like Gecko) Chrome/70.0.3538.102 Safari/537.36 Edge/18.19582"
34.219.99.143 - - [17/Jul/2025:21:04:53 +0000] "GET /wp-content/plugins/elementor/assets/js/webpack.runtime.min.js?ver=3.30.2 HTTP/1.1" 200 2516 "https://cartel.express/" "Mozilla/5.0 (Windows NT 10.0; Win64; x64) AppleWebKit/537.36 (KHTML, like Gecko) Chrome/70.0.3538.102 Safari/537.36 Edge/18.19582"
34.219.99.143 - - [17/Jul/2025:21:04:53 +0000] "GET /wp-content/plugins/trx_addons/js/tweenmax/GSAP/3.12.2/gsap.min.js HTTP/1.1" 200 27839 "https://cartel.express/" "Mozilla/5.0 (Windows NT 10.0; Win64; x64) AppleWebKit/537.36 (KHTML, like Gecko) Chrome/70.0.3538.102 Safari/537.36 Edge/18.19582"
34.219.99.143 - - [17/Jul/2025:21:04:53 +0000] "GET /wp-content/plugins/elementor/assets/js/frontend-modules.min.js?ver=3.30.2 HTTP/1.1" 200 14815 "https://cartel.express/" "Mozilla/5.0 (Windows NT 10.0; Win64; x64) AppleWebKit/537.36 (KHTML, like Gecko) Chrome/70.0.3538.102 Safari/537.36 Edge/18.19582"
34.219.99.143 - - [17/Jul/2025:21:04:53 +0000] "GET /wp-content/plugins/elementor/assets/js/frontend.min.js?ver=3.30.2 HTTP/1.1" 200 10595 "https://cartel.express/" "Mozilla/5.0 (Windows NT 10.0; Win64; x64) AppleWebKit/537.36 (KHTML, like Gecko) Chrome/70.0.3538.102 Safari/537.36 Edge/18.19582"
34.219.99.143 - - [17/Jul/2025:21:04:53 +0000] "GET /wp-includes/js/jquery/ui/datepicker.min.js?ver=1.13.3 HTTP/1.1" 200 10907 "https://cartel.express/" "Mozilla/5.0 (Windows NT 10.0; Win64; x64) AppleWebKit/537.36 (KHTML, like Gecko) Chrome/70.0.3538.102 Safari/537.36 Edge/18.19582"
34.219.99.143 - - [17/Jul/2025:21:04:53 +0000] "GET /wp-content/plugins/elementor/assets/lib/swiper/v8/swiper.min.js?ver=8.4.5 HTTP/1.1" 200 39695 "https://cartel.express/" "Mozilla/5.0 (Windows NT 10.0; Win64; x64) AppleWebKit/537.36 (KHTML, like Gecko) Chrome/70.0.3538.102 Safari/537.36 Edge/18.19582"
34.219.99.143 - - [17/Jul/2025:21:04:53 +0000] "GET /wp-content/plugins/advanced-popups/public/js/advanced-popups-public.js?ver=1.2.2 HTTP/1.1" 200 2621 "https://cartel.express/" "Mozilla/5.0 (Windows NT 10.0; Win64; x64) AppleWebKit/537.36 (KHTML, like Gecko) Chrome/70.0.3538.102 Safari/537.36 Edge/18.19582"
34.219.99.143 - - [17/Jul/2025:21:04:53 +0000] "GET /wp-content/plugins/revslider/sr6/assets/js/rbtools.min.js?ver=6.7.29 HTTP/1.1" 200 61824 "https://cartel.express/" "Mozilla/5.0 (Windows NT 10.0; Win64; x64) AppleWebKit/537.36 (KHTML, like Gecko) Chrome/70.0.3538.102 Safari/537.36 Edge/18.19582"
34.219.99.143 - - [17/Jul/2025:21:04:53 +0000] "GET /wp-content/plugins/contact-form-7/includes/swv/js/index.js?ver=6.1 HTTP/1.1" 200 3503 "https://cartel.express/" "Mozilla/5.0 (Windows NT 10.0; Win64; x64) AppleWebKit/537.36 (KHTML, like Gecko) Chrome/70.0.3538.102 Safari/537.36 Edge/18.19582"
34.219.99.143 - - [17/Jul/2025:21:04:53 +0000] "GET /wp-content/plugins/contact-form-7/includes/js/index.js?ver=6.1 HTTP/1.1" 200 4265 "https://cartel.express/" "Mozilla/5.0 (Windows NT 10.0; Win64; x64) AppleWebKit/537.36 (KHTML, like Gecko) Chrome/70.0.3538.102 Safari/537.36 Edge/18.19582"
34.219.99.143 - - [17/Jul/2025:21:04:53 +0000] "GET /wp-content/plugins/woocommerce/assets/js/frontend/woocommerce.min.js?ver=10.0.2 HTTP/1.1" 200 1532 "https://cartel.express/" "Mozilla/5.0 (Windows NT 10.0; Win64; x64) AppleWebKit/537.36 (KHTML, like Gecko) Chrome/70.0.3538.102 Safari/537.36 Edge/18.19582"
34.219.99.143 - - [17/Jul/2025:21:04:53 +0000] "GET /wp-content/plugins/revslider/sr6/assets/js/rs6.min.js?ver=6.7.34 HTTP/1.1" 200 108972 "https://cartel.express/" "Mozilla/5.0 (Windows NT 10.0; Win64; x64) AppleWebKit/537.36 (KHTML, like Gecko) Chrome/70.0.3538.102 Safari/537.36 Edge/18.19582"
34.219.99.143 - - [17/Jul/2025:21:04:53 +0000] "GET /wp-content/plugins/trx_addons/js/magnific/jquery.magnific-popup.min.js HTTP/1.1" 200 7346 "https://cartel.express/" "Mozilla/5.0 (Windows NT 10.0; Win64; x64) AppleWebKit/537.36 (KHTML, like Gecko) Chrome/70.0.3538.102 Safari/537.36 Edge/18.19582"
34.219.99.143 - - [17/Jul/2025:21:04:53 +0000] "GET /wp-content/plugins/woocommerce/assets/js/frontend/add-to-cart.min.js?ver=10.0.2 HTTP/1.1" 200 1407 "https://cartel.express/" "Mozilla/5.0 (Windows NT 10.0; Win64; x64) AppleWebKit/537.36 (KHTML, like Gecko) Chrome/70.0.3538.102 Safari/537.36 Edge/18.19582"
34.219.99.143 - - [17/Jul/2025:21:04:53 +0000] "GET /wp-content/plugins/ti-woocommerce-wishlist/assets/js/public.min.js?ver=2.10.0 HTTP/1.1" 200 5997 "https://cartel.express/" "Mozilla/5.0 (Windows NT 10.0; Win64; x64) AppleWebKit/537.36 (KHTML, like Gecko) Chrome/70.0.3538.102 Safari/537.36 Edge/18.19582"
34.219.99.143 - - [17/Jul/2025:21:04:53 +0000] "GET /wp-content/plugins/woo-smart-quick-view/assets/js/frontend.js?ver=4.2.0 HTTP/1.1" 200 2307 "https://cartel.express/" "Mozilla/5.0 (Windows NT 10.0; Win64; x64) AppleWebKit/537.36 (KHTML, like Gecko) Chrome/70.0.3538.102 Safari/537.36 Edge/18.19582"
