209.74.77.214 - - [17/Jul/2025:21:51:52 +0000] "POST /wp-cron.php?doing_wp_cron=1752789112.3832049369812011718750 HTTP/1.1" 200 - "-" "WordPress/6.8.2; https://cartel.express"
216.73.216.236 - - [17/Jul/2025:21:51:50 +0000] "GET /product-tag/oil/?quick-view=19247 HTTP/1.1" 200 38847 "-" "Mozilla/5.0 AppleWebKit/537.36 (KHTML, like Gecko; compatible; ClaudeBot/1.0; [email protected])"
209.74.77.214 - - [17/Jul/2025:21:53:12 +0000] "POST /wp-cron.php?doing_wp_cron=1752789192.7185258865356445312500 HTTP/1.1" 200 - "-" "WordPress/6.8.2; https://cartel.express"
216.73.216.236 - - [17/Jul/2025:21:53:10 +0000] "GET /product-tag/air/?add-to-cart=19247 HTTP/1.1" 200 38881 "-" "Mozilla/5.0 AppleWebKit/537.36 (KHTML, like Gecko; compatible; ClaudeBot/1.0; [email protected])"
209.74.77.214 - - [17/Jul/2025:21:54:15 +0000] "POST /wp-cron.php?doing_wp_cron=1752789255.3495190143585205078125 HTTP/1.1" 200 - "-" "WordPress/6.8.2; https://cartel.express"
216.73.216.236 - - [17/Jul/2025:21:54:13 +0000] "GET /product-tag/brakes/?add-to-cart=19252 HTTP/1.1" 200 38823 "-" "Mozilla/5.0 AppleWebKit/537.36 (KHTML, like Gecko; compatible; ClaudeBot/1.0; [email protected])"
209.74.77.214 - - [17/Jul/2025:21:55:27 +0000] "POST /wp-cron.php?doing_wp_cron=1752789327.3771049976348876953125 HTTP/1.1" 200 - "-" "WordPress/6.8.2; https://cartel.express"
216.73.216.236 - - [17/Jul/2025:21:55:25 +0000] "GET /product-tag/oil/?quick-view=19243 HTTP/1.1" 200 38846 "-" "Mozilla/5.0 AppleWebKit/537.36 (KHTML, like Gecko; compatible; ClaudeBot/1.0; [email protected])"
209.74.77.214 - - [17/Jul/2025:21:56:27 +0000] "POST /wp-cron.php?doing_wp_cron=1752789387.0960440635681152343750 HTTP/1.1" 200 - "-" "WordPress/6.8.2; https://cartel.express"
216.73.216.236 - - [17/Jul/2025:21:56:24 +0000] "GET /product-tag/fuel/?add-to-cart=19243 HTTP/1.1" 200 38907 "-" "Mozilla/5.0 AppleWebKit/537.36 (KHTML, like Gecko; compatible; ClaudeBot/1.0; [email protected])"
209.74.77.214 - - [17/Jul/2025:21:57:31 +0000] "POST /wp-cron.php?doing_wp_cron=1752789451.4357469081878662109375 HTTP/1.1" 200 - "-" "WordPress/6.8.2; https://cartel.express"
216.73.216.236 - - [17/Jul/2025:21:57:29 +0000] "GET /product-tag/air/?add-to-cart=19243 HTTP/1.1" 200 38899 "-" "Mozilla/5.0 AppleWebKit/537.36 (KHTML, like Gecko; compatible; ClaudeBot/1.0; [email protected])"
209.74.77.214 - - [17/Jul/2025:21:58:41 +0000] "POST /wp-cron.php?doing_wp_cron=1752789521.5291500091552734375000 HTTP/1.1" 200 - "-" "WordPress/6.8.2; https://cartel.express"
216.73.216.236 - - [17/Jul/2025:21:58:39 +0000] "GET /product/steel-petals-rim/feed HTTP/1.1" 301 - "-" "Mozilla/5.0 AppleWebKit/537.36 (KHTML, like Gecko; compatible; ClaudeBot/1.0; [email protected])"
216.73.216.236 - - [17/Jul/2025:21:58:41 +0000] "GET /product/steel-petals-rim/feed/ HTTP/1.1" 200 448 "https://cartel.express/product/steel-petals-rim/feed" "Mozilla/5.0 AppleWebKit/537.36 (KHTML, like Gecko; compatible; ClaudeBot/1.0; [email protected])"
209.74.77.214 - - [17/Jul/2025:21:59:44 +0000] "POST /wp-cron.php?doing_wp_cron=1752789584.7116000652313232421875 HTTP/1.1" 200 - "-" "WordPress/6.8.2; https://cartel.express"
216.73.216.236 - - [17/Jul/2025:21:59:42 +0000] "GET /product/all-season-tire/?add-to-cart=19252 HTTP/1.1" 200 40813 "-" "Mozilla/5.0 AppleWebKit/537.36 (KHTML, like Gecko; compatible; ClaudeBot/1.0; [email protected])"
209.74.77.214 - - [17/Jul/2025:22:00:49 +0000] "POST /wp-cron.php?doing_wp_cron=1752789649.7687139511108398437500 HTTP/1.1" 200 - "-" "WordPress/6.8.2; https://cartel.express"
216.73.216.236 - - [17/Jul/2025:22:00:46 +0000] "GET /product/steel-petals-rim/?add-to-cart=19252 HTTP/1.1" 200 41372 "-" "Mozilla/5.0 AppleWebKit/537.36 (KHTML, like Gecko; compatible; ClaudeBot/1.0; [email protected])"
209.74.77.214 - - [17/Jul/2025:22:01:55 +0000] "POST /wp-cron.php?doing_wp_cron=1752789714.9943521022796630859375 HTTP/1.1" 200 - "-" "WordPress/6.8.2; https://cartel.express"
216.73.216.236 - - [17/Jul/2025:22:01:51 +0000] "GET /product-tag/fuel/feed HTTP/1.1" 301 - "-" "Mozilla/5.0 AppleWebKit/537.36 (KHTML, like Gecko; compatible; ClaudeBot/1.0; [email protected])"
216.73.216.236 - - [17/Jul/2025:22:01:55 +0000] "GET /product-tag/fuel/feed/ HTTP/1.1" 200 1126 "https://cartel.express/product-tag/fuel/feed" "Mozilla/5.0 AppleWebKit/537.36 (KHTML, like Gecko; compatible; ClaudeBot/1.0; [email protected])"
209.74.77.214 - - [17/Jul/2025:22:01:57 +0000] "POST /wp-cron.php?doing_wp_cron=1752789717.4897460937500000000000 HTTP/1.1" 200 - "-" "WordPress/6.8.2; https://cartel.express"
216.73.216.236 - - [17/Jul/2025:22:01:57 +0000] "GET /product-tag/brakes/feed HTTP/1.1" 301 - "-" "Mozilla/5.0 AppleWebKit/537.36 (KHTML, like Gecko; compatible; ClaudeBot/1.0; [email protected])"
216.73.216.236 - - [17/Jul/2025:22:01:57 +0000] "GET /product-tag/brakes/feed/ HTTP/1.1" 200 1146 "https://cartel.express/product-tag/brakes/feed" "Mozilla/5.0 AppleWebKit/537.36 (KHTML, like Gecko; compatible; ClaudeBot/1.0; [email protected])"
209.74.77.214 - - [17/Jul/2025:22:02:57 +0000] "POST /wp-cron.php?doing_wp_cron=1752789777.8525340557098388671875 HTTP/1.1" 200 - "-" "WordPress/6.8.2; https://cartel.express"
216.73.216.236 - - [17/Jul/2025:22:02:55 +0000] "GET /product-tag/oil/?add-to-cart=19247 HTTP/1.1" 200 38889 "-" "Mozilla/5.0 AppleWebKit/537.36 (KHTML, like Gecko; compatible; ClaudeBot/1.0; [email protected])"
209.74.77.214 - - [17/Jul/2025:22:03:09 +0000] "POST /wp-cron.php?doing_wp_cron=1752789789.6292700767517089843750 HTTP/1.1" 200 - "-" "WordPress/6.8.2; https://cartel.express"
66.249.68.33 - - [17/Jul/2025:22:03:09 +0000] "GET /shopdetail/w_600/v1729560601/Reskilling/shikaku/cyouzai_ewxzdm.png HTTP/1.1" 404 24781 "-" "Googlebot-Image/1.0"
209.74.77.214 - - [17/Jul/2025:22:04:05 +0000] "POST /wp-cron.php?doing_wp_cron=1752789845.0664680004119873046875 HTTP/1.1" 200 - "-" "WordPress/6.8.2; https://cartel.express"
216.73.216.236 - - [17/Jul/2025:22:04:03 +0000] "GET /product-tag/oil/?add-to-cart=19243 HTTP/1.1" 200 38902 "-" "Mozilla/5.0 AppleWebKit/537.36 (KHTML, like Gecko; compatible; ClaudeBot/1.0; [email protected])"
209.74.77.214 - - [17/Jul/2025:22:05:07 +0000] "POST /wp-cron.php?doing_wp_cron=1752789907.6029469966888427734375 HTTP/1.1" 200 - "-" "WordPress/6.8.2; https://cartel.express"
216.73.216.236 - - [17/Jul/2025:22:05:05 +0000] "GET /product-tag/fuel/?quick-view=19243 HTTP/1.1" 200 38848 "-" "Mozilla/5.0 AppleWebKit/537.36 (KHTML, like Gecko; compatible; ClaudeBot/1.0; [email protected])"
209.74.77.214 - - [17/Jul/2025:22:06:08 +0000] "POST /wp-cron.php?doing_wp_cron=1752789968.4457180500030517578125 HTTP/1.1" 200 - "-" "WordPress/6.8.2; https://cartel.express"
216.73.216.236 - - [17/Jul/2025:22:06:06 +0000] "GET /product-tag/air/?quick-view=19243 HTTP/1.1" 200 38835 "-" "Mozilla/5.0 AppleWebKit/537.36 (KHTML, like Gecko; compatible; ClaudeBot/1.0; [email protected])"
66.249.73.227 - - [17/Jul/2025:22:06:16 +0000] "GET /shopdetail/2926165020.shtml HTTP/1.1" 200 21727 "-" "Mozilla/5.0 (Linux; Android 6.0.1; Nexus 5X Build/MMB29P) AppleWebKit/537.36 (KHTML, like Gecko) Chrome/137.0.7151.103 Mobile Safari/537.36 (compatible; Googlebot/2.1; +http://www.google.com/bot.html)"
209.74.77.214 - - [17/Jul/2025:22:07:17 +0000] "POST /wp-cron.php?doing_wp_cron=1752790037.0027060508728027343750 HTTP/1.1" 200 - "-" "WordPress/6.8.2; https://cartel.express"
216.73.216.236 - - [17/Jul/2025:22:07:14 +0000] "GET /favorite-automobile-podcasts-in-2023/feed HTTP/1.1" 301 - "-" "Mozilla/5.0 AppleWebKit/537.36 (KHTML, like Gecko; compatible; ClaudeBot/1.0; [email protected])"
216.73.216.236 - - [17/Jul/2025:22:07:17 +0000] "GET /favorite-automobile-podcasts-in-2023/feed/ HTTP/1.1" 200 460 "https://cartel.express/favorite-automobile-podcasts-in-2023/feed" "Mozilla/5.0 AppleWebKit/537.36 (KHTML, like Gecko; compatible; ClaudeBot/1.0; [email protected])"
216.73.216.236 - - [17/Jul/2025:22:07:20 +0000] "GET /the-ultimate-guide-to-renting-a-luxury-car-tips-and-tricks/feed HTTP/1.1" 301 - "-" "Mozilla/5.0 AppleWebKit/537.36 (KHTML, like Gecko; compatible; ClaudeBot/1.0; [email protected])"
216.73.216.236 - - [17/Jul/2025:22:07:20 +0000] "GET /the-ultimate-guide-to-renting-a-luxury-car-tips-and-tricks/feed/ HTTP/1.1" 200 498 "https://cartel.express/the-ultimate-guide-to-renting-a-luxury-car-tips-and-tricks/feed" "Mozilla/5.0 AppleWebKit/537.36 (KHTML, like Gecko; compatible; ClaudeBot/1.0; [email protected])"
216.73.216.236 - - [17/Jul/2025:22:07:23 +0000] "GET /a-few-simple-ways-to-look-after-your-vehicle/feed HTTP/1.1" 301 - "-" "Mozilla/5.0 AppleWebKit/537.36 (KHTML, like Gecko; compatible; ClaudeBot/1.0; [email protected])"
216.73.216.236 - - [17/Jul/2025:22:07:23 +0000] "GET /a-few-simple-ways-to-look-after-your-vehicle/feed/ HTTP/1.1" 200 478 "https://cartel.express/a-few-simple-ways-to-look-after-your-vehicle/feed" "Mozilla/5.0 AppleWebKit/537.36 (KHTML, like Gecko; compatible; ClaudeBot/1.0; [email protected])"
209.74.77.214 - - [17/Jul/2025:22:08:13 +0000] "POST /wp-cron.php?doing_wp_cron=1752790093.0113990306854248046875 HTTP/1.1" 200 - "-" "WordPress/6.8.2; https://cartel.express"
216.73.216.236 - - [17/Jul/2025:22:08:10 +0000] "GET /why-buying-a-pre-owned-car-is-a-smart-investment/feed HTTP/1.1" 301 - "-" "Mozilla/5.0 AppleWebKit/537.36 (KHTML, like Gecko; compatible; ClaudeBot/1.0; [email protected])"
216.73.216.236 - - [17/Jul/2025:22:08:13 +0000] "GET /why-buying-a-pre-owned-car-is-a-smart-investment/feed/ HTTP/1.1" 200 485 "https://cartel.express/why-buying-a-pre-owned-car-is-a-smart-investment/feed" "Mozilla/5.0 AppleWebKit/537.36 (KHTML, like Gecko; compatible; ClaudeBot/1.0; [email protected])"
216.73.216.236 - - [17/Jul/2025:22:08:15 +0000] "GET /portfolio/feed HTTP/1.1" 301 - "-" "Mozilla/5.0 AppleWebKit/537.36 (KHTML, like Gecko; compatible; ClaudeBot/1.0; [email protected])"
216.73.216.236 - - [17/Jul/2025:22:08:16 +0000] "GET /portfolio/feed/ HTTP/1.1" 200 2462 "https://cartel.express/portfolio/feed" "Mozilla/5.0 AppleWebKit/537.36 (KHTML, like Gecko; compatible; ClaudeBot/1.0; [email protected])"
216.73.216.236 - - [17/Jul/2025:22:08:18 +0000] "GET /what-we-like-about-our-detailing-service/feed HTTP/1.1" 301 - "-" "Mozilla/5.0 AppleWebKit/537.36 (KHTML, like Gecko; compatible; ClaudeBot/1.0; [email protected])"
216.73.216.236 - - [17/Jul/2025:22:08:19 +0000] "GET /what-we-like-about-our-detailing-service/feed/ HTTP/1.1" 200 469 "https://cartel.express/what-we-like-about-our-detailing-service/feed" "Mozilla/5.0 AppleWebKit/537.36 (KHTML, like Gecko; compatible; ClaudeBot/1.0; [email protected])"
209.74.77.214 - - [17/Jul/2025:22:09:08 +0000] "POST /wp-cron.php?doing_wp_cron=1752790148.6622459888458251953125 HTTP/1.1" 200 - "-" "WordPress/6.8.2; https://cartel.express"
216.73.216.236 - - [17/Jul/2025:22:09:06 +0000] "GET /cars_features/navigation-system HTTP/1.1" 301 - "-" "Mozilla/5.0 AppleWebKit/537.36 (KHTML, like Gecko; compatible; ClaudeBot/1.0; [email protected])"
216.73.216.236 - - [17/Jul/2025:22:09:08 +0000] "GET /cars_features/navigation-system/ HTTP/1.1" 200 37396 "https://cartel.express/cars_features/navigation-system" "Mozilla/5.0 AppleWebKit/537.36 (KHTML, like Gecko; compatible; ClaudeBot/1.0; [email protected])"
216.73.216.236 - - [17/Jul/2025:22:09:11 +0000] "GET /portfolio/custom-paint HTTP/1.1" 301 - "-" "Mozilla/5.0 AppleWebKit/537.36 (KHTML, like Gecko; compatible; ClaudeBot/1.0; [email protected])"
216.73.216.236 - - [17/Jul/2025:22:09:11 +0000] "GET /portfolio/custom-paint/ HTTP/1.1" 200 36952 "https://cartel.express/portfolio/custom-paint" "Mozilla/5.0 AppleWebKit/537.36 (KHTML, like Gecko; compatible; ClaudeBot/1.0; [email protected])"
209.74.77.214 - - [17/Jul/2025:22:09:14 +0000] "POST /wp-cron.php?doing_wp_cron=1752790154.7988579273223876953125 HTTP/1.1" 200 - "-" "WordPress/6.8.2; https://cartel.express"
216.73.216.236 - - [17/Jul/2025:22:09:14 +0000] "GET /a-deep-dive-into-the-world-of-high-end-car-rentals/feed HTTP/1.1" 301 - "-" "Mozilla/5.0 AppleWebKit/537.36 (KHTML, like Gecko; compatible; ClaudeBot/1.0; [email protected])"
216.73.216.236 - - [17/Jul/2025:22:09:14 +0000] "GET /a-deep-dive-into-the-world-of-high-end-car-rentals/feed/ HTTP/1.1" 200 489 "https://cartel.express/a-deep-dive-into-the-world-of-high-end-car-rentals/feed" "Mozilla/5.0 AppleWebKit/537.36 (KHTML, like Gecko; compatible; ClaudeBot/1.0; [email protected])"
209.74.77.214 - - [17/Jul/2025:22:10:04 +0000] "POST /wp-cron.php?doing_wp_cron=1752790204.2092609405517578125000 HTTP/1.1" 200 - "-" "WordPress/6.8.2; https://cartel.express"
216.73.216.236 - - [17/Jul/2025:22:10:00 +0000] "GET /portfolio/page/4 HTTP/1.1" 301 - "-" "Mozilla/5.0 AppleWebKit/537.36 (KHTML, like Gecko; compatible; ClaudeBot/1.0; [email protected])"
216.73.216.236 - - [17/Jul/2025:22:10:04 +0000] "GET /portfolio/page/4/ HTTP/1.1" 200 35223 "https://cartel.express/portfolio/page/4" "Mozilla/5.0 AppleWebKit/537.36 (KHTML, like Gecko; compatible; ClaudeBot/1.0; [email protected])"
216.73.216.236 - - [17/Jul/2025:22:10:05 +0000] "GET /portfolio/page/3 HTTP/1.1" 301 - "-" "Mozilla/5.0 AppleWebKit/537.36 (KHTML, like Gecko; compatible; ClaudeBot/1.0; [email protected])"
216.73.216.236 - - [17/Jul/2025:22:10:05 +0000] "GET /portfolio/page/3/ HTTP/1.1" 200 36304 "https://cartel.express/portfolio/page/3" "Mozilla/5.0 AppleWebKit/537.36 (KHTML, like Gecko; compatible; ClaudeBot/1.0; [email protected])"
216.73.216.236 - - [17/Jul/2025:22:10:08 +0000] "GET /portfolio/page/2 HTTP/1.1" 301 - "-" "Mozilla/5.0 AppleWebKit/537.36 (KHTML, like Gecko; compatible; ClaudeBot/1.0; [email protected])"
216.73.216.236 - - [17/Jul/2025:22:10:09 +0000] "GET /portfolio/page/2/ HTTP/1.1" 200 36061 "https://cartel.express/portfolio/page/2" "Mozilla/5.0 AppleWebKit/537.36 (KHTML, like Gecko; compatible; ClaudeBot/1.0; [email protected])"
209.74.77.214 - - [17/Jul/2025:22:10:55 +0000] "POST /wp-cron.php?doing_wp_cron=1752790255.8615040779113769531250 HTTP/1.1" 200 - "-" "WordPress/6.8.2; https://cartel.express"
216.73.216.236 - - [17/Jul/2025:22:10:53 +0000] "GET /?p=963 HTTP/1.1" 301 - "-" "Mozilla/5.0 AppleWebKit/537.36 (KHTML, like Gecko; compatible; ClaudeBot/1.0; [email protected])"
216.73.216.236 - - [17/Jul/2025:22:10:55 +0000] "GET /services/collision-repair/ HTTP/1.1" 200 37706 "https://cartel.express/?p=963" "Mozilla/5.0 AppleWebKit/537.36 (KHTML, like Gecko; compatible; ClaudeBot/1.0; [email protected])"
209.74.77.214 - - [17/Jul/2025:22:10:58 +0000] "POST /wp-cron.php?doing_wp_cron=1752790258.9017729759216308593750 HTTP/1.1" 200 - "-" "WordPress/6.8.2; https://cartel.express"
216.73.216.236 - - [17/Jul/2025:22:10:58 +0000] "GET /?p=966 HTTP/1.1" 301 - "-" "Mozilla/5.0 AppleWebKit/537.36 (KHTML, like Gecko; compatible; ClaudeBot/1.0; [email protected])"
216.73.216.236 - - [17/Jul/2025:22:10:59 +0000] "GET /services/part-replacement/ HTTP/1.1" 200 37688 "https://cartel.express/?p=966" "Mozilla/5.0 AppleWebKit/537.36 (KHTML, like Gecko; compatible; ClaudeBot/1.0; [email protected])"
216.73.216.236 - - [17/Jul/2025:22:11:01 +0000] "GET /?p=303 HTTP/1.1" 301 - "-" "Mozilla/5.0 AppleWebKit/537.36 (KHTML, like Gecko; compatible; ClaudeBot/1.0; [email protected])"
216.73.216.236 - - [17/Jul/2025:22:11:01 +0000] "GET /cars_agents/amy-walker/ HTTP/1.1" 200 39324 "https://cartel.express/?p=303" "Mozilla/5.0 AppleWebKit/537.36 (KHTML, like Gecko; compatible; ClaudeBot/1.0; [email protected])"
209.74.77.214 - - [17/Jul/2025:22:11:52 +0000] "POST /wp-cron.php?doing_wp_cron=1752790312.5982120037078857421875 HTTP/1.1" 200 - "-" "WordPress/6.8.2; https://cartel.express"
216.73.216.236 - - [17/Jul/2025:22:11:50 +0000] "GET /?p=3025 HTTP/1.1" 301 - "-" "Mozilla/5.0 AppleWebKit/537.36 (KHTML, like Gecko; compatible; ClaudeBot/1.0; [email protected])"
216.73.216.236 - - [17/Jul/2025:22:11:52 +0000] "GET /portfolio/headlight-polish/ HTTP/1.1" 200 36972 "https://cartel.express/?p=3025" "Mozilla/5.0 AppleWebKit/537.36 (KHTML, like Gecko; compatible; ClaudeBot/1.0; [email protected])"
216.73.216.236 - - [17/Jul/2025:22:11:55 +0000] "GET /?p=2610 HTTP/1.1" 301 - "-" "Mozilla/5.0 AppleWebKit/537.36 (KHTML, like Gecko; compatible; ClaudeBot/1.0; [email protected])"
216.73.216.236 - - [17/Jul/2025:22:11:56 +0000] "GET /portfolio/japanese-classics/ HTTP/1.1" 200 36964 "https://cartel.express/?p=2610" "Mozilla/5.0 AppleWebKit/537.36 (KHTML, like Gecko; compatible; ClaudeBot/1.0; [email protected])"
209.74.77.214 - - [17/Jul/2025:22:11:59 +0000] "POST /wp-cron.php?doing_wp_cron=1752790319.2961750030517578125000 HTTP/1.1" 200 - "-" "WordPress/6.8.2; https://cartel.express"
216.73.216.236 - - [17/Jul/2025:22:11:58 +0000] "GET /experience-the-thrill-best-exotic-cars-available-for-rent/feed HTTP/1.1" 301 - "-" "Mozilla/5.0 AppleWebKit/537.36 (KHTML, like Gecko; compatible; ClaudeBot/1.0; [email protected])"
216.73.216.236 - - [17/Jul/2025:22:11:59 +0000] "GET /experience-the-thrill-best-exotic-cars-available-for-rent/feed/ HTTP/1.1" 200 491 "https://cartel.express/experience-the-thrill-best-exotic-cars-available-for-rent/feed" "Mozilla/5.0 AppleWebKit/537.36 (KHTML, like Gecko; compatible; ClaudeBot/1.0; [email protected])"
209.74.77.214 - - [17/Jul/2025:22:12:46 +0000] "POST /wp-cron.php?doing_wp_cron=1752790366.5344369411468505859375 HTTP/1.1" 200 - "-" "WordPress/6.8.2; https://cartel.express"
216.73.216.236 - - [17/Jul/2025:22:12:44 +0000] "GET /?p=3022 HTTP/1.1" 301 - "-" "Mozilla/5.0 AppleWebKit/537.36 (KHTML, like Gecko; compatible; ClaudeBot/1.0; [email protected])"
216.73.216.236 - - [17/Jul/2025:22:12:46 +0000] "GET /portfolio/custom-body-parts/ HTTP/1.1" 200 36778 "https://cartel.express/?p=3022" "Mozilla/5.0 AppleWebKit/537.36 (KHTML, like Gecko; compatible; ClaudeBot/1.0; [email protected])"
216.73.216.236 - - [17/Jul/2025:22:12:50 +0000] "GET /?p=2595 HTTP/1.1" 301 - "-" "Mozilla/5.0 AppleWebKit/537.36 (KHTML, like Gecko; compatible; ClaudeBot/1.0; [email protected])"
216.73.216.236 - - [17/Jul/2025:22:12:50 +0000] "GET /favorite-automobile-podcasts-in-2023/ HTTP/1.1" 200 29369 "https://cartel.express/?p=2595" "Mozilla/5.0 AppleWebKit/537.36 (KHTML, like Gecko; compatible; ClaudeBot/1.0; [email protected])"
216.73.216.236 - - [17/Jul/2025:22:12:53 +0000] "GET /?p=3018 HTTP/1.1" 301 - "-" "Mozilla/5.0 AppleWebKit/537.36 (KHTML, like Gecko; compatible; ClaudeBot/1.0; [email protected])"
216.73.216.236 - - [17/Jul/2025:22:12:53 +0000] "GET /portfolio/motion-graphics/ HTTP/1.1" 200 36926 "https://cartel.express/?p=3018" "Mozilla/5.0 AppleWebKit/537.36 (KHTML, like Gecko; compatible; ClaudeBot/1.0; [email protected])"
209.74.77.214 - - [17/Jul/2025:22:13:39 +0000] "POST /wp-cron.php?doing_wp_cron=1752790419.3848969936370849609375 HTTP/1.1" 200 - "-" "WordPress/6.8.2; https://cartel.express"
216.73.216.236 - - [17/Jul/2025:22:13:37 +0000] "GET /?p=3023 HTTP/1.1" 301 - "-" "Mozilla/5.0 AppleWebKit/537.36 (KHTML, like Gecko; compatible; ClaudeBot/1.0; [email protected])"
216.73.216.236 - - [17/Jul/2025:22:13:39 +0000] "GET /portfolio/brake-system/ HTTP/1.1" 200 36947 "https://cartel.express/?p=3023" "Mozilla/5.0 AppleWebKit/537.36 (KHTML, like Gecko; compatible; ClaudeBot/1.0; [email protected])"
216.73.216.236 - - [17/Jul/2025:22:13:42 +0000] "GET /?p=1159 HTTP/1.1" 301 - "-" "Mozilla/5.0 AppleWebKit/537.36 (KHTML, like Gecko; compatible; ClaudeBot/1.0; [email protected])"
216.73.216.236 - - [17/Jul/2025:22:13:43 +0000] "GET /team/nick-carter/ HTTP/1.1" 200 37537 "https://cartel.express/?p=1159" "Mozilla/5.0 AppleWebKit/537.36 (KHTML, like Gecko; compatible; ClaudeBot/1.0; [email protected])"
216.73.216.236 - - [17/Jul/2025:22:13:45 +0000] "GET /?p=304 HTTP/1.1" 301 - "-" "Mozilla/5.0 AppleWebKit/537.36 (KHTML, like Gecko; compatible; ClaudeBot/1.0; [email protected])"
216.73.216.236 - - [17/Jul/2025:22:13:46 +0000] "GET /cars_agents/frank-lewis/ HTTP/1.1" 200 39131 "https://cartel.express/?p=304" "Mozilla/5.0 AppleWebKit/537.36 (KHTML, like Gecko; compatible; ClaudeBot/1.0; [email protected])"
209.74.77.214 - - [17/Jul/2025:22:14:45 +0000] "POST /wp-cron.php?doing_wp_cron=1752790485.2356009483337402343750 HTTP/1.1" 200 - "-" "WordPress/6.8.2; https://cartel.express"
216.73.216.236 - - [17/Jul/2025:22:14:43 +0000] "GET /?p=2712 HTTP/1.1" 301 - "-" "Mozilla/5.0 AppleWebKit/537.36 (KHTML, like Gecko; compatible; ClaudeBot/1.0; [email protected])"
216.73.216.236 - - [17/Jul/2025:22:14:45 +0000] "GET /portfolio/exhaust-system/ HTTP/1.1" 200 36287 "https://cartel.express/?p=2712" "Mozilla/5.0 AppleWebKit/537.36 (KHTML, like Gecko; compatible; ClaudeBot/1.0; [email protected])"
216.73.216.236 - - [17/Jul/2025:22:14:48 +0000] "GET /?p=3024 HTTP/1.1" 301 - "-" "Mozilla/5.0 AppleWebKit/537.36 (KHTML, like Gecko; compatible; ClaudeBot/1.0; [email protected])"
216.73.216.236 - - [17/Jul/2025:22:14:49 +0000] "GET /portfolio/leather-seat-covers/ HTTP/1.1" 200 36793 "https://cartel.express/?p=3024" "Mozilla/5.0 AppleWebKit/537.36 (KHTML, like Gecko; compatible; ClaudeBot/1.0; [email protected])"
216.73.216.236 - - [17/Jul/2025:22:14:51 +0000] "GET /?p=2588 HTTP/1.1" 301 - "-" "Mozilla/5.0 AppleWebKit/537.36 (KHTML, like Gecko; compatible; ClaudeBot/1.0; [email protected])"
216.73.216.236 - - [17/Jul/2025:22:14:52 +0000] "GET /a-few-simple-ways-to-look-after-your-vehicle/ HTTP/1.1" 200 28477 "https://cartel.express/?p=2588" "Mozilla/5.0 AppleWebKit/537.36 (KHTML, like Gecko; compatible; ClaudeBot/1.0; [email protected])"
209.74.77.214 - - [17/Jul/2025:22:15:36 +0000] "POST /wp-cron.php?doing_wp_cron=1752790536.8018109798431396484375 HTTP/1.1" 200 - "-" "WordPress/6.8.2; https://cartel.express"
216.73.216.236 - - [17/Jul/2025:22:15:34 +0000] "GET /?p=31304 HTTP/1.1" 301 - "-" "Mozilla/5.0 AppleWebKit/537.36 (KHTML, like Gecko; compatible; ClaudeBot/1.0; [email protected])"
216.73.216.236 - - [17/Jul/2025:22:15:36 +0000] "GET /a-deep-dive-into-the-world-of-high-end-car-rentals/ HTTP/1.1" 200 28897 "https://cartel.express/?p=31304" "Mozilla/5.0 AppleWebKit/537.36 (KHTML, like Gecko; compatible; ClaudeBot/1.0; [email protected])"
216.73.216.236 - - [17/Jul/2025:22:15:39 +0000] "GET /?p=341 HTTP/1.1" 301 - "-" "Mozilla/5.0 AppleWebKit/537.36 (KHTML, like Gecko; compatible; ClaudeBot/1.0; [email protected])"
216.73.216.236 - - [17/Jul/2025:22:15:40 +0000] "GET /cars/audi-r8-2/ HTTP/1.1" 200 39960 "https://cartel.express/?p=341" "Mozilla/5.0 AppleWebKit/537.36 (KHTML, like Gecko; compatible; ClaudeBot/1.0; [email protected])"
216.73.216.236 - - [17/Jul/2025:22:15:42 +0000] "GET /?p=1163 HTTP/1.1" 301 - "-" "Mozilla/5.0 AppleWebKit/537.36 (KHTML, like Gecko; compatible; ClaudeBot/1.0; [email protected])"
216.73.216.236 - - [17/Jul/2025:22:15:43 +0000] "GET /team/david-green/ HTTP/1.1" 200 37548 "https://cartel.express/?p=1163" "Mozilla/5.0 AppleWebKit/537.36 (KHTML, like Gecko; compatible; ClaudeBot/1.0; [email protected])"
209.74.77.214 - - [17/Jul/2025:22:16:31 +0000] "POST /wp-cron.php?doing_wp_cron=1752790591.1479160785675048828125 HTTP/1.1" 200 - "-" "WordPress/6.8.2; https://cartel.express"
216.73.216.236 - - [17/Jul/2025:22:16:28 +0000] "GET /portfolio_group/repair/feed HTTP/1.1" 301 - "-" "Mozilla/5.0 AppleWebKit/537.36 (KHTML, like Gecko; compatible; ClaudeBot/1.0; [email protected])"
216.73.216.236 - - [17/Jul/2025:22:16:31 +0000] "GET /portfolio_group/repair/feed/ HTTP/1.1" 200 1951 "https://cartel.express/portfolio_group/repair/feed" "Mozilla/5.0 AppleWebKit/537.36 (KHTML, like Gecko; compatible; ClaudeBot/1.0; [email protected])"
216.73.216.236 - - [17/Jul/2025:22:16:34 +0000] "GET /?p=962 HTTP/1.1" 301 - "-" "Mozilla/5.0 AppleWebKit/537.36 (KHTML, like Gecko; compatible; ClaudeBot/1.0; [email protected])"
216.73.216.236 - - [17/Jul/2025:22:16:34 +0000] "GET /services/paint-services/ HTTP/1.1" 200 37693 "https://cartel.express/?p=962" "Mozilla/5.0 AppleWebKit/537.36 (KHTML, like Gecko; compatible; ClaudeBot/1.0; [email protected])"
216.73.216.236 - - [17/Jul/2025:22:16:37 +0000] "GET /portfolio/full-body-kit HTTP/1.1" 301 - "-" "Mozilla/5.0 AppleWebKit/537.36 (KHTML, like Gecko; compatible; ClaudeBot/1.0; [email protected])"
216.73.216.236 - - [17/Jul/2025:22:16:37 +0000] "GET /portfolio/full-body-kit/ HTTP/1.1" 200 36965 "https://cartel.express/portfolio/full-body-kit" "Mozilla/5.0 AppleWebKit/537.36 (KHTML, like Gecko; compatible; ClaudeBot/1.0; [email protected])"
209.74.77.214 - - [17/Jul/2025:22:17:25 +0000] "POST /wp-cron.php?doing_wp_cron=1752790645.7354569435119628906250 HTTP/1.1" 200 - "-" "WordPress/6.8.2; https://cartel.express"
216.73.216.236 - - [17/Jul/2025:22:17:23 +0000] "GET /portfolio_group/repairs/feed HTTP/1.1" 301 - "-" "Mozilla/5.0 AppleWebKit/537.36 (KHTML, like Gecko; compatible; ClaudeBot/1.0; [email protected])"
216.73.216.236 - - [17/Jul/2025:22:17:25 +0000] "GET /portfolio_group/repairs/feed/ HTTP/1.1" 200 1354 "https://cartel.express/portfolio_group/repairs/feed" "Mozilla/5.0 AppleWebKit/537.36 (KHTML, like Gecko; compatible; ClaudeBot/1.0; [email protected])"
216.73.216.236 - - [17/Jul/2025:22:17:29 +0000] "GET /?p=340 HTTP/1.1" 301 - "-" "Mozilla/5.0 AppleWebKit/537.36 (KHTML, like Gecko; compatible; ClaudeBot/1.0; [email protected])"
216.73.216.236 - - [17/Jul/2025:22:17:29 +0000] "GET /cars/bmw-m2/ HTTP/1.1" 200 39772 "https://cartel.express/?p=340" "Mozilla/5.0 AppleWebKit/537.36 (KHTML, like Gecko; compatible; ClaudeBot/1.0; [email protected])"
216.73.216.236 - - [17/Jul/2025:22:17:32 +0000] "GET /?p=338 HTTP/1.1" 301 - "-" "Mozilla/5.0 AppleWebKit/537.36 (KHTML, like Gecko; compatible; ClaudeBot/1.0; [email protected])"
216.73.216.236 - - [17/Jul/2025:22:17:32 +0000] "GET /cars/opel-astra/ HTTP/1.1" 200 38763 "https://cartel.express/?p=338" "Mozilla/5.0 AppleWebKit/537.36 (KHTML, like Gecko; compatible; ClaudeBot/1.0; [email protected])"
209.74.77.214 - - [17/Jul/2025:22:18:21 +0000] "POST /wp-cron.php?doing_wp_cron=1752790701.6090149879455566406250 HTTP/1.1" 200 - "-" "WordPress/6.8.2; https://cartel.express"
216.73.216.236 - - [17/Jul/2025:22:18:19 +0000] "GET /?p=964 HTTP/1.1" 301 - "-" "Mozilla/5.0 AppleWebKit/537.36 (KHTML, like Gecko; compatible; ClaudeBot/1.0; [email protected])"
216.73.216.236 - - [17/Jul/2025:22:18:21 +0000] "GET /services/vehicle-tuning/ HTTP/1.1" 200 37706 "https://cartel.express/?p=964" "Mozilla/5.0 AppleWebKit/537.36 (KHTML, like Gecko; compatible; ClaudeBot/1.0; [email protected])"
209.74.77.214 - - [17/Jul/2025:22:18:25 +0000] "POST /wp-cron.php?doing_wp_cron=1752790705.2510368824005126953125 HTTP/1.1" 200 - "-" "WordPress/6.8.2; https://cartel.express"
216.73.216.236 - - [17/Jul/2025:22:18:24 +0000] "GET /?p=3130 HTTP/1.1" 301 - "-" "Mozilla/5.0 AppleWebKit/537.36 (KHTML, like Gecko; compatible; ClaudeBot/1.0; [email protected])"
216.73.216.236 - - [17/Jul/2025:22:18:25 +0000] "GET /portfolio/lamination/ HTTP/1.1" 200 36727 "https://cartel.express/?p=3130" "Mozilla/5.0 AppleWebKit/537.36 (KHTML, like Gecko; compatible; ClaudeBot/1.0; [email protected])"
216.73.216.236 - - [17/Jul/2025:22:18:27 +0000] "GET /?p=1162 HTTP/1.1" 301 - "-" "Mozilla/5.0 AppleWebKit/537.36 (KHTML, like Gecko; compatible; ClaudeBot/1.0; [email protected])"
216.73.216.236 - - [17/Jul/2025:22:18:28 +0000] "GET /team/matthew-jones/ HTTP/1.1" 200 37540 "https://cartel.express/?p=1162" "Mozilla/5.0 AppleWebKit/537.36 (KHTML, like Gecko; compatible; ClaudeBot/1.0; [email protected])"
209.74.77.214 - - [17/Jul/2025:22:19:15 +0000] "POST /wp-cron.php?doing_wp_cron=1752790755.1673369407653808593750 HTTP/1.1" 200 - "-" "WordPress/6.8.2; https://cartel.express"
216.73.216.236 - - [17/Jul/2025:22:19:12 +0000] "GET /?p=31302 HTTP/1.1" 301 - "-" "Mozilla/5.0 AppleWebKit/537.36 (KHTML, like Gecko; compatible; ClaudeBot/1.0; [email protected])"
216.73.216.236 - - [17/Jul/2025:22:19:15 +0000] "GET /why-buying-a-pre-owned-car-is-a-smart-investment/ HTTP/1.1" 200 28879 "https://cartel.express/?p=31302" "Mozilla/5.0 AppleWebKit/537.36 (KHTML, like Gecko; compatible; ClaudeBot/1.0; [email protected])"
216.73.216.236 - - [17/Jul/2025:22:19:18 +0000] "GET /?p=1164 HTTP/1.1" 301 - "-" "Mozilla/5.0 AppleWebKit/537.36 (KHTML, like Gecko; compatible; ClaudeBot/1.0; [email protected])"
216.73.216.236 - - [17/Jul/2025:22:19:18 +0000] "GET /team/andrew-walker/ HTTP/1.1" 200 37534 "https://cartel.express/?p=1164" "Mozilla/5.0 AppleWebKit/537.36 (KHTML, like Gecko; compatible; ClaudeBot/1.0; [email protected])"
216.73.216.236 - - [17/Jul/2025:22:19:21 +0000] "GET /?p=3026 HTTP/1.1" 301 - "-" "Mozilla/5.0 AppleWebKit/537.36 (KHTML, like Gecko; compatible; ClaudeBot/1.0; [email protected])"
216.73.216.236 - - [17/Jul/2025:22:19:21 +0000] "GET /portfolio/lambo-door-system/ HTTP/1.1" 200 36786 "https://cartel.express/?p=3026" "Mozilla/5.0 AppleWebKit/537.36 (KHTML, like Gecko; compatible; ClaudeBot/1.0; [email protected])"
209.74.77.214 - - [17/Jul/2025:22:20:26 +0000] "POST /wp-cron.php?doing_wp_cron=1752790826.7276899814605712890625 HTTP/1.1" 200 - "-" "WordPress/6.8.2; https://cartel.express"
216.73.216.236 - - [17/Jul/2025:22:20:23 +0000] "GET /?p=31300 HTTP/1.1" 301 - "-" "Mozilla/5.0 AppleWebKit/537.36 (KHTML, like Gecko; compatible; ClaudeBot/1.0; [email protected])"
216.73.216.236 - - [17/Jul/2025:22:20:26 +0000] "GET /the-ultimate-guide-to-renting-a-luxury-car-tips-and-tricks/ HTTP/1.1" 200 28852 "https://cartel.express/?p=31300" "Mozilla/5.0 AppleWebKit/537.36 (KHTML, like Gecko; compatible; ClaudeBot/1.0; [email protected])"
209.74.77.214 - - [17/Jul/2025:22:20:28 +0000] "POST /wp-cron.php?doing_wp_cron=1752790828.7229759693145751953125 HTTP/1.1" 200 - "-" "WordPress/6.8.2; https://cartel.express"
216.73.216.236 - - [17/Jul/2025:22:20:28 +0000] "GET /?p=3006 HTTP/1.1" 301 - "-" "Mozilla/5.0 AppleWebKit/537.36 (KHTML, like Gecko; compatible; ClaudeBot/1.0; [email protected])"
216.73.216.236 - - [17/Jul/2025:22:20:28 +0000] "GET /portfolio/pads-rotors/ HTTP/1.1" 200 36979 "https://cartel.express/?p=3006" "Mozilla/5.0 AppleWebKit/537.36 (KHTML, like Gecko; compatible; ClaudeBot/1.0; [email protected])"
216.73.216.236 - - [17/Jul/2025:22:20:31 +0000] "GET /?p=310 HTTP/1.1" 301 - "-" "Mozilla/5.0 AppleWebKit/537.36 (KHTML, like Gecko; compatible; ClaudeBot/1.0; [email protected])"
216.73.216.236 - - [17/Jul/2025:22:20:31 +0000] "GET /cars/mercedes-benz-cla/ HTTP/1.1" 200 38852 "https://cartel.express/?p=310" "Mozilla/5.0 AppleWebKit/537.36 (KHTML, like Gecko; compatible; ClaudeBot/1.0; [email protected])"
209.74.77.214 - - [17/Jul/2025:22:21:20 +0000] "POST /wp-cron.php?doing_wp_cron=1752790880.6951439380645751953125 HTTP/1.1" 200 - "-" "WordPress/6.8.2; https://cartel.express"
216.73.216.236 - - [17/Jul/2025:22:21:17 +0000] "GET /cars_type/sedan/feed HTTP/1.1" 301 - "-" "Mozilla/5.0 AppleWebKit/537.36 (KHTML, like Gecko; compatible; ClaudeBot/1.0; [email protected])"
216.73.216.236 - - [17/Jul/2025:22:21:20 +0000] "GET /cars_type/sedan/feed/ HTTP/1.1" 200 1090 "https://cartel.express/cars_type/sedan/feed" "Mozilla/5.0 AppleWebKit/537.36 (KHTML, like Gecko; compatible; ClaudeBot/1.0; [email protected])"
216.73.216.236 - - [17/Jul/2025:22:21:23 +0000] "GET /portfolio_group/polishing HTTP/1.1" 301 - "-" "Mozilla/5.0 AppleWebKit/537.36 (KHTML, like Gecko; compatible; ClaudeBot/1.0; [email protected])"
216.73.216.236 - - [17/Jul/2025:22:21:23 +0000] "GET /portfolio_group/polishing/ HTTP/1.1" 200 35269 "https://cartel.express/portfolio_group/polishing" "Mozilla/5.0 AppleWebKit/537.36 (KHTML, like Gecko; compatible; ClaudeBot/1.0; [email protected])"
216.73.216.236 - - [17/Jul/2025:22:21:26 +0000] "GET /?p=27790 HTTP/1.1" 301 - "-" "Mozilla/5.0 AppleWebKit/537.36 (KHTML, like Gecko; compatible; ClaudeBot/1.0; [email protected])"
216.73.216.236 - - [17/Jul/2025:22:21:26 +0000] "GET /portfolio/custom-designs/ HTTP/1.1" 200 36993 "https://cartel.express/?p=27790" "Mozilla/5.0 AppleWebKit/537.36 (KHTML, like Gecko; compatible; ClaudeBot/1.0; [email protected])"
209.74.77.214 - - [17/Jul/2025:22:22:19 +0000] "POST /wp-cron.php?doing_wp_cron=1752790939.0247828960418701171875 HTTP/1.1" 200 - "-" "WordPress/6.8.2; https://cartel.express"
216.73.216.236 - - [17/Jul/2025:22:22:16 +0000] "GET /cars_features/climate-control HTTP/1.1" 301 - "-" "Mozilla/5.0 AppleWebKit/537.36 (KHTML, like Gecko; compatible; ClaudeBot/1.0; [email protected])"
216.73.216.236 - - [17/Jul/2025:22:22:19 +0000] "GET /cars_features/climate-control/ HTTP/1.1" 200 37199 "https://cartel.express/cars_features/climate-control" "Mozilla/5.0 AppleWebKit/537.36 (KHTML, like Gecko; compatible; ClaudeBot/1.0; [email protected])"
216.73.216.236 - - [17/Jul/2025:22:22:20 +0000] "GET /?p=337 HTTP/1.1" 301 - "-" "Mozilla/5.0 AppleWebKit/537.36 (KHTML, like Gecko; compatible; ClaudeBot/1.0; [email protected])"
216.73.216.236 - - [17/Jul/2025:22:22:21 +0000] "GET /cars/mc-laren-720s/ HTTP/1.1" 200 39962 "https://cartel.express/?p=337" "Mozilla/5.0 AppleWebKit/537.36 (KHTML, like Gecko; compatible; ClaudeBot/1.0; [email protected])"
216.73.216.236 - - [17/Jul/2025:22:22:23 +0000] "GET /portfolio/painting-ethics HTTP/1.1" 301 - "-" "Mozilla/5.0 AppleWebKit/537.36 (KHTML, like Gecko; compatible; ClaudeBot/1.0; [email protected])"
66.249.68.35 - - [17/Jul/2025:22:22:23 +0000] "GET /sitemap.xml HTTP/1.1" 200 4468 "-" "Mozilla/5.0 (compatible; Googlebot/2.1; +http://www.google.com/bot.html)"
216.73.216.236 - - [17/Jul/2025:22:22:24 +0000] "GET /portfolio/painting-ethics/ HTTP/1.1" 200 36754 "https://cartel.express/portfolio/painting-ethics" "Mozilla/5.0 AppleWebKit/537.36 (KHTML, like Gecko; compatible; ClaudeBot/1.0; [email protected])"
209.74.77.214 - - [17/Jul/2025:22:23:16 +0000] "POST /wp-cron.php?doing_wp_cron=1752790996.1879260540008544921875 HTTP/1.1" 200 - "-" "WordPress/6.8.2; https://cartel.express"
216.73.216.236 - - [17/Jul/2025:22:23:13 +0000] "GET /cars_model/astra HTTP/1.1" 301 - "-" "Mozilla/5.0 AppleWebKit/537.36 (KHTML, like Gecko; compatible; ClaudeBot/1.0; [email protected])"
216.73.216.236 - - [17/Jul/2025:22:23:16 +0000] "GET /cars_model/astra/ HTTP/1.1" 200 35712 "https://cartel.express/cars_model/astra" "Mozilla/5.0 AppleWebKit/537.36 (KHTML, like Gecko; compatible; ClaudeBot/1.0; [email protected])"
216.73.216.236 - - [17/Jul/2025:22:23:19 +0000] "GET /cars_model/m2 HTTP/1.1" 301 - "-" "Mozilla/5.0 AppleWebKit/537.36 (KHTML, like Gecko; compatible; ClaudeBot/1.0; [email protected])"
216.73.216.236 - - [17/Jul/2025:22:23:19 +0000] "GET /cars_model/m2/ HTTP/1.1" 200 35700 "https://cartel.express/cars_model/m2" "Mozilla/5.0 AppleWebKit/537.36 (KHTML, like Gecko; compatible; ClaudeBot/1.0; [email protected])"
2.58.201.16 - - [17/Jul/2025:22:23:20 +0000] "GET / HTTP/1.1" 200 269951 "-" "Mozilla/5.0 (X11; Linux x86_64) AppleWebKit/537.36 (KHTML, like Gecko) Chrome/81.0.4044.129 Safari/537.36"
2.58.201.16 - - [17/Jul/2025:22:23:21 +0000] "GET /wp-content/plugins/trx_addons/js/magnific/jquery.magnific-popup.min.js HTTP/1.1" 200 20216 "-" "Mozilla/5.0 (X11; Linux x86_64) AppleWebKit/537.36 (KHTML, like Gecko) Chrome/81.0.4044.129 Safari/537.36"
2.58.201.16 - - [17/Jul/2025:22:23:21 +0000] "GET /wp-content/plugins/trx_addons/js/__scripts.js HTTP/1.1" 200 385901 "-" "Mozilla/5.0 (X11; Linux x86_64) AppleWebKit/537.36 (KHTML, like Gecko) Chrome/81.0.4044.129 Safari/537.36"
2.58.201.16 - - [17/Jul/2025:22:23:22 +0000] "GET /wp-content/plugins/trx_addons/components/api/contact-form-7/contact-form-7.js HTTP/1.1" 200 1835 "-" "Mozilla/5.0 (X11; Linux x86_64) AppleWebKit/537.36 (KHTML, like Gecko) Chrome/81.0.4044.129 Safari/537.36"
2.58.201.16 - - [17/Jul/2025:22:23:22 +0000] "GET /wp-content/plugins/trx_addons/addons/mouse-helper/mouse-helper.js HTTP/1.1" 200 23546 "-" "Mozilla/5.0 (X11; Linux x86_64) AppleWebKit/537.36 (KHTML, like Gecko) Chrome/81.0.4044.129 Safari/537.36"
2.58.201.16 - - [17/Jul/2025:22:23:22 +0000] "GET /wp-content/plugins/trx_addons/components/shortcodes/skills/chart-legacy.min.js HTTP/1.1" 200 19792 "-" "Mozilla/5.0 (X11; Linux x86_64) AppleWebKit/537.36 (KHTML, like Gecko) Chrome/81.0.4044.129 Safari/537.36"
2.58.201.16 - - [17/Jul/2025:22:23:22 +0000] "GET /wp-content/plugins/trx_addons/components/shortcodes/skills/skills.js HTTP/1.1" 200 8271 "-" "Mozilla/5.0 (X11; Linux x86_64) AppleWebKit/537.36 (KHTML, like Gecko) Chrome/81.0.4044.129 Safari/537.36"
2.58.201.16 - - [17/Jul/2025:22:23:22 +0000] "GET /wp-content/plugins/trx_addons/components/cpt/layouts/shortcodes/menu/superfish.min.js HTTP/1.1" 200 4499 "-" "Mozilla/5.0 (X11; Linux x86_64) AppleWebKit/537.36 (KHTML, like Gecko) Chrome/81.0.4044.129 Safari/537.36"
2.58.201.16 - - [17/Jul/2025:22:23:22 +0000] "GET /wp-content/plugins/trx_addons/js/tweenmax/GSAP/3.12.2/gsap.min.js HTTP/1.1" 200 71520 "-" "Mozilla/5.0 (X11; Linux x86_64) AppleWebKit/537.36 (KHTML, like Gecko) Chrome/81.0.4044.129 Safari/537.36"
2.58.201.16 - - [17/Jul/2025:22:23:22 +0000] "GET /wp-content/plugins/trx_addons/components/api/mailchimp-for-wp/mailchimp-for-wp.js HTTP/1.1" 200 448 "-" "Mozilla/5.0 (X11; Linux x86_64) AppleWebKit/537.36 (KHTML, like Gecko) Chrome/81.0.4044.129 Safari/537.36"
2.58.201.16 - - [17/Jul/2025:22:23:22 +0000] "GET /wp-content/plugins/trx_addons/components/api/woocommerce/woocommerce.js HTTP/1.1" 200 62170 "-" "Mozilla/5.0 (X11; Linux x86_64) AppleWebKit/537.36 (KHTML, like Gecko) Chrome/81.0.4044.129 Safari/537.36"
216.73.216.236 - - [17/Jul/2025:22:23:22 +0000] "GET /cars_features/keyless-entry HTTP/1.1" 301 - "-" "Mozilla/5.0 AppleWebKit/537.36 (KHTML, like Gecko; compatible; ClaudeBot/1.0; [email protected])"
2.58.201.16 - - [17/Jul/2025:22:23:22 +0000] "GET /wp-content/themes/detailx/js/__scripts.js HTTP/1.1" 200 131992 "-" "Mozilla/5.0 (X11; Linux x86_64) AppleWebKit/537.36 (KHTML, like Gecko) Chrome/81.0.4044.129 Safari/537.36"
2.58.201.16 - - [17/Jul/2025:22:23:22 +0000] "GET /wp-content/themes/detailx/skins/default/skin.js HTTP/1.1" 200 40857 "-" "Mozilla/5.0 (X11; Linux x86_64) AppleWebKit/537.36 (KHTML, like Gecko) Chrome/81.0.4044.129 Safari/537.36"
2.58.201.16 - - [17/Jul/2025:22:23:22 +0000] "GET /wp-content/themes/detailx/plugins/contact-form-7/contact-form-7.js HTTP/1.1" 200 2597 "-" "Mozilla/5.0 (X11; Linux x86_64) AppleWebKit/537.36 (KHTML, like Gecko) Chrome/81.0.4044.129 Safari/537.36"
2.58.201.16 - - [17/Jul/2025:22:23:22 +0000] "GET /wp-content/themes/detailx/plugins/woocommerce/woocommerce.js HTTP/1.1" 200 16454 "-" "Mozilla/5.0 (X11; Linux x86_64) AppleWebKit/537.36 (KHTML, like Gecko) Chrome/81.0.4044.129 Safari/537.36"
216.73.216.236 - - [17/Jul/2025:22:23:22 +0000] "GET /cars_features/keyless-entry/ HTTP/1.1" 200 37074 "https://cartel.express/cars_features/keyless-entry" "Mozilla/5.0 AppleWebKit/537.36 (KHTML, like Gecko; compatible; ClaudeBot/1.0; [email protected])"
209.74.77.214 - - [17/Jul/2025:22:24:19 +0000] "POST /wp-cron.php?doing_wp_cron=1752791059.7064139842987060546875 HTTP/1.1" 200 - "-" "WordPress/6.8.2; https://cartel.express"
216.73.216.236 - - [17/Jul/2025:22:24:16 +0000] "GET /cars_model/45-amg HTTP/1.1" 301 - "-" "Mozilla/5.0 AppleWebKit/537.36 (KHTML, like Gecko; compatible; ClaudeBot/1.0; [email protected])"
216.73.216.236 - - [17/Jul/2025:22:24:19 +0000] "GET /cars_model/45-amg/ HTTP/1.1" 200 35735 "https://cartel.express/cars_model/45-amg" "Mozilla/5.0 AppleWebKit/537.36 (KHTML, like Gecko; compatible; ClaudeBot/1.0; [email protected])"
216.73.216.236 - - [17/Jul/2025:22:24:22 +0000] "GET /cars_features/heated-seats HTTP/1.1" 301 - "-" "Mozilla/5.0 AppleWebKit/537.36 (KHTML, like Gecko; compatible; ClaudeBot/1.0; [email protected])"
216.73.216.236 - - [17/Jul/2025:22:24:22 +0000] "GET /cars_features/heated-seats/ HTTP/1.1" 200 36921 "https://cartel.express/cars_features/heated-seats" "Mozilla/5.0 AppleWebKit/537.36 (KHTML, like Gecko; compatible; ClaudeBot/1.0; [email protected])"
216.73.216.236 - - [17/Jul/2025:22:24:25 +0000] "GET /cars_model/r8 HTTP/1.1" 301 - "-" "Mozilla/5.0 AppleWebKit/537.36 (KHTML, like Gecko; compatible; ClaudeBot/1.0; [email protected])"
216.73.216.236 - - [17/Jul/2025:22:24:25 +0000] "GET /cars_model/r8/ HTTP/1.1" 200 35867 "https://cartel.express/cars_model/r8" "Mozilla/5.0 AppleWebKit/537.36 (KHTML, like Gecko; compatible; ClaudeBot/1.0; [email protected])"
209.74.77.214 - - [17/Jul/2025:22:25:20 +0000] "POST /wp-cron.php?doing_wp_cron=1752791120.5655560493469238281250 HTTP/1.1" 200 - "-" "WordPress/6.8.2; https://cartel.express"
216.73.216.236 - - [17/Jul/2025:22:25:16 +0000] "GET /team HTTP/1.1" 301 - "-" "Mozilla/5.0 AppleWebKit/537.36 (KHTML, like Gecko; compatible; ClaudeBot/1.0; [email protected])"
216.73.216.236 - - [17/Jul/2025:22:25:20 +0000] "GET /team/ HTTP/1.1" 200 35291 "https://cartel.express/team" "Mozilla/5.0 AppleWebKit/537.36 (KHTML, like Gecko; compatible; ClaudeBot/1.0; [email protected])"
209.74.77.214 - - [17/Jul/2025:22:25:24 +0000] "POST /wp-cron.php?doing_wp_cron=1752791124.7072629928588867187500 HTTP/1.1" 200 - "-" "WordPress/6.8.2; https://cartel.express"
216.73.216.236 - - [17/Jul/2025:22:25:24 +0000] "GET /portfolio/car-commercial HTTP/1.1" 301 - "-" "Mozilla/5.0 AppleWebKit/537.36 (KHTML, like Gecko; compatible; ClaudeBot/1.0; [email protected])"
216.73.216.236 - - [17/Jul/2025:22:25:24 +0000] "GET /portfolio/car-commercial/ HTTP/1.1" 200 36933 "https://cartel.express/portfolio/car-commercial" "Mozilla/5.0 AppleWebKit/537.36 (KHTML, like Gecko; compatible; ClaudeBot/1.0; [email protected])"
216.73.216.236 - - [17/Jul/2025:22:25:27 +0000] "GET /cars_status/for-rent HTTP/1.1" 301 - "-" "Mozilla/5.0 AppleWebKit/537.36 (KHTML, like Gecko; compatible; ClaudeBot/1.0; [email protected])"
209.74.77.214 - - [17/Jul/2025:22:25:28 +0000] "POST /wp-cron.php?doing_wp_cron=1752791128.0996360778808593750000 HTTP/1.1" 200 - "-" "WordPress/6.8.2; https://cartel.express"
216.73.216.236 - - [17/Jul/2025:22:25:27 +0000] "GET /cars_status/for-rent/ HTTP/1.1" 200 36333 "https://cartel.express/cars_status/for-rent" "Mozilla/5.0 AppleWebKit/537.36 (KHTML, like Gecko; compatible; ClaudeBot/1.0; [email protected])"
209.74.77.214 - - [17/Jul/2025:22:26:16 +0000] "POST /wp-cron.php?doing_wp_cron=1752791176.6241300106048583984375 HTTP/1.1" 200 - "-" "WordPress/6.8.2; https://cartel.express"
216.73.216.236 - - [17/Jul/2025:22:26:13 +0000] "GET /cars_status/for-sale HTTP/1.1" 301 - "-" "Mozilla/5.0 AppleWebKit/537.36 (KHTML, like Gecko; compatible; ClaudeBot/1.0; [email protected])"
216.73.216.236 - - [17/Jul/2025:22:26:16 +0000] "GET /cars_status/for-sale/ HTTP/1.1" 200 36888 "https://cartel.express/cars_status/for-sale" "Mozilla/5.0 AppleWebKit/537.36 (KHTML, like Gecko; compatible; ClaudeBot/1.0; [email protected])"
216.73.216.236 - - [17/Jul/2025:22:26:19 +0000] "GET /cars_type/sport/feed HTTP/1.1" 301 - "-" "Mozilla/5.0 AppleWebKit/537.36 (KHTML, like Gecko; compatible; ClaudeBot/1.0; [email protected])"
216.73.216.236 - - [17/Jul/2025:22:26:19 +0000] "GET /cars_type/sport/feed/ HTTP/1.1" 200 1134 "https://cartel.express/cars_type/sport/feed" "Mozilla/5.0 AppleWebKit/537.36 (KHTML, like Gecko; compatible; ClaudeBot/1.0; [email protected])"
216.73.216.236 - - [17/Jul/2025:22:26:22 +0000] "GET /cars_model/720s HTTP/1.1" 301 - "-" "Mozilla/5.0 AppleWebKit/537.36 (KHTML, like Gecko; compatible; ClaudeBot/1.0; [email protected])"
216.73.216.236 - - [17/Jul/2025:22:26:22 +0000] "GET /cars_model/720s/ HTTP/1.1" 200 35704 "https://cartel.express/cars_model/720s" "Mozilla/5.0 AppleWebKit/537.36 (KHTML, like Gecko; compatible; ClaudeBot/1.0; [email protected])"
209.74.77.214 - - [17/Jul/2025:22:27:12 +0000] "POST /wp-cron.php?doing_wp_cron=1752791232.7264759540557861328125 HTTP/1.1" 200 - "-" "WordPress/6.8.2; https://cartel.express"
216.73.216.236 - - [17/Jul/2025:22:27:09 +0000] "GET /shop/page/2/?quick-view=27078 HTTP/1.1" 200 39519 "-" "Mozilla/5.0 AppleWebKit/537.36 (KHTML, like Gecko; compatible; ClaudeBot/1.0; [email protected])"
216.73.216.236 - - [17/Jul/2025:22:27:15 +0000] "GET /cars_features/leather-seats HTTP/1.1" 301 - "-" "Mozilla/5.0 AppleWebKit/537.36 (KHTML, like Gecko; compatible; ClaudeBot/1.0; [email protected])"
216.73.216.236 - - [17/Jul/2025:22:27:15 +0000] "GET /cars_features/leather-seats/ HTTP/1.1" 200 37105 "https://cartel.express/cars_features/leather-seats" "Mozilla/5.0 AppleWebKit/537.36 (KHTML, like Gecko; compatible; ClaudeBot/1.0; [email protected])"
104.210.140.134 - - [17/Jul/2025:22:27:17 +0000] "GET /robots.txt HTTP/1.1" 200 94 "-" "Mozilla/5.0 (Macintosh; Intel Mac OS X 10_15_7) AppleWebKit/537.36 (KHTML, like Gecko) Chrome/131.0.0.0 Safari/537.36; compatible; OAI-SearchBot/1.0; +https://openai.com/searchbot"
216.73.216.236 - - [17/Jul/2025:22:27:18 +0000] "GET /cars_features/winter-tires HTTP/1.1" 301 - "-" "Mozilla/5.0 AppleWebKit/537.36 (KHTML, like Gecko; compatible; ClaudeBot/1.0; [email protected])"
216.73.216.236 - - [17/Jul/2025:22:27:18 +0000] "GET /cars_features/winter-tires/ HTTP/1.1" 200 35978 "https://cartel.express/cars_features/winter-tires" "Mozilla/5.0 AppleWebKit/537.36 (KHTML, like Gecko; compatible; ClaudeBot/1.0; [email protected])"
209.74.77.214 - - [17/Jul/2025:22:28:11 +0000] "POST /wp-cron.php?doing_wp_cron=1752791291.1323680877685546875000 HTTP/1.1" 200 - "-" "WordPress/6.8.2; https://cartel.express"
216.73.216.236 - - [17/Jul/2025:22:28:08 +0000] "GET /cars_city/miami/feed HTTP/1.1" 301 - "-" "Mozilla/5.0 AppleWebKit/537.36 (KHTML, like Gecko; compatible; ClaudeBot/1.0; [email protected])"
216.73.216.236 - - [17/Jul/2025:22:28:11 +0000] "GET /cars_city/miami/feed/ HTTP/1.1" 200 1136 "https://cartel.express/cars_city/miami/feed" "Mozilla/5.0 AppleWebKit/537.36 (KHTML, like Gecko; compatible; ClaudeBot/1.0; [email protected])"
209.74.77.214 - - [17/Jul/2025:22:28:13 +0000] "POST /wp-cron.php?doing_wp_cron=1752791293.4756779670715332031250 HTTP/1.1" 200 - "-" "WordPress/6.8.2; https://cartel.express"
216.73.216.236 - - [17/Jul/2025:22:28:13 +0000] "GET /cars_maker/opel HTTP/1.1" 301 - "-" "Mozilla/5.0 AppleWebKit/537.36 (KHTML, like Gecko; compatible; ClaudeBot/1.0; [email protected])"
216.73.216.236 - - [17/Jul/2025:22:28:13 +0000] "GET /cars_maker/opel/ HTTP/1.1" 200 35719 "https://cartel.express/cars_maker/opel" "Mozilla/5.0 AppleWebKit/537.36 (KHTML, like Gecko; compatible; ClaudeBot/1.0; [email protected])"
216.73.216.236 - - [17/Jul/2025:22:28:16 +0000] "GET /cars_maker/audi HTTP/1.1" 301 - "-" "Mozilla/5.0 AppleWebKit/537.36 (KHTML, like Gecko; compatible; ClaudeBot/1.0; [email protected])"
216.73.216.236 - - [17/Jul/2025:22:28:16 +0000] "GET /cars_maker/audi/ HTTP/1.1" 200 36100 "https://cartel.express/cars_maker/audi" "Mozilla/5.0 AppleWebKit/537.36 (KHTML, like Gecko; compatible; ClaudeBot/1.0; [email protected])"
209.74.77.214 - - [17/Jul/2025:22:29:10 +0000] "POST /wp-cron.php?doing_wp_cron=1752791350.3333170413970947265625 HTTP/1.1" 200 - "-" "WordPress/6.8.2; https://cartel.express"
216.73.216.236 - - [17/Jul/2025:22:29:07 +0000] "GET /cars_labels/rent/feed HTTP/1.1" 301 - "-" "Mozilla/5.0 AppleWebKit/537.36 (KHTML, like Gecko; compatible; ClaudeBot/1.0; [email protected])"
216.73.216.236 - - [17/Jul/2025:22:29:10 +0000] "GET /cars_labels/rent/feed/ HTTP/1.1" 200 1080 "https://cartel.express/cars_labels/rent/feed" "Mozilla/5.0 AppleWebKit/537.36 (KHTML, like Gecko; compatible; ClaudeBot/1.0; [email protected])"
209.74.77.214 - - [17/Jul/2025:22:29:13 +0000] "POST /wp-cron.php?doing_wp_cron=1752791353.1375529766082763671875 HTTP/1.1" 200 - "-" "WordPress/6.8.2; https://cartel.express"
216.73.216.236 - - [17/Jul/2025:22:29:12 +0000] "GET /shop/page/2/?quick-view=19251 HTTP/1.1" 200 39513 "-" "Mozilla/5.0 AppleWebKit/537.36 (KHTML, like Gecko; compatible; ClaudeBot/1.0; [email protected])"
216.73.216.236 - - [17/Jul/2025:22:29:15 +0000] "GET /shop/page/2/?quick-view=27384 HTTP/1.1" 200 39518 "-" "Mozilla/5.0 AppleWebKit/537.36 (KHTML, like Gecko; compatible; ClaudeBot/1.0; [email protected])"
209.74.77.214 - - [17/Jul/2025:22:30:07 +0000] "POST /wp-cron.php?doing_wp_cron=1752791407.8436019420623779296875 HTTP/1.1" 200 - "-" "WordPress/6.8.2; https://cartel.express"
216.73.216.236 - - [17/Jul/2025:22:30:03 +0000] "GET /cars/audi-e-tron-gt HTTP/1.1" 301 - "-" "Mozilla/5.0 AppleWebKit/537.36 (KHTML, like Gecko; compatible; ClaudeBot/1.0; [email protected])"
216.73.216.236 - - [17/Jul/2025:22:30:07 +0000] "GET /cars/audi-e-tron-gt/ HTTP/1.1" 200 38756 "https://cartel.express/cars/audi-e-tron-gt" "Mozilla/5.0 AppleWebKit/537.36 (KHTML, like Gecko; compatible; ClaudeBot/1.0; [email protected])"
216.73.216.236 - - [17/Jul/2025:22:30:11 +0000] "GET /shop/page/2/?quick-view=19247 HTTP/1.1" 200 39506 "-" "Mozilla/5.0 AppleWebKit/537.36 (KHTML, like Gecko; compatible; ClaudeBot/1.0; [email protected])"
209.74.77.214 - - [17/Jul/2025:22:30:15 +0000] "POST /wp-cron.php?doing_wp_cron=1752791415.3950979709625244140625 HTTP/1.1" 200 - "-" "WordPress/6.8.2; https://cartel.express"
216.73.216.236 - - [17/Jul/2025:22:30:14 +0000] "GET /shop/page/2/?quick-view=27129 HTTP/1.1" 200 39516 "-" "Mozilla/5.0 AppleWebKit/537.36 (KHTML, like Gecko; compatible; ClaudeBot/1.0; [email protected])"
209.74.77.214 - - [17/Jul/2025:22:31:02 +0000] "POST /wp-cron.php?doing_wp_cron=1752791462.8336648941040039062500 HTTP/1.1" 200 - "-" "WordPress/6.8.2; https://cartel.express"
216.73.216.236 - - [17/Jul/2025:22:30:59 +0000] "GET /cars_maker/mclaren HTTP/1.1" 301 - "-" "Mozilla/5.0 AppleWebKit/537.36 (KHTML, like Gecko; compatible; ClaudeBot/1.0; [email protected])"
216.73.216.236 - - [17/Jul/2025:22:31:03 +0000] "GET /cars_maker/mclaren/ HTTP/1.1" 200 35727 "https://cartel.express/cars_maker/mclaren" "Mozilla/5.0 AppleWebKit/537.36 (KHTML, like Gecko; compatible; ClaudeBot/1.0; [email protected])"
216.73.216.236 - - [17/Jul/2025:22:31:04 +0000] "GET /cars_city/chicago/feed HTTP/1.1" 301 - "-" "Mozilla/5.0 AppleWebKit/537.36 (KHTML, like Gecko; compatible; ClaudeBot/1.0; [email protected])"
