20.171.207.244 - - [17/Jul/2025:18:16:36 +0000] "GET /shopdetail/2635710726.shtml HTTP/1.1" 404 24726 "-" "Mozilla/5.0 AppleWebKit/537.36 (KHTML, like Gecko; compatible; GPTBot/1.2; +https://openai.com/gptbot)"
20.171.207.244 - - [17/Jul/2025:18:16:39 +0000] "GET /shopdetail/2635621958.shtml HTTP/1.1" 404 24727 "-" "Mozilla/5.0 AppleWebKit/537.36 (KHTML, like Gecko; compatible; GPTBot/1.2; +https://openai.com/gptbot)"
20.171.207.244 - - [17/Jul/2025:18:16:41 +0000] "GET /shopdetail/2635829186.shtml HTTP/1.1" 404 24725 "-" "Mozilla/5.0 AppleWebKit/537.36 (KHTML, like Gecko; compatible; GPTBot/1.2; +https://openai.com/gptbot)"
20.171.207.244 - - [17/Jul/2025:18:16:44 +0000] "GET /shopdetail/2635434930.shtml HTTP/1.1" 404 24728 "-" "Mozilla/5.0 AppleWebKit/537.36 (KHTML, like Gecko; compatible; GPTBot/1.2; +https://openai.com/gptbot)"
20.171.207.244 - - [17/Jul/2025:18:16:46 +0000] "GET /shopdetail/2635196944.shtml HTTP/1.1" 404 24725 "-" "Mozilla/5.0 AppleWebKit/537.36 (KHTML, like Gecko; compatible; GPTBot/1.2; +https://openai.com/gptbot)"
20.171.207.244 - - [17/Jul/2025:18:16:49 +0000] "GET /shopdetail/2635021592.shtml HTTP/1.1" 404 24727 "-" "Mozilla/5.0 AppleWebKit/537.36 (KHTML, like Gecko; compatible; GPTBot/1.2; +https://openai.com/gptbot)"
20.171.207.244 - - [17/Jul/2025:18:16:51 +0000] "GET /shopdetail/2635301680.shtml HTTP/1.1" 404 24726 "-" "Mozilla/5.0 AppleWebKit/537.36 (KHTML, like Gecko; compatible; GPTBot/1.2; +https://openai.com/gptbot)"
20.171.207.244 - - [17/Jul/2025:18:16:54 +0000] "GET /shopdetail/2635834988.shtml HTTP/1.1" 404 24725 "-" "Mozilla/5.0 AppleWebKit/537.36 (KHTML, like Gecko; compatible; GPTBot/1.2; +https://openai.com/gptbot)"
209.74.77.214 - - [17/Jul/2025:18:16:57 +0000] "POST /wp-cron.php?doing_wp_cron=1752776217.3883628845214843750000 HTTP/1.1" 200 - "-" "WordPress/6.8.2; https://cartel.express"
20.171.207.244 - - [17/Jul/2025:18:16:57 +0000] "GET /shopdetail/2635055648.shtml HTTP/1.1" 404 24725 "-" "Mozilla/5.0 AppleWebKit/537.36 (KHTML, like Gecko; compatible; GPTBot/1.2; +https://openai.com/gptbot)"
20.171.207.244 - - [17/Jul/2025:18:16:59 +0000] "GET /shopdetail/2635783586.shtml HTTP/1.1" 404 24726 "-" "Mozilla/5.0 AppleWebKit/537.36 (KHTML, like Gecko; compatible; GPTBot/1.2; +https://openai.com/gptbot)"
20.171.207.244 - - [17/Jul/2025:18:17:02 +0000] "GET /shopdetail/2635709600.shtml HTTP/1.1" 404 24727 "-" "Mozilla/5.0 AppleWebKit/537.36 (KHTML, like Gecko; compatible; GPTBot/1.2; +https://openai.com/gptbot)"
20.171.207.244 - - [17/Jul/2025:18:17:04 +0000] "GET /shopdetail/2635362070.shtml HTTP/1.1" 404 24728 "-" "Mozilla/5.0 AppleWebKit/537.36 (KHTML, like Gecko; compatible; GPTBot/1.2; +https://openai.com/gptbot)"
216.73.216.236 - - [17/Jul/2025:18:17:07 +0000] "GET /portfolio/exhaust-system HTTP/1.1" 301 - "-" "Mozilla/5.0 AppleWebKit/537.36 (KHTML, like Gecko; compatible; ClaudeBot/1.0; [email protected])"
20.171.207.244 - - [17/Jul/2025:18:17:07 +0000] "GET /shopdetail/2635422580.shtml HTTP/1.1" 404 24724 "-" "Mozilla/5.0 AppleWebKit/537.36 (KHTML, like Gecko; compatible; GPTBot/1.2; +https://openai.com/gptbot)"
216.73.216.236 - - [17/Jul/2025:18:17:07 +0000] "GET /portfolio/exhaust-system/ HTTP/1.1" 200 36284 "https://cartel.express/portfolio/exhaust-system" "Mozilla/5.0 AppleWebKit/537.36 (KHTML, like Gecko; compatible; ClaudeBot/1.0; [email protected])"
216.73.216.236 - - [17/Jul/2025:18:17:09 +0000] "GET /services/part-replacement HTTP/1.1" 301 - "-" "Mozilla/5.0 AppleWebKit/537.36 (KHTML, like Gecko; compatible; ClaudeBot/1.0; [email protected])"
20.171.207.244 - - [17/Jul/2025:18:17:09 +0000] "GET /shopdetail/2635190016.shtml HTTP/1.1" 404 24725 "-" "Mozilla/5.0 AppleWebKit/537.36 (KHTML, like Gecko; compatible; GPTBot/1.2; +https://openai.com/gptbot)"
216.73.216.236 - - [17/Jul/2025:18:17:09 +0000] "GET /services/part-replacement/ HTTP/1.1" 200 37697 "https://cartel.express/services/part-replacement" "Mozilla/5.0 AppleWebKit/537.36 (KHTML, like Gecko; compatible; ClaudeBot/1.0; [email protected])"
20.171.207.244 - - [17/Jul/2025:18:17:12 +0000] "GET /shopdetail/2635816580.shtml HTTP/1.1" 404 24726 "-" "Mozilla/5.0 AppleWebKit/537.36 (KHTML, like Gecko; compatible; GPTBot/1.2; +https://openai.com/gptbot)"
209.74.77.214 - - [17/Jul/2025:18:17:15 +0000] "POST /wp-cron.php?doing_wp_cron=1752776235.4259200096130371093750 HTTP/1.1" 200 - "-" "WordPress/6.8.2; https://cartel.express"
20.171.207.244 - - [17/Jul/2025:18:17:15 +0000] "GET /shopdetail/2635241494.shtml HTTP/1.1" 404 24727 "-" "Mozilla/5.0 AppleWebKit/537.36 (KHTML, like Gecko; compatible; GPTBot/1.2; +https://openai.com/gptbot)"
20.171.207.244 - - [17/Jul/2025:18:17:17 +0000] "GET /shopdetail/2635502304.shtml HTTP/1.1" 404 24728 "-" "Mozilla/5.0 AppleWebKit/537.36 (KHTML, like Gecko; compatible; GPTBot/1.2; +https://openai.com/gptbot)"
20.171.207.244 - - [17/Jul/2025:18:17:20 +0000] "GET /shopdetail/2635600372.shtml HTTP/1.1" 404 24728 "-" "Mozilla/5.0 AppleWebKit/537.36 (KHTML, like Gecko; compatible; GPTBot/1.2; +https://openai.com/gptbot)"
20.171.207.244 - - [17/Jul/2025:18:17:23 +0000] "GET /shopdetail/2635752892.shtml HTTP/1.1" 404 24728 "-" "Mozilla/5.0 AppleWebKit/537.36 (KHTML, like Gecko; compatible; GPTBot/1.2; +https://openai.com/gptbot)"
20.171.207.244 - - [17/Jul/2025:18:17:25 +0000] "GET /shopdetail/2635063702.shtml HTTP/1.1" 404 24725 "-" "Mozilla/5.0 AppleWebKit/537.36 (KHTML, like Gecko; compatible; GPTBot/1.2; +https://openai.com/gptbot)"
20.171.207.244 - - [17/Jul/2025:18:17:28 +0000] "GET /shopdetail/2635270930.shtml HTTP/1.1" 404 24726 "-" "Mozilla/5.0 AppleWebKit/537.36 (KHTML, like Gecko; compatible; GPTBot/1.2; +https://openai.com/gptbot)"
20.171.207.244 - - [17/Jul/2025:18:17:30 +0000] "GET /shopdetail/2635171996.shtml HTTP/1.1" 404 24727 "-" "Mozilla/5.0 AppleWebKit/537.36 (KHTML, like Gecko; compatible; GPTBot/1.2; +https://openai.com/gptbot)"
20.171.207.244 - - [17/Jul/2025:18:17:33 +0000] "GET /shopdetail/2635505870.shtml HTTP/1.1" 404 24727 "-" "Mozilla/5.0 AppleWebKit/537.36 (KHTML, like Gecko; compatible; GPTBot/1.2; +https://openai.com/gptbot)"
20.171.207.244 - - [17/Jul/2025:18:17:36 +0000] "GET /shopdetail/2635698376.shtml HTTP/1.1" 404 24728 "-" "Mozilla/5.0 AppleWebKit/537.36 (KHTML, like Gecko; compatible; GPTBot/1.2; +https://openai.com/gptbot)"
20.171.207.244 - - [17/Jul/2025:18:17:38 +0000] "GET /shopdetail/2635758570.shtml HTTP/1.1" 404 24727 "-" "Mozilla/5.0 AppleWebKit/537.36 (KHTML, like Gecko; compatible; GPTBot/1.2; +https://openai.com/gptbot)"
20.171.207.244 - - [17/Jul/2025:18:17:41 +0000] "GET /shopdetail/2635413604.shtml HTTP/1.1" 404 24727 "-" "Mozilla/5.0 AppleWebKit/537.36 (KHTML, like Gecko; compatible; GPTBot/1.2; +https://openai.com/gptbot)"
20.171.207.244 - - [17/Jul/2025:18:17:43 +0000] "GET /shopdetail/2635494194.shtml HTTP/1.1" 404 24726 "-" "Mozilla/5.0 AppleWebKit/537.36 (KHTML, like Gecko; compatible; GPTBot/1.2; +https://openai.com/gptbot)"
20.171.207.244 - - [17/Jul/2025:18:17:46 +0000] "GET /shopdetail/2635293830.shtml HTTP/1.1" 404 24728 "-" "Mozilla/5.0 AppleWebKit/537.36 (KHTML, like Gecko; compatible; GPTBot/1.2; +https://openai.com/gptbot)"
20.171.207.244 - - [17/Jul/2025:18:17:49 +0000] "GET /shopdetail/2635381596.shtml HTTP/1.1" 404 24725 "-" "Mozilla/5.0 AppleWebKit/537.36 (KHTML, like Gecko; compatible; GPTBot/1.2; +https://openai.com/gptbot)"
20.171.207.244 - - [17/Jul/2025:18:17:51 +0000] "GET /shopdetail/2635082110.shtml HTTP/1.1" 404 24728 "-" "Mozilla/5.0 AppleWebKit/537.36 (KHTML, like Gecko; compatible; GPTBot/1.2; +https://openai.com/gptbot)"
20.171.207.244 - - [17/Jul/2025:18:17:54 +0000] "GET /shopdetail/2635020474.shtml HTTP/1.1" 404 24727 "-" "Mozilla/5.0 AppleWebKit/537.36 (KHTML, like Gecko; compatible; GPTBot/1.2; +https://openai.com/gptbot)"
209.74.77.214 - - [17/Jul/2025:18:17:57 +0000] "POST /wp-cron.php?doing_wp_cron=1752776277.1566278934478759765625 HTTP/1.1" 200 - "-" "WordPress/6.8.2; https://cartel.express"
20.171.207.244 - - [17/Jul/2025:18:17:56 +0000] "GET /shopdetail/2635338304.shtml HTTP/1.1" 404 24723 "-" "Mozilla/5.0 AppleWebKit/537.36 (KHTML, like Gecko; compatible; GPTBot/1.2; +https://openai.com/gptbot)"
20.171.207.244 - - [17/Jul/2025:18:17:59 +0000] "GET /shopdetail/2635013546.shtml HTTP/1.1" 404 24729 "-" "Mozilla/5.0 AppleWebKit/537.36 (KHTML, like Gecko; compatible; GPTBot/1.2; +https://openai.com/gptbot)"
20.171.207.244 - - [17/Jul/2025:18:18:02 +0000] "GET /shopdetail/2635458948.shtml HTTP/1.1" 404 24726 "-" "Mozilla/5.0 AppleWebKit/537.36 (KHTML, like Gecko; compatible; GPTBot/1.2; +https://openai.com/gptbot)"
20.171.207.244 - - [17/Jul/2025:18:18:04 +0000] "GET /shopdetail/2635211990.shtml HTTP/1.1" 404 24728 "-" "Mozilla/5.0 AppleWebKit/537.36 (KHTML, like Gecko; compatible; GPTBot/1.2; +https://openai.com/gptbot)"
20.171.207.244 - - [17/Jul/2025:18:18:07 +0000] "GET /shopdetail/2635056774.shtml HTTP/1.1" 404 24728 "-" "Mozilla/5.0 AppleWebKit/537.36 (KHTML, like Gecko; compatible; GPTBot/1.2; +https://openai.com/gptbot)"
20.171.207.244 - - [17/Jul/2025:18:18:09 +0000] "GET /shopdetail/2635089896.shtml HTTP/1.1" 404 24726 "-" "Mozilla/5.0 AppleWebKit/537.36 (KHTML, like Gecko; compatible; GPTBot/1.2; +https://openai.com/gptbot)"
209.74.77.214 - - [17/Jul/2025:18:18:13 +0000] "POST /wp-cron.php?doing_wp_cron=1752776293.0083920955657958984375 HTTP/1.1" 200 - "-" "WordPress/6.8.2; https://cartel.express"
20.171.207.244 - - [17/Jul/2025:18:18:12 +0000] "GET /shopdetail/2635833742.shtml HTTP/1.1" 404 24728 "-" "Mozilla/5.0 AppleWebKit/537.36 (KHTML, like Gecko; compatible; GPTBot/1.2; +https://openai.com/gptbot)"
20.171.207.244 - - [17/Jul/2025:18:18:15 +0000] "GET /shopdetail/2635393144.shtml HTTP/1.1" 404 24726 "-" "Mozilla/5.0 AppleWebKit/537.36 (KHTML, like Gecko; compatible; GPTBot/1.2; +https://openai.com/gptbot)"
20.171.207.244 - - [17/Jul/2025:18:18:17 +0000] "GET /shopdetail/2635445480.shtml HTTP/1.1" 404 24725 "-" "Mozilla/5.0 AppleWebKit/537.36 (KHTML, like Gecko; compatible; GPTBot/1.2; +https://openai.com/gptbot)"
216.73.216.236 - - [17/Jul/2025:18:18:19 +0000] "GET /portfolio/custom-paint-jobs HTTP/1.1" 301 - "-" "Mozilla/5.0 AppleWebKit/537.36 (KHTML, like Gecko; compatible; ClaudeBot/1.0; [email protected])"
216.73.216.236 - - [17/Jul/2025:18:18:20 +0000] "GET /portfolio/custom-paint-jobs/ HTTP/1.1" 200 36783 "https://cartel.express/portfolio/custom-paint-jobs" "Mozilla/5.0 AppleWebKit/537.36 (KHTML, like Gecko; compatible; ClaudeBot/1.0; [email protected])"
20.171.207.244 - - [17/Jul/2025:18:18:20 +0000] "GET /shopdetail/2635799426.shtml HTTP/1.1" 404 24728 "-" "Mozilla/5.0 AppleWebKit/537.36 (KHTML, like Gecko; compatible; GPTBot/1.2; +https://openai.com/gptbot)"
216.73.216.236 - - [17/Jul/2025:18:18:21 +0000] "GET /?p=8 HTTP/1.1" 301 - "-" "Mozilla/5.0 AppleWebKit/537.36 (KHTML, like Gecko; compatible; ClaudeBot/1.0; [email protected])"
216.73.216.236 - - [17/Jul/2025:18:18:22 +0000] "GET /typography/ HTTP/1.1" 200 31145 "https://cartel.express/?p=8" "Mozilla/5.0 AppleWebKit/537.36 (KHTML, like Gecko; compatible; ClaudeBot/1.0; [email protected])"
20.171.207.244 - - [17/Jul/2025:18:18:23 +0000] "GET /shopdetail/2635302806.shtml HTTP/1.1" 404 24727 "-" "Mozilla/5.0 AppleWebKit/537.36 (KHTML, like Gecko; compatible; GPTBot/1.2; +https://openai.com/gptbot)"
209.74.77.214 - - [17/Jul/2025:18:18:26 +0000] "POST /wp-cron.php?doing_wp_cron=1752776306.1045598983764648437500 HTTP/1.1" 200 - "-" "WordPress/6.8.2; https://cartel.express"
20.171.207.244 - - [17/Jul/2025:18:18:25 +0000] "GET /shopdetail/2635006810.shtml HTTP/1.1" 404 24726 "-" "Mozilla/5.0 AppleWebKit/537.36 (KHTML, like Gecko; compatible; GPTBot/1.2; +https://openai.com/gptbot)"
20.171.207.244 - - [17/Jul/2025:18:18:28 +0000] "GET /shopdetail/2635657196.shtml HTTP/1.1" 404 24727 "-" "Mozilla/5.0 AppleWebKit/537.36 (KHTML, like Gecko; compatible; GPTBot/1.2; +https://openai.com/gptbot)"
20.171.207.244 - - [17/Jul/2025:18:18:31 +0000] "GET /shopdetail/2635242740.shtml HTTP/1.1" 404 24725 "-" "Mozilla/5.0 AppleWebKit/537.36 (KHTML, like Gecko; compatible; GPTBot/1.2; +https://openai.com/gptbot)"
20.171.207.244 - - [17/Jul/2025:18:18:33 +0000] "GET /shopdetail/2635604860.shtml HTTP/1.1" 404 24727 "-" "Mozilla/5.0 AppleWebKit/537.36 (KHTML, like Gecko; compatible; GPTBot/1.2; +https://openai.com/gptbot)"
20.171.207.244 - - [17/Jul/2025:18:18:36 +0000] "GET /shopdetail/2635640110.shtml HTTP/1.1" 404 24729 "-" "Mozilla/5.0 AppleWebKit/537.36 (KHTML, like Gecko; compatible; GPTBot/1.2; +https://openai.com/gptbot)"
20.171.207.244 - - [17/Jul/2025:18:18:38 +0000] "GET /shopdetail/2635771236.shtml HTTP/1.1" 404 24729 "-" "Mozilla/5.0 AppleWebKit/537.36 (KHTML, like Gecko; compatible; GPTBot/1.2; +https://openai.com/gptbot)"
20.171.207.244 - - [17/Jul/2025:18:18:41 +0000] "GET /shopdetail/2635636740.shtml HTTP/1.1" 404 24727 "-" "Mozilla/5.0 AppleWebKit/537.36 (KHTML, like Gecko; compatible; GPTBot/1.2; +https://openai.com/gptbot)"
20.171.207.244 - - [17/Jul/2025:18:18:44 +0000] "GET /shopdetail/2635473994.shtml HTTP/1.1" 404 24724 "-" "Mozilla/5.0 AppleWebKit/537.36 (KHTML, like Gecko; compatible; GPTBot/1.2; +https://openai.com/gptbot)"
20.171.207.244 - - [17/Jul/2025:18:18:46 +0000] "GET /shopdetail/2635404496.shtml HTTP/1.1" 404 24729 "-" "Mozilla/5.0 AppleWebKit/537.36 (KHTML, like Gecko; compatible; GPTBot/1.2; +https://openai.com/gptbot)"
20.171.207.244 - - [17/Jul/2025:18:18:49 +0000] "GET /shopdetail/2635427072.shtml HTTP/1.1" 404 24725 "-" "Mozilla/5.0 AppleWebKit/537.36 (KHTML, like Gecko; compatible; GPTBot/1.2; +https://openai.com/gptbot)"
20.171.207.244 - - [17/Jul/2025:18:18:52 +0000] "GET /shopdetail/2635298318.shtml HTTP/1.1" 404 24727 "-" "Mozilla/5.0 AppleWebKit/537.36 (KHTML, like Gecko; compatible; GPTBot/1.2; +https://openai.com/gptbot)"
20.171.207.244 - - [17/Jul/2025:18:18:54 +0000] "GET /shopdetail/2635501058.shtml HTTP/1.1" 404 24726 "-" "Mozilla/5.0 AppleWebKit/537.36 (KHTML, like Gecko; compatible; GPTBot/1.2; +https://openai.com/gptbot)"
209.74.77.214 - - [17/Jul/2025:18:18:57 +0000] "POST /wp-cron.php?doing_wp_cron=1752776337.5881121158599853515625 HTTP/1.1" 200 - "-" "WordPress/6.8.2; https://cartel.express"
20.171.207.244 - - [17/Jul/2025:18:18:57 +0000] "GET /shopdetail/2635254092.shtml HTTP/1.1" 404 24727 "-" "Mozilla/5.0 AppleWebKit/537.36 (KHTML, like Gecko; compatible; GPTBot/1.2; +https://openai.com/gptbot)"
20.171.207.244 - - [17/Jul/2025:18:18:59 +0000] "GET /shopdetail/2635150286.shtml HTTP/1.1" 404 24728 "-" "Mozilla/5.0 AppleWebKit/537.36 (KHTML, like Gecko; compatible; GPTBot/1.2; +https://openai.com/gptbot)"
20.171.207.244 - - [17/Jul/2025:18:19:02 +0000] "GET /shopdetail/2635019152.shtml HTTP/1.1" 404 24727 "-" "Mozilla/5.0 AppleWebKit/537.36 (KHTML, like Gecko; compatible; GPTBot/1.2; +https://openai.com/gptbot)"
20.171.207.244 - - [17/Jul/2025:18:19:05 +0000] "GET /shopdetail/2635305246.shtml HTTP/1.1" 404 24726 "-" "Mozilla/5.0 AppleWebKit/537.36 (KHTML, like Gecko; compatible; GPTBot/1.2; +https://openai.com/gptbot)"
20.171.207.244 - - [17/Jul/2025:18:19:08 +0000] "GET /shopdetail/2635161834.shtml HTTP/1.1" 404 24726 "-" "Mozilla/5.0 AppleWebKit/537.36 (KHTML, like Gecko; compatible; GPTBot/1.2; +https://openai.com/gptbot)"
20.171.207.244 - - [17/Jul/2025:18:19:10 +0000] "GET /shopdetail/2635688150.shtml HTTP/1.1" 404 24728 "-" "Mozilla/5.0 AppleWebKit/537.36 (KHTML, like Gecko; compatible; GPTBot/1.2; +https://openai.com/gptbot)"
209.74.77.214 - - [17/Jul/2025:18:19:13 +0000] "POST /wp-cron.php?doing_wp_cron=1752776353.5298380851745605468750 HTTP/1.1" 200 - "-" "WordPress/6.8.2; https://cartel.express"
20.171.207.244 - - [17/Jul/2025:18:19:13 +0000] "GET /shopdetail/2635028584.shtml HTTP/1.1" 404 24727 "-" "Mozilla/5.0 AppleWebKit/537.36 (KHTML, like Gecko; compatible; GPTBot/1.2; +https://openai.com/gptbot)"
20.171.207.244 - - [17/Jul/2025:18:19:15 +0000] "GET /shopdetail/2635785958.shtml HTTP/1.1" 404 24726 "-" "Mozilla/5.0 AppleWebKit/537.36 (KHTML, like Gecko; compatible; GPTBot/1.2; +https://openai.com/gptbot)"
20.171.207.244 - - [17/Jul/2025:18:19:18 +0000] "GET /shopdetail/2635686700.shtml HTTP/1.1" 404 24727 "-" "Mozilla/5.0 AppleWebKit/537.36 (KHTML, like Gecko; compatible; GPTBot/1.2; +https://openai.com/gptbot)"
20.171.207.244 - - [17/Jul/2025:18:19:21 +0000] "GET /shopdetail/2635803112.shtml HTTP/1.1" 404 24726 "-" "Mozilla/5.0 AppleWebKit/537.36 (KHTML, like Gecko; compatible; GPTBot/1.2; +https://openai.com/gptbot)"
216.73.216.236 - - [17/Jul/2025:18:19:21 +0000] "GET /team/andrew-walker HTTP/1.1" 301 - "-" "Mozilla/5.0 AppleWebKit/537.36 (KHTML, like Gecko; compatible; ClaudeBot/1.0; [email protected])"
216.73.216.236 - - [17/Jul/2025:18:19:21 +0000] "GET /team/andrew-walker/ HTTP/1.1" 200 37546 "https://cartel.express/team/andrew-walker" "Mozilla/5.0 AppleWebKit/537.36 (KHTML, like Gecko; compatible; ClaudeBot/1.0; [email protected])"
20.171.207.244 - - [17/Jul/2025:18:19:23 +0000] "GET /shopdetail/2635151276.shtml HTTP/1.1" 404 24727 "-" "Mozilla/5.0 AppleWebKit/537.36 (KHTML, like Gecko; compatible; GPTBot/1.2; +https://openai.com/gptbot)"
216.73.216.236 - - [17/Jul/2025:18:19:24 +0000] "GET /?p=949 HTTP/1.1" 301 - "-" "Mozilla/5.0 AppleWebKit/537.36 (KHTML, like Gecko; compatible; ClaudeBot/1.0; [email protected])"
216.73.216.236 - - [17/Jul/2025:18:19:24 +0000] "GET /services/ceramic-coating/ HTTP/1.1" 200 37717 "https://cartel.express/?p=949" "Mozilla/5.0 AppleWebKit/537.36 (KHTML, like Gecko; compatible; ClaudeBot/1.0; [email protected])"
20.171.207.244 - - [17/Jul/2025:18:19:26 +0000] "GET /shopdetail/2635818952.shtml HTTP/1.1" 404 24728 "-" "Mozilla/5.0 AppleWebKit/537.36 (KHTML, like Gecko; compatible; GPTBot/1.2; +https://openai.com/gptbot)"
20.171.207.244 - - [17/Jul/2025:18:19:29 +0000] "GET /shopdetail/2635200314.shtml HTTP/1.1" 404 24727 "-" "Mozilla/5.0 AppleWebKit/537.36 (KHTML, like Gecko; compatible; GPTBot/1.2; +https://openai.com/gptbot)"
20.171.207.244 - - [17/Jul/2025:18:19:31 +0000] "GET /shopdetail/2635797374.shtml HTTP/1.1" 404 24728 "-" "Mozilla/5.0 AppleWebKit/537.36 (KHTML, like Gecko; compatible; GPTBot/1.2; +https://openai.com/gptbot)"
20.171.207.244 - - [17/Jul/2025:18:19:34 +0000] "GET /shopdetail/2635360944.shtml HTTP/1.1" 404 24727 "-" "Mozilla/5.0 AppleWebKit/537.36 (KHTML, like Gecko; compatible; GPTBot/1.2; +https://openai.com/gptbot)"
20.171.207.244 - - [17/Jul/2025:18:19:37 +0000] "GET /shopdetail/2635348602.shtml HTTP/1.1" 404 24728 "-" "Mozilla/5.0 AppleWebKit/537.36 (KHTML, like Gecko; compatible; GPTBot/1.2; +https://openai.com/gptbot)"
20.171.207.244 - - [17/Jul/2025:18:19:40 +0000] "GET /shopdetail/2635244856.shtml HTTP/1.1" 404 24727 "-" "Mozilla/5.0 AppleWebKit/537.36 (KHTML, like Gecko; compatible; GPTBot/1.2; +https://openai.com/gptbot)"
20.171.207.244 - - [17/Jul/2025:18:19:42 +0000] "GET /shopdetail/2635285968.shtml HTTP/1.1" 404 24726 "-" "Mozilla/5.0 AppleWebKit/537.36 (KHTML, like Gecko; compatible; GPTBot/1.2; +https://openai.com/gptbot)"
20.171.207.244 - - [17/Jul/2025:18:19:45 +0000] "GET /shopdetail/2635371178.shtml HTTP/1.1" 404 24726 "-" "Mozilla/5.0 AppleWebKit/537.36 (KHTML, like Gecko; compatible; GPTBot/1.2; +https://openai.com/gptbot)"
20.171.207.244 - - [17/Jul/2025:18:19:47 +0000] "GET /shopdetail/2635742602.shtml HTTP/1.1" 404 24726 "-" "Mozilla/5.0 AppleWebKit/537.36 (KHTML, like Gecko; compatible; GPTBot/1.2; +https://openai.com/gptbot)"
20.171.207.244 - - [17/Jul/2025:18:19:50 +0000] "GET /shopdetail/2635342860.shtml HTTP/1.1" 404 24731 "-" "Mozilla/5.0 AppleWebKit/537.36 (KHTML, like Gecko; compatible; GPTBot/1.2; +https://openai.com/gptbot)"
20.171.207.244 - - [17/Jul/2025:18:19:53 +0000] "GET /shopdetail/2635821392.shtml HTTP/1.1" 404 24726 "-" "Mozilla/5.0 AppleWebKit/537.36 (KHTML, like Gecko; compatible; GPTBot/1.2; +https://openai.com/gptbot)"
20.171.207.244 - - [17/Jul/2025:18:19:55 +0000] "GET /shopdetail/2635619586.shtml HTTP/1.1" 404 24726 "-" "Mozilla/5.0 AppleWebKit/537.36 (KHTML, like Gecko; compatible; GPTBot/1.2; +https://openai.com/gptbot)"
209.74.77.214 - - [17/Jul/2025:18:19:58 +0000] "POST /wp-cron.php?doing_wp_cron=1752776398.5689129829406738281250 HTTP/1.1" 200 - "-" "WordPress/6.8.2; https://cartel.express"
20.171.207.244 - - [17/Jul/2025:18:19:58 +0000] "GET /shopdetail/2635280038.shtml HTTP/1.1" 404 24728 "-" "Mozilla/5.0 AppleWebKit/537.36 (KHTML, like Gecko; compatible; GPTBot/1.2; +https://openai.com/gptbot)"
20.171.207.244 - - [17/Jul/2025:18:20:00 +0000] "GET /shopdetail/2635130752.shtml HTTP/1.1" 404 24724 "-" "Mozilla/5.0 AppleWebKit/537.36 (KHTML, like Gecko; compatible; GPTBot/1.2; +https://openai.com/gptbot)"
20.171.207.244 - - [17/Jul/2025:18:20:03 +0000] "GET /shopdetail/2635774478.shtml HTTP/1.1" 404 24728 "-" "Mozilla/5.0 AppleWebKit/537.36 (KHTML, like Gecko; compatible; GPTBot/1.2; +https://openai.com/gptbot)"
20.171.207.244 - - [17/Jul/2025:18:20:06 +0000] "GET /shopdetail/2635747414.shtml HTTP/1.1" 404 24729 "-" "Mozilla/5.0 AppleWebKit/537.36 (KHTML, like Gecko; compatible; GPTBot/1.2; +https://openai.com/gptbot)"
20.171.207.244 - - [17/Jul/2025:18:20:08 +0000] "GET /shopdetail/2635379224.shtml HTTP/1.1" 404 24729 "-" "Mozilla/5.0 AppleWebKit/537.36 (KHTML, like Gecko; compatible; GPTBot/1.2; +https://openai.com/gptbot)"
20.171.207.244 - - [17/Jul/2025:18:20:11 +0000] "GET /shopdetail/2635437370.shtml HTTP/1.1" 404 24727 "-" "Mozilla/5.0 AppleWebKit/537.36 (KHTML, like Gecko; compatible; GPTBot/1.2; +https://openai.com/gptbot)"
209.74.77.214 - - [17/Jul/2025:18:20:14 +0000] "POST /wp-cron.php?doing_wp_cron=1752776414.4626080989837646484375 HTTP/1.1" 200 - "-" "WordPress/6.8.2; https://cartel.express"
20.171.207.244 - - [17/Jul/2025:18:20:14 +0000] "GET /shopdetail/2635762128.shtml HTTP/1.1" 404 24726 "-" "Mozilla/5.0 AppleWebKit/537.36 (KHTML, like Gecko; compatible; GPTBot/1.2; +https://openai.com/gptbot)"
20.171.207.244 - - [17/Jul/2025:18:20:16 +0000] "GET /shopdetail/2635580846.shtml HTTP/1.1" 404 24728 "-" "Mozilla/5.0 AppleWebKit/537.36 (KHTML, like Gecko; compatible; GPTBot/1.2; +https://openai.com/gptbot)"
20.171.207.244 - - [17/Jul/2025:18:20:19 +0000] "GET /shopdetail/2635624074.shtml HTTP/1.1" 404 24725 "-" "Mozilla/5.0 AppleWebKit/537.36 (KHTML, like Gecko; compatible; GPTBot/1.2; +https://openai.com/gptbot)"
20.171.207.244 - - [17/Jul/2025:18:20:22 +0000] "GET /shopdetail/2635143426.shtml HTTP/1.1" 404 24727 "-" "Mozilla/5.0 AppleWebKit/537.36 (KHTML, like Gecko; compatible; GPTBot/1.2; +https://openai.com/gptbot)"
209.74.77.214 - - [17/Jul/2025:18:20:24 +0000] "POST /wp-cron.php?doing_wp_cron=1752776424.8979671001434326171875 HTTP/1.1" 200 - "-" "WordPress/6.8.2; https://cartel.express"
20.171.207.244 - - [17/Jul/2025:18:20:24 +0000] "GET /shopdetail/2635396450.shtml HTTP/1.1" 404 24726 "-" "Mozilla/5.0 AppleWebKit/537.36 (KHTML, like Gecko; compatible; GPTBot/1.2; +https://openai.com/gptbot)"
20.171.207.244 - - [17/Jul/2025:18:20:27 +0000] "GET /shopdetail/2635504744.shtml HTTP/1.1" 404 24726 "-" "Mozilla/5.0 AppleWebKit/537.36 (KHTML, like Gecko; compatible; GPTBot/1.2; +https://openai.com/gptbot)"
209.74.77.214 - - [17/Jul/2025:18:20:28 +0000] "POST /wp-cron.php?doing_wp_cron=1752776428.2979490756988525390625 HTTP/1.1" 200 - "-" "WordPress/6.8.2; https://cartel.express"
216.73.216.236 - - [17/Jul/2025:18:20:28 +0000] "GET /portfolio/maintenance HTTP/1.1" 301 - "-" "Mozilla/5.0 AppleWebKit/537.36 (KHTML, like Gecko; compatible; ClaudeBot/1.0; [email protected])"
216.73.216.236 - - [17/Jul/2025:18:20:28 +0000] "GET /portfolio/maintenance/ HTTP/1.1" 200 36735 "https://cartel.express/portfolio/maintenance" "Mozilla/5.0 AppleWebKit/537.36 (KHTML, like Gecko; compatible; ClaudeBot/1.0; [email protected])"
20.171.207.244 - - [17/Jul/2025:18:20:29 +0000] "GET /shopdetail/2635290456.shtml HTTP/1.1" 404 24727 "-" "Mozilla/5.0 AppleWebKit/537.36 (KHTML, like Gecko; compatible; GPTBot/1.2; +https://openai.com/gptbot)"
216.73.216.236 - - [17/Jul/2025:18:20:30 +0000] "GET /sealing-headlights-after-a-polish-with-a-film/feed HTTP/1.1" 301 - "-" "Mozilla/5.0 AppleWebKit/537.36 (KHTML, like Gecko; compatible; ClaudeBot/1.0; [email protected])"
216.73.216.236 - - [17/Jul/2025:18:20:30 +0000] "GET /sealing-headlights-after-a-polish-with-a-film/feed/ HTTP/1.1" 200 475 "https://cartel.express/sealing-headlights-after-a-polish-with-a-film/feed" "Mozilla/5.0 AppleWebKit/537.36 (KHTML, like Gecko; compatible; ClaudeBot/1.0; [email protected])"
20.171.207.244 - - [17/Jul/2025:18:20:32 +0000] "GET /shopdetail/2635703862.shtml HTTP/1.1" 404 24727 "-" "Mozilla/5.0 AppleWebKit/537.36 (KHTML, like Gecko; compatible; GPTBot/1.2; +https://openai.com/gptbot)"
20.171.207.244 - - [17/Jul/2025:18:20:34 +0000] "GET /shopdetail/2635283596.shtml HTTP/1.1" 404 24726 "-" "Mozilla/5.0 AppleWebKit/537.36 (KHTML, like Gecko; compatible; GPTBot/1.2; +https://openai.com/gptbot)"
20.171.207.244 - - [17/Jul/2025:18:20:37 +0000] "GET /shopdetail/2635036314.shtml HTTP/1.1" 404 24728 "-" "Mozilla/5.0 AppleWebKit/537.36 (KHTML, like Gecko; compatible; GPTBot/1.2; +https://openai.com/gptbot)"
20.171.207.244 - - [17/Jul/2025:18:20:40 +0000] "GET /shopdetail/2635520584.shtml HTTP/1.1" 404 24726 "-" "Mozilla/5.0 AppleWebKit/537.36 (KHTML, like Gecko; compatible; GPTBot/1.2; +https://openai.com/gptbot)"
20.171.207.244 - - [17/Jul/2025:18:20:42 +0000] "GET /shopdetail/2635652708.shtml HTTP/1.1" 404 24728 "-" "Mozilla/5.0 AppleWebKit/537.36 (KHTML, like Gecko; compatible; GPTBot/1.2; +https://openai.com/gptbot)"
20.171.207.244 - - [17/Jul/2025:18:20:45 +0000] "GET /shopdetail/2635654824.shtml HTTP/1.1" 404 24727 "-" "Mozilla/5.0 AppleWebKit/537.36 (KHTML, like Gecko; compatible; GPTBot/1.2; +https://openai.com/gptbot)"
20.171.207.244 - - [17/Jul/2025:18:20:48 +0000] "GET /shopdetail/2635046540.shtml HTTP/1.1" 404 24729 "-" "Mozilla/5.0 AppleWebKit/537.36 (KHTML, like Gecko; compatible; GPTBot/1.2; +https://openai.com/gptbot)"
20.171.207.244 - - [17/Jul/2025:18:20:50 +0000] "GET /shopdetail/2635462318.shtml HTTP/1.1" 404 24725 "-" "Mozilla/5.0 AppleWebKit/537.36 (KHTML, like Gecko; compatible; GPTBot/1.2; +https://openai.com/gptbot)"
20.171.207.244 - - [17/Jul/2025:18:20:53 +0000] "GET /shopdetail/2635708350.shtml HTTP/1.1" 404 24725 "-" "Mozilla/5.0 AppleWebKit/537.36 (KHTML, like Gecko; compatible; GPTBot/1.2; +https://openai.com/gptbot)"
20.171.207.244 - - [17/Jul/2025:18:20:55 +0000] "GET /shopdetail/2635009058.shtml HTTP/1.1" 404 24728 "-" "Mozilla/5.0 AppleWebKit/537.36 (KHTML, like Gecko; compatible; GPTBot/1.2; +https://openai.com/gptbot)"
209.74.77.214 - - [17/Jul/2025:18:20:58 +0000] "POST /wp-cron.php?doing_wp_cron=1752776458.7661149501800537109375 HTTP/1.1" 200 - "-" "WordPress/6.8.2; https://cartel.express"
20.171.207.244 - - [17/Jul/2025:18:20:58 +0000] "GET /shopdetail/2635698052.shtml HTTP/1.1" 404 24729 "-" "Mozilla/5.0 AppleWebKit/537.36 (KHTML, like Gecko; compatible; GPTBot/1.2; +https://openai.com/gptbot)"
20.171.207.244 - - [17/Jul/2025:18:21:01 +0000] "GET /shopdetail/2635069440.shtml HTTP/1.1" 404 24725 "-" "Mozilla/5.0 AppleWebKit/537.36 (KHTML, like Gecko; compatible; GPTBot/1.2; +https://openai.com/gptbot)"
20.171.207.244 - - [17/Jul/2025:18:21:03 +0000] "GET /shopdetail/2635114912.shtml HTTP/1.1" 404 24728 "-" "Mozilla/5.0 AppleWebKit/537.36 (KHTML, like Gecko; compatible; GPTBot/1.2; +https://openai.com/gptbot)"
20.171.207.244 - - [17/Jul/2025:18:21:06 +0000] "GET /shopdetail/2635453210.shtml HTTP/1.1" 404 24728 "-" "Mozilla/5.0 AppleWebKit/537.36 (KHTML, like Gecko; compatible; GPTBot/1.2; +https://openai.com/gptbot)"
20.171.207.244 - - [17/Jul/2025:18:21:08 +0000] "GET /shopdetail/2635510358.shtml HTTP/1.1" 404 24729 "-" "Mozilla/5.0 AppleWebKit/537.36 (KHTML, like Gecko; compatible; GPTBot/1.2; +https://openai.com/gptbot)"
20.171.207.244 - - [17/Jul/2025:18:21:11 +0000] "GET /shopdetail/2635722142.shtml HTTP/1.1" 404 24727 "-" "Mozilla/5.0 AppleWebKit/537.36 (KHTML, like Gecko; compatible; GPTBot/1.2; +https://openai.com/gptbot)"
209.74.77.214 - - [17/Jul/2025:18:21:14 +0000] "POST /wp-cron.php?doing_wp_cron=1752776474.5721659660339355468750 HTTP/1.1" 200 - "-" "WordPress/6.8.2; https://cartel.express"
20.171.207.244 - - [17/Jul/2025:18:21:14 +0000] "GET /shopdetail/2635804238.shtml HTTP/1.1" 404 24728 "-" "Mozilla/5.0 AppleWebKit/537.36 (KHTML, like Gecko; compatible; GPTBot/1.2; +https://openai.com/gptbot)"
20.171.207.244 - - [17/Jul/2025:18:21:16 +0000] "GET /shopdetail/2635219776.shtml HTTP/1.1" 404 24726 "-" "Mozilla/5.0 AppleWebKit/537.36 (KHTML, like Gecko; compatible; GPTBot/1.2; +https://openai.com/gptbot)"
57.141.2.25 - - [17/Jul/2025:18:21:18 +0000] "GET /blog-standard/ HTTP/1.1" 200 194241 "-" "meta-externalagent/1.1 (+https://developers.facebook.com/docs/sharing/webmasters/crawler)"
20.171.207.244 - - [17/Jul/2025:18:21:19 +0000] "GET /shopdetail/2635617534.shtml HTTP/1.1" 404 24725 "-" "Mozilla/5.0 AppleWebKit/537.36 (KHTML, like Gecko; compatible; GPTBot/1.2; +https://openai.com/gptbot)"
20.171.207.244 - - [17/Jul/2025:18:21:22 +0000] "GET /shopdetail/2635174176.shtml HTTP/1.1" 404 24728 "-" "Mozilla/5.0 AppleWebKit/537.36 (KHTML, like Gecko; compatible; GPTBot/1.2; +https://openai.com/gptbot)"
20.171.207.244 - - [17/Jul/2025:18:21:24 +0000] "GET /shopdetail/2635018358.shtml HTTP/1.1" 404 24726 "-" "Mozilla/5.0 AppleWebKit/537.36 (KHTML, like Gecko; compatible; GPTBot/1.2; +https://openai.com/gptbot)"
20.171.207.244 - - [17/Jul/2025:18:21:27 +0000] "GET /shopdetail/2635395260.shtml HTTP/1.1" 404 24727 "-" "Mozilla/5.0 AppleWebKit/537.36 (KHTML, like Gecko; compatible; GPTBot/1.2; +https://openai.com/gptbot)"
20.171.207.244 - - [17/Jul/2025:18:21:29 +0000] "GET /shopdetail/2635014664.shtml HTTP/1.1" 404 24728 "-" "Mozilla/5.0 AppleWebKit/537.36 (KHTML, like Gecko; compatible; GPTBot/1.2; +https://openai.com/gptbot)"
20.171.207.244 - - [17/Jul/2025:18:21:32 +0000] "GET /shopdetail/2635547972.shtml HTTP/1.1" 404 24727 "-" "Mozilla/5.0 AppleWebKit/537.36 (KHTML, like Gecko; compatible; GPTBot/1.2; +https://openai.com/gptbot)"
20.171.207.244 - - [17/Jul/2025:18:21:35 +0000] "GET /shopdetail/2635094452.shtml HTTP/1.1" 404 24726 "-" "Mozilla/5.0 AppleWebKit/537.36 (KHTML, like Gecko; compatible; GPTBot/1.2; +https://openai.com/gptbot)"
20.171.207.244 - - [17/Jul/2025:18:21:37 +0000] "GET /shopdetail/2635706234.shtml HTTP/1.1" 404 24726 "-" "Mozilla/5.0 AppleWebKit/537.36 (KHTML, like Gecko; compatible; GPTBot/1.2; +https://openai.com/gptbot)"
20.171.207.244 - - [17/Jul/2025:18:21:40 +0000] "GET /shopdetail/2635221892.shtml HTTP/1.1" 404 24726 "-" "Mozilla/5.0 AppleWebKit/537.36 (KHTML, like Gecko; compatible; GPTBot/1.2; +https://openai.com/gptbot)"
20.171.207.244 - - [17/Jul/2025:18:21:42 +0000] "GET /shopdetail/2635822390.shtml HTTP/1.1" 404 24728 "-" "Mozilla/5.0 AppleWebKit/537.36 (KHTML, like Gecko; compatible; GPTBot/1.2; +https://openai.com/gptbot)"
216.73.216.236 - - [17/Jul/2025:18:21:44 +0000] "GET /?p=12954 HTTP/1.1" 301 - "-" "Mozilla/5.0 AppleWebKit/537.36 (KHTML, like Gecko; compatible; ClaudeBot/1.0; [email protected])"
216.73.216.236 - - [17/Jul/2025:18:21:44 +0000] "GET /privacy-policy/ HTTP/1.1" 200 32030 "https://cartel.express/?p=12954" "Mozilla/5.0 AppleWebKit/537.36 (KHTML, like Gecko; compatible; ClaudeBot/1.0; [email protected])"
20.171.207.244 - - [17/Jul/2025:18:21:45 +0000] "GET /shopdetail/2635341674.shtml HTTP/1.1" 404 24728 "-" "Mozilla/5.0 AppleWebKit/537.36 (KHTML, like Gecko; compatible; GPTBot/1.2; +https://openai.com/gptbot)"
216.73.216.236 - - [17/Jul/2025:18:21:47 +0000] "GET /?p=2332 HTTP/1.1" 301 - "-" "Mozilla/5.0 AppleWebKit/537.36 (KHTML, like Gecko; compatible; ClaudeBot/1.0; [email protected])"
216.73.216.236 - - [17/Jul/2025:18:21:47 +0000] "GET /cart/ HTTP/1.1" 200 56013 "https://cartel.express/?p=2332" "Mozilla/5.0 AppleWebKit/537.36 (KHTML, like Gecko; compatible; ClaudeBot/1.0; [email protected])"
20.171.207.244 - - [17/Jul/2025:18:21:48 +0000] "GET /shopdetail/2635485218.shtml HTTP/1.1" 404 24726 "-" "Mozilla/5.0 AppleWebKit/537.36 (KHTML, like Gecko; compatible; GPTBot/1.2; +https://openai.com/gptbot)"
20.171.207.244 - - [17/Jul/2025:18:21:50 +0000] "GET /shopdetail/2635397568.shtml HTTP/1.1" 404 24728 "-" "Mozilla/5.0 AppleWebKit/537.36 (KHTML, like Gecko; compatible; GPTBot/1.2; +https://openai.com/gptbot)"
20.171.207.244 - - [17/Jul/2025:18:21:53 +0000] "GET /shopdetail/2635691512.shtml HTTP/1.1" 404 24728 "-" "Mozilla/5.0 AppleWebKit/537.36 (KHTML, like Gecko; compatible; GPTBot/1.2; +https://openai.com/gptbot)"
20.171.207.244 - - [17/Jul/2025:18:21:55 +0000] "GET /shopdetail/2635282478.shtml HTTP/1.1" 404 24726 "-" "Mozilla/5.0 AppleWebKit/537.36 (KHTML, like Gecko; compatible; GPTBot/1.2; +https://openai.com/gptbot)"
209.74.77.214 - - [17/Jul/2025:18:21:58 +0000] "POST /wp-cron.php?doing_wp_cron=1752776518.7102739810943603515625 HTTP/1.1" 200 - "-" "WordPress/6.8.2; https://cartel.express"
20.171.207.244 - - [17/Jul/2025:18:21:58 +0000] "GET /shopdetail/2635035188.shtml HTTP/1.1" 404 24727 "-" "Mozilla/5.0 AppleWebKit/537.36 (KHTML, like Gecko; compatible; GPTBot/1.2; +https://openai.com/gptbot)"
20.171.207.244 - - [17/Jul/2025:18:22:00 +0000] "GET /shopdetail/2635500124.shtml HTTP/1.1" 404 24727 "-" "Mozilla/5.0 AppleWebKit/537.36 (KHTML, like Gecko; compatible; GPTBot/1.2; +https://openai.com/gptbot)"
207.46.13.229 - - [17/Jul/2025:18:22:02 +0000] "GET /robots.txt HTTP/1.1" 200 94 "-" "Mozilla/5.0 AppleWebKit/537.36 (KHTML, like Gecko; compatible; bingbot/2.0; +http://www.bing.com/bingbot.htm) Chrome/116.0.1938.76 Safari/537.36"
20.171.207.244 - - [17/Jul/2025:18:22:03 +0000] "GET /shopdetail/2635192456.shtml HTTP/1.1" 404 24728 "-" "Mozilla/5.0 AppleWebKit/537.36 (KHTML, like Gecko; compatible; GPTBot/1.2; +https://openai.com/gptbot)"
20.171.207.244 - - [17/Jul/2025:18:22:06 +0000] "GET /shopdetail/2635658390.shtml HTTP/1.1" 404 24727 "-" "Mozilla/5.0 AppleWebKit/537.36 (KHTML, like Gecko; compatible; GPTBot/1.2; +https://openai.com/gptbot)"
20.171.207.244 - - [17/Jul/2025:18:22:08 +0000] "GET /shopdetail/2635495312.shtml HTTP/1.1" 404 24727 "-" "Mozilla/5.0 AppleWebKit/537.36 (KHTML, like Gecko; compatible; GPTBot/1.2; +https://openai.com/gptbot)"
20.171.207.244 - - [17/Jul/2025:18:22:11 +0000] "GET /shopdetail/2635447596.shtml HTTP/1.1" 404 24724 "-" "Mozilla/5.0 AppleWebKit/537.36 (KHTML, like Gecko; compatible; GPTBot/1.2; +https://openai.com/gptbot)"
209.74.77.214 - - [17/Jul/2025:18:22:14 +0000] "POST /wp-cron.php?doing_wp_cron=1752776534.3979160785675048828125 HTTP/1.1" 200 - "-" "WordPress/6.8.2; https://cartel.express"
20.171.207.244 - - [17/Jul/2025:18:22:14 +0000] "GET /shopdetail/2635150354.shtml HTTP/1.1" 404 24726 "-" "Mozilla/5.0 AppleWebKit/537.36 (KHTML, like Gecko; compatible; GPTBot/1.2; +https://openai.com/gptbot)"
52.167.144.186 - - [17/Jul/2025:18:22:15 +0000] "GET /top-10-luxury-cars-to-rent-for-your-next-vacation/ HTTP/1.1" 200 18187 "-" "Mozilla/5.0 AppleWebKit/537.36 (KHTML, like Gecko; compatible; bingbot/2.0; +http://www.bing.com/bingbot.htm) Chrome/116.0.1938.76 Safari/537.36"
20.171.207.244 - - [17/Jul/2025:18:22:16 +0000] "GET /shopdetail/2635140052.shtml HTTP/1.1" 404 24729 "-" "Mozilla/5.0 AppleWebKit/537.36 (KHTML, like Gecko; compatible; GPTBot/1.2; +https://openai.com/gptbot)"
20.171.207.244 - - [17/Jul/2025:18:22:19 +0000] "GET /shopdetail/2635154842.shtml HTTP/1.1" 404 24727 "-" "Mozilla/5.0 AppleWebKit/537.36 (KHTML, like Gecko; compatible; GPTBot/1.2; +https://openai.com/gptbot)"
20.171.207.244 - - [17/Jul/2025:18:22:21 +0000] "GET /shopdetail/2635053468.shtml HTTP/1.1" 404 24725 "-" "Mozilla/5.0 AppleWebKit/537.36 (KHTML, like Gecko; compatible; GPTBot/1.2; +https://openai.com/gptbot)"
20.171.207.244 - - [17/Jul/2025:18:22:24 +0000] "GET /shopdetail/2635481844.shtml HTTP/1.1" 404 24728 "-" "Mozilla/5.0 AppleWebKit/537.36 (KHTML, like Gecko; compatible; GPTBot/1.2; +https://openai.com/gptbot)"
20.171.207.244 - - [17/Jul/2025:18:22:26 +0000] "GET /shopdetail/2635478482.shtml HTTP/1.1" 404 24727 "-" "Mozilla/5.0 AppleWebKit/537.36 (KHTML, like Gecko; compatible; GPTBot/1.2; +https://openai.com/gptbot)"
20.171.207.244 - - [17/Jul/2025:18:22:29 +0000] "GET /shopdetail/2635631002.shtml HTTP/1.1" 404 24725 "-" "Mozilla/5.0 AppleWebKit/537.36 (KHTML, like Gecko; compatible; GPTBot/1.2; +https://openai.com/gptbot)"
20.171.207.244 - - [17/Jul/2025:18:22:32 +0000] "GET /shopdetail/2635375990.shtml HTTP/1.1" 404 24727 "-" "Mozilla/5.0 AppleWebKit/537.36 (KHTML, like Gecko; compatible; GPTBot/1.2; +https://openai.com/gptbot)"
20.171.207.244 - - [17/Jul/2025:18:22:35 +0000] "GET /shopdetail/2635707420.shtml HTTP/1.1" 404 24728 "-" "Mozilla/5.0 AppleWebKit/537.36 (KHTML, like Gecko; compatible; GPTBot/1.2; +https://openai.com/gptbot)"
20.171.207.244 - - [17/Jul/2025:18:22:37 +0000] "GET /shopdetail/2635337186.shtml HTTP/1.1" 404 24728 "-" "Mozilla/5.0 AppleWebKit/537.36 (KHTML, like Gecko; compatible; GPTBot/1.2; +https://openai.com/gptbot)"
20.171.207.244 - - [17/Jul/2025:18:22:40 +0000] "GET /shopdetail/2635767874.shtml HTTP/1.1" 404 24726 "-" "Mozilla/5.0 AppleWebKit/537.36 (KHTML, like Gecko; compatible; GPTBot/1.2; +https://openai.com/gptbot)"
20.171.207.244 - - [17/Jul/2025:18:22:43 +0000] "GET /shopdetail/2635165068.shtml HTTP/1.1" 404 24728 "-" "Mozilla/5.0 AppleWebKit/537.36 (KHTML, like Gecko; compatible; GPTBot/1.2; +https://openai.com/gptbot)"
20.171.207.244 - - [17/Jul/2025:18:22:45 +0000] "GET /shopdetail/2635836114.shtml HTTP/1.1" 404 24727 "-" "Mozilla/5.0 AppleWebKit/537.36 (KHTML, like Gecko; compatible; GPTBot/1.2; +https://openai.com/gptbot)"
20.171.207.244 - - [17/Jul/2025:18:22:48 +0000] "GET /shopdetail/2635291454.shtml HTTP/1.1" 404 24725 "-" "Mozilla/5.0 AppleWebKit/537.36 (KHTML, like Gecko; compatible; GPTBot/1.2; +https://openai.com/gptbot)"
20.171.207.244 - - [17/Jul/2025:18:22:50 +0000] "GET /shopdetail/2635022846.shtml HTTP/1.1" 404 24728 "-" "Mozilla/5.0 AppleWebKit/537.36 (KHTML, like Gecko; compatible; GPTBot/1.2; +https://openai.com/gptbot)"
216.73.216.236 - - [17/Jul/2025:18:22:52 +0000] "GET /experience-the-thrill-best-exotic-cars-available-for-rent HTTP/1.1" 301 - "-" "Mozilla/5.0 AppleWebKit/537.36 (KHTML, like Gecko; compatible; ClaudeBot/1.0; [email protected])"
216.73.216.236 - - [17/Jul/2025:18:22:52 +0000] "GET /experience-the-thrill-best-exotic-cars-available-for-rent/ HTTP/1.1" 200 28880 "https://cartel.express/experience-the-thrill-best-exotic-cars-available-for-rent" "Mozilla/5.0 AppleWebKit/537.36 (KHTML, like Gecko; compatible; ClaudeBot/1.0; [email protected])"
20.171.207.244 - - [17/Jul/2025:18:22:53 +0000] "GET /shopdetail/2635525140.shtml HTTP/1.1" 404 24728 "-" "Mozilla/5.0 AppleWebKit/537.36 (KHTML, like Gecko; compatible; GPTBot/1.2; +https://openai.com/gptbot)"
216.73.216.236 - - [17/Jul/2025:18:22:55 +0000] "GET /?p=4047 HTTP/1.1" 301 - "-" "Mozilla/5.0 AppleWebKit/537.36 (KHTML, like Gecko; compatible; ClaudeBot/1.0; [email protected])"
216.73.216.236 - - [17/Jul/2025:18:22:55 +0000] "GET /our-team/ HTTP/1.1" 200 27020 "https://cartel.express/?p=4047" "Mozilla/5.0 AppleWebKit/537.36 (KHTML, like Gecko; compatible; ClaudeBot/1.0; [email protected])"
20.171.207.244 - - [17/Jul/2025:18:22:56 +0000] "GET /shopdetail/2635201756.shtml HTTP/1.1" 404 24728 "-" "Mozilla/5.0 AppleWebKit/537.36 (KHTML, like Gecko; compatible; GPTBot/1.2; +https://openai.com/gptbot)"
66.249.73.236 - - [17/Jul/2025:18:22:58 +0000] "GET /?pcmypage?callback=product/review/C2924668502 HTTP/1.1" 200 20882 "-" "Mozilla/5.0 (Linux; Android 6.0.1; Nexus 5X Build/MMB29P) AppleWebKit/537.36 (KHTML, like Gecko) Chrome/137.0.7151.103 Mobile Safari/537.36 (compatible; Googlebot/2.1; +http://www.google.com/bot.html)"
209.74.77.214 - - [17/Jul/2025:18:22:59 +0000] "POST /wp-cron.php?doing_wp_cron=1752776579.2441658973693847656250 HTTP/1.1" 200 - "-" "WordPress/6.8.2; https://cartel.express"
20.171.207.244 - - [17/Jul/2025:18:22:58 +0000] "GET /shopdetail/2635085408.shtml HTTP/1.1" 404 24727 "-" "Mozilla/5.0 AppleWebKit/537.36 (KHTML, like Gecko; compatible; GPTBot/1.2; +https://openai.com/gptbot)"
20.171.207.244 - - [17/Jul/2025:18:23:01 +0000] "GET /shopdetail/2635504420.shtml HTTP/1.1" 404 24726 "-" "Mozilla/5.0 AppleWebKit/537.36 (KHTML, like Gecko; compatible; GPTBot/1.2; +https://openai.com/gptbot)"
20.171.207.244 - - [17/Jul/2025:18:23:04 +0000] "GET /shopdetail/2635677916.shtml HTTP/1.1" 404 24728 "-" "Mozilla/5.0 AppleWebKit/537.36 (KHTML, like Gecko; compatible; GPTBot/1.2; +https://openai.com/gptbot)"
20.171.207.244 - - [17/Jul/2025:18:23:06 +0000] "GET /shopdetail/2635261950.shtml HTTP/1.1" 404 24727 "-" "Mozilla/5.0 AppleWebKit/537.36 (KHTML, like Gecko; compatible; GPTBot/1.2; +https://openai.com/gptbot)"
20.171.207.244 - - [17/Jul/2025:18:23:09 +0000] "GET /shopdetail/2635157214.shtml HTTP/1.1" 404 24725 "-" "Mozilla/5.0 AppleWebKit/537.36 (KHTML, like Gecko; compatible; GPTBot/1.2; +https://openai.com/gptbot)"
20.171.207.244 - - [17/Jul/2025:18:23:12 +0000] "GET /shopdetail/2635745964.shtml HTTP/1.1" 404 24726 "-" "Mozilla/5.0 AppleWebKit/537.36 (KHTML, like Gecko; compatible; GPTBot/1.2; +https://openai.com/gptbot)"
209.74.77.214 - - [17/Jul/2025:18:23:15 +0000] "POST /wp-cron.php?doing_wp_cron=1752776595.4209458827972412109375 HTTP/1.1" 200 - "-" "WordPress/6.8.2; https://cartel.express"
20.171.207.244 - - [17/Jul/2025:18:23:15 +0000] "GET /shopdetail/2635471554.shtml HTTP/1.1" 404 24727 "-" "Mozilla/5.0 AppleWebKit/537.36 (KHTML, like Gecko; compatible; GPTBot/1.2; +https://openai.com/gptbot)"
20.171.207.244 - - [17/Jul/2025:18:23:17 +0000] "GET /shopdetail/2635159394.shtml HTTP/1.1" 404 24726 "-" "Mozilla/5.0 AppleWebKit/537.36 (KHTML, like Gecko; compatible; GPTBot/1.2; +https://openai.com/gptbot)"
20.171.207.244 - - [17/Jul/2025:18:23:20 +0000] "GET /shopdetail/2635528510.shtml HTTP/1.1" 404 24727 "-" "Mozilla/5.0 AppleWebKit/537.36 (KHTML, like Gecko; compatible; GPTBot/1.2; +https://openai.com/gptbot)"
20.171.207.244 - - [17/Jul/2025:18:23:22 +0000] "GET /shopdetail/2635251720.shtml HTTP/1.1" 404 24727 "-" "Mozilla/5.0 AppleWebKit/537.36 (KHTML, like Gecko; compatible; GPTBot/1.2; +https://openai.com/gptbot)"
209.74.77.214 - - [17/Jul/2025:18:23:25 +0000] "POST /wp-cron.php?doing_wp_cron=1752776605.8182768821716308593750 HTTP/1.1" 200 - "-" "WordPress/6.8.2; https://cartel.express"
20.171.207.244 - - [17/Jul/2025:18:23:25 +0000] "GET /shopdetail/2635718576.shtml HTTP/1.1" 404 24728 "-" "Mozilla/5.0 AppleWebKit/537.36 (KHTML, like Gecko; compatible; GPTBot/1.2; +https://openai.com/gptbot)"
20.171.207.244 - - [17/Jul/2025:18:23:28 +0000] "GET /shopdetail/2635093462.shtml HTTP/1.1" 404 24728 "-" "Mozilla/5.0 AppleWebKit/537.36 (KHTML, like Gecko; compatible; GPTBot/1.2; +https://openai.com/gptbot)"
20.171.207.244 - - [17/Jul/2025:18:23:30 +0000] "GET /shopdetail/2635799750.shtml HTTP/1.1" 404 24729 "-" "Mozilla/5.0 AppleWebKit/537.36 (KHTML, like Gecko; compatible; GPTBot/1.2; +https://openai.com/gptbot)"
20.171.207.244 - - [17/Jul/2025:18:23:33 +0000] "GET /shopdetail/2635684584.shtml HTTP/1.1" 404 24726 "-" "Mozilla/5.0 AppleWebKit/537.36 (KHTML, like Gecko; compatible; GPTBot/1.2; +https://openai.com/gptbot)"
20.171.207.244 - - [17/Jul/2025:18:23:35 +0000] "GET /shopdetail/2635086534.shtml HTTP/1.1" 404 24728 "-" "Mozilla/5.0 AppleWebKit/537.36 (KHTML, like Gecko; compatible; GPTBot/1.2; +https://openai.com/gptbot)"
20.171.207.244 - - [17/Jul/2025:18:23:38 +0000] "GET /shopdetail/2635497752.shtml HTTP/1.1" 404 24728 "-" "Mozilla/5.0 AppleWebKit/537.36 (KHTML, like Gecko; compatible; GPTBot/1.2; +https://openai.com/gptbot)"
20.171.207.244 - - [17/Jul/2025:18:23:41 +0000] "GET /shopdetail/2635414406.shtml HTTP/1.1" 404 24727 "-" "Mozilla/5.0 AppleWebKit/537.36 (KHTML, like Gecko; compatible; GPTBot/1.2; +https://openai.com/gptbot)"
20.171.207.244 - - [17/Jul/2025:18:23:43 +0000] "GET /shopdetail/2635768864.shtml HTTP/1.1" 404 24727 "-" "Mozilla/5.0 AppleWebKit/537.36 (KHTML, like Gecko; compatible; GPTBot/1.2; +https://openai.com/gptbot)"
20.171.207.244 - - [17/Jul/2025:18:23:46 +0000] "GET /shopdetail/2635141374.shtml HTTP/1.1" 404 24727 "-" "Mozilla/5.0 AppleWebKit/537.36 (KHTML, like Gecko; compatible; GPTBot/1.2; +https://openai.com/gptbot)"
20.171.207.244 - - [17/Jul/2025:18:23:48 +0000] "GET /shopdetail/2635297192.shtml HTTP/1.1" 404 24727 "-" "Mozilla/5.0 AppleWebKit/537.36 (KHTML, like Gecko; compatible; GPTBot/1.2; +https://openai.com/gptbot)"
20.171.207.244 - - [17/Jul/2025:18:23:51 +0000] "GET /shopdetail/2635717586.shtml HTTP/1.1" 404 24726 "-" "Mozilla/5.0 AppleWebKit/537.36 (KHTML, like Gecko; compatible; GPTBot/1.2; +https://openai.com/gptbot)"
20.171.207.244 - - [17/Jul/2025:18:23:54 +0000] "GET /shopdetail/2635239054.shtml HTTP/1.1" 404 24728 "-" "Mozilla/5.0 AppleWebKit/537.36 (KHTML, like Gecko; compatible; GPTBot/1.2; +https://openai.com/gptbot)"
209.74.77.214 - - [17/Jul/2025:18:23:57 +0000] "POST /wp-cron.php?doing_wp_cron=1752776637.0735490322113037109375 HTTP/1.1" 200 - "-" "WordPress/6.8.2; https://cartel.express"
20.171.207.244 - - [17/Jul/2025:18:23:56 +0000] "GET /shopdetail/2635592198.shtml HTTP/1.1" 404 24728 "-" "Mozilla/5.0 AppleWebKit/537.36 (KHTML, like Gecko; compatible; GPTBot/1.2; +https://openai.com/gptbot)"
20.171.207.244 - - [17/Jul/2025:18:23:59 +0000] "GET /shopdetail/2635023964.shtml HTTP/1.1" 404 24727 "-" "Mozilla/5.0 AppleWebKit/537.36 (KHTML, like Gecko; compatible; GPTBot/1.2; +https://openai.com/gptbot)"
216.73.216.236 - - [17/Jul/2025:18:24:01 +0000] "GET /?p=1453 HTTP/1.1" 301 - "-" "Mozilla/5.0 AppleWebKit/537.36 (KHTML, like Gecko; compatible; ClaudeBot/1.0; [email protected])"
216.73.216.236 - - [17/Jul/2025:18:24:02 +0000] "GET /contact/ HTTP/1.1" 200 27396 "https://cartel.express/?p=1453" "Mozilla/5.0 AppleWebKit/537.36 (KHTML, like Gecko; compatible; ClaudeBot/1.0; [email protected])"
20.171.207.244 - - [17/Jul/2025:18:24:02 +0000] "GET /shopdetail/2635274616.shtml HTTP/1.1" 404 24726 "-" "Mozilla/5.0 AppleWebKit/537.36 (KHTML, like Gecko; compatible; GPTBot/1.2; +https://openai.com/gptbot)"
216.73.216.236 - - [17/Jul/2025:18:24:04 +0000] "GET /?p=4051 HTTP/1.1" 301 - "-" "Mozilla/5.0 AppleWebKit/537.36 (KHTML, like Gecko; compatible; ClaudeBot/1.0; [email protected])"
216.73.216.236 - - [17/Jul/2025:18:24:04 +0000] "GET /pricing/ HTTP/1.1" 200 27665 "https://cartel.express/?p=4051" "Mozilla/5.0 AppleWebKit/537.36 (KHTML, like Gecko; compatible; ClaudeBot/1.0; [email protected])"
20.171.207.244 - - [17/Jul/2025:18:24:04 +0000] "GET /shopdetail/2635748336.shtml HTTP/1.1" 404 24729 "-" "Mozilla/5.0 AppleWebKit/537.36 (KHTML, like Gecko; compatible; GPTBot/1.2; +https://openai.com/gptbot)"
20.171.207.244 - - [17/Jul/2025:18:24:07 +0000] "GET /shopdetail/2635039676.shtml HTTP/1.1" 404 24728 "-" "Mozilla/5.0 AppleWebKit/537.36 (KHTML, like Gecko; compatible; GPTBot/1.2; +https://openai.com/gptbot)"
20.171.207.244 - - [17/Jul/2025:18:24:09 +0000] "GET /shopdetail/2635061586.shtml HTTP/1.1" 404 24727 "-" "Mozilla/5.0 AppleWebKit/537.36 (KHTML, like Gecko; compatible; GPTBot/1.2; +https://openai.com/gptbot)"
20.171.207.244 - - [17/Jul/2025:18:24:12 +0000] "GET /shopdetail/2635038818.shtml HTTP/1.1" 404 24728 "-" "Mozilla/5.0 AppleWebKit/537.36 (KHTML, like Gecko; compatible; GPTBot/1.2; +https://openai.com/gptbot)"
209.74.77.214 - - [17/Jul/2025:18:24:15 +0000] "POST /wp-cron.php?doing_wp_cron=1752776655.3484890460968017578125 HTTP/1.1" 200 - "-" "WordPress/6.8.2; https://cartel.express"
20.171.207.244 - - [17/Jul/2025:18:24:15 +0000] "GET /shopdetail/2635151600.shtml HTTP/1.1" 404 24724 "-" "Mozilla/5.0 AppleWebKit/537.36 (KHTML, like Gecko; compatible; GPTBot/1.2; +https://openai.com/gptbot)"
20.171.207.244 - - [17/Jul/2025:18:24:17 +0000] "GET /shopdetail/2635568496.shtml HTTP/1.1" 404 24726 "-" "Mozilla/5.0 AppleWebKit/537.36 (KHTML, like Gecko; compatible; GPTBot/1.2; +https://openai.com/gptbot)"
20.171.207.244 - - [17/Jul/2025:18:24:20 +0000] "GET /shopdetail/2635512474.shtml HTTP/1.1" 404 24727 "-" "Mozilla/5.0 AppleWebKit/537.36 (KHTML, like Gecko; compatible; GPTBot/1.2; +https://openai.com/gptbot)"
20.171.207.244 - - [17/Jul/2025:18:24:22 +0000] "GET /shopdetail/2635595884.shtml HTTP/1.1" 404 24726 "-" "Mozilla/5.0 AppleWebKit/537.36 (KHTML, like Gecko; compatible; GPTBot/1.2; +https://openai.com/gptbot)"
20.171.207.244 - - [17/Jul/2025:18:24:25 +0000] "GET /shopdetail/2635011430.shtml HTTP/1.1" 404 24724 "-" "Mozilla/5.0 AppleWebKit/537.36 (KHTML, like Gecko; compatible; GPTBot/1.2; +https://openai.com/gptbot)"
20.171.207.244 - - [17/Jul/2025:18:24:27 +0000] "GET /shopdetail/2635779290.shtml HTTP/1.1" 404 24727 "-" "Mozilla/5.0 AppleWebKit/537.36 (KHTML, like Gecko; compatible; GPTBot/1.2; +https://openai.com/gptbot)"
20.171.207.244 - - [17/Jul/2025:18:24:30 +0000] "GET /shopdetail/2635144672.shtml HTTP/1.1" 404 24727 "-" "Mozilla/5.0 AppleWebKit/537.36 (KHTML, like Gecko; compatible; GPTBot/1.2; +https://openai.com/gptbot)"
20.171.207.244 - - [17/Jul/2025:18:24:33 +0000] "GET /shopdetail/2635787076.shtml HTTP/1.1" 404 24727 "-" "Mozilla/5.0 AppleWebKit/537.36 (KHTML, like Gecko; compatible; GPTBot/1.2; +https://openai.com/gptbot)"
20.171.207.244 - - [17/Jul/2025:18:24:35 +0000] "GET /shopdetail/2635473670.shtml HTTP/1.1" 404 24725 "-" "Mozilla/5.0 AppleWebKit/537.36 (KHTML, like Gecko; compatible; GPTBot/1.2; +https://openai.com/gptbot)"
20.171.207.244 - - [17/Jul/2025:18:24:38 +0000] "GET /shopdetail/2635340420.shtml HTTP/1.1" 404 24727 "-" "Mozilla/5.0 AppleWebKit/537.36 (KHTML, like Gecko; compatible; GPTBot/1.2; +https://openai.com/gptbot)"
20.171.207.244 - - [17/Jul/2025:18:24:40 +0000] "GET /shopdetail/2635677592.shtml HTTP/1.1" 404 24726 "-" "Mozilla/5.0 AppleWebKit/537.36 (KHTML, like Gecko; compatible; GPTBot/1.2; +https://openai.com/gptbot)"
