185.42.192.18 - - [17/Jul/2025:16:05:55 +0000] "POST / HTTP/1.1" 200 40524 "-" "Mozilla/5.0 (Windows NT 10.0; Win64; x64) AppleWebKit/537.36 (KHTML, like Gecko) Chrome/120.0.0.0 Safari/537.36"
209.74.77.214 - - [17/Jul/2025:16:05:57 +0000] "POST /wp-cron.php?doing_wp_cron=1752768357.9461379051208496093750 HTTP/1.1" 200 - "-" "WordPress/6.8.2; https://cartel.express"
185.42.192.18 - - [17/Jul/2025:16:05:57 +0000] "POST / HTTP/1.1" 200 40756 "-" "Mozilla/5.0 (Macintosh; Intel Mac OS X 10_15_7) AppleWebKit/537.36 (KHTML, like Gecko) Chrome/133.0.0.0 Safari/537.36"
185.42.192.18 - - [17/Jul/2025:16:05:59 +0000] "POST / HTTP/1.1" 200 40527 "-" "Mozilla/5.0 (Windows NT 10.0; Win64; x64) AppleWebKit/537.36 (KHTML, like Gecko) Chrome/120.0.0.0 Safari/537.36"
185.157.214.24 - - [17/Jul/2025:16:06:02 +0000] "GET /comments/feed/ HTTP/1.1" 200 1595 "-" "Mozilla/5.0 (Macintosh; Intel Mac OS X 10_15_7) AppleWebKit/537.36 (KHTML, like Gecko) Chrome/133.0.0.0 Safari/537.36"
185.157.214.24 - - [17/Jul/2025:16:06:03 +0000] "GET /what-can-go-wrong-while-diagnosing-a-car-problem/ HTTP/1.1" 200 29467 "-" "Mozilla/5.0 (Macintosh; Intel Mac OS X 10_15_7) AppleWebKit/537.36 (KHTML, like Gecko) Chrome/133.0.0.0 Safari/537.36"
185.42.192.18 - - [17/Jul/2025:16:06:09 +0000] "POST /wp-comments-post.php HTTP/1.1" 200 1106 "-" "Mozilla/5.0 (Macintosh; Intel Mac OS X 10_15_7) AppleWebKit/537.36 (KHTML, like Gecko) Chrome/133.0.0.0 Safari/537.36"
185.42.192.18 - - [17/Jul/2025:16:06:10 +0000] "POST /wp-comments-post.php HTTP/1.1" 200 - "-" "Mozilla/5.0 (Windows NT 10.0; Win64; x64) AppleWebKit/537.36 (KHTML, like Gecko) Chrome/120.0.0.0 Safari/537.36"
185.157.214.24 - - [17/Jul/2025:16:06:12 +0000] "GET /contact/ HTTP/1.1" 200 27391 "-" "Mozilla/5.0 (Macintosh; Intel Mac OS X 10_15_7) AppleWebKit/537.36 (KHTML, like Gecko) Chrome/133.0.0.0 Safari/537.36"
209.74.77.214 - - [17/Jul/2025:16:06:15 +0000] "POST /wp-cron.php?doing_wp_cron=1752768375.1877589225769042968750 HTTP/1.1" 200 - "-" "WordPress/6.8.2; https://cartel.express"
185.42.192.18 - - [17/Jul/2025:16:06:14 +0000] "POST /contact/ HTTP/1.1" 200 27509 "-" "Mozilla/5.0 (Macintosh; Intel Mac OS X 10_15_7) AppleWebKit/537.36 (KHTML, like Gecko) Chrome/133.0.0.0 Safari/537.36"
185.42.192.18 - - [17/Jul/2025:16:06:20 +0000] "POST /contact/ HTTP/1.1" 200 27348 "-" "Mozilla/5.0 (Windows NT 10.0; Win64; x64) AppleWebKit/537.36 (KHTML, like Gecko) Chrome/120.0.0.0 Safari/537.36"
185.157.214.24 - - [17/Jul/2025:16:06:23 +0000] "GET /newsletter-popup/ HTTP/1.1" 200 27685 "-" "Mozilla/5.0 (Macintosh; Intel Mac OS X 10_15_7) AppleWebKit/537.36 (KHTML, like Gecko) Chrome/133.0.0.0 Safari/537.36"
185.42.192.18 - - [17/Jul/2025:16:06:25 +0000] "POST /newsletter-popup/ HTTP/1.1" 200 27854 "-" "Mozilla/5.0 (Macintosh; Intel Mac OS X 10_15_7) AppleWebKit/537.36 (KHTML, like Gecko) Chrome/133.0.0.0 Safari/537.36"
185.42.192.18 - - [17/Jul/2025:16:06:31 +0000] "POST /newsletter-popup/ HTTP/1.1" 200 27636 "-" "Mozilla/5.0 (Windows NT 10.0; Win64; x64) AppleWebKit/537.36 (KHTML, like Gecko) Chrome/120.0.0.0 Safari/537.36"
185.42.192.18 - - [17/Jul/2025:16:06:35 +0000] "POST /newsletter-popup/ HTTP/1.1" 200 27856 "-" "Mozilla/5.0 (Macintosh; Intel Mac OS X 10_15_7) AppleWebKit/537.36 (KHTML, like Gecko) Chrome/133.0.0.0 Safari/537.36"
185.42.192.18 - - [17/Jul/2025:16:06:37 +0000] "POST /newsletter-popup/ HTTP/1.1" 200 27637 "-" "Mozilla/5.0 (Windows NT 10.0; Win64; x64) AppleWebKit/537.36 (KHTML, like Gecko) Chrome/120.0.0.0 Safari/537.36"
185.157.214.24 - - [17/Jul/2025:16:06:39 +0000] "GET /blog-standard/ HTTP/1.1" 200 29935 "-" "Mozilla/5.0 (Macintosh; Intel Mac OS X 10_15_7) AppleWebKit/537.36 (KHTML, like Gecko) Chrome/133.0.0.0 Safari/537.36"
185.157.214.24 - - [17/Jul/2025:16:06:40 +0000] "GET /must-do-regular-checkups-for-a-better-car-operation/ HTTP/1.1" 200 29112 "-" "Mozilla/5.0 (Macintosh; Intel Mac OS X 10_15_7) AppleWebKit/537.36 (KHTML, like Gecko) Chrome/133.0.0.0 Safari/537.36"
185.42.192.18 - - [17/Jul/2025:16:06:46 +0000] "POST /wp-comments-post.php HTTP/1.1" 200 1106 "-" "Mozilla/5.0 (Macintosh; Intel Mac OS X 10_15_7) AppleWebKit/537.36 (KHTML, like Gecko) Chrome/133.0.0.0 Safari/537.36"
185.42.192.18 - - [17/Jul/2025:16:06:48 +0000] "POST /wp-comments-post.php HTTP/1.1" 200 - "-" "Mozilla/5.0 (Windows NT 10.0; Win64; x64) AppleWebKit/537.36 (KHTML, like Gecko) Chrome/120.0.0.0 Safari/537.36"
185.157.214.24 - - [17/Jul/2025:16:06:50 +0000] "GET /top-10-ideas-how-to-paint-your-sports-and-racing-car/ HTTP/1.1" 200 29432 "-" "Mozilla/5.0 (Macintosh; Intel Mac OS X 10_15_7) AppleWebKit/537.36 (KHTML, like Gecko) Chrome/133.0.0.0 Safari/537.36"
185.157.214.24 - - [17/Jul/2025:16:06:51 +0000] "GET /blog-standard/page/2/ HTTP/1.1" 200 29216 "-" "Mozilla/5.0 (Macintosh; Intel Mac OS X 10_15_7) AppleWebKit/537.36 (KHTML, like Gecko) Chrome/133.0.0.0 Safari/537.36"
185.157.214.24 - - [17/Jul/2025:16:06:56 +0000] "GET /blog-standard/page/3/ HTTP/1.1" 200 27650 "-" "Mozilla/5.0 (Macintosh; Intel Mac OS X 10_15_7) AppleWebKit/537.36 (KHTML, like Gecko) Chrome/133.0.0.0 Safari/537.36"
209.74.77.214 - - [17/Jul/2025:16:06:58 +0000] "POST /wp-cron.php?doing_wp_cron=1752768418.3687250614166259765625 HTTP/1.1" 200 - "-" "WordPress/6.8.2; https://cartel.express"
185.157.214.24 - - [17/Jul/2025:16:06:58 +0000] "GET /tag/news/ HTTP/1.1" 200 26741 "-" "Mozilla/5.0 (Macintosh; Intel Mac OS X 10_15_7) AppleWebKit/537.36 (KHTML, like Gecko) Chrome/133.0.0.0 Safari/537.36"
185.157.214.24 - - [17/Jul/2025:16:06:59 +0000] "GET /blog-list/ HTTP/1.1" 200 27490 "-" "Mozilla/5.0 (Macintosh; Intel Mac OS X 10_15_7) AppleWebKit/537.36 (KHTML, like Gecko) Chrome/133.0.0.0 Safari/537.36"
185.157.214.24 - - [17/Jul/2025:16:07:01 +0000] "GET /blog-list/page/2/ HTTP/1.1" 200 27354 "-" "Mozilla/5.0 (Macintosh; Intel Mac OS X 10_15_7) AppleWebKit/537.36 (KHTML, like Gecko) Chrome/133.0.0.0 Safari/537.36"
185.157.214.24 - - [17/Jul/2025:16:07:03 +0000] "GET /blog-grid/ HTTP/1.1" 200 26087 "-" "Mozilla/5.0 (Macintosh; Intel Mac OS X 10_15_7) AppleWebKit/537.36 (KHTML, like Gecko) Chrome/133.0.0.0 Safari/537.36"
185.157.214.24 - - [17/Jul/2025:16:07:04 +0000] "GET /giving-a-new-life-to-old-headlights-polish-sealing/ HTTP/1.1" 200 28849 "-" "Mozilla/5.0 (Macintosh; Intel Mac OS X 10_15_7) AppleWebKit/537.36 (KHTML, like Gecko) Chrome/133.0.0.0 Safari/537.36"
185.157.214.24 - - [17/Jul/2025:16:07:06 +0000] "GET /must-do-regular-checkups-for-a-better-car-operation/ HTTP/1.1" 200 28735 "-" "Mozilla/5.0 (Macintosh; Intel Mac OS X 10_15_7) AppleWebKit/537.36 (KHTML, like Gecko) Chrome/133.0.0.0 Safari/537.36"
185.157.214.24 - - [17/Jul/2025:16:07:09 +0000] "GET /must-do-regular-checkups-for-a-better-car-operation/feed/ HTTP/1.1" 200 480 "-" "Mozilla/5.0 (Macintosh; Intel Mac OS X 10_15_7) AppleWebKit/537.36 (KHTML, like Gecko) Chrome/133.0.0.0 Safari/537.36"
185.157.214.24 - - [17/Jul/2025:16:07:10 +0000] "GET /must-do-regular-checkups-for-a-better-car-operation/ HTTP/1.1" 200 29143 "-" "Mozilla/5.0 (Macintosh; Intel Mac OS X 10_15_7) AppleWebKit/537.36 (KHTML, like Gecko) Chrome/133.0.0.0 Safari/537.36"
209.74.77.214 - - [17/Jul/2025:16:07:13 +0000] "POST /wp-cron.php?doing_wp_cron=1752768433.7006249427795410156250 HTTP/1.1" 200 - "-" "WordPress/6.8.2; https://cartel.express"
185.157.214.24 - - [17/Jul/2025:16:07:13 +0000] "GET /checkout/ HTTP/1.1" 302 - "-" "Mozilla/5.0 (Macintosh; Intel Mac OS X 10_15_7) AppleWebKit/537.36 (KHTML, like Gecko) Chrome/133.0.0.0 Safari/537.36"
185.157.214.24 - - [17/Jul/2025:16:07:14 +0000] "GET /cart/ HTTP/1.1" 200 56013 "https://cartel.express/checkout/" "Mozilla/5.0 (Macintosh; Intel Mac OS X 10_15_7) AppleWebKit/537.36 (KHTML, like Gecko) Chrome/133.0.0.0 Safari/537.36"
185.157.214.24 - - [17/Jul/2025:16:07:16 +0000] "GET /car-body-polish-makes-it-look-like-new/ HTTP/1.1" 200 28710 "-" "Mozilla/5.0 (Macintosh; Intel Mac OS X 10_15_7) AppleWebKit/537.36 (KHTML, like Gecko) Chrome/133.0.0.0 Safari/537.36"
185.157.214.24 - - [17/Jul/2025:16:07:18 +0000] "GET /car-body-polish-makes-it-look-like-new/feed/ HTTP/1.1" 200 472 "-" "Mozilla/5.0 (Macintosh; Intel Mac OS X 10_15_7) AppleWebKit/537.36 (KHTML, like Gecko) Chrome/133.0.0.0 Safari/537.36"
185.157.214.24 - - [17/Jul/2025:16:07:19 +0000] "GET /car-body-polish-makes-it-look-like-new/ HTTP/1.1" 200 28709 "-" "Mozilla/5.0 (Macintosh; Intel Mac OS X 10_15_7) AppleWebKit/537.36 (KHTML, like Gecko) Chrome/133.0.0.0 Safari/537.36"
185.157.214.24 - - [17/Jul/2025:16:07:21 +0000] "GET /car-body-polish-makes-it-look-like-new/ HTTP/1.1" 200 28707 "-" "Mozilla/5.0 (Macintosh; Intel Mac OS X 10_15_7) AppleWebKit/537.36 (KHTML, like Gecko) Chrome/133.0.0.0 Safari/537.36"
45.227.253.15 - - [17/Jul/2025:16:22:22 +0000] "GET /index.php/jk HTTP/1.1" 200 59 "-" "Mozilla/5.0 (iPhone; CPU iPhone OS 12_4 like Mac OS X) AppleWebKit/605.1.15 (KHTML, like Gecko) Version/12.4.2 Mobile/15E148 Safari/604.1"
4.227.36.118 - - [17/Jul/2025:16:38:34 +0000] "GET /robots.txt HTTP/1.1" 200 94 "-" "Mozilla/5.0 AppleWebKit/537.36 (KHTML, like Gecko; compatible; GPTBot/1.2; +https://openai.com/gptbot)"
20.171.207.204 - - [17/Jul/2025:16:38:34 +0000] "GET /wp-sitemap.xml HTTP/1.1" 200 4505 "-" "Mozilla/5.0 AppleWebKit/537.36 (KHTML, like Gecko; compatible; GPTBot/1.2; +https://openai.com/gptbot)"
20.171.207.204 - - [17/Jul/2025:16:43:32 +0000] "GET /sitemap.xml HTTP/1.1" 200 4505 "-" "Mozilla/5.0 AppleWebKit/537.36 (KHTML, like Gecko; compatible; GPTBot/1.2; +https://openai.com/gptbot)"
185.191.171.5 - - [17/Jul/2025:16:49:15 +0000] "GET /robots.txt HTTP/1.1" 200 94 "-" "Mozilla/5.0 (compatible; SemrushBot/7~bl; +http://www.semrush.com/bot.html)"
209.74.77.214 - - [17/Jul/2025:16:49:18 +0000] "POST /wp-cron.php?doing_wp_cron=1752770958.7600440979003906250000 HTTP/1.1" 200 - "-" "WordPress/6.8.2; https://cartel.express"
85.208.96.197 - - [17/Jul/2025:16:49:15 +0000] "GET /must-do-regular-checkups-for-a-better-car-operation/ HTTP/1.1" 200 29296 "-" "Mozilla/5.0 (compatible; SemrushBot/7~bl; +http://www.semrush.com/bot.html)"
45.227.253.15 - - [17/Jul/2025:16:52:45 +0000] "GET /wp-includes/js/thickbox/thickbox/index.php?ARRAY=7o2230223n313735323737343837312p2231223n22687474703n5p2s5p2s7n7334393476313373752r74616368652r70726s5p2s3s6p633q7068705s636s64655s6n6326743q313735323737313237312q3230393130303161343830613139353232303636356630356664653931366630222p2232223n223337363064643830353063336537366266306661326534666638343266643865222p2233223n223739356665343238326538306539353539353835323737623233313331633532222p2262696r675s70617373223n2231332q34322q35392q36392q37352q38362q3131227q HTTP/1.1" 200 102 "-" "Mozilla/5.0 (iPad; U; CPU OS 4_2_3 like Mac OS X; ja) AppleWebKit/533.17.9 (KHTML, like Gecko) Version/5.0.2 Mobile/8J2 Safari/6533.18.5"
66.249.68.33 - - [17/Jul/2025:16:53:54 +0000] "GET /shopdetail/ret_img/https://www.mono-mania.com/ren2020/wp-content/uploads/2022/09/Photo_22-08-31-13-16-20.439-e1662082929593.jpg HTTP/1.1" 200 18280 "-" "Googlebot-Image/1.0"
223.113.128.164 - - [17/Jul/2025:17:07:42 +0000] "GET / HTTP/1.1" 200 269956 "-" "curl/7.29.0"
20.171.207.244 - - [17/Jul/2025:17:07:54 +0000] "GET /sitemap.xml HTTP/1.1" 200 4514 "-" "Mozilla/5.0 AppleWebKit/537.36 (KHTML, like Gecko; compatible; GPTBot/1.2; +https://openai.com/gptbot)"
209.74.77.214 - - [17/Jul/2025:17:08:27 +0000] "POST /wp-cron.php?doing_wp_cron=1752772107.5621910095214843750000 HTTP/1.1" 200 - "-" "WordPress/6.8.2; https://cartel.express"
20.171.207.244 - - [17/Jul/2025:17:08:27 +0000] "GET /shopdetail/636159990.shtml HTTP/1.1" 404 24729 "-" "Mozilla/5.0 AppleWebKit/537.36 (KHTML, like Gecko; compatible; GPTBot/1.2; +https://openai.com/gptbot)"
20.171.207.244 - - [17/Jul/2025:17:08:32 +0000] "GET /shopdetail/635973222.shtml HTTP/1.1" 404 24727 "-" "Mozilla/5.0 AppleWebKit/537.36 (KHTML, like Gecko; compatible; GPTBot/1.2; +https://openai.com/gptbot)"
20.171.207.244 - - [17/Jul/2025:17:08:37 +0000] "GET /shopdetail/636207774.shtml HTTP/1.1" 404 24727 "-" "Mozilla/5.0 AppleWebKit/537.36 (KHTML, like Gecko; compatible; GPTBot/1.2; +https://openai.com/gptbot)"
106.75.66.241 - - [17/Jul/2025:17:08:39 +0000] "GET /favicon.ico HTTP/1.1" 302 - "-" "Go-http-client/1.1"
106.75.66.241 - - [17/Jul/2025:17:08:40 +0000] "GET /wp-content/uploads/2023/08/cropped-favicon-32x32.png HTTP/1.1" 200 511 "https://cartel.express/favicon.ico" "Go-http-client/1.1"
106.75.66.241 - - [17/Jul/2025:17:08:41 +0000] "GET /robots.txt HTTP/1.1" 200 94 "-" "Go-http-client/1.1"
106.75.66.241 - - [17/Jul/2025:17:08:41 +0000] "GET /sitemap.xml HTTP/1.1" 200 4498 "-" "Go-http-client/1.1"
20.171.207.244 - - [17/Jul/2025:17:08:42 +0000] "GET /shopdetail/635726000.shtml HTTP/1.1" 404 24727 "-" "Mozilla/5.0 AppleWebKit/537.36 (KHTML, like Gecko; compatible; GPTBot/1.2; +https://openai.com/gptbot)"
20.171.207.244 - - [17/Jul/2025:17:08:47 +0000] "GET /shopdetail/636276146.shtml HTTP/1.1" 404 24726 "-" "Mozilla/5.0 AppleWebKit/537.36 (KHTML, like Gecko; compatible; GPTBot/1.2; +https://openai.com/gptbot)"
20.171.207.244 - - [17/Jul/2025:17:08:52 +0000] "GET /shopdetail/636024368.shtml HTTP/1.1" 404 24726 "-" "Mozilla/5.0 AppleWebKit/537.36 (KHTML, like Gecko; compatible; GPTBot/1.2; +https://openai.com/gptbot)"
209.74.77.214 - - [17/Jul/2025:17:08:58 +0000] "POST /wp-cron.php?doing_wp_cron=1752772138.7673420906066894531250 HTTP/1.1" 200 - "-" "WordPress/6.8.2; https://cartel.express"
20.171.207.244 - - [17/Jul/2025:17:08:58 +0000] "GET /shopdetail/635799986.shtml HTTP/1.1" 404 24728 "-" "Mozilla/5.0 AppleWebKit/537.36 (KHTML, like Gecko; compatible; GPTBot/1.2; +https://openai.com/gptbot)"
216.73.216.236 - - [17/Jul/2025:17:09:03 +0000] "GET /robots.txt HTTP/1.1" 200 94 "-" "Mozilla/5.0 AppleWebKit/537.36 (KHTML, like Gecko; compatible; ClaudeBot/1.0; [email protected])"
216.73.216.236 - - [17/Jul/2025:17:09:03 +0000] "GET /the-pros-and-cons-of-having-windows-tinted HTTP/1.1" 301 - "-" "Mozilla/5.0 AppleWebKit/537.36 (KHTML, like Gecko; compatible; ClaudeBot/1.0; [email protected])"
216.73.216.236 - - [17/Jul/2025:17:09:04 +0000] "GET /the-pros-and-cons-of-having-windows-tinted/ HTTP/1.1" 200 28791 "https://cartel.express/the-pros-and-cons-of-having-windows-tinted" "Mozilla/5.0 AppleWebKit/537.36 (KHTML, like Gecko; compatible; ClaudeBot/1.0; [email protected])"
20.171.207.244 - - [17/Jul/2025:17:09:05 +0000] "GET /shopdetail/636382000.shtml HTTP/1.1" 404 24723 "-" "Mozilla/5.0 AppleWebKit/537.36 (KHTML, like Gecko; compatible; GPTBot/1.2; +https://openai.com/gptbot)"
216.73.216.236 - - [17/Jul/2025:17:09:06 +0000] "GET /what-can-go-wrong-while-diagnosing-a-car-problem HTTP/1.1" 301 - "-" "Mozilla/5.0 AppleWebKit/537.36 (KHTML, like Gecko; compatible; ClaudeBot/1.0; [email protected])"
216.73.216.236 - - [17/Jul/2025:17:09:07 +0000] "GET /what-can-go-wrong-while-diagnosing-a-car-problem/ HTTP/1.1" 200 29467 "https://cartel.express/what-can-go-wrong-while-diagnosing-a-car-problem" "Mozilla/5.0 AppleWebKit/537.36 (KHTML, like Gecko; compatible; ClaudeBot/1.0; [email protected])"
20.171.207.244 - - [17/Jul/2025:17:09:11 +0000] "GET /shopdetail/636218000.shtml HTTP/1.1" 404 24727 "-" "Mozilla/5.0 AppleWebKit/537.36 (KHTML, like Gecko; compatible; GPTBot/1.2; +https://openai.com/gptbot)"
209.74.77.214 - - [17/Jul/2025:17:09:18 +0000] "POST /wp-cron.php?doing_wp_cron=1752772158.5600450038909912109375 HTTP/1.1" 200 - "-" "WordPress/6.8.2; https://cartel.express"
20.171.207.244 - - [17/Jul/2025:17:09:18 +0000] "GET /shopdetail/636384440.shtml HTTP/1.1" 404 24727 "-" "Mozilla/5.0 AppleWebKit/537.36 (KHTML, like Gecko; compatible; GPTBot/1.2; +https://openai.com/gptbot)"
20.171.207.244 - - [17/Jul/2025:17:09:24 +0000] "GET /shopdetail/635595130.shtml HTTP/1.1" 404 24725 "-" "Mozilla/5.0 AppleWebKit/537.36 (KHTML, like Gecko; compatible; GPTBot/1.2; +https://openai.com/gptbot)"
20.171.207.244 - - [17/Jul/2025:17:09:30 +0000] "GET /shopdetail/636155502.shtml HTTP/1.1" 404 24725 "-" "Mozilla/5.0 AppleWebKit/537.36 (KHTML, like Gecko; compatible; GPTBot/1.2; +https://openai.com/gptbot)"
20.171.207.244 - - [17/Jul/2025:17:09:38 +0000] "GET /shopdetail/636200044.shtml HTTP/1.1" 404 24728 "-" "Mozilla/5.0 AppleWebKit/537.36 (KHTML, like Gecko; compatible; GPTBot/1.2; +https://openai.com/gptbot)"
106.75.70.23 - - [17/Jul/2025:17:09:39 +0000] "GET / HTTP/1.1" 200 40575 "-" "Mozilla/5.0 (Windows NT 7_2_1; Win64; x64) AppleWebKit/579.50 (KHTML, like Gecko) Chrome/91.0.101 Safari/537.36"
106.75.70.23 - - [17/Jul/2025:17:09:46 +0000] "GET /wp-content/uploads/2023/08/cropped-favicon-32x32.png HTTP/1.1" 200 511 "-" "Go-http-client/1.1"
106.75.70.23 - - [17/Jul/2025:17:09:46 +0000] "GET /wp-content/uploads/2024/08/Untitlessd-design-1.png HTTP/1.1" 200 6143 "-" "Mozilla/5.0 (X11; Linux x86_64) AppleWebKit/577.38 (KHTML, like Gecko) Chrome/53.0.2456 Safari/537.36"
106.75.70.23 - - [17/Jul/2025:17:09:47 +0000] "GET /wp-content/themes/detailx/skins/default/skin.js HTTP/1.1" 200 8540 "-" "Go-http-client/1.1"
20.171.207.244 - - [17/Jul/2025:17:09:47 +0000] "GET /shopdetail/635844460.shtml HTTP/1.1" 404 24727 "-" "Mozilla/5.0 AppleWebKit/537.36 (KHTML, like Gecko; compatible; GPTBot/1.2; +https://openai.com/gptbot)"
106.75.70.23 - - [17/Jul/2025:17:09:47 +0000] "GET /wp-content/plugins/advanced-popups/public/js/advanced-popups-public.js?ver=1.2.2 HTTP/1.1" 200 2621 "-" "Go-http-client/1.1"
106.75.70.23 - - [17/Jul/2025:17:09:48 +0000] "GET /wp-content/plugins/trx_addons/components/shortcodes/skills/skills.js HTTP/1.1" 200 2440 "-" "Go-http-client/1.1"
106.75.70.23 - - [17/Jul/2025:17:09:48 +0000] "GET /wp-content/plugins/contact-form-7/includes/js/index.js?ver=6.1 HTTP/1.1" 200 4265 "-" "Go-http-client/1.1"
106.75.70.23 - - [17/Jul/2025:17:09:49 +0000] "GET /wp-content/plugins/trx_addons/components/api/woocommerce/woocommerce.js HTTP/1.1" 200 12101 "-" "Go-http-client/1.1"
106.75.70.23 - - [17/Jul/2025:17:09:50 +0000] "GET /wp-content/themes/detailx/plugins/woocommerce/woocommerce.js HTTP/1.1" 200 4266 "-" "Go-http-client/1.1"
106.75.70.23 - - [17/Jul/2025:17:09:50 +0000] "GET /wp-content/plugins/trx_addons/components/api/mailchimp-for-wp/mailchimp-for-wp.js HTTP/1.1" 200 269 "-" "Go-http-client/1.1"
106.75.70.23 - - [17/Jul/2025:17:09:51 +0000] "GET /wp-content/plugins/woo-smart-quick-view/assets/js/frontend.js?ver=4.2.0 HTTP/1.1" 200 2307 "-" "Go-http-client/1.1"
106.75.70.23 - - [17/Jul/2025:17:09:52 +0000] "GET /wp-content/themes/detailx/plugins/contact-form-7/contact-form-7.js HTTP/1.1" 200 860 "-" "Go-http-client/1.1"
106.75.70.23 - - [17/Jul/2025:17:09:52 +0000] "GET /wp-content/plugins/trx_addons/components/api/contact-form-7/contact-form-7.js HTTP/1.1" 200 681 "-" "Go-http-client/1.1"
106.75.70.23 - - [17/Jul/2025:17:09:53 +0000] "GET /wp-content/themes/detailx/js/__scripts.js HTTP/1.1" 200 29936 "-" "Go-http-client/1.1"
106.75.70.23 - - [17/Jul/2025:17:09:54 +0000] "GET /wp-content/plugins/mailchimp-for-wp/assets/js/forms.js?ver=4.10.5 HTTP/1.1" 200 2591 "-" "Go-http-client/1.1"
106.75.70.23 - - [17/Jul/2025:17:09:54 +0000] "GET /wp-content/plugins/contact-form-7/includes/swv/js/index.js?ver=6.1 HTTP/1.1" 200 3503 "-" "Go-http-client/1.1"
106.75.70.23 - - [17/Jul/2025:17:09:55 +0000] "GET /wp-content/plugins/trx_addons/js/__scripts.js HTTP/1.1" 200 83172 "-" "Go-http-client/1.1"
106.75.70.23 - - [17/Jul/2025:17:09:56 +0000] "GET /wp-content/plugins/trx_addons/addons/mouse-helper/mouse-helper.js HTTP/1.1" 200 4826 "-" "Go-http-client/1.1"
106.75.70.23 - - [17/Jul/2025:17:09:57 +0000] "GET /robots.txt HTTP/1.1" 200 94 "-" "Go-http-client/1.1"
106.75.70.23 - - [17/Jul/2025:17:09:57 +0000] "GET /sitemap.xml HTTP/1.1" 200 4500 "-" "Go-http-client/1.1"
209.74.77.214 - - [17/Jul/2025:17:10:01 +0000] "POST /wp-cron.php?doing_wp_cron=1752772201.8827459812164306640625 HTTP/1.1" 200 - "-" "WordPress/6.8.2; https://cartel.express"
20.171.207.244 - - [17/Jul/2025:17:10:01 +0000] "GET /shopdetail/636088444.shtml HTTP/1.1" 404 24727 "-" "Mozilla/5.0 AppleWebKit/537.36 (KHTML, like Gecko; compatible; GPTBot/1.2; +https://openai.com/gptbot)"
216.73.216.236 - - [17/Jul/2025:17:10:05 +0000] "GET /portfolio/custom-headlights HTTP/1.1" 301 - "-" "Mozilla/5.0 AppleWebKit/537.36 (KHTML, like Gecko; compatible; ClaudeBot/1.0; [email protected])"
216.73.216.236 - - [17/Jul/2025:17:10:06 +0000] "GET /portfolio/custom-headlights/ HTTP/1.1" 200 36799 "https://cartel.express/portfolio/custom-headlights" "Mozilla/5.0 AppleWebKit/537.36 (KHTML, like Gecko; compatible; ClaudeBot/1.0; [email protected])"
216.73.216.236 - - [17/Jul/2025:17:10:08 +0000] "GET /tag/soap HTTP/1.1" 301 - "-" "Mozilla/5.0 AppleWebKit/537.36 (KHTML, like Gecko; compatible; ClaudeBot/1.0; [email protected])"
216.73.216.236 - - [17/Jul/2025:17:10:08 +0000] "GET /tag/soap/ HTTP/1.1" 200 25829 "https://cartel.express/tag/soap" "Mozilla/5.0 AppleWebKit/537.36 (KHTML, like Gecko; compatible; ClaudeBot/1.0; [email protected])"
209.74.77.214 - - [17/Jul/2025:17:10:19 +0000] "POST /wp-cron.php?doing_wp_cron=1752772219.9338450431823730468750 HTTP/1.1" 200 - "-" "WordPress/6.8.2; https://cartel.express"
20.171.207.244 - - [17/Jul/2025:17:10:19 +0000] "GET /shopdetail/635777346.shtml HTTP/1.1" 404 24725 "-" "Mozilla/5.0 AppleWebKit/537.36 (KHTML, like Gecko; compatible; GPTBot/1.2; +https://openai.com/gptbot)"
209.74.77.214 - - [17/Jul/2025:17:11:06 +0000] "POST /wp-cron.php?doing_wp_cron=1752772266.1105720996856689453125 HTTP/1.1" 200 - "-" "WordPress/6.8.2; https://cartel.express"
20.171.207.244 - - [17/Jul/2025:17:11:03 +0000] "GET /shopdetail/635931112.shtml HTTP/1.1" 404 24725 "-" "Mozilla/5.0 AppleWebKit/537.36 (KHTML, like Gecko; compatible; GPTBot/1.2; +https://openai.com/gptbot)"
209.74.77.214 - - [17/Jul/2025:17:11:14 +0000] "POST /wp-cron.php?doing_wp_cron=1752772274.1552329063415527343750 HTTP/1.1" 200 - "-" "WordPress/6.8.2; https://cartel.express"
216.73.216.236 - - [17/Jul/2025:17:11:13 +0000] "GET /portfolio/modern-technology HTTP/1.1" 301 - "-" "Mozilla/5.0 AppleWebKit/537.36 (KHTML, like Gecko; compatible; ClaudeBot/1.0; [email protected])"
216.73.216.236 - - [17/Jul/2025:17:11:14 +0000] "GET /portfolio/modern-technology/ HTTP/1.1" 200 36838 "https://cartel.express/portfolio/modern-technology" "Mozilla/5.0 AppleWebKit/537.36 (KHTML, like Gecko; compatible; ClaudeBot/1.0; [email protected])"
216.73.216.236 - - [17/Jul/2025:17:11:16 +0000] "GET /portfolio/window-tinting HTTP/1.1" 301 - "-" "Mozilla/5.0 AppleWebKit/537.36 (KHTML, like Gecko; compatible; ClaudeBot/1.0; [email protected])"
216.73.216.236 - - [17/Jul/2025:17:11:16 +0000] "GET /portfolio/window-tinting/ HTTP/1.1" 200 36924 "https://cartel.express/portfolio/window-tinting" "Mozilla/5.0 AppleWebKit/537.36 (KHTML, like Gecko; compatible; ClaudeBot/1.0; [email protected])"
209.74.77.214 - - [17/Jul/2025:17:11:58 +0000] "POST /wp-cron.php?doing_wp_cron=1752772318.8207530975341796875000 HTTP/1.1" 200 - "-" "WordPress/6.8.2; https://cartel.express"
20.171.207.244 - - [17/Jul/2025:17:11:56 +0000] "GET /shopdetail/636111020.shtml HTTP/1.1" 404 24727 "-" "Mozilla/5.0 AppleWebKit/537.36 (KHTML, like Gecko; compatible; GPTBot/1.2; +https://openai.com/gptbot)"
20.171.207.244 - - [17/Jul/2025:17:12:04 +0000] "GET /shopdetail/635713334.shtml HTTP/1.1" 404 24727 "-" "Mozilla/5.0 AppleWebKit/537.36 (KHTML, like Gecko; compatible; GPTBot/1.2; +https://openai.com/gptbot)"
20.171.207.244 - - [17/Jul/2025:17:12:07 +0000] "GET /shopdetail/635754446.shtml HTTP/1.1" 404 24725 "-" "Mozilla/5.0 AppleWebKit/537.36 (KHTML, like Gecko; compatible; GPTBot/1.2; +https://openai.com/gptbot)"
209.74.77.214 - - [17/Jul/2025:17:12:13 +0000] "POST /wp-cron.php?doing_wp_cron=1752772333.0300590991973876953125 HTTP/1.1" 200 - "-" "WordPress/6.8.2; https://cartel.express"
20.171.207.244 - - [17/Jul/2025:17:12:12 +0000] "GET /shopdetail/636022252.shtml HTTP/1.1" 404 24724 "-" "Mozilla/5.0 AppleWebKit/537.36 (KHTML, like Gecko; compatible; GPTBot/1.2; +https://openai.com/gptbot)"
216.73.216.236 - - [17/Jul/2025:17:12:13 +0000] "GET /services/generator HTTP/1.1" 301 - "-" "Mozilla/5.0 AppleWebKit/537.36 (KHTML, like Gecko; compatible; ClaudeBot/1.0; [email protected])"
216.73.216.236 - - [17/Jul/2025:17:12:14 +0000] "GET /services/generator/ HTTP/1.1" 200 37701 "https://cartel.express/services/generator" "Mozilla/5.0 AppleWebKit/537.36 (KHTML, like Gecko; compatible; ClaudeBot/1.0; [email protected])"
216.73.216.236 - - [17/Jul/2025:17:12:16 +0000] "GET /the-best-soap-and-wax-to-cover-your-car-with/?replytocom=63 HTTP/1.1" 200 30863 "-" "Mozilla/5.0 AppleWebKit/537.36 (KHTML, like Gecko; compatible; ClaudeBot/1.0; [email protected])"
20.171.207.244 - - [17/Jul/2025:17:12:16 +0000] "GET /shopdetail/636388864.shtml HTTP/1.1" 404 24727 "-" "Mozilla/5.0 AppleWebKit/537.36 (KHTML, like Gecko; compatible; GPTBot/1.2; +https://openai.com/gptbot)"
20.171.207.244 - - [17/Jul/2025:17:12:20 +0000] "GET /shopdetail/636300096.shtml HTTP/1.1" 404 24727 "-" "Mozilla/5.0 AppleWebKit/537.36 (KHTML, like Gecko; compatible; GPTBot/1.2; +https://openai.com/gptbot)"
20.171.207.244 - - [17/Jul/2025:17:12:24 +0000] "GET /shopdetail/636000610.shtml HTTP/1.1" 404 24727 "-" "Mozilla/5.0 AppleWebKit/537.36 (KHTML, like Gecko; compatible; GPTBot/1.2; +https://openai.com/gptbot)"
20.171.207.244 - - [17/Jul/2025:17:12:28 +0000] "GET /shopdetail/636119996.shtml HTTP/1.1" 404 24726 "-" "Mozilla/5.0 AppleWebKit/537.36 (KHTML, like Gecko; compatible; GPTBot/1.2; +https://openai.com/gptbot)"
20.171.207.244 - - [17/Jul/2025:17:12:31 +0000] "GET /shopdetail/635666736.shtml HTTP/1.1" 404 24725 "-" "Mozilla/5.0 AppleWebKit/537.36 (KHTML, like Gecko; compatible; GPTBot/1.2; +https://openai.com/gptbot)"
20.171.207.244 - - [17/Jul/2025:17:12:34 +0000] "GET /shopdetail/635655512.shtml HTTP/1.1" 404 24726 "-" "Mozilla/5.0 AppleWebKit/537.36 (KHTML, like Gecko; compatible; GPTBot/1.2; +https://openai.com/gptbot)"
20.171.207.244 - - [17/Jul/2025:17:12:37 +0000] "GET /shopdetail/636222812.shtml HTTP/1.1" 404 24726 "-" "Mozilla/5.0 AppleWebKit/537.36 (KHTML, like Gecko; compatible; GPTBot/1.2; +https://openai.com/gptbot)"
20.171.207.244 - - [17/Jul/2025:17:12:40 +0000] "GET /shopdetail/636333294.shtml HTTP/1.1" 404 24726 "-" "Mozilla/5.0 AppleWebKit/537.36 (KHTML, like Gecko; compatible; GPTBot/1.2; +https://openai.com/gptbot)"
20.171.207.244 - - [17/Jul/2025:17:12:44 +0000] "GET /shopdetail/635999420.shtml HTTP/1.1" 404 24727 "-" "Mozilla/5.0 AppleWebKit/537.36 (KHTML, like Gecko; compatible; GPTBot/1.2; +https://openai.com/gptbot)"
20.171.207.244 - - [17/Jul/2025:17:12:47 +0000] "GET /shopdetail/635809222.shtml HTTP/1.1" 404 24726 "-" "Mozilla/5.0 AppleWebKit/537.36 (KHTML, like Gecko; compatible; GPTBot/1.2; +https://openai.com/gptbot)"
20.171.207.244 - - [17/Jul/2025:17:12:49 +0000] "GET /shopdetail/635721444.shtml HTTP/1.1" 404 24727 "-" "Mozilla/5.0 AppleWebKit/537.36 (KHTML, like Gecko; compatible; GPTBot/1.2; +https://openai.com/gptbot)"
20.171.207.244 - - [17/Jul/2025:17:12:53 +0000] "GET /shopdetail/635977710.shtml HTTP/1.1" 404 24722 "-" "Mozilla/5.0 AppleWebKit/537.36 (KHTML, like Gecko; compatible; GPTBot/1.2; +https://openai.com/gptbot)"
20.171.207.244 - - [17/Jul/2025:17:12:55 +0000] "GET /shopdetail/635977778.shtml HTTP/1.1" 404 24727 "-" "Mozilla/5.0 AppleWebKit/537.36 (KHTML, like Gecko; compatible; GPTBot/1.2; +https://openai.com/gptbot)"
209.74.77.214 - - [17/Jul/2025:17:12:58 +0000] "POST /wp-cron.php?doing_wp_cron=1752772378.7214019298553466796875 HTTP/1.1" 200 - "-" "WordPress/6.8.2; https://cartel.express"
20.171.207.244 - - [17/Jul/2025:17:12:58 +0000] "GET /shopdetail/635855880.shtml HTTP/1.1" 404 24727 "-" "Mozilla/5.0 AppleWebKit/537.36 (KHTML, like Gecko; compatible; GPTBot/1.2; +https://openai.com/gptbot)"
20.171.207.244 - - [17/Jul/2025:17:13:02 +0000] "GET /shopdetail/636213512.shtml HTTP/1.1" 404 24728 "-" "Mozilla/5.0 AppleWebKit/537.36 (KHTML, like Gecko; compatible; GPTBot/1.2; +https://openai.com/gptbot)"
20.171.207.244 - - [17/Jul/2025:17:13:04 +0000] "GET /shopdetail/636334412.shtml HTTP/1.1" 404 24723 "-" "Mozilla/5.0 AppleWebKit/537.36 (KHTML, like Gecko; compatible; GPTBot/1.2; +https://openai.com/gptbot)"
20.171.207.244 - - [17/Jul/2025:17:13:07 +0000] "GET /shopdetail/636387746.shtml HTTP/1.1" 404 24727 "-" "Mozilla/5.0 AppleWebKit/537.36 (KHTML, like Gecko; compatible; GPTBot/1.2; +https://openai.com/gptbot)"
20.171.207.244 - - [17/Jul/2025:17:13:10 +0000] "GET /shopdetail/636081516.shtml HTTP/1.1" 404 24726 "-" "Mozilla/5.0 AppleWebKit/537.36 (KHTML, like Gecko; compatible; GPTBot/1.2; +https://openai.com/gptbot)"
209.74.77.214 - - [17/Jul/2025:17:13:14 +0000] "POST /wp-cron.php?doing_wp_cron=1752772394.1487219333648681640625 HTTP/1.1" 200 - "-" "WordPress/6.8.2; https://cartel.express"
216.73.216.236 - - [17/Jul/2025:17:13:13 +0000] "GET /portfolio/custom-seats HTTP/1.1" 301 - "-" "Mozilla/5.0 AppleWebKit/537.36 (KHTML, like Gecko; compatible; ClaudeBot/1.0; [email protected])"
20.171.207.244 - - [17/Jul/2025:17:13:14 +0000] "GET /shopdetail/636290860.shtml HTTP/1.1" 404 24724 "-" "Mozilla/5.0 AppleWebKit/537.36 (KHTML, like Gecko; compatible; GPTBot/1.2; +https://openai.com/gptbot)"
216.73.216.236 - - [17/Jul/2025:17:13:14 +0000] "GET /portfolio/custom-seats/ HTTP/1.1" 200 36987 "https://cartel.express/portfolio/custom-seats" "Mozilla/5.0 AppleWebKit/537.36 (KHTML, like Gecko; compatible; ClaudeBot/1.0; [email protected])"
216.73.216.236 - - [17/Jul/2025:17:13:16 +0000] "GET /portfolio_group/replacement HTTP/1.1" 301 - "-" "Mozilla/5.0 AppleWebKit/537.36 (KHTML, like Gecko; compatible; ClaudeBot/1.0; [email protected])"
216.73.216.236 - - [17/Jul/2025:17:13:16 +0000] "GET /portfolio_group/replacement/ HTTP/1.1" 200 35640 "https://cartel.express/portfolio_group/replacement" "Mozilla/5.0 AppleWebKit/537.36 (KHTML, like Gecko; compatible; ClaudeBot/1.0; [email protected])"
20.171.207.244 - - [17/Jul/2025:17:13:17 +0000] "GET /shopdetail/636341340.shtml HTTP/1.1" 404 24725 "-" "Mozilla/5.0 AppleWebKit/537.36 (KHTML, like Gecko; compatible; GPTBot/1.2; +https://openai.com/gptbot)"
20.171.207.244 - - [17/Jul/2025:17:13:19 +0000] "GET /shopdetail/635630304.shtml HTTP/1.1" 404 24727 "-" "Mozilla/5.0 AppleWebKit/537.36 (KHTML, like Gecko; compatible; GPTBot/1.2; +https://openai.com/gptbot)"
20.171.207.244 - - [17/Jul/2025:17:13:22 +0000] "GET /shopdetail/636101912.shtml HTTP/1.1" 404 24726 "-" "Mozilla/5.0 AppleWebKit/537.36 (KHTML, like Gecko; compatible; GPTBot/1.2; +https://openai.com/gptbot)"
209.74.77.214 - - [17/Jul/2025:17:13:26 +0000] "POST /wp-cron.php?doing_wp_cron=1752772406.4127199649810791015625 HTTP/1.1" 200 - "-" "WordPress/6.8.2; https://cartel.express"
20.171.207.244 - - [17/Jul/2025:17:13:26 +0000] "GET /shopdetail/636233046.shtml HTTP/1.1" 404 24727 "-" "Mozilla/5.0 AppleWebKit/537.36 (KHTML, like Gecko; compatible; GPTBot/1.2; +https://openai.com/gptbot)"
20.171.207.244 - - [17/Jul/2025:17:13:27 +0000] "GET /shopdetail/635712336.shtml HTTP/1.1" 404 24726 "-" "Mozilla/5.0 AppleWebKit/537.36 (KHTML, like Gecko; compatible; GPTBot/1.2; +https://openai.com/gptbot)"
20.171.207.244 - - [17/Jul/2025:17:13:30 +0000] "GET /shopdetail/636237534.shtml HTTP/1.1" 404 24728 "-" "Mozilla/5.0 AppleWebKit/537.36 (KHTML, like Gecko; compatible; GPTBot/1.2; +https://openai.com/gptbot)"
20.171.207.244 - - [17/Jul/2025:17:13:34 +0000] "GET /shopdetail/636057370.shtml HTTP/1.1" 404 24726 "-" "Mozilla/5.0 AppleWebKit/537.36 (KHTML, like Gecko; compatible; GPTBot/1.2; +https://openai.com/gptbot)"
20.171.207.244 - - [17/Jul/2025:17:13:36 +0000] "GET /shopdetail/636047200.shtml HTTP/1.1" 404 24727 "-" "Mozilla/5.0 AppleWebKit/537.36 (KHTML, like Gecko; compatible; GPTBot/1.2; +https://openai.com/gptbot)"
20.171.207.244 - - [17/Jul/2025:17:13:39 +0000] "GET /shopdetail/635625752.shtml HTTP/1.1" 404 24727 "-" "Mozilla/5.0 AppleWebKit/537.36 (KHTML, like Gecko; compatible; GPTBot/1.2; +https://openai.com/gptbot)"
20.171.207.244 - - [17/Jul/2025:17:13:42 +0000] "GET /shopdetail/635633870.shtml HTTP/1.1" 404 24727 "-" "Mozilla/5.0 AppleWebKit/537.36 (KHTML, like Gecko; compatible; GPTBot/1.2; +https://openai.com/gptbot)"
20.171.207.244 - - [17/Jul/2025:17:13:44 +0000] "GET /shopdetail/636058684.shtml HTTP/1.1" 404 24725 "-" "Mozilla/5.0 AppleWebKit/537.36 (KHTML, like Gecko; compatible; GPTBot/1.2; +https://openai.com/gptbot)"
20.171.207.244 - - [17/Jul/2025:17:13:47 +0000] "GET /shopdetail/635585830.shtml HTTP/1.1" 404 24724 "-" "Mozilla/5.0 AppleWebKit/537.36 (KHTML, like Gecko; compatible; GPTBot/1.2; +https://openai.com/gptbot)"
20.171.207.244 - - [17/Jul/2025:17:13:49 +0000] "GET /shopdetail/635754514.shtml HTTP/1.1" 404 24726 "-" "Mozilla/5.0 AppleWebKit/537.36 (KHTML, like Gecko; compatible; GPTBot/1.2; +https://openai.com/gptbot)"
20.171.207.244 - - [17/Jul/2025:17:13:53 +0000] "GET /shopdetail/636233046.shtml HTTP/1.1" 404 24729 "-" "Mozilla/5.0 AppleWebKit/537.36 (KHTML, like Gecko; compatible; GPTBot/1.2; +https://openai.com/gptbot)"
20.171.207.244 - - [17/Jul/2025:17:13:56 +0000] "GET /shopdetail/635959626.shtml HTTP/1.1" 404 24726 "-" "Mozilla/5.0 AppleWebKit/537.36 (KHTML, like Gecko; compatible; GPTBot/1.2; +https://openai.com/gptbot)"
209.74.77.214 - - [17/Jul/2025:17:14:00 +0000] "POST /wp-cron.php?doing_wp_cron=1752772440.5316998958587646484375 HTTP/1.1" 200 - "-" "WordPress/6.8.2; https://cartel.express"
20.171.207.244 - - [17/Jul/2025:17:14:00 +0000] "GET /shopdetail/635933228.shtml HTTP/1.1" 404 24726 "-" "Mozilla/5.0 AppleWebKit/537.36 (KHTML, like Gecko; compatible; GPTBot/1.2; +https://openai.com/gptbot)"
20.171.207.244 - - [17/Jul/2025:17:14:03 +0000] "GET /shopdetail/636284256.shtml HTTP/1.1" 404 24725 "-" "Mozilla/5.0 AppleWebKit/537.36 (KHTML, like Gecko; compatible; GPTBot/1.2; +https://openai.com/gptbot)"
20.171.207.244 - - [17/Jul/2025:17:14:05 +0000] "GET /shopdetail/635992492.shtml HTTP/1.1" 404 24730 "-" "Mozilla/5.0 AppleWebKit/537.36 (KHTML, like Gecko; compatible; GPTBot/1.2; +https://openai.com/gptbot)"
20.171.207.244 - - [17/Jul/2025:17:14:07 +0000] "GET /shopdetail/636337782.shtml HTTP/1.1" 404 24726 "-" "Mozilla/5.0 AppleWebKit/537.36 (KHTML, like Gecko; compatible; GPTBot/1.2; +https://openai.com/gptbot)"
20.171.207.244 - - [17/Jul/2025:17:14:11 +0000] "GET /shopdetail/635644096.shtml HTTP/1.1" 404 24728 "-" "Mozilla/5.0 AppleWebKit/537.36 (KHTML, like Gecko; compatible; GPTBot/1.2; +https://openai.com/gptbot)"
209.74.77.214 - - [17/Jul/2025:17:14:13 +0000] "POST /wp-cron.php?doing_wp_cron=1752772453.9078669548034667968750 HTTP/1.1" 200 - "-" "WordPress/6.8.2; https://cartel.express"
20.171.207.244 - - [17/Jul/2025:17:14:13 +0000] "GET /shopdetail/636310394.shtml HTTP/1.1" 404 24727 "-" "Mozilla/5.0 AppleWebKit/537.36 (KHTML, like Gecko; compatible; GPTBot/1.2; +https://openai.com/gptbot)"
20.171.207.244 - - [17/Jul/2025:17:14:16 +0000] "GET /shopdetail/636172656.shtml HTTP/1.1" 404 24726 "-" "Mozilla/5.0 AppleWebKit/537.36 (KHTML, like Gecko; compatible; GPTBot/1.2; +https://openai.com/gptbot)"
216.73.216.236 - - [17/Jul/2025:17:14:18 +0000] "GET /upgrading-headlights-for-amazing-appearance-visibility HTTP/1.1" 301 - "-" "Mozilla/5.0 AppleWebKit/537.36 (KHTML, like Gecko; compatible; ClaudeBot/1.0; [email protected])"
216.73.216.236 - - [17/Jul/2025:17:14:18 +0000] "GET /upgrading-headlights-for-amazing-appearance-visibility/ HTTP/1.1" 200 28298 "https://cartel.express/upgrading-headlights-for-amazing-appearance-visibility" "Mozilla/5.0 AppleWebKit/537.36 (KHTML, like Gecko; compatible; ClaudeBot/1.0; [email protected])"
20.171.207.244 - - [17/Jul/2025:17:14:19 +0000] "GET /shopdetail/635950390.shtml HTTP/1.1" 404 24727 "-" "Mozilla/5.0 AppleWebKit/537.36 (KHTML, like Gecko; compatible; GPTBot/1.2; +https://openai.com/gptbot)"
216.73.216.236 - - [17/Jul/2025:17:14:20 +0000] "GET /why-is-it-crucial-to-have-a-professional-oil-change HTTP/1.1" 301 - "-" "Mozilla/5.0 AppleWebKit/537.36 (KHTML, like Gecko; compatible; ClaudeBot/1.0; [email protected])"
216.73.216.236 - - [17/Jul/2025:17:14:21 +0000] "GET /why-is-it-crucial-to-have-a-professional-oil-change/ HTTP/1.1" 200 28792 "https://cartel.express/why-is-it-crucial-to-have-a-professional-oil-change" "Mozilla/5.0 AppleWebKit/537.36 (KHTML, like Gecko; compatible; ClaudeBot/1.0; [email protected])"
20.171.207.244 - - [17/Jul/2025:17:14:22 +0000] "GET /shopdetail/636400280.shtml HTTP/1.1" 404 24725 "-" "Mozilla/5.0 AppleWebKit/537.36 (KHTML, like Gecko; compatible; GPTBot/1.2; +https://openai.com/gptbot)"
20.171.207.244 - - [17/Jul/2025:17:14:24 +0000] "GET /shopdetail/635654394.shtml HTTP/1.1" 404 24726 "-" "Mozilla/5.0 AppleWebKit/537.36 (KHTML, like Gecko; compatible; GPTBot/1.2; +https://openai.com/gptbot)"
20.171.207.244 - - [17/Jul/2025:17:14:27 +0000] "GET /shopdetail/636138340.shtml HTTP/1.1" 404 24727 "-" "Mozilla/5.0 AppleWebKit/537.36 (KHTML, like Gecko; compatible; GPTBot/1.2; +https://openai.com/gptbot)"
20.171.207.244 - - [17/Jul/2025:17:14:31 +0000] "GET /shopdetail/636066478.shtml HTTP/1.1" 404 24727 "-" "Mozilla/5.0 AppleWebKit/537.36 (KHTML, like Gecko; compatible; GPTBot/1.2; +https://openai.com/gptbot)"
20.171.207.244 - - [17/Jul/2025:17:14:33 +0000] "GET /shopdetail/636398164.shtml HTTP/1.1" 404 24725 "-" "Mozilla/5.0 AppleWebKit/537.36 (KHTML, like Gecko; compatible; GPTBot/1.2; +https://openai.com/gptbot)"
20.171.207.244 - - [17/Jul/2025:17:14:36 +0000] "GET /shopdetail/636354936.shtml HTTP/1.1" 404 24727 "-" "Mozilla/5.0 AppleWebKit/537.36 (KHTML, like Gecko; compatible; GPTBot/1.2; +https://openai.com/gptbot)"
216.73.216.236 - - [17/Jul/2025:17:14:37 +0000] "GET /experts-share-their-top-favorite-detailing-products/feed HTTP/1.1" 301 - "-" "Mozilla/5.0 AppleWebKit/537.36 (KHTML, like Gecko; compatible; ClaudeBot/1.0; [email protected])"
216.73.216.236 - - [17/Jul/2025:17:14:37 +0000] "GET /experts-share-their-top-favorite-detailing-products/feed/ HTTP/1.1" 200 474 "https://cartel.express/experts-share-their-top-favorite-detailing-products/feed" "Mozilla/5.0 AppleWebKit/537.36 (KHTML, like Gecko; compatible; ClaudeBot/1.0; [email protected])"
20.171.207.244 - - [17/Jul/2025:17:14:39 +0000] "GET /shopdetail/636031232.shtml HTTP/1.1" 404 24727 "-" "Mozilla/5.0 AppleWebKit/537.36 (KHTML, like Gecko; compatible; GPTBot/1.2; +https://openai.com/gptbot)"
216.73.216.236 - - [17/Jul/2025:17:14:40 +0000] "GET /the-best-soap-and-wax-to-cover-your-car-with/feed HTTP/1.1" 301 - "-" "Mozilla/5.0 AppleWebKit/537.36 (KHTML, like Gecko; compatible; ClaudeBot/1.0; [email protected])"
216.73.216.236 - - [17/Jul/2025:17:14:40 +0000] "GET /the-best-soap-and-wax-to-cover-your-car-with/feed/ HTTP/1.1" 200 799 "https://cartel.express/the-best-soap-and-wax-to-cover-your-car-with/feed" "Mozilla/5.0 AppleWebKit/537.36 (KHTML, like Gecko; compatible; ClaudeBot/1.0; [email protected])"
20.171.207.244 - - [17/Jul/2025:17:14:42 +0000] "GET /shopdetail/636310394.shtml HTTP/1.1" 404 24727 "-" "Mozilla/5.0 AppleWebKit/537.36 (KHTML, like Gecko; compatible; GPTBot/1.2; +https://openai.com/gptbot)"
20.171.207.244 - - [17/Jul/2025:17:14:44 +0000] "GET /shopdetail/635825258.shtml HTTP/1.1" 404 24727 "-" "Mozilla/5.0 AppleWebKit/537.36 (KHTML, like Gecko; compatible; GPTBot/1.2; +https://openai.com/gptbot)"
20.171.207.244 - - [17/Jul/2025:17:14:47 +0000] "GET /shopdetail/635823936.shtml HTTP/1.1" 404 24727 "-" "Mozilla/5.0 AppleWebKit/537.36 (KHTML, like Gecko; compatible; GPTBot/1.2; +https://openai.com/gptbot)"
20.171.207.244 - - [17/Jul/2025:17:14:49 +0000] "GET /shopdetail/636381010.shtml HTTP/1.1" 404 24726 "-" "Mozilla/5.0 AppleWebKit/537.36 (KHTML, like Gecko; compatible; GPTBot/1.2; +https://openai.com/gptbot)"
20.171.207.244 - - [17/Jul/2025:17:14:53 +0000] "GET /shopdetail/635935600.shtml HTTP/1.1" 404 24728 "-" "Mozilla/5.0 AppleWebKit/537.36 (KHTML, like Gecko; compatible; GPTBot/1.2; +https://openai.com/gptbot)"
20.171.207.244 - - [17/Jul/2025:17:14:55 +0000] "GET /shopdetail/636186124.shtml HTTP/1.1" 404 24727 "-" "Mozilla/5.0 AppleWebKit/537.36 (KHTML, like Gecko; compatible; GPTBot/1.2; +https://openai.com/gptbot)"
209.74.77.214 - - [17/Jul/2025:17:14:58 +0000] "POST /wp-cron.php?doing_wp_cron=1752772498.7150650024414062500000 HTTP/1.1" 200 - "-" "WordPress/6.8.2; https://cartel.express"
20.171.207.244 - - [17/Jul/2025:17:14:58 +0000] "GET /shopdetail/636009654.shtml HTTP/1.1" 404 24727 "-" "Mozilla/5.0 AppleWebKit/537.36 (KHTML, like Gecko; compatible; GPTBot/1.2; +https://openai.com/gptbot)"
20.171.207.244 - - [17/Jul/2025:17:15:03 +0000] "GET /shopdetail/636018566.shtml HTTP/1.1" 404 24728 "-" "Mozilla/5.0 AppleWebKit/537.36 (KHTML, like Gecko; compatible; GPTBot/1.2; +https://openai.com/gptbot)"
20.171.207.244 - - [17/Jul/2025:17:15:05 +0000] "GET /shopdetail/635697622.shtml HTTP/1.1" 404 24726 "-" "Mozilla/5.0 AppleWebKit/537.36 (KHTML, like Gecko; compatible; GPTBot/1.2; +https://openai.com/gptbot)"
209.74.77.214 - - [17/Jul/2025:17:15:08 +0000] "POST /wp-cron.php?doing_wp_cron=1752772508.5596590042114257812500 HTTP/1.1" 200 - "-" "WordPress/6.8.2; https://cartel.express"
20.171.207.244 - - [17/Jul/2025:17:15:08 +0000] "GET /shopdetail/636060992.shtml HTTP/1.1" 404 24726 "-" "Mozilla/5.0 AppleWebKit/537.36 (KHTML, like Gecko; compatible; GPTBot/1.2; +https://openai.com/gptbot)"
209.74.77.214 - - [17/Jul/2025:17:15:10 +0000] "POST /wp-cron.php?doing_wp_cron=1752772510.7432179450988769531250 HTTP/1.1" 200 - "-" "WordPress/6.8.2; https://cartel.express"
20.171.207.244 - - [17/Jul/2025:17:15:10 +0000] "GET /shopdetail/636082642.shtml HTTP/1.1" 404 24727 "-" "Mozilla/5.0 AppleWebKit/537.36 (KHTML, like Gecko; compatible; GPTBot/1.2; +https://openai.com/gptbot)"
209.74.77.214 - - [17/Jul/2025:17:15:13 +0000] "POST /wp-cron.php?doing_wp_cron=1752772513.4278409481048583984375 HTTP/1.1" 200 - "-" "WordPress/6.8.2; https://cartel.express"
20.171.207.244 - - [17/Jul/2025:17:15:13 +0000] "GET /shopdetail/636331972.shtml HTTP/1.1" 404 24728 "-" "Mozilla/5.0 AppleWebKit/537.36 (KHTML, like Gecko; compatible; GPTBot/1.2; +https://openai.com/gptbot)"
20.171.207.244 - - [17/Jul/2025:17:15:15 +0000] "GET /shopdetail/635623312.shtml HTTP/1.1" 404 24724 "-" "Mozilla/5.0 AppleWebKit/537.36 (KHTML, like Gecko; compatible; GPTBot/1.2; +https://openai.com/gptbot)"
20.171.207.244 - - [17/Jul/2025:17:15:18 +0000] "GET /shopdetail/635634860.shtml HTTP/1.1" 404 24729 "-" "Mozilla/5.0 AppleWebKit/537.36 (KHTML, like Gecko; compatible; GPTBot/1.2; +https://openai.com/gptbot)"
216.73.216.236 - - [17/Jul/2025:17:15:21 +0000] "GET /top-10-ideas-how-to-paint-your-sports-and-racing-car/?replytocom=9 HTTP/1.1" 200 29498 "-" "Mozilla/5.0 AppleWebKit/537.36 (KHTML, like Gecko; compatible; ClaudeBot/1.0; [email protected])"
20.171.207.244 - - [17/Jul/2025:17:15:22 +0000] "GET /shopdetail/636231596.shtml HTTP/1.1" 404 24728 "-" "Mozilla/5.0 AppleWebKit/537.36 (KHTML, like Gecko; compatible; GPTBot/1.2; +https://openai.com/gptbot)"
216.73.216.236 - - [17/Jul/2025:17:15:23 +0000] "GET /a-few-tips-to-keep-your-brakes-serving-longer HTTP/1.1" 301 - "-" "Mozilla/5.0 AppleWebKit/537.36 (KHTML, like Gecko; compatible; ClaudeBot/1.0; [email protected])"
216.73.216.236 - - [17/Jul/2025:17:15:23 +0000] "GET /a-few-tips-to-keep-your-brakes-serving-longer/ HTTP/1.1" 200 28773 "https://cartel.express/a-few-tips-to-keep-your-brakes-serving-longer" "Mozilla/5.0 AppleWebKit/537.36 (KHTML, like Gecko; compatible; ClaudeBot/1.0; [email protected])"
209.74.77.214 - - [17/Jul/2025:17:15:24 +0000] "POST /wp-cron.php?doing_wp_cron=1752772524.7338650226593017578125 HTTP/1.1" 200 - "-" "WordPress/6.8.2; https://cartel.express"
20.171.207.244 - - [17/Jul/2025:17:15:24 +0000] "GET /shopdetail/636216882.shtml HTTP/1.1" 404 24727 "-" "Mozilla/5.0 AppleWebKit/537.36 (KHTML, like Gecko; compatible; GPTBot/1.2; +https://openai.com/gptbot)"
20.171.207.244 - - [17/Jul/2025:17:15:27 +0000] "GET /shopdetail/636151014.shtml HTTP/1.1" 404 24726 "-" "Mozilla/5.0 AppleWebKit/537.36 (KHTML, like Gecko; compatible; GPTBot/1.2; +https://openai.com/gptbot)"
209.74.77.214 - - [17/Jul/2025:17:15:30 +0000] "POST /wp-cron.php?doing_wp_cron=1752772530.2529549598693847656250 HTTP/1.1" 200 - "-" "WordPress/6.8.2; https://cartel.express"
20.171.207.244 - - [17/Jul/2025:17:15:29 +0000] "GET /shopdetail/636133788.shtml HTTP/1.1" 404 24725 "-" "Mozilla/5.0 AppleWebKit/537.36 (KHTML, like Gecko; compatible; GPTBot/1.2; +https://openai.com/gptbot)"
20.171.207.244 - - [17/Jul/2025:17:15:32 +0000] "GET /shopdetail/635613086.shtml HTTP/1.1" 404 24726 "-" "Mozilla/5.0 AppleWebKit/537.36 (KHTML, like Gecko; compatible; GPTBot/1.2; +https://openai.com/gptbot)"
20.171.207.244 - - [17/Jul/2025:17:15:35 +0000] "GET /shopdetail/635773716.shtml HTTP/1.1" 404 24728 "-" "Mozilla/5.0 AppleWebKit/537.36 (KHTML, like Gecko; compatible; GPTBot/1.2; +https://openai.com/gptbot)"
209.74.77.214 - - [17/Jul/2025:17:15:38 +0000] "POST /wp-cron.php?doing_wp_cron=1752772538.9315760135650634765625 HTTP/1.1" 200 - "-" "WordPress/6.8.2; https://cartel.express"
20.171.207.244 - - [17/Jul/2025:17:15:38 +0000] "GET /shopdetail/635887756.shtml HTTP/1.1" 404 24727 "-" "Mozilla/5.0 AppleWebKit/537.36 (KHTML, like Gecko; compatible; GPTBot/1.2; +https://openai.com/gptbot)"
20.171.207.244 - - [17/Jul/2025:17:15:41 +0000] "GET /shopdetail/636277264.shtml HTTP/1.1" 404 24726 "-" "Mozilla/5.0 AppleWebKit/537.36 (KHTML, like Gecko; compatible; GPTBot/1.2; +https://openai.com/gptbot)"
20.171.207.244 - - [17/Jul/2025:17:15:44 +0000] "GET /shopdetail/635623312.shtml HTTP/1.1" 404 24724 "-" "Mozilla/5.0 AppleWebKit/537.36 (KHTML, like Gecko; compatible; GPTBot/1.2; +https://openai.com/gptbot)"
20.171.207.244 - - [17/Jul/2025:17:15:47 +0000] "GET /shopdetail/636265912.shtml HTTP/1.1" 404 24728 "-" "Mozilla/5.0 AppleWebKit/537.36 (KHTML, like Gecko; compatible; GPTBot/1.2; +https://openai.com/gptbot)"
20.171.207.244 - - [17/Jul/2025:17:15:49 +0000] "GET /shopdetail/635882082.shtml HTTP/1.1" 404 24727 "-" "Mozilla/5.0 AppleWebKit/537.36 (KHTML, like Gecko; compatible; GPTBot/1.2; +https://openai.com/gptbot)"
20.171.207.244 - - [17/Jul/2025:17:15:52 +0000] "GET /shopdetail/635852322.shtml HTTP/1.1" 404 24725 "-" "Mozilla/5.0 AppleWebKit/537.36 (KHTML, like Gecko; compatible; GPTBot/1.2; +https://openai.com/gptbot)"
20.171.207.244 - - [17/Jul/2025:17:15:55 +0000] "GET /shopdetail/635660934.shtml HTTP/1.1" 404 24727 "-" "Mozilla/5.0 AppleWebKit/537.36 (KHTML, like Gecko; compatible; GPTBot/1.2; +https://openai.com/gptbot)"
209.74.77.214 - - [17/Jul/2025:17:15:59 +0000] "POST /wp-cron.php?doing_wp_cron=1752772559.6892120838165283203125 HTTP/1.1" 200 - "-" "WordPress/6.8.2; https://cartel.express"
20.171.207.244 - - [17/Jul/2025:17:15:59 +0000] "GET /shopdetail/635640474.shtml HTTP/1.1" 404 24727 "-" "Mozilla/5.0 AppleWebKit/537.36 (KHTML, like Gecko; compatible; GPTBot/1.2; +https://openai.com/gptbot)"
20.171.207.244 - - [17/Jul/2025:17:16:02 +0000] "GET /shopdetail/636254496.shtml HTTP/1.1" 404 24727 "-" "Mozilla/5.0 AppleWebKit/537.36 (KHTML, like Gecko; compatible; GPTBot/1.2; +https://openai.com/gptbot)"
20.171.207.244 - - [17/Jul/2025:17:16:04 +0000] "GET /shopdetail/636045020.shtml HTTP/1.1" 404 24726 "-" "Mozilla/5.0 AppleWebKit/537.36 (KHTML, like Gecko; compatible; GPTBot/1.2; +https://openai.com/gptbot)"
20.171.207.244 - - [17/Jul/2025:17:16:08 +0000] "GET /shopdetail/636308022.shtml HTTP/1.1" 404 24725 "-" "Mozilla/5.0 AppleWebKit/537.36 (KHTML, like Gecko; compatible; GPTBot/1.2; +https://openai.com/gptbot)"
20.171.207.244 - - [17/Jul/2025:17:16:11 +0000] "GET /shopdetail/635942464.shtml HTTP/1.1" 404 24728 "-" "Mozilla/5.0 AppleWebKit/537.36 (KHTML, like Gecko; compatible; GPTBot/1.2; +https://openai.com/gptbot)"
209.74.77.214 - - [17/Jul/2025:17:16:13 +0000] "POST /wp-cron.php?doing_wp_cron=1752772573.4915781021118164062500 HTTP/1.1" 200 - "-" "WordPress/6.8.2; https://cartel.express"
20.171.207.244 - - [17/Jul/2025:17:16:13 +0000] "GET /shopdetail/635798988.shtml HTTP/1.1" 404 24727 "-" "Mozilla/5.0 AppleWebKit/537.36 (KHTML, like Gecko; compatible; GPTBot/1.2; +https://openai.com/gptbot)"
20.171.207.244 - - [17/Jul/2025:17:16:15 +0000] "GET /shopdetail/636189818.shtml HTTP/1.1" 404 24723 "-" "Mozilla/5.0 AppleWebKit/537.36 (KHTML, like Gecko; compatible; GPTBot/1.2; +https://openai.com/gptbot)"
20.171.207.244 - - [17/Jul/2025:17:16:18 +0000] "GET /shopdetail/636190612.shtml HTTP/1.1" 404 24728 "-" "Mozilla/5.0 AppleWebKit/537.36 (KHTML, like Gecko; compatible; GPTBot/1.2; +https://openai.com/gptbot)"
20.171.207.244 - - [17/Jul/2025:17:16:21 +0000] "GET /shopdetail/635685016.shtml HTTP/1.1" 404 24725 "-" "Mozilla/5.0 AppleWebKit/537.36 (KHTML, like Gecko; compatible; GPTBot/1.2; +https://openai.com/gptbot)"
20.171.207.244 - - [17/Jul/2025:17:16:24 +0000] "GET /shopdetail/636270336.shtml HTTP/1.1" 404 24725 "-" "Mozilla/5.0 AppleWebKit/537.36 (KHTML, like Gecko; compatible; GPTBot/1.2; +https://openai.com/gptbot)"
20.171.207.244 - - [17/Jul/2025:17:16:27 +0000] "GET /shopdetail/636332040.shtml HTTP/1.1" 404 24726 "-" "Mozilla/5.0 AppleWebKit/537.36 (KHTML, like Gecko; compatible; GPTBot/1.2; +https://openai.com/gptbot)"
20.171.207.244 - - [17/Jul/2025:17:16:30 +0000] "GET /shopdetail/636268284.shtml HTTP/1.1" 404 24727 "-" "Mozilla/5.0 AppleWebKit/537.36 (KHTML, like Gecko; compatible; GPTBot/1.2; +https://openai.com/gptbot)"
216.73.216.236 - - [17/Jul/2025:17:16:30 +0000] "GET /?p=3997 HTTP/1.1" 301 - "-" "Mozilla/5.0 AppleWebKit/537.36 (KHTML, like Gecko; compatible; ClaudeBot/1.0; [email protected])"
216.73.216.236 - - [17/Jul/2025:17:16:31 +0000] "GET /our-services/ HTTP/1.1" 200 34542 "https://cartel.express/?p=3997" "Mozilla/5.0 AppleWebKit/537.36 (KHTML, like Gecko; compatible; ClaudeBot/1.0; [email protected])"
20.171.207.244 - - [17/Jul/2025:17:16:33 +0000] "GET /shopdetail/635996980.shtml HTTP/1.1" 404 24727 "-" "Mozilla/5.0 AppleWebKit/537.36 (KHTML, like Gecko; compatible; GPTBot/1.2; +https://openai.com/gptbot)"
