34.219.99.143 - - [17/Jul/2025:21:04:53 +0000] "GET /wp-content/plugins/woo-smart-quick-view/assets/libs/slick/slick.min.js?ver=4.2.0 HTTP/1.1" 200 10442 "https://cartel.express/" "Mozilla/5.0 (Windows NT 10.0; Win64; x64) AppleWebKit/537.36 (KHTML, like Gecko) Chrome/70.0.3538.102 Safari/537.36 Edge/18.19582"
34.219.99.143 - - [17/Jul/2025:21:04:53 +0000] "GET /wp-content/plugins/woocommerce/assets/js/sourcebuster/sourcebuster.min.js?ver=10.0.2 HTTP/1.1" 200 4807 "https://cartel.express/" "Mozilla/5.0 (Windows NT 10.0; Win64; x64) AppleWebKit/537.36 (KHTML, like Gecko) Chrome/70.0.3538.102 Safari/537.36 Edge/18.19582"
34.219.99.143 - - [17/Jul/2025:21:04:53 +0000] "GET /wp-content/plugins/woocommerce/assets/js/frontend/order-attribution.min.js?ver=10.0.2 HTTP/1.1" 200 1128 "https://cartel.express/" "Mozilla/5.0 (Windows NT 10.0; Win64; x64) AppleWebKit/537.36 (KHTML, like Gecko) Chrome/70.0.3538.102 Safari/537.36 Edge/18.19582"
34.219.99.143 - - [17/Jul/2025:21:04:53 +0000] "GET /wp-content/plugins/trx_addons/js/__scripts.js HTTP/1.1" 200 83172 "https://cartel.express/" "Mozilla/5.0 (Windows NT 10.0; Win64; x64) AppleWebKit/537.36 (KHTML, like Gecko) Chrome/70.0.3538.102 Safari/537.36 Edge/18.19582"
34.219.99.143 - - [17/Jul/2025:21:04:53 +0000] "GET /wp-content/plugins/trx_addons/components/api/contact-form-7/contact-form-7.js HTTP/1.1" 200 681 "https://cartel.express/" "Mozilla/5.0 (Windows NT 10.0; Win64; x64) AppleWebKit/537.36 (KHTML, like Gecko) Chrome/70.0.3538.102 Safari/537.36 Edge/18.19582"
34.219.99.143 - - [17/Jul/2025:21:04:53 +0000] "GET /wp-content/plugins/trx_addons/components/shortcodes/skills/chart-legacy.min.js HTTP/1.1" 200 4536 "https://cartel.express/" "Mozilla/5.0 (Windows NT 10.0; Win64; x64) AppleWebKit/537.36 (KHTML, like Gecko) Chrome/70.0.3538.102 Safari/537.36 Edge/18.19582"
34.219.99.143 - - [17/Jul/2025:21:04:53 +0000] "GET /wp-content/plugins/trx_addons/components/api/mailchimp-for-wp/mailchimp-for-wp.js HTTP/1.1" 200 269 "https://cartel.express/" "Mozilla/5.0 (Windows NT 10.0; Win64; x64) AppleWebKit/537.36 (KHTML, like Gecko) Chrome/70.0.3538.102 Safari/537.36 Edge/18.19582"
34.219.99.143 - - [17/Jul/2025:21:04:53 +0000] "GET /wp-content/plugins/trx_addons/addons/mouse-helper/mouse-helper.js HTTP/1.1" 200 4826 "https://cartel.express/" "Mozilla/5.0 (Windows NT 10.0; Win64; x64) AppleWebKit/537.36 (KHTML, like Gecko) Chrome/70.0.3538.102 Safari/537.36 Edge/18.19582"
34.219.99.143 - - [17/Jul/2025:21:04:53 +0000] "GET /wp-content/plugins/trx_addons/components/shortcodes/skills/skills.js HTTP/1.1" 200 2440 "https://cartel.express/" "Mozilla/5.0 (Windows NT 10.0; Win64; x64) AppleWebKit/537.36 (KHTML, like Gecko) Chrome/70.0.3538.102 Safari/537.36 Edge/18.19582"
34.219.99.143 - - [17/Jul/2025:21:04:53 +0000] "GET /wp-content/plugins/trx_addons/components/cpt/layouts/shortcodes/menu/superfish.min.js HTTP/1.1" 200 1894 "https://cartel.express/" "Mozilla/5.0 (Windows NT 10.0; Win64; x64) AppleWebKit/537.36 (KHTML, like Gecko) Chrome/70.0.3538.102 Safari/537.36 Edge/18.19582"
34.219.99.143 - - [17/Jul/2025:21:04:53 +0000] "GET /wp-content/themes/detailx/skins/default/skin.js HTTP/1.1" 200 8540 "https://cartel.express/" "Mozilla/5.0 (Windows NT 10.0; Win64; x64) AppleWebKit/537.36 (KHTML, like Gecko) Chrome/70.0.3538.102 Safari/537.36 Edge/18.19582"
34.219.99.143 - - [17/Jul/2025:21:04:53 +0000] "GET /wp-includes/js/mediaelement/wp-mediaelement.min.js?ver=6.8.2 HTTP/1.1" 200 538 "https://cartel.express/" "Mozilla/5.0 (Windows NT 10.0; Win64; x64) AppleWebKit/537.36 (KHTML, like Gecko) Chrome/70.0.3538.102 Safari/537.36 Edge/18.19582"
34.219.99.143 - - [17/Jul/2025:21:04:53 +0000] "GET /wp-includes/js/mediaelement/mediaelement-migrate.min.js?ver=6.8.2 HTTP/1.1" 200 540 "https://cartel.express/" "Mozilla/5.0 (Windows NT 10.0; Win64; x64) AppleWebKit/537.36 (KHTML, like Gecko) Chrome/70.0.3538.102 Safari/537.36 Edge/18.19582"
34.219.99.143 - - [17/Jul/2025:21:04:53 +0000] "GET /wp-content/plugins/trx_addons/components/api/woocommerce/woocommerce.js HTTP/1.1" 200 12101 "https://cartel.express/" "Mozilla/5.0 (Windows NT 10.0; Win64; x64) AppleWebKit/537.36 (KHTML, like Gecko) Chrome/70.0.3538.102 Safari/537.36 Edge/18.19582"
34.219.99.143 - - [17/Jul/2025:21:04:53 +0000] "GET /wp-includes/js/mediaelement/mediaelement-and-player.min.js?ver=4.2.17 HTTP/1.1" 200 38789 "https://cartel.express/" "Mozilla/5.0 (Windows NT 10.0; Win64; x64) AppleWebKit/537.36 (KHTML, like Gecko) Chrome/70.0.3538.102 Safari/537.36 Edge/18.19582"
34.219.99.143 - - [17/Jul/2025:21:04:53 +0000] "GET /wp-content/themes/detailx/js/__scripts.js HTTP/1.1" 200 29936 "https://cartel.express/" "Mozilla/5.0 (Windows NT 10.0; Win64; x64) AppleWebKit/537.36 (KHTML, like Gecko) Chrome/70.0.3538.102 Safari/537.36 Edge/18.19582"
34.219.99.143 - - [17/Jul/2025:21:04:53 +0000] "GET /wp-content/uploads/elementor/google-fonts/fonts/barlowcondensed-htxwl3i-jcgchyj8vi-l6oo_au7b4873z3bwuq.woff2 HTTP/1.1" 200 21375 "https://cartel.express/wp-content/uploads/elementor/google-fonts/css/barlowcondensed.css?ver=1742269076" "Mozilla/5.0 (Windows NT 10.0; Win64; x64) AppleWebKit/537.36 (KHTML, like Gecko) Chrome/70.0.3538.102 Safari/537.36 Edge/18.19582"
34.219.99.143 - - [17/Jul/2025:21:04:53 +0000] "GET /wp-content/uploads/elementor/google-fonts/fonts/barlowcondensed-htx3l3i-jcgchyj8vi-l6oo_au7b6xht2g.woff2 HTTP/1.1" 200 20223 "https://cartel.express/wp-content/uploads/elementor/google-fonts/css/barlowcondensed.css?ver=1742269076" "Mozilla/5.0 (Windows NT 10.0; Win64; x64) AppleWebKit/537.36 (KHTML, like Gecko) Chrome/70.0.3538.102 Safari/537.36 Edge/18.19582"
34.219.99.143 - - [17/Jul/2025:21:04:53 +0000] "GET /wp-content/plugins/trx_addons/css/font-icons/font/trx_addons_icons.woff2?67690418 HTTP/1.1" 200 57228 "https://cartel.express/wp-content/plugins/trx_addons/css/font-icons/css/trx_addons_icons.css" "Mozilla/5.0 (Windows NT 10.0; Win64; x64) AppleWebKit/537.36 (KHTML, like Gecko) Chrome/70.0.3538.102 Safari/537.36 Edge/18.19582"
34.219.99.143 - - [17/Jul/2025:21:04:53 +0000] "GET /wp-content/themes/detailx/skins/default/css/font-icons/font/fontello.woff2?79927143 HTTP/1.1" 200 96845 "https://cartel.express/wp-content/themes/detailx/skins/default/css/font-icons/css/fontello.css" "Mozilla/5.0 (Windows NT 10.0; Win64; x64) AppleWebKit/537.36 (KHTML, like Gecko) Chrome/70.0.3538.102 Safari/537.36 Edge/18.19582"
34.219.99.143 - - [17/Jul/2025:21:04:53 +0000] "GET /wp-content/uploads/elementor/google-fonts/fonts/barlowcondensed-htxwl3i-jcgchyj8vi-l6oo_au7b4-lwz3bwuq.woff2 HTTP/1.1" 200 20455 "https://cartel.express/wp-content/uploads/elementor/google-fonts/css/barlowcondensed.css?ver=1742269076" "Mozilla/5.0 (Windows NT 10.0; Win64; x64) AppleWebKit/537.36 (KHTML, like Gecko) Chrome/70.0.3538.102 Safari/537.36 Edge/18.19582"
34.219.99.143 - - [17/Jul/2025:21:04:53 +0000] "GET /wp-content/themes/detailx/plugins/contact-form-7/contact-form-7.js HTTP/1.1" 200 860 "https://cartel.express/" "Mozilla/5.0 (Windows NT 10.0; Win64; x64) AppleWebKit/537.36 (KHTML, like Gecko) Chrome/70.0.3538.102 Safari/537.36 Edge/18.19582"
34.219.99.143 - - [17/Jul/2025:21:04:53 +0000] "GET /wp-content/plugins/instagram-feed/js/sbi-scripts.min.js?ver=6.9.1 HTTP/1.1" 200 6241 "https://cartel.express/" "Mozilla/5.0 (Windows NT 10.0; Win64; x64) AppleWebKit/537.36 (KHTML, like Gecko) Chrome/70.0.3538.102 Safari/537.36 Edge/18.19582"
34.219.99.143 - - [17/Jul/2025:21:04:53 +0000] "GET /wp-content/uploads/2024/08/Untitlessd-design-1.png HTTP/1.1" 200 6143 "https://cartel.express/" "Mozilla/5.0 (Windows NT 10.0; Win64; x64) AppleWebKit/537.36 (KHTML, like Gecko) Chrome/70.0.3538.102 Safari/537.36 Edge/18.19582"
34.219.99.143 - - [17/Jul/2025:21:04:53 +0000] "GET /wp-content/uploads/2023/08/logo.png HTTP/1.1" 200 2543 "https://cartel.express/" "Mozilla/5.0 (Windows NT 10.0; Win64; x64) AppleWebKit/537.36 (KHTML, like Gecko) Chrome/70.0.3538.102 Safari/537.36 Edge/18.19582"
34.219.99.143 - - [17/Jul/2025:21:04:53 +0000] "GET /wp-content/plugins/mailchimp-for-wp/assets/js/forms.js?ver=4.10.5 HTTP/1.1" 200 2591 "https://cartel.express/" "Mozilla/5.0 (Windows NT 10.0; Win64; x64) AppleWebKit/537.36 (KHTML, like Gecko) Chrome/70.0.3538.102 Safari/537.36 Edge/18.19582"
34.219.99.143 - - [17/Jul/2025:21:04:53 +0000] "GET /wp-content/themes/detailx/plugins/woocommerce/woocommerce.js HTTP/1.1" 200 4266 "https://cartel.express/" "Mozilla/5.0 (Windows NT 10.0; Win64; x64) AppleWebKit/537.36 (KHTML, like Gecko) Chrome/70.0.3538.102 Safari/537.36 Edge/18.19582"
34.219.99.143 - - [17/Jul/2025:21:04:53 +0000] "GET /wp-content/uploads/2020/04/post29-copyright-840x620.jpg HTTP/1.1" 200 44409 "https://cartel.express/" "Mozilla/5.0 (Windows NT 10.0; Win64; x64) AppleWebKit/537.36 (KHTML, like Gecko) Chrome/70.0.3538.102 Safari/537.36 Edge/18.19582"
34.219.99.143 - - [17/Jul/2025:21:04:53 +0000] "GET /wp-content/uploads/2020/04/post30-copyright-840x964.jpg HTTP/1.1" 200 42070 "https://cartel.express/" "Mozilla/5.0 (Windows NT 10.0; Win64; x64) AppleWebKit/537.36 (KHTML, like Gecko) Chrome/70.0.3538.102 Safari/537.36 Edge/18.19582"
34.219.99.143 - - [17/Jul/2025:21:04:54 +0000] "GET /wp-content/uploads/2020/04/post31-copyright-840x621.jpg HTTP/1.1" 200 40273 "https://cartel.express/" "Mozilla/5.0 (Windows NT 10.0; Win64; x64) AppleWebKit/537.36 (KHTML, like Gecko) Chrome/70.0.3538.102 Safari/537.36 Edge/18.19582"
34.219.99.143 - - [17/Jul/2025:21:04:54 +0000] "GET /wp-content/uploads/2020/04/post32-copyright-840x774.jpg HTTP/1.1" 200 33930 "https://cartel.express/" "Mozilla/5.0 (Windows NT 10.0; Win64; x64) AppleWebKit/537.36 (KHTML, like Gecko) Chrome/70.0.3538.102 Safari/537.36 Edge/18.19582"
34.219.99.143 - - [17/Jul/2025:21:04:54 +0000] "GET /wp-content/uploads/2023/08/image14-copyright.jpg HTTP/1.1" 200 142203 "https://cartel.express/" "Mozilla/5.0 (Windows NT 10.0; Win64; x64) AppleWebKit/537.36 (KHTML, like Gecko) Chrome/70.0.3538.102 Safari/537.36 Edge/18.19582"
34.219.99.143 - - [17/Jul/2025:21:04:54 +0000] "GET /wp-content/plugins/trx_addons/components/api/woocommerce/woocommerce.responsive.css HTTP/1.1" 200 1395 "https://cartel.express/" "Mozilla/5.0 (Windows NT 10.0; Win64; x64) AppleWebKit/537.36 (KHTML, like Gecko) Chrome/70.0.3538.102 Safari/537.36 Edge/18.19582"
34.219.99.143 - - [17/Jul/2025:21:04:54 +0000] "GET /wp-content/uploads/2023/08/image15-copyright.jpg HTTP/1.1" 200 144531 "https://cartel.express/" "Mozilla/5.0 (Windows NT 10.0; Win64; x64) AppleWebKit/537.36 (KHTML, like Gecko) Chrome/70.0.3538.102 Safari/537.36 Edge/18.19582"
34.219.99.143 - - [17/Jul/2025:21:04:54 +0000] "GET /wp-content/plugins/trx_addons/components/shortcodes/skills/skills.responsive.css HTTP/1.1" 200 320 "https://cartel.express/" "Mozilla/5.0 (Windows NT 10.0; Win64; x64) AppleWebKit/537.36 (KHTML, like Gecko) Chrome/70.0.3538.102 Safari/537.36 Edge/18.19582"
34.219.99.143 - - [17/Jul/2025:21:04:54 +0000] "GET /wp-content/plugins/woocommerce/assets/css/woocommerce-smallscreen.css?ver=10.0.2 HTTP/1.1" 200 1279 "https://cartel.express/" "Mozilla/5.0 (Windows NT 10.0; Win64; x64) AppleWebKit/537.36 (KHTML, like Gecko) Chrome/70.0.3538.102 Safari/537.36 Edge/18.19582"
34.219.99.143 - - [17/Jul/2025:21:04:54 +0000] "GET /wp-content/plugins/trx_addons/addons/mouse-helper/mouse-helper.responsive.css HTTP/1.1" 200 304 "https://cartel.express/" "Mozilla/5.0 (Windows NT 10.0; Win64; x64) AppleWebKit/537.36 (KHTML, like Gecko) Chrome/70.0.3538.102 Safari/537.36 Edge/18.19582"
34.219.99.143 - - [17/Jul/2025:21:04:54 +0000] "GET /wp-content/plugins/trx_addons/components/shortcodes/blogger/blogger.responsive.css HTTP/1.1" 200 1069 "https://cartel.express/" "Mozilla/5.0 (Windows NT 10.0; Win64; x64) AppleWebKit/537.36 (KHTML, like Gecko) Chrome/70.0.3538.102 Safari/537.36 Edge/18.19582"
34.219.99.143 - - [17/Jul/2025:21:04:54 +0000] "GET /wp-content/plugins/trx_addons/components/shortcodes/icons/icons.responsive.css HTTP/1.1" 200 224 "https://cartel.express/" "Mozilla/5.0 (Windows NT 10.0; Win64; x64) AppleWebKit/537.36 (KHTML, like Gecko) Chrome/70.0.3538.102 Safari/537.36 Edge/18.19582"
34.219.99.143 - - [17/Jul/2025:21:04:54 +0000] "GET /wp-content/uploads/2023/08/image01-copyright.jpg HTTP/1.1" 200 67131 "https://cartel.express/" "Mozilla/5.0 (Windows NT 10.0; Win64; x64) AppleWebKit/537.36 (KHTML, like Gecko) Chrome/70.0.3538.102 Safari/537.36 Edge/18.19582"
34.219.99.143 - - [17/Jul/2025:21:04:54 +0000] "GET /wp-content/uploads/elementor/thumbs/image05-copyright-qsjjce9pqghwrpf12qvjtma55j7908lkinl0yu76ti.jpg HTTP/1.1" 200 74015 "https://cartel.express/" "Mozilla/5.0 (Windows NT 10.0; Win64; x64) AppleWebKit/537.36 (KHTML, like Gecko) Chrome/70.0.3538.102 Safari/537.36 Edge/18.19582"
34.219.99.143 - - [17/Jul/2025:21:04:54 +0000] "GET /wp-includes/js/wp-emoji-release.min.js?ver=6.8.2 HTTP/1.1" 200 5163 "https://cartel.express/" "Mozilla/5.0 (Windows NT 10.0; Win64; x64) AppleWebKit/537.36 (KHTML, like Gecko) Chrome/70.0.3538.102 Safari/537.36 Edge/18.19582"
34.219.99.143 - - [17/Jul/2025:21:04:54 +0000] "POST /?wc-ajax=get_refreshed_fragments HTTP/1.1" 200 161 "https://cartel.express/" "Mozilla/5.0 (Windows NT 10.0; Win64; x64) AppleWebKit/537.36 (KHTML, like Gecko) Chrome/70.0.3538.102 Safari/537.36 Edge/18.19582"
34.219.99.143 - - [17/Jul/2025:21:04:54 +0000] "GET /wp-json/contact-form-7/v1/contact-forms/1266/feedback/schema HTTP/1.1" 200 265 "https://cartel.express/" "Mozilla/5.0 (Windows NT 10.0; Win64; x64) AppleWebKit/537.36 (KHTML, like Gecko) Chrome/70.0.3538.102 Safari/537.36 Edge/18.19582"
34.219.99.143 - - [17/Jul/2025:21:04:54 +0000] "GET /wp-json/contact-form-7/v1/contact-forms/1266/refill HTTP/1.1" 200 22 "https://cartel.express/" "Mozilla/5.0 (Windows NT 10.0; Win64; x64) AppleWebKit/537.36 (KHTML, like Gecko) Chrome/70.0.3538.102 Safari/537.36 Edge/18.19582"
34.219.99.143 - - [17/Jul/2025:21:04:55 +0000] "GET /wp-content/uploads/2024/08/Asset-5.png HTTP/1.1" 200 54438 "https://cartel.express/" "Mozilla/5.0 (Windows NT 10.0; Win64; x64) AppleWebKit/537.36 (KHTML, like Gecko) Chrome/70.0.3538.102 Safari/537.36 Edge/18.19582"
34.219.99.143 - - [17/Jul/2025:21:04:55 +0000] "GET /wp-content/uploads/revslider/slider-home-1/83_small-arrow1.png HTTP/1.1" 200 248 "https://cartel.express/" "Mozilla/5.0 (Windows NT 10.0; Win64; x64) AppleWebKit/537.36 (KHTML, like Gecko) Chrome/70.0.3538.102 Safari/537.36 Edge/18.19582"
34.219.99.143 - - [17/Jul/2025:21:04:55 +0000] "GET /wp-content/uploads/revslider/video-media/157_1-video_21.jpeg HTTP/1.1" 200 180979 "https://cartel.express/" "Mozilla/5.0 (Windows NT 10.0; Win64; x64) AppleWebKit/537.36 (KHTML, like Gecko) Chrome/70.0.3538.102 Safari/537.36 Edge/18.19582"
34.219.99.143 - - [17/Jul/2025:21:04:55 +0000] "GET /wp-content/plugins/revslider/sr6/assets/fonts/revicons/revicons.woff?5510888 HTTP/1.1" 200 7491 "https://cartel.express/wp-content/plugins/revslider/sr6/assets/css/rs6.css?ver=6.7.34" "Mozilla/5.0 (Windows NT 10.0; Win64; x64) AppleWebKit/537.36 (KHTML, like Gecko) Chrome/70.0.3538.102 Safari/537.36 Edge/18.19582"
34.219.99.143 - - [17/Jul/2025:21:04:55 +0000] "GET /wp-content/uploads/revslider/slider-home-1/157_1-video1.mp4 HTTP/1.1" 206 5276437 "https://cartel.express/" "Mozilla/5.0 (Windows NT 10.0; Win64; x64) AppleWebKit/537.36 (KHTML, like Gecko) Chrome/70.0.3538.102 Safari/537.36 Edge/18.19582"
34.219.99.143 - - [17/Jul/2025:21:04:55 +0000] "GET /wp-content/uploads/revslider/slider-home-1/157_1-video1.mp4 HTTP/1.1" 206 2988577 "https://cartel.express/" "Mozilla/5.0 (Windows NT 10.0; Win64; x64) AppleWebKit/537.36 (KHTML, like Gecko) Chrome/70.0.3538.102 Safari/537.36 Edge/18.19582"
209.74.77.214 - - [17/Jul/2025:21:05:09 +0000] "POST /wp-cron.php?doing_wp_cron=1752786309.5428919792175292968750 HTTP/1.1" 200 - "-" "WordPress/6.8.2; https://cartel.express"
216.73.216.236 - - [17/Jul/2025:21:05:09 +0000] "GET /product-tag/rotors/feed HTTP/1.1" 301 - "-" "Mozilla/5.0 AppleWebKit/537.36 (KHTML, like Gecko; compatible; ClaudeBot/1.0; [email protected])"
216.73.216.236 - - [17/Jul/2025:21:05:09 +0000] "GET /product-tag/rotors/feed/ HTTP/1.1" 200 1147 "https://cartel.express/product-tag/rotors/feed" "Mozilla/5.0 AppleWebKit/537.36 (KHTML, like Gecko; compatible; ClaudeBot/1.0; [email protected])"
209.74.77.214 - - [17/Jul/2025:21:05:54 +0000] "POST /wp-cron.php?doing_wp_cron=1752786354.4882810115814208984375 HTTP/1.1" 200 - "-" "WordPress/6.8.2; https://cartel.express"
216.73.216.236 - - [17/Jul/2025:21:05:51 +0000] "GET /?p=2997 HTTP/1.1" 301 - "-" "Mozilla/5.0 AppleWebKit/537.36 (KHTML, like Gecko; compatible; ClaudeBot/1.0; [email protected])"
216.73.216.236 - - [17/Jul/2025:21:05:54 +0000] "GET /portfolio/interior-cleaning/ HTTP/1.1" 200 36757 "https://cartel.express/?p=2997" "Mozilla/5.0 AppleWebKit/537.36 (KHTML, like Gecko; compatible; ClaudeBot/1.0; [email protected])"
209.74.77.214 - - [17/Jul/2025:21:06:38 +0000] "POST /wp-cron.php?doing_wp_cron=1752786398.9258329868316650390625 HTTP/1.1" 200 - "-" "WordPress/6.8.2; https://cartel.express"
216.73.216.236 - - [17/Jul/2025:21:06:36 +0000] "GET /?p=426 HTTP/1.1" 301 - "-" "Mozilla/5.0 AppleWebKit/537.36 (KHTML, like Gecko; compatible; ClaudeBot/1.0; [email protected])"
216.73.216.236 - - [17/Jul/2025:21:06:39 +0000] "GET /what-can-go-wrong-while-diagnosing-a-car-problem/ HTTP/1.1" 200 29504 "https://cartel.express/?p=426" "Mozilla/5.0 AppleWebKit/537.36 (KHTML, like Gecko; compatible; ClaudeBot/1.0; [email protected])"
209.74.77.214 - - [17/Jul/2025:21:07:33 +0000] "POST /wp-cron.php?doing_wp_cron=1752786453.2051498889923095703125 HTTP/1.1" 200 - "-" "WordPress/6.8.2; https://cartel.express"
216.73.216.236 - - [17/Jul/2025:21:07:30 +0000] "GET /?p=2759 HTTP/1.1" 301 - "-" "Mozilla/5.0 AppleWebKit/537.36 (KHTML, like Gecko; compatible; ClaudeBot/1.0; [email protected])"
216.73.216.236 - - [17/Jul/2025:21:07:33 +0000] "GET /portfolio/modern-technology/ HTTP/1.1" 200 36842 "https://cartel.express/?p=2759" "Mozilla/5.0 AppleWebKit/537.36 (KHTML, like Gecko; compatible; ClaudeBot/1.0; [email protected])"
209.74.77.214 - - [17/Jul/2025:21:08:21 +0000] "POST /wp-cron.php?doing_wp_cron=1752786501.1023850440979003906250 HTTP/1.1" 200 - "-" "WordPress/6.8.2; https://cartel.express"
216.73.216.236 - - [17/Jul/2025:21:08:18 +0000] "GET /tag/trends/feed HTTP/1.1" 301 - "-" "Mozilla/5.0 AppleWebKit/537.36 (KHTML, like Gecko; compatible; ClaudeBot/1.0; [email protected])"
216.73.216.236 - - [17/Jul/2025:21:08:21 +0000] "GET /tag/trends/feed/ HTTP/1.1" 200 3947 "https://cartel.express/tag/trends/feed" "Mozilla/5.0 AppleWebKit/537.36 (KHTML, like Gecko; compatible; ClaudeBot/1.0; [email protected])"
216.73.216.236 - - [17/Jul/2025:21:08:22 +0000] "GET /tag/tint/feed HTTP/1.1" 301 - "-" "Mozilla/5.0 AppleWebKit/537.36 (KHTML, like Gecko; compatible; ClaudeBot/1.0; [email protected])"
216.73.216.236 - - [17/Jul/2025:21:08:22 +0000] "GET /tag/tint/feed/ HTTP/1.1" 200 4145 "https://cartel.express/tag/tint/feed" "Mozilla/5.0 AppleWebKit/537.36 (KHTML, like Gecko; compatible; ClaudeBot/1.0; [email protected])"
209.74.77.214 - - [17/Jul/2025:21:09:10 +0000] "POST /wp-cron.php?doing_wp_cron=1752786550.4365749359130859375000 HTTP/1.1" 200 - "-" "WordPress/6.8.2; https://cartel.express"
66.249.68.33 - - [17/Jul/2025:21:09:08 +0000] "GET /shopdetail/height/u003d323/img/x/product/details/20240917/sd1_de0553f6406c2ba5225b3e8d264480a83cea6ec1.jpg HTTP/1.1" 404 24778 "-" "Googlebot-Image/1.0"
209.74.77.214 - - [17/Jul/2025:21:09:15 +0000] "POST /wp-cron.php?doing_wp_cron=1752786555.2926769256591796875000 HTTP/1.1" 200 - "-" "WordPress/6.8.2; https://cartel.express"
216.73.216.236 - - [17/Jul/2025:21:09:14 +0000] "GET /?p=430 HTTP/1.1" 301 - "-" "Mozilla/5.0 AppleWebKit/537.36 (KHTML, like Gecko; compatible; ClaudeBot/1.0; [email protected])"
216.73.216.236 - - [17/Jul/2025:21:09:15 +0000] "GET /why-is-it-crucial-to-have-a-professional-oil-change/ HTTP/1.1" 200 28789 "https://cartel.express/?p=430" "Mozilla/5.0 AppleWebKit/537.36 (KHTML, like Gecko; compatible; ClaudeBot/1.0; [email protected])"
209.74.77.214 - - [17/Jul/2025:21:10:06 +0000] "POST /wp-cron.php?doing_wp_cron=1752786606.6352620124816894531250 HTTP/1.1" 200 - "-" "WordPress/6.8.2; https://cartel.express"
216.73.216.236 - - [17/Jul/2025:21:10:04 +0000] "GET /portfolio_group/car-wash/feed HTTP/1.1" 301 - "-" "Mozilla/5.0 AppleWebKit/537.36 (KHTML, like Gecko; compatible; ClaudeBot/1.0; [email protected])"
216.73.216.236 - - [17/Jul/2025:21:10:06 +0000] "GET /portfolio_group/car-wash/feed/ HTTP/1.1" 200 1945 "https://cartel.express/portfolio_group/car-wash/feed" "Mozilla/5.0 AppleWebKit/537.36 (KHTML, like Gecko; compatible; ClaudeBot/1.0; [email protected])"
209.74.77.214 - - [17/Jul/2025:21:10:49 +0000] "POST /wp-cron.php?doing_wp_cron=1752786649.2923789024353027343750 HTTP/1.1" 200 - "-" "WordPress/6.8.2; https://cartel.express"
216.73.216.236 - - [17/Jul/2025:21:10:46 +0000] "GET /tag/travel/feed HTTP/1.1" 301 - "-" "Mozilla/5.0 AppleWebKit/537.36 (KHTML, like Gecko; compatible; ClaudeBot/1.0; [email protected])"
216.73.216.236 - - [17/Jul/2025:21:10:49 +0000] "GET /tag/travel/feed/ HTTP/1.1" 200 3234 "https://cartel.express/tag/travel/feed" "Mozilla/5.0 AppleWebKit/537.36 (KHTML, like Gecko; compatible; ClaudeBot/1.0; [email protected])"
209.74.77.214 - - [17/Jul/2025:21:11:36 +0000] "POST /wp-cron.php?doing_wp_cron=1752786696.5226659774780273437500 HTTP/1.1" 200 - "-" "WordPress/6.8.2; https://cartel.express"
216.73.216.236 - - [17/Jul/2025:21:11:34 +0000] "GET /?p=428 HTTP/1.1" 301 - "-" "Mozilla/5.0 AppleWebKit/537.36 (KHTML, like Gecko; compatible; ClaudeBot/1.0; [email protected])"
216.73.216.236 - - [17/Jul/2025:21:11:36 +0000] "GET /original-car-parts-and-certified-mechanics-only/ HTTP/1.1" 200 28729 "https://cartel.express/?p=428" "Mozilla/5.0 AppleWebKit/537.36 (KHTML, like Gecko; compatible; ClaudeBot/1.0; [email protected])"
209.74.77.214 - - [17/Jul/2025:21:12:19 +0000] "POST /wp-cron.php?doing_wp_cron=1752786739.2743349075317382812500 HTTP/1.1" 200 - "-" "WordPress/6.8.2; https://cartel.express"
216.73.216.236 - - [17/Jul/2025:21:12:16 +0000] "GET /top-10-luxury-cars-to-rent-for-your-next-vacation/feed HTTP/1.1" 301 - "-" "Mozilla/5.0 AppleWebKit/537.36 (KHTML, like Gecko; compatible; ClaudeBot/1.0; [email protected])"
216.73.216.236 - - [17/Jul/2025:21:12:19 +0000] "GET /top-10-luxury-cars-to-rent-for-your-next-vacation/feed/ HTTP/1.1" 200 488 "https://cartel.express/top-10-luxury-cars-to-rent-for-your-next-vacation/feed" "Mozilla/5.0 AppleWebKit/537.36 (KHTML, like Gecko; compatible; ClaudeBot/1.0; [email protected])"
209.74.77.214 - - [17/Jul/2025:21:13:10 +0000] "POST /wp-cron.php?doing_wp_cron=1752786790.7585070133209228515625 HTTP/1.1" 200 - "-" "WordPress/6.8.2; https://cartel.express"
216.73.216.236 - - [17/Jul/2025:21:13:08 +0000] "GET /product/apex-rim/feed HTTP/1.1" 301 - "-" "Mozilla/5.0 AppleWebKit/537.36 (KHTML, like Gecko; compatible; ClaudeBot/1.0; [email protected])"
216.73.216.236 - - [17/Jul/2025:21:13:10 +0000] "GET /product/apex-rim/feed/ HTTP/1.1" 200 437 "https://cartel.express/product/apex-rim/feed" "Mozilla/5.0 AppleWebKit/537.36 (KHTML, like Gecko; compatible; ClaudeBot/1.0; [email protected])"
209.74.77.214 - - [17/Jul/2025:21:13:51 +0000] "POST /wp-cron.php?doing_wp_cron=1752786831.6410939693450927734375 HTTP/1.1" 200 - "-" "WordPress/6.8.2; https://cartel.express"
216.73.216.236 - - [17/Jul/2025:21:13:49 +0000] "GET /?p=27333 HTTP/1.1" 301 - "-" "Mozilla/5.0 AppleWebKit/537.36 (KHTML, like Gecko; compatible; ClaudeBot/1.0; [email protected])"
216.73.216.236 - - [17/Jul/2025:21:13:51 +0000] "GET /product/apex-rim/ HTTP/1.1" 200 40901 "https://cartel.express/?p=27333" "Mozilla/5.0 AppleWebKit/537.36 (KHTML, like Gecko; compatible; ClaudeBot/1.0; [email protected])"
209.74.77.214 - - [17/Jul/2025:21:14:46 +0000] "POST /wp-cron.php?doing_wp_cron=1752786886.2236139774322509765625 HTTP/1.1" 200 - "-" "WordPress/6.8.2; https://cartel.express"
216.73.216.236 - - [17/Jul/2025:21:14:43 +0000] "GET /?p=31298 HTTP/1.1" 301 - "-" "Mozilla/5.0 AppleWebKit/537.36 (KHTML, like Gecko; compatible; ClaudeBot/1.0; [email protected])"
216.73.216.236 - - [17/Jul/2025:21:14:46 +0000] "GET /top-10-luxury-cars-to-rent-for-your-next-vacation/ HTTP/1.1" 200 28842 "https://cartel.express/?p=31298" "Mozilla/5.0 AppleWebKit/537.36 (KHTML, like Gecko; compatible; ClaudeBot/1.0; [email protected])"
209.74.77.214 - - [17/Jul/2025:21:15:46 +0000] "POST /wp-cron.php?doing_wp_cron=1752786946.1584749221801757812500 HTTP/1.1" 200 - "-" "WordPress/6.8.2; https://cartel.express"
216.73.216.236 - - [17/Jul/2025:21:15:41 +0000] "GET /?p=4569 HTTP/1.1" 301 - "-" "Mozilla/5.0 AppleWebKit/537.36 (KHTML, like Gecko; compatible; ClaudeBot/1.0; [email protected])"
216.73.216.236 - - [17/Jul/2025:21:15:46 +0000] "GET /services/generator/ HTTP/1.1" 200 37711 "https://cartel.express/?p=4569" "Mozilla/5.0 AppleWebKit/537.36 (KHTML, like Gecko; compatible; ClaudeBot/1.0; [email protected])"
209.74.77.214 - - [17/Jul/2025:21:16:25 +0000] "POST /wp-cron.php?doing_wp_cron=1752786985.5842499732971191406250 HTTP/1.1" 200 - "-" "WordPress/6.8.2; https://cartel.express"
216.73.216.236 - - [17/Jul/2025:21:16:23 +0000] "GET /?p=3155 HTTP/1.1" 301 - "-" "Mozilla/5.0 AppleWebKit/537.36 (KHTML, like Gecko; compatible; ClaudeBot/1.0; [email protected])"
216.73.216.236 - - [17/Jul/2025:21:16:25 +0000] "GET /portfolio/custom-wheels/ HTTP/1.1" 200 36792 "https://cartel.express/?p=3155" "Mozilla/5.0 AppleWebKit/537.36 (KHTML, like Gecko; compatible; ClaudeBot/1.0; [email protected])"
209.74.77.214 - - [17/Jul/2025:21:17:24 +0000] "POST /wp-cron.php?doing_wp_cron=1752787044.1452999114990234375000 HTTP/1.1" 200 - "-" "WordPress/6.8.2; https://cartel.express"
216.73.216.236 - - [17/Jul/2025:21:17:21 +0000] "GET /?p=792 HTTP/1.1" 301 - "-" "Mozilla/5.0 AppleWebKit/537.36 (KHTML, like Gecko; compatible; ClaudeBot/1.0; [email protected])"
216.73.216.236 - - [17/Jul/2025:21:17:24 +0000] "GET /services/rain-repellent/ HTTP/1.1" 200 37754 "https://cartel.express/?p=792" "Mozilla/5.0 AppleWebKit/537.36 (KHTML, like Gecko; compatible; ClaudeBot/1.0; [email protected])"
209.74.77.214 - - [17/Jul/2025:21:18:09 +0000] "POST /wp-cron.php?doing_wp_cron=1752787089.4437808990478515625000 HTTP/1.1" 200 - "-" "WordPress/6.8.2; https://cartel.express"
216.73.216.236 - - [17/Jul/2025:21:18:07 +0000] "GET /?p=2995 HTTP/1.1" 301 - "-" "Mozilla/5.0 AppleWebKit/537.36 (KHTML, like Gecko; compatible; ClaudeBot/1.0; [email protected])"
216.73.216.236 - - [17/Jul/2025:21:18:09 +0000] "GET /portfolio/window-tinting/ HTTP/1.1" 200 36922 "https://cartel.express/?p=2995" "Mozilla/5.0 AppleWebKit/537.36 (KHTML, like Gecko; compatible; ClaudeBot/1.0; [email protected])"
209.74.77.214 - - [17/Jul/2025:21:19:09 +0000] "POST /wp-cron.php?doing_wp_cron=1752787149.4350640773773193359375 HTTP/1.1" 200 - "-" "WordPress/6.8.2; https://cartel.express"
216.73.216.236 - - [17/Jul/2025:21:19:07 +0000] "GET /?p=793 HTTP/1.1" 301 - "-" "Mozilla/5.0 AppleWebKit/537.36 (KHTML, like Gecko; compatible; ClaudeBot/1.0; [email protected])"
216.73.216.236 - - [17/Jul/2025:21:19:09 +0000] "GET /services/full-service/ HTTP/1.1" 200 37735 "https://cartel.express/?p=793" "Mozilla/5.0 AppleWebKit/537.36 (KHTML, like Gecko; compatible; ClaudeBot/1.0; [email protected])"
47.79.240.2 - - [17/Jul/2025:21:19:18 +0000] "GET / HTTP/1.1" 200 40575 "http://cartel.express" "Mozilla/5.0 (Windows NT 10.0; Win64; x64) AppleWebKit/537.36 (KHTML, like Gecko) Chrome/114.0.0.0 Safari/537.36 Edg/114.0.1823.43"
66.249.68.34 - - [17/Jul/2025:21:19:48 +0000] "GET /1000_QL80_.jpg HTTP/1.1" 404 24729 "-" "Googlebot-Image/1.0"
209.74.77.214 - - [17/Jul/2025:21:20:06 +0000] "POST /wp-cron.php?doing_wp_cron=1752787206.6508710384368896484375 HTTP/1.1" 200 - "-" "WordPress/6.8.2; https://cartel.express"
216.73.216.236 - - [17/Jul/2025:21:20:06 +0000] "GET /product-tag/rotors/?quick-view=19248 HTTP/1.1" 200 38773 "-" "Mozilla/5.0 AppleWebKit/537.36 (KHTML, like Gecko; compatible; ClaudeBot/1.0; [email protected])"
209.74.77.214 - - [17/Jul/2025:21:21:16 +0000] "POST /wp-cron.php?doing_wp_cron=1752787276.7059819698333740234375 HTTP/1.1" 200 - "-" "WordPress/6.8.2; https://cartel.express"
216.73.216.236 - - [17/Jul/2025:21:21:13 +0000] "GET /portfolio/rims-painting HTTP/1.1" 301 - "-" "Mozilla/5.0 AppleWebKit/537.36 (KHTML, like Gecko; compatible; ClaudeBot/1.0; [email protected])"
216.73.216.236 - - [17/Jul/2025:21:21:16 +0000] "GET /portfolio/rims-painting/ HTTP/1.1" 200 36753 "https://cartel.express/portfolio/rims-painting" "Mozilla/5.0 AppleWebKit/537.36 (KHTML, like Gecko; compatible; ClaudeBot/1.0; [email protected])"
209.74.77.214 - - [17/Jul/2025:21:22:10 +0000] "POST /wp-cron.php?doing_wp_cron=1752787330.0214641094207763671875 HTTP/1.1" 200 - "-" "WordPress/6.8.2; https://cartel.express"
216.73.216.236 - - [17/Jul/2025:21:22:07 +0000] "GET /tag/sale/feed HTTP/1.1" 301 - "-" "Mozilla/5.0 AppleWebKit/537.36 (KHTML, like Gecko; compatible; ClaudeBot/1.0; [email protected])"
216.73.216.236 - - [17/Jul/2025:21:22:10 +0000] "GET /tag/sale/feed/ HTTP/1.1" 200 3235 "https://cartel.express/tag/sale/feed" "Mozilla/5.0 AppleWebKit/537.36 (KHTML, like Gecko; compatible; ClaudeBot/1.0; [email protected])"
209.74.77.214 - - [17/Jul/2025:21:23:05 +0000] "POST /wp-cron.php?doing_wp_cron=1752787385.0864570140838623046875 HTTP/1.1" 200 - "-" "WordPress/6.8.2; https://cartel.express"
216.73.216.236 - - [17/Jul/2025:21:23:02 +0000] "GET /product-tag/rotors/?quick-view=19252 HTTP/1.1" 200 38775 "-" "Mozilla/5.0 AppleWebKit/537.36 (KHTML, like Gecko; compatible; ClaudeBot/1.0; [email protected])"
209.74.77.214 - - [17/Jul/2025:21:23:54 +0000] "POST /wp-cron.php?doing_wp_cron=1752787434.6033420562744140625000 HTTP/1.1" 200 - "-" "WordPress/6.8.2; https://cartel.express"
216.73.216.236 - - [17/Jul/2025:21:23:52 +0000] "GET /product/air-filter-element/?add-to-cart=19250 HTTP/1.1" 200 40156 "-" "Mozilla/5.0 AppleWebKit/537.36 (KHTML, like Gecko; compatible; ClaudeBot/1.0; [email protected])"
209.74.77.214 - - [17/Jul/2025:21:24:40 +0000] "POST /wp-cron.php?doing_wp_cron=1752787480.0391349792480468750000 HTTP/1.1" 200 - "-" "WordPress/6.8.2; https://cartel.express"
216.73.216.236 - - [17/Jul/2025:21:24:37 +0000] "GET /product-tag/rotors/?add-to-cart=19252 HTTP/1.1" 200 38826 "-" "Mozilla/5.0 AppleWebKit/537.36 (KHTML, like Gecko; compatible; ClaudeBot/1.0; [email protected])"
209.74.77.214 - - [17/Jul/2025:21:25:30 +0000] "POST /wp-cron.php?doing_wp_cron=1752787530.3948569297790527343750 HTTP/1.1" 200 - "-" "WordPress/6.8.2; https://cartel.express"
216.73.216.236 - - [17/Jul/2025:21:25:25 +0000] "GET /why-is-it-crucial-to-have-a-professional-oil-change/feed HTTP/1.1" 301 - "-" "Mozilla/5.0 AppleWebKit/537.36 (KHTML, like Gecko; compatible; ClaudeBot/1.0; [email protected])"
216.73.216.236 - - [17/Jul/2025:21:25:30 +0000] "GET /why-is-it-crucial-to-have-a-professional-oil-change/feed/ HTTP/1.1" 200 485 "https://cartel.express/why-is-it-crucial-to-have-a-professional-oil-change/feed" "Mozilla/5.0 AppleWebKit/537.36 (KHTML, like Gecko; compatible; ClaudeBot/1.0; [email protected])"
216.73.216.236 - - [17/Jul/2025:21:25:32 +0000] "GET /tag/clean/feed HTTP/1.1" 301 - "-" "Mozilla/5.0 AppleWebKit/537.36 (KHTML, like Gecko; compatible; ClaudeBot/1.0; [email protected])"
216.73.216.236 - - [17/Jul/2025:21:25:33 +0000] "GET /tag/clean/feed/ HTTP/1.1" 200 4149 "https://cartel.express/tag/clean/feed" "Mozilla/5.0 AppleWebKit/537.36 (KHTML, like Gecko; compatible; ClaudeBot/1.0; [email protected])"
209.74.77.214 - - [17/Jul/2025:21:26:10 +0000] "POST /wp-cron.php?doing_wp_cron=1752787570.3998630046844482421875 HTTP/1.1" 200 - "-" "WordPress/6.8.2; https://cartel.express"
216.73.216.236 - - [17/Jul/2025:21:26:08 +0000] "GET /?p=864 HTTP/1.1" 301 - "-" "Mozilla/5.0 AppleWebKit/537.36 (KHTML, like Gecko; compatible; ClaudeBot/1.0; [email protected])"
216.73.216.236 - - [17/Jul/2025:21:26:10 +0000] "GET /services/client-transfer/ HTTP/1.1" 200 37665 "https://cartel.express/?p=864" "Mozilla/5.0 AppleWebKit/537.36 (KHTML, like Gecko; compatible; ClaudeBot/1.0; [email protected])"
209.74.77.214 - - [17/Jul/2025:21:26:53 +0000] "POST /wp-cron.php?doing_wp_cron=1752787613.2632091045379638671875 HTTP/1.1" 200 - "-" "WordPress/6.8.2; https://cartel.express"
216.73.216.236 - - [17/Jul/2025:21:26:50 +0000] "GET /?p=3151 HTTP/1.1" 301 - "-" "Mozilla/5.0 AppleWebKit/537.36 (KHTML, like Gecko; compatible; ClaudeBot/1.0; [email protected])"
216.73.216.236 - - [17/Jul/2025:21:26:53 +0000] "GET /portfolio/custom-headlights/ HTTP/1.1" 200 36800 "https://cartel.express/?p=3151" "Mozilla/5.0 AppleWebKit/537.36 (KHTML, like Gecko; compatible; ClaudeBot/1.0; [email protected])"
209.74.77.214 - - [17/Jul/2025:21:27:41 +0000] "POST /wp-cron.php?doing_wp_cron=1752787661.3394761085510253906250 HTTP/1.1" 200 - "-" "WordPress/6.8.2; https://cartel.express"
216.73.216.236 - - [17/Jul/2025:21:27:39 +0000] "GET /product/apex-rim/?add-to-cart=19252 HTTP/1.1" 200 40902 "-" "Mozilla/5.0 AppleWebKit/537.36 (KHTML, like Gecko; compatible; ClaudeBot/1.0; [email protected])"
209.74.77.214 - - [17/Jul/2025:21:28:25 +0000] "POST /wp-cron.php?doing_wp_cron=1752787705.4439909458160400390625 HTTP/1.1" 200 - "-" "WordPress/6.8.2; https://cartel.express"
216.73.216.236 - - [17/Jul/2025:21:28:23 +0000] "GET /?p=2761 HTTP/1.1" 301 - "-" "Mozilla/5.0 AppleWebKit/537.36 (KHTML, like Gecko; compatible; ClaudeBot/1.0; [email protected])"
216.73.216.236 - - [17/Jul/2025:21:28:25 +0000] "GET /portfolio/car-painting/ HTTP/1.1" 200 37070 "https://cartel.express/?p=2761" "Mozilla/5.0 AppleWebKit/537.36 (KHTML, like Gecko; compatible; ClaudeBot/1.0; [email protected])"
216.73.216.236 - - [17/Jul/2025:21:28:28 +0000] "GET /tag/drive/feed HTTP/1.1" 301 - "-" "Mozilla/5.0 AppleWebKit/537.36 (KHTML, like Gecko; compatible; ClaudeBot/1.0; [email protected])"
216.73.216.236 - - [17/Jul/2025:21:28:29 +0000] "GET /tag/drive/feed/ HTTP/1.1" 200 3839 "https://cartel.express/tag/drive/feed" "Mozilla/5.0 AppleWebKit/537.36 (KHTML, like Gecko; compatible; ClaudeBot/1.0; [email protected])"
209.74.77.214 - - [17/Jul/2025:21:30:06 +0000] "POST /wp-cron.php?doing_wp_cron=1752787806.0777990818023681640625 HTTP/1.1" 200 - "-" "WordPress/6.8.2; https://cartel.express"
216.73.216.236 - - [17/Jul/2025:21:30:02 +0000] "GET /?p=27384 HTTP/1.1" 301 - "-" "Mozilla/5.0 AppleWebKit/537.36 (KHTML, like Gecko; compatible; ClaudeBot/1.0; [email protected])"
216.73.216.236 - - [17/Jul/2025:21:30:06 +0000] "GET /product/thick-barrel-rim/ HTTP/1.1" 200 40937 "https://cartel.express/?p=27384" "Mozilla/5.0 AppleWebKit/537.36 (KHTML, like Gecko; compatible; ClaudeBot/1.0; [email protected])"
216.73.216.236 - - [17/Jul/2025:21:30:08 +0000] "GET /?p=871 HTTP/1.1" 301 - "-" "Mozilla/5.0 AppleWebKit/537.36 (KHTML, like Gecko; compatible; ClaudeBot/1.0; [email protected])"
216.73.216.236 - - [17/Jul/2025:21:30:08 +0000] "GET /services/car-diagnosis/ HTTP/1.1" 200 37678 "https://cartel.express/?p=871" "Mozilla/5.0 AppleWebKit/537.36 (KHTML, like Gecko; compatible; ClaudeBot/1.0; [email protected])"
209.74.77.214 - - [17/Jul/2025:21:32:01 +0000] "POST /wp-cron.php?doing_wp_cron=1752787921.3738660812377929687500 HTTP/1.1" 200 - "-" "WordPress/6.8.2; https://cartel.express"
216.73.216.236 - - [17/Jul/2025:21:31:58 +0000] "GET /?p=27078 HTTP/1.1" 301 - "-" "Mozilla/5.0 AppleWebKit/537.36 (KHTML, like Gecko; compatible; ClaudeBot/1.0; [email protected])"
216.73.216.236 - - [17/Jul/2025:21:32:01 +0000] "GET /product/all-season-tire/ HTTP/1.1" 200 40811 "https://cartel.express/?p=27078" "Mozilla/5.0 AppleWebKit/537.36 (KHTML, like Gecko; compatible; ClaudeBot/1.0; [email protected])"
216.73.216.236 - - [17/Jul/2025:21:32:06 +0000] "GET /?p=4578 HTTP/1.1" 301 - "-" "Mozilla/5.0 AppleWebKit/537.36 (KHTML, like Gecko; compatible; ClaudeBot/1.0; [email protected])"
216.73.216.236 - - [17/Jul/2025:21:32:06 +0000] "GET /services/brakes/ HTTP/1.1" 200 37688 "https://cartel.express/?p=4578" "Mozilla/5.0 AppleWebKit/537.36 (KHTML, like Gecko; compatible; ClaudeBot/1.0; [email protected])"
209.74.77.214 - - [17/Jul/2025:21:32:47 +0000] "POST /wp-cron.php?doing_wp_cron=1752787967.2812819480895996093750 HTTP/1.1" 200 - "-" "WordPress/6.8.2; https://cartel.express"
2.58.201.16 - - [17/Jul/2025:21:32:44 +0000] "GET / HTTP/1.1" 200 269954 "-" "Mozilla/5.0 (X11; Linux x86_64) AppleWebKit/537.36 (KHTML, like Gecko) Chrome/81.0.4044.129 Safari/537.36"
209.74.77.214 - - [17/Jul/2025:21:32:59 +0000] "POST /wp-cron.php?doing_wp_cron=1752787979.0295860767364501953125 HTTP/1.1" 200 - "-" "WordPress/6.8.2; https://cartel.express"
216.73.216.236 - - [17/Jul/2025:21:32:58 +0000] "GET /?p=2994 HTTP/1.1" 301 - "-" "Mozilla/5.0 AppleWebKit/537.36 (KHTML, like Gecko; compatible; ClaudeBot/1.0; [email protected])"
216.73.216.236 - - [17/Jul/2025:21:32:59 +0000] "GET /portfolio/leather-cleaning/ HTTP/1.1" 200 36959 "https://cartel.express/?p=2994" "Mozilla/5.0 AppleWebKit/537.36 (KHTML, like Gecko; compatible; ClaudeBot/1.0; [email protected])"
216.73.216.236 - - [17/Jul/2025:21:33:01 +0000] "GET /?p=791 HTTP/1.1" 301 - "-" "Mozilla/5.0 AppleWebKit/537.36 (KHTML, like Gecko; compatible; ClaudeBot/1.0; [email protected])"
216.73.216.236 - - [17/Jul/2025:21:33:01 +0000] "GET /services/polisher/ HTTP/1.1" 200 37738 "https://cartel.express/?p=791" "Mozilla/5.0 AppleWebKit/537.36 (KHTML, like Gecko; compatible; ClaudeBot/1.0; [email protected])"
209.74.77.214 - - [17/Jul/2025:21:33:51 +0000] "POST /wp-cron.php?doing_wp_cron=1752788031.7802379131317138671875 HTTP/1.1" 200 - "-" "WordPress/6.8.2; https://cartel.express"
20.244.110.131 - - [17/Jul/2025:21:33:49 +0000] "POST /xmlrpc.php HTTP/1.1" 200 403 "-" "Mozilla/5.0 (Windows; U; Windows NT 5.1; en-US; rv:1.7.5) Gecko/20041107 Firefox/1.0"
209.74.77.214 - - [17/Jul/2025:21:34:05 +0000] "POST /wp-cron.php?doing_wp_cron=1752788045.2961590290069580078125 HTTP/1.1" 200 - "-" "WordPress/6.8.2; https://cartel.express"
18.143.75.50 - - [17/Jul/2025:21:34:05 +0000] "POST /xmlrpc.php HTTP/1.1" 200 403 "-" "Mozilla/5.0 (Windows NT 10.0; Win64; x64) AppleWebKit/537.36 (KHTML, like Gecko) Chrome/91.0.4472.114 Safari/537.36"
216.73.216.236 - - [17/Jul/2025:21:34:08 +0000] "GET /?p=27140 HTTP/1.1" 301 - "-" "Mozilla/5.0 AppleWebKit/537.36 (KHTML, like Gecko; compatible; ClaudeBot/1.0; [email protected])"
216.73.216.236 - - [17/Jul/2025:21:34:08 +0000] "GET /product/gold-patch-rim/ HTTP/1.1" 200 40822 "https://cartel.express/?p=27140" "Mozilla/5.0 AppleWebKit/537.36 (KHTML, like Gecko; compatible; ClaudeBot/1.0; [email protected])"
8.211.36.6 - - [17/Jul/2025:21:34:10 +0000] "POST /xmlrpc.php HTTP/1.1" 200 403 "-" "Mozilla/5.0 (Linux; Android 10; LM-Q720) AppleWebKit/537.36 (KHTML, like Gecko) Chrome/91.0.4472.114 Mobile Safari/537.36"
216.73.216.236 - - [17/Jul/2025:21:34:10 +0000] "GET /?p=2622 HTTP/1.1" 301 - "-" "Mozilla/5.0 AppleWebKit/537.36 (KHTML, like Gecko; compatible; ClaudeBot/1.0; [email protected])"
216.73.216.236 - - [17/Jul/2025:21:34:11 +0000] "GET /portfolio/body-parts/ HTTP/1.1" 200 36776 "https://cartel.express/?p=2622" "Mozilla/5.0 AppleWebKit/537.36 (KHTML, like Gecko; compatible; ClaudeBot/1.0; [email protected])"
209.74.77.214 - - [17/Jul/2025:21:34:29 +0000] "POST /wp-cron.php?doing_wp_cron=1752788069.8923079967498779296875 HTTP/1.1" 200 - "-" "WordPress/6.8.2; https://cartel.express"
129.226.145.114 - - [17/Jul/2025:21:34:29 +0000] "POST /xmlrpc.php HTTP/1.1" 200 403 "-" "Mozilla/5.0 (Windows NT 5.1; rv:33.0) Gecko/20100101 Firefox/33.0"
103.1.237.105 - - [17/Jul/2025:21:34:35 +0000] "POST /xmlrpc.php HTTP/1.1" 200 403 "-" "Mozilla/5.0 (Windows NT 10.0; Win64; x64) AppleWebKit/537.36 (KHTML, like Gecko) Chrome/63.0.3239.132 Safari/537.36"
129.226.145.114 - - [17/Jul/2025:21:34:36 +0000] "POST /xmlrpc.php HTTP/1.1" 200 403 "-" "Mozilla/5.0 (Windows NT 10.0; WOW64; rv:50.0) Gecko/20100101 Firefox/50.0"
120.26.131.105 - - [17/Jul/2025:21:34:42 +0000] "POST /xmlrpc.php HTTP/1.1" 200 403 "-" "Mozilla/5.0 (Windows NT 6.1; WOW64; rv:43.0) Gecko/20100101 Firefox/43.0"
209.74.77.214 - - [17/Jul/2025:21:35:11 +0000] "POST /wp-cron.php?doing_wp_cron=1752788111.3583340644836425781250 HTTP/1.1" 200 - "-" "WordPress/6.8.2; https://cartel.express"
216.73.216.236 - - [17/Jul/2025:21:35:10 +0000] "GET /?p=27026 HTTP/1.1" 301 - "-" "Mozilla/5.0 AppleWebKit/537.36 (KHTML, like Gecko; compatible; ClaudeBot/1.0; [email protected])"
216.73.216.236 - - [17/Jul/2025:21:35:11 +0000] "GET /product/steel-petals-rim/ HTTP/1.1" 200 41199 "https://cartel.express/?p=27026" "Mozilla/5.0 AppleWebKit/537.36 (KHTML, like Gecko; compatible; ClaudeBot/1.0; [email protected])"
209.74.77.214 - - [17/Jul/2025:21:35:13 +0000] "POST /wp-cron.php?doing_wp_cron=1752788113.7515220642089843750000 HTTP/1.1" 200 - "-" "WordPress/6.8.2; https://cartel.express"
216.73.216.236 - - [17/Jul/2025:21:35:13 +0000] "GET /category/repairs/feed HTTP/1.1" 301 - "-" "Mozilla/5.0 AppleWebKit/537.36 (KHTML, like Gecko; compatible; ClaudeBot/1.0; [email protected])"
216.73.216.236 - - [17/Jul/2025:21:35:13 +0000] "GET /category/repairs/feed/ HTTP/1.1" 200 3159 "https://cartel.express/category/repairs/feed" "Mozilla/5.0 AppleWebKit/537.36 (KHTML, like Gecko; compatible; ClaudeBot/1.0; [email protected])"
209.74.77.214 - - [17/Jul/2025:21:36:16 +0000] "POST /wp-cron.php?doing_wp_cron=1752788176.6799321174621582031250 HTTP/1.1" 200 - "-" "WordPress/6.8.2; https://cartel.express"
216.73.216.236 - - [17/Jul/2025:21:36:13 +0000] "GET /?p=870 HTTP/1.1" 301 - "-" "Mozilla/5.0 AppleWebKit/537.36 (KHTML, like Gecko; compatible; ClaudeBot/1.0; [email protected])"
216.73.216.236 - - [17/Jul/2025:21:36:16 +0000] "GET /services/repair-service/ HTTP/1.1" 200 37671 "https://cartel.express/?p=870" "Mozilla/5.0 AppleWebKit/537.36 (KHTML, like Gecko; compatible; ClaudeBot/1.0; [email protected])"
216.73.216.236 - - [17/Jul/2025:21:36:19 +0000] "GET /product-tag/air/feed HTTP/1.1" 301 - "-" "Mozilla/5.0 AppleWebKit/537.36 (KHTML, like Gecko; compatible; ClaudeBot/1.0; [email protected])"
216.73.216.236 - - [17/Jul/2025:21:36:19 +0000] "GET /product-tag/air/feed/ HTTP/1.1" 200 1124 "https://cartel.express/product-tag/air/feed" "Mozilla/5.0 AppleWebKit/537.36 (KHTML, like Gecko; compatible; ClaudeBot/1.0; [email protected])"
209.74.77.214 - - [17/Jul/2025:21:37:24 +0000] "POST /wp-cron.php?doing_wp_cron=1752788244.4893889427185058593750 HTTP/1.1" 200 - "-" "WordPress/6.8.2; https://cartel.express"
216.73.216.236 - - [17/Jul/2025:21:37:21 +0000] "GET /product/gold-patch-rim/feed HTTP/1.1" 301 - "-" "Mozilla/5.0 AppleWebKit/537.36 (KHTML, like Gecko; compatible; ClaudeBot/1.0; [email protected])"
216.73.216.236 - - [17/Jul/2025:21:37:24 +0000] "GET /product/gold-patch-rim/feed/ HTTP/1.1" 200 446 "https://cartel.express/product/gold-patch-rim/feed" "Mozilla/5.0 AppleWebKit/537.36 (KHTML, like Gecko; compatible; ClaudeBot/1.0; [email protected])"
216.73.216.236 - - [17/Jul/2025:21:37:27 +0000] "GET /tag/dealer/feed HTTP/1.1" 301 - "-" "Mozilla/5.0 AppleWebKit/537.36 (KHTML, like Gecko; compatible; ClaudeBot/1.0; [email protected])"
216.73.216.236 - - [17/Jul/2025:21:37:27 +0000] "GET /tag/dealer/feed/ HTTP/1.1" 200 3235 "https://cartel.express/tag/dealer/feed" "Mozilla/5.0 AppleWebKit/537.36 (KHTML, like Gecko; compatible; ClaudeBot/1.0; [email protected])"
209.74.77.214 - - [17/Jul/2025:21:38:28 +0000] "POST /wp-cron.php?doing_wp_cron=1752788308.4139010906219482421875 HTTP/1.1" 200 - "-" "WordPress/6.8.2; https://cartel.express"
216.73.216.236 - - [17/Jul/2025:21:38:25 +0000] "GET /product-tag/fuel/?quick-view=19251 HTTP/1.1" 200 38846 "-" "Mozilla/5.0 AppleWebKit/537.36 (KHTML, like Gecko; compatible; ClaudeBot/1.0; [email protected])"
216.73.216.236 - - [17/Jul/2025:21:38:29 +0000] "GET /product-tag/oil/feed HTTP/1.1" 301 - "-" "Mozilla/5.0 AppleWebKit/537.36 (KHTML, like Gecko; compatible; ClaudeBot/1.0; [email protected])"
216.73.216.236 - - [17/Jul/2025:21:38:29 +0000] "GET /product-tag/oil/feed/ HTTP/1.1" 200 1125 "https://cartel.express/product-tag/oil/feed" "Mozilla/5.0 AppleWebKit/537.36 (KHTML, like Gecko; compatible; ClaudeBot/1.0; [email protected])"
66.249.68.33 - - [17/Jul/2025:21:38:36 +0000] "GET /shopdetail/q_auto:eco/27282a83-59df-4b39-a7bf-6dd0bf5380b4/W+NIKE+DUNK+HIGH.png HTTP/1.1" 404 24779 "-" "Googlebot-Image/1.0"
209.74.77.214 - - [17/Jul/2025:21:39:29 +0000] "POST /wp-cron.php?doing_wp_cron=1752788369.2678980827331542968750 HTTP/1.1" 200 - "-" "WordPress/6.8.2; https://cartel.express"
216.73.216.236 - - [17/Jul/2025:21:39:26 +0000] "GET /product-tag/fuel/?quick-view=19247 HTTP/1.1" 200 38851 "-" "Mozilla/5.0 AppleWebKit/537.36 (KHTML, like Gecko; compatible; ClaudeBot/1.0; [email protected])"
209.74.77.214 - - [17/Jul/2025:21:40:43 +0000] "POST /wp-cron.php?doing_wp_cron=1752788443.7275819778442382812500 HTTP/1.1" 200 - "-" "WordPress/6.8.2; https://cartel.express"
216.73.216.236 - - [17/Jul/2025:21:40:40 +0000] "GET /product-tag/air/?quick-view=19251 HTTP/1.1" 200 38836 "-" "Mozilla/5.0 AppleWebKit/537.36 (KHTML, like Gecko; compatible; ClaudeBot/1.0; [email protected])"
209.74.77.214 - - [17/Jul/2025:21:41:46 +0000] "POST /wp-cron.php?doing_wp_cron=1752788506.8172121047973632812500 HTTP/1.1" 200 - "-" "WordPress/6.8.2; https://cartel.express"
216.73.216.236 - - [17/Jul/2025:21:41:44 +0000] "GET /product-tag/air/?quick-view=19247 HTTP/1.1" 200 38842 "-" "Mozilla/5.0 AppleWebKit/537.36 (KHTML, like Gecko; compatible; ClaudeBot/1.0; [email protected])"
209.74.77.214 - - [17/Jul/2025:21:42:50 +0000] "POST /wp-cron.php?doing_wp_cron=1752788570.2999401092529296875000 HTTP/1.1" 200 - "-" "WordPress/6.8.2; https://cartel.express"
216.73.216.236 - - [17/Jul/2025:21:42:47 +0000] "GET /product/all-season-tire/feed HTTP/1.1" 301 - "-" "Mozilla/5.0 AppleWebKit/537.36 (KHTML, like Gecko; compatible; ClaudeBot/1.0; [email protected])"
216.73.216.236 - - [17/Jul/2025:21:42:50 +0000] "GET /product/all-season-tire/feed/ HTTP/1.1" 200 445 "https://cartel.express/product/all-season-tire/feed" "Mozilla/5.0 AppleWebKit/537.36 (KHTML, like Gecko; compatible; ClaudeBot/1.0; [email protected])"
209.74.77.214 - - [17/Jul/2025:21:43:51 +0000] "POST /wp-cron.php?doing_wp_cron=1752788631.2012979984283447265625 HTTP/1.1" 200 - "-" "WordPress/6.8.2; https://cartel.express"
216.73.216.236 - - [17/Jul/2025:21:43:49 +0000] "GET /tag/cars/feed HTTP/1.1" 301 - "-" "Mozilla/5.0 AppleWebKit/537.36 (KHTML, like Gecko; compatible; ClaudeBot/1.0; [email protected])"
216.73.216.236 - - [17/Jul/2025:21:43:51 +0000] "GET /tag/cars/feed/ HTTP/1.1" 200 3946 "https://cartel.express/tag/cars/feed" "Mozilla/5.0 AppleWebKit/537.36 (KHTML, like Gecko; compatible; ClaudeBot/1.0; [email protected])"
209.74.77.214 - - [17/Jul/2025:21:44:58 +0000] "POST /wp-cron.php?doing_wp_cron=1752788698.9594230651855468750000 HTTP/1.1" 200 - "-" "WordPress/6.8.2; https://cartel.express"
216.73.216.236 - - [17/Jul/2025:21:44:56 +0000] "GET /product-tag/brakes/?quick-view=19248 HTTP/1.1" 200 38776 "-" "Mozilla/5.0 AppleWebKit/537.36 (KHTML, like Gecko; compatible; ClaudeBot/1.0; [email protected])"
66.249.68.33 - - [17/Jul/2025:21:45:47 +0000] "GET /shopdetail/enc_auto/db9fb8_1ed3df47baca4c10aa014e5c14f92891~mv2.jpeg HTTP/1.1" 200 18212 "-" "Googlebot-Image/1.0"
209.74.77.214 - - [17/Jul/2025:21:46:06 +0000] "POST /wp-cron.php?doing_wp_cron=1752788766.6021199226379394531250 HTTP/1.1" 200 - "-" "WordPress/6.8.2; https://cartel.express"
216.73.216.236 - - [17/Jul/2025:21:46:00 +0000] "GET /product-tag/brakes/?quick-view=19252 HTTP/1.1" 200 38771 "-" "Mozilla/5.0 AppleWebKit/537.36 (KHTML, like Gecko; compatible; ClaudeBot/1.0; [email protected])"
209.74.77.214 - - [17/Jul/2025:21:47:09 +0000] "POST /wp-cron.php?doing_wp_cron=1752788829.8593130111694335937500 HTTP/1.1" 200 - "-" "WordPress/6.8.2; https://cartel.express"
216.73.216.236 - - [17/Jul/2025:21:47:07 +0000] "GET /tag/parts/feed HTTP/1.1" 301 - "-" "Mozilla/5.0 AppleWebKit/537.36 (KHTML, like Gecko; compatible; ClaudeBot/1.0; [email protected])"
216.73.216.236 - - [17/Jul/2025:21:47:09 +0000] "GET /tag/parts/feed/ HTTP/1.1" 200 3948 "https://cartel.express/tag/parts/feed" "Mozilla/5.0 AppleWebKit/537.36 (KHTML, like Gecko; compatible; ClaudeBot/1.0; [email protected])"
216.73.216.236 - - [17/Jul/2025:21:48:09 +0000] "GET /robots.txt HTTP/1.1" 200 94 "-" "Mozilla/5.0 AppleWebKit/537.36 (KHTML, like Gecko; compatible; ClaudeBot/1.0; [email protected])"
209.74.77.214 - - [17/Jul/2025:21:48:12 +0000] "POST /wp-cron.php?doing_wp_cron=1752788892.2621440887451171875000 HTTP/1.1" 200 - "-" "WordPress/6.8.2; https://cartel.express"
216.73.216.236 - - [17/Jul/2025:21:48:09 +0000] "GET /product/thick-barrel-rim/feed HTTP/1.1" 301 - "-" "Mozilla/5.0 AppleWebKit/537.36 (KHTML, like Gecko; compatible; ClaudeBot/1.0; [email protected])"
216.73.216.236 - - [17/Jul/2025:21:48:12 +0000] "GET /product/thick-barrel-rim/feed/ HTTP/1.1" 200 447 "https://cartel.express/product/thick-barrel-rim/feed" "Mozilla/5.0 AppleWebKit/537.36 (KHTML, like Gecko; compatible; ClaudeBot/1.0; [email protected])"
209.74.77.214 - - [17/Jul/2025:21:49:31 +0000] "POST /wp-cron.php?doing_wp_cron=1752788971.8660120964050292968750 HTTP/1.1" 200 - "-" "WordPress/6.8.2; https://cartel.express"
216.73.216.236 - - [17/Jul/2025:21:49:29 +0000] "GET /product-tag/fuel/?add-to-cart=19247 HTTP/1.1" 200 38894 "-" "Mozilla/5.0 AppleWebKit/537.36 (KHTML, like Gecko; compatible; ClaudeBot/1.0; [email protected])"
209.74.77.214 - - [17/Jul/2025:21:50:33 +0000] "POST /wp-cron.php?doing_wp_cron=1752789033.4589109420776367187500 HTTP/1.1" 200 - "-" "WordPress/6.8.2; https://cartel.express"
216.73.216.236 - - [17/Jul/2025:21:50:31 +0000] "GET /product-tag/oil/?quick-view=19251 HTTP/1.1" 200 38842 "-" "Mozilla/5.0 AppleWebKit/537.36 (KHTML, like Gecko; compatible; ClaudeBot/1.0; [email protected])"
