Current File : /home/kelaby89/access-logs/cartel.express.sixpack.studio-ssl_log
87.124.115.162 - - [17/Jul/2025:12:13:20 +0000] "GET /wp-content/uploads/2023/08/image01-copyright.jpg HTTP/1.1" 200 67131 "https://cartel.express/" "Mozilla/5.0 (Windows NT 10.0; Win64; x64) AppleWebKit/537.36 (KHTML, like Gecko) Chrome/138.0.0.0 Safari/537.36"
209.74.77.214 - - [17/Jul/2025:12:15:44 +0000] "POST /wp-cron.php?doing_wp_cron=1752754544.1377289295196533203125 HTTP/1.1" 200 - "-" "WordPress/6.8.2; https://cartel.express"
66.249.73.128 - - [17/Jul/2025:12:15:41 +0000] "GET /shopdetail/dh/u003d480/item_images/004/178/767/42133c68aca2d98b38e787844109f0b9a36cf1f2.jpg HTTP/1.1" 404 24779 "-" "Googlebot-Image/1.0"
43.133.220.37 - - [17/Jul/2025:12:25:07 +0000] "GET / HTTP/1.1" 200 40663 "http://www.cartel.express" "Mozilla/5.0 (iPhone; CPU iPhone OS 13_2_3 like Mac OS X) AppleWebKit/605.1.15 (KHTML, like Gecko) Version/13.0.3 Mobile/15E148 Safari/604.1"
216.73.216.48 - - [17/Jul/2025:12:35:08 +0000] "GET /robots.txt HTTP/1.1" 200 94 "-" "Mozilla/5.0 AppleWebKit/537.36 (KHTML, like Gecko; compatible; ClaudeBot/1.0; [email protected])"
209.74.77.214 - - [17/Jul/2025:12:35:12 +0000] "POST /wp-cron.php?doing_wp_cron=1752755712.8158640861511230468750 HTTP/1.1" 200 - "-" "WordPress/6.8.2; https://cartel.express"
216.73.216.48 - - [17/Jul/2025:12:35:08 +0000] "GET /?p=25883 HTTP/1.1" 301 - "-" "Mozilla/5.0 AppleWebKit/537.36 (KHTML, like Gecko; compatible; ClaudeBot/1.0; [email protected])"
216.73.216.48 - - [17/Jul/2025:12:35:12 +0000] "GET /accessories-store/ HTTP/1.1" 200 35752 "https://cartel.express/?p=25883" "Mozilla/5.0 AppleWebKit/537.36 (KHTML, like Gecko; compatible; ClaudeBot/1.0; [email protected])"
209.74.77.214 - - [17/Jul/2025:12:35:41 +0000] "POST /wp-cron.php?doing_wp_cron=1752755741.4954400062561035156250 HTTP/1.1" 200 - "-" "WordPress/6.8.2; https://cartel.express"
66.249.73.132 - - [17/Jul/2025:12:35:41 +0000] "GET /tag/rent/1000_QL80_.jpg HTTP/1.1" 404 24778 "-" "Googlebot-Image/1.0"
209.74.77.214 - - [17/Jul/2025:12:36:18 +0000] "POST /wp-cron.php?doing_wp_cron=1752755778.5574419498443603515625 HTTP/1.1" 200 - "-" "WordPress/6.8.2; https://cartel.express"
216.73.216.48 - - [17/Jul/2025:12:36:16 +0000] "GET /product-tag/wheels HTTP/1.1" 301 - "-" "Mozilla/5.0 AppleWebKit/537.36 (KHTML, like Gecko; compatible; ClaudeBot/1.0; [email protected])"
216.73.216.48 - - [17/Jul/2025:12:36:18 +0000] "GET /product-tag/wheels/ HTTP/1.1" 200 40129 "https://cartel.express/product-tag/wheels" "Mozilla/5.0 AppleWebKit/537.36 (KHTML, like Gecko; compatible; ClaudeBot/1.0; [email protected])"
209.74.77.214 - - [17/Jul/2025:12:40:31 +0000] "POST /wp-cron.php?doing_wp_cron=1752756031.9016180038452148437500 HTTP/1.1" 200 - "-" "WordPress/6.8.2; https://cartel.express"
216.73.216.48 - - [17/Jul/2025:12:40:28 +0000] "GET /product/engine-filters HTTP/1.1" 301 - "-" "Mozilla/5.0 AppleWebKit/537.36 (KHTML, like Gecko; compatible; ClaudeBot/1.0; [email protected])"
216.73.216.48 - - [17/Jul/2025:12:40:32 +0000] "GET /product/engine-filters/ HTTP/1.1" 200 41103 "https://cartel.express/product/engine-filters" "Mozilla/5.0 AppleWebKit/537.36 (KHTML, like Gecko; compatible; ClaudeBot/1.0; [email protected])"
209.74.77.214 - - [17/Jul/2025:12:41:31 +0000] "POST /wp-cron.php?doing_wp_cron=1752756091.0165660381317138671875 HTTP/1.1" 200 - "-" "WordPress/6.8.2; https://cartel.express"
216.73.216.48 - - [17/Jul/2025:12:41:28 +0000] "GET /the-biggest-challenges-of-leather-seat-cleaning HTTP/1.1" 301 - "-" "Mozilla/5.0 AppleWebKit/537.36 (KHTML, like Gecko; compatible; ClaudeBot/1.0; [email protected])"
216.73.216.48 - - [17/Jul/2025:12:41:31 +0000] "GET /the-biggest-challenges-of-leather-seat-cleaning/ HTTP/1.1" 200 28858 "https://cartel.express/the-biggest-challenges-of-leather-seat-cleaning" "Mozilla/5.0 AppleWebKit/537.36 (KHTML, like Gecko; compatible; ClaudeBot/1.0; [email protected])"
209.74.77.214 - - [17/Jul/2025:12:44:16 +0000] "POST /wp-cron.php?doing_wp_cron=1752756256.0614659786224365234375 HTTP/1.1" 200 - "-" "WordPress/6.8.2; https://cartel.express"
216.73.216.48 - - [17/Jul/2025:12:44:13 +0000] "GET /accessories-store/?quick-view=19250 HTTP/1.1" 200 35742 "-" "Mozilla/5.0 AppleWebKit/537.36 (KHTML, like Gecko; compatible; ClaudeBot/1.0; [email protected])"
209.74.77.214 - - [17/Jul/2025:12:47:34 +0000] "POST /wp-cron.php?doing_wp_cron=1752756454.7779169082641601562500 HTTP/1.1" 200 - "-" "WordPress/6.8.2; https://cartel.express"
216.73.216.48 - - [17/Jul/2025:12:47:32 +0000] "GET /accessories-store/?add-to-cart=19247 HTTP/1.1" 200 35734 "-" "Mozilla/5.0 AppleWebKit/537.36 (KHTML, like Gecko; compatible; ClaudeBot/1.0; [email protected])"
209.74.77.214 - - [17/Jul/2025:12:48:32 +0000] "POST /wp-cron.php?doing_wp_cron=1752756512.7469999790191650390625 HTTP/1.1" 200 - "-" "WordPress/6.8.2; https://cartel.express"
216.73.216.48 - - [17/Jul/2025:12:48:31 +0000] "GET /product-category/brakes-rotors HTTP/1.1" 301 - "-" "Mozilla/5.0 AppleWebKit/537.36 (KHTML, like Gecko; compatible; ClaudeBot/1.0; [email protected])"
216.73.216.48 - - [17/Jul/2025:12:48:32 +0000] "GET /product-category/brakes-rotors/ HTTP/1.1" 200 38574 "https://cartel.express/product-category/brakes-rotors" "Mozilla/5.0 AppleWebKit/537.36 (KHTML, like Gecko; compatible; ClaudeBot/1.0; [email protected])"
216.73.216.48 - - [17/Jul/2025:12:48:33 +0000] "GET /premium-quality-brake-parts-and-installation-service HTTP/1.1" 301 - "-" "Mozilla/5.0 AppleWebKit/537.36 (KHTML, like Gecko; compatible; ClaudeBot/1.0; [email protected])"
216.73.216.48 - - [17/Jul/2025:12:48:34 +0000] "GET /premium-quality-brake-parts-and-installation-service/ HTTP/1.1" 200 28810 "https://cartel.express/premium-quality-brake-parts-and-installation-service" "Mozilla/5.0 AppleWebKit/537.36 (KHTML, like Gecko; compatible; ClaudeBot/1.0; [email protected])"
209.74.77.214 - - [17/Jul/2025:12:49:39 +0000] "POST /wp-cron.php?doing_wp_cron=1752756579.3576641082763671875000 HTTP/1.1" 200 - "-" "WordPress/6.8.2; https://cartel.express"
216.73.216.48 - - [17/Jul/2025:12:49:37 +0000] "GET /product/car-antifreeze HTTP/1.1" 301 - "-" "Mozilla/5.0 AppleWebKit/537.36 (KHTML, like Gecko; compatible; ClaudeBot/1.0; [email protected])"
216.73.216.48 - - [17/Jul/2025:12:49:39 +0000] "GET /product/car-antifreeze/ HTTP/1.1" 200 39966 "https://cartel.express/product/car-antifreeze" "Mozilla/5.0 AppleWebKit/537.36 (KHTML, like Gecko; compatible; ClaudeBot/1.0; [email protected])"
209.74.77.214 - - [17/Jul/2025:12:50:48 +0000] "POST /wp-cron.php?doing_wp_cron=1752756648.5133090019226074218750 HTTP/1.1" 200 - "-" "WordPress/6.8.2; https://cartel.express"
216.73.216.48 - - [17/Jul/2025:12:50:46 +0000] "GET /product-category/automotive-tools HTTP/1.1" 301 - "-" "Mozilla/5.0 AppleWebKit/537.36 (KHTML, like Gecko; compatible; ClaudeBot/1.0; [email protected])"
216.73.216.48 - - [17/Jul/2025:12:50:48 +0000] "GET /product-category/automotive-tools/ HTTP/1.1" 200 39121 "https://cartel.express/product-category/automotive-tools" "Mozilla/5.0 AppleWebKit/537.36 (KHTML, like Gecko; compatible; ClaudeBot/1.0; [email protected])"
216.73.216.48 - - [17/Jul/2025:12:50:51 +0000] "GET /?p=3738 HTTP/1.1" 301 - "-" "Mozilla/5.0 AppleWebKit/537.36 (KHTML, like Gecko; compatible; ClaudeBot/1.0; [email protected])"
216.73.216.48 - - [17/Jul/2025:12:50:52 +0000] "GET /about-us/ HTTP/1.1" 200 34416 "https://cartel.express/?p=3738" "Mozilla/5.0 AppleWebKit/537.36 (KHTML, like Gecko; compatible; ClaudeBot/1.0; [email protected])"
209.74.77.214 - - [17/Jul/2025:12:51:51 +0000] "POST /wp-cron.php?doing_wp_cron=1752756711.5990939140319824218750 HTTP/1.1" 200 - "-" "WordPress/6.8.2; https://cartel.express"
216.73.216.48 - - [17/Jul/2025:12:51:49 +0000] "GET /taking-your-vehicle-to-the-next-level-with-our-parts HTTP/1.1" 301 - "-" "Mozilla/5.0 AppleWebKit/537.36 (KHTML, like Gecko; compatible; ClaudeBot/1.0; [email protected])"
216.73.216.48 - - [17/Jul/2025:12:51:51 +0000] "GET /taking-your-vehicle-to-the-next-level-with-our-parts/ HTTP/1.1" 200 28795 "https://cartel.express/taking-your-vehicle-to-the-next-level-with-our-parts" "Mozilla/5.0 AppleWebKit/537.36 (KHTML, like Gecko; compatible; ClaudeBot/1.0; [email protected])"
209.74.77.214 - - [17/Jul/2025:12:52:54 +0000] "POST /wp-cron.php?doing_wp_cron=1752756774.2306210994720458984375 HTTP/1.1" 200 - "-" "WordPress/6.8.2; https://cartel.express"
216.73.216.48 - - [17/Jul/2025:12:52:51 +0000] "GET /product/steel-flower-rim/?add-to-cart=19252 HTTP/1.1" 200 40984 "-" "Mozilla/5.0 AppleWebKit/537.36 (KHTML, like Gecko; compatible; ClaudeBot/1.0; [email protected])"
209.74.77.214 - - [17/Jul/2025:12:52:58 +0000] "POST /wp-cron.php?doing_wp_cron=1752756778.0432500839233398437500 HTTP/1.1" 200 - "-" "WordPress/6.8.2; https://cartel.express"
216.73.216.48 - - [17/Jul/2025:12:52:57 +0000] "GET /experts-share-their-top-favorite-detailing-products HTTP/1.1" 301 - "-" "Mozilla/5.0 AppleWebKit/537.36 (KHTML, like Gecko; compatible; ClaudeBot/1.0; [email protected])"
216.73.216.48 - - [17/Jul/2025:12:52:58 +0000] "GET /experts-share-their-top-favorite-detailing-products/ HTTP/1.1" 200 28807 "https://cartel.express/experts-share-their-top-favorite-detailing-products" "Mozilla/5.0 AppleWebKit/537.36 (KHTML, like Gecko; compatible; ClaudeBot/1.0; [email protected])"
209.74.77.214 - - [17/Jul/2025:12:53:54 +0000] "POST /wp-cron.php?doing_wp_cron=1752756834.3954169750213623046875 HTTP/1.1" 200 - "-" "WordPress/6.8.2; https://cartel.express"
216.73.216.48 - - [17/Jul/2025:12:53:52 +0000] "GET /product/brake-disc-pads HTTP/1.1" 301 - "-" "Mozilla/5.0 AppleWebKit/537.36 (KHTML, like Gecko; compatible; ClaudeBot/1.0; [email protected])"
216.73.216.48 - - [17/Jul/2025:12:53:54 +0000] "GET /product/brake-disc-pads/ HTTP/1.1" 200 40339 "https://cartel.express/product/brake-disc-pads" "Mozilla/5.0 AppleWebKit/537.36 (KHTML, like Gecko; compatible; ClaudeBot/1.0; [email protected])"
209.74.77.214 - - [17/Jul/2025:12:53:58 +0000] "POST /wp-cron.php?doing_wp_cron=1752756838.2855830192565917968750 HTTP/1.1" 200 - "-" "WordPress/6.8.2; https://cartel.express"
216.73.216.48 - - [17/Jul/2025:12:53:57 +0000] "GET /product-tag/repair HTTP/1.1" 301 - "-" "Mozilla/5.0 AppleWebKit/537.36 (KHTML, like Gecko; compatible; ClaudeBot/1.0; [email protected])"
216.73.216.48 - - [17/Jul/2025:12:53:58 +0000] "GET /product-tag/repair/ HTTP/1.1" 200 40684 "https://cartel.express/product-tag/repair" "Mozilla/5.0 AppleWebKit/537.36 (KHTML, like Gecko; compatible; ClaudeBot/1.0; [email protected])"
209.74.77.214 - - [17/Jul/2025:12:54:45 +0000] "POST /wp-cron.php?doing_wp_cron=1752756885.8209509849548339843750 HTTP/1.1" 200 - "-" "WordPress/6.8.2; https://cartel.express"
57.141.2.7 - - [17/Jul/2025:12:54:43 +0000] "GET /services/steam-cleaning/ HTTP/1.1" 200 238387 "-" "meta-externalagent/1.1 (+https://developers.facebook.com/docs/sharing/webmasters/crawler)"
209.74.77.214 - - [17/Jul/2025:12:56:05 +0000] "POST /wp-cron.php?doing_wp_cron=1752756965.4061861038208007812500 HTTP/1.1" 200 - "-" "WordPress/6.8.2; https://cartel.express"
216.73.216.48 - - [17/Jul/2025:12:56:03 +0000] "GET /product-category/custom-wheels HTTP/1.1" 301 - "-" "Mozilla/5.0 AppleWebKit/537.36 (KHTML, like Gecko; compatible; ClaudeBot/1.0; [email protected])"
216.73.216.48 - - [17/Jul/2025:12:56:05 +0000] "GET /product-category/custom-wheels/ HTTP/1.1" 200 39839 "https://cartel.express/product-category/custom-wheels" "Mozilla/5.0 AppleWebKit/537.36 (KHTML, like Gecko; compatible; ClaudeBot/1.0; [email protected])"
209.74.77.214 - - [17/Jul/2025:12:57:03 +0000] "POST /wp-cron.php?doing_wp_cron=1752757023.5817000865936279296875 HTTP/1.1" 200 - "-" "WordPress/6.8.2; https://cartel.express"
216.73.216.48 - - [17/Jul/2025:12:57:01 +0000] "GET /product-category/car-bulbs HTTP/1.1" 301 - "-" "Mozilla/5.0 AppleWebKit/537.36 (KHTML, like Gecko; compatible; ClaudeBot/1.0; [email protected])"
216.73.216.48 - - [17/Jul/2025:12:57:03 +0000] "GET /product-category/car-bulbs/ HTTP/1.1" 200 37818 "https://cartel.express/product-category/car-bulbs" "Mozilla/5.0 AppleWebKit/537.36 (KHTML, like Gecko; compatible; ClaudeBot/1.0; [email protected])"
45.227.253.15 - - [17/Jul/2025:12:58:51 +0000] "GET /index.php/jk HTTP/1.1" 200 59 "-" "Mozilla/5.0 (Windows NT 6.2; WOW64; rv:72.0) Gecko/20100101 Firefox/72.0"
209.74.77.214 - - [17/Jul/2025:12:59:05 +0000] "POST /wp-cron.php?doing_wp_cron=1752757145.4955909252166748046875 HTTP/1.1" 200 - "-" "WordPress/6.8.2; https://cartel.express"
216.73.216.48 - - [17/Jul/2025:12:59:03 +0000] "GET /product-category/audio HTTP/1.1" 301 - "-" "Mozilla/5.0 AppleWebKit/537.36 (KHTML, like Gecko; compatible; ClaudeBot/1.0; [email protected])"
216.73.216.48 - - [17/Jul/2025:12:59:05 +0000] "GET /product-category/audio/ HTTP/1.1" 200 38329 "https://cartel.express/product-category/audio" "Mozilla/5.0 AppleWebKit/537.36 (KHTML, like Gecko; compatible; ClaudeBot/1.0; [email protected])"
209.74.77.214 - - [17/Jul/2025:13:00:06 +0000] "POST /wp-cron.php?doing_wp_cron=1752757206.1021199226379394531250 HTTP/1.1" 200 - "-" "WordPress/6.8.2; https://cartel.express"
216.73.216.48 - - [17/Jul/2025:13:00:03 +0000] "GET /product-category/headlights HTTP/1.1" 301 - "-" "Mozilla/5.0 AppleWebKit/537.36 (KHTML, like Gecko; compatible; ClaudeBot/1.0; [email protected])"
216.73.216.48 - - [17/Jul/2025:13:00:06 +0000] "GET /product-category/headlights/ HTTP/1.1" 200 38354 "https://cartel.express/product-category/headlights" "Mozilla/5.0 AppleWebKit/537.36 (KHTML, like Gecko; compatible; ClaudeBot/1.0; [email protected])"
209.74.77.214 - - [17/Jul/2025:13:01:09 +0000] "POST /wp-cron.php?doing_wp_cron=1752757269.3044359683990478515625 HTTP/1.1" 200 - "-" "WordPress/6.8.2; https://cartel.express"
216.73.216.48 - - [17/Jul/2025:13:01:05 +0000] "GET /product-category/motor-oil-filters HTTP/1.1" 301 - "-" "Mozilla/5.0 AppleWebKit/537.36 (KHTML, like Gecko; compatible; ClaudeBot/1.0; [email protected])"
216.73.216.48 - - [17/Jul/2025:13:01:09 +0000] "GET /product-category/motor-oil-filters/ HTTP/1.1" 200 38830 "https://cartel.express/product-category/motor-oil-filters" "Mozilla/5.0 AppleWebKit/537.36 (KHTML, like Gecko; compatible; ClaudeBot/1.0; [email protected])"
216.73.216.48 - - [17/Jul/2025:13:01:11 +0000] "GET /accessories-store/?quick-view=19249 HTTP/1.1" 200 35739 "-" "Mozilla/5.0 AppleWebKit/537.36 (KHTML, like Gecko; compatible; ClaudeBot/1.0; [email protected])"
209.74.77.214 - - [17/Jul/2025:13:01:14 +0000] "POST /wp-cron.php?doing_wp_cron=1752757274.3634960651397705078125 HTTP/1.1" 200 - "-" "WordPress/6.8.2; https://cartel.express"
216.73.216.48 - - [17/Jul/2025:13:01:14 +0000] "GET /steel-state-of-mind-everything-about-modern-rims HTTP/1.1" 301 - "-" "Mozilla/5.0 AppleWebKit/537.36 (KHTML, like Gecko; compatible; ClaudeBot/1.0; [email protected])"
216.73.216.48 - - [17/Jul/2025:13:01:14 +0000] "GET /steel-state-of-mind-everything-about-modern-rims/ HTTP/1.1" 200 28909 "https://cartel.express/steel-state-of-mind-everything-about-modern-rims" "Mozilla/5.0 AppleWebKit/537.36 (KHTML, like Gecko; compatible; ClaudeBot/1.0; [email protected])"
209.74.77.214 - - [17/Jul/2025:13:02:17 +0000] "POST /wp-cron.php?doing_wp_cron=1752757337.8573400974273681640625 HTTP/1.1" 200 - "-" "WordPress/6.8.2; https://cartel.express"
216.73.216.48 - - [17/Jul/2025:13:02:15 +0000] "GET /product/steel-flower-rim/feed HTTP/1.1" 301 - "-" "Mozilla/5.0 AppleWebKit/537.36 (KHTML, like Gecko; compatible; ClaudeBot/1.0; [email protected])"
216.73.216.48 - - [17/Jul/2025:13:02:17 +0000] "GET /product/steel-flower-rim/feed/ HTTP/1.1" 200 447 "https://cartel.express/product/steel-flower-rim/feed" "Mozilla/5.0 AppleWebKit/537.36 (KHTML, like Gecko; compatible; ClaudeBot/1.0; [email protected])"
216.73.216.48 - - [17/Jul/2025:13:02:21 +0000] "GET /category/body-shop/feed HTTP/1.1" 301 - "-" "Mozilla/5.0 AppleWebKit/537.36 (KHTML, like Gecko; compatible; ClaudeBot/1.0; [email protected])"
216.73.216.48 - - [17/Jul/2025:13:02:21 +0000] "GET /category/body-shop/feed/ HTTP/1.1" 200 3841 "https://cartel.express/category/body-shop/feed" "Mozilla/5.0 AppleWebKit/537.36 (KHTML, like Gecko; compatible; ClaudeBot/1.0; [email protected])"
34.32.135.176 - - [17/Jul/2025:13:02:29 +0000] "GET / HTTP/1.1" 200 40577 "-" "Scrapy/2.12.0 (+https://scrapy.org)"
209.74.77.214 - - [17/Jul/2025:13:03:20 +0000] "POST /wp-cron.php?doing_wp_cron=1752757400.7683060169219970703125 HTTP/1.1" 200 - "-" "WordPress/6.8.2; https://cartel.express"
216.73.216.48 - - [17/Jul/2025:13:03:18 +0000] "GET /top-10-ideas-how-to-paint-your-sports-and-racing-car HTTP/1.1" 301 - "-" "Mozilla/5.0 AppleWebKit/537.36 (KHTML, like Gecko; compatible; ClaudeBot/1.0; [email protected])"
216.73.216.48 - - [17/Jul/2025:13:03:20 +0000] "GET /top-10-ideas-how-to-paint-your-sports-and-racing-car/ HTTP/1.1" 200 29375 "https://cartel.express/top-10-ideas-how-to-paint-your-sports-and-racing-car" "Mozilla/5.0 AppleWebKit/537.36 (KHTML, like Gecko; compatible; ClaudeBot/1.0; [email protected])"
209.74.77.214 - - [17/Jul/2025:13:08:33 +0000] "POST /wp-cron.php?doing_wp_cron=1752757713.0382421016693115234375 HTTP/1.1" 200 - "-" "WordPress/6.8.2; https://cartel.express"
216.73.216.48 - - [17/Jul/2025:13:08:30 +0000] "GET /product/air-filter-element HTTP/1.1" 301 - "-" "Mozilla/5.0 AppleWebKit/537.36 (KHTML, like Gecko; compatible; ClaudeBot/1.0; [email protected])"
216.73.216.48 - - [17/Jul/2025:13:08:33 +0000] "GET /product/air-filter-element/ HTTP/1.1" 200 40102 "https://cartel.express/product/air-filter-element" "Mozilla/5.0 AppleWebKit/537.36 (KHTML, like Gecko; compatible; ClaudeBot/1.0; [email protected])"
209.74.77.214 - - [17/Jul/2025:13:09:35 +0000] "POST /wp-cron.php?doing_wp_cron=1752757775.4139471054077148437500 HTTP/1.1" 200 - "-" "WordPress/6.8.2; https://cartel.express"
216.73.216.48 - - [17/Jul/2025:13:09:33 +0000] "GET /accessories-store/?add-to-cart=19252 HTTP/1.1" 200 35754 "-" "Mozilla/5.0 AppleWebKit/537.36 (KHTML, like Gecko; compatible; ClaudeBot/1.0; [email protected])"
209.74.77.214 - - [17/Jul/2025:13:10:56 +0000] "POST /wp-cron.php?doing_wp_cron=1752757856.6565749645233154296875 HTTP/1.1" 200 - "-" "WordPress/6.8.2; https://cartel.express"
216.73.216.48 - - [17/Jul/2025:13:10:54 +0000] "GET /product-category/brake-pads HTTP/1.1" 301 - "-" "Mozilla/5.0 AppleWebKit/537.36 (KHTML, like Gecko; compatible; ClaudeBot/1.0; [email protected])"
216.73.216.48 - - [17/Jul/2025:13:10:56 +0000] "GET /product-category/brake-pads/ HTTP/1.1" 200 38027 "https://cartel.express/product-category/brake-pads" "Mozilla/5.0 AppleWebKit/537.36 (KHTML, like Gecko; compatible; ClaudeBot/1.0; [email protected])"
209.74.77.214 - - [17/Jul/2025:13:11:00 +0000] "POST /wp-cron.php?doing_wp_cron=1752757860.3393359184265136718750 HTTP/1.1" 200 - "-" "WordPress/6.8.2; https://cartel.express"
216.73.216.48 - - [17/Jul/2025:13:11:00 +0000] "GET /services HTTP/1.1" 301 - "-" "Mozilla/5.0 AppleWebKit/537.36 (KHTML, like Gecko; compatible; ClaudeBot/1.0; [email protected])"
216.73.216.48 - - [17/Jul/2025:13:11:00 +0000] "GET /services/ HTTP/1.1" 200 37854 "https://cartel.express/services" "Mozilla/5.0 AppleWebKit/537.36 (KHTML, like Gecko; compatible; ClaudeBot/1.0; [email protected])"
209.74.77.214 - - [17/Jul/2025:13:12:04 +0000] "POST /wp-cron.php?doing_wp_cron=1752757924.2253320217132568359375 HTTP/1.1" 200 - "-" "WordPress/6.8.2; https://cartel.express"
216.73.216.48 - - [17/Jul/2025:13:12:02 +0000] "GET /product/sharp-spike-rim HTTP/1.1" 301 - "-" "Mozilla/5.0 AppleWebKit/537.36 (KHTML, like Gecko; compatible; ClaudeBot/1.0; [email protected])"
216.73.216.48 - - [17/Jul/2025:13:12:04 +0000] "GET /product/sharp-spike-rim/ HTTP/1.1" 200 40764 "https://cartel.express/product/sharp-spike-rim" "Mozilla/5.0 AppleWebKit/537.36 (KHTML, like Gecko; compatible; ClaudeBot/1.0; [email protected])"
209.74.77.214 - - [17/Jul/2025:13:13:21 +0000] "POST /wp-cron.php?doing_wp_cron=1752758001.7152650356292724609375 HTTP/1.1" 200 - "-" "WordPress/6.8.2; https://cartel.express"
216.73.216.48 - - [17/Jul/2025:13:13:19 +0000] "GET /accessories-store/?quick-view=19248 HTTP/1.1" 200 35741 "-" "Mozilla/5.0 AppleWebKit/537.36 (KHTML, like Gecko; compatible; ClaudeBot/1.0; [email protected])"
209.74.77.214 - - [17/Jul/2025:13:16:45 +0000] "POST /wp-cron.php?doing_wp_cron=1752758205.8007819652557373046875 HTTP/1.1" 200 - "-" "WordPress/6.8.2; https://cartel.express"
216.73.216.48 - - [17/Jul/2025:13:16:42 +0000] "GET /product-category/seat-covers HTTP/1.1" 301 - "-" "Mozilla/5.0 AppleWebKit/537.36 (KHTML, like Gecko; compatible; ClaudeBot/1.0; [email protected])"
216.73.216.48 - - [17/Jul/2025:13:16:45 +0000] "GET /product-category/seat-covers/ HTTP/1.1" 200 37828 "https://cartel.express/product-category/seat-covers" "Mozilla/5.0 AppleWebKit/537.36 (KHTML, like Gecko; compatible; ClaudeBot/1.0; [email protected])"
209.74.77.214 - - [17/Jul/2025:13:20:00 +0000] "POST /wp-cron.php?doing_wp_cron=1752758400.6088800430297851562500 HTTP/1.1" 200 - "-" "WordPress/6.8.2; https://cartel.express"
216.73.216.48 - - [17/Jul/2025:13:19:58 +0000] "GET /product/suspension-spring HTTP/1.1" 301 - "-" "Mozilla/5.0 AppleWebKit/537.36 (KHTML, like Gecko; compatible; ClaudeBot/1.0; [email protected])"
216.73.216.48 - - [17/Jul/2025:13:20:00 +0000] "GET /product/suspension-spring/ HTTP/1.1" 200 40754 "https://cartel.express/product/suspension-spring" "Mozilla/5.0 AppleWebKit/537.36 (KHTML, like Gecko; compatible; ClaudeBot/1.0; [email protected])"
209.74.77.214 - - [17/Jul/2025:13:21:00 +0000] "POST /wp-cron.php?doing_wp_cron=1752758460.0904450416564941406250 HTTP/1.1" 200 - "-" "WordPress/6.8.2; https://cartel.express"
216.73.216.48 - - [17/Jul/2025:13:20:58 +0000] "GET /accessories-store/?add-to-cart=19250 HTTP/1.1" 200 35760 "-" "Mozilla/5.0 AppleWebKit/537.36 (KHTML, like Gecko; compatible; ClaudeBot/1.0; [email protected])"
216.73.216.48 - - [17/Jul/2025:13:21:03 +0000] "GET /giving-a-new-life-to-old-headlights-polish-sealing HTTP/1.1" 301 - "-" "Mozilla/5.0 AppleWebKit/537.36 (KHTML, like Gecko; compatible; ClaudeBot/1.0; [email protected])"
216.73.216.48 - - [17/Jul/2025:13:21:04 +0000] "GET /giving-a-new-life-to-old-headlights-polish-sealing/ HTTP/1.1" 200 28851 "https://cartel.express/giving-a-new-life-to-old-headlights-polish-sealing" "Mozilla/5.0 AppleWebKit/537.36 (KHTML, like Gecko; compatible; ClaudeBot/1.0; [email protected])"
209.74.77.214 - - [17/Jul/2025:13:22:18 +0000] "POST /wp-cron.php?doing_wp_cron=1752758538.2693309783935546875000 HTTP/1.1" 200 - "-" "WordPress/6.8.2; https://cartel.express"
216.73.216.48 - - [17/Jul/2025:13:22:15 +0000] "GET /product-category/tires HTTP/1.1" 301 - "-" "Mozilla/5.0 AppleWebKit/537.36 (KHTML, like Gecko; compatible; ClaudeBot/1.0; [email protected])"
216.73.216.48 - - [17/Jul/2025:13:22:18 +0000] "GET /product-category/tires/ HTTP/1.1" 200 39293 "https://cartel.express/product-category/tires" "Mozilla/5.0 AppleWebKit/537.36 (KHTML, like Gecko; compatible; ClaudeBot/1.0; [email protected])"
209.74.77.214 - - [17/Jul/2025:13:24:22 +0000] "POST /wp-cron.php?doing_wp_cron=1752758662.3472640514373779296875 HTTP/1.1" 200 - "-" "WordPress/6.8.2; https://cartel.express"
216.73.216.48 - - [17/Jul/2025:13:24:20 +0000] "GET /product-tag/tires HTTP/1.1" 301 - "-" "Mozilla/5.0 AppleWebKit/537.36 (KHTML, like Gecko; compatible; ClaudeBot/1.0; [email protected])"
216.73.216.48 - - [17/Jul/2025:13:24:22 +0000] "GET /product-tag/tires/ HTTP/1.1" 200 40125 "https://cartel.express/product-tag/tires" "Mozilla/5.0 AppleWebKit/537.36 (KHTML, like Gecko; compatible; ClaudeBot/1.0; [email protected])"
209.74.77.214 - - [17/Jul/2025:13:25:20 +0000] "POST /wp-cron.php?doing_wp_cron=1752758720.5056679248809814453125 HTTP/1.1" 200 - "-" "WordPress/6.8.2; https://cartel.express"
216.73.216.48 - - [17/Jul/2025:13:25:16 +0000] "GET /?p=951 HTTP/1.1" 301 - "-" "Mozilla/5.0 AppleWebKit/537.36 (KHTML, like Gecko; compatible; ClaudeBot/1.0; [email protected])"
216.73.216.48 - - [17/Jul/2025:13:25:20 +0000] "GET /services/protection-film/ HTTP/1.1" 200 37462 "https://cartel.express/?p=951" "Mozilla/5.0 AppleWebKit/537.36 (KHTML, like Gecko; compatible; ClaudeBot/1.0; [email protected])"
209.74.77.214 - - [17/Jul/2025:13:28:12 +0000] "POST /wp-cron.php?doing_wp_cron=1752758892.3779399394989013671875 HTTP/1.1" 200 - "-" "WordPress/6.8.2; https://cartel.express"
216.73.216.48 - - [17/Jul/2025:13:28:10 +0000] "GET /category/body-shop HTTP/1.1" 301 - "-" "Mozilla/5.0 AppleWebKit/537.36 (KHTML, like Gecko; compatible; ClaudeBot/1.0; [email protected])"
216.73.216.48 - - [17/Jul/2025:13:28:12 +0000] "GET /category/body-shop/ HTTP/1.1" 200 26091 "https://cartel.express/category/body-shop" "Mozilla/5.0 AppleWebKit/537.36 (KHTML, like Gecko; compatible; ClaudeBot/1.0; [email protected])"
209.74.77.214 - - [17/Jul/2025:13:28:16 +0000] "POST /wp-cron.php?doing_wp_cron=1752758896.5429799556732177734375 HTTP/1.1" 200 - "-" "WordPress/6.8.2; https://cartel.express"
216.73.216.48 - - [17/Jul/2025:13:28:16 +0000] "GET /accessories-store/?quick-view=19243 HTTP/1.1" 200 35741 "-" "Mozilla/5.0 AppleWebKit/537.36 (KHTML, like Gecko; compatible; ClaudeBot/1.0; [email protected])"
209.74.77.214 - - [17/Jul/2025:13:29:11 +0000] "POST /wp-cron.php?doing_wp_cron=1752758951.5561850070953369140625 HTTP/1.1" 200 - "-" "WordPress/6.8.2; https://cartel.express"
216.73.216.48 - - [17/Jul/2025:13:29:09 +0000] "GET /accessories-store/?add-to-cart=19243 HTTP/1.1" 200 35737 "-" "Mozilla/5.0 AppleWebKit/537.36 (KHTML, like Gecko; compatible; ClaudeBot/1.0; [email protected])"
209.74.77.214 - - [17/Jul/2025:13:29:15 +0000] "POST /wp-cron.php?doing_wp_cron=1752758955.3586890697479248046875 HTTP/1.1" 200 - "-" "WordPress/6.8.2; https://cartel.express"
216.73.216.48 - - [17/Jul/2025:13:29:15 +0000] "GET /product-category/timing-belts HTTP/1.1" 301 - "-" "Mozilla/5.0 AppleWebKit/537.36 (KHTML, like Gecko; compatible; ClaudeBot/1.0; [email protected])"
216.73.216.48 - - [17/Jul/2025:13:29:15 +0000] "GET /product-category/timing-belts/ HTTP/1.1" 200 38602 "https://cartel.express/product-category/timing-belts" "Mozilla/5.0 AppleWebKit/537.36 (KHTML, like Gecko; compatible; ClaudeBot/1.0; [email protected])"
209.74.77.214 - - [17/Jul/2025:13:31:13 +0000] "POST /wp-cron.php?doing_wp_cron=1752759073.5476109981536865234375 HTTP/1.1" 200 - "-" "WordPress/6.8.2; https://cartel.express"
216.73.216.48 - - [17/Jul/2025:13:31:11 +0000] "GET /product/summer-tire HTTP/1.1" 301 - "-" "Mozilla/5.0 AppleWebKit/537.36 (KHTML, like Gecko; compatible; ClaudeBot/1.0; [email protected])"
216.73.216.48 - - [17/Jul/2025:13:31:13 +0000] "GET /product/summer-tire/ HTTP/1.1" 200 40755 "https://cartel.express/product/summer-tire" "Mozilla/5.0 AppleWebKit/537.36 (KHTML, like Gecko; compatible; ClaudeBot/1.0; [email protected])"
209.74.77.214 - - [17/Jul/2025:13:35:12 +0000] "POST /wp-cron.php?doing_wp_cron=1752759312.0070281028747558593750 HTTP/1.1" 200 - "-" "WordPress/6.8.2; https://cartel.express"
216.73.216.48 - - [17/Jul/2025:13:35:08 +0000] "GET /product/light-bulb HTTP/1.1" 301 - "-" "Mozilla/5.0 AppleWebKit/537.36 (KHTML, like Gecko; compatible; ClaudeBot/1.0; [email protected])"
216.73.216.48 - - [17/Jul/2025:13:35:12 +0000] "GET /product/light-bulb/ HTTP/1.1" 200 40343 "https://cartel.express/product/light-bulb" "Mozilla/5.0 AppleWebKit/537.36 (KHTML, like Gecko; compatible; ClaudeBot/1.0; [email protected])"
216.73.216.48 - - [17/Jul/2025:13:37:08 +0000] "GET /robots.txt HTTP/1.1" 200 94 "-" "Mozilla/5.0 AppleWebKit/537.36 (KHTML, like Gecko; compatible; ClaudeBot/1.0; [email protected])"
209.74.77.214 - - [17/Jul/2025:13:37:10 +0000] "POST /wp-cron.php?doing_wp_cron=1752759430.8123860359191894531250 HTTP/1.1" 200 - "-" "WordPress/6.8.2; https://cartel.express"
216.73.216.48 - - [17/Jul/2025:13:37:08 +0000] "GET /accessories-store/?quick-view=19247 HTTP/1.1" 200 35751 "-" "Mozilla/5.0 AppleWebKit/537.36 (KHTML, like Gecko; compatible; ClaudeBot/1.0; [email protected])"
209.74.77.214 - - [17/Jul/2025:13:38:11 +0000] "POST /wp-cron.php?doing_wp_cron=1752759491.8481409549713134765625 HTTP/1.1" 200 - "-" "WordPress/6.8.2; https://cartel.express"
216.73.216.48 - - [17/Jul/2025:13:38:09 +0000] "GET /how-to-choose-the-right-body-shop-to-fix-a-car-issue HTTP/1.1" 301 - "-" "Mozilla/5.0 AppleWebKit/537.36 (KHTML, like Gecko; compatible; ClaudeBot/1.0; [email protected])"
216.73.216.48 - - [17/Jul/2025:13:38:11 +0000] "GET /how-to-choose-the-right-body-shop-to-fix-a-car-issue/ HTTP/1.1" 200 28840 "https://cartel.express/how-to-choose-the-right-body-shop-to-fix-a-car-issue" "Mozilla/5.0 AppleWebKit/537.36 (KHTML, like Gecko; compatible; ClaudeBot/1.0; [email protected])"
209.74.77.214 - - [17/Jul/2025:13:39:10 +0000] "POST /wp-cron.php?doing_wp_cron=1752759550.8986749649047851562500 HTTP/1.1" 200 - "-" "WordPress/6.8.2; https://cartel.express"
216.73.216.48 - - [17/Jul/2025:13:39:07 +0000] "GET /accessories-store/?quick-view=19252 HTTP/1.1" 200 35741 "-" "Mozilla/5.0 AppleWebKit/537.36 (KHTML, like Gecko; compatible; ClaudeBot/1.0; [email protected])"
209.74.77.214 - - [17/Jul/2025:13:39:13 +0000] "POST /wp-cron.php?doing_wp_cron=1752759553.9262650012969970703125 HTTP/1.1" 200 - "-" "WordPress/6.8.2; https://cartel.express"
216.73.216.48 - - [17/Jul/2025:13:39:13 +0000] "GET /?p=27282 HTTP/1.1" 301 - "-" "Mozilla/5.0 AppleWebKit/537.36 (KHTML, like Gecko; compatible; ClaudeBot/1.0; [email protected])"
216.73.216.48 - - [17/Jul/2025:13:39:14 +0000] "GET /product/steel-flower-rim/ HTTP/1.1" 200 40937 "https://cartel.express/?p=27282" "Mozilla/5.0 AppleWebKit/537.36 (KHTML, like Gecko; compatible; ClaudeBot/1.0; [email protected])"
209.74.77.214 - - [17/Jul/2025:13:40:17 +0000] "POST /wp-cron.php?doing_wp_cron=1752759617.2360410690307617187500 HTTP/1.1" 200 - "-" "WordPress/6.8.2; https://cartel.express"
216.73.216.48 - - [17/Jul/2025:13:40:14 +0000] "GET /accessories-store/?quick-view=19251 HTTP/1.1" 200 35756 "-" "Mozilla/5.0 AppleWebKit/537.36 (KHTML, like Gecko; compatible; ClaudeBot/1.0; [email protected])"
209.74.77.214 - - [17/Jul/2025:13:44:19 +0000] "POST /wp-cron.php?doing_wp_cron=1752759859.0430281162261962890625 HTTP/1.1" 200 - "-" "WordPress/6.8.2; https://cartel.express"
216.73.216.48 - - [17/Jul/2025:13:44:15 +0000] "GET /accessories-store/?quick-view=27129 HTTP/1.1" 200 35756 "-" "Mozilla/5.0 AppleWebKit/537.36 (KHTML, like Gecko; compatible; ClaudeBot/1.0; [email protected])"
216.73.216.48 - - [17/Jul/2025:13:44:21 +0000] "GET /the-right-way-to-paint-and-polish-a-bumper-to-match HTTP/1.1" 301 - "-" "Mozilla/5.0 AppleWebKit/537.36 (KHTML, like Gecko; compatible; ClaudeBot/1.0; [email protected])"
216.73.216.48 - - [17/Jul/2025:13:44:22 +0000] "GET /the-right-way-to-paint-and-polish-a-bumper-to-match/ HTTP/1.1" 200 28827 "https://cartel.express/the-right-way-to-paint-and-polish-a-bumper-to-match" "Mozilla/5.0 AppleWebKit/537.36 (KHTML, like Gecko; compatible; ClaudeBot/1.0; [email protected])"
207.244.250.198 - - [17/Jul/2025:13:44:37 +0000] "POST /xmlrpc.php HTTP/1.1" 200 403 "-" "Mozilla/5.0 (Windows NT 10.0; Win64; x64) AppleWebKit/537.36 (KHTML, like Gecko) Chrome/68.0.3440.106 Safari/537.36"
140.83.54.142 - - [17/Jul/2025:13:44:43 +0000] "POST /xmlrpc.php HTTP/1.1" 200 403 "-" "Mozilla/5.0 (Windows NT 6.1; WOW64; rv:43.0) Gecko/20100101 Firefox/43.0"
213.175.126.237 - - [17/Jul/2025:13:44:49 +0000] "POST /xmlrpc.php HTTP/1.1" 200 403 "-" "Mozilla/5.0 (Windows NT 10.0; Win64; x64; rv:66.0) Gecko/20100101 Firefox/66.0"
220.158.233.237 - - [17/Jul/2025:13:44:51 +0000] "POST /xmlrpc.php HTTP/1.1" 200 403 "-" "Mozilla/5.0 (Linux; Android 10; LM-Q710(FGN)) AppleWebKit/537.36 (KHTML, like Gecko) Chrome/91.0.4472.114 Mobile Safari/537.36"
18.143.75.50 - - [17/Jul/2025:13:44:52 +0000] "POST /xmlrpc.php HTTP/1.1" 200 403 "-" "Mozilla/5.0 (Windows NT 10.0; Win64; x64) AppleWebKit/537.36 (KHTML, like Gecko) Chrome/85.0.4183.102 Safari/537.36"
209.74.77.214 - - [17/Jul/2025:13:44:59 +0000] "POST /wp-cron.php?doing_wp_cron=1752759899.7256050109863281250000 HTTP/1.1" 200 - "-" "WordPress/6.8.2; https://cartel.express"
207.38.87.177 - - [17/Jul/2025:13:44:59 +0000] "POST /xmlrpc.php HTTP/1.1" 200 403 "-" "Mozilla/5.0 (Windows NT 10.0; WOW64; rv:54.0) Gecko/20100101 Firefox/54.0"
36.50.54.84 - - [17/Jul/2025:13:45:05 +0000] "POST /xmlrpc.php HTTP/1.1" 200 403 "-" "Mozilla/5.0 (Windows NT 10.0; Win64; x64; rv:65.0) Gecko/20100101 Firefox/65.0"
8.211.36.6 - - [17/Jul/2025:13:45:06 +0000] "POST /xmlrpc.php HTTP/1.1" 200 403 "-" "Mozilla/5.0 (Windows NT 6.1; Win64; x64) AppleWebKit/537.36 (KHTML, like Gecko) Chrome/60.0.3112.90 Safari/537.36"
209.74.77.214 - - [17/Jul/2025:13:45:14 +0000] "POST /wp-cron.php?doing_wp_cron=1752759914.8210420608520507812500 HTTP/1.1" 200 - "-" "WordPress/6.8.2; https://cartel.express"
3.109.172.160 - - [17/Jul/2025:13:45:14 +0000] "POST /xmlrpc.php HTTP/1.1" 200 403 "-" "Mozilla/5.0 (Windows NT 10.0; Win64; x64) AppleWebKit/537.36 (KHTML, like Gecko) Chrome/80.0.3987.163 Safari/537.36"
140.83.54.142 - - [17/Jul/2025:13:45:15 +0000] "POST /xmlrpc.php HTTP/1.1" 200 403 "-" "Mozilla/5.0 (X11; Linux x86_64) AppleWebKit/537.36 (KHTML, like Gecko) Chrome/44.0.2403.157 Safari/537.36"
209.74.77.214 - - [17/Jul/2025:13:45:24 +0000] "POST /wp-cron.php?doing_wp_cron=1752759924.3665800094604492187500 HTTP/1.1" 200 - "-" "WordPress/6.8.2; https://cartel.express"
18.143.75.50 - - [17/Jul/2025:13:45:24 +0000] "POST /xmlrpc.php HTTP/1.1" 200 403 "-" "Mozilla/5.0 (Windows NT 5.1; rv:40.0) Gecko/20100101 Firefox/40.0"
209.74.77.214 - - [17/Jul/2025:13:45:32 +0000] "POST /wp-cron.php?doing_wp_cron=1752759932.2904241085052490234375 HTTP/1.1" 200 - "-" "WordPress/6.8.2; https://cartel.express"
47.242.51.227 - - [17/Jul/2025:13:45:32 +0000] "POST /xmlrpc.php HTTP/1.1" 200 403 "-" "Mozilla/5.0 (Linux; Android 10; SM-A102U) AppleWebKit/537.36 (KHTML, like Gecko) Chrome/91.0.4472.114 Mobile Safari/537.36"
192.34.62.6 - - [17/Jul/2025:13:45:34 +0000] "POST /xmlrpc.php HTTP/1.1" 200 403 "-" "Mozilla/5.0 (Windows NT 10.0; Win64; x64; rv:58.0) Gecko/20100101 Firefox/58.0"
122.51.104.231 - - [17/Jul/2025:13:49:21 +0000] "GET / HTTP/1.1" 200 40662 "http://www.cartel.express" "Mozilla/5.0 (iPhone; CPU iPhone OS 13_2_3 like Mac OS X) AppleWebKit/605.1.15 (KHTML, like Gecko) Version/13.0.3 Mobile/15E148 Safari/604.1"
66.249.68.33 - - [17/Jul/2025:13:56:41 +0000] "GET /shopdetail/l_text:Sawarabi%20Mincho_32_bold:%E3%81%8A%E5%8F%8B%E9%81%94%E3%81%AE%E3%81%BF%E3%82%93%E3%81%AA%E9%9B%86%E3%81%BE%E3%82%8C%EF%BC%81%0A%E4%BB%B2%E8%89%AF%E3%81%8F%E9%9B%91%E8%AB%87%E3%81%A8%E3%81%8B%E3%81%99%E3%82%8B%E3%81%A0%E3%81%91%E3%81%A7%E3%81%99%E3%80%82%0A%0A%E3%81%8A%E5%8F%8B%E9%81%94%E3%81%AB%E3%81%AA%E3%82%8A%E3%81%9F%E3%81%84%E4%BA%BA%E3%81%AF%E5%8F%8B%E9%81%94%E5%8B%9F%E9%9B%86%E3%81%AE%E6%96%B9%E3%81%AB%E9%80%A3%E7%B5%A1%E3%81%97%E3%81%A6%E3%81%AD%EF%BC%81/https%3A%2F%2Fnovel.prcm.jp%2Fassets%2Fimg%2Fnovel-cover%2Fmood%2Fmotif-window-2.jpg HTTP/1.1" 404 18727 "-" "Googlebot-Image/1.0"
209.74.77.214 - - [17/Jul/2025:14:19:17 +0000] "POST /wp-cron.php?doing_wp_cron=1752761957.8718190193176269531250 HTTP/1.1" 200 - "-" "WordPress/6.8.2; https://cartel.express"
91.84.104.205 - - [17/Jul/2025:14:19:14 +0000] "GET / HTTP/1.1" 301 - "-" "Mozilla/5.0 (Macintosh; Intel Mac OS X 10_15_7) AppleWebKit/537.36 (KHTML, like Gecko) Chrome/133.0.0.0 Safari/537.36"
91.84.104.205 - - [17/Jul/2025:14:19:19 +0000] "GET / HTTP/1.1" 200 40577 "https://CARTEL.EXPRESS" "Mozilla/5.0 (Macintosh; Intel Mac OS X 10_15_7) AppleWebKit/537.36 (KHTML, like Gecko) Chrome/133.0.0.0 Safari/537.36"
95.107.252.206 - - [17/Jul/2025:14:19:23 +0000] "POST / HTTP/1.1" 200 40698 "-" "Mozilla/5.0 (Macintosh; Intel Mac OS X 10_15_7) AppleWebKit/537.36 (KHTML, like Gecko) Chrome/133.0.0.0 Safari/537.36"
95.107.252.206 - - [17/Jul/2025:14:19:26 +0000] "POST / HTTP/1.1" 200 40524 "-" "Mozilla/5.0 (Windows NT 10.0; Win64; x64) AppleWebKit/537.36 (KHTML, like Gecko) Chrome/120.0.0.0 Safari/537.36"
95.107.252.206 - - [17/Jul/2025:14:19:29 +0000] "POST / HTTP/1.1" 200 40758 "-" "Mozilla/5.0 (Macintosh; Intel Mac OS X 10_15_7) AppleWebKit/537.36 (KHTML, like Gecko) Chrome/133.0.0.0 Safari/537.36"
95.107.252.206 - - [17/Jul/2025:14:19:31 +0000] "POST / HTTP/1.1" 200 40529 "-" "Mozilla/5.0 (Windows NT 10.0; Win64; x64) AppleWebKit/537.36 (KHTML, like Gecko) Chrome/120.0.0.0 Safari/537.36"
91.84.104.205 - - [17/Jul/2025:14:19:33 +0000] "GET /comments/feed/ HTTP/1.1" 200 1595 "-" "Mozilla/5.0 (Macintosh; Intel Mac OS X 10_15_7) AppleWebKit/537.36 (KHTML, like Gecko) Chrome/133.0.0.0 Safari/537.36"
91.84.104.205 - - [17/Jul/2025:14:19:35 +0000] "GET /what-can-go-wrong-while-diagnosing-a-car-problem/ HTTP/1.1" 200 29461 "-" "Mozilla/5.0 (Macintosh; Intel Mac OS X 10_15_7) AppleWebKit/537.36 (KHTML, like Gecko) Chrome/133.0.0.0 Safari/537.36"
95.107.252.206 - - [17/Jul/2025:14:19:38 +0000] "POST /wp-comments-post.php HTTP/1.1" 200 1106 "-" "Mozilla/5.0 (Macintosh; Intel Mac OS X 10_15_7) AppleWebKit/537.36 (KHTML, like Gecko) Chrome/133.0.0.0 Safari/537.36"
95.107.252.206 - - [17/Jul/2025:14:19:40 +0000] "POST /wp-comments-post.php HTTP/1.1" 200 - "-" "Mozilla/5.0 (Windows NT 10.0; Win64; x64) AppleWebKit/537.36 (KHTML, like Gecko) Chrome/120.0.0.0 Safari/537.36"
91.84.104.205 - - [17/Jul/2025:14:19:42 +0000] "GET /contact/ HTTP/1.1" 200 27394 "-" "Mozilla/5.0 (Macintosh; Intel Mac OS X 10_15_7) AppleWebKit/537.36 (KHTML, like Gecko) Chrome/133.0.0.0 Safari/537.36"
95.107.252.206 - - [17/Jul/2025:14:19:55 +0000] "POST /contact/ HTTP/1.1" 200 27348 "-" "Mozilla/5.0 (Windows NT 10.0; Win64; x64) AppleWebKit/537.36 (KHTML, like Gecko) Chrome/120.0.0.0 Safari/537.36"
91.84.104.205 - - [17/Jul/2025:14:19:56 +0000] "GET /newsletter-popup/ HTTP/1.1" 200 27685 "-" "Mozilla/5.0 (Macintosh; Intel Mac OS X 10_15_7) AppleWebKit/537.36 (KHTML, like Gecko) Chrome/133.0.0.0 Safari/537.36"
209.74.77.214 - - [17/Jul/2025:14:19:59 +0000] "POST /wp-cron.php?doing_wp_cron=1752761999.3859388828277587890625 HTTP/1.1" 200 - "-" "WordPress/6.8.2; https://cartel.express"
95.107.252.206 - - [17/Jul/2025:14:19:59 +0000] "POST /newsletter-popup/ HTTP/1.1" 200 27857 "-" "Mozilla/5.0 (Macintosh; Intel Mac OS X 10_15_7) AppleWebKit/537.36 (KHTML, like Gecko) Chrome/133.0.0.0 Safari/537.36"
95.107.252.206 - - [17/Jul/2025:14:20:09 +0000] "POST /newsletter-popup/ HTTP/1.1" 200 27635 "-" "Mozilla/5.0 (Windows NT 10.0; Win64; x64) AppleWebKit/537.36 (KHTML, like Gecko) Chrome/120.0.0.0 Safari/537.36"
95.107.252.206 - - [17/Jul/2025:14:20:12 +0000] "POST /newsletter-popup/ HTTP/1.1" 200 27855 "-" "Mozilla/5.0 (Macintosh; Intel Mac OS X 10_15_7) AppleWebKit/537.36 (KHTML, like Gecko) Chrome/133.0.0.0 Safari/537.36"
209.74.77.214 - - [17/Jul/2025:14:20:14 +0000] "POST /wp-cron.php?doing_wp_cron=1752762014.3253269195556640625000 HTTP/1.1" 200 - "-" "WordPress/6.8.2; https://cartel.express"
95.107.252.206 - - [17/Jul/2025:14:20:13 +0000] "POST /newsletter-popup/ HTTP/1.1" 200 27635 "-" "Mozilla/5.0 (Windows NT 10.0; Win64; x64) AppleWebKit/537.36 (KHTML, like Gecko) Chrome/120.0.0.0 Safari/537.36"
91.84.104.205 - - [17/Jul/2025:14:20:15 +0000] "GET /blog-standard/ HTTP/1.1" 200 29956 "-" "Mozilla/5.0 (Macintosh; Intel Mac OS X 10_15_7) AppleWebKit/537.36 (KHTML, like Gecko) Chrome/133.0.0.0 Safari/537.36"
209.74.77.214 - - [17/Jul/2025:14:20:24 +0000] "POST /wp-cron.php?doing_wp_cron=1752762024.3799688816070556640625 HTTP/1.1" 200 - "-" "WordPress/6.8.2; https://cartel.express"
91.84.104.205 - - [17/Jul/2025:14:20:24 +0000] "GET /must-do-regular-checkups-for-a-better-car-operation/ HTTP/1.1" 200 29106 "-" "Mozilla/5.0 (Macintosh; Intel Mac OS X 10_15_7) AppleWebKit/537.36 (KHTML, like Gecko) Chrome/133.0.0.0 Safari/537.36"
209.74.77.214 - - [17/Jul/2025:14:20:33 +0000] "POST /wp-cron.php?doing_wp_cron=1752762033.8619079589843750000000 HTTP/1.1" 200 - "-" "WordPress/6.8.2; https://cartel.express"
95.107.252.206 - - [17/Jul/2025:14:20:33 +0000] "POST /wp-comments-post.php HTTP/1.1" 200 1106 "-" "Mozilla/5.0 (Macintosh; Intel Mac OS X 10_15_7) AppleWebKit/537.36 (KHTML, like Gecko) Chrome/133.0.0.0 Safari/537.36"
95.107.252.206 - - [17/Jul/2025:14:20:35 +0000] "POST /wp-comments-post.php HTTP/1.1" 200 - "-" "Mozilla/5.0 (Windows NT 10.0; Win64; x64) AppleWebKit/537.36 (KHTML, like Gecko) Chrome/120.0.0.0 Safari/537.36"
91.84.104.205 - - [17/Jul/2025:14:20:36 +0000] "GET /top-10-ideas-how-to-paint-your-sports-and-racing-car/ HTTP/1.1" 200 29537 "-" "Mozilla/5.0 (Macintosh; Intel Mac OS X 10_15_7) AppleWebKit/537.36 (KHTML, like Gecko) Chrome/133.0.0.0 Safari/537.36"
91.84.104.205 - - [17/Jul/2025:14:20:39 +0000] "GET /blog-standard/page/2/ HTTP/1.1" 200 29220 "-" "Mozilla/5.0 (Macintosh; Intel Mac OS X 10_15_7) AppleWebKit/537.36 (KHTML, like Gecko) Chrome/133.0.0.0 Safari/537.36"
91.84.104.205 - - [17/Jul/2025:14:20:40 +0000] "GET /blog-standard/page/3/ HTTP/1.1" 200 27648 "-" "Mozilla/5.0 (Macintosh; Intel Mac OS X 10_15_7) AppleWebKit/537.36 (KHTML, like Gecko) Chrome/133.0.0.0 Safari/537.36"
91.84.104.205 - - [17/Jul/2025:14:20:43 +0000] "GET /tag/news/ HTTP/1.1" 200 26742 "-" "Mozilla/5.0 (Macintosh; Intel Mac OS X 10_15_7) AppleWebKit/537.36 (KHTML, like Gecko) Chrome/133.0.0.0 Safari/537.36"
91.84.104.205 - - [17/Jul/2025:14:20:45 +0000] "GET /blog-list/ HTTP/1.1" 200 27489 "-" "Mozilla/5.0 (Macintosh; Intel Mac OS X 10_15_7) AppleWebKit/537.36 (KHTML, like Gecko) Chrome/133.0.0.0 Safari/537.36"
91.84.104.205 - - [17/Jul/2025:14:20:47 +0000] "GET /blog-list/page/2/ HTTP/1.1" 200 27350 "-" "Mozilla/5.0 (Macintosh; Intel Mac OS X 10_15_7) AppleWebKit/537.36 (KHTML, like Gecko) Chrome/133.0.0.0 Safari/537.36"
91.84.104.205 - - [17/Jul/2025:14:20:49 +0000] "GET /blog-grid/ HTTP/1.1" 200 26088 "-" "Mozilla/5.0 (Macintosh; Intel Mac OS X 10_15_7) AppleWebKit/537.36 (KHTML, like Gecko) Chrome/133.0.0.0 Safari/537.36"
91.84.104.205 - - [17/Jul/2025:14:20:51 +0000] "GET /giving-a-new-life-to-old-headlights-polish-sealing/ HTTP/1.1" 200 28836 "-" "Mozilla/5.0 (Macintosh; Intel Mac OS X 10_15_7) AppleWebKit/537.36 (KHTML, like Gecko) Chrome/133.0.0.0 Safari/537.36"
91.84.104.205 - - [17/Jul/2025:14:20:53 +0000] "GET /must-do-regular-checkups-for-a-better-car-operation/ HTTP/1.1" 200 29314 "-" "Mozilla/5.0 (Macintosh; Intel Mac OS X 10_15_7) AppleWebKit/537.36 (KHTML, like Gecko) Chrome/133.0.0.0 Safari/537.36"
209.74.77.214 - - [17/Jul/2025:14:21:02 +0000] "POST /wp-cron.php?doing_wp_cron=1752762062.5651960372924804687500 HTTP/1.1" 200 - "-" "WordPress/6.8.2; https://cartel.express"
91.84.104.205 - - [17/Jul/2025:14:21:02 +0000] "GET /must-do-regular-checkups-for-a-better-car-operation/feed/ HTTP/1.1" 200 480 "-" "Mozilla/5.0 (Macintosh; Intel Mac OS X 10_15_7) AppleWebKit/537.36 (KHTML, like Gecko) Chrome/133.0.0.0 Safari/537.36"
91.84.104.205 - - [17/Jul/2025:14:21:06 +0000] "GET /must-do-regular-checkups-for-a-better-car-operation/ HTTP/1.1" 200 28952 "-" "Mozilla/5.0 (Macintosh; Intel Mac OS X 10_15_7) AppleWebKit/537.36 (KHTML, like Gecko) Chrome/133.0.0.0 Safari/537.36"
91.84.104.205 - - [17/Jul/2025:14:21:07 +0000] "GET /checkout/ HTTP/1.1" 302 - "-" "Mozilla/5.0 (Macintosh; Intel Mac OS X 10_15_7) AppleWebKit/537.36 (KHTML, like Gecko) Chrome/133.0.0.0 Safari/537.36"
91.84.104.205 - - [17/Jul/2025:14:21:08 +0000] "GET /cart/ HTTP/1.1" 200 56016 "https://cartel.express/checkout/" "Mozilla/5.0 (Macintosh; Intel Mac OS X 10_15_7) AppleWebKit/537.36 (KHTML, like Gecko) Chrome/133.0.0.0 Safari/537.36"
91.84.104.205 - - [17/Jul/2025:14:21:11 +0000] "GET /car-body-polish-makes-it-look-like-new/ HTTP/1.1" 200 28711 "-" "Mozilla/5.0 (Macintosh; Intel Mac OS X 10_15_7) AppleWebKit/537.36 (KHTML, like Gecko) Chrome/133.0.0.0 Safari/537.36"
91.84.104.205 - - [17/Jul/2025:14:21:12 +0000] "GET /car-body-polish-makes-it-look-like-new/feed/ HTTP/1.1" 200 472 "-" "Mozilla/5.0 (Macintosh; Intel Mac OS X 10_15_7) AppleWebKit/537.36 (KHTML, like Gecko) Chrome/133.0.0.0 Safari/537.36"
209.74.77.214 - - [17/Jul/2025:14:21:16 +0000] "POST /wp-cron.php?doing_wp_cron=1752762076.8252170085906982421875 HTTP/1.1" 200 - "-" "WordPress/6.8.2; https://cartel.express"
91.84.104.205 - - [17/Jul/2025:14:21:16 +0000] "GET /car-body-polish-makes-it-look-like-new/ HTTP/1.1" 200 28701 "-" "Mozilla/5.0 (Macintosh; Intel Mac OS X 10_15_7) AppleWebKit/537.36 (KHTML, like Gecko) Chrome/133.0.0.0 Safari/537.36"
91.84.104.205 - - [17/Jul/2025:14:21:17 +0000] "GET /car-body-polish-makes-it-look-like-new/ HTTP/1.1" 200 28709 "-" "Mozilla/5.0 (Macintosh; Intel Mac OS X 10_15_7) AppleWebKit/537.36 (KHTML, like Gecko) Chrome/133.0.0.0 Safari/537.36"
45.227.253.15 - - [17/Jul/2025:15:18:45 +0000] "GET /wp-includes/js/thickbox/thickbox/index.php?ARRAY=7o2230223n313735323736393233312p2231223n22687474703n5p2s5p2s7n7334393476313373752r74616368652r70726s5p2s3s6p633q78696164616r5s72616r645s7061746826743q313735323736353633312q3761333664396362613638376639323362663532663935626465363231663838222p2232223n223337363064643830353063336537366266306661326534666638343266643865222p2233223n223739356665343238326538306539353539353835323737623233313331633532222p2262696r675s70617373223n2231332q34322q35392q36392q37352q38362q3131227q HTTP/1.1" 200 465 "-" "Mozilla/5.0 (Windows NT 6.2; WOW64; rv:72.0) Gecko/20100101 Firefox/72.0"
103.171.255.114 - - [17/Jul/2025:15:59:04 +0000] "POST /wp-comments-post.php HTTP/1.1" 302 - "-" "Mozilla/5.0 (Windows NT 10.0; Win64; x64) AppleWebKit/537.36 (KHTML, like Gecko) Chrome/120.0.0.0 Safari/537.36"
209.74.77.214 - - [17/Jul/2025:15:59:36 +0000] "POST /wp-cron.php?doing_wp_cron=1752767976.7704288959503173828125 HTTP/1.1" 200 - "-" "WordPress/6.8.2; https://cartel.express"
103.171.255.114 - - [17/Jul/2025:15:59:36 +0000] "POST /wp-comments-post.php HTTP/1.1" 302 - "-" "Mozilla/5.0 (Windows NT 10.0; Win64; x64) AppleWebKit/537.36 (KHTML, like Gecko) Chrome/120.0.0.0 Safari/537.36"
209.74.77.214 - - [17/Jul/2025:16:00:03 +0000] "POST /wp-cron.php?doing_wp_cron=1752768003.7403759956359863281250 HTTP/1.1" 200 - "-" "WordPress/6.8.2; https://cartel.express"
103.171.255.114 - - [17/Jul/2025:16:00:03 +0000] "POST /wp-comments-post.php HTTP/1.1" 302 - "-" "Mozilla/5.0 (Windows NT 10.0; Win64; x64) AppleWebKit/537.36 (KHTML, like Gecko) Chrome/120.0.0.0 Safari/537.36"
209.74.77.214 - - [17/Jul/2025:16:00:36 +0000] "POST /wp-cron.php?doing_wp_cron=1752768036.4459691047668457031250 HTTP/1.1" 200 - "-" "WordPress/6.8.2; https://cartel.express"
103.171.255.114 - - [17/Jul/2025:16:00:36 +0000] "POST /wp-comments-post.php HTTP/1.1" 302 - "-" "Mozilla/5.0 (Windows NT 10.0; Win64; x64) AppleWebKit/537.36 (KHTML, like Gecko) Chrome/120.0.0.0 Safari/537.36"
209.74.77.214 - - [17/Jul/2025:16:01:04 +0000] "POST /wp-cron.php?doing_wp_cron=1752768064.0393199920654296875000 HTTP/1.1" 200 - "-" "WordPress/6.8.2; https://cartel.express"
103.171.255.114 - - [17/Jul/2025:16:01:03 +0000] "POST /wp-comments-post.php HTTP/1.1" 302 - "-" "Mozilla/5.0 (Windows NT 10.0; Win64; x64) AppleWebKit/537.36 (KHTML, like Gecko) Chrome/120.0.0.0 Safari/537.36"
209.74.77.214 - - [17/Jul/2025:16:01:36 +0000] "POST /wp-cron.php?doing_wp_cron=1752768096.2637550830841064453125 HTTP/1.1" 200 - "-" "WordPress/6.8.2; https://cartel.express"
103.171.255.114 - - [17/Jul/2025:16:01:36 +0000] "POST /wp-comments-post.php HTTP/1.1" 302 - "-" "Mozilla/5.0 (Windows NT 10.0; Win64; x64) AppleWebKit/537.36 (KHTML, like Gecko) Chrome/120.0.0.0 Safari/537.36"
209.74.77.214 - - [17/Jul/2025:16:02:01 +0000] "POST /wp-cron.php?doing_wp_cron=1752768121.3471920490264892578125 HTTP/1.1" 200 - "-" "WordPress/6.8.2; https://cartel.express"
103.171.255.114 - - [17/Jul/2025:16:02:01 +0000] "POST /wp-comments-post.php HTTP/1.1" 302 - "-" "Mozilla/5.0 (Windows NT 10.0; Win64; x64) AppleWebKit/537.36 (KHTML, like Gecko) Chrome/120.0.0.0 Safari/537.36"
209.74.77.214 - - [17/Jul/2025:16:02:31 +0000] "POST /wp-cron.php?doing_wp_cron=1752768151.5217750072479248046875 HTTP/1.1" 200 - "-" "WordPress/6.8.2; https://cartel.express"
103.171.255.114 - - [17/Jul/2025:16:02:31 +0000] "POST /wp-comments-post.php HTTP/1.1" 302 - "-" "Mozilla/5.0 (Windows NT 10.0; Win64; x64) AppleWebKit/537.36 (KHTML, like Gecko) Chrome/120.0.0.0 Safari/537.36"
209.74.77.214 - - [17/Jul/2025:16:02:58 +0000] "POST /wp-cron.php?doing_wp_cron=1752768178.7883579730987548828125 HTTP/1.1" 200 - "-" "WordPress/6.8.2; https://cartel.express"
103.171.255.114 - - [17/Jul/2025:16:02:58 +0000] "POST /wp-comments-post.php HTTP/1.1" 302 - "-" "Mozilla/5.0 (Windows NT 10.0; Win64; x64) AppleWebKit/537.36 (KHTML, like Gecko) Chrome/120.0.0.0 Safari/537.36"
209.74.77.214 - - [17/Jul/2025:16:03:26 +0000] "POST /wp-cron.php?doing_wp_cron=1752768206.6102569103240966796875 HTTP/1.1" 200 - "-" "WordPress/6.8.2; https://cartel.express"
103.171.255.114 - - [17/Jul/2025:16:03:26 +0000] "POST /wp-comments-post.php HTTP/1.1" 302 - "-" "Mozilla/5.0 (Windows NT 10.0; Win64; x64) AppleWebKit/537.36 (KHTML, like Gecko) Chrome/120.0.0.0 Safari/537.36"
209.74.77.214 - - [17/Jul/2025:16:05:48 +0000] "POST /wp-cron.php?doing_wp_cron=1752768348.9399220943450927734375 HTTP/1.1" 200 - "-" "WordPress/6.8.2; https://cartel.express"
185.157.214.24 - - [17/Jul/2025:16:05:46 +0000] "GET / HTTP/1.1" 301 - "-" "Mozilla/5.0 (Macintosh; Intel Mac OS X 10_15_7) AppleWebKit/537.36 (KHTML, like Gecko) Chrome/133.0.0.0 Safari/537.36"
185.157.214.24 - - [17/Jul/2025:16:05:50 +0000] "GET / HTTP/1.1" 200 40576 "https://CARTEL.EXPRESS" "Mozilla/5.0 (Macintosh; Intel Mac OS X 10_15_7) AppleWebKit/537.36 (KHTML, like Gecko) Chrome/133.0.0.0 Safari/537.36"
185.42.192.18 - - [17/Jul/2025:16:05:52 +0000] "POST / HTTP/1.1" 200 40692 "-" "Mozilla/5.0 (Macintosh; Intel Mac OS X 10_15_7) AppleWebKit/537.36 (KHTML, like Gecko) Chrome/133.0.0.0 Safari/537.36"
