66.249.73.236 - - [15/Jul/2025:12:41:10 +0000] "POST /get-message-notify HTTP/1.1" 200 39994 "https://cyber-secure.com.au/?e=58124458011000&mod=b4d22bb5&uri=pin.php%3Fid%3D1939641-803%26name%3Dpower+bike+pro" "Mozilla/5.0 (Linux; Android 6.0.1; Nexus 5X Build/MMB29P) AppleWebKit/537.36 (KHTML, like Gecko) Chrome/137.0.7151.119 Mobile Safari/537.36 (compatible; Googlebot/2.1; +http://www.google.com/bot.html)"
66.249.73.233 - - [15/Jul/2025:12:41:11 +0000] "GET /?e=58123018011000&mod=b4d22bb5&uri=shared.php%3Fid%3D1939593-803%26name%3Dgraziella+26 HTTP/1.1" 200 39929 "-" "Mozilla/5.0 (Linux; Android 6.0.1; Nexus 5X Build/MMB29P) AppleWebKit/537.36 (KHTML, like Gecko) Chrome/137.0.7151.103 Mobile Safari/537.36 (compatible; Googlebot/2.1; +http://www.google.com/bot.html)"
66.249.73.234 - - [15/Jul/2025:12:41:12 +0000] "GET /item/presi22252369/ HTTP/1.1" 200 39953 "-" "Mozilla/5.0 (Linux; Android 6.0.1; Nexus 5X Build/MMB29P) AppleWebKit/537.36 (KHTML, like Gecko) Chrome/137.0.7151.103 Mobile Safari/537.36 (compatible; GoogleOther)"
66.249.73.234 - - [15/Jul/2025:12:41:15 +0000] "GET /item/inves52890324/ HTTP/1.1" 200 40061 "-" "Mozilla/5.0 (Linux; Android 6.0.1; Nexus 5X Build/MMB29P) AppleWebKit/537.36 (KHTML, like Gecko) Chrome/137.0.7151.103 Mobile Safari/537.36 (compatible; GoogleOther)"
66.249.73.233 - - [15/Jul/2025:12:41:16 +0000] "POST /get-message-notify HTTP/1.1" 200 40047 "https://cyber-secure.com.au/?e=58258795001000&mod=b6edc1cd&uri=products.php%3Fid%3D1944126-81%26name%3Dletto+aggiuntivo+ikea" "Mozilla/5.0 (Linux; Android 6.0.1; Nexus 5X Build/MMB29P) AppleWebKit/537.36 (KHTML, like Gecko) Chrome/137.0.7151.119 Mobile Safari/537.36 (compatible; Googlebot/2.1; +http://www.google.com/bot.html)"
66.249.73.233 - - [15/Jul/2025:12:41:17 +0000] "GET /?e=58271448031000&mod=b6edc1cd&uri=goods.php%3Fid%3D1944549-81%26name%3Dsedie+ikea+in+pelle HTTP/1.1" 200 39969 "-" "Mozilla/5.0 (Linux; Android 6.0.1; Nexus 5X Build/MMB29P) AppleWebKit/537.36 (KHTML, like Gecko) Chrome/137.0.7151.103 Mobile Safari/537.36 (compatible; Googlebot/2.1; +http://www.google.com/bot.html)"
66.249.73.233 - - [15/Jul/2025:12:41:18 +0000] "GET /?e=58276703051000&mod=b6edc1cd&uri=category-info.php%3Fid%3D1944725-81%26name%3Ddivano+senza+tappeto HTTP/1.1" 200 39877 "-" "Mozilla/5.0 (Linux; Android 6.0.1; Nexus 5X Build/MMB29P) AppleWebKit/537.36 (KHTML, like Gecko) Chrome/137.0.7151.103 Mobile Safari/537.36 (compatible; Googlebot/2.1; +http://www.google.com/bot.html)"
66.249.73.235 - - [15/Jul/2025:12:41:19 +0000] "GET /item/amuse81642583/ HTTP/1.1" 200 40173 "-" "Mozilla/5.0 (Linux; Android 6.0.1; Nexus 5X Build/MMB29P) AppleWebKit/537.36 (KHTML, like Gecko) Chrome/137.0.7151.103 Mobile Safari/537.36 (compatible; GoogleOther)"
66.249.73.233 - - [15/Jul/2025:12:41:20 +0000] "GET /?e=58123258031000&mod=b4d22bb5&uri=products.php%3Fid%3D1939601-803%26name%3Dprobike+fi HTTP/1.1" 200 39904 "-" "Mozilla/5.0 (Linux; Android 6.0.1; Nexus 5X Build/MMB29P) AppleWebKit/537.36 (KHTML, like Gecko) Chrome/137.0.7151.103 Mobile Safari/537.36 (compatible; Googlebot/2.1; +http://www.google.com/bot.html)"
66.249.73.233 - - [15/Jul/2025:12:41:20 +0000] "GET /?e=58273608031000&mod=b6edc1cd&uri=us.php%3Fid%3D1944621-81%26name%3Dfodera+divano+vimle+ikea HTTP/1.1" 200 39919 "-" "Mozilla/5.0 (Linux; Android 6.0.1; Nexus 5X Build/MMB29P) AppleWebKit/537.36 (KHTML, like Gecko) Chrome/137.0.7151.103 Mobile Safari/537.36 (compatible; Googlebot/2.1; +http://www.google.com/bot.html)"
66.249.73.233 - - [15/Jul/2025:12:41:22 +0000] "GET /?e=58123288041000&mod=b4d22bb5&uri=info.php%3Fid%3D1939602-803%26name%3Dbmw+r1200gs+adventure+2013 HTTP/1.1" 200 39988 "-" "Mozilla/5.0 (Linux; Android 6.0.1; Nexus 5X Build/MMB29P) AppleWebKit/537.36 (KHTML, like Gecko) Chrome/137.0.7151.103 Mobile Safari/537.36 (compatible; Googlebot/2.1; +http://www.google.com/bot.html)"
66.249.73.233 - - [15/Jul/2025:12:41:23 +0000] "GET /?e=58123318031000&mod=b4d22bb5&uri=info.php%3Fid%3D1939603-803%26name%3Dbosch+powertube+750wh HTTP/1.1" 200 39919 "-" "Mozilla/5.0 (Linux; Android 6.0.1; Nexus 5X Build/MMB29P) AppleWebKit/537.36 (KHTML, like Gecko) Chrome/137.0.7151.103 Mobile Safari/537.36 (compatible; Googlebot/2.1; +http://www.google.com/bot.html)"
66.249.73.235 - - [15/Jul/2025:12:41:24 +0000] "GET /?e=58275288011000&mod=b6edc1cd&uri=news.php%3Fid%3D1944677-81%26name%3Ddivano+home HTTP/1.1" 200 39808 "-" "Mozilla/5.0 (Linux; Android 6.0.1; Nexus 5X Build/MMB29P) AppleWebKit/537.36 (KHTML, like Gecko) Chrome/137.0.7151.103 Mobile Safari/537.36 (compatible; Googlebot/2.1; +http://www.google.com/bot.html)"
66.249.73.234 - - [15/Jul/2025:12:41:25 +0000] "GET /item/hide82457727/ HTTP/1.1" 200 40056 "-" "Mozilla/5.0 (Linux; Android 6.0.1; Nexus 5X Build/MMB29P) AppleWebKit/537.36 (KHTML, like Gecko) Chrome/137.0.7151.103 Mobile Safari/537.36 (compatible; GoogleOther)"
66.249.73.233 - - [15/Jul/2025:12:41:26 +0000] "GET /?e=58276248031000&mod=b6edc1cd&uri=news.php%3Fid%3D1944709-81%26name%3Dtappeti+divani+divani HTTP/1.1" 200 39805 "-" "Mozilla/5.0 (Linux; Android 6.0.1; Nexus 5X Build/MMB29P) AppleWebKit/537.36 (KHTML, like Gecko) Chrome/137.0.7151.103 Mobile Safari/537.36 (compatible; Googlebot/2.1; +http://www.google.com/bot.html)"
66.249.73.233 - - [15/Jul/2025:12:41:27 +0000] "GET /?e=58123048021000&mod=b4d22bb5&uri=category-info.php%3Fid%3D1939594-803%26name%3Dscultura+5000+2022 HTTP/1.1" 200 39849 "-" "Mozilla/5.0 (Linux; Android 6.0.1; Nexus 5X Build/MMB29P) AppleWebKit/537.36 (KHTML, like Gecko) Chrome/137.0.7151.103 Mobile Safari/537.36 (compatible; Googlebot/2.1; +http://www.google.com/bot.html)"
66.249.73.235 - - [15/Jul/2025:12:41:28 +0000] "GET /?e=58273368071000&mod=b6edc1cd&uri=goods.php%3Fid%3D1944613-81%26name%3Dikea+mobili+letto HTTP/1.1" 200 39881 "-" "Mozilla/5.0 (Linux; Android 6.0.1; Nexus 5X Build/MMB29P) AppleWebKit/537.36 (KHTML, like Gecko) Chrome/137.0.7151.103 Mobile Safari/537.36 (compatible; Googlebot/2.1; +http://www.google.com/bot.html)"
66.249.73.235 - - [15/Jul/2025:12:41:28 +0000] "GET /item/tie52884508/ HTTP/1.1" 200 40945 "-" "Mozilla/5.0 (Linux; Android 6.0.1; Nexus 5X Build/MMB29P) AppleWebKit/537.36 (KHTML, like Gecko) Chrome/137.0.7151.103 Mobile Safari/537.36 (compatible; GoogleOther)"
66.249.73.234 - - [15/Jul/2025:12:41:29 +0000] "GET /?e=58122688061000&mod=b4d22bb5&uri=goods.php%3Fid%3D1939582-803%26name%3Drhinowalk+in HTTP/1.1" 200 39906 "-" "Mozilla/5.0 (Linux; Android 6.0.1; Nexus 5X Build/MMB29P) AppleWebKit/537.36 (KHTML, like Gecko) Chrome/137.0.7151.103 Mobile Safari/537.36 (compatible; Googlebot/2.1; +http://www.google.com/bot.html)"
66.249.73.235 - - [15/Jul/2025:12:41:30 +0000] "GET /?e=58279823131000&mod=22fb0cee&uri=info.php%3Fid%3D1944829-87%26name%3Dgreen+screen+webcam+obs HTTP/1.1" 200 39874 "-" "Mozilla/5.0 (Linux; Android 6.0.1; Nexus 5X Build/MMB29P) AppleWebKit/537.36 (KHTML, like Gecko) Chrome/137.0.7151.103 Mobile Safari/537.36 (compatible; Googlebot/2.1; +http://www.google.com/bot.html)"
66.249.73.233 - - [15/Jul/2025:12:41:30 +0000] "GET /?e=58279343021000&mod=b6edc1cd&uri=category-info.php%3Fid%3D1944813-81%26name%3Dmaterasso+singolo+per+letto+estraibile HTTP/1.1" 200 39962 "-" "Mozilla/5.0 (Linux; Android 6.0.1; Nexus 5X Build/MMB29P) AppleWebKit/537.36 (KHTML, like Gecko) Chrome/137.0.7151.103 Mobile Safari/537.36 (compatible; Googlebot/2.1; +http://www.google.com/bot.html)"
66.249.73.233 - - [15/Jul/2025:12:41:31 +0000] "GET /?e=58122418051000&mod=960fe54b&uri=news.php%3Fid%3D1939573-953%26name%3Dbest+cpap+pillow+for+stomach+sleepers HTTP/1.1" 200 39992 "-" "Mozilla/5.0 (Linux; Android 6.0.1; Nexus 5X Build/MMB29P) AppleWebKit/537.36 (KHTML, like Gecko) Chrome/137.0.7151.103 Mobile Safari/537.36 (compatible; Googlebot/2.1; +http://www.google.com/bot.html)"
66.249.73.233 - - [15/Jul/2025:12:41:32 +0000] "GET /item/wagon71759694/ HTTP/1.1" 200 40214 "-" "Mozilla/5.0 (Linux; Android 6.0.1; Nexus 5X Build/MMB29P) AppleWebKit/537.36 (KHTML, like Gecko) Chrome/137.0.7151.103 Mobile Safari/537.36 (compatible; GoogleOther)"
66.249.73.234 - - [15/Jul/2025:12:41:33 +0000] "GET /?e=58124038011000&mod=b4d22bb5&uri=shared.php%3Fid%3D1939627-803%26name%3Dktm+revelator+alto+3300 HTTP/1.1" 200 39986 "-" "Mozilla/5.0 (Linux; Android 6.0.1; Nexus 5X Build/MMB29P) AppleWebKit/537.36 (KHTML, like Gecko) Chrome/137.0.7151.103 Mobile Safari/537.36 (compatible; Googlebot/2.1; +http://www.google.com/bot.html)"
66.249.73.234 - - [15/Jul/2025:12:41:35 +0000] "GET /item/funny50612484/ HTTP/1.1" 200 40935 "-" "Mozilla/5.0 (Linux; Android 6.0.1; Nexus 5X Build/MMB29P) AppleWebKit/537.36 (KHTML, like Gecko) Chrome/137.0.7151.103 Mobile Safari/537.36 (compatible; GoogleOther)"
66.249.73.233 - - [15/Jul/2025:12:41:36 +0000] "GET /?e=58124548031000&mod=d77314b5&uri=category-info.php%3Fid%3D1939644-1343%26name%3Dluxury+bolster+pillow HTTP/1.1" 200 39861 "-" "Mozilla/5.0 (Linux; Android 6.0.1; Nexus 5X Build/MMB29P) AppleWebKit/537.36 (KHTML, like Gecko) Chrome/137.0.7151.103 Mobile Safari/537.36 (compatible; Googlebot/2.1; +http://www.google.com/bot.html)"
66.249.73.233 - - [15/Jul/2025:12:41:38 +0000] "POST /get-message-notify HTTP/1.1" 200 39963 "https://cyber-secure.com.au/?e=58319483011000&mod=c850371f&uri=shop.php%3Fid%3D1946151-127%26name%3Dphone+tripod+mount+target" "Mozilla/5.0 (Linux; Android 6.0.1; Nexus 5X Build/MMB29P) AppleWebKit/537.36 (KHTML, like Gecko) Chrome/137.0.7151.119 Mobile Safari/537.36 (compatible; Googlebot/2.1; +http://www.google.com/bot.html)"
66.249.73.236 - - [15/Jul/2025:12:41:39 +0000] "GET /?e=58124218021000&mod=b4d22bb5&uri=itm.php%3Fid%3D1939633-803%26name%3Dtrek+fx2+disc+2022 HTTP/1.1" 200 40024 "-" "Mozilla/5.0 (Linux; Android 6.0.1; Nexus 5X Build/MMB29P) AppleWebKit/537.36 (KHTML, like Gecko) Chrome/137.0.7151.103 Mobile Safari/537.36 (compatible; Googlebot/2.1; +http://www.google.com/bot.html)"
66.249.73.233 - - [15/Jul/2025:12:41:39 +0000] "GET /?e=58284863011000&mod=5f0ad4db&uri=us.php%3Fid%3D1944997-949%26name%3Dblack+patagonia+vest HTTP/1.1" 200 39907 "-" "Mozilla/5.0 (Linux; Android 6.0.1; Nexus 5X Build/MMB29P) AppleWebKit/537.36 (KHTML, like Gecko) Chrome/137.0.7151.103 Mobile Safari/537.36 (compatible; Googlebot/2.1; +http://www.google.com/bot.html)"
66.249.73.235 - - [15/Jul/2025:12:41:41 +0000] "GET /item/tin60663237/ HTTP/1.1" 200 39944 "-" "Mozilla/5.0 (Linux; Android 6.0.1; Nexus 5X Build/MMB29P) AppleWebKit/537.36 (KHTML, like Gecko) Chrome/137.0.7151.103 Mobile Safari/537.36 (compatible; GoogleOther)"
66.249.73.234 - - [15/Jul/2025:12:41:44 +0000] "GET /?e=119322053011000&mod=b73ce398&uri=shared.php%3Fid%3D3982143-16%26name%3Dhigh+waisted+jean+shorts+ripped HTTP/1.1" 200 39910 "-" "Mozilla/5.0 (Linux; Android 6.0.1; Nexus 5X Build/MMB29P) AppleWebKit/537.36 (KHTML, like Gecko) Chrome/137.0.7151.103 Mobile Safari/537.36 (compatible; Googlebot/2.1; +http://www.google.com/bot.html)"
66.249.73.234 - - [15/Jul/2025:12:41:44 +0000] "GET /item/inade62965997/ HTTP/1.1" 200 40558 "-" "Mozilla/5.0 (Linux; Android 6.0.1; Nexus 5X Build/MMB29P) AppleWebKit/537.36 (KHTML, like Gecko) Chrome/137.0.7151.103 Mobile Safari/537.36 (compatible; GoogleOther)"
66.249.73.233 - - [15/Jul/2025:12:41:45 +0000] "GET /?e=58122808001000&mod=b4d22bb5&uri=product.php%3Fid%3D1939586-803%26name%3Druota+posteriore+single+speed HTTP/1.1" 200 39962 "-" "Mozilla/5.0 (Linux; Android 6.0.1; Nexus 5X Build/MMB29P) AppleWebKit/537.36 (KHTML, like Gecko) Chrome/137.0.7151.103 Mobile Safari/537.36 (compatible; Googlebot/2.1; +http://www.google.com/bot.html)"
66.249.73.237 - - [15/Jul/2025:12:41:48 +0000] "GET /item/cryst81791431/ HTTP/1.1" 200 40058 "-" "Mozilla/5.0 (Linux; Android 6.0.1; Nexus 5X Build/MMB29P) AppleWebKit/537.36 (KHTML, like Gecko) Chrome/137.0.7151.103 Mobile Safari/537.36 (compatible; GoogleOther)"
66.249.73.236 - - [15/Jul/2025:12:41:48 +0000] "GET /?e=34603129031000&mod=c54d2118&uri=shop.php%3Fid%3D1154935-729%26name%3Dskechers+air+cooled+memory+foam+sams+club HTTP/1.1" 200 39930 "-" "Mozilla/5.0 (Linux; Android 6.0.1; Nexus 5X Build/MMB29P) AppleWebKit/537.36 (KHTML, like Gecko) Chrome/137.0.7151.103 Mobile Safari/537.36 (compatible; Googlebot/2.1; +http://www.google.com/bot.html)"
66.249.73.235 - - [15/Jul/2025:12:41:49 +0000] "GET /?e=58123648061000&mod=b4d22bb5&uri=product.php%3Fid%3D1939614-803%26name%3Dgarmin+edge+530+bundle+sensori HTTP/1.1" 200 39897 "-" "Mozilla/5.0 (Linux; Android 6.0.1; Nexus 5X Build/MMB29P) AppleWebKit/537.36 (KHTML, like Gecko) Chrome/137.0.7151.103 Mobile Safari/537.36 (compatible; Googlebot/2.1; +http://www.google.com/bot.html)"
66.249.73.233 - - [15/Jul/2025:12:41:50 +0000] "GET /?e=58246740001000&mod=43e4e6a6&uri=us.php%3Fid%3D1943723-234%26name%3Dbmw+motorradjacke+gs+dry+damen HTTP/1.1" 200 39933 "-" "Mozilla/5.0 (Linux; Android 6.0.1; Nexus 5X Build/MMB29P) AppleWebKit/537.36 (KHTML, like Gecko) Chrome/137.0.7151.103 Mobile Safari/537.36 (compatible; Googlebot/2.1; +http://www.google.com/bot.html)"
66.249.73.233 - - [15/Jul/2025:12:41:50 +0000] "GET /?e=58123918021000&mod=b4d22bb5&uri=pin.php%3Fid%3D1939623-803%26name%3Dfrancesconibike HTTP/1.1" 200 40000 "-" "Mozilla/5.0 (Linux; Android 6.0.1; Nexus 5X Build/MMB29P) AppleWebKit/537.36 (KHTML, like Gecko) Chrome/137.0.7151.103 Mobile Safari/537.36 (compatible; Googlebot/2.1; +http://www.google.com/bot.html)"
66.249.73.234 - - [15/Jul/2025:12:41:51 +0000] "GET /item/barri82798463/ HTTP/1.1" 200 39870 "-" "Mozilla/5.0 (Linux; Android 6.0.1; Nexus 5X Build/MMB29P) AppleWebKit/537.36 (KHTML, like Gecko) Chrome/137.0.7151.103 Mobile Safari/537.36 (compatible; GoogleOther)"
66.249.73.236 - - [15/Jul/2025:12:41:52 +0000] "GET /?e=58123768021000&mod=b4d22bb5&uri=product.php%3Fid%3D1939618-803%26name%3Dcfmoto+650gt+2021 HTTP/1.1" 200 39852 "-" "Mozilla/5.0 (Linux; Android 6.0.1; Nexus 5X Build/MMB29P) AppleWebKit/537.36 (KHTML, like Gecko) Chrome/137.0.7151.103 Mobile Safari/537.36 (compatible; Googlebot/2.1; +http://www.google.com/bot.html)"
66.249.73.236 - - [15/Jul/2025:12:41:54 +0000] "GET /?e=58124128061000&mod=b4d22bb5&uri=article.php%3Fid%3D1939630-803%26name%3Dktm+exc+125+tpi+2022 HTTP/1.1" 200 39949 "-" "Mozilla/5.0 (Linux; Android 6.0.1; Nexus 5X Build/MMB29P) AppleWebKit/537.36 (KHTML, like Gecko) Chrome/137.0.7151.103 Mobile Safari/537.36 (compatible; Googlebot/2.1; +http://www.google.com/bot.html)"
66.249.73.235 - - [15/Jul/2025:12:41:55 +0000] "POST /get-message-notify HTTP/1.1" 200 40014 "https://cyber-secure.com.au/?e=58123918021000&mod=b4d22bb5&uri=pin.php%3Fid%3D1939623-803%26name%3Dfrancesconibike" "Mozilla/5.0 (Linux; Android 6.0.1; Nexus 5X Build/MMB29P) AppleWebKit/537.36 (KHTML, like Gecko) Chrome/137.0.7151.119 Mobile Safari/537.36 (compatible; Googlebot/2.1; +http://www.google.com/bot.html)"
66.249.73.233 - - [15/Jul/2025:12:41:56 +0000] "POST /get-message-notify HTTP/1.1" 200 40129 "https://cyber-secure.com.au/?e=58279343021000&mod=b6edc1cd&uri=category-info.php%3Fid%3D1944813-81%26name%3Dmaterasso+singolo+per+letto+estraibile" "Mozilla/5.0 (Linux; Android 6.0.1; Nexus 5X Build/MMB29P) AppleWebKit/537.36 (KHTML, like Gecko) Chrome/137.0.7151.119 Mobile Safari/537.36 (compatible; Googlebot/2.1; +http://www.google.com/bot.html)"
66.249.73.235 - - [15/Jul/2025:12:41:57 +0000] "GET /?e=58244940011000&mod=43e4e6a6&uri=itm.php%3Fid%3D1943663-234%26name%3Dfleece+jacke+kariert+damen HTTP/1.1" 200 39996 "-" "Mozilla/5.0 (Linux; Android 6.0.1; Nexus 5X Build/MMB29P) AppleWebKit/537.36 (KHTML, like Gecko) Chrome/137.0.7151.103 Mobile Safari/537.36 (compatible; Googlebot/2.1; +http://www.google.com/bot.html)"
66.249.73.234 - - [15/Jul/2025:12:41:58 +0000] "GET /?e=58122928041000&mod=b4d22bb5&uri=shared.php%3Fid%3D1939590-803%26name%3Dmerida+one+sixty+2022 HTTP/1.1" 200 39910 "-" "Mozilla/5.0 (Linux; Android 6.0.1; Nexus 5X Build/MMB29P) AppleWebKit/537.36 (KHTML, like Gecko) Chrome/137.0.7151.103 Mobile Safari/537.36 (compatible; Googlebot/2.1; +http://www.google.com/bot.html)"
66.249.73.238 - - [15/Jul/2025:12:42:00 +0000] "GET /?e=58244760041000&mod=619205da&uri=form.php%3Fid%3D1943657-233%26name%3Dvaqueros+para+muslos+gordos HTTP/1.1" 200 39936 "-" "Mozilla/5.0 (Linux; Android 6.0.1; Nexus 5X Build/MMB29P) AppleWebKit/537.36 (KHTML, like Gecko) Chrome/137.0.7151.103 Mobile Safari/537.36 (compatible; Googlebot/2.1; +http://www.google.com/bot.html)"
66.249.73.237 - - [15/Jul/2025:12:42:00 +0000] "POST /get-message-notify HTTP/1.1" 200 40064 "https://cyber-secure.com.au/?e=58278143051000&mod=b6edc1cd&uri=search.php%3Fid%3D1944773-81%26name%3Ddivano+letto+e+bay" "Mozilla/5.0 (Linux; Android 6.0.1; Nexus 5X Build/MMB29P) AppleWebKit/537.36 (KHTML, like Gecko) Chrome/137.0.7151.119 Mobile Safari/537.36 (compatible; Googlebot/2.1; +http://www.google.com/bot.html)"
66.249.73.236 - - [15/Jul/2025:12:42:02 +0000] "GET /?e=58265985061000&mod=43e4e6a6&uri=news.php%3Fid%3D1944366-234%26name%3Ddonald+duck+pullover+gucci HTTP/1.1" 200 39935 "-" "Mozilla/5.0 (Linux; Android 6.0.1; Nexus 5X Build/MMB29P) AppleWebKit/537.36 (KHTML, like Gecko) Chrome/137.0.7151.103 Mobile Safari/537.36 (compatible; Googlebot/2.1; +http://www.google.com/bot.html)"
66.249.73.235 - - [15/Jul/2025:12:42:02 +0000] "GET /?e=58258855081000&mod=43e4e6a6&uri=brands.php%3Fid%3D1944128-234%26name%3Dballdiri+pullover HTTP/1.1" 200 39931 "-" "Mozilla/5.0 (Linux; Android 6.0.1; Nexus 5X Build/MMB29P) AppleWebKit/537.36 (KHTML, like Gecko) Chrome/137.0.7151.103 Mobile Safari/537.36 (compatible; Googlebot/2.1; +http://www.google.com/bot.html)"
66.249.73.235 - - [15/Jul/2025:12:42:03 +0000] "GET /item/page70084670/ HTTP/1.1" 200 39958 "-" "Mozilla/5.0 (Linux; Android 6.0.1; Nexus 5X Build/MMB29P) AppleWebKit/537.36 (KHTML, like Gecko) Chrome/137.0.7151.103 Mobile Safari/537.36 (compatible; GoogleOther)"
66.249.73.236 - - [15/Jul/2025:12:42:04 +0000] "GET /?e=58256981101000&mod=43e4e6a6&uri=products.php%3Fid%3D1944065-234%26name%3Dgosche+kaschmir+pullover HTTP/1.1" 200 39874 "-" "Mozilla/5.0 (Linux; Android 6.0.1; Nexus 5X Build/MMB29P) AppleWebKit/537.36 (KHTML, like Gecko) Chrome/137.0.7151.103 Mobile Safari/537.36 (compatible; Googlebot/2.1; +http://www.google.com/bot.html)"
66.249.73.234 - - [15/Jul/2025:12:42:05 +0000] "GET /?e=58124488111000&mod=b4d22bb5&uri=article.php%3Fid%3D1939642-803%26name%3Dbianchi+freccia+celeste HTTP/1.1" 200 39955 "-" "Mozilla/5.0 (Linux; Android 6.0.1; Nexus 5X Build/MMB29P) AppleWebKit/537.36 (KHTML, like Gecko) Chrome/137.0.7151.103 Mobile Safari/537.36 (compatible; Googlebot/2.1; +http://www.google.com/bot.html)"
66.249.73.237 - - [15/Jul/2025:12:42:06 +0000] "POST /get-message-notify HTTP/1.1" 200 40036 "https://cyber-secure.com.au/?e=58244760041000&mod=619205da&uri=form.php%3Fid%3D1943657-233%26name%3Dvaqueros+para+muslos+gordos" "Mozilla/5.0 (Linux; Android 6.0.1; Nexus 5X Build/MMB29P) AppleWebKit/537.36 (KHTML, like Gecko) Chrome/137.0.7151.119 Mobile Safari/537.36 (compatible; Googlebot/2.1; +http://www.google.com/bot.html)"
66.249.73.235 - - [15/Jul/2025:12:42:07 +0000] "GET /?e=58266803041000&mod=b6edc1cd&uri=products.php%3Fid%3D1944394-81%26name%3Dpoltrone+sofa+sconti+70 HTTP/1.1" 200 39948 "-" "Mozilla/5.0 (Linux; Android 6.0.1; Nexus 5X Build/MMB29P) AppleWebKit/537.36 (KHTML, like Gecko) Chrome/137.0.7151.103 Mobile Safari/537.36 (compatible; Googlebot/2.1; +http://www.google.com/bot.html)"
66.249.73.233 - - [15/Jul/2025:12:42:07 +0000] "GET /?e=58124248021000&mod=b4d22bb5&uri=article.php%3Fid%3D1939634-803%26name%3Dktm+exc+150+tpi+2022 HTTP/1.1" 200 39900 "-" "Mozilla/5.0 (Linux; Android 6.0.1; Nexus 5X Build/MMB29P) AppleWebKit/537.36 (KHTML, like Gecko) Chrome/137.0.7151.103 Mobile Safari/537.36 (compatible; Googlebot/2.1; +http://www.google.com/bot.html)"
66.249.73.234 - - [15/Jul/2025:12:42:08 +0000] "GET /?e=58254261091000&mod=b6edc1cd&uri=brands.php%3Fid%3D1943974-81%26name%3Ddivano+eduard+valentini HTTP/1.1" 200 39937 "-" "Mozilla/5.0 (Linux; Android 6.0.1; Nexus 5X Build/MMB29P) AppleWebKit/537.36 (KHTML, like Gecko) Chrome/137.0.7151.103 Mobile Safari/537.36 (compatible; Googlebot/2.1; +http://www.google.com/bot.html)"
66.249.73.235 - - [15/Jul/2025:12:42:09 +0000] "POST /get-message-notify HTTP/1.1" 200 40012 "https://cyber-secure.com.au/?e=58122928041000&mod=b4d22bb5&uri=shared.php%3Fid%3D1939590-803%26name%3Dmerida+one+sixty+2022" "Mozilla/5.0 (Linux; Android 6.0.1; Nexus 5X Build/MMB29P) AppleWebKit/537.36 (KHTML, like Gecko) Chrome/137.0.7151.119 Mobile Safari/537.36 (compatible; Googlebot/2.1; +http://www.google.com/bot.html)"
66.249.73.236 - - [15/Jul/2025:12:42:10 +0000] "GET /item/copyr50955740/ HTTP/1.1" 200 40354 "-" "Mozilla/5.0 (Linux; Android 6.0.1; Nexus 5X Build/MMB29P) AppleWebKit/537.36 (KHTML, like Gecko) Chrome/137.0.7151.103 Mobile Safari/537.36 (compatible; GoogleOther)"
66.249.73.233 - - [15/Jul/2025:12:42:11 +0000] "GET /?e=58122748131000&mod=b4d22bb5&uri=brands.php%3Fid%3D1939584-803%26name%3Dpit+bike+17 HTTP/1.1" 200 40020 "-" "Mozilla/5.0 (Linux; Android 6.0.1; Nexus 5X Build/MMB29P) AppleWebKit/537.36 (KHTML, like Gecko) Chrome/137.0.7151.103 Mobile Safari/537.36 (compatible; Googlebot/2.1; +http://www.google.com/bot.html)"
66.249.73.235 - - [15/Jul/2025:12:42:13 +0000] "GET /item/gray52310836/ HTTP/1.1" 200 39855 "-" "Mozilla/5.0 (Linux; Android 6.0.1; Nexus 5X Build/MMB29P) AppleWebKit/537.36 (KHTML, like Gecko) Chrome/137.0.7151.103 Mobile Safari/537.36 (compatible; GoogleOther)"
66.249.73.235 - - [15/Jul/2025:12:42:14 +0000] "GET /?e=58257595041000&mod=b6edc1cd&uri=article.php%3Fid%3D1944086-81%26name%3Dofferte+poltrone+relax+elettriche HTTP/1.1" 200 39996 "-" "Mozilla/5.0 (Linux; Android 6.0.1; Nexus 5X Build/MMB29P) AppleWebKit/537.36 (KHTML, like Gecko) Chrome/137.0.7151.103 Mobile Safari/537.36 (compatible; Googlebot/2.1; +http://www.google.com/bot.html)"
66.249.73.233 - - [15/Jul/2025:12:42:15 +0000] "GET /?e=58123138051000&mod=b4d22bb5&uri=article.php%3Fid%3D1939597-803%26name%3Dextender+kenevo HTTP/1.1" 200 39880 "-" "Mozilla/5.0 (Linux; Android 6.0.1; Nexus 5X Build/MMB29P) AppleWebKit/537.36 (KHTML, like Gecko) Chrome/137.0.7151.103 Mobile Safari/537.36 (compatible; Googlebot/2.1; +http://www.google.com/bot.html)"
66.249.73.234 - - [15/Jul/2025:12:42:16 +0000] "GET /?e=58254881001000&mod=43e4e6a6&uri=us.php%3Fid%3D1943995-234%26name%3Dprimark+jacke+kariert HTTP/1.1" 200 39903 "-" "Mozilla/5.0 (Linux; Android 6.0.1; Nexus 5X Build/MMB29P) AppleWebKit/537.36 (KHTML, like Gecko) Chrome/137.0.7151.103 Mobile Safari/537.36 (compatible; Googlebot/2.1; +http://www.google.com/bot.html)"
66.249.73.234 - - [15/Jul/2025:12:42:17 +0000] "POST /get-message-notify HTTP/1.1" 200 40007 "https://cyber-secure.com.au/?e=58247430001000&mod=619205da&uri=form.php%3Fid%3D1943746-233%26name%3Dchristian+dior+playeras" "Mozilla/5.0 (Linux; Android 6.0.1; Nexus 5X Build/MMB29P) AppleWebKit/537.36 (KHTML, like Gecko) Chrome/137.0.7151.119 Mobile Safari/537.36 (compatible; Googlebot/2.1; +http://www.google.com/bot.html)"
66.249.73.234 - - [15/Jul/2025:12:42:18 +0000] "GET /?e=98228685061000&mod=9ee70b79&uri=news.php%3Fid%3D3278152-437%26name%3Dcrocs+for+healthcare+workers+reddit HTTP/1.1" 200 39948 "-" "Mozilla/5.0 (Linux; Android 6.0.1; Nexus 5X Build/MMB29P) AppleWebKit/537.36 (KHTML, like Gecko) Chrome/137.0.7151.103 Mobile Safari/537.36 (compatible; GoogleOther)"
66.249.73.234 - - [15/Jul/2025:12:42:18 +0000] "GET /?e=58258645061000&mod=b6edc1cd&uri=goods.php%3Fid%3D1944121-81%26name%3Dsedie+impilabili+trasparenti HTTP/1.1" 200 39895 "-" "Mozilla/5.0 (Linux; Android 6.0.1; Nexus 5X Build/MMB29P) AppleWebKit/537.36 (KHTML, like Gecko) Chrome/137.0.7151.103 Mobile Safari/537.36 (compatible; Googlebot/2.1; +http://www.google.com/bot.html)"
66.249.73.234 - - [15/Jul/2025:12:42:19 +0000] "GET /?e=58266195031000&mod=b6edc1cd&uri=blog.php%3Fid%3D1944373-81%26name%3Dikea+letto+ripiegabile HTTP/1.1" 200 39974 "-" "Mozilla/5.0 (Linux; Android 6.0.1; Nexus 5X Build/MMB29P) AppleWebKit/537.36 (KHTML, like Gecko) Chrome/137.0.7151.103 Mobile Safari/537.36 (compatible; Googlebot/2.1; +http://www.google.com/bot.html)"
66.249.73.235 - - [15/Jul/2025:12:42:20 +0000] "GET /?e=58123108041000&mod=b4d22bb5&uri=dp.php%3Fid%3D1939596-803%26name%3Dhonda+vfr+800+2009 HTTP/1.1" 200 39990 "-" "Mozilla/5.0 (Linux; Android 6.0.1; Nexus 5X Build/MMB29P) AppleWebKit/537.36 (KHTML, like Gecko) Chrome/137.0.7151.103 Mobile Safari/537.36 (compatible; Googlebot/2.1; +http://www.google.com/bot.html)"
66.249.73.235 - - [15/Jul/2025:12:42:20 +0000] "POST /get-message-notify HTTP/1.1" 200 39983 "https://cyber-secure.com.au/?e=58123138051000&mod=b4d22bb5&uri=article.php%3Fid%3D1939597-803%26name%3Dextender+kenevo" "Mozilla/5.0 (Linux; Android 6.0.1; Nexus 5X Build/MMB29P) AppleWebKit/537.36 (KHTML, like Gecko) Chrome/137.0.7151.119 Mobile Safari/537.36 (compatible; Googlebot/2.1; +http://www.google.com/bot.html)"
66.249.73.233 - - [15/Jul/2025:12:42:21 +0000] "GET /item/kit81839935/ HTTP/1.1" 200 40793 "-" "Mozilla/5.0 (Linux; Android 6.0.1; Nexus 5X Build/MMB29P) AppleWebKit/537.36 (KHTML, like Gecko) Chrome/137.0.7151.103 Mobile Safari/537.36 (compatible; GoogleOther)"
66.249.73.233 - - [15/Jul/2025:12:42:22 +0000] "POST /get-message-notify HTTP/1.1" 200 40061 "https://cyber-secure.com.au/?e=58244940011000&mod=43e4e6a6&uri=itm.php%3Fid%3D1943663-234%26name%3Dfleece+jacke+kariert+damen" "Mozilla/5.0 (Linux; Android 6.0.1; Nexus 5X Build/MMB29P) AppleWebKit/537.36 (KHTML, like Gecko) Chrome/137.0.7151.119 Mobile Safari/537.36 (compatible; Googlebot/2.1; +http://www.google.com/bot.html)"
66.249.73.233 - - [15/Jul/2025:12:42:23 +0000] "GET /?e=58261793011000&mod=b6edc1cd&uri=product.php%3Fid%3D1944226-81%26name%3Dpoltrone+sofarm+recensioni HTTP/1.1" 200 39905 "-" "Mozilla/5.0 (Linux; Android 6.0.1; Nexus 5X Build/MMB29P) AppleWebKit/537.36 (KHTML, like Gecko) Chrome/137.0.7151.103 Mobile Safari/537.36 (compatible; Googlebot/2.1; +http://www.google.com/bot.html)"
66.249.73.233 - - [15/Jul/2025:12:42:24 +0000] "POST /get-message-notify HTTP/1.1" 200 40063 "https://cyber-secure.com.au/item/gestu72794302/" "Mozilla/5.0 (Linux; Android 6.0.1; Nexus 5X Build/MMB29P) AppleWebKit/537.36 (KHTML, like Gecko) Chrome/137.0.7151.119 Mobile Safari/537.36 (compatible; Googlebot/2.1; +http://www.google.com/bot.html)"
66.249.73.233 - - [15/Jul/2025:12:42:25 +0000] "GET /item/subdi20061937/ HTTP/1.1" 200 39937 "-" "Mozilla/5.0 (Linux; Android 6.0.1; Nexus 5X Build/MMB29P) AppleWebKit/537.36 (KHTML, like Gecko) Chrome/137.0.7151.103 Mobile Safari/537.36 (compatible; GoogleOther)"
66.249.73.234 - - [15/Jul/2025:12:42:27 +0000] "GET /?e=58122628041000&mod=b4d22bb5&uri=itm.php%3Fid%3D1939580-803%26name%3Dkona+operator+cr+29 HTTP/1.1" 200 40003 "-" "Mozilla/5.0 (Linux; Android 6.0.1; Nexus 5X Build/MMB29P) AppleWebKit/537.36 (KHTML, like Gecko) Chrome/137.0.7151.103 Mobile Safari/537.36 (compatible; Googlebot/2.1; +http://www.google.com/bot.html)"
66.249.73.235 - - [15/Jul/2025:12:42:28 +0000] "GET /?e=58259693061000&mod=b6edc1cd&uri=info.php%3Fid%3D1944156-81%26name%3Dpoltrone+a+basso+prezzo HTTP/1.1" 200 40024 "-" "Mozilla/5.0 (Linux; Android 6.0.1; Nexus 5X Build/MMB29P) AppleWebKit/537.36 (KHTML, like Gecko) Chrome/137.0.7151.103 Mobile Safari/537.36 (compatible; Googlebot/2.1; +http://www.google.com/bot.html)"
66.249.73.234 - - [15/Jul/2025:12:42:28 +0000] "GET /?e=58123558031000&mod=b4d22bb5&uri=brands.php%3Fid%3D1939611-803%26name%3Dfizik+antares+versus+evo+adaptive+r1 HTTP/1.1" 200 40075 "-" "Mozilla/5.0 (Linux; Android 6.0.1; Nexus 5X Build/MMB29P) AppleWebKit/537.36 (KHTML, like Gecko) Chrome/137.0.7151.103 Mobile Safari/537.36 (compatible; Googlebot/2.1; +http://www.google.com/bot.html)"
66.249.73.235 - - [15/Jul/2025:12:42:29 +0000] "GET /item/livel32676794/ HTTP/1.1" 200 39988 "-" "Mozilla/5.0 (Linux; Android 6.0.1; Nexus 5X Build/MMB29P) AppleWebKit/537.36 (KHTML, like Gecko) Chrome/137.0.7151.103 Mobile Safari/537.36 (compatible; GoogleOther)"
66.249.73.233 - - [15/Jul/2025:12:42:30 +0000] "GET /?e=58260323071000&mod=b6edc1cd&uri=shared.php%3Fid%3D1944177-81%26name%3Dsedia+lucienne+con+cuscino HTTP/1.1" 200 39970 "-" "Mozilla/5.0 (Linux; Android 6.0.1; Nexus 5X Build/MMB29P) AppleWebKit/537.36 (KHTML, like Gecko) Chrome/137.0.7151.103 Mobile Safari/537.36 (compatible; Googlebot/2.1; +http://www.google.com/bot.html)"
66.249.73.233 - - [15/Jul/2025:12:42:31 +0000] "GET /?e=58124008001000&mod=b4d22bb5&uri=us.php%3Fid%3D1939626-803%26name%3Dcf+moto+650gt HTTP/1.1" 200 39944 "-" "Mozilla/5.0 (Linux; Android 6.0.1; Nexus 5X Build/MMB29P) AppleWebKit/537.36 (KHTML, like Gecko) Chrome/137.0.7151.103 Mobile Safari/537.36 (compatible; Googlebot/2.1; +http://www.google.com/bot.html)"
66.249.73.235 - - [15/Jul/2025:12:42:32 +0000] "GET /?e=58123798031000&mod=b4d22bb5&uri=goods.php%3Fid%3D1939619-803%26name%3Dafrica+twin+crf+1100l HTTP/1.1" 200 40008 "-" "Mozilla/5.0 (Linux; Android 6.0.1; Nexus 5X Build/MMB29P) AppleWebKit/537.36 (KHTML, like Gecko) Chrome/137.0.7151.103 Mobile Safari/537.36 (compatible; Googlebot/2.1; +http://www.google.com/bot.html)"
66.249.73.235 - - [15/Jul/2025:12:42:32 +0000] "GET /?e=24411855031000&mod=b4d22bb5&uri=itm.php%3Fid%3D814793-803%26name%3Dbici+bamboo+vendita HTTP/1.1" 200 39875 "-" "Mozilla/5.0 (Linux; Android 6.0.1; Nexus 5X Build/MMB29P) AppleWebKit/537.36 (KHTML, like Gecko) Chrome/137.0.7151.103 Mobile Safari/537.36 (compatible; GoogleOther)"
66.249.73.236 - - [15/Jul/2025:12:42:33 +0000] "GET /?e=58123198071000&mod=b4d22bb5&uri=info.php%3Fid%3D1939599-803%26name%3De+bike+mate+x HTTP/1.1" 200 39987 "-" "Mozilla/5.0 (Linux; Android 6.0.1; Nexus 5X Build/MMB29P) AppleWebKit/537.36 (KHTML, like Gecko) Chrome/137.0.7151.103 Mobile Safari/537.36 (compatible; Googlebot/2.1; +http://www.google.com/bot.html)"
66.249.73.235 - - [15/Jul/2025:12:42:34 +0000] "GET /?e=58254681031000&mod=43e4e6a6&uri=goods.php%3Fid%3D1943988-234%26name%3Dixs+motorradjacke+damen+textil HTTP/1.1" 200 39898 "-" "Mozilla/5.0 (Linux; Android 6.0.1; Nexus 5X Build/MMB29P) AppleWebKit/537.36 (KHTML, like Gecko) Chrome/137.0.7151.103 Mobile Safari/537.36 (compatible; Googlebot/2.1; +http://www.google.com/bot.html)"
66.249.73.235 - - [15/Jul/2025:12:42:35 +0000] "GET /?e=58124578041000&mod=b4d22bb5&uri=form.php%3Fid%3D1939645-803%26name%3Dktm+709+adventure HTTP/1.1" 200 39936 "-" "Mozilla/5.0 (Linux; Android 6.0.1; Nexus 5X Build/MMB29P) AppleWebKit/537.36 (KHTML, like Gecko) Chrome/137.0.7151.103 Mobile Safari/537.36 (compatible; Googlebot/2.1; +http://www.google.com/bot.html)"
66.249.73.234 - - [15/Jul/2025:12:42:35 +0000] "GET /?e=58257805081000&mod=b6edc1cd&uri=category-info.php%3Fid%3D1944093-81%26name%3Dsamoa+divani+showroom HTTP/1.1" 200 39985 "-" "Mozilla/5.0 (Linux; Android 6.0.1; Nexus 5X Build/MMB29P) AppleWebKit/537.36 (KHTML, like Gecko) Chrome/137.0.7151.103 Mobile Safari/537.36 (compatible; Googlebot/2.1; +http://www.google.com/bot.html)"
66.249.73.235 - - [15/Jul/2025:12:42:36 +0000] "GET /item/punis82928807/ HTTP/1.1" 200 40150 "-" "Mozilla/5.0 (Linux; Android 6.0.1; Nexus 5X Build/MMB29P) AppleWebKit/537.36 (KHTML, like Gecko) Chrome/137.0.7151.103 Mobile Safari/537.36 (compatible; GoogleOther)"
66.249.73.233 - - [15/Jul/2025:12:42:37 +0000] "GET /?e=58113178091000&mod=960fe54b&uri=brands.php%3Fid%3D1939265-953%26name%3Dnasal+pillow+headgear HTTP/1.1" 200 39999 "-" "Mozilla/5.0 (Linux; Android 6.0.1; Nexus 5X Build/MMB29P) AppleWebKit/537.36 (KHTML, like Gecko) Chrome/137.0.7151.103 Mobile Safari/537.36 (compatible; Googlebot/2.1; +http://www.google.com/bot.html)"
66.249.73.236 - - [15/Jul/2025:12:42:38 +0000] "POST /get-message-notify HTTP/1.1" 200 40017 "https://cyber-secure.com.au/?e=58124008001000&mod=b4d22bb5&uri=us.php%3Fid%3D1939626-803%26name%3Dcf+moto+650gt" "Mozilla/5.0 (Linux; Android 6.0.1; Nexus 5X Build/MMB29P) AppleWebKit/537.36 (KHTML, like Gecko) Chrome/137.0.7151.119 Mobile Safari/537.36 (compatible; Googlebot/2.1; +http://www.google.com/bot.html)"
66.249.73.233 - - [15/Jul/2025:12:42:39 +0000] "GET /?e=58123858051000&mod=b4d22bb5&uri=us.php%3Fid%3D1939621-803%26name%3Dbici+be+cruiser HTTP/1.1" 200 39903 "-" "Mozilla/5.0 (Linux; Android 6.0.1; Nexus 5X Build/MMB29P) AppleWebKit/537.36 (KHTML, like Gecko) Chrome/137.0.7151.103 Mobile Safari/537.36 (compatible; Googlebot/2.1; +http://www.google.com/bot.html)"
66.249.73.234 - - [15/Jul/2025:12:42:40 +0000] "GET /item/sauce51017684/ HTTP/1.1" 200 39960 "-" "Mozilla/5.0 (Linux; Android 6.0.1; Nexus 5X Build/MMB29P) AppleWebKit/537.36 (KHTML, like Gecko) Chrome/137.0.7151.103 Mobile Safari/537.36 (compatible; GoogleOther)"
66.249.73.236 - - [15/Jul/2025:12:42:41 +0000] "POST /get-message-notify HTTP/1.1" 200 40011 "https://cyber-secure.com.au/?e=58254261091000&mod=b6edc1cd&uri=brands.php%3Fid%3D1943974-81%26name%3Ddivano+eduard+valentini" "Mozilla/5.0 (Linux; Android 6.0.1; Nexus 5X Build/MMB29P) AppleWebKit/537.36 (KHTML, like Gecko) Chrome/137.0.7151.119 Mobile Safari/537.36 (compatible; Googlebot/2.1; +http://www.google.com/bot.html)"
209.74.77.214 - - [15/Jul/2025:12:42:41 +0000] "POST /wp-cron.php?doing_wp_cron=1752583361.7721021175384521484375 HTTP/1.1" 200 - "-" "WordPress/6.8.1; https://cyber-secure.com.au"
198.98.54.226 - - [15/Jul/2025:12:42:41 +0000] "POST /wp-login.php HTTP/1.1" 200 5662 "-" "Mozilla/5.0 (Macintosh; Intel Mac OS X 10_9_4) AppleWebKit/537.36 (KHTML, like Gecko) Chrome/35.0.1916.153 Safari/537.36"
209.74.77.214 - - [15/Jul/2025:12:42:41 +0000] "POST /wp-admin/admin-ajax.php?action=async_litespeed&nonce=Xf3jFcpcaGxypUpBasYbt5pPNtDBeBQn&litespeed_type=imgoptm HTTP/1.1" 200 21 "-" "WordPress/6.8.1; https://cyber-secure.com.au"
66.249.73.233 - - [15/Jul/2025:12:42:41 +0000] "POST /get-message-notify HTTP/1.1" 200 40092 "https://cyber-secure.com.au/?e=58260323071000&mod=b6edc1cd&uri=shared.php%3Fid%3D1944177-81%26name%3Dsedia+lucienne+con+cuscino" "Mozilla/5.0 (Linux; Android 6.0.1; Nexus 5X Build/MMB29P) AppleWebKit/537.36 (KHTML, like Gecko) Chrome/137.0.7151.119 Mobile Safari/537.36 (compatible; Googlebot/2.1; +http://www.google.com/bot.html)"
66.249.73.235 - - [15/Jul/2025:12:42:42 +0000] "GET /?e=58122538011000&mod=b4d22bb5&uri=news.php%3Fid%3D1939577-803%26name%3Dterra+argo+fizik HTTP/1.1" 200 39962 "-" "Mozilla/5.0 (Linux; Android 6.0.1; Nexus 5X Build/MMB29P) AppleWebKit/537.36 (KHTML, like Gecko) Chrome/137.0.7151.103 Mobile Safari/537.36 (compatible; Googlebot/2.1; +http://www.google.com/bot.html)"
66.249.73.233 - - [15/Jul/2025:12:42:43 +0000] "GET /?e=58259903031000&mod=43e4e6a6&uri=search.php%3Fid%3D1944163-234%26name%3Dsportjacke+damen+h%26m HTTP/1.1" 200 40039 "-" "Mozilla/5.0 (Linux; Android 6.0.1; Nexus 5X Build/MMB29P) AppleWebKit/537.36 (KHTML, like Gecko) Chrome/137.0.7151.103 Mobile Safari/537.36 (compatible; Googlebot/2.1; +http://www.google.com/bot.html)"
66.249.73.237 - - [15/Jul/2025:12:42:44 +0000] "GET /?e=5943251031000&mod=7de32147&uri=search.php%3Fid%3D198467-344%26name%3Dhole+shoelace+length HTTP/1.1" 200 39824 "-" "Mozilla/5.0 (Linux; Android 6.0.1; Nexus 5X Build/MMB29P) AppleWebKit/537.36 (KHTML, like Gecko) Chrome/137.0.7151.103 Mobile Safari/537.36 (compatible; Googlebot/2.1; +http://www.google.com/bot.html)"
66.249.73.237 - - [15/Jul/2025:12:42:44 +0000] "GET /?e=58265775091000&mod=b6edc1cd&uri=pin.php%3Fid%3D1944359-81%26name%3Dpoltrone+in+promozione HTTP/1.1" 200 40000 "-" "Mozilla/5.0 (Linux; Android 6.0.1; Nexus 5X Build/MMB29P) AppleWebKit/537.36 (KHTML, like Gecko) Chrome/137.0.7151.103 Mobile Safari/537.36 (compatible; Googlebot/2.1; +http://www.google.com/bot.html)"
66.249.73.234 - - [15/Jul/2025:12:42:45 +0000] "GET /?e=58140418071000&mod=b4d22bb5&uri=article.php%3Fid%3D1940173-803%26name%3Dgiant+defy+prezzo HTTP/1.1" 200 39924 "-" "Mozilla/5.0 (Linux; Android 6.0.1; Nexus 5X Build/MMB29P) AppleWebKit/537.36 (KHTML, like Gecko) Chrome/137.0.7151.103 Mobile Safari/537.36 (compatible; GoogleOther)"
66.249.73.234 - - [15/Jul/2025:12:42:46 +0000] "POST /get-message-notify HTTP/1.1" 200 40062 "https://cyber-secure.com.au/?e=58123858051000&mod=b4d22bb5&uri=us.php%3Fid%3D1939621-803%26name%3Dbici+be+cruiser" "Mozilla/5.0 (Linux; Android 6.0.1; Nexus 5X Build/MMB29P) AppleWebKit/537.36 (KHTML, like Gecko) Chrome/137.0.7151.119 Mobile Safari/537.36 (compatible; Googlebot/2.1; +http://www.google.com/bot.html)"
66.249.73.237 - - [15/Jul/2025:12:42:47 +0000] "GET /?e=58124698031000&mod=b4d22bb5&uri=itm.php%3Fid%3D1939649-803%26name%3Dpit+bike+targate HTTP/1.1" 200 39898 "-" "Mozilla/5.0 (Linux; Android 6.0.1; Nexus 5X Build/MMB29P) AppleWebKit/537.36 (KHTML, like Gecko) Chrome/137.0.7151.103 Mobile Safari/537.36 (compatible; Googlebot/2.1; +http://www.google.com/bot.html)"
66.249.73.233 - - [15/Jul/2025:12:42:47 +0000] "GET /?e=58255091021000&mod=43e4e6a6&uri=itm.php%3Fid%3D1944002-234%26name%3Dfox+softshell+jacke HTTP/1.1" 200 39921 "-" "Mozilla/5.0 (Linux; Android 6.0.1; Nexus 5X Build/MMB29P) AppleWebKit/537.36 (KHTML, like Gecko) Chrome/137.0.7151.103 Mobile Safari/537.36 (compatible; Googlebot/2.1; +http://www.google.com/bot.html)"
66.249.73.238 - - [15/Jul/2025:12:42:48 +0000] "GET /?e=58263675091000&mod=b6edc1cd&uri=info.php%3Fid%3D1944289-81%26name%3Dmondo+convenienza+divano+ecopelle HTTP/1.1" 200 40043 "-" "Mozilla/5.0 (Linux; Android 6.0.1; Nexus 5X Build/MMB29P) AppleWebKit/537.36 (KHTML, like Gecko) Chrome/137.0.7151.103 Mobile Safari/537.36 (compatible; Googlebot/2.1; +http://www.google.com/bot.html)"
66.249.73.236 - - [15/Jul/2025:12:42:49 +0000] "GET /?e=58123378011000&mod=b4d22bb5&uri=info.php%3Fid%3D1939605-803%26name%3Dpit+bike+profive HTTP/1.1" 200 39995 "-" "Mozilla/5.0 (Linux; Android 6.0.1; Nexus 5X Build/MMB29P) AppleWebKit/537.36 (KHTML, like Gecko) Chrome/137.0.7151.103 Mobile Safari/537.36 (compatible; Googlebot/2.1; +http://www.google.com/bot.html)"
66.249.73.234 - - [15/Jul/2025:12:42:49 +0000] "GET /?e=58258435041000&mod=a3ec6dd8&uri=category-info.php%3Fid%3D1944114-410%26name%3Dcostruire+kamishibai+legno HTTP/1.1" 200 39892 "-" "Mozilla/5.0 (Linux; Android 6.0.1; Nexus 5X Build/MMB29P) AppleWebKit/537.36 (KHTML, like Gecko) Chrome/137.0.7151.103 Mobile Safari/537.36 (compatible; Googlebot/2.1; +http://www.google.com/bot.html)"
66.249.73.236 - - [15/Jul/2025:12:42:50 +0000] "GET /?e=45633030051000&mod=b4d22bb5&uri=itm.php%3Fid%3D1522909-803%26name%3Dbici+da+corsa+tropix HTTP/1.1" 200 39888 "-" "Mozilla/5.0 (Linux; Android 6.0.1; Nexus 5X Build/MMB29P) AppleWebKit/537.36 (KHTML, like Gecko) Chrome/137.0.7151.103 Mobile Safari/537.36 (compatible; GoogleOther)"
66.249.73.238 - - [15/Jul/2025:12:42:51 +0000] "POST /get-message-notify HTTP/1.1" 200 40001 "https://cyber-secure.com.au/?e=58113178091000&mod=960fe54b&uri=brands.php%3Fid%3D1939265-953%26name%3Dnasal+pillow+headgear" "Mozilla/5.0 (Linux; Android 6.0.1; Nexus 5X Build/MMB29P) AppleWebKit/537.36 (KHTML, like Gecko) Chrome/137.0.7151.119 Mobile Safari/537.36 (compatible; Googlebot/2.1; +http://www.google.com/bot.html)"
66.249.73.238 - - [15/Jul/2025:12:42:52 +0000] "GET /?e=58123888061000&mod=b4d22bb5&uri=shared.php%3Fid%3D1939622-803%26name%3Dmate+bike+city+plus HTTP/1.1" 200 39873 "-" "Mozilla/5.0 (Linux; Android 6.0.1; Nexus 5X Build/MMB29P) AppleWebKit/537.36 (KHTML, like Gecko) Chrome/137.0.7151.103 Mobile Safari/537.36 (compatible; Googlebot/2.1; +http://www.google.com/bot.html)"
66.249.73.224 - - [15/Jul/2025:12:42:53 +0000] "GET /?e=58265145031000&mod=b6edc1cd&uri=form.php%3Fid%3D1944338-81%26name%3Ddivano+letto+kubic HTTP/1.1" 200 39833 "-" "Mozilla/5.0 (Linux; Android 6.0.1; Nexus 5X Build/MMB29P) AppleWebKit/537.36 (KHTML, like Gecko) Chrome/137.0.7151.103 Mobile Safari/537.36 (compatible; Googlebot/2.1; +http://www.google.com/bot.html)"
66.249.73.237 - - [15/Jul/2025:12:42:53 +0000] "POST /get-message-notify HTTP/1.1" 200 39966 "https://cyber-secure.com.au/?e=58255091021000&mod=43e4e6a6&uri=itm.php%3Fid%3D1944002-234%26name%3Dfox+softshell+jacke" "Mozilla/5.0 (Linux; Android 6.0.1; Nexus 5X Build/MMB29P) AppleWebKit/537.36 (KHTML, like Gecko) Chrome/137.0.7151.119 Mobile Safari/537.36 (compatible; Googlebot/2.1; +http://www.google.com/bot.html)"
66.249.73.236 - - [15/Jul/2025:12:42:54 +0000] "GET /item/headq21089913/ HTTP/1.1" 200 40171 "-" "Mozilla/5.0 (Linux; Android 6.0.1; Nexus 5X Build/MMB29P) AppleWebKit/537.36 (KHTML, like Gecko) Chrome/137.0.7151.103 Mobile Safari/537.36 (compatible; GoogleOther)"
66.249.73.238 - - [15/Jul/2025:12:42:55 +0000] "POST /get-message-notify HTTP/1.1" 200 40147 "https://cyber-secure.com.au/?e=58123888061000&mod=b4d22bb5&uri=shared.php%3Fid%3D1939622-803%26name%3Dmate+bike+city+plus" "Mozilla/5.0 (Linux; Android 6.0.1; Nexus 5X Build/MMB29P) AppleWebKit/537.36 (KHTML, like Gecko) Chrome/137.0.7151.119 Mobile Safari/537.36 (compatible; Googlebot/2.1; +http://www.google.com/bot.html)"
66.249.73.237 - - [15/Jul/2025:12:42:57 +0000] "GET /item/frog52016796/ HTTP/1.1" 200 40427 "-" "Mozilla/5.0 (Linux; Android 6.0.1; Nexus 5X Build/MMB29P) AppleWebKit/537.36 (KHTML, like Gecko) Chrome/137.0.7151.103 Mobile Safari/537.36 (compatible; GoogleOther)"
66.249.73.238 - - [15/Jul/2025:12:42:58 +0000] "GET /?e=58262417071000&mod=b6edc1cd&uri=category-info.php%3Fid%3D1944247-81%26name%3Dletto+hemnes+singolo+ikea HTTP/1.1" 200 39980 "-" "Mozilla/5.0 (Linux; Android 6.0.1; Nexus 5X Build/MMB29P) AppleWebKit/537.36 (KHTML, like Gecko) Chrome/137.0.7151.103 Mobile Safari/537.36 (compatible; Googlebot/2.1; +http://www.google.com/bot.html)"
66.249.73.233 - - [15/Jul/2025:12:43:00 +0000] "GET /item/box82296175/ HTTP/1.1" 200 40637 "-" "Mozilla/5.0 (Linux; Android 6.0.1; Nexus 5X Build/MMB29P) AppleWebKit/537.36 (KHTML, like Gecko) Chrome/137.0.7151.103 Mobile Safari/537.36 (compatible; GoogleOther)"
51.222.253.17 - - [15/Jul/2025:12:43:01 +0000] "GET /?e=104037957011000&mod=281715ca&uri=us.php%3Fid%3D3472022-701%26name%3Dbasket+newfeel+decathlon+femme HTTP/1.1" 301 - "-" "Mozilla/5.0 (compatible; AhrefsBot/7.0; +http://ahrefs.com/robot/)"
66.249.73.234 - - [15/Jul/2025:12:43:03 +0000] "GET /?e=58123438061000&mod=b4d22bb5&uri=category-info.php%3Fid%3D1939607-803%26name%3Dgasgas+125+enduro HTTP/1.1" 200 40053 "-" "Mozilla/5.0 (Linux; Android 6.0.1; Nexus 5X Build/MMB29P) AppleWebKit/537.36 (KHTML, like Gecko) Chrome/137.0.7151.103 Mobile Safari/537.36 (compatible; Googlebot/2.1; +http://www.google.com/bot.html)"
66.249.73.233 - - [15/Jul/2025:12:43:04 +0000] "GET /item/elega10602048/ HTTP/1.1" 200 40117 "-" "Mozilla/5.0 (Linux; Android 6.0.1; Nexus 5X Build/MMB29P) AppleWebKit/537.36 (KHTML, like Gecko) Chrome/137.0.7151.103 Mobile Safari/537.36 (compatible; GoogleOther)"
66.249.73.233 - - [15/Jul/2025:12:43:04 +0000] "GET /?e=34652672011000&mod=c255c052&uri=pin.php%3Fid%3D1156587-387%26name%3Dpull+up+and+leg+lift+station HTTP/1.1" 200 39924 "-" "Mozilla/5.0 (Linux; Android 6.0.1; Nexus 5X Build/MMB29P) AppleWebKit/537.36 (KHTML, like Gecko) Chrome/137.0.7151.103 Mobile Safari/537.36 (compatible; Googlebot/2.1; +http://www.google.com/bot.html)"
66.249.73.235 - - [15/Jul/2025:12:43:07 +0000] "GET /item/plain50480532/ HTTP/1.1" 200 40078 "-" "Mozilla/5.0 (Linux; Android 6.0.1; Nexus 5X Build/MMB29P) AppleWebKit/537.36 (KHTML, like Gecko) Chrome/137.0.7151.103 Mobile Safari/537.36 (compatible; GoogleOther)"
66.249.73.234 - - [15/Jul/2025:12:43:10 +0000] "GET /?e=58124398051000&mod=b4d22bb5&uri=search.php%3Fid%3D1939639-803%26name%3Dfat+bike+22 HTTP/1.1" 200 39981 "-" "Mozilla/5.0 (Linux; Android 6.0.1; Nexus 5X Build/MMB29P) AppleWebKit/537.36 (KHTML, like Gecko) Chrome/137.0.7151.103 Mobile Safari/537.36 (compatible; Googlebot/2.1; +http://www.google.com/bot.html)"
66.249.73.235 - - [15/Jul/2025:12:43:11 +0000] "GET /?e=119600740061000&mod=000e82a9&uri=dp.php%3Fid%3D3991443-1161%26name%3Dair+max+97+we HTTP/1.1" 200 40034 "-" "Mozilla/5.0 (Linux; Android 6.0.1; Nexus 5X Build/MMB29P) AppleWebKit/537.36 (KHTML, like Gecko) Chrome/137.0.7151.103 Mobile Safari/537.36 (compatible; GoogleOther)"
66.249.73.235 - - [15/Jul/2025:12:43:11 +0000] "GET /?e=23914354051000&mod=b4d22bb5&uri=brands.php%3Fid%3D798195-803%26name%3Dgiant+tcr+2021+colori HTTP/1.1" 200 39955 "-" "Mozilla/5.0 (Linux; Android 6.0.1; Nexus 5X Build/MMB29P) AppleWebKit/537.36 (KHTML, like Gecko) Chrome/137.0.7151.103 Mobile Safari/537.36 (compatible; Googlebot/2.1; +http://www.google.com/bot.html)"
66.249.73.235 - - [15/Jul/2025:12:43:12 +0000] "GET /?e=58109458051000&mod=d733a202&uri=goods.php%3Fid%3D1939141-1013%26name%3Dthe+north+face+purple+label+fleece HTTP/1.1" 200 39820 "-" "Mozilla/5.0 (Linux; Android 6.0.1; Nexus 5X Build/MMB29P) AppleWebKit/537.36 (KHTML, like Gecko) Chrome/137.0.7151.103 Mobile Safari/537.36 (compatible; Googlebot/2.1; +http://www.google.com/bot.html)"
66.249.73.234 - - [15/Jul/2025:12:43:14 +0000] "GET /item/seek11829752/ HTTP/1.1" 200 40305 "-" "Mozilla/5.0 (Linux; Android 6.0.1; Nexus 5X Build/MMB29P) AppleWebKit/537.36 (KHTML, like Gecko) Chrome/137.0.7151.103 Mobile Safari/537.36 (compatible; GoogleOther)"
66.249.73.235 - - [15/Jul/2025:12:43:15 +0000] "GET /?e=58260953081000&mod=b6edc1cd&uri=blog.php%3Fid%3D1944198-81%26name%3Dgronlid+divano+angolare HTTP/1.1" 200 39961 "-" "Mozilla/5.0 (Linux; Android 6.0.1; Nexus 5X Build/MMB29P) AppleWebKit/537.36 (KHTML, like Gecko) Chrome/137.0.7151.103 Mobile Safari/537.36 (compatible; Googlebot/2.1; +http://www.google.com/bot.html)"
66.249.73.234 - - [15/Jul/2025:12:43:16 +0000] "GET /?e=58124608001000&mod=b4d22bb5&uri=news.php%3Fid%3D1939646-803%26name%3Dsherco+300+2014 HTTP/1.1" 200 40009 "-" "Mozilla/5.0 (Linux; Android 6.0.1; Nexus 5X Build/MMB29P) AppleWebKit/537.36 (KHTML, like Gecko) Chrome/137.0.7151.103 Mobile Safari/537.36 (compatible; Googlebot/2.1; +http://www.google.com/bot.html)"
66.249.73.233 - - [15/Jul/2025:12:43:17 +0000] "GET /item/prett70704582/ HTTP/1.1" 200 40628 "-" "Mozilla/5.0 (Linux; Android 6.0.1; Nexus 5X Build/MMB29P) AppleWebKit/537.36 (KHTML, like Gecko) Chrome/137.0.7151.103 Mobile Safari/537.36 (compatible; GoogleOther)"
66.249.73.233 - - [15/Jul/2025:12:43:20 +0000] "GET /?e=58124188041000&mod=b4d22bb5&uri=article.php%3Fid%3D1939632-803%26name%3Dkenovo+2021 HTTP/1.1" 200 39842 "-" "Mozilla/5.0 (Linux; Android 6.0.1; Nexus 5X Build/MMB29P) AppleWebKit/537.36 (KHTML, like Gecko) Chrome/137.0.7151.103 Mobile Safari/537.36 (compatible; Googlebot/2.1; +http://www.google.com/bot.html)"
66.249.73.234 - - [15/Jul/2025:12:43:21 +0000] "GET /item/spons70670150/ HTTP/1.1" 200 39842 "-" "Mozilla/5.0 (Linux; Android 6.0.1; Nexus 5X Build/MMB29P) AppleWebKit/537.36 (KHTML, like Gecko) Chrome/137.0.7151.103 Mobile Safari/537.36 (compatible; GoogleOther)"
66.249.73.233 - - [15/Jul/2025:12:43:22 +0000] "GET /?e=58122988011000&mod=b4d22bb5&uri=search.php%3Fid%3D1939592-803%26name%3Dplug+and+play+rubbee HTTP/1.1" 200 39931 "-" "Mozilla/5.0 (Linux; Android 6.0.1; Nexus 5X Build/MMB29P) AppleWebKit/537.36 (KHTML, like Gecko) Chrome/137.0.7151.103 Mobile Safari/537.36 (compatible; Googlebot/2.1; +http://www.google.com/bot.html)"
66.249.73.234 - - [15/Jul/2025:12:43:23 +0000] "GET /?e=58254051021000&mod=43e4e6a6&uri=dp.php%3Fid%3D1943967-234%26name%3Dmotorradjacke+damen+54 HTTP/1.1" 200 39930 "-" "Mozilla/5.0 (Linux; Android 6.0.1; Nexus 5X Build/MMB29P) AppleWebKit/537.36 (KHTML, like Gecko) Chrome/137.0.7151.103 Mobile Safari/537.36 (compatible; Googlebot/2.1; +http://www.google.com/bot.html)"
66.249.73.233 - - [15/Jul/2025:12:43:23 +0000] "GET /?e=58265565021000&mod=b6edc1cd&uri=shared.php%3Fid%3D1944352-81%26name%3Dspasso+divani+e+divani HTTP/1.1" 200 39995 "-" "Mozilla/5.0 (Linux; Android 6.0.1; Nexus 5X Build/MMB29P) AppleWebKit/537.36 (KHTML, like Gecko) Chrome/137.0.7151.103 Mobile Safari/537.36 (compatible; Googlebot/2.1; +http://www.google.com/bot.html)"
66.249.73.233 - - [15/Jul/2025:12:43:25 +0000] "GET /item/bored20893577/ HTTP/1.1" 200 39834 "-" "Mozilla/5.0 (Linux; Android 6.0.1; Nexus 5X Build/MMB29P) AppleWebKit/537.36 (KHTML, like Gecko) Chrome/137.0.7151.103 Mobile Safari/537.36 (compatible; GoogleOther)"
66.249.73.233 - - [15/Jul/2025:12:43:25 +0000] "GET /?e=58187414041000&mod=da11e8cd&uri=info.php%3Fid%3D1941744-128%26name%3Damla+juice+amazon HTTP/1.1" 200 39933 "-" "Mozilla/5.0 (Linux; Android 6.0.1; Nexus 5X Build/MMB29P) AppleWebKit/537.36 (KHTML, like Gecko) Chrome/137.0.7151.103 Mobile Safari/537.36 (compatible; Googlebot/2.1; +http://www.google.com/bot.html)"
66.249.73.234 - - [15/Jul/2025:12:43:26 +0000] "GET /?e=58123498051000&mod=b4d22bb5&uri=brands.php%3Fid%3D1939609-803%26name%3Dnoleggio+bici+mottolino HTTP/1.1" 200 39957 "-" "Mozilla/5.0 (Linux; Android 6.0.1; Nexus 5X Build/MMB29P) AppleWebKit/537.36 (KHTML, like Gecko) Chrome/137.0.7151.103 Mobile Safari/537.36 (compatible; Googlebot/2.1; +http://www.google.com/bot.html)"
66.249.73.233 - - [15/Jul/2025:12:43:26 +0000] "POST /get-message-notify HTTP/1.1" 200 40001 "https://cyber-secure.com.au/?e=58254051021000&mod=43e4e6a6&uri=dp.php%3Fid%3D1943967-234%26name%3Dmotorradjacke+damen+54" "Mozilla/5.0 (Linux; Android 6.0.1; Nexus 5X Build/MMB29P) AppleWebKit/537.36 (KHTML, like Gecko) Chrome/137.0.7151.119 Mobile Safari/537.36 (compatible; Googlebot/2.1; +http://www.google.com/bot.html)"
66.249.73.234 - - [15/Jul/2025:12:43:28 +0000] "GET /?e=58123408051000&mod=b4d22bb5&uri=shared.php%3Fid%3D1939606-803%26name%3Dscott+spark+700+sl+2016 HTTP/1.1" 200 39970 "-" "Mozilla/5.0 (Linux; Android 6.0.1; Nexus 5X Build/MMB29P) AppleWebKit/537.36 (KHTML, like Gecko) Chrome/137.0.7151.103 Mobile Safari/537.36 (compatible; Googlebot/2.1; +http://www.google.com/bot.html)"
66.249.73.233 - - [15/Jul/2025:12:43:28 +0000] "POST /get-message-notify HTTP/1.1" 200 40103 "https://cyber-secure.com.au/?e=58258435041000&mod=a3ec6dd8&uri=category-info.php%3Fid%3D1944114-410%26name%3Dcostruire+kamishibai+legno" "Mozilla/5.0 (Linux; Android 6.0.1; Nexus 5X Build/MMB29P) AppleWebKit/537.36 (KHTML, like Gecko) Chrome/137.0.7151.119 Mobile Safari/537.36 (compatible; Googlebot/2.1; +http://www.google.com/bot.html)"
