66.249.73.234 - - [15/Jul/2025:12:26:49 +0000] "GET /?e=119651173001000&mod=b73dfe25&uri=shared.php%3Fid%3D3993126-62%26name%3Dapple+watch+not+pairing+to+new+phone HTTP/1.1" 200 39977 "-" "Mozilla/5.0 (Linux; Android 6.0.1; Nexus 5X Build/MMB29P) AppleWebKit/537.36 (KHTML, like Gecko) Chrome/137.0.7151.103 Mobile Safari/537.36 (compatible; Googlebot/2.1; +http://www.google.com/bot.html)"
66.249.73.235 - - [15/Jul/2025:12:26:54 +0000] "GET /?e=119660893081000&mod=d19544ae&uri=product.php%3Fid%3D3993450-465%26name%3Dnike+p6+silver+blue HTTP/1.1" 200 39995 "-" "Mozilla/5.0 (Linux; Android 6.0.1; Nexus 5X Build/MMB29P) AppleWebKit/537.36 (KHTML, like Gecko) Chrome/137.0.7151.103 Mobile Safari/537.36 (compatible; Googlebot/2.1; +http://www.google.com/bot.html)"
66.249.73.235 - - [15/Jul/2025:12:26:54 +0000] "GET /item/nearb52961604/ HTTP/1.1" 200 39830 "-" "Mozilla/5.0 (Linux; Android 6.0.1; Nexus 5X Build/MMB29P) AppleWebKit/537.36 (KHTML, like Gecko) Chrome/137.0.7151.103 Mobile Safari/537.36 (compatible; GoogleOther)"
66.249.73.234 - - [15/Jul/2025:12:26:55 +0000] "GET /?e=119654773041000&mod=d19544ae&uri=blog.php%3Fid%3D3993246-465%26name%3Dred+wing+8138+moc+toe HTTP/1.1" 200 39920 "-" "Mozilla/5.0 (Linux; Android 6.0.1; Nexus 5X Build/MMB29P) AppleWebKit/537.36 (KHTML, like Gecko) Chrome/137.0.7151.103 Mobile Safari/537.36 (compatible; Googlebot/2.1; +http://www.google.com/bot.html)"
66.249.73.237 - - [15/Jul/2025:12:26:57 +0000] "POST /get-message-notify HTTP/1.1" 200 40084 "https://cyber-secure.com.au/?e=119660893081000&mod=d19544ae&uri=product.php%3Fid%3D3993450-465%26name%3Dnike+p6+silver+blue" "Mozilla/5.0 (Linux; Android 6.0.1; Nexus 5X Build/MMB29P) AppleWebKit/537.36 (KHTML, like Gecko) Chrome/137.0.7151.119 Mobile Safari/537.36 (compatible; Googlebot/2.1; +http://www.google.com/bot.html)"
66.249.73.236 - - [15/Jul/2025:12:27:00 +0000] "GET /?e=119653333041000&mod=b73dfe25&uri=article.php%3Fid%3D3993198-62%26name%3Dis+there+a+way+to+find+a+dead+apple+watch HTTP/1.1" 200 39916 "-" "Mozilla/5.0 (Linux; Android 6.0.1; Nexus 5X Build/MMB29P) AppleWebKit/537.36 (KHTML, like Gecko) Chrome/137.0.7151.103 Mobile Safari/537.36 (compatible; Googlebot/2.1; +http://www.google.com/bot.html)"
66.249.73.236 - - [15/Jul/2025:12:27:01 +0000] "GET /?e=119662873001000&mod=ee0b86d2&uri=search.php%3Fid%3D3993516-466%26name%3Dbest+women%27s+rain+boots+218 HTTP/1.1" 200 39882 "-" "Mozilla/5.0 (Linux; Android 6.0.1; Nexus 5X Build/MMB29P) AppleWebKit/537.36 (KHTML, like Gecko) Chrome/137.0.7151.103 Mobile Safari/537.36 (compatible; Googlebot/2.1; +http://www.google.com/bot.html)"
66.249.73.235 - - [15/Jul/2025:12:27:02 +0000] "GET /item/favou31530586/ HTTP/1.1" 200 40264 "-" "Mozilla/5.0 (Linux; Android 6.0.1; Nexus 5X Build/MMB29P) AppleWebKit/537.36 (KHTML, like Gecko) Chrome/137.0.7151.103 Mobile Safari/537.36 (compatible; GoogleOther)"
66.249.73.235 - - [15/Jul/2025:12:27:05 +0000] "POST /get-message-notify HTTP/1.1" 200 40062 "https://cyber-secure.com.au/?e=119656573001000&mod=ee0b86d2&uri=products.php%3Fid%3D3993306-466%26name%3Dstone+suede+ankle+boots" "Mozilla/5.0 (Linux; Android 6.0.1; Nexus 5X Build/MMB29P) AppleWebKit/537.36 (KHTML, like Gecko) Chrome/137.0.7151.119 Mobile Safari/537.36 (compatible; Googlebot/2.1; +http://www.google.com/bot.html)"
66.249.73.235 - - [15/Jul/2025:12:27:05 +0000] "POST /get-message-notify HTTP/1.1" 200 40103 "https://cyber-secure.com.au/?e=119651713001000&mod=a9b7ba70&uri=news.php%3Fid%3D3993144-100%26name%3Dtoy+watch+sale" "Mozilla/5.0 (Linux; Android 6.0.1; Nexus 5X Build/MMB29P) AppleWebKit/537.36 (KHTML, like Gecko) Chrome/137.0.7151.119 Mobile Safari/537.36 (compatible; Googlebot/2.1; +http://www.google.com/bot.html)"
66.249.73.234 - - [15/Jul/2025:12:27:06 +0000] "GET /item/threa30849226/ HTTP/1.1" 200 40175 "-" "Mozilla/5.0 (Linux; Android 6.0.1; Nexus 5X Build/MMB29P) AppleWebKit/537.36 (KHTML, like Gecko) Chrome/137.0.7151.103 Mobile Safari/537.36 (compatible; GoogleOther)"
66.249.73.234 - - [15/Jul/2025:12:27:10 +0000] "GET /item/cathe11747528/ HTTP/1.1" 200 40098 "-" "Mozilla/5.0 (Linux; Android 6.0.1; Nexus 5X Build/MMB29P) AppleWebKit/537.36 (KHTML, like Gecko) Chrome/137.0.7151.103 Mobile Safari/537.36 (compatible; GoogleOther)"
66.249.73.234 - - [15/Jul/2025:12:27:10 +0000] "GET /?e=119658193001000&mod=ee0b86d2&uri=shop.php%3Fid%3D3993360-466%26name%3Dwestern+wear+belts HTTP/1.1" 200 40007 "-" "Mozilla/5.0 (Linux; Android 6.0.1; Nexus 5X Build/MMB29P) AppleWebKit/537.36 (KHTML, like Gecko) Chrome/137.0.7151.103 Mobile Safari/537.36 (compatible; Googlebot/2.1; +http://www.google.com/bot.html)"
66.249.73.234 - - [15/Jul/2025:12:27:11 +0000] "POST /get-message-notify HTTP/1.1" 200 39906 "https://cyber-secure.com.au/?e=119653333041000&mod=b73dfe25&uri=article.php%3Fid%3D3993198-62%26name%3Dis+there+a+way+to+find+a+dead+apple+watch" "Mozilla/5.0 (Linux; Android 6.0.1; Nexus 5X Build/MMB29P) AppleWebKit/537.36 (KHTML, like Gecko) Chrome/137.0.7151.119 Mobile Safari/537.36 (compatible; Googlebot/2.1; +http://www.google.com/bot.html)"
66.249.73.234 - - [15/Jul/2025:12:27:12 +0000] "GET /?e=119658013001000&mod=ee0b86d2&uri=itm.php%3Fid%3D3993354-466%26name%3Dkanna+suede+boots HTTP/1.1" 200 39925 "-" "Mozilla/5.0 (Linux; Android 6.0.1; Nexus 5X Build/MMB29P) AppleWebKit/537.36 (KHTML, like Gecko) Chrome/137.0.7151.103 Mobile Safari/537.36 (compatible; Googlebot/2.1; +http://www.google.com/bot.html)"
66.249.73.234 - - [15/Jul/2025:12:27:15 +0000] "GET /item/consi11609432/ HTTP/1.1" 200 39770 "-" "Mozilla/5.0 (Linux; Android 6.0.1; Nexus 5X Build/MMB29P) AppleWebKit/537.36 (KHTML, like Gecko) Chrome/137.0.7151.103 Mobile Safari/537.36 (compatible; GoogleOther)"
66.249.73.234 - - [15/Jul/2025:12:27:16 +0000] "GET /?e=119652253001000&mod=ee0b86d2&uri=category-info.php%3Fid%3D3993162-466%26name%3Dwomens+size+11+ankle+rain+boots HTTP/1.1" 200 39944 "-" "Mozilla/5.0 (Linux; Android 6.0.1; Nexus 5X Build/MMB29P) AppleWebKit/537.36 (KHTML, like Gecko) Chrome/137.0.7151.103 Mobile Safari/537.36 (compatible; Googlebot/2.1; +http://www.google.com/bot.html)"
66.249.73.233 - - [15/Jul/2025:12:27:18 +0000] "GET /?e=98228685061000&mod=9ee70b79&uri=news.php%3Fid%3D3278152-437%26name%3Dcrocs+for+healthcare+workers+reddit HTTP/1.1" 200 40000 "-" "Mozilla/5.0 (Linux; Android 6.0.1; Nexus 5X Build/MMB29P) AppleWebKit/537.36 (KHTML, like Gecko) Chrome/137.0.7151.103 Mobile Safari/537.36 (compatible; Googlebot/2.1; +http://www.google.com/bot.html)"
66.249.73.233 - - [15/Jul/2025:12:27:19 +0000] "GET /?e=119658553021000&mod=d19544ae&uri=products.php%3Fid%3D3993372-465%26name%3D9s+inspired+heels HTTP/1.1" 200 39994 "-" "Mozilla/5.0 (Linux; Android 6.0.1; Nexus 5X Build/MMB29P) AppleWebKit/537.36 (KHTML, like Gecko) Chrome/137.0.7151.103 Mobile Safari/537.36 (compatible; Googlebot/2.1; +http://www.google.com/bot.html)"
66.249.73.233 - - [15/Jul/2025:12:27:20 +0000] "GET /item/ploug32851586/ HTTP/1.1" 200 40425 "-" "Mozilla/5.0 (Linux; Android 6.0.1; Nexus 5X Build/MMB29P) AppleWebKit/537.36 (KHTML, like Gecko) Chrome/137.0.7151.103 Mobile Safari/537.36 (compatible; GoogleOther)"
66.249.73.234 - - [15/Jul/2025:12:27:21 +0000] "POST /get-message-notify HTTP/1.1" 200 40079 "https://cyber-secure.com.au/?e=98228685061000&mod=9ee70b79&uri=news.php%3Fid%3D3278152-437%26name%3Dcrocs+for+healthcare+workers+reddit" "Mozilla/5.0 (Linux; Android 6.0.1; Nexus 5X Build/MMB29P) AppleWebKit/537.36 (KHTML, like Gecko) Chrome/137.0.7151.119 Mobile Safari/537.36 (compatible; Googlebot/2.1; +http://www.google.com/bot.html)"
66.249.73.234 - - [15/Jul/2025:12:27:23 +0000] "GET /?e=119652073091000&mod=ee0b86d2&uri=blog.php%3Fid%3D3993156-466%26name%3Dgizeh+soft+footbed+metallic+anthracite HTTP/1.1" 200 39896 "-" "Mozilla/5.0 (Linux; Android 6.0.1; Nexus 5X Build/MMB29P) AppleWebKit/537.36 (KHTML, like Gecko) Chrome/137.0.7151.103 Mobile Safari/537.36 (compatible; Googlebot/2.1; +http://www.google.com/bot.html)"
66.249.73.234 - - [15/Jul/2025:12:27:25 +0000] "GET /?e=119661253001000&mod=ee0b86d2&uri=shop.php%3Fid%3D3993462-466%26name%3Dboot+toe+protector+walmart HTTP/1.1" 200 39947 "-" "Mozilla/5.0 (Linux; Android 6.0.1; Nexus 5X Build/MMB29P) AppleWebKit/537.36 (KHTML, like Gecko) Chrome/137.0.7151.103 Mobile Safari/537.36 (compatible; Googlebot/2.1; +http://www.google.com/bot.html)"
66.249.73.233 - - [15/Jul/2025:12:27:26 +0000] "GET /item/push21320697/ HTTP/1.1" 200 40083 "-" "Mozilla/5.0 (Linux; Android 6.0.1; Nexus 5X Build/MMB29P) AppleWebKit/537.36 (KHTML, like Gecko) Chrome/137.0.7151.103 Mobile Safari/537.36 (compatible; GoogleOther)"
66.249.73.233 - - [15/Jul/2025:12:27:26 +0000] "GET /?e=119606380091000&mod=000e82a9&uri=products.php%3Fid%3D3991631-1161%26name%3Dno+lace+new+balance HTTP/1.1" 200 39834 "-" "Mozilla/5.0 (Linux; Android 6.0.1; Nexus 5X Build/MMB29P) AppleWebKit/537.36 (KHTML, like Gecko) Chrome/137.0.7151.103 Mobile Safari/537.36 (compatible; Googlebot/2.1; +http://www.google.com/bot.html)"
66.249.73.235 - - [15/Jul/2025:12:27:28 +0000] "GET /?e=119659093001000&mod=ee0b86d2&uri=product.php%3Fid%3D3993390-466%26name%3Dcomposite+toe+guards HTTP/1.1" 200 39948 "-" "Mozilla/5.0 (Linux; Android 6.0.1; Nexus 5X Build/MMB29P) AppleWebKit/537.36 (KHTML, like Gecko) Chrome/137.0.7151.103 Mobile Safari/537.36 (compatible; Googlebot/2.1; +http://www.google.com/bot.html)"
66.249.73.233 - - [15/Jul/2025:12:27:29 +0000] "GET /?e=119653513021000&mod=d19544ae&uri=info.php%3Fid%3D3993204-465%26name%3Dmens+tactical+boots+black HTTP/1.1" 200 39885 "-" "Mozilla/5.0 (Linux; Android 6.0.1; Nexus 5X Build/MMB29P) AppleWebKit/537.36 (KHTML, like Gecko) Chrome/137.0.7151.103 Mobile Safari/537.36 (compatible; Googlebot/2.1; +http://www.google.com/bot.html)"
66.249.73.233 - - [15/Jul/2025:12:27:30 +0000] "GET /item/cook71480414/ HTTP/1.1" 200 39822 "-" "Mozilla/5.0 (Linux; Android 6.0.1; Nexus 5X Build/MMB29P) AppleWebKit/537.36 (KHTML, like Gecko) Chrome/137.0.7151.103 Mobile Safari/537.36 (compatible; GoogleOther)"
66.249.73.235 - - [15/Jul/2025:12:27:32 +0000] "GET /?e=119653153001000&mod=ee0b86d2&uri=us.php%3Fid%3D3993192-466%26name%3Dkhakis+and+cowboy+boots HTTP/1.1" 200 39921 "-" "Mozilla/5.0 (Linux; Android 6.0.1; Nexus 5X Build/MMB29P) AppleWebKit/537.36 (KHTML, like Gecko) Chrome/137.0.7151.103 Mobile Safari/537.36 (compatible; Googlebot/2.1; +http://www.google.com/bot.html)"
66.249.73.233 - - [15/Jul/2025:12:27:34 +0000] "POST /get-message-notify HTTP/1.1" 200 39983 "https://cyber-secure.com.au/?e=119653513021000&mod=d19544ae&uri=info.php%3Fid%3D3993204-465%26name%3Dmens+tactical+boots+black" "Mozilla/5.0 (Linux; Android 6.0.1; Nexus 5X Build/MMB29P) AppleWebKit/537.36 (KHTML, like Gecko) Chrome/137.0.7151.119 Mobile Safari/537.36 (compatible; Googlebot/2.1; +http://www.google.com/bot.html)"
66.249.73.233 - - [15/Jul/2025:12:27:35 +0000] "GET /?e=119656753001000&mod=d19544ae&uri=search.php%3Fid%3D3993312-465%26name%3Dchippewa+1939+original+service+boot HTTP/1.1" 200 39952 "-" "Mozilla/5.0 (Linux; Android 6.0.1; Nexus 5X Build/MMB29P) AppleWebKit/537.36 (KHTML, like Gecko) Chrome/137.0.7151.103 Mobile Safari/537.36 (compatible; Googlebot/2.1; +http://www.google.com/bot.html)"
66.249.73.235 - - [15/Jul/2025:12:27:36 +0000] "GET /item/shake42985595/ HTTP/1.1" 200 40303 "-" "Mozilla/5.0 (Linux; Android 6.0.1; Nexus 5X Build/MMB29P) AppleWebKit/537.36 (KHTML, like Gecko) Chrome/137.0.7151.103 Mobile Safari/537.36 (compatible; GoogleOther)"
66.249.73.234 - - [15/Jul/2025:12:27:38 +0000] "GET /?e=119650813121000&mod=b73dfe25&uri=shared.php%3Fid%3D3993114-62%26name%3Dverizon+wireless+iwatch HTTP/1.1" 200 40052 "-" "Mozilla/5.0 (Linux; Android 6.0.1; Nexus 5X Build/MMB29P) AppleWebKit/537.36 (KHTML, like Gecko) Chrome/137.0.7151.103 Mobile Safari/537.36 (compatible; Googlebot/2.1; +http://www.google.com/bot.html)"
66.249.73.235 - - [15/Jul/2025:12:27:40 +0000] "POST /get-message-notify HTTP/1.1" 200 40064 "https://cyber-secure.com.au/?e=119653153001000&mod=ee0b86d2&uri=us.php%3Fid%3D3993192-466%26name%3Dkhakis+and+cowboy+boots" "Mozilla/5.0 (Linux; Android 6.0.1; Nexus 5X Build/MMB29P) AppleWebKit/537.36 (KHTML, like Gecko) Chrome/137.0.7151.119 Mobile Safari/537.36 (compatible; Googlebot/2.1; +http://www.google.com/bot.html)"
66.249.73.233 - - [15/Jul/2025:12:27:41 +0000] "GET /item/const52802084/ HTTP/1.1" 200 40085 "-" "Mozilla/5.0 (Linux; Android 6.0.1; Nexus 5X Build/MMB29P) AppleWebKit/537.36 (KHTML, like Gecko) Chrome/137.0.7151.103 Mobile Safari/537.36 (compatible; GoogleOther)"
66.249.73.233 - - [15/Jul/2025:12:27:41 +0000] "GET /?e=119653693031000&mod=d19544ae&uri=category-info.php%3Fid%3D3993210-465%26name%3Dmen%27s+half+boot+shoes HTTP/1.1" 200 39899 "-" "Mozilla/5.0 (Linux; Android 6.0.1; Nexus 5X Build/MMB29P) AppleWebKit/537.36 (KHTML, like Gecko) Chrome/137.0.7151.103 Mobile Safari/537.36 (compatible; Googlebot/2.1; +http://www.google.com/bot.html)"
66.249.73.235 - - [15/Jul/2025:12:27:44 +0000] "GET /item/burea22406025/ HTTP/1.1" 200 40117 "-" "Mozilla/5.0 (Linux; Android 6.0.1; Nexus 5X Build/MMB29P) AppleWebKit/537.36 (KHTML, like Gecko) Chrome/137.0.7151.103 Mobile Safari/537.36 (compatible; GoogleOther)"
66.249.73.235 - - [15/Jul/2025:12:27:46 +0000] "GET /?e=119661613001000&mod=d19544ae&uri=article.php%3Fid%3D3993474-465%26name%3Dshoe+size+conversion+36+to+us HTTP/1.1" 200 39880 "-" "Mozilla/5.0 (Linux; Android 6.0.1; Nexus 5X Build/MMB29P) AppleWebKit/537.36 (KHTML, like Gecko) Chrome/137.0.7151.103 Mobile Safari/537.36 (compatible; Googlebot/2.1; +http://www.google.com/bot.html)"
66.249.73.235 - - [15/Jul/2025:12:27:48 +0000] "GET /item/forev10951160/ HTTP/1.1" 200 41013 "-" "Mozilla/5.0 (Linux; Android 6.0.1; Nexus 5X Build/MMB29P) AppleWebKit/537.36 (KHTML, like Gecko) Chrome/137.0.7151.103 Mobile Safari/537.36 (compatible; GoogleOther)"
66.249.73.235 - - [15/Jul/2025:12:27:49 +0000] "GET /?e=119652793021000&mod=ee0b86d2&uri=blog.php%3Fid%3D3993180-466%26name%3Dcowboy+supplies+near+me HTTP/1.1" 200 39858 "-" "Mozilla/5.0 (Linux; Android 6.0.1; Nexus 5X Build/MMB29P) AppleWebKit/537.36 (KHTML, like Gecko) Chrome/137.0.7151.103 Mobile Safari/537.36 (compatible; Googlebot/2.1; +http://www.google.com/bot.html)"
66.249.73.234 - - [15/Jul/2025:12:27:51 +0000] "GET /?e=119600740061000&mod=000e82a9&uri=dp.php%3Fid%3D3991443-1161%26name%3Dair+max+97+we HTTP/1.1" 200 40004 "-" "Mozilla/5.0 (Linux; Android 6.0.1; Nexus 5X Build/MMB29P) AppleWebKit/537.36 (KHTML, like Gecko) Chrome/137.0.7151.103 Mobile Safari/537.36 (compatible; Googlebot/2.1; +http://www.google.com/bot.html)"
66.249.73.236 - - [15/Jul/2025:12:27:51 +0000] "GET /item/lift11401080/ HTTP/1.1" 200 40329 "-" "Mozilla/5.0 (Linux; Android 6.0.1; Nexus 5X Build/MMB29P) AppleWebKit/537.36 (KHTML, like Gecko) Chrome/137.0.7151.103 Mobile Safari/537.36 (compatible; GoogleOther)"
66.249.73.233 - - [15/Jul/2025:12:27:52 +0000] "POST /get-message-notify HTTP/1.1" 200 40133 "https://cyber-secure.com.au/?e=119653693031000&mod=d19544ae&uri=category-info.php%3Fid%3D3993210-465%26name%3Dmen%27s+half+boot+shoes" "Mozilla/5.0 (Linux; Android 6.0.1; Nexus 5X Build/MMB29P) AppleWebKit/537.36 (KHTML, like Gecko) Chrome/137.0.7151.119 Mobile Safari/537.36 (compatible; Googlebot/2.1; +http://www.google.com/bot.html)"
66.249.73.234 - - [15/Jul/2025:12:27:53 +0000] "POST /get-message-notify HTTP/1.1" 200 40065 "https://cyber-secure.com.au/?e=119652793021000&mod=ee0b86d2&uri=blog.php%3Fid%3D3993180-466%26name%3Dcowboy+supplies+near+me" "Mozilla/5.0 (Linux; Android 6.0.1; Nexus 5X Build/MMB29P) AppleWebKit/537.36 (KHTML, like Gecko) Chrome/137.0.7151.119 Mobile Safari/537.36 (compatible; Googlebot/2.1; +http://www.google.com/bot.html)"
66.249.73.236 - - [15/Jul/2025:12:27:53 +0000] "GET /?e=119657473061000&mod=d19544ae&uri=info.php%3Fid%3D3993336-465%26name%3Dmini+skirt+with+ankle+boots HTTP/1.1" 200 39971 "-" "Mozilla/5.0 (Linux; Android 6.0.1; Nexus 5X Build/MMB29P) AppleWebKit/537.36 (KHTML, like Gecko) Chrome/137.0.7151.103 Mobile Safari/537.36 (compatible; Googlebot/2.1; +http://www.google.com/bot.html)"
66.249.73.234 - - [15/Jul/2025:12:27:55 +0000] "GET /item/wound51601260/ HTTP/1.1" 200 39893 "-" "Mozilla/5.0 (Linux; Android 6.0.1; Nexus 5X Build/MMB29P) AppleWebKit/537.36 (KHTML, like Gecko) Chrome/137.0.7151.103 Mobile Safari/537.36 (compatible; GoogleOther)"
66.249.73.235 - - [15/Jul/2025:12:27:57 +0000] "GET /?e=119652973041000&mod=ee0b86d2&uri=shop.php%3Fid%3D3993186-466%26name%3Dwestern+themed+party+outfits HTTP/1.1" 200 39963 "-" "Mozilla/5.0 (Linux; Android 6.0.1; Nexus 5X Build/MMB29P) AppleWebKit/537.36 (KHTML, like Gecko) Chrome/137.0.7151.103 Mobile Safari/537.36 (compatible; Googlebot/2.1; +http://www.google.com/bot.html)"
66.249.73.236 - - [15/Jul/2025:12:27:58 +0000] "GET /item/sent61899917/ HTTP/1.1" 200 40049 "-" "Mozilla/5.0 (Linux; Android 6.0.1; Nexus 5X Build/MMB29P) AppleWebKit/537.36 (KHTML, like Gecko) Chrome/137.0.7151.103 Mobile Safari/537.36 (compatible; GoogleOther)"
66.249.73.234 - - [15/Jul/2025:12:28:00 +0000] "GET /?e=119661973001000&mod=ee0b86d2&uri=brands.php%3Fid%3D3993486-466%26name%3Dcalvin+klein+larissa+booties HTTP/1.1" 200 39930 "-" "Mozilla/5.0 (Linux; Android 6.0.1; Nexus 5X Build/MMB29P) AppleWebKit/537.36 (KHTML, like Gecko) Chrome/137.0.7151.103 Mobile Safari/537.36 (compatible; Googlebot/2.1; +http://www.google.com/bot.html)"
66.249.73.233 - - [15/Jul/2025:12:28:02 +0000] "GET /item/injur32381746/ HTTP/1.1" 200 39836 "-" "Mozilla/5.0 (Linux; Android 6.0.1; Nexus 5X Build/MMB29P) AppleWebKit/537.36 (KHTML, like Gecko) Chrome/137.0.7151.103 Mobile Safari/537.36 (compatible; GoogleOther)"
66.249.73.235 - - [15/Jul/2025:12:28:03 +0000] "GET /?e=97986048091000&mod=9ee70b79&uri=info.php%3Fid%3D3270051-437%26name%3Dphillip+lim+freida+leather+platform+sandals HTTP/1.1" 200 39935 "-" "Mozilla/5.0 (Linux; Android 6.0.1; Nexus 5X Build/MMB29P) AppleWebKit/537.36 (KHTML, like Gecko) Chrome/137.0.7151.103 Mobile Safari/537.36 (compatible; Googlebot/2.1; +http://www.google.com/bot.html)"
66.249.73.234 - - [15/Jul/2025:12:28:08 +0000] "GET /?e=58274328031000&mod=b6edc1cd&uri=blog.php%3Fid%3D1944645-81%26name%3Dsedie+pedrali+volt+prezzo HTTP/1.1" 200 39948 "-" "Mozilla/5.0 (Linux; Android 6.0.1; Nexus 5X Build/MMB29P) AppleWebKit/537.36 (KHTML, like Gecko) Chrome/137.0.7151.103 Mobile Safari/537.36 (compatible; Googlebot/2.1; +http://www.google.com/bot.html)"
66.249.73.234 - - [15/Jul/2025:12:28:10 +0000] "GET /?e=58278383101000&mod=b6edc1cd&uri=info.php%3Fid%3D1944781-81%26name%3Dsgabello+vimini+ikea HTTP/1.1" 200 39942 "-" "Mozilla/5.0 (Linux; Android 6.0.1; Nexus 5X Build/MMB29P) AppleWebKit/537.36 (KHTML, like Gecko) Chrome/137.0.7151.103 Mobile Safari/537.36 (compatible; Googlebot/2.1; +http://www.google.com/bot.html)"
66.249.73.235 - - [15/Jul/2025:12:28:12 +0000] "GET /item/avail82408575/ HTTP/1.1" 200 40364 "-" "Mozilla/5.0 (Linux; Android 6.0.1; Nexus 5X Build/MMB29P) AppleWebKit/537.36 (KHTML, like Gecko) Chrome/137.0.7151.103 Mobile Safari/537.36 (compatible; GoogleOther)"
66.249.73.234 - - [15/Jul/2025:12:28:14 +0000] "POST /get-message-notify HTTP/1.1" 200 39991 "https://cyber-secure.com.au/?e=119652073091000&mod=ee0b86d2&uri=blog.php%3Fid%3D3993156-466%26name%3Dgizeh+soft+footbed+metallic+anthracite" "Mozilla/5.0 (Linux; Android 6.0.1; Nexus 5X Build/MMB29P) AppleWebKit/537.36 (KHTML, like Gecko) Chrome/137.0.7151.119 Mobile Safari/537.36 (compatible; Googlebot/2.1; +http://www.google.com/bot.html)"
66.249.73.233 - - [15/Jul/2025:12:28:17 +0000] "GET /item/mend51805292/ HTTP/1.1" 200 40136 "-" "Mozilla/5.0 (Linux; Android 6.0.1; Nexus 5X Build/MMB29P) AppleWebKit/537.36 (KHTML, like Gecko) Chrome/137.0.7151.103 Mobile Safari/537.36 (compatible; GoogleOther)"
66.249.73.233 - - [15/Jul/2025:12:28:17 +0000] "GET /?e=19705787041000&mod=2b38c2df&uri=pin.php%3Fid%3D657804-115%26name%3Dasos+pantalon+large+homme HTTP/1.1" 200 39921 "-" "Mozilla/5.0 (Linux; Android 6.0.1; Nexus 5X Build/MMB29P) AppleWebKit/537.36 (KHTML, like Gecko) Chrome/137.0.7151.103 Mobile Safari/537.36 (compatible; Googlebot/2.1; +http://www.google.com/bot.html)"
66.249.73.233 - - [15/Jul/2025:12:28:22 +0000] "GET /item/large52745316/ HTTP/1.1" 200 39962 "-" "Mozilla/5.0 (Linux; Android 6.0.1; Nexus 5X Build/MMB29P) AppleWebKit/537.36 (KHTML, like Gecko) Chrome/137.0.7151.103 Mobile Safari/537.36 (compatible; GoogleOther)"
66.249.73.233 - - [15/Jul/2025:12:28:27 +0000] "GET /item/hunge82317527/ HTTP/1.1" 200 39737 "-" "Mozilla/5.0 (Linux; Android 6.0.1; Nexus 5X Build/MMB29P) AppleWebKit/537.36 (KHTML, like Gecko) Chrome/137.0.7151.103 Mobile Safari/537.36 (compatible; GoogleOther)"
66.249.73.233 - - [15/Jul/2025:12:28:29 +0000] "GET /?e=19640701091000&mod=5812f924&uri=article.php%3Fid%3D655634-322%26name%3Dbosch+silence+plus+50+dba+e24 HTTP/1.1" 200 39989 "-" "Mozilla/5.0 (Linux; Android 6.0.1; Nexus 5X Build/MMB29P) AppleWebKit/537.36 (KHTML, like Gecko) Chrome/137.0.7151.103 Mobile Safari/537.36 (compatible; Googlebot/2.1; +http://www.google.com/bot.html)"
66.249.73.233 - - [15/Jul/2025:12:28:31 +0000] "GET /?e=19705367001000&mod=f7cade80&uri=shop.php%3Fid%3D657790-121%26name%3Dsurvet+lacoste+nouvelle+collection HTTP/1.1" 200 39884 "-" "Mozilla/5.0 (Linux; Android 6.0.1; Nexus 5X Build/MMB29P) AppleWebKit/537.36 (KHTML, like Gecko) Chrome/137.0.7151.103 Mobile Safari/537.36 (compatible; Googlebot/2.1; +http://www.google.com/bot.html)"
66.249.73.234 - - [15/Jul/2025:12:28:32 +0000] "GET /item/corri50007276/ HTTP/1.1" 200 40119 "-" "Mozilla/5.0 (Linux; Android 6.0.1; Nexus 5X Build/MMB29P) AppleWebKit/537.36 (KHTML, like Gecko) Chrome/137.0.7151.103 Mobile Safari/537.36 (compatible; GoogleOther)"
66.249.73.233 - - [15/Jul/2025:12:28:36 +0000] "GET /?e=19709766021000&mod=b06b5541&uri=product.php%3Fid%3D657937-248%26name%3Dworld+most+expensive+attar HTTP/1.1" 200 39955 "-" "Mozilla/5.0 (Linux; Android 6.0.1; Nexus 5X Build/MMB29P) AppleWebKit/537.36 (KHTML, like Gecko) Chrome/137.0.7151.103 Mobile Safari/537.36 (compatible; Googlebot/2.1; +http://www.google.com/bot.html)"
66.249.73.234 - - [15/Jul/2025:12:28:37 +0000] "GET /?e=19704737041000&mod=f7cade80&uri=shop.php%3Fid%3D657769-121%26name%3Dschuzz+globule HTTP/1.1" 200 39969 "-" "Mozilla/5.0 (Linux; Android 6.0.1; Nexus 5X Build/MMB29P) AppleWebKit/537.36 (KHTML, like Gecko) Chrome/137.0.7151.103 Mobile Safari/537.36 (compatible; Googlebot/2.1; +http://www.google.com/bot.html)"
66.249.73.233 - - [15/Jul/2025:12:28:37 +0000] "GET /item/hesit72455222/ HTTP/1.1" 200 39849 "-" "Mozilla/5.0 (Linux; Android 6.0.1; Nexus 5X Build/MMB29P) AppleWebKit/537.36 (KHTML, like Gecko) Chrome/137.0.7151.103 Mobile Safari/537.36 (compatible; GoogleOther)"
66.249.73.233 - - [15/Jul/2025:12:28:38 +0000] "GET /?e=19703687091000&mod=a35fe7f7&uri=shared.php%3Fid%3D657734-500%26name%3Dburp+bibs HTTP/1.1" 200 39936 "-" "Mozilla/5.0 (Linux; Android 6.0.1; Nexus 5X Build/MMB29P) AppleWebKit/537.36 (KHTML, like Gecko) Chrome/137.0.7151.103 Mobile Safari/537.36 (compatible; Googlebot/2.1; +http://www.google.com/bot.html)"
66.249.73.233 - - [15/Jul/2025:12:28:40 +0000] "GET /?e=19706837031000&mod=2b38c2df&uri=pin.php%3Fid%3D657839-115%26name%3Done+piece+femme+pyjama HTTP/1.1" 200 39885 "-" "Mozilla/5.0 (Linux; Android 6.0.1; Nexus 5X Build/MMB29P) AppleWebKit/537.36 (KHTML, like Gecko) Chrome/137.0.7151.103 Mobile Safari/537.36 (compatible; Googlebot/2.1; +http://www.google.com/bot.html)"
66.249.73.234 - - [15/Jul/2025:12:28:41 +0000] "GET /?e=64764834131000&mod=62ac9cd1&uri=form.php%3Fid%3D2161248-748%26name%3Dsveglia+con+chiavetta+usb HTTP/1.1" 200 39938 "-" "Mozilla/5.0 (Linux; Android 6.0.1; Nexus 5X Build/MMB29P) AppleWebKit/537.36 (KHTML, like Gecko) Chrome/137.0.7151.103 Mobile Safari/537.36 (compatible; Googlebot/2.1; +http://www.google.com/bot.html)"
66.249.73.233 - - [15/Jul/2025:12:28:42 +0000] "POST /get-message-notify HTTP/1.1" 200 40125 "https://cyber-secure.com.au/?e=19705367001000&mod=f7cade80&uri=shop.php%3Fid%3D657790-121%26name%3Dsurvet+lacoste+nouvelle+collection" "Mozilla/5.0 (Linux; Android 6.0.1; Nexus 5X Build/MMB29P) AppleWebKit/537.36 (KHTML, like Gecko) Chrome/137.0.7151.119 Mobile Safari/537.36 (compatible; Googlebot/2.1; +http://www.google.com/bot.html)"
66.249.73.233 - - [15/Jul/2025:12:28:43 +0000] "GET /item/repet31262986/ HTTP/1.1" 200 39799 "-" "Mozilla/5.0 (Linux; Android 6.0.1; Nexus 5X Build/MMB29P) AppleWebKit/537.36 (KHTML, like Gecko) Chrome/137.0.7151.103 Mobile Safari/537.36 (compatible; GoogleOther)"
66.249.73.233 - - [15/Jul/2025:12:28:43 +0000] "GET /?e=19709556001000&mod=f7cade80&uri=shared.php%3Fid%3D657930-121%26name%3Dchaussures+recyclees HTTP/1.1" 200 40060 "-" "Mozilla/5.0 (Linux; Android 6.0.1; Nexus 5X Build/MMB29P) AppleWebKit/537.36 (KHTML, like Gecko) Chrome/137.0.7151.103 Mobile Safari/537.36 (compatible; Googlebot/2.1; +http://www.google.com/bot.html)"
66.249.73.233 - - [15/Jul/2025:12:28:46 +0000] "GET /item/spend72081550/ HTTP/1.1" 200 39900 "-" "Mozilla/5.0 (Linux; Android 6.0.1; Nexus 5X Build/MMB29P) AppleWebKit/537.36 (KHTML, like Gecko) Chrome/137.0.7151.103 Mobile Safari/537.36 (compatible; GoogleOther)"
66.249.73.234 - - [15/Jul/2025:12:28:51 +0000] "GET /?e=19706627021000&mod=2b38c2df&uri=dp.php%3Fid%3D657832-115%26name%3Dmaillot+brassiere+roxy HTTP/1.1" 200 39885 "-" "Mozilla/5.0 (Linux; Android 6.0.1; Nexus 5X Build/MMB29P) AppleWebKit/537.36 (KHTML, like Gecko) Chrome/137.0.7151.103 Mobile Safari/537.36 (compatible; Googlebot/2.1; +http://www.google.com/bot.html)"
66.249.73.233 - - [15/Jul/2025:12:28:51 +0000] "POST /get-message-notify HTTP/1.1" 200 39936 "https://cyber-secure.com.au/?e=19709766021000&mod=b06b5541&uri=product.php%3Fid%3D657937-248%26name%3Dworld+most+expensive+attar" "Mozilla/5.0 (Linux; Android 6.0.1; Nexus 5X Build/MMB29P) AppleWebKit/537.36 (KHTML, like Gecko) Chrome/137.0.7151.119 Mobile Safari/537.36 (compatible; Googlebot/2.1; +http://www.google.com/bot.html)"
66.249.73.234 - - [15/Jul/2025:12:28:52 +0000] "GET /?e=19709136001000&mod=f7cade80&uri=brands.php%3Fid%3D657916-121%26name%3Dparfum+femme+prix HTTP/1.1" 200 40011 "-" "Mozilla/5.0 (Linux; Android 6.0.1; Nexus 5X Build/MMB29P) AppleWebKit/537.36 (KHTML, like Gecko) Chrome/137.0.7151.103 Mobile Safari/537.36 (compatible; Googlebot/2.1; +http://www.google.com/bot.html)"
66.249.73.234 - - [15/Jul/2025:12:28:53 +0000] "GET /?e=19708716021000&mod=2b38c2df&uri=article.php%3Fid%3D657902-115%26name%3Detam+pyjama+en+satin HTTP/1.1" 200 39905 "-" "Mozilla/5.0 (Linux; Android 6.0.1; Nexus 5X Build/MMB29P) AppleWebKit/537.36 (KHTML, like Gecko) Chrome/137.0.7151.103 Mobile Safari/537.36 (compatible; Googlebot/2.1; +http://www.google.com/bot.html)"
66.249.73.234 - - [15/Jul/2025:12:28:54 +0000] "GET /item/frigh42062051/ HTTP/1.1" 200 39861 "-" "Mozilla/5.0 (Linux; Android 6.0.1; Nexus 5X Build/MMB29P) AppleWebKit/537.36 (KHTML, like Gecko) Chrome/137.0.7151.103 Mobile Safari/537.36 (compatible; GoogleOther)"
66.249.73.235 - - [15/Jul/2025:12:28:55 +0000] "POST /get-message-notify HTTP/1.1" 200 40111 "https://cyber-secure.com.au/item/smell42565395/" "Mozilla/5.0 (Linux; Android 6.0.1; Nexus 5X Build/MMB29P) AppleWebKit/537.36 (KHTML, like Gecko) Chrome/137.0.7151.119 Mobile Safari/537.36 (compatible; Googlebot/2.1; +http://www.google.com/bot.html)"
66.249.73.235 - - [15/Jul/2025:12:28:55 +0000] "GET /?e=19704317071000&mod=2b38c2df&uri=category-info.php%3Fid%3D657755-115%26name%3Dpyjama+short+satin+femme+etam HTTP/1.1" 200 39914 "-" "Mozilla/5.0 (Linux; Android 6.0.1; Nexus 5X Build/MMB29P) AppleWebKit/537.36 (KHTML, like Gecko) Chrome/137.0.7151.103 Mobile Safari/537.36 (compatible; Googlebot/2.1; +http://www.google.com/bot.html)"
66.249.73.234 - - [15/Jul/2025:12:28:57 +0000] "GET /?e=19600894011000&mod=62ac9cd1&uri=us.php%3Fid%3D654306-748%26name%3Dsmartband+tracker HTTP/1.1" 200 40013 "-" "Mozilla/5.0 (Linux; Android 6.0.1; Nexus 5X Build/MMB29P) AppleWebKit/537.36 (KHTML, like Gecko) Chrome/137.0.7151.103 Mobile Safari/537.36 (compatible; Googlebot/2.1; +http://www.google.com/bot.html)"
66.249.73.235 - - [15/Jul/2025:12:28:59 +0000] "POST /get-message-notify HTTP/1.1" 200 40100 "https://cyber-secure.com.au/?e=19709136001000&mod=f7cade80&uri=brands.php%3Fid%3D657916-121%26name%3Dparfum+femme+prix" "Mozilla/5.0 (Linux; Android 6.0.1; Nexus 5X Build/MMB29P) AppleWebKit/537.36 (KHTML, like Gecko) Chrome/137.0.7151.119 Mobile Safari/537.36 (compatible; Googlebot/2.1; +http://www.google.com/bot.html)"
66.249.73.233 - - [15/Jul/2025:12:29:03 +0000] "GET /?e=19704947061000&mod=2b38c2df&uri=blog.php%3Fid%3D657776-115%26name%3Dpantalon+large+homme+carhartt HTTP/1.1" 200 40047 "-" "Mozilla/5.0 (Linux; Android 6.0.1; Nexus 5X Build/MMB29P) AppleWebKit/537.36 (KHTML, like Gecko) Chrome/137.0.7151.103 Mobile Safari/537.36 (compatible; Googlebot/2.1; +http://www.google.com/bot.html)"
66.249.73.233 - - [15/Jul/2025:12:29:03 +0000] "GET /item/ink50940492/ HTTP/1.1" 200 39990 "-" "Mozilla/5.0 (Linux; Android 6.0.1; Nexus 5X Build/MMB29P) AppleWebKit/537.36 (KHTML, like Gecko) Chrome/137.0.7151.103 Mobile Safari/537.36 (compatible; GoogleOther)"
66.249.73.234 - - [15/Jul/2025:12:29:04 +0000] "POST /get-message-notify HTTP/1.1" 200 40070 "https://cyber-secure.com.au/item/repav21394425/" "Mozilla/5.0 (Linux; Android 6.0.1; Nexus 5X Build/MMB29P) AppleWebKit/537.36 (KHTML, like Gecko) Chrome/137.0.7151.119 Mobile Safari/537.36 (compatible; Googlebot/2.1; +http://www.google.com/bot.html)"
66.249.73.235 - - [15/Jul/2025:12:29:05 +0000] "GET /?e=19711444031000&mod=b06b5541&uri=us.php%3Fid%3D657993-248%26name%3Ddenim+attar HTTP/1.1" 200 39876 "-" "Mozilla/5.0 (Linux; Android 6.0.1; Nexus 5X Build/MMB29P) AppleWebKit/537.36 (KHTML, like Gecko) Chrome/137.0.7151.103 Mobile Safari/537.36 (compatible; Googlebot/2.1; +http://www.google.com/bot.html)"
66.249.73.233 - - [15/Jul/2025:12:29:06 +0000] "POST /get-message-notify HTTP/1.1" 200 39974 "https://cyber-secure.com.au/?e=19600894011000&mod=62ac9cd1&uri=us.php%3Fid%3D654306-748%26name%3Dsmartband+tracker" "Mozilla/5.0 (Linux; Android 6.0.1; Nexus 5X Build/MMB29P) AppleWebKit/537.36 (KHTML, like Gecko) Chrome/137.0.7151.119 Mobile Safari/537.36 (compatible; Googlebot/2.1; +http://www.google.com/bot.html)"
66.249.73.234 - - [15/Jul/2025:12:29:08 +0000] "GET /item/compo60860285/ HTTP/1.1" 200 40664 "-" "Mozilla/5.0 (Linux; Android 6.0.1; Nexus 5X Build/MMB29P) AppleWebKit/537.36 (KHTML, like Gecko) Chrome/137.0.7151.103 Mobile Safari/537.36 (compatible; GoogleOther)"
66.249.73.233 - - [15/Jul/2025:12:29:09 +0000] "POST /get-message-notify HTTP/1.1" 200 40083 "https://cyber-secure.com.au/?e=19711444031000&mod=b06b5541&uri=us.php%3Fid%3D657993-248%26name%3Ddenim+attar" "Mozilla/5.0 (Linux; Android 6.0.1; Nexus 5X Build/MMB29P) AppleWebKit/537.36 (KHTML, like Gecko) Chrome/137.0.7151.119 Mobile Safari/537.36 (compatible; Googlebot/2.1; +http://www.google.com/bot.html)"
66.249.73.233 - - [15/Jul/2025:12:29:10 +0000] "GET /?e=19710396081000&mod=f7cade80&uri=category-info.php%3Fid%3D657958-121%26name%3Dla+coste+ricky+regal HTTP/1.1" 200 40012 "-" "Mozilla/5.0 (Linux; Android 6.0.1; Nexus 5X Build/MMB29P) AppleWebKit/537.36 (KHTML, like Gecko) Chrome/137.0.7151.103 Mobile Safari/537.36 (compatible; Googlebot/2.1; +http://www.google.com/bot.html)"
66.249.73.234 - - [15/Jul/2025:12:29:11 +0000] "GET /?e=19702217051000&mod=2b38c2df&uri=us.php%3Fid%3D657685-115%26name%3Dveste+grise+oversize HTTP/1.1" 200 40027 "-" "Mozilla/5.0 (Linux; Android 6.0.1; Nexus 5X Build/MMB29P) AppleWebKit/537.36 (KHTML, like Gecko) Chrome/137.0.7151.103 Mobile Safari/537.36 (compatible; Googlebot/2.1; +http://www.google.com/bot.html)"
66.249.73.233 - - [15/Jul/2025:12:29:12 +0000] "GET /?e=58247790041000&mod=619205da&uri=brands.php%3Fid%3D1943758-233%26name%3Dbikini+leopardo+tanga HTTP/1.1" 200 39887 "-" "Mozilla/5.0 (Linux; Android 6.0.1; Nexus 5X Build/MMB29P) AppleWebKit/537.36 (KHTML, like Gecko) Chrome/137.0.7151.103 Mobile Safari/537.36 (compatible; Googlebot/2.1; +http://www.google.com/bot.html)"
66.249.73.233 - - [15/Jul/2025:12:29:13 +0000] "GET /item/hope60264509/ HTTP/1.1" 200 40153 "-" "Mozilla/5.0 (Linux; Android 6.0.1; Nexus 5X Build/MMB29P) AppleWebKit/537.36 (KHTML, like Gecko) Chrome/137.0.7151.103 Mobile Safari/537.36 (compatible; GoogleOther)"
66.249.73.233 - - [15/Jul/2025:12:29:17 +0000] "POST /get-message-notify HTTP/1.1" 200 39984 "https://cyber-secure.com.au/?e=19702217051000&mod=2b38c2df&uri=us.php%3Fid%3D657685-115%26name%3Dveste+grise+oversize" "Mozilla/5.0 (Linux; Android 6.0.1; Nexus 5X Build/MMB29P) AppleWebKit/537.36 (KHTML, like Gecko) Chrome/137.0.7151.119 Mobile Safari/537.36 (compatible; Googlebot/2.1; +http://www.google.com/bot.html)"
66.249.73.233 - - [15/Jul/2025:12:29:18 +0000] "POST /get-message-notify HTTP/1.1" 200 39969 "https://cyber-secure.com.au/?e=19706837031000&mod=2b38c2df&uri=pin.php%3Fid%3D657839-115%26name%3Done+piece+femme+pyjama" "Mozilla/5.0 (Linux; Android 6.0.1; Nexus 5X Build/MMB29P) AppleWebKit/537.36 (KHTML, like Gecko) Chrome/137.0.7151.119 Mobile Safari/537.36 (compatible; Googlebot/2.1; +http://www.google.com/bot.html)"
66.249.73.234 - - [15/Jul/2025:12:29:18 +0000] "GET /item/paral42675443/ HTTP/1.1" 200 40544 "-" "Mozilla/5.0 (Linux; Android 6.0.1; Nexus 5X Build/MMB29P) AppleWebKit/537.36 (KHTML, like Gecko) Chrome/137.0.7151.103 Mobile Safari/537.36 (compatible; GoogleOther)"
66.249.73.233 - - [15/Jul/2025:12:29:21 +0000] "GET /?e=58241212001000&mod=619205da&uri=shared.php%3Fid%3D1943538-233%26name%3Dcampera+los+pumas+rugby HTTP/1.1" 200 39956 "-" "Mozilla/5.0 (Linux; Android 6.0.1; Nexus 5X Build/MMB29P) AppleWebKit/537.36 (KHTML, like Gecko) Chrome/137.0.7151.103 Mobile Safari/537.36 (compatible; Googlebot/2.1; +http://www.google.com/bot.html)"
66.249.73.233 - - [15/Jul/2025:12:29:22 +0000] "GET /item/die80092583/ HTTP/1.1" 200 39791 "-" "Mozilla/5.0 (Linux; Android 6.0.1; Nexus 5X Build/MMB29P) AppleWebKit/537.36 (KHTML, like Gecko) Chrome/137.0.7151.103 Mobile Safari/537.36 (compatible; GoogleOther)"
66.249.73.234 - - [15/Jul/2025:12:29:25 +0000] "GET /?e=58239292001000&mod=619205da&uri=form.php%3Fid%3D1943474-233%26name%3Dfalda+salida+de+ba%C3%83%C2%B1o HTTP/1.1" 200 39907 "-" "Mozilla/5.0 (Linux; Android 6.0.1; Nexus 5X Build/MMB29P) AppleWebKit/537.36 (KHTML, like Gecko) Chrome/137.0.7151.103 Mobile Safari/537.36 (compatible; Googlebot/2.1; +http://www.google.com/bot.html)"
66.249.73.234 - - [15/Jul/2025:12:29:26 +0000] "GET /item/curve41631643/ HTTP/1.1" 200 39952 "-" "Mozilla/5.0 (Linux; Android 6.0.1; Nexus 5X Build/MMB29P) AppleWebKit/537.36 (KHTML, like Gecko) Chrome/137.0.7151.103 Mobile Safari/537.36 (compatible; GoogleOther)"
66.249.73.233 - - [15/Jul/2025:12:29:27 +0000] "GET /?e=58240372041000&mod=619205da&uri=products.php%3Fid%3D1943510-233%26name%3Dplayeras+marca+express HTTP/1.1" 200 39893 "-" "Mozilla/5.0 (Linux; Android 6.0.1; Nexus 5X Build/MMB29P) AppleWebKit/537.36 (KHTML, like Gecko) Chrome/137.0.7151.103 Mobile Safari/537.36 (compatible; Googlebot/2.1; +http://www.google.com/bot.html)"
66.249.73.234 - - [15/Jul/2025:12:29:28 +0000] "GET /?e=58176625001000&mod=b112ca40&uri=blog.php%3Fid%3D1941384-481%26name%3Ds8+tough+case HTTP/1.1" 200 40035 "-" "Mozilla/5.0 (Linux; Android 6.0.1; Nexus 5X Build/MMB29P) AppleWebKit/537.36 (KHTML, like Gecko) Chrome/137.0.7151.103 Mobile Safari/537.36 (compatible; Googlebot/2.1; +http://www.google.com/bot.html)"
66.249.73.234 - - [15/Jul/2025:12:29:34 +0000] "GET /item/painf41446315/ HTTP/1.1" 200 40014 "-" "Mozilla/5.0 (Linux; Android 6.0.1; Nexus 5X Build/MMB29P) AppleWebKit/537.36 (KHTML, like Gecko) Chrome/137.0.7151.103 Mobile Safari/537.36 (compatible; GoogleOther)"
66.249.73.235 - - [15/Jul/2025:12:29:35 +0000] "GET /?e=58246110081000&mod=43e4e6a6&uri=category-info.php%3Fid%3D1943702-234%26name%3Dhose+ranger+3l+water HTTP/1.1" 200 40067 "-" "Mozilla/5.0 (Linux; Android 6.0.1; Nexus 5X Build/MMB29P) AppleWebKit/537.36 (KHTML, like Gecko) Chrome/137.0.7151.103 Mobile Safari/537.36 (compatible; Googlebot/2.1; +http://www.google.com/bot.html)"
66.249.73.233 - - [15/Jul/2025:12:29:36 +0000] "GET /?e=58242990091000&mod=619205da&uri=news.php%3Fid%3D1943598-233%26name%3Dcalvin+klein+steel+boxer HTTP/1.1" 200 40086 "-" "Mozilla/5.0 (Linux; Android 6.0.1; Nexus 5X Build/MMB29P) AppleWebKit/537.36 (KHTML, like Gecko) Chrome/137.0.7151.103 Mobile Safari/537.36 (compatible; Googlebot/2.1; +http://www.google.com/bot.html)"
66.249.73.233 - - [15/Jul/2025:12:29:38 +0000] "GET /?e=58242172111000&mod=43e4e6a6&uri=product.php%3Fid%3D1943570-234%26name%3Dgucci+pullover+blau+rot HTTP/1.1" 200 39872 "-" "Mozilla/5.0 (Linux; Android 6.0.1; Nexus 5X Build/MMB29P) AppleWebKit/537.36 (KHTML, like Gecko) Chrome/137.0.7151.103 Mobile Safari/537.36 (compatible; Googlebot/2.1; +http://www.google.com/bot.html)"
66.249.73.233 - - [15/Jul/2025:12:29:39 +0000] "GET /item/avenu60697397/ HTTP/1.1" 200 40114 "-" "Mozilla/5.0 (Linux; Android 6.0.1; Nexus 5X Build/MMB29P) AppleWebKit/537.36 (KHTML, like Gecko) Chrome/137.0.7151.103 Mobile Safari/537.36 (compatible; GoogleOther)"
66.249.73.234 - - [15/Jul/2025:12:29:40 +0000] "GET /?e=58247190041000&mod=43e4e6a6&uri=shared.php%3Fid%3D1943738-234%26name%3Darmani+exchange+weste HTTP/1.1" 200 40029 "-" "Mozilla/5.0 (Linux; Android 6.0.1; Nexus 5X Build/MMB29P) AppleWebKit/537.36 (KHTML, like Gecko) Chrome/137.0.7151.103 Mobile Safari/537.36 (compatible; Googlebot/2.1; +http://www.google.com/bot.html)"
66.249.73.233 - - [15/Jul/2025:12:29:41 +0000] "GET /?e=58240252001000&mod=43e4e6a6&uri=category-info.php%3Fid%3D1943506-234%26name%3Dgucci+pullover+herren+billig HTTP/1.1" 200 39976 "-" "Mozilla/5.0 (Linux; Android 6.0.1; Nexus 5X Build/MMB29P) AppleWebKit/537.36 (KHTML, like Gecko) Chrome/137.0.7151.103 Mobile Safari/537.36 (compatible; Googlebot/2.1; +http://www.google.com/bot.html)"
66.249.73.234 - - [15/Jul/2025:12:29:43 +0000] "POST /get-message-notify HTTP/1.1" 200 40020 "https://cyber-secure.com.au/?e=58175575091000&mod=da11e8cd&uri=shop.php%3Fid%3D1941349-128%26name%3Ddabur+real+activ+coconut+water" "Mozilla/5.0 (Linux; Android 6.0.1; Nexus 5X Build/MMB29P) AppleWebKit/537.36 (KHTML, like Gecko) Chrome/137.0.7151.119 Mobile Safari/537.36 (compatible; Googlebot/2.1; +http://www.google.com/bot.html)"
66.249.73.235 - - [15/Jul/2025:12:29:44 +0000] "GET /item/visio51723012/ HTTP/1.1" 200 39873 "-" "Mozilla/5.0 (Linux; Android 6.0.1; Nexus 5X Build/MMB29P) AppleWebKit/537.36 (KHTML, like Gecko) Chrome/137.0.7151.103 Mobile Safari/537.36 (compatible; GoogleOther)"
66.249.73.233 - - [15/Jul/2025:12:29:46 +0000] "GET /?e=58243350061000&mod=43e4e6a6&uri=products.php%3Fid%3D1943610-234%26name%3Dbosmoto+jacke HTTP/1.1" 200 39920 "-" "Mozilla/5.0 (Linux; Android 6.0.1; Nexus 5X Build/MMB29P) AppleWebKit/537.36 (KHTML, like Gecko) Chrome/137.0.7151.103 Mobile Safari/537.36 (compatible; Googlebot/2.1; +http://www.google.com/bot.html)"
66.249.73.235 - - [15/Jul/2025:12:29:47 +0000] "POST /get-message-notify HTTP/1.1" 200 40148 "https://cyber-secure.com.au/?e=58246110081000&mod=43e4e6a6&uri=category-info.php%3Fid%3D1943702-234%26name%3Dhose+ranger+3l+water" "Mozilla/5.0 (Linux; Android 6.0.1; Nexus 5X Build/MMB29P) AppleWebKit/537.36 (KHTML, like Gecko) Chrome/137.0.7151.119 Mobile Safari/537.36 (compatible; Googlebot/2.1; +http://www.google.com/bot.html)"
66.249.73.234 - - [15/Jul/2025:12:29:47 +0000] "POST /get-message-notify HTTP/1.1" 200 40014 "https://cyber-secure.com.au/?e=58242172111000&mod=43e4e6a6&uri=product.php%3Fid%3D1943570-234%26name%3Dgucci+pullover+blau+rot" "Mozilla/5.0 (Linux; Android 6.0.1; Nexus 5X Build/MMB29P) AppleWebKit/537.36 (KHTML, like Gecko) Chrome/137.0.7151.119 Mobile Safari/537.36 (compatible; Googlebot/2.1; +http://www.google.com/bot.html)"
66.249.73.236 - - [15/Jul/2025:12:29:49 +0000] "GET /item/adopt70766518/ HTTP/1.1" 200 41160 "-" "Mozilla/5.0 (Linux; Android 6.0.1; Nexus 5X Build/MMB29P) AppleWebKit/537.36 (KHTML, like Gecko) Chrome/137.0.7151.103 Mobile Safari/537.36 (compatible; GoogleOther)"
66.249.73.234 - - [15/Jul/2025:12:29:50 +0000] "GET /?e=58244550061000&mod=619205da&uri=search.php%3Fid%3D1943650-233%26name%3Dbikinis+parte+de+arriba+camiseta HTTP/1.1" 200 39983 "-" "Mozilla/5.0 (Linux; Android 6.0.1; Nexus 5X Build/MMB29P) AppleWebKit/537.36 (KHTML, like Gecko) Chrome/137.0.7151.103 Mobile Safari/537.36 (compatible; Googlebot/2.1; +http://www.google.com/bot.html)"
66.249.73.234 - - [15/Jul/2025:12:29:51 +0000] "POST /get-message-notify HTTP/1.1" 200 40026 "https://cyber-secure.com.au/item/sulfu50395108/" "Mozilla/5.0 (Linux; Android 6.0.1; Nexus 5X Build/MMB29P) AppleWebKit/537.36 (KHTML, like Gecko) Chrome/137.0.7151.119 Mobile Safari/537.36 (compatible; Googlebot/2.1; +http://www.google.com/bot.html)"
66.249.73.234 - - [15/Jul/2025:12:29:52 +0000] "GET /?e=58244910041000&mod=43e4e6a6&uri=product.php%3Fid%3D1943662-234%26name%3Dnorth+face+daunenweste+herren HTTP/1.1" 200 39900 "-" "Mozilla/5.0 (Linux; Android 6.0.1; Nexus 5X Build/MMB29P) AppleWebKit/537.36 (KHTML, like Gecko) Chrome/137.0.7151.103 Mobile Safari/537.36 (compatible; Googlebot/2.1; +http://www.google.com/bot.html)"
66.249.73.233 - - [15/Jul/2025:12:29:53 +0000] "GET /?e=58239772001000&mod=619205da&uri=brands.php%3Fid%3D1943490-233%26name%3Dpantalones+para+dama+en+drill HTTP/1.1" 200 39953 "-" "Mozilla/5.0 (Linux; Android 6.0.1; Nexus 5X Build/MMB29P) AppleWebKit/537.36 (KHTML, like Gecko) Chrome/137.0.7151.103 Mobile Safari/537.36 (compatible; Googlebot/2.1; +http://www.google.com/bot.html)"
66.249.73.234 - - [15/Jul/2025:12:29:54 +0000] "POST /get-message-notify HTTP/1.1" 200 40010 "https://cyber-secure.com.au/?e=58244550061000&mod=619205da&uri=search.php%3Fid%3D1943650-233%26name%3Dbikinis+parte+de+arriba+camiseta" "Mozilla/5.0 (Linux; Android 6.0.1; Nexus 5X Build/MMB29P) AppleWebKit/537.36 (KHTML, like Gecko) Chrome/137.0.7151.119 Mobile Safari/537.36 (compatible; Googlebot/2.1; +http://www.google.com/bot.html)"
66.249.73.236 - - [15/Jul/2025:12:29:55 +0000] "GET /item/deck21743585/ HTTP/1.1" 200 39912 "-" "Mozilla/5.0 (Linux; Android 6.0.1; Nexus 5X Build/MMB29P) AppleWebKit/537.36 (KHTML, like Gecko) Chrome/137.0.7151.103 Mobile Safari/537.36 (compatible; GoogleOther)"
66.249.73.234 - - [15/Jul/2025:12:29:56 +0000] "POST /get-message-notify HTTP/1.1" 200 40107 "https://cyber-secure.com.au/?e=58239772001000&mod=619205da&uri=brands.php%3Fid%3D1943490-233%26name%3Dpantalones+para+dama+en+drill" "Mozilla/5.0 (Linux; Android 6.0.1; Nexus 5X Build/MMB29P) AppleWebKit/537.36 (KHTML, like Gecko) Chrome/137.0.7151.119 Mobile Safari/537.36 (compatible; Googlebot/2.1; +http://www.google.com/bot.html)"
66.249.73.235 - - [15/Jul/2025:12:30:00 +0000] "GET /item/revis50830276/ HTTP/1.1" 200 40093 "-" "Mozilla/5.0 (Linux; Android 6.0.1; Nexus 5X Build/MMB29P) AppleWebKit/537.36 (KHTML, like Gecko) Chrome/137.0.7151.103 Mobile Safari/537.36 (compatible; GoogleOther)"
66.249.73.235 - - [15/Jul/2025:12:30:03 +0000] "GET /?e=119497763001000&mod=b6edc1cd&uri=pin.php%3Fid%3D3988006-81%26name%3Ddivano+nabuk+elephant HTTP/1.1" 200 39931 "-" "Mozilla/5.0 (Linux; Android 6.0.1; Nexus 5X Build/MMB29P) AppleWebKit/537.36 (KHTML, like Gecko) Chrome/137.0.7151.103 Mobile Safari/537.36 (compatible; GoogleOther)"
66.249.73.235 - - [15/Jul/2025:12:30:04 +0000] "GET /?e=58247430001000&mod=619205da&uri=form.php%3Fid%3D1943746-233%26name%3Dchristian+dior+playeras HTTP/1.1" 200 39899 "-" "Mozilla/5.0 (Linux; Android 6.0.1; Nexus 5X Build/MMB29P) AppleWebKit/537.36 (KHTML, like Gecko) Chrome/137.0.7151.103 Mobile Safari/537.36 (compatible; Googlebot/2.1; +http://www.google.com/bot.html)"
66.249.73.234 - - [15/Jul/2025:12:30:07 +0000] "GET /item/site62130173/ HTTP/1.1" 200 40051 "-" "Mozilla/5.0 (Linux; Android 6.0.1; Nexus 5X Build/MMB29P) AppleWebKit/537.36 (KHTML, like Gecko) Chrome/137.0.7151.103 Mobile Safari/537.36 (compatible; GoogleOther)"
66.249.73.233 - - [15/Jul/2025:12:30:10 +0000] "POST /get-message-notify HTTP/1.1" 200 40013 "https://cyber-secure.com.au/?e=58244910041000&mod=43e4e6a6&uri=product.php%3Fid%3D1943662-234%26name%3Dnorth+face+daunenweste+herren" "Mozilla/5.0 (Linux; Android 6.0.1; Nexus 5X Build/MMB29P) AppleWebKit/537.36 (KHTML, like Gecko) Chrome/137.0.7151.119 Mobile Safari/537.36 (compatible; Googlebot/2.1; +http://www.google.com/bot.html)"
66.249.73.233 - - [15/Jul/2025:12:30:10 +0000] "GET /?e=21517413061000&mod=b112ca40&uri=shared.php%3Fid%3D718240-481%26name%3Dredmi+cover+price HTTP/1.1" 200 39860 "-" "Mozilla/5.0 (Linux; Android 6.0.1; Nexus 5X Build/MMB29P) AppleWebKit/537.36 (KHTML, like Gecko) Chrome/137.0.7151.103 Mobile Safari/537.36 (compatible; Googlebot/2.1; +http://www.google.com/bot.html)"
66.249.73.233 - - [15/Jul/2025:12:30:11 +0000] "GET /item/fund42205995/ HTTP/1.1" 200 40060 "-" "Mozilla/5.0 (Linux; Android 6.0.1; Nexus 5X Build/MMB29P) AppleWebKit/537.36 (KHTML, like Gecko) Chrome/137.0.7151.103 Mobile Safari/537.36 (compatible; GoogleOther)"
66.249.73.233 - - [15/Jul/2025:12:30:12 +0000] "GET /?e=58246230001000&mod=619205da&uri=us.php%3Fid%3D1943706-233%26name%3Dcamperas+de+pe%C3%83%C2%B1arol+puma HTTP/1.1" 200 39862 "-" "Mozilla/5.0 (Linux; Android 6.0.1; Nexus 5X Build/MMB29P) AppleWebKit/537.36 (KHTML, like Gecko) Chrome/137.0.7151.103 Mobile Safari/537.36 (compatible; Googlebot/2.1; +http://www.google.com/bot.html)"
66.249.73.233 - - [15/Jul/2025:12:30:13 +0000] "POST /get-message-notify HTTP/1.1" 200 40013 "https://cyber-secure.com.au/item/knit41991403/" "Mozilla/5.0 (Linux; Android 6.0.1; Nexus 5X Build/MMB29P) AppleWebKit/537.36 (KHTML, like Gecko) Chrome/137.0.7151.119 Mobile Safari/537.36 (compatible; Googlebot/2.1; +http://www.google.com/bot.html)"
66.249.73.233 - - [15/Jul/2025:12:30:13 +0000] "GET /?e=58247310001000&mod=619205da&uri=shared.php%3Fid%3D1943742-233%26name%3Dmetro+ropa+mujer+2021 HTTP/1.1" 200 40003 "-" "Mozilla/5.0 (Linux; Android 6.0.1; Nexus 5X Build/MMB29P) AppleWebKit/537.36 (KHTML, like Gecko) Chrome/137.0.7151.103 Mobile Safari/537.36 (compatible; Googlebot/2.1; +http://www.google.com/bot.html)"
66.249.73.233 - - [15/Jul/2025:12:30:15 +0000] "GET /?e=58214272061000&mod=b112ca40&uri=product.php%3Fid%3D1942640-481%26name%3Dglass+cover+for+samsung+s9 HTTP/1.1" 200 40030 "-" "Mozilla/5.0 (Linux; Android 6.0.1; Nexus 5X Build/MMB29P) AppleWebKit/537.36 (KHTML, like Gecko) Chrome/137.0.7151.103 Mobile Safari/537.36 (compatible; Googlebot/2.1; +http://www.google.com/bot.html)"
66.249.73.233 - - [15/Jul/2025:12:30:16 +0000] "GET /item/proud41809131/ HTTP/1.1" 200 40140 "-" "Mozilla/5.0 (Linux; Android 6.0.1; Nexus 5X Build/MMB29P) AppleWebKit/537.36 (KHTML, like Gecko) Chrome/137.0.7151.103 Mobile Safari/537.36 (compatible; GoogleOther)"
66.249.73.233 - - [15/Jul/2025:12:30:16 +0000] "GET /?e=58248390001000&mod=619205da&uri=category-info.php%3Fid%3D1943778-233%26name%3Decoalf+playeras HTTP/1.1" 200 39927 "-" "Mozilla/5.0 (Linux; Android 6.0.1; Nexus 5X Build/MMB29P) AppleWebKit/537.36 (KHTML, like Gecko) Chrome/137.0.7151.103 Mobile Safari/537.36 (compatible; Googlebot/2.1; +http://www.google.com/bot.html)"
66.249.73.233 - - [15/Jul/2025:12:30:18 +0000] "GET /?e=58245030021000&mod=43e4e6a6&uri=goods.php%3Fid%3D1943666-234%26name%3Driver+island+mantel+kariert HTTP/1.1" 200 39913 "-" "Mozilla/5.0 (Linux; Android 6.0.1; Nexus 5X Build/MMB29P) AppleWebKit/537.36 (KHTML, like Gecko) Chrome/137.0.7151.103 Mobile Safari/537.36 (compatible; Googlebot/2.1; +http://www.google.com/bot.html)"
66.249.73.234 - - [15/Jul/2025:12:30:20 +0000] "GET /?e=58246590041000&mod=619205da&uri=pin.php%3Fid%3D1943718-233%26name%3Dchamarra+hard+rock+cafe HTTP/1.1" 200 39894 "-" "Mozilla/5.0 (Linux; Android 6.0.1; Nexus 5X Build/MMB29P) AppleWebKit/537.36 (KHTML, like Gecko) Chrome/137.0.7151.103 Mobile Safari/537.36 (compatible; Googlebot/2.1; +http://www.google.com/bot.html)"
66.249.73.234 - - [15/Jul/2025:12:30:20 +0000] "GET /item/recha60562237/ HTTP/1.1" 200 40093 "-" "Mozilla/5.0 (Linux; Android 6.0.1; Nexus 5X Build/MMB29P) AppleWebKit/537.36 (KHTML, like Gecko) Chrome/137.0.7151.103 Mobile Safari/537.36 (compatible; GoogleOther)"
66.249.73.234 - - [15/Jul/2025:12:30:21 +0000] "POST /get-message-notify HTTP/1.1" 200 40045 "https://cyber-secure.com.au/?e=58248390001000&mod=619205da&uri=category-info.php%3Fid%3D1943778-233%26name%3Decoalf+playeras" "Mozilla/5.0 (Linux; Android 6.0.1; Nexus 5X Build/MMB29P) AppleWebKit/537.36 (KHTML, like Gecko) Chrome/137.0.7151.119 Mobile Safari/537.36 (compatible; Googlebot/2.1; +http://www.google.com/bot.html)"
66.249.73.233 - - [15/Jul/2025:12:30:23 +0000] "GET /?e=58243230021000&mod=43e4e6a6&uri=category-info.php%3Fid%3D1943606-234%26name%3Dgucci+pullover+164 HTTP/1.1" 200 39895 "-" "Mozilla/5.0 (Linux; Android 6.0.1; Nexus 5X Build/MMB29P) AppleWebKit/537.36 (KHTML, like Gecko) Chrome/137.0.7151.103 Mobile Safari/537.36 (compatible; Googlebot/2.1; +http://www.google.com/bot.html)"
66.249.73.233 - - [15/Jul/2025:12:30:24 +0000] "GET /?e=116397324041000&mod=15134fab&uri=shop.php%3Fid%3D3884590-1348%26name%3Draclette+party+grill HTTP/1.1" 200 39881 "-" "Mozilla/5.0 (Linux; Android 6.0.1; Nexus 5X Build/MMB29P) AppleWebKit/537.36 (KHTML, like Gecko) Chrome/137.0.7151.103 Mobile Safari/537.36 (compatible; Googlebot/2.1; +http://www.google.com/bot.html)"
66.249.73.233 - - [15/Jul/2025:12:30:25 +0000] "GET /item/meek22819865/ HTTP/1.1" 200 40041 "-" "Mozilla/5.0 (Linux; Android 6.0.1; Nexus 5X Build/MMB29P) AppleWebKit/537.36 (KHTML, like Gecko) Chrome/137.0.7151.103 Mobile Safari/537.36 (compatible; GoogleOther)"
66.249.73.233 - - [15/Jul/2025:12:30:28 +0000] "GET /?e=58239532131000&mod=619205da&uri=article.php%3Fid%3D1943482-233%26name%3Dplayeras+con+calaveras+de+marca HTTP/1.1" 200 39925 "-" "Mozilla/5.0 (Linux; Android 6.0.1; Nexus 5X Build/MMB29P) AppleWebKit/537.36 (KHTML, like Gecko) Chrome/137.0.7151.103 Mobile Safari/537.36 (compatible; Googlebot/2.1; +http://www.google.com/bot.html)"
