66.249.73.234 - - [15/Jul/2025:12:48:05 +0000] "GET /?e=58247280051000&mod=43e4e6a6&uri=form.php%3Fid%3D1943741-234%26name%3Dmotorradjacke+damen+gr+38 HTTP/1.1" 200 39871 "-" "Mozilla/5.0 (Linux; Android 6.0.1; Nexus 5X Build/MMB29P) AppleWebKit/537.36 (KHTML, like Gecko) Chrome/137.0.7151.103 Mobile Safari/537.36 (compatible; Googlebot/2.1; +http://www.google.com/bot.html)"
66.249.73.234 - - [15/Jul/2025:12:48:06 +0000] "POST /get-message-notify HTTP/1.1" 200 40109 "https://cyber-secure.com.au/?e=58145657021000&mod=0ebffb73&uri=article.php%3Fid%3D1940348-1347%26name%3Dzapatos+skechers+amazon+ni%C3%83%C2%B1a+verde" "Mozilla/5.0 (Linux; Android 6.0.1; Nexus 5X Build/MMB29P) AppleWebKit/537.36 (KHTML, like Gecko) Chrome/137.0.7151.119 Mobile Safari/537.36 (compatible; Googlebot/2.1; +http://www.google.com/bot.html)"
66.249.73.233 - - [15/Jul/2025:12:48:07 +0000] "POST /get-message-notify HTTP/1.1" 200 40013 "https://cyber-secure.com.au/?e=58156893021000&mod=0ebffb73&uri=products.php%3Fid%3D1940724-1347%26name%3Dadidas+arizona+mercado+libre" "Mozilla/5.0 (Linux; Android 6.0.1; Nexus 5X Build/MMB29P) AppleWebKit/537.36 (KHTML, like Gecko) Chrome/137.0.7151.119 Mobile Safari/537.36 (compatible; Googlebot/2.1; +http://www.google.com/bot.html)"
66.249.73.235 - - [15/Jul/2025:12:48:08 +0000] "GET /item/matur10921904/ HTTP/1.1" 200 40073 "-" "Mozilla/5.0 (Linux; Android 6.0.1; Nexus 5X Build/MMB29P) AppleWebKit/537.36 (KHTML, like Gecko) Chrome/137.0.7151.103 Mobile Safari/537.36 (compatible; GoogleOther)"
66.249.73.235 - - [15/Jul/2025:12:48:09 +0000] "GET /?e=58155663091000&mod=0ebffb73&uri=products.php%3Fid%3D1940683-1347%26name%3Dle+coq+sportif+14+ans+70 HTTP/1.1" 200 39871 "-" "Mozilla/5.0 (Linux; Android 6.0.1; Nexus 5X Build/MMB29P) AppleWebKit/537.36 (KHTML, like Gecko) Chrome/137.0.7151.103 Mobile Safari/537.36 (compatible; Googlebot/2.1; +http://www.google.com/bot.html)"
66.249.73.233 - - [15/Jul/2025:12:48:10 +0000] "GET /?e=58156293001000&mod=b4d22bb5&uri=blog.php%3Fid%3D1940704-803%26name%3Dcity+bike+klass HTTP/1.1" 200 39843 "-" "Mozilla/5.0 (Linux; Android 6.0.1; Nexus 5X Build/MMB29P) AppleWebKit/537.36 (KHTML, like Gecko) Chrome/137.0.7151.103 Mobile Safari/537.36 (compatible; Googlebot/2.1; +http://www.google.com/bot.html)"
66.249.73.235 - - [15/Jul/2025:12:48:11 +0000] "GET /?e=23937173081000&mod=b4d22bb5&uri=brands.php%3Fid%3D798957-803%26name%3Dtechbike+prezzo HTTP/1.1" 200 39931 "-" "Mozilla/5.0 (Linux; Android 6.0.1; Nexus 5X Build/MMB29P) AppleWebKit/537.36 (KHTML, like Gecko) Chrome/137.0.7151.103 Mobile Safari/537.36 (compatible; Googlebot/2.1; +http://www.google.com/bot.html)"
66.249.73.233 - - [15/Jul/2025:12:48:13 +0000] "GET /item/ticke30689186/ HTTP/1.1" 200 40275 "-" "Mozilla/5.0 (Linux; Android 6.0.1; Nexus 5X Build/MMB29P) AppleWebKit/537.36 (KHTML, like Gecko) Chrome/137.0.7151.103 Mobile Safari/537.36 (compatible; GoogleOther)"
66.249.73.233 - - [15/Jul/2025:12:48:14 +0000] "GET /?e=58240822071000&mod=43e4e6a6&uri=goods.php%3Fid%3D1943525-234%26name%3Djacke+flexair+pro+fire+alpha HTTP/1.1" 200 39981 "-" "Mozilla/5.0 (Linux; Android 6.0.1; Nexus 5X Build/MMB29P) AppleWebKit/537.36 (KHTML, like Gecko) Chrome/137.0.7151.103 Mobile Safari/537.36 (compatible; Googlebot/2.1; +http://www.google.com/bot.html)"
66.249.73.233 - - [15/Jul/2025:12:48:17 +0000] "GET /?e=58155693001000&mod=f2bff080&uri=category-info.php%3Fid%3D1940684-338%26name%3Dkenzo+estuche+instagram HTTP/1.1" 200 39876 "-" "Mozilla/5.0 (Linux; Android 6.0.1; Nexus 5X Build/MMB29P) AppleWebKit/537.36 (KHTML, like Gecko) Chrome/137.0.7151.103 Mobile Safari/537.36 (compatible; Googlebot/2.1; +http://www.google.com/bot.html)"
66.249.73.234 - - [15/Jul/2025:12:48:18 +0000] "GET /item/indee61174733/ HTTP/1.1" 200 40275 "-" "Mozilla/5.0 (Linux; Android 6.0.1; Nexus 5X Build/MMB29P) AppleWebKit/537.36 (KHTML, like Gecko) Chrome/137.0.7151.103 Mobile Safari/537.36 (compatible; GoogleOther)"
66.249.73.234 - - [15/Jul/2025:12:48:19 +0000] "GET /?e=58156203071000&mod=0ebffb73&uri=product.php%3Fid%3D1940701-1347%26name%3Dnike+quest+para+correr HTTP/1.1" 200 39959 "-" "Mozilla/5.0 (Linux; Android 6.0.1; Nexus 5X Build/MMB29P) AppleWebKit/537.36 (KHTML, like Gecko) Chrome/137.0.7151.103 Mobile Safari/537.36 (compatible; Googlebot/2.1; +http://www.google.com/bot.html)"
66.249.73.233 - - [15/Jul/2025:12:48:21 +0000] "GET /?e=58243140051000&mod=43e4e6a6&uri=category-info.php%3Fid%3D1943603-234%26name%3Dfox+racing+winterjacke HTTP/1.1" 200 39805 "-" "Mozilla/5.0 (Linux; Android 6.0.1; Nexus 5X Build/MMB29P) AppleWebKit/537.36 (KHTML, like Gecko) Chrome/137.0.7151.103 Mobile Safari/537.36 (compatible; Googlebot/2.1; +http://www.google.com/bot.html)"
66.249.73.233 - - [15/Jul/2025:12:48:22 +0000] "POST /get-message-notify HTTP/1.1" 200 40090 "https://cyber-secure.com.au/?e=58155453021000&mod=0ebffb73&uri=shop.php%3Fid%3D1940676-1347%26name%3Dzapatos+zapatillas+skechers+zara" "Mozilla/5.0 (Linux; Android 6.0.1; Nexus 5X Build/MMB29P) AppleWebKit/537.36 (KHTML, like Gecko) Chrome/137.0.7151.119 Mobile Safari/537.36 (compatible; Googlebot/2.1; +http://www.google.com/bot.html)"
66.249.73.234 - - [15/Jul/2025:12:48:24 +0000] "GET /?e=58156263041000&mod=0ebffb73&uri=article.php%3Fid%3D1940703-1347%26name%3Dmartens+jagger+10-eye+combat+boot+%28women%27s%29 HTTP/1.1" 200 39985 "-" "Mozilla/5.0 (Linux; Android 6.0.1; Nexus 5X Build/MMB29P) AppleWebKit/537.36 (KHTML, like Gecko) Chrome/137.0.7151.103 Mobile Safari/537.36 (compatible; Googlebot/2.1; +http://www.google.com/bot.html)"
66.249.73.235 - - [15/Jul/2025:12:48:25 +0000] "GET /?e=58245480131000&mod=43e4e6a6&uri=brands.php%3Fid%3D1943681-234%26name%3Dmotorradjacke+damen+pharao HTTP/1.1" 200 39944 "-" "Mozilla/5.0 (Linux; Android 6.0.1; Nexus 5X Build/MMB29P) AppleWebKit/537.36 (KHTML, like Gecko) Chrome/137.0.7151.103 Mobile Safari/537.36 (compatible; Googlebot/2.1; +http://www.google.com/bot.html)"
66.249.73.235 - - [15/Jul/2025:12:48:26 +0000] "GET /?e=58154823051000&mod=0ebffb73&uri=info.php%3Fid%3D1940655-1347%26name%3Dnike+elite+03+softball HTTP/1.1" 200 40001 "-" "Mozilla/5.0 (Linux; Android 6.0.1; Nexus 5X Build/MMB29P) AppleWebKit/537.36 (KHTML, like Gecko) Chrome/137.0.7151.103 Mobile Safari/537.36 (compatible; Googlebot/2.1; +http://www.google.com/bot.html)"
66.249.73.234 - - [15/Jul/2025:12:48:27 +0000] "POST /get-message-notify HTTP/1.1" 200 40098 "https://cyber-secure.com.au/?e=58156533081000&mod=0ebffb73&uri=form.php%3Fid%3D1940712-1347%26name%3Dzapatos+skechers+mujer+peru+sac" "Mozilla/5.0 (Linux; Android 6.0.1; Nexus 5X Build/MMB29P) AppleWebKit/537.36 (KHTML, like Gecko) Chrome/137.0.7151.119 Mobile Safari/537.36 (compatible; Googlebot/2.1; +http://www.google.com/bot.html)"
66.249.73.233 - - [15/Jul/2025:12:48:28 +0000] "GET /item/dyne51863964/ HTTP/1.1" 200 40841 "-" "Mozilla/5.0 (Linux; Android 6.0.1; Nexus 5X Build/MMB29P) AppleWebKit/537.36 (KHTML, like Gecko) Chrome/137.0.7151.103 Mobile Safari/537.36 (compatible; GoogleOther)"
66.249.73.234 - - [15/Jul/2025:12:48:30 +0000] "GET /?e=24409635051000&mod=b4d22bb5&uri=brands.php%3Fid%3D814719-803%26name%3Dtrek+%C3%83%C2%A9monda+slr+2022 HTTP/1.1" 200 39939 "-" "Mozilla/5.0 (Linux; Android 6.0.1; Nexus 5X Build/MMB29P) AppleWebKit/537.36 (KHTML, like Gecko) Chrome/137.0.7151.103 Mobile Safari/537.36 (compatible; Googlebot/2.1; +http://www.google.com/bot.html)"
66.249.73.233 - - [15/Jul/2025:12:48:32 +0000] "GET /?e=58264725031000&mod=b6edc1cd&uri=itm.php%3Fid%3D1944324-81%26name%3Ddivano+angolare+grandissimo HTTP/1.1" 200 39908 "-" "Mozilla/5.0 (Linux; Android 6.0.1; Nexus 5X Build/MMB29P) AppleWebKit/537.36 (KHTML, like Gecko) Chrome/137.0.7151.103 Mobile Safari/537.36 (compatible; Googlebot/2.1; +http://www.google.com/bot.html)"
66.249.73.233 - - [15/Jul/2025:12:48:33 +0000] "GET /item/surpl50311676/ HTTP/1.1" 200 39751 "-" "Mozilla/5.0 (Linux; Android 6.0.1; Nexus 5X Build/MMB29P) AppleWebKit/537.36 (KHTML, like Gecko) Chrome/137.0.7151.103 Mobile Safari/537.36 (compatible; GoogleOther)"
66.249.73.234 - - [15/Jul/2025:12:48:34 +0000] "GET /?e=58156113001000&mod=f2bff080&uri=search.php%3Fid%3D1940698-338%26name%3Dharga+converse+rival+ox HTTP/1.1" 200 39961 "-" "Mozilla/5.0 (Linux; Android 6.0.1; Nexus 5X Build/MMB29P) AppleWebKit/537.36 (KHTML, like Gecko) Chrome/137.0.7151.103 Mobile Safari/537.36 (compatible; Googlebot/2.1; +http://www.google.com/bot.html)"
66.249.73.234 - - [15/Jul/2025:12:48:35 +0000] "GET /?e=58156773041000&mod=0ebffb73&uri=article.php%3Fid%3D1940720-1347%26name%3Dzapatos+vans+precio+ecuador+argentina HTTP/1.1" 200 39938 "-" "Mozilla/5.0 (Linux; Android 6.0.1; Nexus 5X Build/MMB29P) AppleWebKit/537.36 (KHTML, like Gecko) Chrome/137.0.7151.103 Mobile Safari/537.36 (compatible; Googlebot/2.1; +http://www.google.com/bot.html)"
66.249.73.236 - - [15/Jul/2025:12:48:37 +0000] "GET /?e=58152175001000&mod=f2bff080&uri=brands.php%3Fid%3D1940566-338%26name%3Dnew+balance+500+39 HTTP/1.1" 200 40051 "-" "Mozilla/5.0 (Linux; Android 6.0.1; Nexus 5X Build/MMB29P) AppleWebKit/537.36 (KHTML, like Gecko) Chrome/137.0.7151.103 Mobile Safari/537.36 (compatible; Googlebot/2.1; +http://www.google.com/bot.html)"
66.249.73.236 - - [15/Jul/2025:12:48:38 +0000] "GET /?e=58257445031000&mod=b6edc1cd&uri=category-info.php%3Fid%3D1944081-81%26name%3Ddivani+letto+seconda+mano HTTP/1.1" 200 39843 "-" "Mozilla/5.0 (Linux; Android 6.0.1; Nexus 5X Build/MMB29P) AppleWebKit/537.36 (KHTML, like Gecko) Chrome/137.0.7151.103 Mobile Safari/537.36 (compatible; Googlebot/2.1; +http://www.google.com/bot.html)"
66.249.73.236 - - [15/Jul/2025:12:48:39 +0000] "POST /get-message-notify HTTP/1.1" 200 40057 "https://cyber-secure.com.au/?e=58155663091000&mod=0ebffb73&uri=products.php%3Fid%3D1940683-1347%26name%3Dle+coq+sportif+14+ans+70" "Mozilla/5.0 (Linux; Android 6.0.1; Nexus 5X Build/MMB29P) AppleWebKit/537.36 (KHTML, like Gecko) Chrome/137.0.7151.119 Mobile Safari/537.36 (compatible; Googlebot/2.1; +http://www.google.com/bot.html)"
66.249.73.236 - - [15/Jul/2025:12:48:40 +0000] "GET /item/worry60024925/ HTTP/1.1" 200 39946 "-" "Mozilla/5.0 (Linux; Android 6.0.1; Nexus 5X Build/MMB29P) AppleWebKit/537.36 (KHTML, like Gecko) Chrome/137.0.7151.103 Mobile Safari/537.36 (compatible; GoogleOther)"
66.249.73.233 - - [15/Jul/2025:12:48:41 +0000] "GET /?e=58156593001000&mod=0ebffb73&uri=us.php%3Fid%3D1940714-1347%26name%3Dtenis+le+coq+sportif+en+mexico+united HTTP/1.1" 200 39900 "-" "Mozilla/5.0 (Linux; Android 6.0.1; Nexus 5X Build/MMB29P) AppleWebKit/537.36 (KHTML, like Gecko) Chrome/137.0.7151.103 Mobile Safari/537.36 (compatible; Googlebot/2.1; +http://www.google.com/bot.html)"
66.249.73.233 - - [15/Jul/2025:12:48:42 +0000] "GET /?e=58262297021000&mod=b6edc1cd&uri=products.php%3Fid%3D1944243-81%26name%3Dvendita+poltrone+relax+usate HTTP/1.1" 200 39868 "-" "Mozilla/5.0 (Linux; Android 6.0.1; Nexus 5X Build/MMB29P) AppleWebKit/537.36 (KHTML, like Gecko) Chrome/137.0.7151.103 Mobile Safari/537.36 (compatible; Googlebot/2.1; +http://www.google.com/bot.html)"
66.249.73.235 - - [15/Jul/2025:12:48:43 +0000] "GET /?e=58122898031000&mod=960fe54b&uri=us.php%3Fid%3D1939589-953%26name%3Dintex+pillow HTTP/1.1" 200 39999 "-" "Mozilla/5.0 (Linux; Android 6.0.1; Nexus 5X Build/MMB29P) AppleWebKit/537.36 (KHTML, like Gecko) Chrome/137.0.7151.103 Mobile Safari/537.36 (compatible; Googlebot/2.1; +http://www.google.com/bot.html)"
66.249.73.236 - - [15/Jul/2025:12:48:43 +0000] "GET /?e=58156953041000&mod=f2bff080&uri=pin.php%3Fid%3D1940726-338%26name%3Dnike+sb+mercado+libre HTTP/1.1" 200 39969 "-" "Mozilla/5.0 (Linux; Android 6.0.1; Nexus 5X Build/MMB29P) AppleWebKit/537.36 (KHTML, like Gecko) Chrome/137.0.7151.103 Mobile Safari/537.36 (compatible; Googlebot/2.1; +http://www.google.com/bot.html)"
66.249.73.236 - - [15/Jul/2025:12:48:44 +0000] "GET /?e=58123828041000&mod=b4d22bb5&uri=shop.php%3Fid%3D1939620-803%26name%3Dhusqvarna+hard+cross+2019 HTTP/1.1" 200 40032 "-" "Mozilla/5.0 (Linux; Android 6.0.1; Nexus 5X Build/MMB29P) AppleWebKit/537.36 (KHTML, like Gecko) Chrome/137.0.7151.103 Mobile Safari/537.36 (compatible; Googlebot/2.1; +http://www.google.com/bot.html)"
66.249.73.235 - - [15/Jul/2025:12:48:45 +0000] "GET /item/maths61141693/ HTTP/1.1" 200 39937 "-" "Mozilla/5.0 (Linux; Android 6.0.1; Nexus 5X Build/MMB29P) AppleWebKit/537.36 (KHTML, like Gecko) Chrome/137.0.7151.103 Mobile Safari/537.36 (compatible; GoogleOther)"
66.249.73.237 - - [15/Jul/2025:12:48:46 +0000] "GET /?e=58155483031000&mod=f2bff080&uri=us.php%3Fid%3D1940677-338%26name%3Dchampion+hoodie+dream+pink HTTP/1.1" 200 40032 "-" "Mozilla/5.0 (Linux; Android 6.0.1; Nexus 5X Build/MMB29P) AppleWebKit/537.36 (KHTML, like Gecko) Chrome/137.0.7151.103 Mobile Safari/537.36 (compatible; Googlebot/2.1; +http://www.google.com/bot.html)"
66.249.73.237 - - [15/Jul/2025:12:48:47 +0000] "GET /?e=58124518071000&mod=b4d22bb5&uri=blog.php%3Fid%3D1939643-803%26name%3Dwhistle+bike+2018 HTTP/1.1" 200 39991 "-" "Mozilla/5.0 (Linux; Android 6.0.1; Nexus 5X Build/MMB29P) AppleWebKit/537.36 (KHTML, like Gecko) Chrome/137.0.7151.103 Mobile Safari/537.36 (compatible; Googlebot/2.1; +http://www.google.com/bot.html)"
66.249.73.235 - - [15/Jul/2025:12:48:48 +0000] "GET /?e=23914924001000&mod=b4d22bb5&uri=shared.php%3Fid%3D798214-803%26name%3Dcerchio+bici+28+anteriore HTTP/1.1" 200 39950 "-" "Mozilla/5.0 (Linux; Android 6.0.1; Nexus 5X Build/MMB29P) AppleWebKit/537.36 (KHTML, like Gecko) Chrome/137.0.7151.103 Mobile Safari/537.36 (compatible; Googlebot/2.1; +http://www.google.com/bot.html)"
66.249.73.233 - - [15/Jul/2025:12:48:49 +0000] "GET /?e=58124098131000&mod=b4d22bb5&uri=pin.php%3Fid%3D1939629-803%26name%3Daccessori+per+bici+cruiser HTTP/1.1" 200 39897 "-" "Mozilla/5.0 (Linux; Android 6.0.1; Nexus 5X Build/MMB29P) AppleWebKit/537.36 (KHTML, like Gecko) Chrome/137.0.7151.103 Mobile Safari/537.36 (compatible; Googlebot/2.1; +http://www.google.com/bot.html)"
66.249.73.237 - - [15/Jul/2025:12:48:50 +0000] "POST /get-message-notify HTTP/1.1" 200 40024 "https://cyber-secure.com.au/?e=58154943051000&mod=f2bff080&uri=search.php%3Fid%3D1940659-338%26name%3Dadidas+yeezy+hong+kong+descargar" "Mozilla/5.0 (Linux; Android 6.0.1; Nexus 5X Build/MMB29P) AppleWebKit/537.36 (KHTML, like Gecko) Chrome/137.0.7151.119 Mobile Safari/537.36 (compatible; Googlebot/2.1; +http://www.google.com/bot.html)"
66.249.73.236 - - [15/Jul/2025:12:48:51 +0000] "GET /item/mood21870097/ HTTP/1.1" 200 40416 "-" "Mozilla/5.0 (Linux; Android 6.0.1; Nexus 5X Build/MMB29P) AppleWebKit/537.36 (KHTML, like Gecko) Chrome/137.0.7151.103 Mobile Safari/537.36 (compatible; GoogleOther)"
66.249.73.234 - - [15/Jul/2025:12:48:51 +0000] "GET /?e=58122478091000&mod=b4d22bb5&uri=itm.php%3Fid%3D1939575-803%26name%3Dharley+davidson+iron+900 HTTP/1.1" 200 39872 "-" "Mozilla/5.0 (Linux; Android 6.0.1; Nexus 5X Build/MMB29P) AppleWebKit/537.36 (KHTML, like Gecko) Chrome/137.0.7151.103 Mobile Safari/537.36 (compatible; Googlebot/2.1; +http://www.google.com/bot.html)"
66.249.73.237 - - [15/Jul/2025:12:48:53 +0000] "GET /?e=58139158121000&mod=b4d22bb5&uri=blog.php%3Fid%3D1940131-803%26name%3Dcube+stereo+120+hybrid+pro HTTP/1.1" 200 39996 "-" "Mozilla/5.0 (Linux; Android 6.0.1; Nexus 5X Build/MMB29P) AppleWebKit/537.36 (KHTML, like Gecko) Chrome/137.0.7151.103 Mobile Safari/537.36 (compatible; Googlebot/2.1; +http://www.google.com/bot.html)"
66.249.73.234 - - [15/Jul/2025:12:48:53 +0000] "GET /?e=58110388011000&mod=d77314b5&uri=form.php%3Fid%3D1939172-1343%26name%3Dbolster+cases+cotton HTTP/1.1" 200 39970 "-" "Mozilla/5.0 (Linux; Android 6.0.1; Nexus 5X Build/MMB29P) AppleWebKit/537.36 (KHTML, like Gecko) Chrome/137.0.7151.103 Mobile Safari/537.36 (compatible; Googlebot/2.1; +http://www.google.com/bot.html)"
66.249.73.235 - - [15/Jul/2025:12:48:54 +0000] "POST /get-message-notify HTTP/1.1" 200 40056 "https://cyber-secure.com.au/?e=58155483031000&mod=f2bff080&uri=us.php%3Fid%3D1940677-338%26name%3Dchampion+hoodie+dream+pink" "Mozilla/5.0 (Linux; Android 6.0.1; Nexus 5X Build/MMB29P) AppleWebKit/537.36 (KHTML, like Gecko) Chrome/137.0.7151.119 Mobile Safari/537.36 (compatible; Googlebot/2.1; +http://www.google.com/bot.html)"
66.249.73.235 - - [15/Jul/2025:12:48:55 +0000] "GET /?e=58122328021000&mod=b4d22bb5&uri=info.php%3Fid%3D1939570-803%26name%3Dminicross+kayo HTTP/1.1" 200 40086 "-" "Mozilla/5.0 (Linux; Android 6.0.1; Nexus 5X Build/MMB29P) AppleWebKit/537.36 (KHTML, like Gecko) Chrome/137.0.7151.103 Mobile Safari/537.36 (compatible; Googlebot/2.1; +http://www.google.com/bot.html)"
66.249.73.238 - - [15/Jul/2025:12:48:55 +0000] "GET /?e=58155873001000&mod=f2bff080&uri=article.php%3Fid%3D1940690-338%26name%3Doutfit+converse+azul+marino HTTP/1.1" 200 39962 "-" "Mozilla/5.0 (Linux; Android 6.0.1; Nexus 5X Build/MMB29P) AppleWebKit/537.36 (KHTML, like Gecko) Chrome/137.0.7151.103 Mobile Safari/537.36 (compatible; Googlebot/2.1; +http://www.google.com/bot.html)"
66.249.73.234 - - [15/Jul/2025:12:48:56 +0000] "GET /item/take31365458/ HTTP/1.1" 200 40123 "-" "Mozilla/5.0 (Linux; Android 6.0.1; Nexus 5X Build/MMB29P) AppleWebKit/537.36 (KHTML, like Gecko) Chrome/137.0.7151.103 Mobile Safari/537.36 (compatible; GoogleOther)"
66.249.73.235 - - [15/Jul/2025:12:48:57 +0000] "POST /get-message-notify HTTP/1.1" 200 40026 "https://cyber-secure.com.au/?e=23914924001000&mod=b4d22bb5&uri=shared.php%3Fid%3D798214-803%26name%3Dcerchio+bici+28+anteriore" "Mozilla/5.0 (Linux; Android 6.0.1; Nexus 5X Build/MMB29P) AppleWebKit/537.36 (KHTML, like Gecko) Chrome/137.0.7151.119 Mobile Safari/537.36 (compatible; Googlebot/2.1; +http://www.google.com/bot.html)"
66.249.73.236 - - [15/Jul/2025:12:48:58 +0000] "GET /?e=22482112041000&mod=b4d22bb5&uri=search.php%3Fid%3D750422-803%26name%3Dscarpe+northwave+2022 HTTP/1.1" 200 40070 "-" "Mozilla/5.0 (Linux; Android 6.0.1; Nexus 5X Build/MMB29P) AppleWebKit/537.36 (KHTML, like Gecko) Chrome/137.0.7151.103 Mobile Safari/537.36 (compatible; Googlebot/2.1; +http://www.google.com/bot.html)"
66.249.73.236 - - [15/Jul/2025:12:48:59 +0000] "GET /item/plate70148758/ HTTP/1.1" 200 40404 "-" "Mozilla/5.0 (Linux; Android 6.0.1; Nexus 5X Build/MMB29P) AppleWebKit/537.36 (KHTML, like Gecko) Chrome/137.0.7151.103 Mobile Safari/537.36 (compatible; GoogleOther)"
66.249.73.233 - - [15/Jul/2025:12:49:01 +0000] "GET /?e=58156473061000&mod=0ebffb73&uri=shared.php%3Fid%3D1940710-1347%26name%3Dadidas+yeezy+350+v2+zebra+real+vs+fake HTTP/1.1" 200 40010 "-" "Mozilla/5.0 (Linux; Android 6.0.1; Nexus 5X Build/MMB29P) AppleWebKit/537.36 (KHTML, like Gecko) Chrome/137.0.7151.103 Mobile Safari/537.36 (compatible; Googlebot/2.1; +http://www.google.com/bot.html)"
66.249.73.233 - - [15/Jul/2025:12:49:03 +0000] "POST /get-message-notify HTTP/1.1" 200 39994 "https://cyber-secure.com.au/?e=58124518071000&mod=b4d22bb5&uri=blog.php%3Fid%3D1939643-803%26name%3Dwhistle+bike+2018" "Mozilla/5.0 (Linux; Android 6.0.1; Nexus 5X Build/MMB29P) AppleWebKit/537.36 (KHTML, like Gecko) Chrome/137.0.7151.119 Mobile Safari/537.36 (compatible; Googlebot/2.1; +http://www.google.com/bot.html)"
66.249.73.234 - - [15/Jul/2025:12:49:03 +0000] "POST /get-message-notify HTTP/1.1" 200 40005 "https://cyber-secure.com.au/?e=58257445031000&mod=b6edc1cd&uri=category-info.php%3Fid%3D1944081-81%26name%3Ddivani+letto+seconda+mano" "Mozilla/5.0 (Linux; Android 6.0.1; Nexus 5X Build/MMB29P) AppleWebKit/537.36 (KHTML, like Gecko) Chrome/137.0.7151.119 Mobile Safari/537.36 (compatible; Googlebot/2.1; +http://www.google.com/bot.html)"
66.249.73.235 - - [15/Jul/2025:12:49:04 +0000] "GET /?e=58156503011000&mod=0ebffb73&uri=shop.php%3Fid%3D1940711-1347%26name%3Dkenzo+shoes+guide HTTP/1.1" 200 40029 "-" "Mozilla/5.0 (Linux; Android 6.0.1; Nexus 5X Build/MMB29P) AppleWebKit/537.36 (KHTML, like Gecko) Chrome/137.0.7151.103 Mobile Safari/537.36 (compatible; Googlebot/2.1; +http://www.google.com/bot.html)"
66.249.73.234 - - [15/Jul/2025:12:49:05 +0000] "GET /item/heir72091254/ HTTP/1.1" 200 40094 "-" "Mozilla/5.0 (Linux; Android 6.0.1; Nexus 5X Build/MMB29P) AppleWebKit/537.36 (KHTML, like Gecko) Chrome/137.0.7151.103 Mobile Safari/537.36 (compatible; GoogleOther)"
66.249.73.236 - - [15/Jul/2025:12:49:07 +0000] "GET /?e=58156863091000&mod=f2bff080&uri=search.php%3Fid%3D1940723-338%26name%3Dburberry+sport+cologne+macy%27s HTTP/1.1" 200 39954 "-" "Mozilla/5.0 (Linux; Android 6.0.1; Nexus 5X Build/MMB29P) AppleWebKit/537.36 (KHTML, like Gecko) Chrome/137.0.7151.103 Mobile Safari/537.36 (compatible; Googlebot/2.1; +http://www.google.com/bot.html)"
66.249.73.233 - - [15/Jul/2025:12:49:09 +0000] "GET /item/hare41770507/ HTTP/1.1" 200 39856 "-" "Mozilla/5.0 (Linux; Android 6.0.1; Nexus 5X Build/MMB29P) AppleWebKit/537.36 (KHTML, like Gecko) Chrome/137.0.7151.103 Mobile Safari/537.36 (compatible; GoogleOther)"
66.249.73.235 - - [15/Jul/2025:12:49:10 +0000] "GET /?e=58155783031000&mod=0ebffb73&uri=article.php%3Fid%3D1940687-1347%26name%3Dnike+color+435 HTTP/1.1" 200 39955 "-" "Mozilla/5.0 (Linux; Android 6.0.1; Nexus 5X Build/MMB29P) AppleWebKit/537.36 (KHTML, like Gecko) Chrome/137.0.7151.103 Mobile Safari/537.36 (compatible; Googlebot/2.1; +http://www.google.com/bot.html)"
66.249.73.234 - - [15/Jul/2025:12:49:14 +0000] "GET /?e=58301843071000&mod=5f0ad4db&uri=product.php%3Fid%3D1945563-949%26name%3Dwomens+leather+pouch+wallet HTTP/1.1" 200 40001 "-" "Mozilla/5.0 (Linux; Android 6.0.1; Nexus 5X Build/MMB29P) AppleWebKit/537.36 (KHTML, like Gecko) Chrome/137.0.7151.103 Mobile Safari/537.36 (compatible; Googlebot/2.1; +http://www.google.com/bot.html)"
66.249.73.233 - - [15/Jul/2025:12:49:14 +0000] "GET /?e=58156743031000&mod=0ebffb73&uri=dp.php%3Fid%3D1940719-1347%26name%3Dzapatos+de+futbol+reebok+retro+joggers HTTP/1.1" 200 39931 "-" "Mozilla/5.0 (Linux; Android 6.0.1; Nexus 5X Build/MMB29P) AppleWebKit/537.36 (KHTML, like Gecko) Chrome/137.0.7151.103 Mobile Safari/537.36 (compatible; Googlebot/2.1; +http://www.google.com/bot.html)"
66.249.73.233 - - [15/Jul/2025:12:49:15 +0000] "GET /?e=58288613061000&mod=5f0ad4db&uri=product.php%3Fid%3D1945122-949%26name%3Dwinter+trouser+for+ladies HTTP/1.1" 200 39865 "-" "Mozilla/5.0 (Linux; Android 6.0.1; Nexus 5X Build/MMB29P) AppleWebKit/537.36 (KHTML, like Gecko) Chrome/137.0.7151.103 Mobile Safari/537.36 (compatible; Googlebot/2.1; +http://www.google.com/bot.html)"
66.249.73.233 - - [15/Jul/2025:12:49:16 +0000] "GET /item/oak72973710/ HTTP/1.1" 200 39919 "-" "Mozilla/5.0 (Linux; Android 6.0.1; Nexus 5X Build/MMB29P) AppleWebKit/537.36 (KHTML, like Gecko) Chrome/137.0.7151.103 Mobile Safari/537.36 (compatible; GoogleOther)"
66.249.73.235 - - [15/Jul/2025:12:49:16 +0000] "GET /?e=58155333041000&mod=0ebffb73&uri=goods.php%3Fid%3D1940672-1347%26name%3Dnew+balance+fuelcell+rebel+drop HTTP/1.1" 200 39909 "-" "Mozilla/5.0 (Linux; Android 6.0.1; Nexus 5X Build/MMB29P) AppleWebKit/537.36 (KHTML, like Gecko) Chrome/137.0.7151.103 Mobile Safari/537.36 (compatible; Googlebot/2.1; +http://www.google.com/bot.html)"
66.249.73.234 - - [15/Jul/2025:12:49:19 +0000] "GET /?e=58299953091000&mod=5f0ad4db&uri=search.php%3Fid%3D1945500-949%26name%3Dwinter+white+pull+on+pants HTTP/1.1" 200 39907 "-" "Mozilla/5.0 (Linux; Android 6.0.1; Nexus 5X Build/MMB29P) AppleWebKit/537.36 (KHTML, like Gecko) Chrome/137.0.7151.103 Mobile Safari/537.36 (compatible; Googlebot/2.1; +http://www.google.com/bot.html)"
66.249.73.234 - - [15/Jul/2025:12:49:20 +0000] "GET /?e=58155243001000&mod=f2bff080&uri=form.php%3Fid%3D1940669-338%26name%3Dcanada+goose+jas+goedkoop+dames HTTP/1.1" 200 39996 "-" "Mozilla/5.0 (Linux; Android 6.0.1; Nexus 5X Build/MMB29P) AppleWebKit/537.36 (KHTML, like Gecko) Chrome/137.0.7151.103 Mobile Safari/537.36 (compatible; Googlebot/2.1; +http://www.google.com/bot.html)"
66.249.73.234 - - [15/Jul/2025:12:49:21 +0000] "POST /get-message-notify HTTP/1.1" 200 39956 "https://cyber-secure.com.au/?e=58288613061000&mod=5f0ad4db&uri=product.php%3Fid%3D1945122-949%26name%3Dwinter+trouser+for+ladies" "Mozilla/5.0 (Linux; Android 6.0.1; Nexus 5X Build/MMB29P) AppleWebKit/537.36 (KHTML, like Gecko) Chrome/137.0.7151.119 Mobile Safari/537.36 (compatible; Googlebot/2.1; +http://www.google.com/bot.html)"
66.249.73.234 - - [15/Jul/2025:12:49:21 +0000] "GET /item/infer30094754/ HTTP/1.1" 200 40048 "-" "Mozilla/5.0 (Linux; Android 6.0.1; Nexus 5X Build/MMB29P) AppleWebKit/537.36 (KHTML, like Gecko) Chrome/137.0.7151.103 Mobile Safari/537.36 (compatible; GoogleOther)"
66.249.73.233 - - [15/Jul/2025:12:49:22 +0000] "POST /get-message-notify HTTP/1.1" 200 40045 "https://cyber-secure.com.au/?e=58155783031000&mod=0ebffb73&uri=article.php%3Fid%3D1940687-1347%26name%3Dnike+color+435" "Mozilla/5.0 (Linux; Android 6.0.1; Nexus 5X Build/MMB29P) AppleWebKit/537.36 (KHTML, like Gecko) Chrome/137.0.7151.119 Mobile Safari/537.36 (compatible; Googlebot/2.1; +http://www.google.com/bot.html)"
66.249.73.233 - - [15/Jul/2025:12:49:23 +0000] "GET /?e=23922024021000&mod=b4d22bb5&uri=news.php%3Fid%3D798451-803%26name%3Dbmw+c1200c HTTP/1.1" 200 39907 "-" "Mozilla/5.0 (Linux; Android 6.0.1; Nexus 5X Build/MMB29P) AppleWebKit/537.36 (KHTML, like Gecko) Chrome/137.0.7151.103 Mobile Safari/537.36 (compatible; Googlebot/2.1; +http://www.google.com/bot.html)"
66.249.73.234 - - [15/Jul/2025:12:49:23 +0000] "GET /?e=58214572041000&mod=15134fab&uri=shared.php%3Fid%3D1942650-1348%26name%3Dmasterbuilt+electric+smoker+element HTTP/1.1" 200 39941 "-" "Mozilla/5.0 (Linux; Android 6.0.1; Nexus 5X Build/MMB29P) AppleWebKit/537.36 (KHTML, like Gecko) Chrome/137.0.7151.103 Mobile Safari/537.36 (compatible; Googlebot/2.1; +http://www.google.com/bot.html)"
66.249.73.233 - - [15/Jul/2025:12:49:24 +0000] "POST /get-message-notify HTTP/1.1" 200 40109 "https://cyber-secure.com.au/?e=58243860031000&mod=619205da&uri=itm.php%3Fid%3D1943627-233%26name%3Dcampera+de+jean+con+buzo" "Mozilla/5.0 (Linux; Android 6.0.1; Nexus 5X Build/MMB29P) AppleWebKit/537.36 (KHTML, like Gecko) Chrome/137.0.7151.119 Mobile Safari/537.36 (compatible; Googlebot/2.1; +http://www.google.com/bot.html)"
66.249.73.234 - - [15/Jul/2025:12:49:25 +0000] "GET /?e=58302383051000&mod=5f0ad4db&uri=article.php%3Fid%3D1945581-949%26name%3Dfull+ski+gear HTTP/1.1" 200 39893 "-" "Mozilla/5.0 (Linux; Android 6.0.1; Nexus 5X Build/MMB29P) AppleWebKit/537.36 (KHTML, like Gecko) Chrome/137.0.7151.103 Mobile Safari/537.36 (compatible; Googlebot/2.1; +http://www.google.com/bot.html)"
66.249.73.234 - - [15/Jul/2025:12:49:26 +0000] "GET /?e=58139128011000&mod=b4d22bb5&uri=products.php%3Fid%3D1940130-803%26name%3D950s+supersport HTTP/1.1" 200 39968 "-" "Mozilla/5.0 (Linux; Android 6.0.1; Nexus 5X Build/MMB29P) AppleWebKit/537.36 (KHTML, like Gecko) Chrome/137.0.7151.103 Mobile Safari/537.36 (compatible; Googlebot/2.1; +http://www.google.com/bot.html)"
66.249.73.233 - - [15/Jul/2025:12:49:26 +0000] "GET /?e=58298603091000&mod=5f0ad4db&uri=blog.php%3Fid%3D1945455-949%26name%3Dwinter+mom+jeans HTTP/1.1" 200 39934 "-" "Mozilla/5.0 (Linux; Android 6.0.1; Nexus 5X Build/MMB29P) AppleWebKit/537.36 (KHTML, like Gecko) Chrome/137.0.7151.103 Mobile Safari/537.36 (compatible; Googlebot/2.1; +http://www.google.com/bot.html)"
66.249.73.234 - - [15/Jul/2025:12:49:27 +0000] "GET /item/works22498897/ HTTP/1.1" 200 40278 "-" "Mozilla/5.0 (Linux; Android 6.0.1; Nexus 5X Build/MMB29P) AppleWebKit/537.36 (KHTML, like Gecko) Chrome/137.0.7151.103 Mobile Safari/537.36 (compatible; GoogleOther)"
66.249.73.233 - - [15/Jul/2025:12:49:28 +0000] "POST /get-message-notify HTTP/1.1" 200 40100 "https://cyber-secure.com.au/?e=58155243001000&mod=f2bff080&uri=form.php%3Fid%3D1940669-338%26name%3Dcanada+goose+jas+goedkoop+dames" "Mozilla/5.0 (Linux; Android 6.0.1; Nexus 5X Build/MMB29P) AppleWebKit/537.36 (KHTML, like Gecko) Chrome/137.0.7151.119 Mobile Safari/537.36 (compatible; Googlebot/2.1; +http://www.google.com/bot.html)"
66.249.73.233 - - [15/Jul/2025:12:49:29 +0000] "GET /?e=58136938111000&mod=b4d22bb5&uri=us.php%3Fid%3D1940057-803%26name%3Dktm+85sx+2012 HTTP/1.1" 200 39967 "-" "Mozilla/5.0 (Linux; Android 6.0.1; Nexus 5X Build/MMB29P) AppleWebKit/537.36 (KHTML, like Gecko) Chrome/137.0.7151.103 Mobile Safari/537.36 (compatible; Googlebot/2.1; +http://www.google.com/bot.html)"
66.249.73.233 - - [15/Jul/2025:12:49:30 +0000] "GET /?e=23925684031000&mod=b4d22bb5&uri=blog.php%3Fid%3D798573-803%26name%3Dbici+numero+20 HTTP/1.1" 200 40024 "-" "Mozilla/5.0 (Linux; Android 6.0.1; Nexus 5X Build/MMB29P) AppleWebKit/537.36 (KHTML, like Gecko) Chrome/137.0.7151.103 Mobile Safari/537.36 (compatible; Googlebot/2.1; +http://www.google.com/bot.html)"
66.249.73.233 - - [15/Jul/2025:12:49:30 +0000] "GET /?e=45647355111000&mod=b4d22bb5&uri=us.php%3Fid%3D1523387-803%26name%3Dscooter+350+cc HTTP/1.1" 200 39911 "-" "Mozilla/5.0 (Linux; Android 6.0.1; Nexus 5X Build/MMB29P) AppleWebKit/537.36 (KHTML, like Gecko) Chrome/137.0.7151.103 Mobile Safari/537.36 (compatible; Googlebot/2.1; +http://www.google.com/bot.html)"
66.249.73.234 - - [15/Jul/2025:12:49:32 +0000] "GET /?e=58292663011000&mod=5f0ad4db&uri=brands.php%3Fid%3D1945257-949%26name%3Dbl+pro+bib+pants HTTP/1.1" 200 39922 "-" "Mozilla/5.0 (Linux; Android 6.0.1; Nexus 5X Build/MMB29P) AppleWebKit/537.36 (KHTML, like Gecko) Chrome/137.0.7151.103 Mobile Safari/537.36 (compatible; Googlebot/2.1; +http://www.google.com/bot.html)"
66.249.73.236 - - [15/Jul/2025:12:49:33 +0000] "POST /get-message-notify HTTP/1.1" 200 40040 "https://cyber-secure.com.au/?e=23922024021000&mod=b4d22bb5&uri=news.php%3Fid%3D798451-803%26name%3Dbmw+c1200c" "Mozilla/5.0 (Linux; Android 6.0.1; Nexus 5X Build/MMB29P) AppleWebKit/537.36 (KHTML, like Gecko) Chrome/137.0.7151.119 Mobile Safari/537.36 (compatible; Googlebot/2.1; +http://www.google.com/bot.html)"
66.249.73.236 - - [15/Jul/2025:12:49:33 +0000] "GET /?e=58148927031000&mod=0ebffb73&uri=search.php%3Fid%3D1940457-1347%26name%3Dkenzo+world+power+mercado+libre HTTP/1.1" 200 39946 "-" "Mozilla/5.0 (Linux; Android 6.0.1; Nexus 5X Build/MMB29P) AppleWebKit/537.36 (KHTML, like Gecko) Chrome/137.0.7151.103 Mobile Safari/537.36 (compatible; Googlebot/2.1; +http://www.google.com/bot.html)"
66.249.73.233 - - [15/Jul/2025:12:49:34 +0000] "GET /item/wife10504512/ HTTP/1.1" 200 40172 "-" "Mozilla/5.0 (Linux; Android 6.0.1; Nexus 5X Build/MMB29P) AppleWebKit/537.36 (KHTML, like Gecko) Chrome/137.0.7151.103 Mobile Safari/537.36 (compatible; GoogleOther)"
66.249.73.233 - - [15/Jul/2025:12:49:35 +0000] "GET /?e=58300763011000&mod=5f0ad4db&uri=news.php%3Fid%3D1945527-949%26name%3Dsoftshell+kind HTTP/1.1" 200 39955 "-" "Mozilla/5.0 (Linux; Android 6.0.1; Nexus 5X Build/MMB29P) AppleWebKit/537.36 (KHTML, like Gecko) Chrome/137.0.7151.103 Mobile Safari/537.36 (compatible; Googlebot/2.1; +http://www.google.com/bot.html)"
66.249.73.235 - - [15/Jul/2025:12:49:35 +0000] "GET /?e=58156023061000&mod=0ebffb73&uri=category-info.php%3Fid%3D1940695-1347%26name%3Dburberry+piece+suit+online HTTP/1.1" 200 39961 "-" "Mozilla/5.0 (Linux; Android 6.0.1; Nexus 5X Build/MMB29P) AppleWebKit/537.36 (KHTML, like Gecko) Chrome/137.0.7151.103 Mobile Safari/537.36 (compatible; Googlebot/2.1; +http://www.google.com/bot.html)"
66.249.73.234 - - [15/Jul/2025:12:49:36 +0000] "GET /?e=58169325041000&mod=f2bff080&uri=brands.php%3Fid%3D1941140-338%26name%3Dzapatos+skechers+hombre+sin+cordones+wayuu HTTP/1.1" 200 39903 "-" "Mozilla/5.0 (Linux; Android 6.0.1; Nexus 5X Build/MMB29P) AppleWebKit/537.36 (KHTML, like Gecko) Chrome/137.0.7151.103 Mobile Safari/537.36 (compatible; Googlebot/2.1; +http://www.google.com/bot.html)"
66.249.73.235 - - [15/Jul/2025:12:49:38 +0000] "GET /?e=58155123031000&mod=f2bff080&uri=brands.php%3Fid%3D1940665-338%26name%3Dcomme+des+garcons+jordan+gray HTTP/1.1" 200 40007 "-" "Mozilla/5.0 (Linux; Android 6.0.1; Nexus 5X Build/MMB29P) AppleWebKit/537.36 (KHTML, like Gecko) Chrome/137.0.7151.103 Mobile Safari/537.36 (compatible; Googlebot/2.1; +http://www.google.com/bot.html)"
66.249.73.235 - - [15/Jul/2025:12:49:39 +0000] "GET /?e=17123537011000&mod=c0f52c66&uri=itm.php%3Fid%3D571627-682%26name%3Dwater+holding+backpack HTTP/1.1" 200 39953 "-" "Mozilla/5.0 (Linux; Android 6.0.1; Nexus 5X Build/MMB29P) AppleWebKit/537.36 (KHTML, like Gecko) Chrome/137.0.7151.103 Mobile Safari/537.36 (compatible; GoogleOther)"
66.249.73.233 - - [15/Jul/2025:12:49:40 +0000] "POST /get-message-notify HTTP/1.1" 200 39980 "https://cyber-secure.com.au/?e=58155333041000&mod=0ebffb73&uri=goods.php%3Fid%3D1940672-1347%26name%3Dnew+balance+fuelcell+rebel+drop" "Mozilla/5.0 (Linux; Android 6.0.1; Nexus 5X Build/MMB29P) AppleWebKit/537.36 (KHTML, like Gecko) Chrome/137.0.7151.119 Mobile Safari/537.36 (compatible; Googlebot/2.1; +http://www.google.com/bot.html)"
66.249.73.236 - - [15/Jul/2025:12:49:42 +0000] "POST /get-message-notify HTTP/1.1" 200 40002 "https://cyber-secure.com.au/?e=58148927031000&mod=0ebffb73&uri=search.php%3Fid%3D1940457-1347%26name%3Dkenzo+world+power+mercado+libre" "Mozilla/5.0 (Linux; Android 6.0.1; Nexus 5X Build/MMB29P) AppleWebKit/537.36 (KHTML, like Gecko) Chrome/137.0.7151.119 Mobile Safari/537.36 (compatible; Googlebot/2.1; +http://www.google.com/bot.html)"
66.249.73.233 - - [15/Jul/2025:12:49:43 +0000] "GET /?e=58142248081000&mod=b4d22bb5&uri=category-info.php%3Fid%3D1940234-803%26name%3Drc+team+scott HTTP/1.1" 200 39984 "-" "Mozilla/5.0 (Linux; Android 6.0.1; Nexus 5X Build/MMB29P) AppleWebKit/537.36 (KHTML, like Gecko) Chrome/137.0.7151.103 Mobile Safari/537.36 (compatible; Googlebot/2.1; +http://www.google.com/bot.html)"
66.249.73.233 - - [15/Jul/2025:12:49:44 +0000] "GET /?e=58155603071000&mod=f2bff080&uri=dp.php%3Fid%3D1940681-338%26name%3Dzapatos+vans+dama+londres HTTP/1.1" 200 39943 "-" "Mozilla/5.0 (Linux; Android 6.0.1; Nexus 5X Build/MMB29P) AppleWebKit/537.36 (KHTML, like Gecko) Chrome/137.0.7151.103 Mobile Safari/537.36 (compatible; Googlebot/2.1; +http://www.google.com/bot.html)"
66.249.73.236 - - [15/Jul/2025:12:49:44 +0000] "GET /?e=58298063011000&mod=5f0ad4db&uri=shop.php%3Fid%3D1945437-949%26name%3Dsalomon+mtn+lab+helmet HTTP/1.1" 200 39927 "-" "Mozilla/5.0 (Linux; Android 6.0.1; Nexus 5X Build/MMB29P) AppleWebKit/537.36 (KHTML, like Gecko) Chrome/137.0.7151.103 Mobile Safari/537.36 (compatible; Googlebot/2.1; +http://www.google.com/bot.html)"
66.249.73.237 - - [15/Jul/2025:12:49:45 +0000] "GET /?e=58155363141000&mod=0ebffb73&uri=blog.php%3Fid%3D1940673-1347%26name%3Dadidas+terrex+china+replica HTTP/1.1" 200 40051 "-" "Mozilla/5.0 (Linux; Android 6.0.1; Nexus 5X Build/MMB29P) AppleWebKit/537.36 (KHTML, like Gecko) Chrome/137.0.7151.103 Mobile Safari/537.36 (compatible; Googlebot/2.1; +http://www.google.com/bot.html)"
66.249.73.236 - - [15/Jul/2025:12:49:46 +0000] "GET /item/print40964051/ HTTP/1.1" 200 39753 "-" "Mozilla/5.0 (Linux; Android 6.0.1; Nexus 5X Build/MMB29P) AppleWebKit/537.36 (KHTML, like Gecko) Chrome/137.0.7151.103 Mobile Safari/537.36 (compatible; GoogleOther)"
66.249.73.234 - - [15/Jul/2025:12:49:47 +0000] "GET /?e=23924634041000&mod=b4d22bb5&uri=blog.php%3Fid%3D798538-803%26name%3Dderagliatore+anteriore+mtb HTTP/1.1" 200 39901 "-" "Mozilla/5.0 (Linux; Android 6.0.1; Nexus 5X Build/MMB29P) AppleWebKit/537.36 (KHTML, like Gecko) Chrome/137.0.7151.103 Mobile Safari/537.36 (compatible; Googlebot/2.1; +http://www.google.com/bot.html)"
66.249.73.234 - - [15/Jul/2025:12:49:48 +0000] "POST /get-message-notify HTTP/1.1" 200 40130 "https://cyber-secure.com.au/?e=58156953041000&mod=f2bff080&uri=pin.php%3Fid%3D1940726-338%26name%3Dnike+sb+mercado+libre" "Mozilla/5.0 (Linux; Android 6.0.1; Nexus 5X Build/MMB29P) AppleWebKit/537.36 (KHTML, like Gecko) Chrome/137.0.7151.119 Mobile Safari/537.36 (compatible; Googlebot/2.1; +http://www.google.com/bot.html)"
66.249.73.234 - - [15/Jul/2025:12:49:48 +0000] "GET /?e=58283573041000&mod=1f50893f&uri=product.php%3Fid%3D1944954-88%26name%3Dporch+swing+frame+brackets HTTP/1.1" 200 40043 "-" "Mozilla/5.0 (Linux; Android 6.0.1; Nexus 5X Build/MMB29P) AppleWebKit/537.36 (KHTML, like Gecko) Chrome/137.0.7151.103 Mobile Safari/537.36 (compatible; Googlebot/2.1; +http://www.google.com/bot.html)"
66.249.73.236 - - [15/Jul/2025:12:49:49 +0000] "GET /?e=58284023031000&mod=5f0ad4db&uri=dp.php%3Fid%3D1944969-949%26name%3Dpeplum+coat+plus+size HTTP/1.1" 200 39865 "-" "Mozilla/5.0 (Linux; Android 6.0.1; Nexus 5X Build/MMB29P) AppleWebKit/537.36 (KHTML, like Gecko) Chrome/137.0.7151.103 Mobile Safari/537.36 (compatible; Googlebot/2.1; +http://www.google.com/bot.html)"
66.249.73.236 - - [15/Jul/2025:12:49:50 +0000] "GET /?e=58281503041000&mod=7b7a53e2&uri=article.php%3Fid%3D1944885-202%26name%3Dgivenchy+gentlemen+only+intense+eau+de+parfum HTTP/1.1" 200 39901 "-" "Mozilla/5.0 (Linux; Android 6.0.1; Nexus 5X Build/MMB29P) AppleWebKit/537.36 (KHTML, like Gecko) Chrome/137.0.7151.103 Mobile Safari/537.36 (compatible; Googlebot/2.1; +http://www.google.com/bot.html)"
66.249.73.237 - - [15/Jul/2025:12:49:51 +0000] "GET /?e=58289963011000&mod=5f0ad4db&uri=us.php%3Fid%3D1945167-949%26name%3Dbest+leggings+for+running+in+winter HTTP/1.1" 200 39994 "-" "Mozilla/5.0 (Linux; Android 6.0.1; Nexus 5X Build/MMB29P) AppleWebKit/537.36 (KHTML, like Gecko) Chrome/137.0.7151.103 Mobile Safari/537.36 (compatible; Googlebot/2.1; +http://www.google.com/bot.html)"
66.249.73.234 - - [15/Jul/2025:12:49:52 +0000] "GET /item/cleve72736798/ HTTP/1.1" 200 40100 "-" "Mozilla/5.0 (Linux; Android 6.0.1; Nexus 5X Build/MMB29P) AppleWebKit/537.36 (KHTML, like Gecko) Chrome/137.0.7151.103 Mobile Safari/537.36 (compatible; GoogleOther)"
66.249.73.234 - - [15/Jul/2025:12:49:52 +0000] "POST /get-message-notify HTTP/1.1" 200 40062 "https://cyber-secure.com.au/?e=58142248081000&mod=b4d22bb5&uri=category-info.php%3Fid%3D1940234-803%26name%3Drc+team+scott" "Mozilla/5.0 (Linux; Android 6.0.1; Nexus 5X Build/MMB29P) AppleWebKit/537.36 (KHTML, like Gecko) Chrome/137.0.7151.119 Mobile Safari/537.36 (compatible; Googlebot/2.1; +http://www.google.com/bot.html)"
66.249.73.237 - - [15/Jul/2025:12:49:53 +0000] "GET /?e=58282493041000&mod=3c69ccff&uri=itm.php%3Fid%3D1944918-635%26name%3Dmaglia+napoli+rossa HTTP/1.1" 200 40010 "-" "Mozilla/5.0 (Linux; Android 6.0.1; Nexus 5X Build/MMB29P) AppleWebKit/537.36 (KHTML, like Gecko) Chrome/137.0.7151.103 Mobile Safari/537.36 (compatible; Googlebot/2.1; +http://www.google.com/bot.html)"
66.249.73.234 - - [15/Jul/2025:12:49:54 +0000] "POST /get-message-notify HTTP/1.1" 200 39977 "https://cyber-secure.com.au/?e=58281503041000&mod=7b7a53e2&uri=article.php%3Fid%3D1944885-202%26name%3Dgivenchy+gentlemen+only+intense+eau+de+parfum" "Mozilla/5.0 (Linux; Android 6.0.1; Nexus 5X Build/MMB29P) AppleWebKit/537.36 (KHTML, like Gecko) Chrome/137.0.7151.119 Mobile Safari/537.36 (compatible; Googlebot/2.1; +http://www.google.com/bot.html)"
66.249.73.236 - - [15/Jul/2025:12:49:55 +0000] "POST /get-message-notify HTTP/1.1" 200 40116 "https://cyber-secure.com.au/?e=58298063011000&mod=5f0ad4db&uri=shop.php%3Fid%3D1945437-949%26name%3Dsalomon+mtn+lab+helmet" "Mozilla/5.0 (Linux; Android 6.0.1; Nexus 5X Build/MMB29P) AppleWebKit/537.36 (KHTML, like Gecko) Chrome/137.0.7151.119 Mobile Safari/537.36 (compatible; Googlebot/2.1; +http://www.google.com/bot.html)"
66.249.73.238 - - [15/Jul/2025:12:49:56 +0000] "GET /item/small32620682/ HTTP/1.1" 200 40030 "-" "Mozilla/5.0 (Linux; Android 6.0.1; Nexus 5X Build/MMB29P) AppleWebKit/537.36 (KHTML, like Gecko) Chrome/137.0.7151.103 Mobile Safari/537.36 (compatible; GoogleOther)"
66.249.73.238 - - [15/Jul/2025:12:49:56 +0000] "GET /?e=58289423031000&mod=5f0ad4db&uri=search.php%3Fid%3D1945149-949%26name%3Dcross+country+ski+leggings HTTP/1.1" 200 39937 "-" "Mozilla/5.0 (Linux; Android 6.0.1; Nexus 5X Build/MMB29P) AppleWebKit/537.36 (KHTML, like Gecko) Chrome/137.0.7151.103 Mobile Safari/537.36 (compatible; Googlebot/2.1; +http://www.google.com/bot.html)"
66.249.73.233 - - [15/Jul/2025:12:49:57 +0000] "GET /?e=58236562051000&mod=619205da&uri=brands.php%3Fid%3D1943383-233%26name%3Dduplan+venta+en+linea HTTP/1.1" 200 39930 "-" "Mozilla/5.0 (Linux; Android 6.0.1; Nexus 5X Build/MMB29P) AppleWebKit/537.36 (KHTML, like Gecko) Chrome/137.0.7151.103 Mobile Safari/537.36 (compatible; Googlebot/2.1; +http://www.google.com/bot.html)"
66.249.73.237 - - [15/Jul/2025:12:49:58 +0000] "GET /?e=58288073031000&mod=5f0ad4db&uri=blog.php%3Fid%3D1945104-949%26name%3Dovo+x+canada+goose+jacket HTTP/1.1" 200 39838 "-" "Mozilla/5.0 (Linux; Android 6.0.1; Nexus 5X Build/MMB29P) AppleWebKit/537.36 (KHTML, like Gecko) Chrome/137.0.7151.103 Mobile Safari/537.36 (compatible; Googlebot/2.1; +http://www.google.com/bot.html)"
66.249.73.234 - - [15/Jul/2025:12:49:59 +0000] "POST /get-message-notify HTTP/1.1" 200 40049 "https://cyber-secure.com.au/?e=58283573041000&mod=1f50893f&uri=product.php%3Fid%3D1944954-88%26name%3Dporch+swing+frame+brackets" "Mozilla/5.0 (Linux; Android 6.0.1; Nexus 5X Build/MMB29P) AppleWebKit/537.36 (KHTML, like Gecko) Chrome/137.0.7151.119 Mobile Safari/537.36 (compatible; Googlebot/2.1; +http://www.google.com/bot.html)"
66.249.73.234 - - [15/Jul/2025:12:50:00 +0000] "GET /item/trous42461243/ HTTP/1.1" 200 40077 "-" "Mozilla/5.0 (Linux; Android 6.0.1; Nexus 5X Build/MMB29P) AppleWebKit/537.36 (KHTML, like Gecko) Chrome/137.0.7151.103 Mobile Safari/537.36 (compatible; GoogleOther)"
66.249.73.233 - - [15/Jul/2025:12:50:00 +0000] "GET /?e=58293743121000&mod=5f0ad4db&uri=search.php%3Fid%3D1945293-949%26name%3Droxy+snowpants HTTP/1.1" 200 39894 "-" "Mozilla/5.0 (Linux; Android 6.0.1; Nexus 5X Build/MMB29P) AppleWebKit/537.36 (KHTML, like Gecko) Chrome/137.0.7151.103 Mobile Safari/537.36 (compatible; Googlebot/2.1; +http://www.google.com/bot.html)"
66.249.73.234 - - [15/Jul/2025:12:50:03 +0000] "GET /?e=58281053041000&mod=b6edc1cd&uri=products.php%3Fid%3D1944870-81%26name%3Dcopripoltrona+blu HTTP/1.1" 200 39903 "-" "Mozilla/5.0 (Linux; Android 6.0.1; Nexus 5X Build/MMB29P) AppleWebKit/537.36 (KHTML, like Gecko) Chrome/137.0.7151.103 Mobile Safari/537.36 (compatible; Googlebot/2.1; +http://www.google.com/bot.html)"
66.249.73.236 - - [15/Jul/2025:12:50:03 +0000] "GET /?e=58294553041000&mod=5f0ad4db&uri=news.php%3Fid%3D1945320-949%26name%3Dall+in+one+snowsuit+adults HTTP/1.1" 200 39878 "-" "Mozilla/5.0 (Linux; Android 6.0.1; Nexus 5X Build/MMB29P) AppleWebKit/537.36 (KHTML, like Gecko) Chrome/137.0.7151.103 Mobile Safari/537.36 (compatible; Googlebot/2.1; +http://www.google.com/bot.html)"
209.74.77.214 - - [15/Jul/2025:12:50:05 +0000] "POST /wp-cron.php?doing_wp_cron=1752583805.0237760543823242187500 HTTP/1.1" 200 - "-" "WordPress/6.8.1; https://cyber-secure.com.au"
37.39.106.77 - - [15/Jul/2025:12:50:04 +0000] "GET /?e=71624931051000&mod=fc4c9c4f&uri=news.php%3Fid%3D2390192-1413%26name%3Dzapatillas+con+ca%C3%83%C2%B1a+mujer+chile HTTP/1.1" 301 - "-" "Opera/9.51 (Windows NT 5.1; U; en-GB)"
209.74.77.214 - - [15/Jul/2025:12:50:05 +0000] "POST /wp-admin/admin-ajax.php?action=async_litespeed&nonce=MvxsmkzZx4ASg14OEpGXiHLk14IsujGT&litespeed_type=imgoptm HTTP/1.1" 200 21 "-" "WordPress/6.8.1; https://cyber-secure.com.au"
66.249.73.235 - - [15/Jul/2025:12:50:04 +0000] "GET /?e=58285193041000&mod=5f0ad4db&uri=info.php%3Fid%3D1945008-949%26name%3Dwomen%27s+softshell+pants HTTP/1.1" 200 39915 "-" "Mozilla/5.0 (Linux; Android 6.0.1; Nexus 5X Build/MMB29P) AppleWebKit/537.36 (KHTML, like Gecko) Chrome/137.0.7151.103 Mobile Safari/537.36 (compatible; Googlebot/2.1; +http://www.google.com/bot.html)"
66.249.73.234 - - [15/Jul/2025:12:50:05 +0000] "GET /item/camp12028352/ HTTP/1.1" 200 39930 "-" "Mozilla/5.0 (Linux; Android 6.0.1; Nexus 5X Build/MMB29P) AppleWebKit/537.36 (KHTML, like Gecko) Chrome/137.0.7151.103 Mobile Safari/537.36 (compatible; GoogleOther)"
66.249.73.236 - - [15/Jul/2025:12:50:06 +0000] "POST /get-message-notify HTTP/1.1" 200 40088 "https://cyber-secure.com.au/?e=58229992131000&mod=619205da&uri=shop.php%3Fid%3D1943164-233%26name%3Dmarcas+de+playeras+de+hombre" "Mozilla/5.0 (Linux; Android 6.0.1; Nexus 5X Build/MMB29P) AppleWebKit/537.36 (KHTML, like Gecko) Chrome/137.0.7151.119 Mobile Safari/537.36 (compatible; Googlebot/2.1; +http://www.google.com/bot.html)"
66.249.73.236 - - [15/Jul/2025:12:50:06 +0000] "GET /?e=58281143071000&mod=b6edc1cd&uri=search.php%3Fid%3D1944873-81%26name%3Dsedie+vestite+ikea HTTP/1.1" 200 39922 "-" "Mozilla/5.0 (Linux; Android 6.0.1; Nexus 5X Build/MMB29P) AppleWebKit/537.36 (KHTML, like Gecko) Chrome/137.0.7151.103 Mobile Safari/537.36 (compatible; Googlebot/2.1; +http://www.google.com/bot.html)"
209.74.77.214 - - [15/Jul/2025:12:50:07 +0000] "POST /wp-cron.php?doing_wp_cron=1752583807.9664011001586914062500 HTTP/1.1" 200 - "-" "WordPress/6.8.1; https://cyber-secure.com.au"
66.249.73.234 - - [15/Jul/2025:12:50:07 +0000] "GET /?e=58298873031000&mod=5f0ad4db&uri=article.php%3Fid%3D1945464-949%26name%3Dcanada+goose+mens+clothing HTTP/1.1" 200 40004 "-" "Mozilla/5.0 (Linux; Android 6.0.1; Nexus 5X Build/MMB29P) AppleWebKit/537.36 (KHTML, like Gecko) Chrome/137.0.7151.103 Mobile Safari/537.36 (compatible; Googlebot/2.1; +http://www.google.com/bot.html)"
206.189.157.35 - - [15/Jul/2025:12:50:07 +0000] "GET / HTTP/1.1" 200 26107 "209.74.77.214" "Mozilla/5.0 (Windows NT 6.1; WOW64; rv:59.0) Gecko/20100101 Firefox/59.0"
37.39.106.77 - - [15/Jul/2025:12:50:08 +0000] "GET /?e=71624931051000&mod=fc4c9c4f&uri=news.php%3Fid%3D2390192-1413%26name%3Dzapatillas%20con%20ca%C3%83%C2%B1a%20mujer%20chile HTTP/1.1" 200 26104 "-" "Opera/9.51 (Windows NT 5.1; U; en-GB)"
66.249.73.235 - - [15/Jul/2025:12:50:08 +0000] "GET /item/arous61494461/ HTTP/1.1" 200 39794 "-" "Mozilla/5.0 (Linux; Android 6.0.1; Nexus 5X Build/MMB29P) AppleWebKit/537.36 (KHTML, like Gecko) Chrome/137.0.7151.103 Mobile Safari/537.36 (compatible; GoogleOther)"
66.249.73.234 - - [15/Jul/2025:12:50:09 +0000] "GET /?e=6744628031000&mod=619205da&uri=products.php%3Fid%3D225253-233%26name%3Dcrop+top+falda+larga+fiesta HTTP/1.1" 200 39895 "-" "Mozilla/5.0 (Linux; Android 6.0.1; Nexus 5X Build/MMB29P) AppleWebKit/537.36 (KHTML, like Gecko) Chrome/137.0.7151.103 Mobile Safari/537.36 (compatible; Googlebot/2.1; +http://www.google.com/bot.html)"
66.249.73.235 - - [15/Jul/2025:12:50:10 +0000] "GET /?e=58299413061000&mod=5f0ad4db&uri=info.php%3Fid%3D1945482-949%26name%3Dnorth+face+coat HTTP/1.1" 200 39903 "-" "Mozilla/5.0 (Linux; Android 6.0.1; Nexus 5X Build/MMB29P) AppleWebKit/537.36 (KHTML, like Gecko) Chrome/137.0.7151.103 Mobile Safari/537.36 (compatible; Googlebot/2.1; +http://www.google.com/bot.html)"
66.249.73.234 - - [15/Jul/2025:12:50:11 +0000] "GET /item/sail30868738/ HTTP/1.1" 200 40328 "-" "Mozilla/5.0 (Linux; Android 6.0.1; Nexus 5X Build/MMB29P) AppleWebKit/537.36 (KHTML, like Gecko) Chrome/137.0.7151.103 Mobile Safari/537.36 (compatible; GoogleOther)"
37.39.106.77 - - [15/Jul/2025:12:50:12 +0000] "GET /?e=71624931051000'[0]&mod=fc4c9c4f&uri=news.php?id=2390192-1413&name=zapatillas%20con%20ca\xc3\x83\xc2\xb1a%20mujer%20chile HTTP/1.1" 404 18303 "-" "Opera/9.51 (Windows NT 5.1; U; en-GB)"
66.249.73.233 - - [15/Jul/2025:12:50:12 +0000] "GET /?e=58296443031000&mod=5f0ad4db&uri=info.php%3Fid%3D1945383-949%26name%3Dsandro+coats+sale HTTP/1.1" 200 39992 "-" "Mozilla/5.0 (Linux; Android 6.0.1; Nexus 5X Build/MMB29P) AppleWebKit/537.36 (KHTML, like Gecko) Chrome/137.0.7151.103 Mobile Safari/537.36 (compatible; Googlebot/2.1; +http://www.google.com/bot.html)"
209.74.77.214 - - [15/Jul/2025:12:50:14 +0000] "POST /wp-cron.php?doing_wp_cron=1752583814.4799180030822753906250 HTTP/1.1" 200 - "-" "WordPress/6.8.1; https://cyber-secure.com.au"
159.65.145.34 - - [15/Jul/2025:12:50:14 +0000] "GET /wp-json/ HTTP/1.1" 200 15737 "-" "Mozilla/5.0 (Windows NT 6.1; WOW64; rv:59.0) Gecko/20100101 Firefox/59.0"
66.249.73.234 - - [15/Jul/2025:12:50:14 +0000] "POST /get-message-notify HTTP/1.1" 200 40023 "https://cyber-secure.com.au/?e=6744628031000&mod=619205da&uri=products.php%3Fid%3D225253-233%26name%3Dcrop+top+falda+larga+fiesta" "Mozilla/5.0 (Linux; Android 6.0.1; Nexus 5X Build/MMB29P) AppleWebKit/537.36 (KHTML, like Gecko) Chrome/137.0.7151.119 Mobile Safari/537.36 (compatible; Googlebot/2.1; +http://www.google.com/bot.html)"
209.74.77.214 - - [15/Jul/2025:12:50:14 +0000] "POST /wp-admin/admin-ajax.php?action=async_litespeed&nonce=rydtasWQ95zZDvIpiYwoxnTIjjiHE1FE&litespeed_type=imgoptm HTTP/1.1" 200 21 "-" "WordPress/6.8.1; https://cyber-secure.com.au"
66.249.73.233 - - [15/Jul/2025:12:50:14 +0000] "GET /?e=58232932041000&mod=619205da&uri=shared.php%3Fid%3D1943262-233%26name%3Dpantalon+naranja+hombre+combinaciones HTTP/1.1" 200 39851 "-" "Mozilla/5.0 (Linux; Android 6.0.1; Nexus 5X Build/MMB29P) AppleWebKit/537.36 (KHTML, like Gecko) Chrome/137.0.7151.103 Mobile Safari/537.36 (compatible; Googlebot/2.1; +http://www.google.com/bot.html)"
66.249.73.234 - - [15/Jul/2025:12:50:15 +0000] "POST /get-message-notify HTTP/1.1" 200 40109 "https://cyber-secure.com.au/?e=58299413061000&mod=5f0ad4db&uri=info.php%3Fid%3D1945482-949%26name%3Dnorth+face+coat" "Mozilla/5.0 (Linux; Android 6.0.1; Nexus 5X Build/MMB29P) AppleWebKit/537.36 (KHTML, like Gecko) Chrome/137.0.7151.119 Mobile Safari/537.36 (compatible; Googlebot/2.1; +http://www.google.com/bot.html)"
37.39.106.77 - - [15/Jul/2025:12:50:16 +0000] "GET /?e=71624931051000&mod=fc4c9c4f'[0]&uri=news.php?id=2390192-1413&name=zapatillas%20con%20ca\xc3\x83\xc2\xb1a%20mujer%20chile HTTP/1.1" 404 18304 "-" "Opera/9.51 (Windows NT 5.1; U; en-GB)"
66.249.73.233 - - [15/Jul/2025:12:50:17 +0000] "GET /?e=3715570001000&mod=619205da&uri=blog.php%3Fid%3D124016-233%26name%3Dtipos+de+tela+de+mezclilla HTTP/1.1" 200 39848 "-" "Mozilla/5.0 (Linux; Android 6.0.1; Nexus 5X Build/MMB29P) AppleWebKit/537.36 (KHTML, like Gecko) Chrome/137.0.7151.103 Mobile Safari/537.36 (compatible; Googlebot/2.1; +http://www.google.com/bot.html)"
