66.249.73.233 - - [15/Jul/2025:13:12:13 +0000] "GET /item/deepe82102447/ HTTP/1.1" 200 39815 "-" "Mozilla/5.0 (Linux; Android 6.0.1; Nexus 5X Build/MMB29P) AppleWebKit/537.36 (KHTML, like Gecko) Chrome/137.0.7151.103 Mobile Safari/537.36 (compatible; GoogleOther)"
66.249.73.233 - - [15/Jul/2025:13:12:14 +0000] "GET /?e=19717320091000&mod=f7cade80&uri=shop.php%3Fid%3D658189-121%26name%3Dmust+parfum+homme HTTP/1.1" 200 39908 "-" "Mozilla/5.0 (Linux; Android 6.0.1; Nexus 5X Build/MMB29P) AppleWebKit/537.36 (KHTML, like Gecko) Chrome/137.0.7151.103 Mobile Safari/537.36 (compatible; Googlebot/2.1; +http://www.google.com/bot.html)"
66.249.73.233 - - [15/Jul/2025:13:12:18 +0000] "POST /get-message-notify HTTP/1.1" 200 40040 "https://cyber-secure.com.au/?e=19672257061000&mod=b7c13b0a&uri=brands.php%3Fid%3D656686-751%26name%3Dbolsos+el+corte+ingles+carolina+herrera" "Mozilla/5.0 (Linux; Android 6.0.1; Nexus 5X Build/MMB29P) AppleWebKit/537.36 (KHTML, like Gecko) Chrome/137.0.7151.119 Mobile Safari/537.36 (compatible; Googlebot/2.1; +http://www.google.com/bot.html)"
66.249.73.233 - - [15/Jul/2025:13:12:20 +0000] "GET /item/propo50930364/ HTTP/1.1" 200 41290 "-" "Mozilla/5.0 (Linux; Android 6.0.1; Nexus 5X Build/MMB29P) AppleWebKit/537.36 (KHTML, like Gecko) Chrome/137.0.7151.103 Mobile Safari/537.36 (compatible; GoogleOther)"
66.249.73.233 - - [15/Jul/2025:13:12:21 +0000] "POST /get-message-notify HTTP/1.1" 200 40090 "https://cyber-secure.com.au/?e=19717320091000&mod=f7cade80&uri=shop.php%3Fid%3D658189-121%26name%3Dmust+parfum+homme" "Mozilla/5.0 (Linux; Android 6.0.1; Nexus 5X Build/MMB29P) AppleWebKit/537.36 (KHTML, like Gecko) Chrome/137.0.7151.119 Mobile Safari/537.36 (compatible; Googlebot/2.1; +http://www.google.com/bot.html)"
66.249.73.234 - - [15/Jul/2025:13:12:26 +0000] "GET /item/edge70048150/ HTTP/1.1" 200 40157 "-" "Mozilla/5.0 (Linux; Android 6.0.1; Nexus 5X Build/MMB29P) AppleWebKit/537.36 (KHTML, like Gecko) Chrome/137.0.7151.103 Mobile Safari/537.36 (compatible; GoogleOther)"
66.249.73.234 - - [15/Jul/2025:13:12:27 +0000] "GET /?e=19702817051000&mod=b7c13b0a&uri=news.php%3Fid%3D657705-751%26name%3Dbolsa+playa+mr+wonderful HTTP/1.1" 200 39910 "-" "Mozilla/5.0 (Linux; Android 6.0.1; Nexus 5X Build/MMB29P) AppleWebKit/537.36 (KHTML, like Gecko) Chrome/137.0.7151.103 Mobile Safari/537.36 (compatible; Googlebot/2.1; +http://www.google.com/bot.html)"
66.249.73.233 - - [15/Jul/2025:13:12:28 +0000] "GET /?e=19718310021000&mod=2b38c2df&uri=blog.php%3Fid%3D658222-115%26name%3Dles+chemises HTTP/1.1" 200 39971 "-" "Mozilla/5.0 (Linux; Android 6.0.1; Nexus 5X Build/MMB29P) AppleWebKit/537.36 (KHTML, like Gecko) Chrome/137.0.7151.103 Mobile Safari/537.36 (compatible; Googlebot/2.1; +http://www.google.com/bot.html)"
66.249.73.233 - - [15/Jul/2025:13:12:29 +0000] "GET /?e=19719660011000&mod=f7cade80&uri=us.php%3Fid%3D658267-121%26name%3Dparfum+homme+cdiscount HTTP/1.1" 200 39887 "-" "Mozilla/5.0 (Linux; Android 6.0.1; Nexus 5X Build/MMB29P) AppleWebKit/537.36 (KHTML, like Gecko) Chrome/137.0.7151.103 Mobile Safari/537.36 (compatible; Googlebot/2.1; +http://www.google.com/bot.html)"
66.249.73.233 - - [15/Jul/2025:13:12:31 +0000] "POST /get-message-notify HTTP/1.1" 200 40090 "https://cyber-secure.com.au/?e=19715340031000&mod=f7cade80&uri=product.php%3Fid%3D658123-121%26name%3Dmeilleur+parfum+sucr%C3%83%C2%A9+femme" "Mozilla/5.0 (Linux; Android 6.0.1; Nexus 5X Build/MMB29P) AppleWebKit/537.36 (KHTML, like Gecko) Chrome/137.0.7151.119 Mobile Safari/537.36 (compatible; Googlebot/2.1; +http://www.google.com/bot.html)"
66.249.73.233 - - [15/Jul/2025:13:12:32 +0000] "POST /get-message-notify HTTP/1.1" 200 40012 "https://cyber-secure.com.au/?e=19719660011000&mod=f7cade80&uri=us.php%3Fid%3D658267-121%26name%3Dparfum+homme+cdiscount" "Mozilla/5.0 (Linux; Android 6.0.1; Nexus 5X Build/MMB29P) AppleWebKit/537.36 (KHTML, like Gecko) Chrome/137.0.7151.119 Mobile Safari/537.36 (compatible; Googlebot/2.1; +http://www.google.com/bot.html)"
66.249.73.233 - - [15/Jul/2025:13:12:33 +0000] "GET /item/walle61281421/ HTTP/1.1" 200 40072 "-" "Mozilla/5.0 (Linux; Android 6.0.1; Nexus 5X Build/MMB29P) AppleWebKit/537.36 (KHTML, like Gecko) Chrome/137.0.7151.103 Mobile Safari/537.36 (compatible; GoogleOther)"
66.249.73.233 - - [15/Jul/2025:13:12:40 +0000] "GET /item/army30368634/ HTTP/1.1" 200 41044 "-" "Mozilla/5.0 (Linux; Android 6.0.1; Nexus 5X Build/MMB29P) AppleWebKit/537.36 (KHTML, like Gecko) Chrome/137.0.7151.103 Mobile Safari/537.36 (compatible; GoogleOther)"
66.249.73.233 - - [15/Jul/2025:13:12:41 +0000] "POST /get-message-notify HTTP/1.1" 200 39949 "https://cyber-secure.com.au/?e=99541851011000&mod=9ee70b79&uri=shared.php%3Fid%3D3321965-437%26name%3Dnickelodeon+croc+charms" "Mozilla/5.0 (Linux; Android 6.0.1; Nexus 5X Build/MMB29P) AppleWebKit/537.36 (KHTML, like Gecko) Chrome/137.0.7151.119 Mobile Safari/537.36 (compatible; Googlebot/2.1; +http://www.google.com/bot.html)"
66.249.73.233 - - [15/Jul/2025:13:12:41 +0000] "POST /get-message-notify HTTP/1.1" 200 40123 "https://cyber-secure.com.au/?e=19758749031000&mod=e698959e&uri=goods.php%3Fid%3D659570-752%26name%3Dplaid+thong" "Mozilla/5.0 (Linux; Android 6.0.1; Nexus 5X Build/MMB29P) AppleWebKit/537.36 (KHTML, like Gecko) Chrome/137.0.7151.119 Mobile Safari/537.36 (compatible; Googlebot/2.1; +http://www.google.com/bot.html)"
66.249.73.234 - - [15/Jul/2025:13:12:43 +0000] "GET /item/his81948319/ HTTP/1.1" 200 41020 "-" "Mozilla/5.0 (Linux; Android 6.0.1; Nexus 5X Build/MMB29P) AppleWebKit/537.36 (KHTML, like Gecko) Chrome/137.0.7151.103 Mobile Safari/537.36 (compatible; GoogleOther)"
66.249.73.235 - - [15/Jul/2025:13:12:47 +0000] "GET /item/die80716583/ HTTP/1.1" 200 40172 "-" "Mozilla/5.0 (Linux; Android 6.0.1; Nexus 5X Build/MMB29P) AppleWebKit/537.36 (KHTML, like Gecko) Chrome/137.0.7151.103 Mobile Safari/537.36 (compatible; GoogleOther)"
66.249.73.233 - - [15/Jul/2025:13:12:47 +0000] "POST /get-message-notify HTTP/1.1" 200 40092 "https://cyber-secure.com.au/item/consu71525934/" "Mozilla/5.0 (Linux; Android 6.0.1; Nexus 5X Build/MMB29P) AppleWebKit/537.36 (KHTML, like Gecko) Chrome/137.0.7151.119 Mobile Safari/537.36 (compatible; Googlebot/2.1; +http://www.google.com/bot.html)"
66.249.73.234 - - [15/Jul/2025:13:12:49 +0000] "GET /?e=19668691011000&mod=b7c13b0a&uri=us.php%3Fid%3D656567-751%26name%3Dbolso+cubo HTTP/1.1" 200 39942 "-" "Mozilla/5.0 (Linux; Android 6.0.1; Nexus 5X Build/MMB29P) AppleWebKit/537.36 (KHTML, like Gecko) Chrome/137.0.7151.103 Mobile Safari/537.36 (compatible; Googlebot/2.1; +http://www.google.com/bot.html)"
66.249.73.234 - - [15/Jul/2025:13:12:50 +0000] "GET /?e=19717950001000&mod=f7cade80&uri=article.php%3Fid%3D658210-121%26name%3Dparfum+balenciaga+homme HTTP/1.1" 200 40045 "-" "Mozilla/5.0 (Linux; Android 6.0.1; Nexus 5X Build/MMB29P) AppleWebKit/537.36 (KHTML, like Gecko) Chrome/137.0.7151.103 Mobile Safari/537.36 (compatible; Googlebot/2.1; +http://www.google.com/bot.html)"
66.249.73.234 - - [15/Jul/2025:13:12:51 +0000] "POST /get-message-notify HTTP/1.1" 200 40015 "https://cyber-secure.com.au/item/blaze70423622/" "Mozilla/5.0 (Linux; Android 6.0.1; Nexus 5X Build/MMB29P) AppleWebKit/537.36 (KHTML, like Gecko) Chrome/137.0.7151.119 Mobile Safari/537.36 (compatible; Googlebot/2.1; +http://www.google.com/bot.html)"
66.249.73.235 - - [15/Jul/2025:13:12:52 +0000] "GET /?e=19720380011000&mod=f7cade80&uri=blog.php%3Fid%3D658291-121%26name%3Dusine+lacoste+france HTTP/1.1" 200 40042 "-" "Mozilla/5.0 (Linux; Android 6.0.1; Nexus 5X Build/MMB29P) AppleWebKit/537.36 (KHTML, like Gecko) Chrome/137.0.7151.103 Mobile Safari/537.36 (compatible; Googlebot/2.1; +http://www.google.com/bot.html)"
66.249.73.235 - - [15/Jul/2025:13:12:54 +0000] "GET /?e=19718940031000&mod=f7cade80&uri=products.php%3Fid%3D658243-121%26name%3Dparfum+caramel+femme HTTP/1.1" 200 39946 "-" "Mozilla/5.0 (Linux; Android 6.0.1; Nexus 5X Build/MMB29P) AppleWebKit/537.36 (KHTML, like Gecko) Chrome/137.0.7151.103 Mobile Safari/537.36 (compatible; Googlebot/2.1; +http://www.google.com/bot.html)"
66.249.73.233 - - [15/Jul/2025:13:12:55 +0000] "GET /item/shop51540060/ HTTP/1.1" 200 39763 "-" "Mozilla/5.0 (Linux; Android 6.0.1; Nexus 5X Build/MMB29P) AppleWebKit/537.36 (KHTML, like Gecko) Chrome/137.0.7151.103 Mobile Safari/537.36 (compatible; GoogleOther)"
66.249.73.234 - - [15/Jul/2025:13:12:55 +0000] "POST /get-message-notify HTTP/1.1" 200 40073 "https://cyber-secure.com.au/?e=19717950001000&mod=f7cade80&uri=article.php%3Fid%3D658210-121%26name%3Dparfum+balenciaga+homme" "Mozilla/5.0 (Linux; Android 6.0.1; Nexus 5X Build/MMB29P) AppleWebKit/537.36 (KHTML, like Gecko) Chrome/137.0.7151.119 Mobile Safari/537.36 (compatible; Googlebot/2.1; +http://www.google.com/bot.html)"
66.249.73.236 - - [15/Jul/2025:13:12:58 +0000] "GET /item/sum70651542/ HTTP/1.1" 200 40610 "-" "Mozilla/5.0 (Linux; Android 6.0.1; Nexus 5X Build/MMB29P) AppleWebKit/537.36 (KHTML, like Gecko) Chrome/137.0.7151.103 Mobile Safari/537.36 (compatible; GoogleOther)"
66.249.73.234 - - [15/Jul/2025:13:12:59 +0000] "POST /get-message-notify HTTP/1.1" 200 39965 "https://cyber-secure.com.au/?e=19702817051000&mod=b7c13b0a&uri=news.php%3Fid%3D657705-751%26name%3Dbolsa+playa+mr+wonderful" "Mozilla/5.0 (Linux; Android 6.0.1; Nexus 5X Build/MMB29P) AppleWebKit/537.36 (KHTML, like Gecko) Chrome/137.0.7151.119 Mobile Safari/537.36 (compatible; Googlebot/2.1; +http://www.google.com/bot.html)"
66.249.73.234 - - [15/Jul/2025:13:13:01 +0000] "GET /item/cruel41817267/ HTTP/1.1" 200 40019 "-" "Mozilla/5.0 (Linux; Android 6.0.1; Nexus 5X Build/MMB29P) AppleWebKit/537.36 (KHTML, like Gecko) Chrome/137.0.7151.103 Mobile Safari/537.36 (compatible; GoogleOther)"
66.249.73.233 - - [15/Jul/2025:13:13:03 +0000] "GET /?e=19715520041000&mod=f7cade80&uri=search.php%3Fid%3D658129-121%26name%3Dazzaro+femme+pour+elle HTTP/1.1" 200 39936 "-" "Mozilla/5.0 (Linux; Android 6.0.1; Nexus 5X Build/MMB29P) AppleWebKit/537.36 (KHTML, like Gecko) Chrome/137.0.7151.103 Mobile Safari/537.36 (compatible; Googlebot/2.1; +http://www.google.com/bot.html)"
66.249.73.233 - - [15/Jul/2025:13:13:04 +0000] "GET /?e=19719930011000&mod=2b38c2df&uri=itm.php%3Fid%3D658276-115%26name%3Dbonnet+homme+luxe HTTP/1.1" 200 39911 "-" "Mozilla/5.0 (Linux; Android 6.0.1; Nexus 5X Build/MMB29P) AppleWebKit/537.36 (KHTML, like Gecko) Chrome/137.0.7151.103 Mobile Safari/537.36 (compatible; Googlebot/2.1; +http://www.google.com/bot.html)"
66.249.73.234 - - [15/Jul/2025:13:13:06 +0000] "GET /?e=19717860021000&mod=f7cade80&uri=itm.php%3Fid%3D658207-121%26name%3Dnouveau+parfum+kenzo+homme HTTP/1.1" 200 40019 "-" "Mozilla/5.0 (Linux; Android 6.0.1; Nexus 5X Build/MMB29P) AppleWebKit/537.36 (KHTML, like Gecko) Chrome/137.0.7151.103 Mobile Safari/537.36 (compatible; Googlebot/2.1; +http://www.google.com/bot.html)"
66.249.73.234 - - [15/Jul/2025:13:13:09 +0000] "GET /item/morni50397028/ HTTP/1.1" 200 40460 "-" "Mozilla/5.0 (Linux; Android 6.0.1; Nexus 5X Build/MMB29P) AppleWebKit/537.36 (KHTML, like Gecko) Chrome/137.0.7151.103 Mobile Safari/537.36 (compatible; GoogleOther)"
66.249.73.234 - - [15/Jul/2025:13:13:10 +0000] "POST /get-message-notify HTTP/1.1" 200 40134 "https://cyber-secure.com.au/?e=19715250001000&mod=f7cade80&uri=brands.php%3Fid%3D658120-121%26name%3Dparfum+des+femmes" "Mozilla/5.0 (Linux; Android 6.0.1; Nexus 5X Build/MMB29P) AppleWebKit/537.36 (KHTML, like Gecko) Chrome/137.0.7151.119 Mobile Safari/537.36 (compatible; Googlebot/2.1; +http://www.google.com/bot.html)"
66.249.73.233 - - [15/Jul/2025:13:13:13 +0000] "GET /?e=19670011061000&mod=b7c13b0a&uri=shop.php%3Fid%3D656611-751%26name%3Dbolsos+hombre+peque%C3%83%C2%B1os HTTP/1.1" 200 40044 "-" "Mozilla/5.0 (Linux; Android 6.0.1; Nexus 5X Build/MMB29P) AppleWebKit/537.36 (KHTML, like Gecko) Chrome/137.0.7151.103 Mobile Safari/537.36 (compatible; Googlebot/2.1; +http://www.google.com/bot.html)"
66.249.73.233 - - [15/Jul/2025:13:13:14 +0000] "GET /item/divin72134294/ HTTP/1.1" 200 40036 "-" "Mozilla/5.0 (Linux; Android 6.0.1; Nexus 5X Build/MMB29P) AppleWebKit/537.36 (KHTML, like Gecko) Chrome/137.0.7151.103 Mobile Safari/537.36 (compatible; GoogleOther)"
66.249.73.233 - - [15/Jul/2025:13:13:14 +0000] "GET /?e=34644002061000&mod=7cc23420&uri=category-info.php%3Fid%3D1156298-247%26name%3Dhuawei+glass+screen+protector HTTP/1.1" 200 39919 "-" "Mozilla/5.0 (Linux; Android 6.0.1; Nexus 5X Build/MMB29P) AppleWebKit/537.36 (KHTML, like Gecko) Chrome/137.0.7151.103 Mobile Safari/537.36 (compatible; Googlebot/2.1; +http://www.google.com/bot.html)"
66.249.73.233 - - [15/Jul/2025:13:13:16 +0000] "GET /?e=76172206101000&mod=9a02387b&uri=search.php%3Fid%3D2541944-479%26name%3Dconjuntos+de+ropa+con+pantalon+negro HTTP/1.1" 200 39877 "-" "Mozilla/5.0 (Linux; Android 6.0.1; Nexus 5X Build/MMB29P) AppleWebKit/537.36 (KHTML, like Gecko) Chrome/137.0.7151.103 Mobile Safari/537.36 (compatible; Googlebot/2.1; +http://www.google.com/bot.html)"
66.249.73.234 - - [15/Jul/2025:13:13:17 +0000] "POST /get-message-notify HTTP/1.1" 200 40132 "https://cyber-secure.com.au/?e=19718940031000&mod=f7cade80&uri=products.php%3Fid%3D658243-121%26name%3Dparfum+caramel+femme" "Mozilla/5.0 (Linux; Android 6.0.1; Nexus 5X Build/MMB29P) AppleWebKit/537.36 (KHTML, like Gecko) Chrome/137.0.7151.119 Mobile Safari/537.36 (compatible; Googlebot/2.1; +http://www.google.com/bot.html)"
66.249.73.233 - - [15/Jul/2025:13:13:17 +0000] "GET /?e=85887289021000&mod=6d0f8463&uri=shared.php%3Fid%3D2866194-92%26name%3Dbest+movies+free+on+prime+right+now HTTP/1.1" 200 39904 "-" "Mozilla/5.0 (Linux; Android 6.0.1; Nexus 5X Build/MMB29P) AppleWebKit/537.36 (KHTML, like Gecko) Chrome/137.0.7151.103 Mobile Safari/537.36 (compatible; Googlebot/2.1; +http://www.google.com/bot.html)"
66.249.73.234 - - [15/Jul/2025:13:13:19 +0000] "POST /get-message-notify HTTP/1.1" 200 39951 "https://cyber-secure.com.au/item/colla51675332/" "Mozilla/5.0 (Linux; Android 6.0.1; Nexus 5X Build/MMB29P) AppleWebKit/537.36 (KHTML, like Gecko) Chrome/137.0.7151.119 Mobile Safari/537.36 (compatible; Googlebot/2.1; +http://www.google.com/bot.html)"
66.249.73.233 - - [15/Jul/2025:13:13:20 +0000] "GET /item/dead82616471/ HTTP/1.1" 200 39729 "-" "Mozilla/5.0 (Linux; Android 6.0.1; Nexus 5X Build/MMB29P) AppleWebKit/537.36 (KHTML, like Gecko) Chrome/137.0.7151.103 Mobile Safari/537.36 (compatible; GoogleOther)"
66.249.73.233 - - [15/Jul/2025:13:13:27 +0000] "GET /?e=70441288071000&mod=3a2a9aef&uri=search.php%3Fid%3D2350697-532%26name%3Dcompromiso+antes+del+matrimonio HTTP/1.1" 200 39951 "-" "Mozilla/5.0 (Linux; Android 6.0.1; Nexus 5X Build/MMB29P) AppleWebKit/537.36 (KHTML, like Gecko) Chrome/137.0.7151.103 Mobile Safari/537.36 (compatible; Googlebot/2.1; +http://www.google.com/bot.html)"
66.249.73.233 - - [15/Jul/2025:13:13:27 +0000] "GET /item/tempe42369251/ HTTP/1.1" 200 40310 "-" "Mozilla/5.0 (Linux; Android 6.0.1; Nexus 5X Build/MMB29P) AppleWebKit/537.36 (KHTML, like Gecko) Chrome/137.0.7151.103 Mobile Safari/537.36 (compatible; GoogleOther)"
66.249.73.234 - - [15/Jul/2025:13:13:31 +0000] "GET /?e=85789511041000&mod=ea96efc0&uri=dp.php%3Fid%3D2862934-441%26name%3D4t+jacket HTTP/1.1" 200 39858 "-" "Mozilla/5.0 (Linux; Android 6.0.1; Nexus 5X Build/MMB29P) AppleWebKit/537.36 (KHTML, like Gecko) Chrome/137.0.7151.103 Mobile Safari/537.36 (compatible; Googlebot/2.1; +http://www.google.com/bot.html)"
66.249.73.234 - - [15/Jul/2025:13:13:33 +0000] "POST /get-message-notify HTTP/1.1" 200 40058 "https://cyber-secure.com.au/?e=76172206101000&mod=9a02387b&uri=search.php%3Fid%3D2541944-479%26name%3Dconjuntos+de+ropa+con+pantalon+negro" "Mozilla/5.0 (Linux; Android 6.0.1; Nexus 5X Build/MMB29P) AppleWebKit/537.36 (KHTML, like Gecko) Chrome/137.0.7151.119 Mobile Safari/537.36 (compatible; Googlebot/2.1; +http://www.google.com/bot.html)"
66.249.73.234 - - [15/Jul/2025:13:13:34 +0000] "GET /item/langu42400715/ HTTP/1.1" 200 40372 "-" "Mozilla/5.0 (Linux; Android 6.0.1; Nexus 5X Build/MMB29P) AppleWebKit/537.36 (KHTML, like Gecko) Chrome/137.0.7151.103 Mobile Safari/537.36 (compatible; GoogleOther)"
66.249.73.233 - - [15/Jul/2025:13:13:38 +0000] "GET /?e=70452766001000&mod=3a2a9aef&uri=news.php%3Fid%3D2351080-532%26name%3Danillo+pluma+de+angel HTTP/1.1" 200 39883 "-" "Mozilla/5.0 (Linux; Android 6.0.1; Nexus 5X Build/MMB29P) AppleWebKit/537.36 (KHTML, like Gecko) Chrome/137.0.7151.103 Mobile Safari/537.36 (compatible; Googlebot/2.1; +http://www.google.com/bot.html)"
66.249.73.234 - - [15/Jul/2025:13:13:39 +0000] "GET /?e=85887559031000&mod=3fa14621&uri=products.php%3Fid%3D2866203-394%26name%3Dbosch+tassimo+red+lights+flashing HTTP/1.1" 200 39976 "-" "Mozilla/5.0 (Linux; Android 6.0.1; Nexus 5X Build/MMB29P) AppleWebKit/537.36 (KHTML, like Gecko) Chrome/137.0.7151.103 Mobile Safari/537.36 (compatible; Googlebot/2.1; +http://www.google.com/bot.html)"
66.249.73.233 - - [15/Jul/2025:13:13:40 +0000] "GET /item/usefu21604281/ HTTP/1.1" 200 40728 "-" "Mozilla/5.0 (Linux; Android 6.0.1; Nexus 5X Build/MMB29P) AppleWebKit/537.36 (KHTML, like Gecko) Chrome/137.0.7151.103 Mobile Safari/537.36 (compatible; GoogleOther)"
66.249.73.233 - - [15/Jul/2025:13:13:41 +0000] "GET /?e=33263785011000&mod=7a677bb4&uri=itm.php%3Fid%3D1110221-1032%26name%3Dphoto+banane+wala+camera HTTP/1.1" 200 39908 "-" "Mozilla/5.0 (Linux; Android 6.0.1; Nexus 5X Build/MMB29P) AppleWebKit/537.36 (KHTML, like Gecko) Chrome/137.0.7151.103 Mobile Safari/537.36 (compatible; Googlebot/2.1; +http://www.google.com/bot.html)"
66.249.73.233 - - [15/Jul/2025:13:13:42 +0000] "POST /get-message-notify HTTP/1.1" 200 39942 "https://cyber-secure.com.au/item/robe41903931/" "Mozilla/5.0 (Linux; Android 6.0.1; Nexus 5X Build/MMB29P) AppleWebKit/537.36 (KHTML, like Gecko) Chrome/137.0.7151.119 Mobile Safari/537.36 (compatible; Googlebot/2.1; +http://www.google.com/bot.html)"
66.249.73.234 - - [15/Jul/2025:13:13:45 +0000] "GET /?e=85743911041000&mod=3a2a9aef&uri=search.php%3Fid%3D2861414-532%26name%3Dcomo+funciona+el+nuvaring HTTP/1.1" 200 39885 "-" "Mozilla/5.0 (Linux; Android 6.0.1; Nexus 5X Build/MMB29P) AppleWebKit/537.36 (KHTML, like Gecko) Chrome/137.0.7151.103 Mobile Safari/537.36 (compatible; Googlebot/2.1; +http://www.google.com/bot.html)"
66.249.73.235 - - [15/Jul/2025:13:13:46 +0000] "GET /?e=85885399031000&mod=3fa14621&uri=dp.php%3Fid%3D2866131-394%26name%3Dlelit+bianca+specs HTTP/1.1" 200 39922 "-" "Mozilla/5.0 (Linux; Android 6.0.1; Nexus 5X Build/MMB29P) AppleWebKit/537.36 (KHTML, like Gecko) Chrome/137.0.7151.103 Mobile Safari/537.36 (compatible; Googlebot/2.1; +http://www.google.com/bot.html)"
66.249.73.233 - - [15/Jul/2025:13:13:47 +0000] "POST /get-message-notify HTTP/1.1" 200 40074 "https://cyber-secure.com.au/item/glanc10930808/" "Mozilla/5.0 (Linux; Android 6.0.1; Nexus 5X Build/MMB29P) AppleWebKit/537.36 (KHTML, like Gecko) Chrome/137.0.7151.119 Mobile Safari/537.36 (compatible; Googlebot/2.1; +http://www.google.com/bot.html)"
66.249.73.235 - - [15/Jul/2025:13:13:48 +0000] "GET /item/polis10707552/ HTTP/1.1" 200 40308 "-" "Mozilla/5.0 (Linux; Android 6.0.1; Nexus 5X Build/MMB29P) AppleWebKit/537.36 (KHTML, like Gecko) Chrome/137.0.7151.103 Mobile Safari/537.36 (compatible; GoogleOther)"
66.249.73.233 - - [15/Jul/2025:13:13:48 +0000] "GET /?e=85766711021000&mod=6a26c75d&uri=product.php%3Fid%3D2862174-1036%26name%3Dcoach+crossbody+purse+clearance HTTP/1.1" 200 39879 "-" "Mozilla/5.0 (Linux; Android 6.0.1; Nexus 5X Build/MMB29P) AppleWebKit/537.36 (KHTML, like Gecko) Chrome/137.0.7151.103 Mobile Safari/537.36 (compatible; Googlebot/2.1; +http://www.google.com/bot.html)"
66.249.73.233 - - [15/Jul/2025:13:13:49 +0000] "GET /?e=85886209031000&mod=3fa14621&uri=search.php%3Fid%3D2866158-394%26name%3Dvegan+meat+kabobs HTTP/1.1" 200 39837 "-" "Mozilla/5.0 (Linux; Android 6.0.1; Nexus 5X Build/MMB29P) AppleWebKit/537.36 (KHTML, like Gecko) Chrome/137.0.7151.103 Mobile Safari/537.36 (compatible; Googlebot/2.1; +http://www.google.com/bot.html)"
66.249.73.235 - - [15/Jul/2025:13:13:51 +0000] "GET /?e=85812311041000&mod=296472c9&uri=news.php%3Fid%3D2863694-207%26name%3Dreebok+question+online HTTP/1.1" 200 39879 "-" "Mozilla/5.0 (Linux; Android 6.0.1; Nexus 5X Build/MMB29P) AppleWebKit/537.36 (KHTML, like Gecko) Chrome/137.0.7151.103 Mobile Safari/537.36 (compatible; Googlebot/2.1; +http://www.google.com/bot.html)"
66.249.73.234 - - [15/Jul/2025:13:13:52 +0000] "GET /?e=85887829041000&mod=3fa14621&uri=brands.php%3Fid%3D2866212-394%26name%3Dscanomat+topbrewer+for+sale HTTP/1.1" 200 39923 "-" "Mozilla/5.0 (Linux; Android 6.0.1; Nexus 5X Build/MMB29P) AppleWebKit/537.36 (KHTML, like Gecko) Chrome/137.0.7151.103 Mobile Safari/537.36 (compatible; Googlebot/2.1; +http://www.google.com/bot.html)"
66.249.73.236 - - [15/Jul/2025:13:13:53 +0000] "GET /item/subdi21481937/ HTTP/1.1" 200 40692 "-" "Mozilla/5.0 (Linux; Android 6.0.1; Nexus 5X Build/MMB29P) AppleWebKit/537.36 (KHTML, like Gecko) Chrome/137.0.7151.103 Mobile Safari/537.36 (compatible; GoogleOther)"
66.249.73.236 - - [15/Jul/2025:13:13:54 +0000] "POST /get-message-notify HTTP/1.1" 200 39998 "https://cyber-secure.com.au/?e=85766711021000&mod=6a26c75d&uri=product.php%3Fid%3D2862174-1036%26name%3Dcoach+crossbody+purse+clearance" "Mozilla/5.0 (Linux; Android 6.0.1; Nexus 5X Build/MMB29P) AppleWebKit/537.36 (KHTML, like Gecko) Chrome/137.0.7151.119 Mobile Safari/537.36 (compatible; Googlebot/2.1; +http://www.google.com/bot.html)"
66.249.73.234 - - [15/Jul/2025:13:13:55 +0000] "GET /?e=33110942021000&mod=08f0efeb&uri=goods.php%3Fid%3D1105124-707%26name%3Dzapatos+de+verano+nike HTTP/1.1" 200 40055 "-" "Mozilla/5.0 (Linux; Android 6.0.1; Nexus 5X Build/MMB29P) AppleWebKit/537.36 (KHTML, like Gecko) Chrome/137.0.7151.103 Mobile Safari/537.36 (compatible; Googlebot/2.1; +http://www.google.com/bot.html)"
66.249.73.234 - - [15/Jul/2025:13:13:56 +0000] "GET /?e=34572649001000&mod=d01eeca8&uri=pin.php%3Fid%3D1153919-407%26name%3Dpastel+colored+sweatshirts HTTP/1.1" 200 39939 "-" "Mozilla/5.0 (Linux; Android 6.0.1; Nexus 5X Build/MMB29P) AppleWebKit/537.36 (KHTML, like Gecko) Chrome/137.0.7151.103 Mobile Safari/537.36 (compatible; GoogleOther)"
66.249.73.235 - - [15/Jul/2025:13:13:57 +0000] "GET /?e=33111782041000&mod=08f0efeb&uri=itm.php%3Fid%3D1105152-707%26name%3Dzapatos+frescos+verano+hombre HTTP/1.1" 200 39979 "-" "Mozilla/5.0 (Linux; Android 6.0.1; Nexus 5X Build/MMB29P) AppleWebKit/537.36 (KHTML, like Gecko) Chrome/137.0.7151.103 Mobile Safari/537.36 (compatible; Googlebot/2.1; +http://www.google.com/bot.html)"
66.249.73.234 - - [15/Jul/2025:13:13:58 +0000] "POST /get-message-notify HTTP/1.1" 200 40068 "https://cyber-secure.com.au/item/chair52460236/" "Mozilla/5.0 (Linux; Android 6.0.1; Nexus 5X Build/MMB29P) AppleWebKit/537.36 (KHTML, like Gecko) Chrome/137.0.7151.119 Mobile Safari/537.36 (compatible; Googlebot/2.1; +http://www.google.com/bot.html)"
66.249.73.234 - - [15/Jul/2025:13:13:59 +0000] "GET /item/rotar21867401/ HTTP/1.1" 200 39678 "-" "Mozilla/5.0 (Linux; Android 6.0.1; Nexus 5X Build/MMB29P) AppleWebKit/537.36 (KHTML, like Gecko) Chrome/137.0.7151.103 Mobile Safari/537.36 (compatible; Googlebot/2.1; +http://www.google.com/bot.html)"
66.249.73.236 - - [15/Jul/2025:13:14:00 +0000] "GET /item/cease72663006/ HTTP/1.1" 200 40344 "-" "Mozilla/5.0 (Linux; Android 6.0.1; Nexus 5X Build/MMB29P) AppleWebKit/537.36 (KHTML, like Gecko) Chrome/137.0.7151.103 Mobile Safari/537.36 (compatible; GoogleOther)"
66.249.73.235 - - [15/Jul/2025:13:14:00 +0000] "GET /?e=33111242061000&mod=08f0efeb&uri=article.php%3Fid%3D1105134-707%26name%3Dzapatilla+brooks HTTP/1.1" 200 40089 "-" "Mozilla/5.0 (Linux; Android 6.0.1; Nexus 5X Build/MMB29P) AppleWebKit/537.36 (KHTML, like Gecko) Chrome/137.0.7151.103 Mobile Safari/537.36 (compatible; Googlebot/2.1; +http://www.google.com/bot.html)"
66.249.73.233 - - [15/Jul/2025:13:14:03 +0000] "GET /item/tuiti51970212/ HTTP/1.1" 200 40278 "-" "Mozilla/5.0 (Linux; Android 6.0.1; Nexus 5X Build/MMB29P) AppleWebKit/537.36 (KHTML, like Gecko) Chrome/137.0.7151.103 Mobile Safari/537.36 (compatible; GoogleOther)"
66.249.73.233 - - [15/Jul/2025:13:14:06 +0000] "GET /?e=21432046111000&mod=e205ee2a&uri=us.php%3Fid%3D715394-91%26name%3Drevolt+advanced HTTP/1.1" 200 39965 "-" "Mozilla/5.0 (Linux; Android 6.0.1; Nexus 5X Build/MMB29P) AppleWebKit/537.36 (KHTML, like Gecko) Chrome/137.0.7151.103 Mobile Safari/537.36 (compatible; Googlebot/2.1; +http://www.google.com/bot.html)"
66.249.73.234 - - [15/Jul/2025:13:14:07 +0000] "GET /item/alway60512197/ HTTP/1.1" 200 39907 "-" "Mozilla/5.0 (Linux; Android 6.0.1; Nexus 5X Build/MMB29P) AppleWebKit/537.36 (KHTML, like Gecko) Chrome/137.0.7151.103 Mobile Safari/537.36 (compatible; GoogleOther)"
66.249.73.234 - - [15/Jul/2025:13:14:09 +0000] "POST /get-message-notify HTTP/1.1" 200 40150 "https://cyber-secure.com.au/?e=70441288071000&mod=3a2a9aef&uri=search.php%3Fid%3D2350697-532%26name%3Dcompromiso+antes+del+matrimonio" "Mozilla/5.0 (Linux; Android 6.0.1; Nexus 5X Build/MMB29P) AppleWebKit/537.36 (KHTML, like Gecko) Chrome/137.0.7151.119 Mobile Safari/537.36 (compatible; Googlebot/2.1; +http://www.google.com/bot.html)"
66.249.73.234 - - [15/Jul/2025:13:14:11 +0000] "GET /?e=33111422121000&mod=08f0efeb&uri=brands.php%3Fid%3D1105140-707%26name%3Dnike+rosa+con+verde HTTP/1.1" 200 39850 "-" "Mozilla/5.0 (Linux; Android 6.0.1; Nexus 5X Build/MMB29P) AppleWebKit/537.36 (KHTML, like Gecko) Chrome/137.0.7151.103 Mobile Safari/537.36 (compatible; Googlebot/2.1; +http://www.google.com/bot.html)"
66.249.73.233 - - [15/Jul/2025:13:14:14 +0000] "GET /item/rid71054542/ HTTP/1.1" 200 41236 "-" "Mozilla/5.0 (Linux; Android 6.0.1; Nexus 5X Build/MMB29P) AppleWebKit/537.36 (KHTML, like Gecko) Chrome/137.0.7151.103 Mobile Safari/537.36 (compatible; GoogleOther)"
209.74.77.214 - - [15/Jul/2025:13:14:21 +0000] "POST /wp-cron.php?doing_wp_cron=1752585261.8528211116790771484375 HTTP/1.1" 200 - "-" "WordPress/6.8.1; https://cyber-secure.com.au"
66.249.73.233 - - [15/Jul/2025:13:14:21 +0000] "GET /item/desir81989967/ HTTP/1.1" 200 41167 "-" "Mozilla/5.0 (Linux; Android 6.0.1; Nexus 5X Build/MMB29P) AppleWebKit/537.36 (KHTML, like Gecko) Chrome/137.0.7151.103 Mobile Safari/537.36 (compatible; GoogleOther)"
209.74.77.214 - - [15/Jul/2025:13:14:21 +0000] "POST /wp-admin/admin-ajax.php?action=async_litespeed&nonce=SNZeTp1wc0gWDezp2Dbbsmsr2v9We5Oh&litespeed_type=imgoptm HTTP/1.1" 200 21 "-" "WordPress/6.8.1; https://cyber-secure.com.au"
51.222.253.9 - - [15/Jul/2025:13:14:21 +0000] "GET /item/cabin10358488/ HTTP/1.1" 404 18304 "-" "Mozilla/5.0 (compatible; AhrefsBot/7.0; +http://ahrefs.com/robot/)"
66.249.73.233 - - [15/Jul/2025:13:14:24 +0000] "GET /item/deadl50150220/ HTTP/1.1" 200 39856 "-" "Mozilla/5.0 (Linux; Android 6.0.1; Nexus 5X Build/MMB29P) AppleWebKit/537.36 (KHTML, like Gecko) Chrome/137.0.7151.103 Mobile Safari/537.36 (compatible; GoogleOther)"
66.249.73.233 - - [15/Jul/2025:13:14:27 +0000] "GET /?e=33111602081000&mod=08f0efeb&uri=blog.php%3Fid%3D1105146-707%26name%3Dpull+and+bear+bambas+mujer HTTP/1.1" 200 40005 "-" "Mozilla/5.0 (Linux; Android 6.0.1; Nexus 5X Build/MMB29P) AppleWebKit/537.36 (KHTML, like Gecko) Chrome/137.0.7151.103 Mobile Safari/537.36 (compatible; Googlebot/2.1; +http://www.google.com/bot.html)"
66.249.73.234 - - [15/Jul/2025:13:14:28 +0000] "GET /item/notio12903752/ HTTP/1.1" 200 39761 "-" "Mozilla/5.0 (Linux; Android 6.0.1; Nexus 5X Build/MMB29P) AppleWebKit/537.36 (KHTML, like Gecko) Chrome/137.0.7151.103 Mobile Safari/537.36 (compatible; GoogleOther)"
66.249.73.233 - - [15/Jul/2025:13:14:31 +0000] "GET /?e=33110822071000&mod=08f0efeb&uri=info.php%3Fid%3D1105120-707%26name%3Dbotas+caballero+pikolinos HTTP/1.1" 200 39830 "-" "Mozilla/5.0 (Linux; Android 6.0.1; Nexus 5X Build/MMB29P) AppleWebKit/537.36 (KHTML, like Gecko) Chrome/137.0.7151.103 Mobile Safari/537.36 (compatible; Googlebot/2.1; +http://www.google.com/bot.html)"
66.249.73.233 - - [15/Jul/2025:13:14:34 +0000] "GET /item/thems21456929/ HTTP/1.1" 200 40465 "-" "Mozilla/5.0 (Linux; Android 6.0.1; Nexus 5X Build/MMB29P) AppleWebKit/537.36 (KHTML, like Gecko) Chrome/137.0.7151.103 Mobile Safari/537.36 (compatible; GoogleOther)"
66.249.73.234 - - [15/Jul/2025:13:14:35 +0000] "POST /get-message-notify HTTP/1.1" 200 40023 "https://cyber-secure.com.au/item/morni52461028/" "Mozilla/5.0 (Linux; Android 6.0.1; Nexus 5X Build/MMB29P) AppleWebKit/537.36 (KHTML, like Gecko) Chrome/137.0.7151.119 Mobile Safari/537.36 (compatible; Googlebot/2.1; +http://www.google.com/bot.html)"
66.249.73.234 - - [15/Jul/2025:13:14:36 +0000] "GET /?e=33113517021000&mod=08f0efeb&uri=info.php%3Fid%3D1105210-707%26name%3Dzapatos+catchalot+mujer+verano+buen+precio HTTP/1.1" 200 39849 "-" "Mozilla/5.0 (Linux; Android 6.0.1; Nexus 5X Build/MMB29P) AppleWebKit/537.36 (KHTML, like Gecko) Chrome/137.0.7151.103 Mobile Safari/537.36 (compatible; Googlebot/2.1; +http://www.google.com/bot.html)"
66.249.73.233 - - [15/Jul/2025:13:14:39 +0000] "POST /get-message-notify HTTP/1.1" 200 40017 "https://cyber-secure.com.au/?e=33110942021000&mod=08f0efeb&uri=goods.php%3Fid%3D1105124-707%26name%3Dzapatos+de+verano+nike" "Mozilla/5.0 (Linux; Android 6.0.1; Nexus 5X Build/MMB29P) AppleWebKit/537.36 (KHTML, like Gecko) Chrome/137.0.7151.119 Mobile Safari/537.36 (compatible; Googlebot/2.1; +http://www.google.com/bot.html)"
66.249.73.233 - - [15/Jul/2025:13:14:40 +0000] "GET /?e=33111362001000&mod=08f0efeb&uri=dp.php%3Fid%3D1105138-707%26name%3Dzapatillas+camino+de+santiago+verano HTTP/1.1" 200 39880 "-" "Mozilla/5.0 (Linux; Android 6.0.1; Nexus 5X Build/MMB29P) AppleWebKit/537.36 (KHTML, like Gecko) Chrome/137.0.7151.103 Mobile Safari/537.36 (compatible; Googlebot/2.1; +http://www.google.com/bot.html)"
66.249.73.233 - - [15/Jul/2025:13:14:41 +0000] "GET /item/state81332743/ HTTP/1.1" 200 39864 "-" "Mozilla/5.0 (Linux; Android 6.0.1; Nexus 5X Build/MMB29P) AppleWebKit/537.36 (KHTML, like Gecko) Chrome/137.0.7151.103 Mobile Safari/537.36 (compatible; GoogleOther)"
66.249.73.233 - - [15/Jul/2025:13:14:44 +0000] "GET /?e=33113397081000&mod=08f0efeb&uri=pin.php%3Fid%3D1105206-707%26name%3Dzapatillas+de+tela+de+verano HTTP/1.1" 200 39874 "-" "Mozilla/5.0 (Linux; Android 6.0.1; Nexus 5X Build/MMB29P) AppleWebKit/537.36 (KHTML, like Gecko) Chrome/137.0.7151.103 Mobile Safari/537.36 (compatible; Googlebot/2.1; +http://www.google.com/bot.html)"
66.249.73.233 - - [15/Jul/2025:13:14:49 +0000] "GET /?e=33113697031000&mod=08f0efeb&uri=category-info.php%3Fid%3D1105216-707%26name%3Dzapatillas+running+jaguar HTTP/1.1" 200 39868 "-" "Mozilla/5.0 (Linux; Android 6.0.1; Nexus 5X Build/MMB29P) AppleWebKit/537.36 (KHTML, like Gecko) Chrome/137.0.7151.103 Mobile Safari/537.36 (compatible; Googlebot/2.1; +http://www.google.com/bot.html)"
66.249.73.234 - - [15/Jul/2025:13:14:50 +0000] "POST /get-message-notify HTTP/1.1" 200 39979 "https://cyber-secure.com.au/?e=33113517021000&mod=08f0efeb&uri=info.php%3Fid%3D1105210-707%26name%3Dzapatos+catchalot+mujer+verano+buen+precio" "Mozilla/5.0 (Linux; Android 6.0.1; Nexus 5X Build/MMB29P) AppleWebKit/537.36 (KHTML, like Gecko) Chrome/137.0.7151.119 Mobile Safari/537.36 (compatible; Googlebot/2.1; +http://www.google.com/bot.html)"
66.249.73.233 - - [15/Jul/2025:13:14:52 +0000] "GET /?e=33111182041000&mod=08f0efeb&uri=form.php%3Fid%3D1105132-707%26name%3Dcristina+pedroche+zapatillas+puma+pedroche HTTP/1.1" 200 39996 "-" "Mozilla/5.0 (Linux; Android 6.0.1; Nexus 5X Build/MMB29P) AppleWebKit/537.36 (KHTML, like Gecko) Chrome/137.0.7151.103 Mobile Safari/537.36 (compatible; Googlebot/2.1; +http://www.google.com/bot.html)"
66.249.73.233 - - [15/Jul/2025:13:14:55 +0000] "GET /item/alone21020601/ HTTP/1.1" 200 40454 "-" "Mozilla/5.0 (Linux; Android 6.0.1; Nexus 5X Build/MMB29P) AppleWebKit/537.36 (KHTML, like Gecko) Chrome/137.0.7151.103 Mobile Safari/537.36 (compatible; GoogleOther)"
66.249.73.233 - - [15/Jul/2025:13:14:59 +0000] "GET /?e=21147545051000&mod=e205ee2a&uri=dp.php%3Fid%3D705905-91%26name%3Driyapola+dio+bike HTTP/1.1" 200 39885 "-" "Mozilla/5.0 (Linux; Android 6.0.1; Nexus 5X Build/MMB29P) AppleWebKit/537.36 (KHTML, like Gecko) Chrome/137.0.7151.103 Mobile Safari/537.36 (compatible; Googlebot/2.1; +http://www.google.com/bot.html)"
66.249.73.235 - - [15/Jul/2025:13:15:01 +0000] "GET /item/repav22734425/ HTTP/1.1" 200 39847 "-" "Mozilla/5.0 (Linux; Android 6.0.1; Nexus 5X Build/MMB29P) AppleWebKit/537.36 (KHTML, like Gecko) Chrome/137.0.7151.103 Mobile Safari/537.36 (compatible; GoogleOther)"
66.249.73.234 - - [15/Jul/2025:13:15:04 +0000] "GET /?e=33113937001000&mod=08f0efeb&uri=itm.php%3Fid%3D1105224-707%26name%3Dnike+jordan+rosa+helado HTTP/1.1" 200 39948 "-" "Mozilla/5.0 (Linux; Android 6.0.1; Nexus 5X Build/MMB29P) AppleWebKit/537.36 (KHTML, like Gecko) Chrome/137.0.7151.103 Mobile Safari/537.36 (compatible; Googlebot/2.1; +http://www.google.com/bot.html)"
66.249.73.234 - - [15/Jul/2025:13:15:05 +0000] "GET /?e=33114117021000&mod=08f0efeb&uri=us.php%3Fid%3D1105230-707%26name%3Dzapatos+nature+mujer+verano HTTP/1.1" 200 40062 "-" "Mozilla/5.0 (Linux; Android 6.0.1; Nexus 5X Build/MMB29P) AppleWebKit/537.36 (KHTML, like Gecko) Chrome/137.0.7151.103 Mobile Safari/537.36 (compatible; Googlebot/2.1; +http://www.google.com/bot.html)"
66.249.73.233 - - [15/Jul/2025:13:15:08 +0000] "GET /item/moral12134008/ HTTP/1.1" 200 40141 "-" "Mozilla/5.0 (Linux; Android 6.0.1; Nexus 5X Build/MMB29P) AppleWebKit/537.36 (KHTML, like Gecko) Chrome/137.0.7151.103 Mobile Safari/537.36 (compatible; GoogleOther)"
66.249.73.233 - - [15/Jul/2025:13:15:09 +0000] "POST /get-message-notify HTTP/1.1" 200 40081 "https://cyber-secure.com.au/?e=33114117021000&mod=08f0efeb&uri=us.php%3Fid%3D1105230-707%26name%3Dzapatos+nature+mujer+verano" "Mozilla/5.0 (Linux; Android 6.0.1; Nexus 5X Build/MMB29P) AppleWebKit/537.36 (KHTML, like Gecko) Chrome/137.0.7151.119 Mobile Safari/537.36 (compatible; Googlebot/2.1; +http://www.google.com/bot.html)"
66.249.73.233 - - [15/Jul/2025:13:15:11 +0000] "POST /get-message-notify HTTP/1.1" 200 39992 "https://cyber-secure.com.au/?e=33111602081000&mod=08f0efeb&uri=blog.php%3Fid%3D1105146-707%26name%3Dpull+and+bear+bambas+mujer" "Mozilla/5.0 (Linux; Android 6.0.1; Nexus 5X Build/MMB29P) AppleWebKit/537.36 (KHTML, like Gecko) Chrome/137.0.7151.119 Mobile Safari/537.36 (compatible; Googlebot/2.1; +http://www.google.com/bot.html)"
66.249.73.233 - - [15/Jul/2025:13:15:12 +0000] "GET /?e=33112802041000&mod=08f0efeb&uri=itm.php%3Fid%3D1105186-707%26name%3Dcalzado+mujer+lluvia HTTP/1.1" 200 39867 "-" "Mozilla/5.0 (Linux; Android 6.0.1; Nexus 5X Build/MMB29P) AppleWebKit/537.36 (KHTML, like Gecko) Chrome/137.0.7151.103 Mobile Safari/537.36 (compatible; Googlebot/2.1; +http://www.google.com/bot.html)"
66.249.73.233 - - [15/Jul/2025:13:15:15 +0000] "GET /item/join30128378/ HTTP/1.1" 200 40402 "-" "Mozilla/5.0 (Linux; Android 6.0.1; Nexus 5X Build/MMB29P) AppleWebKit/537.36 (KHTML, like Gecko) Chrome/137.0.7151.103 Mobile Safari/537.36 (compatible; GoogleOther)"
66.249.73.233 - - [15/Jul/2025:13:15:16 +0000] "GET /?e=21169805091000&mod=e205ee2a&uri=form.php%3Fid%3D706647-91%26name%3Dwilier+jareen+grx+gravel+bike HTTP/1.1" 200 39898 "-" "Mozilla/5.0 (Linux; Android 6.0.1; Nexus 5X Build/MMB29P) AppleWebKit/537.36 (KHTML, like Gecko) Chrome/137.0.7151.103 Mobile Safari/537.36 (compatible; Googlebot/2.1; +http://www.google.com/bot.html)"
66.249.73.233 - - [15/Jul/2025:13:15:22 +0000] "GET /item/chore21985609/ HTTP/1.1" 200 40068 "-" "Mozilla/5.0 (Linux; Android 6.0.1; Nexus 5X Build/MMB29P) AppleWebKit/537.36 (KHTML, like Gecko) Chrome/137.0.7151.103 Mobile Safari/537.36 (compatible; GoogleOther)"
66.249.73.233 - - [15/Jul/2025:13:15:26 +0000] "GET /?e=33110882001000&mod=08f0efeb&uri=itm.php%3Fid%3D1105122-707%26name%3Dcalzado+de+verano+decathlon HTTP/1.1" 200 39916 "-" "Mozilla/5.0 (Linux; Android 6.0.1; Nexus 5X Build/MMB29P) AppleWebKit/537.36 (KHTML, like Gecko) Chrome/137.0.7151.103 Mobile Safari/537.36 (compatible; Googlebot/2.1; +http://www.google.com/bot.html)"
66.249.73.233 - - [15/Jul/2025:13:15:28 +0000] "GET /item/curb61858109/ HTTP/1.1" 200 39765 "-" "Mozilla/5.0 (Linux; Android 6.0.1; Nexus 5X Build/MMB29P) AppleWebKit/537.36 (KHTML, like Gecko) Chrome/137.0.7151.103 Mobile Safari/537.36 (compatible; GoogleOther)"
66.249.73.234 - - [15/Jul/2025:13:15:30 +0000] "GET /?e=33113577041000&mod=08f0efeb&uri=search.php%3Fid%3D1105212-707%26name%3Dzapatillas+deportivas+hipercor+mujer HTTP/1.1" 200 40002 "-" "Mozilla/5.0 (Linux; Android 6.0.1; Nexus 5X Build/MMB29P) AppleWebKit/537.36 (KHTML, like Gecko) Chrome/137.0.7151.103 Mobile Safari/537.36 (compatible; Googlebot/2.1; +http://www.google.com/bot.html)"
66.249.73.234 - - [15/Jul/2025:13:15:31 +0000] "GET /?e=33110342021000&mod=08f0efeb&uri=article.php%3Fid%3D1105104-707%26name%3Dnike+deportiva+mujer HTTP/1.1" 200 39965 "-" "Mozilla/5.0 (Linux; Android 6.0.1; Nexus 5X Build/MMB29P) AppleWebKit/537.36 (KHTML, like Gecko) Chrome/137.0.7151.103 Mobile Safari/537.36 (compatible; Googlebot/2.1; +http://www.google.com/bot.html)"
66.249.73.233 - - [15/Jul/2025:13:15:33 +0000] "GET /?e=33111062001000&mod=08f0efeb&uri=shop.php%3Fid%3D1105128-707%26name%3Dzapatos+verano+hombre+casual HTTP/1.1" 200 39872 "-" "Mozilla/5.0 (Linux; Android 6.0.1; Nexus 5X Build/MMB29P) AppleWebKit/537.36 (KHTML, like Gecko) Chrome/137.0.7151.103 Mobile Safari/537.36 (compatible; Googlebot/2.1; +http://www.google.com/bot.html)"
66.249.73.234 - - [15/Jul/2025:13:15:34 +0000] "POST /get-message-notify HTTP/1.1" 200 40019 "https://cyber-secure.com.au/?e=33113577041000&mod=08f0efeb&uri=search.php%3Fid%3D1105212-707%26name%3Dzapatillas+deportivas+hipercor+mujer" "Mozilla/5.0 (Linux; Android 6.0.1; Nexus 5X Build/MMB29P) AppleWebKit/537.36 (KHTML, like Gecko) Chrome/137.0.7151.119 Mobile Safari/537.36 (compatible; Googlebot/2.1; +http://www.google.com/bot.html)"
66.249.73.233 - - [15/Jul/2025:13:15:34 +0000] "POST /get-message-notify HTTP/1.1" 200 39914 "https://cyber-secure.com.au/item/pierc30357754/" "Mozilla/5.0 (Linux; Android 6.0.1; Nexus 5X Build/MMB29P) AppleWebKit/537.36 (KHTML, like Gecko) Chrome/137.0.7151.119 Mobile Safari/537.36 (compatible; Googlebot/2.1; +http://www.google.com/bot.html)"
66.249.73.233 - - [15/Jul/2025:13:15:35 +0000] "GET /item/surro62507293/ HTTP/1.1" 200 40142 "-" "Mozilla/5.0 (Linux; Android 6.0.1; Nexus 5X Build/MMB29P) AppleWebKit/537.36 (KHTML, like Gecko) Chrome/137.0.7151.103 Mobile Safari/537.36 (compatible; GoogleOther)"
66.249.73.234 - - [15/Jul/2025:13:15:40 +0000] "GET /?e=33109982061000&mod=08f0efeb&uri=shared.php%3Fid%3D1105092-707%26name%3Dpuma+hybrid+nx+opiniones HTTP/1.1" 200 39991 "-" "Mozilla/5.0 (Linux; Android 6.0.1; Nexus 5X Build/MMB29P) AppleWebKit/537.36 (KHTML, like Gecko) Chrome/137.0.7151.103 Mobile Safari/537.36 (compatible; Googlebot/2.1; +http://www.google.com/bot.html)"
66.249.73.233 - - [15/Jul/2025:13:15:41 +0000] "GET /?e=33112142061000&mod=08f0efeb&uri=form.php%3Fid%3D1105164-707%26name%3Dzapatillas+coral+mujer HTTP/1.1" 200 39895 "-" "Mozilla/5.0 (Linux; Android 6.0.1; Nexus 5X Build/MMB29P) AppleWebKit/537.36 (KHTML, like Gecko) Chrome/137.0.7151.103 Mobile Safari/537.36 (compatible; Googlebot/2.1; +http://www.google.com/bot.html)"
66.249.73.234 - - [15/Jul/2025:13:15:42 +0000] "GET /item/descr82680679/ HTTP/1.1" 200 40668 "-" "Mozilla/5.0 (Linux; Android 6.0.1; Nexus 5X Build/MMB29P) AppleWebKit/537.36 (KHTML, like Gecko) Chrome/137.0.7151.103 Mobile Safari/537.36 (compatible; GoogleOther)"
66.249.73.234 - - [15/Jul/2025:13:15:43 +0000] "GET /?e=33111002031000&mod=08f0efeb&uri=pin.php%3Fid%3D1105126-707%26name%3Dscott+zapatillas+running HTTP/1.1" 200 39873 "-" "Mozilla/5.0 (Linux; Android 6.0.1; Nexus 5X Build/MMB29P) AppleWebKit/537.36 (KHTML, like Gecko) Chrome/137.0.7151.103 Mobile Safari/537.36 (compatible; Googlebot/2.1; +http://www.google.com/bot.html)"
66.249.73.235 - - [15/Jul/2025:13:15:45 +0000] "POST /get-message-notify HTTP/1.1" 200 40066 "https://cyber-secure.com.au/item/adopt72174518/" "Mozilla/5.0 (Linux; Android 6.0.1; Nexus 5X Build/MMB29P) AppleWebKit/537.36 (KHTML, like Gecko) Chrome/137.0.7151.119 Mobile Safari/537.36 (compatible; Googlebot/2.1; +http://www.google.com/bot.html)"
66.249.73.234 - - [15/Jul/2025:13:15:47 +0000] "GET /?e=33111902031000&mod=08f0efeb&uri=products.php%3Fid%3D1105156-707%26name%3Dzapatos+confort+mujer+verano HTTP/1.1" 200 39908 "-" "Mozilla/5.0 (Linux; Android 6.0.1; Nexus 5X Build/MMB29P) AppleWebKit/537.36 (KHTML, like Gecko) Chrome/137.0.7151.103 Mobile Safari/537.36 (compatible; Googlebot/2.1; +http://www.google.com/bot.html)"
66.249.73.234 - - [15/Jul/2025:13:15:51 +0000] "GET /?e=33113337011000&mod=08f0efeb&uri=blog.php%3Fid%3D1105204-707%26name%3Dpuma+nrgy+gris HTTP/1.1" 200 40001 "-" "Mozilla/5.0 (Linux; Android 6.0.1; Nexus 5X Build/MMB29P) AppleWebKit/537.36 (KHTML, like Gecko) Chrome/137.0.7151.103 Mobile Safari/537.36 (compatible; Googlebot/2.1; +http://www.google.com/bot.html)"
66.249.73.235 - - [15/Jul/2025:13:15:57 +0000] "GET /item/tin61715237/ HTTP/1.1" 200 40088 "-" "Mozilla/5.0 (Linux; Android 6.0.1; Nexus 5X Build/MMB29P) AppleWebKit/537.36 (KHTML, like Gecko) Chrome/137.0.7151.103 Mobile Safari/537.36 (compatible; GoogleOther)"
66.249.73.235 - - [15/Jul/2025:13:16:02 +0000] "GET /?e=1445986001000&mod=8d6dc35e&uri=shop.php%3Fid%3D48272-94%26name%3Dnew+design+earrings+2018 HTTP/1.1" 200 39930 "-" "Mozilla/5.0 (Linux; Android 6.0.1; Nexus 5X Build/MMB29P) AppleWebKit/537.36 (KHTML, like Gecko) Chrome/137.0.7151.103 Mobile Safari/537.36 (compatible; Googlebot/2.1; +http://www.google.com/bot.html)"
66.249.73.233 - - [15/Jul/2025:13:16:03 +0000] "POST /get-message-notify HTTP/1.1" 200 39977 "https://cyber-secure.com.au/item/super22592409/" "Mozilla/5.0 (Linux; Android 6.0.1; Nexus 5X Build/MMB29P) AppleWebKit/537.36 (KHTML, like Gecko) Chrome/137.0.7151.119 Mobile Safari/537.36 (compatible; Googlebot/2.1; +http://www.google.com/bot.html)"
66.249.73.233 - - [15/Jul/2025:13:16:04 +0000] "GET /item/unfri42745571/ HTTP/1.1" 200 40380 "-" "Mozilla/5.0 (Linux; Android 6.0.1; Nexus 5X Build/MMB29P) AppleWebKit/537.36 (KHTML, like Gecko) Chrome/137.0.7151.103 Mobile Safari/537.36 (compatible; GoogleOther)"
66.249.73.233 - - [15/Jul/2025:13:16:05 +0000] "GET /?e=1454363001000&mod=a3d68b46&uri=form.php%3Fid%3D48552-95%26name%3Dvar+attrezzi+bici HTTP/1.1" 200 39942 "-" "Mozilla/5.0 (Linux; Android 6.0.1; Nexus 5X Build/MMB29P) AppleWebKit/537.36 (KHTML, like Gecko) Chrome/137.0.7151.103 Mobile Safari/537.36 (compatible; Googlebot/2.1; +http://www.google.com/bot.html)"
66.249.73.233 - - [15/Jul/2025:13:16:12 +0000] "GET /?e=1446196011000&mod=8d6dc35e&uri=form.php%3Fid%3D48279-94%26name%3Dgold+mango+haram+designs+with+weight HTTP/1.1" 200 39932 "-" "Mozilla/5.0 (Linux; Android 6.0.1; Nexus 5X Build/MMB29P) AppleWebKit/537.36 (KHTML, like Gecko) Chrome/137.0.7151.103 Mobile Safari/537.36 (compatible; Googlebot/2.1; +http://www.google.com/bot.html)"
66.249.73.234 - - [15/Jul/2025:13:16:13 +0000] "GET /?e=43785171031000&mod=1efa39bc&uri=pin.php%3Fid%3D1461259-85%26name%3Dsemelle+confort+femme HTTP/1.1" 200 39818 "-" "Mozilla/5.0 (Linux; Android 6.0.1; Nexus 5X Build/MMB29P) AppleWebKit/537.36 (KHTML, like Gecko) Chrome/137.0.7151.103 Mobile Safari/537.36 (compatible; Googlebot/2.1; +http://www.google.com/bot.html)"
66.249.73.233 - - [15/Jul/2025:13:16:17 +0000] "GET /?e=1460238021000&mod=a3d68b46&uri=us.php%3Fid%3D48748-95%26name%3Dallenamento+indoor+bici HTTP/1.1" 200 39934 "-" "Mozilla/5.0 (Linux; Android 6.0.1; Nexus 5X Build/MMB29P) AppleWebKit/537.36 (KHTML, like Gecko) Chrome/137.0.7151.103 Mobile Safari/537.36 (compatible; Googlebot/2.1; +http://www.google.com/bot.html)"
66.249.73.233 - - [15/Jul/2025:13:16:19 +0000] "GET /?e=59401597051000&mod=faf02b23&uri=article.php%3Fid%3D1982267-632%26name%3Drenzo+costa+morrales+mujer HTTP/1.1" 200 39952 "-" "Mozilla/5.0 (Linux; Android 6.0.1; Nexus 5X Build/MMB29P) AppleWebKit/537.36 (KHTML, like Gecko) Chrome/137.0.7151.103 Mobile Safari/537.36 (compatible; Googlebot/2.1; +http://www.google.com/bot.html)"
66.249.73.233 - - [15/Jul/2025:13:16:23 +0000] "GET /?e=59399977011000&mod=39dd987a&uri=news.php%3Fid%3D1982213-475%26name%3Dque+cuesta+un+reloj+fossil HTTP/1.1" 200 39940 "-" "Mozilla/5.0 (Linux; Android 6.0.1; Nexus 5X Build/MMB29P) AppleWebKit/537.36 (KHTML, like Gecko) Chrome/137.0.7151.103 Mobile Safari/537.36 (compatible; Googlebot/2.1; +http://www.google.com/bot.html)"
66.249.73.233 - - [15/Jul/2025:13:16:25 +0000] "GET /?e=59403214031000&mod=59727fa2&uri=product.php%3Fid%3D1982321-1292%26name%3Dcoach+t+shirt HTTP/1.1" 200 39956 "-" "Mozilla/5.0 (Linux; Android 6.0.1; Nexus 5X Build/MMB29P) AppleWebKit/537.36 (KHTML, like Gecko) Chrome/137.0.7151.103 Mobile Safari/537.36 (compatible; Googlebot/2.1; +http://www.google.com/bot.html)"
66.249.73.233 - - [15/Jul/2025:13:16:29 +0000] "GET /item/predi70633606/ HTTP/1.1" 200 40245 "-" "Mozilla/5.0 (Linux; Android 6.0.1; Nexus 5X Build/MMB29P) AppleWebKit/537.36 (KHTML, like Gecko) Chrome/137.0.7151.103 Mobile Safari/537.36 (compatible; GoogleOther)"
66.249.73.233 - - [15/Jul/2025:13:16:32 +0000] "GET /?e=59402944021000&mod=faf02b23&uri=search.php%3Fid%3D1982312-632%26name%3Dparfois+capazos HTTP/1.1" 200 39898 "-" "Mozilla/5.0 (Linux; Android 6.0.1; Nexus 5X Build/MMB29P) AppleWebKit/537.36 (KHTML, like Gecko) Chrome/137.0.7151.103 Mobile Safari/537.36 (compatible; Googlebot/2.1; +http://www.google.com/bot.html)"
66.249.73.234 - - [15/Jul/2025:13:16:33 +0000] "GET /item/vineg60038965/ HTTP/1.1" 200 40119 "-" "Mozilla/5.0 (Linux; Android 6.0.1; Nexus 5X Build/MMB29P) AppleWebKit/537.36 (KHTML, like Gecko) Chrome/137.0.7151.103 Mobile Safari/537.36 (compatible; GoogleOther)"
66.249.73.233 - - [15/Jul/2025:13:16:34 +0000] "POST /get-message-notify HTTP/1.1" 200 39981 "https://cyber-secure.com.au/item/routi60454061/" "Mozilla/5.0 (Linux; Android 6.0.1; Nexus 5X Build/MMB29P) AppleWebKit/537.36 (KHTML, like Gecko) Chrome/137.0.7151.119 Mobile Safari/537.36 (compatible; Googlebot/2.1; +http://www.google.com/bot.html)"
66.249.73.234 - - [15/Jul/2025:13:16:36 +0000] "GET /?e=59394847041000&mod=d305281f&uri=brands.php%3Fid%3D1982042-187%26name%3Dptv+sports+whatsapp+group+link HTTP/1.1" 200 39942 "-" "Mozilla/5.0 (Linux; Android 6.0.1; Nexus 5X Build/MMB29P) AppleWebKit/537.36 (KHTML, like Gecko) Chrome/137.0.7151.103 Mobile Safari/537.36 (compatible; Googlebot/2.1; +http://www.google.com/bot.html)"
66.249.73.234 - - [15/Jul/2025:13:16:37 +0000] "GET /?e=59397547001000&mod=d305281f&uri=form.php%3Fid%3D1982132-187%26name%3Djiang+ziya+english+sub HTTP/1.1" 200 39987 "-" "Mozilla/5.0 (Linux; Android 6.0.1; Nexus 5X Build/MMB29P) AppleWebKit/537.36 (KHTML, like Gecko) Chrome/137.0.7151.103 Mobile Safari/537.36 (compatible; Googlebot/2.1; +http://www.google.com/bot.html)"
66.249.73.233 - - [15/Jul/2025:13:16:39 +0000] "GET /?e=59396197001000&mod=e7d161ac&uri=products.php%3Fid%3D1982087-476%26name%3Dtatuajes+de+lobos+y+relojes HTTP/1.1" 200 39904 "-" "Mozilla/5.0 (Linux; Android 6.0.1; Nexus 5X Build/MMB29P) AppleWebKit/537.36 (KHTML, like Gecko) Chrome/137.0.7151.103 Mobile Safari/537.36 (compatible; Googlebot/2.1; +http://www.google.com/bot.html)"
66.249.73.233 - - [15/Jul/2025:13:16:41 +0000] "POST /get-message-notify HTTP/1.1" 200 39997 "https://cyber-secure.com.au/?e=59397547001000&mod=d305281f&uri=form.php%3Fid%3D1982132-187%26name%3Djiang+ziya+english+sub" "Mozilla/5.0 (Linux; Android 6.0.1; Nexus 5X Build/MMB29P) AppleWebKit/537.36 (KHTML, like Gecko) Chrome/137.0.7151.119 Mobile Safari/537.36 (compatible; Googlebot/2.1; +http://www.google.com/bot.html)"
66.249.73.234 - - [15/Jul/2025:13:16:42 +0000] "POST /get-message-notify HTTP/1.1" 200 39972 "https://cyber-secure.com.au/?e=49559509071000&mod=6d0f8463&uri=itm.php%3Fid%3D1653892-92%26name%3Dtimex+online+india" "Mozilla/5.0 (Linux; Android 6.0.1; Nexus 5X Build/MMB29P) AppleWebKit/537.36 (KHTML, like Gecko) Chrome/137.0.7151.119 Mobile Safari/537.36 (compatible; Googlebot/2.1; +http://www.google.com/bot.html)"
66.249.73.233 - - [15/Jul/2025:13:16:43 +0000] "GET /?e=59397817041000&mod=e7d161ac&uri=shared.php%3Fid%3D1982141-476%26name%3Dhuawei+gt2+gorilla+glass HTTP/1.1" 200 39925 "-" "Mozilla/5.0 (Linux; Android 6.0.1; Nexus 5X Build/MMB29P) AppleWebKit/537.36 (KHTML, like Gecko) Chrome/137.0.7151.103 Mobile Safari/537.36 (compatible; Googlebot/2.1; +http://www.google.com/bot.html)"
66.249.73.233 - - [15/Jul/2025:13:16:48 +0000] "GET /?e=59412934071000&mod=59727fa2&uri=pin.php%3Fid%3D1982645-1292%26name%3Dsurf+shirt HTTP/1.1" 200 39936 "-" "Mozilla/5.0 (Linux; Android 6.0.1; Nexus 5X Build/MMB29P) AppleWebKit/537.36 (KHTML, like Gecko) Chrome/137.0.7151.103 Mobile Safari/537.36 (compatible; Googlebot/2.1; +http://www.google.com/bot.html)"
66.249.73.235 - - [15/Jul/2025:13:16:49 +0000] "GET /?e=23039718071000&mod=27584e8c&uri=goods.php%3Fid%3D769029-429%26name%3Dhalf+top+jacket HTTP/1.1" 200 39934 "-" "Mozilla/5.0 (Linux; Android 6.0.1; Nexus 5X Build/MMB29P) AppleWebKit/537.36 (KHTML, like Gecko) Chrome/137.0.7151.103 Mobile Safari/537.36 (compatible; Googlebot/2.1; +http://www.google.com/bot.html)"
66.249.73.233 - - [15/Jul/2025:13:16:50 +0000] "GET /?e=23036388041000&mod=27584e8c&uri=search.php%3Fid%3D768918-429%26name%3Dnorth+ridge+waterproof+jacket HTTP/1.1" 200 39962 "-" "Mozilla/5.0 (Linux; Android 6.0.1; Nexus 5X Build/MMB29P) AppleWebKit/537.36 (KHTML, like Gecko) Chrome/137.0.7151.103 Mobile Safari/537.36 (compatible; Googlebot/2.1; +http://www.google.com/bot.html)"
66.249.73.235 - - [15/Jul/2025:13:16:52 +0000] "GET /?e=59400247001000&mod=e7d161ac&uri=product.php%3Fid%3D1982222-476%26name%3Dcorreas+apple+watch+originales HTTP/1.1" 200 39895 "-" "Mozilla/5.0 (Linux; Android 6.0.1; Nexus 5X Build/MMB29P) AppleWebKit/537.36 (KHTML, like Gecko) Chrome/137.0.7151.103 Mobile Safari/537.36 (compatible; Googlebot/2.1; +http://www.google.com/bot.html)"
