66.249.73.233 - - [15/Jul/2025:14:11:18 +0000] "GET /item/weakn22443025/ HTTP/1.1" 200 39953 "-" "Mozilla/5.0 (Linux; Android 6.0.1; Nexus 5X Build/MMB29P) AppleWebKit/537.36 (KHTML, like Gecko) Chrome/137.0.7151.103 Mobile Safari/537.36 (compatible; GoogleOther)"
66.249.73.233 - - [15/Jul/2025:14:11:24 +0000] "GET /?e=58212025041000&mod=3685227c&uri=shared.php%3Fid%3D1942565-1349%26name%3Dtommy+hilfiger+camo HTTP/1.1" 200 39897 "-" "Mozilla/5.0 (Linux; Android 6.0.1; Nexus 5X Build/MMB29P) AppleWebKit/537.36 (KHTML, like Gecko) Chrome/137.0.7151.103 Mobile Safari/537.36 (compatible; Googlebot/2.1; +http://www.google.com/bot.html)"
66.249.73.233 - - [15/Jul/2025:14:11:25 +0000] "GET /item/gene41639763/ HTTP/1.1" 200 40343 "-" "Mozilla/5.0 (Linux; Android 6.0.1; Nexus 5X Build/MMB29P) AppleWebKit/537.36 (KHTML, like Gecko) Chrome/137.0.7151.103 Mobile Safari/537.36 (compatible; GoogleOther)"
66.249.73.233 - - [15/Jul/2025:14:11:25 +0000] "GET /?e=58208425141000&mod=15134fab&uri=product.php%3Fid%3D1942445-1348%26name%3Dpit+smoker+project HTTP/1.1" 200 39940 "-" "Mozilla/5.0 (Linux; Android 6.0.1; Nexus 5X Build/MMB29P) AppleWebKit/537.36 (KHTML, like Gecko) Chrome/137.0.7151.103 Mobile Safari/537.36 (compatible; Googlebot/2.1; +http://www.google.com/bot.html)"
66.249.73.233 - - [15/Jul/2025:14:11:26 +0000] "POST /get-message-notify HTTP/1.1" 200 39995 "https://cyber-secure.com.au/?e=58209385011000&mod=3685227c&uri=goods.php%3Fid%3D1942477-1349%26name%3Dcafc+opinions" "Mozilla/5.0 (Linux; Android 6.0.1; Nexus 5X Build/MMB29P) AppleWebKit/537.36 (KHTML, like Gecko) Chrome/137.0.7151.119 Mobile Safari/537.36 (compatible; Googlebot/2.1; +http://www.google.com/bot.html)"
66.249.73.234 - - [15/Jul/2025:14:11:30 +0000] "GET /?e=58205792011000&mod=3685227c&uri=products.php%3Fid%3D1942357-1349%26name%3Dkethledge HTTP/1.1" 200 39942 "-" "Mozilla/5.0 (Linux; Android 6.0.1; Nexus 5X Build/MMB29P) AppleWebKit/537.36 (KHTML, like Gecko) Chrome/137.0.7151.103 Mobile Safari/537.36 (compatible; Googlebot/2.1; +http://www.google.com/bot.html)"
66.249.73.233 - - [15/Jul/2025:14:11:32 +0000] "GET /item/luck41904579/ HTTP/1.1" 200 39853 "-" "Mozilla/5.0 (Linux; Android 6.0.1; Nexus 5X Build/MMB29P) AppleWebKit/537.36 (KHTML, like Gecko) Chrome/137.0.7151.103 Mobile Safari/537.36 (compatible; GoogleOther)"
66.249.73.233 - - [15/Jul/2025:14:11:37 +0000] "GET /?e=58203992011000&mod=3685227c&uri=news.php%3Fid%3D1942297-1349%26name%3Dboris+johnson+supreme+court HTTP/1.1" 200 39902 "-" "Mozilla/5.0 (Linux; Android 6.0.1; Nexus 5X Build/MMB29P) AppleWebKit/537.36 (KHTML, like Gecko) Chrome/137.0.7151.103 Mobile Safari/537.36 (compatible; Googlebot/2.1; +http://www.google.com/bot.html)"
66.249.73.233 - - [15/Jul/2025:14:11:39 +0000] "POST /get-message-notify HTTP/1.1" 200 39975 "https://cyber-secure.com.au/?e=58212025041000&mod=3685227c&uri=shared.php%3Fid%3D1942565-1349%26name%3Dtommy+hilfiger+camo" "Mozilla/5.0 (Linux; Android 6.0.1; Nexus 5X Build/MMB29P) AppleWebKit/537.36 (KHTML, like Gecko) Chrome/137.0.7151.119 Mobile Safari/537.36 (compatible; Googlebot/2.1; +http://www.google.com/bot.html)"
66.249.73.233 - - [15/Jul/2025:14:11:41 +0000] "GET /item/whole11261048/ HTTP/1.1" 200 40436 "-" "Mozilla/5.0 (Linux; Android 6.0.1; Nexus 5X Build/MMB29P) AppleWebKit/537.36 (KHTML, like Gecko) Chrome/137.0.7151.103 Mobile Safari/537.36 (compatible; GoogleOther)"
66.249.73.234 - - [15/Jul/2025:14:11:44 +0000] "GET /item/key62808261/ HTTP/1.1" 200 40760 "-" "Mozilla/5.0 (Linux; Android 6.0.1; Nexus 5X Build/MMB29P) AppleWebKit/537.36 (KHTML, like Gecko) Chrome/137.0.7151.103 Mobile Safari/537.36 (compatible; GoogleOther)"
66.249.73.234 - - [15/Jul/2025:14:11:46 +0000] "GET /?e=58209865021000&mod=3685227c&uri=goods.php%3Fid%3D1942493-1349%26name%3Dkavanaugh+clerks HTTP/1.1" 200 39914 "-" "Mozilla/5.0 (Linux; Android 6.0.1; Nexus 5X Build/MMB29P) AppleWebKit/537.36 (KHTML, like Gecko) Chrome/137.0.7151.103 Mobile Safari/537.36 (compatible; Googlebot/2.1; +http://www.google.com/bot.html)"
66.249.73.235 - - [15/Jul/2025:14:11:50 +0000] "GET /?e=58209625041000&mod=15134fab&uri=blog.php%3Fid%3D1942485-1348%26name%3Dvertical+propane+smoker HTTP/1.1" 200 39772 "-" "Mozilla/5.0 (Linux; Android 6.0.1; Nexus 5X Build/MMB29P) AppleWebKit/537.36 (KHTML, like Gecko) Chrome/137.0.7151.103 Mobile Safari/537.36 (compatible; Googlebot/2.1; +http://www.google.com/bot.html)"
66.249.73.235 - - [15/Jul/2025:14:11:52 +0000] "GET /?e=58209025041000&mod=3685227c&uri=category-info.php%3Fid%3D1942465-1349%26name%3Drecent+judgments+of+supreme+court HTTP/1.1" 200 39972 "-" "Mozilla/5.0 (Linux; Android 6.0.1; Nexus 5X Build/MMB29P) AppleWebKit/537.36 (KHTML, like Gecko) Chrome/137.0.7151.103 Mobile Safari/537.36 (compatible; Googlebot/2.1; +http://www.google.com/bot.html)"
66.249.73.233 - - [15/Jul/2025:14:11:53 +0000] "GET /?e=119760122021000&mod=512c5cad&uri=shop.php%3Fid%3D3996758-141%26name%3Dviste+con+amelia+vestidos HTTP/1.1" 200 39896 "-" "Mozilla/5.0 (Linux; Android 6.0.1; Nexus 5X Build/MMB29P) AppleWebKit/537.36 (KHTML, like Gecko) Chrome/137.0.7151.103 Mobile Safari/537.36 (compatible; Googlebot/2.1; +http://www.google.com/bot.html)"
66.249.73.234 - - [15/Jul/2025:14:11:56 +0000] "POST /get-message-notify HTTP/1.1" 200 40064 "https://cyber-secure.com.au/?e=58204952031000&mod=3685227c&uri=news.php%3Fid%3D1942329-1349%26name%3Dabout+tommy+hilfiger+brand" "Mozilla/5.0 (Linux; Android 6.0.1; Nexus 5X Build/MMB29P) AppleWebKit/537.36 (KHTML, like Gecko) Chrome/137.0.7151.119 Mobile Safari/537.36 (compatible; Googlebot/2.1; +http://www.google.com/bot.html)"
66.249.73.233 - - [15/Jul/2025:14:11:57 +0000] "GET /?e=58208665011000&mod=3685227c&uri=form.php%3Fid%3D1942453-1349%26name%3Dwhat%27s+the+supreme+court HTTP/1.1" 200 39956 "-" "Mozilla/5.0 (Linux; Android 6.0.1; Nexus 5X Build/MMB29P) AppleWebKit/537.36 (KHTML, like Gecko) Chrome/137.0.7151.103 Mobile Safari/537.36 (compatible; Googlebot/2.1; +http://www.google.com/bot.html)"
66.249.73.233 - - [15/Jul/2025:14:11:59 +0000] "GET /item/thurs41181283/ HTTP/1.1" 200 40126 "-" "Mozilla/5.0 (Linux; Android 6.0.1; Nexus 5X Build/MMB29P) AppleWebKit/537.36 (KHTML, like Gecko) Chrome/137.0.7151.103 Mobile Safari/537.36 (compatible; GoogleOther)"
66.249.73.233 - - [15/Jul/2025:14:12:02 +0000] "GET /?e=58205192111000&mod=3685227c&uri=shared.php%3Fid%3D1942337-1349%26name%3Dbrexit+high+court+decision HTTP/1.1" 200 39882 "-" "Mozilla/5.0 (Linux; Android 6.0.1; Nexus 5X Build/MMB29P) AppleWebKit/537.36 (KHTML, like Gecko) Chrome/137.0.7151.103 Mobile Safari/537.36 (compatible; Googlebot/2.1; +http://www.google.com/bot.html)"
66.249.73.234 - - [15/Jul/2025:14:12:03 +0000] "GET /?e=38588668091000&mod=747d3443&uri=goods.php%3Fid%3D1287901-314%26name%3Dwindbreaker+fahrrad+herren HTTP/1.1" 200 39962 "-" "Mozilla/5.0 (Linux; Android 6.0.1; Nexus 5X Build/MMB29P) AppleWebKit/537.36 (KHTML, like Gecko) Chrome/137.0.7151.103 Mobile Safari/537.36 (compatible; Googlebot/2.1; +http://www.google.com/bot.html)"
66.249.73.234 - - [15/Jul/2025:14:12:05 +0000] "GET /item/subme70827486/ HTTP/1.1" 200 40818 "-" "Mozilla/5.0 (Linux; Android 6.0.1; Nexus 5X Build/MMB29P) AppleWebKit/537.36 (KHTML, like Gecko) Chrome/137.0.7151.103 Mobile Safari/537.36 (compatible; GoogleOther)"
66.249.73.233 - - [15/Jul/2025:14:12:05 +0000] "GET /?e=38590318041000&mod=747d3443&uri=products.php%3Fid%3D1287956-314%26name%3Dsoftshell+mantel+122 HTTP/1.1" 200 39974 "-" "Mozilla/5.0 (Linux; Android 6.0.1; Nexus 5X Build/MMB29P) AppleWebKit/537.36 (KHTML, like Gecko) Chrome/137.0.7151.103 Mobile Safari/537.36 (compatible; Googlebot/2.1; +http://www.google.com/bot.html)"
66.249.73.235 - - [15/Jul/2025:14:12:06 +0000] "POST /get-message-notify HTTP/1.1" 200 40044 "https://cyber-secure.com.au/?e=58205192111000&mod=3685227c&uri=shared.php%3Fid%3D1942337-1349%26name%3Dbrexit+high+court+decision" "Mozilla/5.0 (Linux; Android 6.0.1; Nexus 5X Build/MMB29P) AppleWebKit/537.36 (KHTML, like Gecko) Chrome/137.0.7151.119 Mobile Safari/537.36 (compatible; Googlebot/2.1; +http://www.google.com/bot.html)"
66.249.73.233 - - [15/Jul/2025:14:12:06 +0000] "GET /?e=38510540001000&mod=9ee70b79&uri=us.php%3Fid%3D1285296-437%26name%3Dwomens+slippers+comfy HTTP/1.1" 200 39913 "-" "Mozilla/5.0 (Linux; Android 6.0.1; Nexus 5X Build/MMB29P) AppleWebKit/537.36 (KHTML, like Gecko) Chrome/137.0.7151.103 Mobile Safari/537.36 (compatible; Googlebot/2.1; +http://www.google.com/bot.html)"
66.249.73.233 - - [15/Jul/2025:14:12:08 +0000] "POST /get-message-notify HTTP/1.1" 200 39967 "https://cyber-secure.com.au/?e=45777069001000&mod=851300ee&uri=shared.php%3Fid%3D1527718-173%26name%3Dcrazy+cart+cost" "Mozilla/5.0 (Linux; Android 6.0.1; Nexus 5X Build/MMB29P) AppleWebKit/537.36 (KHTML, like Gecko) Chrome/137.0.7151.119 Mobile Safari/537.36 (compatible; Googlebot/2.1; +http://www.google.com/bot.html)"
66.249.73.233 - - [15/Jul/2025:14:12:11 +0000] "GET /item/cliff60482573/ HTTP/1.1" 200 40583 "-" "Mozilla/5.0 (Linux; Android 6.0.1; Nexus 5X Build/MMB29P) AppleWebKit/537.36 (KHTML, like Gecko) Chrome/137.0.7151.103 Mobile Safari/537.36 (compatible; GoogleOther)"
66.249.73.233 - - [15/Jul/2025:14:12:11 +0000] "POST /get-message-notify HTTP/1.1" 200 39993 "https://cyber-secure.com.au/?e=58137058031000&mod=b4d22bb5&uri=goods.php%3Fid%3D1940061-803%26name%3Dbeliv2" "Mozilla/5.0 (Linux; Android 6.0.1; Nexus 5X Build/MMB29P) AppleWebKit/537.36 (KHTML, like Gecko) Chrome/137.0.7151.119 Mobile Safari/537.36 (compatible; Googlebot/2.1; +http://www.google.com/bot.html)"
66.249.73.233 - - [15/Jul/2025:14:12:13 +0000] "GET /?e=38543444011000&mod=70c549b2&uri=article.php%3Fid%3D1286393-1126%26name%3Dhomemade+dog+clothes HTTP/1.1" 200 39959 "-" "Mozilla/5.0 (Linux; Android 6.0.1; Nexus 5X Build/MMB29P) AppleWebKit/537.36 (KHTML, like Gecko) Chrome/137.0.7151.103 Mobile Safari/537.36 (compatible; Googlebot/2.1; +http://www.google.com/bot.html)"
66.249.73.233 - - [15/Jul/2025:14:12:14 +0000] "POST /get-message-notify HTTP/1.1" 200 40152 "https://cyber-secure.com.au/?e=58210345011000&mod=3685227c&uri=product.php%3Fid%3D1942509-1349%26name%3Dlucas+bersamin+chief+justice" "Mozilla/5.0 (Linux; Android 6.0.1; Nexus 5X Build/MMB29P) AppleWebKit/537.36 (KHTML, like Gecko) Chrome/137.0.7151.119 Mobile Safari/537.36 (compatible; Googlebot/2.1; +http://www.google.com/bot.html)"
66.249.73.234 - - [15/Jul/2025:14:12:15 +0000] "GET /?e=38510510041000&mod=9ee70b79&uri=news.php%3Fid%3D1285295-437%26name%3Dorthofeet+arch+support+slippers HTTP/1.1" 200 40059 "-" "Mozilla/5.0 (Linux; Android 6.0.1; Nexus 5X Build/MMB29P) AppleWebKit/537.36 (KHTML, like Gecko) Chrome/137.0.7151.103 Mobile Safari/537.36 (compatible; Googlebot/2.1; +http://www.google.com/bot.html)"
66.249.73.234 - - [15/Jul/2025:14:12:16 +0000] "GET /?e=38521490041000&mod=70c549b2&uri=products.php%3Fid%3D1285661-1126%26name%3Dbuckle+up+dog+collar HTTP/1.1" 200 39960 "-" "Mozilla/5.0 (Linux; Android 6.0.1; Nexus 5X Build/MMB29P) AppleWebKit/537.36 (KHTML, like Gecko) Chrome/137.0.7151.103 Mobile Safari/537.36 (compatible; Googlebot/2.1; +http://www.google.com/bot.html)"
66.249.73.233 - - [15/Jul/2025:14:12:17 +0000] "GET /item/lunch62520765/ HTTP/1.1" 200 39969 "-" "Mozilla/5.0 (Linux; Android 6.0.1; Nexus 5X Build/MMB29P) AppleWebKit/537.36 (KHTML, like Gecko) Chrome/137.0.7151.103 Mobile Safari/537.36 (compatible; GoogleOther)"
66.249.73.233 - - [15/Jul/2025:14:12:18 +0000] "GET /?e=38591068051000&mod=747d3443&uri=category-info.php%3Fid%3D1287981-314%26name%3Dfj%C3%83%C2%A4llr%C3%83%C2%A4ven+herren+expedition+down+lite+jacket HTTP/1.1" 200 40041 "-" "Mozilla/5.0 (Linux; Android 6.0.1; Nexus 5X Build/MMB29P) AppleWebKit/537.36 (KHTML, like Gecko) Chrome/137.0.7151.103 Mobile Safari/537.36 (compatible; Googlebot/2.1; +http://www.google.com/bot.html)"
66.249.73.234 - - [15/Jul/2025:14:12:24 +0000] "POST /get-message-notify HTTP/1.1" 200 40075 "https://cyber-secure.com.au/?e=58208425141000&mod=15134fab&uri=product.php%3Fid%3D1942445-1348%26name%3Dpit+smoker+project" "Mozilla/5.0 (Linux; Android 6.0.1; Nexus 5X Build/MMB29P) AppleWebKit/537.36 (KHTML, like Gecko) Chrome/137.0.7151.119 Mobile Safari/537.36 (compatible; Googlebot/2.1; +http://www.google.com/bot.html)"
66.249.73.233 - - [15/Jul/2025:14:12:26 +0000] "GET /item/chill41335251/ HTTP/1.1" 200 39911 "-" "Mozilla/5.0 (Linux; Android 6.0.1; Nexus 5X Build/MMB29P) AppleWebKit/537.36 (KHTML, like Gecko) Chrome/137.0.7151.103 Mobile Safari/537.36 (compatible; GoogleOther)"
66.249.73.233 - - [15/Jul/2025:14:12:27 +0000] "GET /?e=38501270001000&mod=9ee70b79&uri=info.php%3Fid%3D1284987-437%26name%3Dugg+shearling+lined+slippers HTTP/1.1" 200 39883 "-" "Mozilla/5.0 (Linux; Android 6.0.1; Nexus 5X Build/MMB29P) AppleWebKit/537.36 (KHTML, like Gecko) Chrome/137.0.7151.103 Mobile Safari/537.36 (compatible; Googlebot/2.1; +http://www.google.com/bot.html)"
66.249.73.234 - - [15/Jul/2025:14:12:29 +0000] "GET /?e=65402138011000&mod=9ee70b79&uri=product.php%3Fid%3D2182515-437%26name%3Dclarks+outlet+ladies+sandals HTTP/1.1" 200 39940 "-" "Mozilla/5.0 (Linux; Android 6.0.1; Nexus 5X Build/MMB29P) AppleWebKit/537.36 (KHTML, like Gecko) Chrome/137.0.7151.103 Mobile Safari/537.36 (compatible; Googlebot/2.1; +http://www.google.com/bot.html)"
66.249.73.234 - - [15/Jul/2025:14:12:32 +0000] "POST /get-message-notify HTTP/1.1" 200 40002 "https://cyber-secure.com.au/?e=38543444011000&mod=70c549b2&uri=article.php%3Fid%3D1286393-1126%26name%3Dhomemade+dog+clothes" "Mozilla/5.0 (Linux; Android 6.0.1; Nexus 5X Build/MMB29P) AppleWebKit/537.36 (KHTML, like Gecko) Chrome/137.0.7151.119 Mobile Safari/537.36 (compatible; Googlebot/2.1; +http://www.google.com/bot.html)"
66.249.73.233 - - [15/Jul/2025:14:12:33 +0000] "GET /item/bean21822553/ HTTP/1.1" 200 40207 "-" "Mozilla/5.0 (Linux; Android 6.0.1; Nexus 5X Build/MMB29P) AppleWebKit/537.36 (KHTML, like Gecko) Chrome/137.0.7151.103 Mobile Safari/537.36 (compatible; GoogleOther)"
66.249.73.234 - - [15/Jul/2025:14:12:33 +0000] "GET /?e=38589418041000&mod=747d3443&uri=pin.php%3Fid%3D1287926-314%26name%3Dfj%C3%83%C2%A4llr%C3%83%C2%A4ven+abisko+midsummer+zip+off HTTP/1.1" 200 40002 "-" "Mozilla/5.0 (Linux; Android 6.0.1; Nexus 5X Build/MMB29P) AppleWebKit/537.36 (KHTML, like Gecko) Chrome/137.0.7151.103 Mobile Safari/537.36 (compatible; Googlebot/2.1; +http://www.google.com/bot.html)"
66.249.73.233 - - [15/Jul/2025:14:12:34 +0000] "GET /?e=38559914001000&mod=2354c276&uri=info.php%3Fid%3D1286942-720%26name%3Dnew+balance+928+australia HTTP/1.1" 200 39895 "-" "Mozilla/5.0 (Linux; Android 6.0.1; Nexus 5X Build/MMB29P) AppleWebKit/537.36 (KHTML, like Gecko) Chrome/137.0.7151.103 Mobile Safari/537.36 (compatible; Googlebot/2.1; +http://www.google.com/bot.html)"
66.249.73.235 - - [15/Jul/2025:14:12:36 +0000] "GET /?e=38588968041000&mod=747d3443&uri=search.php%3Fid%3D1287911-314%26name%3Dpullover+damen+hess+natur HTTP/1.1" 200 39894 "-" "Mozilla/5.0 (Linux; Android 6.0.1; Nexus 5X Build/MMB29P) AppleWebKit/537.36 (KHTML, like Gecko) Chrome/137.0.7151.103 Mobile Safari/537.36 (compatible; Googlebot/2.1; +http://www.google.com/bot.html)"
66.249.73.233 - - [15/Jul/2025:14:12:37 +0000] "GET /?e=38548934001000&mod=2354c276&uri=brands.php%3Fid%3D1286576-720%26name%3Dnew+balance+comfort+ride+women%27s HTTP/1.1" 200 39855 "-" "Mozilla/5.0 (Linux; Android 6.0.1; Nexus 5X Build/MMB29P) AppleWebKit/537.36 (KHTML, like Gecko) Chrome/137.0.7151.103 Mobile Safari/537.36 (compatible; Googlebot/2.1; +http://www.google.com/bot.html)"
66.249.73.234 - - [15/Jul/2025:14:12:39 +0000] "GET /item/west10152552/ HTTP/1.1" 200 39866 "-" "Mozilla/5.0 (Linux; Android 6.0.1; Nexus 5X Build/MMB29P) AppleWebKit/537.36 (KHTML, like Gecko) Chrome/137.0.7151.103 Mobile Safari/537.36 (compatible; GoogleOther)"
66.249.73.233 - - [15/Jul/2025:14:12:42 +0000] "GET /?e=38512400061000&mod=9ee70b79&uri=us.php%3Fid%3D1285358-437%26name%3Dblack+ugg+slides+size+11 HTTP/1.1" 200 40045 "-" "Mozilla/5.0 (Linux; Android 6.0.1; Nexus 5X Build/MMB29P) AppleWebKit/537.36 (KHTML, like Gecko) Chrome/137.0.7151.103 Mobile Safari/537.36 (compatible; Googlebot/2.1; +http://www.google.com/bot.html)"
66.249.73.235 - - [15/Jul/2025:14:12:44 +0000] "GET /?e=119639754131000&mod=b73dfe25&uri=dp.php%3Fid%3D3992745-62%26name%3Dlost+or+stolen+apple+watch HTTP/1.1" 200 39866 "-" "Mozilla/5.0 (Linux; Android 6.0.1; Nexus 5X Build/MMB29P) AppleWebKit/537.36 (KHTML, like Gecko) Chrome/137.0.7151.103 Mobile Safari/537.36 (compatible; Googlebot/2.1; +http://www.google.com/bot.html)"
66.249.73.233 - - [15/Jul/2025:14:12:46 +0000] "GET /item/bit42952867/ HTTP/1.1" 200 40148 "-" "Mozilla/5.0 (Linux; Android 6.0.1; Nexus 5X Build/MMB29P) AppleWebKit/537.36 (KHTML, like Gecko) Chrome/137.0.7151.103 Mobile Safari/537.36 (compatible; GoogleOther)"
66.249.73.235 - - [15/Jul/2025:14:12:46 +0000] "GET /?e=50526238061000&mod=c255c052&uri=search.php%3Fid%3D1686151-387%26name%3Dschwinn+bike+for+year+old HTTP/1.1" 200 40014 "-" "Mozilla/5.0 (Linux; Android 6.0.1; Nexus 5X Build/MMB29P) AppleWebKit/537.36 (KHTML, like Gecko) Chrome/137.0.7151.103 Mobile Safari/537.36 (compatible; Googlebot/2.1; +http://www.google.com/bot.html)"
66.249.73.234 - - [15/Jul/2025:14:12:48 +0000] "GET /?e=50525578051000&mod=e0be0edc&uri=products.php%3Fid%3D1686129-934%26name%3Dmod8+chaussures HTTP/1.1" 200 40099 "-" "Mozilla/5.0 (Linux; Android 6.0.1; Nexus 5X Build/MMB29P) AppleWebKit/537.36 (KHTML, like Gecko) Chrome/137.0.7151.103 Mobile Safari/537.36 (compatible; Googlebot/2.1; +http://www.google.com/bot.html)"
66.249.73.234 - - [15/Jul/2025:14:12:47 +0000] "POST /get-message-notify HTTP/1.1" 200 40065 "https://cyber-secure.com.au/?e=45700125021000&mod=1b486d7a&uri=news.php%3Fid%3D1525150-827%26name%3Dsamsonite+almohada+viaje" "Mozilla/5.0 (Linux; Android 6.0.1; Nexus 5X Build/MMB29P) AppleWebKit/537.36 (KHTML, like Gecko) Chrome/137.0.7151.119 Mobile Safari/537.36 (compatible; Googlebot/2.1; +http://www.google.com/bot.html)"
66.249.73.234 - - [15/Jul/2025:14:12:49 +0000] "POST /get-message-notify HTTP/1.1" 200 39980 "https://cyber-secure.com.au/?e=38512400061000&mod=9ee70b79&uri=us.php%3Fid%3D1285358-437%26name%3Dblack+ugg+slides+size+11" "Mozilla/5.0 (Linux; Android 6.0.1; Nexus 5X Build/MMB29P) AppleWebKit/537.36 (KHTML, like Gecko) Chrome/137.0.7151.119 Mobile Safari/537.36 (compatible; Googlebot/2.1; +http://www.google.com/bot.html)"
66.249.73.234 - - [15/Jul/2025:14:12:51 +0000] "POST /get-message-notify HTTP/1.1" 200 40052 "https://cyber-secure.com.au/?e=50525578051000&mod=e0be0edc&uri=products.php%3Fid%3D1686129-934%26name%3Dmod8+chaussures" "Mozilla/5.0 (Linux; Android 6.0.1; Nexus 5X Build/MMB29P) AppleWebKit/537.36 (KHTML, like Gecko) Chrome/137.0.7151.119 Mobile Safari/537.36 (compatible; Googlebot/2.1; +http://www.google.com/bot.html)"
66.249.73.234 - - [15/Jul/2025:14:12:52 +0000] "GET /?e=50526658051000&mod=e0be0edc&uri=info.php%3Fid%3D1686165-934%26name%3Djogging+nike+running+homme HTTP/1.1" 200 39895 "-" "Mozilla/5.0 (Linux; Android 6.0.1; Nexus 5X Build/MMB29P) AppleWebKit/537.36 (KHTML, like Gecko) Chrome/137.0.7151.103 Mobile Safari/537.36 (compatible; Googlebot/2.1; +http://www.google.com/bot.html)"
66.249.73.234 - - [15/Jul/2025:14:12:53 +0000] "GET /item/billi72007606/ HTTP/1.1" 200 39971 "-" "Mozilla/5.0 (Linux; Android 6.0.1; Nexus 5X Build/MMB29P) AppleWebKit/537.36 (KHTML, like Gecko) Chrome/137.0.7151.103 Mobile Safari/537.36 (compatible; GoogleOther)"
66.249.73.233 - - [15/Jul/2025:14:12:57 +0000] "GET /?e=58171395031000&mod=f2bff080&uri=brands.php%3Fid%3D1941209-338%26name%3Dadidas+china+weibo+definicion HTTP/1.1" 200 39882 "-" "Mozilla/5.0 (Linux; Android 6.0.1; Nexus 5X Build/MMB29P) AppleWebKit/537.36 (KHTML, like Gecko) Chrome/137.0.7151.103 Mobile Safari/537.36 (compatible; Googlebot/2.1; +http://www.google.com/bot.html)"
66.249.73.235 - - [15/Jul/2025:14:12:58 +0000] "GET /?e=50492008001000&mod=02ae6a78&uri=article.php%3Fid%3D1685010-381%26name%3Dguess+scarpe+leopardate HTTP/1.1" 200 39901 "-" "Mozilla/5.0 (Linux; Android 6.0.1; Nexus 5X Build/MMB29P) AppleWebKit/537.36 (KHTML, like Gecko) Chrome/137.0.7151.103 Mobile Safari/537.36 (compatible; Googlebot/2.1; +http://www.google.com/bot.html)"
66.249.73.236 - - [15/Jul/2025:14:13:00 +0000] "GET /?e=50523478011000&mod=e0be0edc&uri=form.php%3Fid%3D1686059-934%26name%3Dbasket+en+cuir+noir+homme HTTP/1.1" 200 39919 "-" "Mozilla/5.0 (Linux; Android 6.0.1; Nexus 5X Build/MMB29P) AppleWebKit/537.36 (KHTML, like Gecko) Chrome/137.0.7151.103 Mobile Safari/537.36 (compatible; Googlebot/2.1; +http://www.google.com/bot.html)"
66.249.73.233 - - [15/Jul/2025:14:13:01 +0000] "POST /get-message-notify HTTP/1.1" 200 40055 "https://cyber-secure.com.au/?e=50526238061000&mod=c255c052&uri=search.php%3Fid%3D1686151-387%26name%3Dschwinn+bike+for+year+old" "Mozilla/5.0 (Linux; Android 6.0.1; Nexus 5X Build/MMB29P) AppleWebKit/537.36 (KHTML, like Gecko) Chrome/137.0.7151.119 Mobile Safari/537.36 (compatible; Googlebot/2.1; +http://www.google.com/bot.html)"
66.249.73.234 - - [15/Jul/2025:14:13:02 +0000] "GET /?e=41866198001000&mod=02ae6a78&uri=shared.php%3Fid%3D1397260-381%26name%3Dscarpe+ginnastica+outlet+on+line HTTP/1.1" 200 39957 "-" "Mozilla/5.0 (Linux; Android 6.0.1; Nexus 5X Build/MMB29P) AppleWebKit/537.36 (KHTML, like Gecko) Chrome/137.0.7151.103 Mobile Safari/537.36 (compatible; Googlebot/2.1; +http://www.google.com/bot.html)"
66.249.73.234 - - [15/Jul/2025:14:13:02 +0000] "GET /item/end80400239/ HTTP/1.1" 200 40020 "-" "Mozilla/5.0 (Linux; Android 6.0.1; Nexus 5X Build/MMB29P) AppleWebKit/537.36 (KHTML, like Gecko) Chrome/137.0.7151.103 Mobile Safari/537.36 (compatible; GoogleOther)"
66.249.73.234 - - [15/Jul/2025:14:13:04 +0000] "POST /get-message-notify HTTP/1.1" 200 40067 "https://cyber-secure.com.au/?e=58211185011000&mod=15134fab&uri=brands.php%3Fid%3D1942537-1348%26name%3Dbest+barbecue+smokers" "Mozilla/5.0 (Linux; Android 6.0.1; Nexus 5X Build/MMB29P) AppleWebKit/537.36 (KHTML, like Gecko) Chrome/137.0.7151.119 Mobile Safari/537.36 (compatible; Googlebot/2.1; +http://www.google.com/bot.html)"
66.249.73.233 - - [15/Jul/2025:14:13:09 +0000] "GET /item/setti32822154/ HTTP/1.1" 200 40192 "-" "Mozilla/5.0 (Linux; Android 6.0.1; Nexus 5X Build/MMB29P) AppleWebKit/537.36 (KHTML, like Gecko) Chrome/137.0.7151.103 Mobile Safari/537.36 (compatible; GoogleOther)"
66.249.73.234 - - [15/Jul/2025:14:13:12 +0000] "GET /item/toy30872978/ HTTP/1.1" 200 40000 "-" "Mozilla/5.0 (Linux; Android 6.0.1; Nexus 5X Build/MMB29P) AppleWebKit/537.36 (KHTML, like Gecko) Chrome/137.0.7151.103 Mobile Safari/537.36 (compatible; GoogleOther)"
66.249.73.233 - - [15/Jul/2025:14:13:15 +0000] "GET /item/core70266534/ HTTP/1.1" 200 40044 "-" "Mozilla/5.0 (Linux; Android 6.0.1; Nexus 5X Build/MMB29P) AppleWebKit/537.36 (KHTML, like Gecko) Chrome/137.0.7151.103 Mobile Safari/537.36 (compatible; GoogleOther)"
66.249.73.233 - - [15/Jul/2025:14:13:15 +0000] "GET /?e=50524558011000&mod=e0be0edc&uri=dp.php%3Fid%3D1686095-934%26name%3Dkickers+gar%C3%83%C2%A7ons HTTP/1.1" 200 39959 "-" "Mozilla/5.0 (Linux; Android 6.0.1; Nexus 5X Build/MMB29P) AppleWebKit/537.36 (KHTML, like Gecko) Chrome/137.0.7151.103 Mobile Safari/537.36 (compatible; Googlebot/2.1; +http://www.google.com/bot.html)"
66.249.73.233 - - [15/Jul/2025:14:13:17 +0000] "POST /get-message-notify HTTP/1.1" 200 40022 "https://cyber-secure.com.au/?e=58247100121000&mod=619205da&uri=blog.php%3Fid%3D1943735-233%26name%3Dcampera+de+cerro+puma" "Mozilla/5.0 (Linux; Android 6.0.1; Nexus 5X Build/MMB29P) AppleWebKit/537.36 (KHTML, like Gecko) Chrome/137.0.7151.119 Mobile Safari/537.36 (compatible; Googlebot/2.1; +http://www.google.com/bot.html)"
66.249.73.233 - - [15/Jul/2025:14:13:18 +0000] "GET /item/wave82381407/ HTTP/1.1" 200 39784 "-" "Mozilla/5.0 (Linux; Android 6.0.1; Nexus 5X Build/MMB29P) AppleWebKit/537.36 (KHTML, like Gecko) Chrome/137.0.7151.103 Mobile Safari/537.36 (compatible; GoogleOther)"
66.249.73.234 - - [15/Jul/2025:14:13:24 +0000] "GET /?e=50511358051000&mod=c255c052&uri=info.php%3Fid%3D1685655-387%26name%3D1999+schwinn+grape+krate+for+sale HTTP/1.1" 200 39861 "-" "Mozilla/5.0 (Linux; Android 6.0.1; Nexus 5X Build/MMB29P) AppleWebKit/537.36 (KHTML, like Gecko) Chrome/137.0.7151.103 Mobile Safari/537.36 (compatible; Googlebot/2.1; +http://www.google.com/bot.html)"
66.249.73.234 - - [15/Jul/2025:14:13:26 +0000] "GET /?e=58138978001000&mod=b4d22bb5&uri=form.php%3Fid%3D1940125-803%26name%3Dla+bicicletta+che+cos+%C3%83%C2%A8 HTTP/1.1" 200 39916 "-" "Mozilla/5.0 (Linux; Android 6.0.1; Nexus 5X Build/MMB29P) AppleWebKit/537.36 (KHTML, like Gecko) Chrome/137.0.7151.103 Mobile Safari/537.36 (compatible; Googlebot/2.1; +http://www.google.com/bot.html)"
66.249.73.233 - - [15/Jul/2025:14:13:30 +0000] "GET /?e=50527425011000&mod=e0be0edc&uri=shared.php%3Fid%3D1686191-934%26name%3Dgroupe+besson+chaussures HTTP/1.1" 200 40111 "-" "Mozilla/5.0 (Linux; Android 6.0.1; Nexus 5X Build/MMB29P) AppleWebKit/537.36 (KHTML, like Gecko) Chrome/137.0.7151.103 Mobile Safari/537.36 (compatible; Googlebot/2.1; +http://www.google.com/bot.html)"
66.249.73.233 - - [15/Jul/2025:14:13:30 +0000] "POST /get-message-notify HTTP/1.1" 200 40042 "https://cyber-secure.com.au/item/rewar20658273/" "Mozilla/5.0 (Linux; Android 6.0.1; Nexus 5X Build/MMB29P) AppleWebKit/537.36 (KHTML, like Gecko) Chrome/137.0.7151.119 Mobile Safari/537.36 (compatible; Googlebot/2.1; +http://www.google.com/bot.html)"
66.249.73.233 - - [15/Jul/2025:14:13:32 +0000] "POST /get-message-notify HTTP/1.1" 200 40046 "https://cyber-secure.com.au/?e=38589418041000&mod=747d3443&uri=pin.php%3Fid%3D1287926-314%26name%3Dfj%C3%83%C2%A4llr%C3%83%C2%A4ven+abisko+midsummer+zip+off" "Mozilla/5.0 (Linux; Android 6.0.1; Nexus 5X Build/MMB29P) AppleWebKit/537.36 (KHTML, like Gecko) Chrome/137.0.7151.119 Mobile Safari/537.36 (compatible; Googlebot/2.1; +http://www.google.com/bot.html)"
66.249.73.233 - - [15/Jul/2025:14:13:34 +0000] "GET /item/steer62946037/ HTTP/1.1" 200 40596 "-" "Mozilla/5.0 (Linux; Android 6.0.1; Nexus 5X Build/MMB29P) AppleWebKit/537.36 (KHTML, like Gecko) Chrome/137.0.7151.103 Mobile Safari/537.36 (compatible; GoogleOther)"
66.249.73.234 - - [15/Jul/2025:14:13:35 +0000] "GET /?e=50527065041000&mod=c255c052&uri=article.php%3Fid%3D1686179-387%26name%3Dschwinn+electric+scooter+review HTTP/1.1" 200 39915 "-" "Mozilla/5.0 (Linux; Android 6.0.1; Nexus 5X Build/MMB29P) AppleWebKit/537.36 (KHTML, like Gecko) Chrome/137.0.7151.103 Mobile Safari/537.36 (compatible; Googlebot/2.1; +http://www.google.com/bot.html)"
66.249.73.234 - - [15/Jul/2025:14:13:35 +0000] "POST /get-message-notify HTTP/1.1" 200 40013 "https://cyber-secure.com.au/?e=50523478011000&mod=e0be0edc&uri=form.php%3Fid%3D1686059-934%26name%3Dbasket+en+cuir+noir+homme" "Mozilla/5.0 (Linux; Android 6.0.1; Nexus 5X Build/MMB29P) AppleWebKit/537.36 (KHTML, like Gecko) Chrome/137.0.7151.119 Mobile Safari/537.36 (compatible; Googlebot/2.1; +http://www.google.com/bot.html)"
66.249.73.233 - - [15/Jul/2025:14:13:36 +0000] "GET /?e=11920317041000&mod=02ae6a78&uri=goods.php%3Fid%3D398024-381%26name%3Dsatorisan+scarpe HTTP/1.1" 200 39988 "-" "Mozilla/5.0 (Linux; Android 6.0.1; Nexus 5X Build/MMB29P) AppleWebKit/537.36 (KHTML, like Gecko) Chrome/137.0.7151.103 Mobile Safari/537.36 (compatible; Googlebot/2.1; +http://www.google.com/bot.html)"
66.249.73.233 - - [15/Jul/2025:14:13:38 +0000] "GET /?e=50476789071000&mod=02ae6a78&uri=shared.php%3Fid%3D1684502-381%26name%3Dscarpe+marca+fashion+uomo HTTP/1.1" 200 39825 "-" "Mozilla/5.0 (Linux; Android 6.0.1; Nexus 5X Build/MMB29P) AppleWebKit/537.36 (KHTML, like Gecko) Chrome/137.0.7151.103 Mobile Safari/537.36 (compatible; Googlebot/2.1; +http://www.google.com/bot.html)"
66.249.73.234 - - [15/Jul/2025:14:13:39 +0000] "GET /?e=50523418011000&mod=e0be0edc&uri=category-info.php%3Fid%3D1686057-934%26name%3Dnike+pegasus+shield+homme HTTP/1.1" 200 39996 "-" "Mozilla/5.0 (Linux; Android 6.0.1; Nexus 5X Build/MMB29P) AppleWebKit/537.36 (KHTML, like Gecko) Chrome/137.0.7151.103 Mobile Safari/537.36 (compatible; Googlebot/2.1; +http://www.google.com/bot.html)"
66.249.73.234 - - [15/Jul/2025:14:13:40 +0000] "GET /item/union20503361/ HTTP/1.1" 200 40027 "-" "Mozilla/5.0 (Linux; Android 6.0.1; Nexus 5X Build/MMB29P) AppleWebKit/537.36 (KHTML, like Gecko) Chrome/137.0.7151.103 Mobile Safari/537.36 (compatible; GoogleOther)"
66.249.73.234 - - [15/Jul/2025:14:13:41 +0000] "GET /?e=41859090031000&mod=02ae6a78&uri=form.php%3Fid%3D1397023-381%26name%3Dsaucony+bambina+25 HTTP/1.1" 200 40118 "-" "Mozilla/5.0 (Linux; Android 6.0.1; Nexus 5X Build/MMB29P) AppleWebKit/537.36 (KHTML, like Gecko) Chrome/137.0.7151.103 Mobile Safari/537.36 (compatible; Googlebot/2.1; +http://www.google.com/bot.html)"
66.249.73.234 - - [15/Jul/2025:14:13:43 +0000] "POST /get-message-notify HTTP/1.1" 200 40123 "https://cyber-secure.com.au/?e=66658318081000&mod=b4d22bb5&uri=news.php%3Fid%3D2224439-803%26name%3Dyamaha+tracer+900+2018+usata" "Mozilla/5.0 (Linux; Android 6.0.1; Nexus 5X Build/MMB29P) AppleWebKit/537.36 (KHTML, like Gecko) Chrome/137.0.7151.119 Mobile Safari/537.36 (compatible; Googlebot/2.1; +http://www.google.com/bot.html)"
66.249.73.235 - - [15/Jul/2025:14:13:44 +0000] "POST /get-message-notify HTTP/1.1" 200 40010 "https://cyber-secure.com.au/?e=58243500121000&mod=43e4e6a6&uri=form.php%3Fid%3D1943615-234%26name%3Dtragejacke+winter+mit+babyeinsatz" "Mozilla/5.0 (Linux; Android 6.0.1; Nexus 5X Build/MMB29P) AppleWebKit/537.36 (KHTML, like Gecko) Chrome/137.0.7151.119 Mobile Safari/537.36 (compatible; Googlebot/2.1; +http://www.google.com/bot.html)"
66.249.73.234 - - [15/Jul/2025:14:13:46 +0000] "GET /item/vineg62534965/ HTTP/1.1" 200 40303 "-" "Mozilla/5.0 (Linux; Android 6.0.1; Nexus 5X Build/MMB29P) AppleWebKit/537.36 (KHTML, like Gecko) Chrome/137.0.7151.103 Mobile Safari/537.36 (compatible; GoogleOther)"
66.249.73.234 - - [15/Jul/2025:14:13:50 +0000] "GET /?e=50524318021000&mod=c255c052&uri=search.php%3Fid%3D1686087-387%26name%3Dschwinn+phantom HTTP/1.1" 200 40024 "-" "Mozilla/5.0 (Linux; Android 6.0.1; Nexus 5X Build/MMB29P) AppleWebKit/537.36 (KHTML, like Gecko) Chrome/137.0.7151.103 Mobile Safari/537.36 (compatible; Googlebot/2.1; +http://www.google.com/bot.html)"
66.249.73.234 - - [15/Jul/2025:14:13:51 +0000] "POST /get-message-notify HTTP/1.1" 200 40049 "https://cyber-secure.com.au/?e=11920317041000&mod=02ae6a78&uri=goods.php%3Fid%3D398024-381%26name%3Dsatorisan+scarpe" "Mozilla/5.0 (Linux; Android 6.0.1; Nexus 5X Build/MMB29P) AppleWebKit/537.36 (KHTML, like Gecko) Chrome/137.0.7151.119 Mobile Safari/537.36 (compatible; Googlebot/2.1; +http://www.google.com/bot.html)"
66.249.73.235 - - [15/Jul/2025:14:13:53 +0000] "GET /item/dam62555309/ HTTP/1.1" 200 40579 "-" "Mozilla/5.0 (Linux; Android 6.0.1; Nexus 5X Build/MMB29P) AppleWebKit/537.36 (KHTML, like Gecko) Chrome/137.0.7151.103 Mobile Safari/537.36 (compatible; GoogleOther)"
66.249.73.236 - - [15/Jul/2025:14:13:57 +0000] "GET /?e=50525878091000&mod=e0be0edc&uri=itm.php%3Fid%3D1686139-934%26name%3Dair+max+tuned+iii HTTP/1.1" 200 39943 "-" "Mozilla/5.0 (Linux; Android 6.0.1; Nexus 5X Build/MMB29P) AppleWebKit/537.36 (KHTML, like Gecko) Chrome/137.0.7151.103 Mobile Safari/537.36 (compatible; Googlebot/2.1; +http://www.google.com/bot.html)"
66.249.73.233 - - [15/Jul/2025:14:13:58 +0000] "GET /?e=50523658051000&mod=e0be0edc&uri=pin.php%3Fid%3D1686065-934%26name%3Dbasket+mode+femme+2020 HTTP/1.1" 200 39890 "-" "Mozilla/5.0 (Linux; Android 6.0.1; Nexus 5X Build/MMB29P) AppleWebKit/537.36 (KHTML, like Gecko) Chrome/137.0.7151.103 Mobile Safari/537.36 (compatible; Googlebot/2.1; +http://www.google.com/bot.html)"
66.249.73.236 - - [15/Jul/2025:14:13:59 +0000] "GET /item/sick11636992/ HTTP/1.1" 200 40247 "-" "Mozilla/5.0 (Linux; Android 6.0.1; Nexus 5X Build/MMB29P) AppleWebKit/537.36 (KHTML, like Gecko) Chrome/137.0.7151.103 Mobile Safari/537.36 (compatible; GoogleOther)"
66.249.73.233 - - [15/Jul/2025:14:14:03 +0000] "GET /?e=50543573001000&mod=e0be0edc&uri=goods.php%3Fid%3D1686730-934%26name%3Dbadminton+chaussure HTTP/1.1" 200 40004 "-" "Mozilla/5.0 (Linux; Android 6.0.1; Nexus 5X Build/MMB29P) AppleWebKit/537.36 (KHTML, like Gecko) Chrome/137.0.7151.103 Mobile Safari/537.36 (compatible; Googlebot/2.1; +http://www.google.com/bot.html)"
66.249.73.233 - - [15/Jul/2025:14:14:05 +0000] "POST /get-message-notify HTTP/1.1" 200 39993 "https://cyber-secure.com.au/?e=50543573001000&mod=e0be0edc&uri=goods.php%3Fid%3D1686730-934%26name%3Dbadminton+chaussure" "Mozilla/5.0 (Linux; Android 6.0.1; Nexus 5X Build/MMB29P) AppleWebKit/537.36 (KHTML, like Gecko) Chrome/137.0.7151.119 Mobile Safari/537.36 (compatible; Googlebot/2.1; +http://www.google.com/bot.html)"
66.249.73.234 - - [15/Jul/2025:14:14:05 +0000] "GET /item/howev42952379/ HTTP/1.1" 200 40091 "-" "Mozilla/5.0 (Linux; Android 6.0.1; Nexus 5X Build/MMB29P) AppleWebKit/537.36 (KHTML, like Gecko) Chrome/137.0.7151.103 Mobile Safari/537.36 (compatible; GoogleOther)"
66.249.73.233 - - [15/Jul/2025:14:14:06 +0000] "POST /get-message-notify HTTP/1.1" 200 39940 "https://cyber-secure.com.au/?e=41859090031000&mod=02ae6a78&uri=form.php%3Fid%3D1397023-381%26name%3Dsaucony+bambina+25" "Mozilla/5.0 (Linux; Android 6.0.1; Nexus 5X Build/MMB29P) AppleWebKit/537.36 (KHTML, like Gecko) Chrome/137.0.7151.119 Mobile Safari/537.36 (compatible; Googlebot/2.1; +http://www.google.com/bot.html)"
66.249.73.233 - - [15/Jul/2025:14:14:09 +0000] "GET /?e=11337583041000&mod=02ae6a78&uri=goods.php%3Fid%3D378542-381%26name%3Dgeox+donna+anfibi HTTP/1.1" 200 39972 "-" "Mozilla/5.0 (Linux; Android 6.0.1; Nexus 5X Build/MMB29P) AppleWebKit/537.36 (KHTML, like Gecko) Chrome/137.0.7151.103 Mobile Safari/537.36 (compatible; Googlebot/2.1; +http://www.google.com/bot.html)"
66.249.73.234 - - [15/Jul/2025:14:14:10 +0000] "POST /get-message-notify HTTP/1.1" 200 40006 "https://cyber-secure.com.au/?e=38588668091000&mod=747d3443&uri=goods.php%3Fid%3D1287901-314%26name%3Dwindbreaker+fahrrad+herren" "Mozilla/5.0 (Linux; Android 6.0.1; Nexus 5X Build/MMB29P) AppleWebKit/537.36 (KHTML, like Gecko) Chrome/137.0.7151.119 Mobile Safari/537.36 (compatible; Googlebot/2.1; +http://www.google.com/bot.html)"
66.249.73.233 - - [15/Jul/2025:14:14:11 +0000] "GET /?e=50492038011000&mod=02ae6a78&uri=products.php%3Fid%3D1685011-381%26name%3Dsandali+da+uomo+online HTTP/1.1" 200 39879 "-" "Mozilla/5.0 (Linux; Android 6.0.1; Nexus 5X Build/MMB29P) AppleWebKit/537.36 (KHTML, like Gecko) Chrome/137.0.7151.103 Mobile Safari/537.36 (compatible; Googlebot/2.1; +http://www.google.com/bot.html)"
66.249.73.234 - - [15/Jul/2025:14:14:12 +0000] "GET /?e=50525338011000&mod=e0be0edc&uri=us.php%3Fid%3D1686121-934%26name%3Dla+halles+vetement HTTP/1.1" 200 40007 "-" "Mozilla/5.0 (Linux; Android 6.0.1; Nexus 5X Build/MMB29P) AppleWebKit/537.36 (KHTML, like Gecko) Chrome/137.0.7151.103 Mobile Safari/537.36 (compatible; Googlebot/2.1; +http://www.google.com/bot.html)"
66.249.73.233 - - [15/Jul/2025:14:14:14 +0000] "GET /?e=50527545051000&mod=e0be0edc&uri=article.php%3Fid%3D1686195-934%26name%3Dasics+gt+2000+outlet HTTP/1.1" 200 39897 "-" "Mozilla/5.0 (Linux; Android 6.0.1; Nexus 5X Build/MMB29P) AppleWebKit/537.36 (KHTML, like Gecko) Chrome/137.0.7151.103 Mobile Safari/537.36 (compatible; Googlebot/2.1; +http://www.google.com/bot.html)"
66.249.73.233 - - [15/Jul/2025:14:14:14 +0000] "GET /item/fat50733132/ HTTP/1.1" 200 40345 "-" "Mozilla/5.0 (Linux; Android 6.0.1; Nexus 5X Build/MMB29P) AppleWebKit/537.36 (KHTML, like Gecko) Chrome/137.0.7151.103 Mobile Safari/537.36 (compatible; GoogleOther)"
66.249.73.233 - - [15/Jul/2025:14:14:21 +0000] "GET /item/relie21581881/ HTTP/1.1" 200 40191 "-" "Mozilla/5.0 (Linux; Android 6.0.1; Nexus 5X Build/MMB29P) AppleWebKit/537.36 (KHTML, like Gecko) Chrome/137.0.7151.103 Mobile Safari/537.36 (compatible; GoogleOther)"
66.249.73.234 - - [15/Jul/2025:14:14:21 +0000] "GET /?e=50550023051000&mod=e0be0edc&uri=products.php%3Fid%3D1686945-934%26name%3Dnike+air+max+270+noir+et+jaune+fluo HTTP/1.1" 200 39892 "-" "Mozilla/5.0 (Linux; Android 6.0.1; Nexus 5X Build/MMB29P) AppleWebKit/537.36 (KHTML, like Gecko) Chrome/137.0.7151.103 Mobile Safari/537.36 (compatible; Googlebot/2.1; +http://www.google.com/bot.html)"
66.249.73.234 - - [15/Jul/2025:14:14:22 +0000] "GET /?e=50527725011000&mod=e0be0edc&uri=products.php%3Fid%3D1686201-934%26name%3Dnemeziz+rouge HTTP/1.1" 200 39967 "-" "Mozilla/5.0 (Linux; Android 6.0.1; Nexus 5X Build/MMB29P) AppleWebKit/537.36 (KHTML, like Gecko) Chrome/137.0.7151.103 Mobile Safari/537.36 (compatible; Googlebot/2.1; +http://www.google.com/bot.html)"
66.249.73.233 - - [15/Jul/2025:14:14:24 +0000] "GET /item/bankr41770371/ HTTP/1.1" 200 40169 "-" "Mozilla/5.0 (Linux; Android 6.0.1; Nexus 5X Build/MMB29P) AppleWebKit/537.36 (KHTML, like Gecko) Chrome/137.0.7151.103 Mobile Safari/537.36 (compatible; GoogleOther)"
66.249.73.234 - - [15/Jul/2025:14:14:24 +0000] "GET /?e=58171562031000&mod=0ebffb73&uri=product.php%3Fid%3D1941215-1347%26name%3Dnike+pagina+oficial+venezuela HTTP/1.1" 200 39891 "-" "Mozilla/5.0 (Linux; Android 6.0.1; Nexus 5X Build/MMB29P) AppleWebKit/537.36 (KHTML, like Gecko) Chrome/137.0.7151.103 Mobile Safari/537.36 (compatible; Googlebot/2.1; +http://www.google.com/bot.html)"
66.249.73.233 - - [15/Jul/2025:14:14:27 +0000] "GET /item/cable40931019/ HTTP/1.1" 200 39936 "-" "Mozilla/5.0 (Linux; Android 6.0.1; Nexus 5X Build/MMB29P) AppleWebKit/537.36 (KHTML, like Gecko) Chrome/137.0.7151.103 Mobile Safari/537.36 (compatible; GoogleOther)"
66.249.73.234 - - [15/Jul/2025:14:14:28 +0000] "GET /?e=50517808041000&mod=c255c052&uri=blog.php%3Fid%3D1685870-387%26name%3Dreddit+schwinn+ic4 HTTP/1.1" 200 40062 "-" "Mozilla/5.0 (Linux; Android 6.0.1; Nexus 5X Build/MMB29P) AppleWebKit/537.36 (KHTML, like Gecko) Chrome/137.0.7151.103 Mobile Safari/537.36 (compatible; Googlebot/2.1; +http://www.google.com/bot.html)"
66.249.73.233 - - [15/Jul/2025:14:14:32 +0000] "POST /get-message-notify HTTP/1.1" 200 40059 "https://cyber-secure.com.au/?e=50524318021000&mod=c255c052&uri=search.php%3Fid%3D1686087-387%26name%3Dschwinn+phantom" "Mozilla/5.0 (Linux; Android 6.0.1; Nexus 5X Build/MMB29P) AppleWebKit/537.36 (KHTML, like Gecko) Chrome/137.0.7151.119 Mobile Safari/537.36 (compatible; Googlebot/2.1; +http://www.google.com/bot.html)"
66.249.73.233 - - [15/Jul/2025:14:14:32 +0000] "GET /?e=50526885131000&mod=e0be0edc&uri=goods.php%3Fid%3D1686173-934%26name%3Dnike+react+element+55+noir+rouge HTTP/1.1" 200 39981 "-" "Mozilla/5.0 (Linux; Android 6.0.1; Nexus 5X Build/MMB29P) AppleWebKit/537.36 (KHTML, like Gecko) Chrome/137.0.7151.103 Mobile Safari/537.36 (compatible; Googlebot/2.1; +http://www.google.com/bot.html)"
66.249.73.233 - - [15/Jul/2025:14:14:34 +0000] "GET /?e=50525278091000&mod=e0be0edc&uri=form.php%3Fid%3D1686119-934%26name%3Dfrance+mode+chaussures+2019 HTTP/1.1" 200 39952 "-" "Mozilla/5.0 (Linux; Android 6.0.1; Nexus 5X Build/MMB29P) AppleWebKit/537.36 (KHTML, like Gecko) Chrome/137.0.7151.103 Mobile Safari/537.36 (compatible; Googlebot/2.1; +http://www.google.com/bot.html)"
66.249.73.234 - - [15/Jul/2025:14:14:34 +0000] "GET /item/spher70485966/ HTTP/1.1" 200 40137 "-" "Mozilla/5.0 (Linux; Android 6.0.1; Nexus 5X Build/MMB29P) AppleWebKit/537.36 (KHTML, like Gecko) Chrome/137.0.7151.103 Mobile Safari/537.36 (compatible; GoogleOther)"
66.249.73.233 - - [15/Jul/2025:14:14:35 +0000] "POST /get-message-notify HTTP/1.1" 200 39994 "https://cyber-secure.com.au/?e=50476789071000&mod=02ae6a78&uri=shared.php%3Fid%3D1684502-381%26name%3Dscarpe+marca+fashion+uomo" "Mozilla/5.0 (Linux; Android 6.0.1; Nexus 5X Build/MMB29P) AppleWebKit/537.36 (KHTML, like Gecko) Chrome/137.0.7151.119 Mobile Safari/537.36 (compatible; Googlebot/2.1; +http://www.google.com/bot.html)"
66.249.73.234 - - [15/Jul/2025:14:14:36 +0000] "GET /?e=50523298031000&mod=c255c052&uri=shared.php%3Fid%3D1686053-387%26name%3Dvintage+schwinn+women%27s+cruiser HTTP/1.1" 200 39961 "-" "Mozilla/5.0 (Linux; Android 6.0.1; Nexus 5X Build/MMB29P) AppleWebKit/537.36 (KHTML, like Gecko) Chrome/137.0.7151.103 Mobile Safari/537.36 (compatible; Googlebot/2.1; +http://www.google.com/bot.html)"
66.249.73.233 - - [15/Jul/2025:14:14:37 +0000] "GET /?e=50526118031000&mod=c255c052&uri=product.php%3Fid%3D1686147-387%26name%3Ds5728wm HTTP/1.1" 200 39886 "-" "Mozilla/5.0 (Linux; Android 6.0.1; Nexus 5X Build/MMB29P) AppleWebKit/537.36 (KHTML, like Gecko) Chrome/137.0.7151.103 Mobile Safari/537.36 (compatible; Googlebot/2.1; +http://www.google.com/bot.html)"
66.249.73.233 - - [15/Jul/2025:14:14:37 +0000] "GET /item/probl51556956/ HTTP/1.1" 200 40533 "-" "Mozilla/5.0 (Linux; Android 6.0.1; Nexus 5X Build/MMB29P) AppleWebKit/537.36 (KHTML, like Gecko) Chrome/137.0.7151.103 Mobile Safari/537.36 (compatible; GoogleOther)"
66.249.73.235 - - [15/Jul/2025:14:14:40 +0000] "GET /item/marve40594339/ HTTP/1.1" 200 40543 "-" "Mozilla/5.0 (Linux; Android 6.0.1; Nexus 5X Build/MMB29P) AppleWebKit/537.36 (KHTML, like Gecko) Chrome/137.0.7151.103 Mobile Safari/537.36 (compatible; GoogleOther)"
66.249.73.234 - - [15/Jul/2025:14:14:41 +0000] "GET /?e=50523718031000&mod=e0be0edc&uri=pin.php%3Fid%3D1686067-934%26name%3Dla%C3%83%C2%A7age+air+force+one HTTP/1.1" 200 39944 "-" "Mozilla/5.0 (Linux; Android 6.0.1; Nexus 5X Build/MMB29P) AppleWebKit/537.36 (KHTML, like Gecko) Chrome/137.0.7151.103 Mobile Safari/537.36 (compatible; Googlebot/2.1; +http://www.google.com/bot.html)"
66.249.73.233 - - [15/Jul/2025:14:14:43 +0000] "GET /?e=50525398031000&mod=e0be0edc&uri=category-info.php%3Fid%3D1686123-934%26name%3Dpuma+drift+cat+ultra+ii+sneaker HTTP/1.1" 200 39920 "-" "Mozilla/5.0 (Linux; Android 6.0.1; Nexus 5X Build/MMB29P) AppleWebKit/537.36 (KHTML, like Gecko) Chrome/137.0.7151.103 Mobile Safari/537.36 (compatible; Googlebot/2.1; +http://www.google.com/bot.html)"
66.249.73.233 - - [15/Jul/2025:14:14:43 +0000] "GET /item/brita71851238/ HTTP/1.1" 200 40125 "-" "Mozilla/5.0 (Linux; Android 6.0.1; Nexus 5X Build/MMB29P) AppleWebKit/537.36 (KHTML, like Gecko) Chrome/137.0.7151.103 Mobile Safari/537.36 (compatible; GoogleOther)"
66.249.73.235 - - [15/Jul/2025:14:14:44 +0000] "GET /?e=50527305121000&mod=e0be0edc&uri=itm.php%3Fid%3D1686187-934%26name%3Dmillet+anton+gtx+stretch+jkt HTTP/1.1" 200 39895 "-" "Mozilla/5.0 (Linux; Android 6.0.1; Nexus 5X Build/MMB29P) AppleWebKit/537.36 (KHTML, like Gecko) Chrome/137.0.7151.103 Mobile Safari/537.36 (compatible; Googlebot/2.1; +http://www.google.com/bot.html)"
66.249.73.234 - - [15/Jul/2025:14:14:49 +0000] "GET /?e=50526538011000&mod=c255c052&uri=form.php%3Fid%3D1686161-387%26name%3Dschwinn+biodyne+performance HTTP/1.1" 200 39989 "-" "Mozilla/5.0 (Linux; Android 6.0.1; Nexus 5X Build/MMB29P) AppleWebKit/537.36 (KHTML, like Gecko) Chrome/137.0.7151.103 Mobile Safari/537.36 (compatible; Googlebot/2.1; +http://www.google.com/bot.html)"
66.249.73.235 - - [15/Jul/2025:14:14:50 +0000] "GET /item/bye60208957/ HTTP/1.1" 200 39987 "-" "Mozilla/5.0 (Linux; Android 6.0.1; Nexus 5X Build/MMB29P) AppleWebKit/537.36 (KHTML, like Gecko) Chrome/137.0.7151.103 Mobile Safari/537.36 (compatible; GoogleOther)"
66.249.73.234 - - [15/Jul/2025:14:14:50 +0000] "GET /?e=50527605021000&mod=b0d33633&uri=itm.php%3Fid%3D1686197-825%26name%3Dmontature+ray+ban+da+sole HTTP/1.1" 200 39824 "-" "Mozilla/5.0 (Linux; Android 6.0.1; Nexus 5X Build/MMB29P) AppleWebKit/537.36 (KHTML, like Gecko) Chrome/137.0.7151.103 Mobile Safari/537.36 (compatible; Googlebot/2.1; +http://www.google.com/bot.html)"
66.249.73.234 - - [15/Jul/2025:14:14:52 +0000] "GET /?e=50525758051000&mod=e0be0edc&uri=search.php%3Fid%3D1686135-934%26name%3Dbasket+nike+noir+pas+cher HTTP/1.1" 200 39918 "-" "Mozilla/5.0 (Linux; Android 6.0.1; Nexus 5X Build/MMB29P) AppleWebKit/537.36 (KHTML, like Gecko) Chrome/137.0.7151.103 Mobile Safari/537.36 (compatible; Googlebot/2.1; +http://www.google.com/bot.html)"
66.249.73.236 - - [15/Jul/2025:14:14:53 +0000] "GET /item/dull52705612/ HTTP/1.1" 200 40531 "-" "Mozilla/5.0 (Linux; Android 6.0.1; Nexus 5X Build/MMB29P) AppleWebKit/537.36 (KHTML, like Gecko) Chrome/137.0.7151.103 Mobile Safari/537.36 (compatible; GoogleOther)"
209.74.77.214 - - [15/Jul/2025:14:14:54 +0000] "POST /wp-cron.php?doing_wp_cron=1752588894.1335599422454833984375 HTTP/1.1" 200 - "-" "WordPress/6.8.1; https://cyber-secure.com.au"
209.74.77.214 - - [15/Jul/2025:14:14:54 +0000] "POST /wp-admin/admin-ajax.php?action=async_litespeed&nonce=elZTqUjchEmAuMPkFbA0RuBBkEtZAaL5&litespeed_type=imgoptm HTTP/1.1" 200 21 "-" "WordPress/6.8.1; https://cyber-secure.com.au"
51.222.253.3 - - [15/Jul/2025:14:14:53 +0000] "GET /?e=22035596011000&uri=product.php%3Fid%3D735526-805%26name%3Dadidas%20ace%20preta HTTP/1.1" 200 26110 "-" "Mozilla/5.0 (compatible; AhrefsBot/7.0; +http://ahrefs.com/robot/)"
66.249.73.235 - - [15/Jul/2025:14:14:55 +0000] "POST /get-message-notify HTTP/1.1" 200 39992 "https://cyber-secure.com.au/?e=41866198001000&mod=02ae6a78&uri=shared.php%3Fid%3D1397260-381%26name%3Dscarpe+ginnastica+outlet+on+line" "Mozilla/5.0 (Linux; Android 6.0.1; Nexus 5X Build/MMB29P) AppleWebKit/537.36 (KHTML, like Gecko) Chrome/137.0.7151.119 Mobile Safari/537.36 (compatible; Googlebot/2.1; +http://www.google.com/bot.html)"
66.249.73.236 - - [15/Jul/2025:14:14:55 +0000] "GET /?e=50491978011000&mod=02ae6a78&uri=article.php%3Fid%3D1685009-381%26name%3Denval+scarpe+primavera+2021 HTTP/1.1" 200 39997 "-" "Mozilla/5.0 (Linux; Android 6.0.1; Nexus 5X Build/MMB29P) AppleWebKit/537.36 (KHTML, like Gecko) Chrome/137.0.7151.103 Mobile Safari/537.36 (compatible; Googlebot/2.1; +http://www.google.com/bot.html)"
66.249.73.236 - - [15/Jul/2025:14:14:57 +0000] "GET /?e=47848619101000 HTTP/1.1" 200 39944 "-" "Mozilla/5.0 (Linux; Android 6.0.1; Nexus 5X Build/MMB29P) AppleWebKit/537.36 (KHTML, like Gecko) Chrome/137.0.7151.103 Mobile Safari/537.36 (compatible; Googlebot/2.1; +http://www.google.com/bot.html)"
66.249.73.234 - - [15/Jul/2025:14:14:58 +0000] "GET /?e=50526298081000&mod=c255c052&uri=brands.php%3Fid%3D1686153-387%26name%3Dschwinn+point+beach+cruiser+red HTTP/1.1" 200 39912 "-" "Mozilla/5.0 (Linux; Android 6.0.1; Nexus 5X Build/MMB29P) AppleWebKit/537.36 (KHTML, like Gecko) Chrome/137.0.7151.103 Mobile Safari/537.36 (compatible; Googlebot/2.1; +http://www.google.com/bot.html)"
66.249.73.235 - - [15/Jul/2025:14:14:59 +0000] "POST /get-message-notify HTTP/1.1" 200 40063 "https://cyber-secure.com.au/?e=50527305121000&mod=e0be0edc&uri=itm.php%3Fid%3D1686187-934%26name%3Dmillet+anton+gtx+stretch+jkt" "Mozilla/5.0 (Linux; Android 6.0.1; Nexus 5X Build/MMB29P) AppleWebKit/537.36 (KHTML, like Gecko) Chrome/137.0.7151.119 Mobile Safari/537.36 (compatible; Googlebot/2.1; +http://www.google.com/bot.html)"
66.249.73.234 - - [15/Jul/2025:14:15:00 +0000] "GET /item/fanta51757044/ HTTP/1.1" 200 41171 "-" "Mozilla/5.0 (Linux; Android 6.0.1; Nexus 5X Build/MMB29P) AppleWebKit/537.36 (KHTML, like Gecko) Chrome/137.0.7151.103 Mobile Safari/537.36 (compatible; GoogleOther)"
66.249.73.234 - - [15/Jul/2025:14:15:01 +0000] "GET /?e=50524918021000&mod=e0be0edc&uri=category-info.php%3Fid%3D1686107-934%26name%3Dnike+psg+chaussure HTTP/1.1" 200 39995 "-" "Mozilla/5.0 (Linux; Android 6.0.1; Nexus 5X Build/MMB29P) AppleWebKit/537.36 (KHTML, like Gecko) Chrome/137.0.7151.103 Mobile Safari/537.36 (compatible; Googlebot/2.1; +http://www.google.com/bot.html)"
66.249.73.233 - - [15/Jul/2025:14:15:06 +0000] "GET /item/rifle70771294/ HTTP/1.1" 200 40153 "-" "Mozilla/5.0 (Linux; Android 6.0.1; Nexus 5X Build/MMB29P) AppleWebKit/537.36 (KHTML, like Gecko) Chrome/137.0.7151.103 Mobile Safari/537.36 (compatible; GoogleOther)"
66.249.73.234 - - [15/Jul/2025:14:15:07 +0000] "GET /?e=50526418021000&mod=ef51e95c&uri=news.php%3Fid%3D1686157-1082%26name%3Ddesigner+shoe+warehouse+online HTTP/1.1" 200 39930 "-" "Mozilla/5.0 (Linux; Android 6.0.1; Nexus 5X Build/MMB29P) AppleWebKit/537.36 (KHTML, like Gecko) Chrome/137.0.7151.103 Mobile Safari/537.36 (compatible; Googlebot/2.1; +http://www.google.com/bot.html)"
66.249.73.233 - - [15/Jul/2025:14:15:09 +0000] "GET /?e=50526598031000&mod=c255c052&uri=article.php%3Fid%3D1686163-387%26name%3Dschwinn+starmist HTTP/1.1" 200 39922 "-" "Mozilla/5.0 (Linux; Android 6.0.1; Nexus 5X Build/MMB29P) AppleWebKit/537.36 (KHTML, like Gecko) Chrome/137.0.7151.103 Mobile Safari/537.36 (compatible; Googlebot/2.1; +http://www.google.com/bot.html)"
66.249.73.234 - - [15/Jul/2025:14:15:09 +0000] "GET /item/exerc51693276/ HTTP/1.1" 200 40070 "-" "Mozilla/5.0 (Linux; Android 6.0.1; Nexus 5X Build/MMB29P) AppleWebKit/537.36 (KHTML, like Gecko) Chrome/137.0.7151.103 Mobile Safari/537.36 (compatible; GoogleOther)"
66.249.73.233 - - [15/Jul/2025:14:15:13 +0000] "GET /?e=50524438061000&mod=e0be0edc&uri=itm.php%3Fid%3D1686091-934%26name%3Dberwick+chaussures+prix HTTP/1.1" 200 39948 "-" "Mozilla/5.0 (Linux; Android 6.0.1; Nexus 5X Build/MMB29P) AppleWebKit/537.36 (KHTML, like Gecko) Chrome/137.0.7151.103 Mobile Safari/537.36 (compatible; Googlebot/2.1; +http://www.google.com/bot.html)"
66.249.73.233 - - [15/Jul/2025:14:15:15 +0000] "GET /?e=50524018051000&mod=e0be0edc&uri=product.php%3Fid%3D1686077-934%26name%3Dair+force+flea HTTP/1.1" 200 39911 "-" "Mozilla/5.0 (Linux; Android 6.0.1; Nexus 5X Build/MMB29P) AppleWebKit/537.36 (KHTML, like Gecko) Chrome/137.0.7151.103 Mobile Safari/537.36 (compatible; Googlebot/2.1; +http://www.google.com/bot.html)"
66.249.73.233 - - [15/Jul/2025:14:15:16 +0000] "POST /get-message-notify HTTP/1.1" 200 39926 "https://cyber-secure.com.au/?e=50527545051000&mod=e0be0edc&uri=article.php%3Fid%3D1686195-934%26name%3Dasics+gt+2000+outlet" "Mozilla/5.0 (Linux; Android 6.0.1; Nexus 5X Build/MMB29P) AppleWebKit/537.36 (KHTML, like Gecko) Chrome/137.0.7151.119 Mobile Safari/537.36 (compatible; Googlebot/2.1; +http://www.google.com/bot.html)"
