66.249.73.234 - - [15/Jul/2025:14:27:36 +0000] "GET /?e=6005694031000&mod=63bfd6e8&uri=products.php%3Fid%3D200552-330%26name%3Dcarp+fishing+running+rig HTTP/1.1" 200 39864 "-" "Mozilla/5.0 (Linux; Android 6.0.1; Nexus 5X Build/MMB29P) AppleWebKit/537.36 (KHTML, like Gecko) Chrome/137.0.7151.103 Mobile Safari/537.36 (compatible; Googlebot/2.1; +http://www.google.com/bot.html)"
66.249.73.234 - - [15/Jul/2025:14:27:37 +0000] "GET /?e=6003894081000&mod=56503192&uri=dp.php%3Fid%3D200492-346%26name%3Dfootball+shirt+sales+2021 HTTP/1.1" 200 39975 "-" "Mozilla/5.0 (Linux; Android 6.0.1; Nexus 5X Build/MMB29P) AppleWebKit/537.36 (KHTML, like Gecko) Chrome/137.0.7151.103 Mobile Safari/537.36 (compatible; Googlebot/2.1; +http://www.google.com/bot.html)"
66.249.73.235 - - [15/Jul/2025:14:27:39 +0000] "GET /?e=6001030021000&mod=703957b6&uri=dp.php%3Fid%3D200396-345%26name%3Dpantalones+anchos+de+chica HTTP/1.1" 200 39913 "-" "Mozilla/5.0 (Linux; Android 6.0.1; Nexus 5X Build/MMB29P) AppleWebKit/537.36 (KHTML, like Gecko) Chrome/137.0.7151.103 Mobile Safari/537.36 (compatible; Googlebot/2.1; +http://www.google.com/bot.html)"
66.249.73.233 - - [15/Jul/2025:14:27:42 +0000] "GET /item/appro71401854/ HTTP/1.1" 200 39900 "-" "Mozilla/5.0 (Linux; Android 6.0.1; Nexus 5X Build/MMB29P) AppleWebKit/537.36 (KHTML, like Gecko) Chrome/137.0.7151.103 Mobile Safari/537.36 (compatible; GoogleOther)"
66.249.73.235 - - [15/Jul/2025:14:27:43 +0000] "GET /?e=5934101031000&mod=643de7cf&uri=shared.php%3Fid%3D198162-342%26name%3Dmotion+rocker+for+babies HTTP/1.1" 200 40058 "-" "Mozilla/5.0 (Linux; Android 6.0.1; Nexus 5X Build/MMB29P) AppleWebKit/537.36 (KHTML, like Gecko) Chrome/137.0.7151.103 Mobile Safari/537.36 (compatible; Googlebot/2.1; +http://www.google.com/bot.html)"
66.249.73.235 - - [15/Jul/2025:14:27:45 +0000] "POST /get-message-notify HTTP/1.1" 200 40115 "https://cyber-secure.com.au/?e=58288193001000" "Mozilla/5.0 (Linux; Android 6.0.1; Nexus 5X Build/MMB29P) AppleWebKit/537.36 (KHTML, like Gecko) Chrome/137.0.7151.119 Mobile Safari/537.36 (compatible; Googlebot/2.1; +http://www.google.com/bot.html)"
66.249.73.233 - - [15/Jul/2025:14:27:48 +0000] "GET /item/leadi52639468/ HTTP/1.1" 200 40024 "-" "Mozilla/5.0 (Linux; Android 6.0.1; Nexus 5X Build/MMB29P) AppleWebKit/537.36 (KHTML, like Gecko) Chrome/137.0.7151.103 Mobile Safari/537.36 (compatible; GoogleOther)"
66.249.73.235 - - [15/Jul/2025:14:27:57 +0000] "GET /?e=6002334041000&mod=63bfd6e8&uri=news.php%3Fid%3D200440-330%26name%3Dbest+pike+lures+2021 HTTP/1.1" 200 39866 "-" "Mozilla/5.0 (Linux; Android 6.0.1; Nexus 5X Build/MMB29P) AppleWebKit/537.36 (KHTML, like Gecko) Chrome/137.0.7151.103 Mobile Safari/537.36 (compatible; Googlebot/2.1; +http://www.google.com/bot.html)"
66.249.73.234 - - [15/Jul/2025:14:27:57 +0000] "GET /item/afric20173377/ HTTP/1.1" 200 40815 "-" "Mozilla/5.0 (Linux; Android 6.0.1; Nexus 5X Build/MMB29P) AppleWebKit/537.36 (KHTML, like Gecko) Chrome/137.0.7151.103 Mobile Safari/537.36 (compatible; GoogleOther)"
66.249.73.235 - - [15/Jul/2025:14:27:58 +0000] "GET /?e=58309403111000&mod=31a6b556&uri=products.php%3Fid%3D1945815-686%26name%3Dzapatillas+en+amazon+nike HTTP/1.1" 200 40008 "-" "Mozilla/5.0 (Linux; Android 6.0.1; Nexus 5X Build/MMB29P) AppleWebKit/537.36 (KHTML, like Gecko) Chrome/137.0.7151.103 Mobile Safari/537.36 (compatible; Googlebot/2.1; +http://www.google.com/bot.html)"
66.249.73.234 - - [15/Jul/2025:14:28:00 +0000] "GET /?e=58301903031000&mod=5f0ad4db&uri=itm.php%3Fid%3D1945565-949%26name%3Dladies+leather+tight+pencil+skirts HTTP/1.1" 200 39956 "-" "Mozilla/5.0 (Linux; Android 6.0.1; Nexus 5X Build/MMB29P) AppleWebKit/537.36 (KHTML, like Gecko) Chrome/137.0.7151.103 Mobile Safari/537.36 (compatible; Googlebot/2.1; +http://www.google.com/bot.html)"
66.249.73.234 - - [15/Jul/2025:14:28:04 +0000] "GET /item/unfam32277370/ HTTP/1.1" 200 39953 "-" "Mozilla/5.0 (Linux; Android 6.0.1; Nexus 5X Build/MMB29P) AppleWebKit/537.36 (KHTML, like Gecko) Chrome/137.0.7151.103 Mobile Safari/537.36 (compatible; GoogleOther)"
66.249.73.234 - - [15/Jul/2025:14:28:04 +0000] "GET /?e=45640290021000&mod=b4d22bb5&uri=article.php%3Fid%3D1523151-803%26name%3Dpedane+honda+integra HTTP/1.1" 200 39858 "-" "Mozilla/5.0 (Linux; Android 6.0.1; Nexus 5X Build/MMB29P) AppleWebKit/537.36 (KHTML, like Gecko) Chrome/137.0.7151.103 Mobile Safari/537.36 (compatible; Googlebot/2.1; +http://www.google.com/bot.html)"
66.249.73.233 - - [15/Jul/2025:14:28:06 +0000] "POST /get-message-notify HTTP/1.1" 200 40069 "https://cyber-secure.com.au/?e=5934101031000&mod=643de7cf&uri=shared.php%3Fid%3D198162-342%26name%3Dmotion+rocker+for+babies" "Mozilla/5.0 (Linux; Android 6.0.1; Nexus 5X Build/MMB29P) AppleWebKit/537.36 (KHTML, like Gecko) Chrome/137.0.7151.119 Mobile Safari/537.36 (compatible; Googlebot/2.1; +http://www.google.com/bot.html)"
66.249.73.233 - - [15/Jul/2025:14:28:10 +0000] "GET /item/cultu81092031/ HTTP/1.1" 200 40478 "-" "Mozilla/5.0 (Linux; Android 6.0.1; Nexus 5X Build/MMB29P) AppleWebKit/537.36 (KHTML, like Gecko) Chrome/137.0.7151.103 Mobile Safari/537.36 (compatible; GoogleOther)"
66.249.73.233 - - [15/Jul/2025:14:28:11 +0000] "GET /?e=58313303031000&mod=5f0ad4db&uri=shop.php%3Fid%3D1945945-949%26name%3Dski+equipment+packages+deals HTTP/1.1" 200 39883 "-" "Mozilla/5.0 (Linux; Android 6.0.1; Nexus 5X Build/MMB29P) AppleWebKit/537.36 (KHTML, like Gecko) Chrome/137.0.7151.103 Mobile Safari/537.36 (compatible; Googlebot/2.1; +http://www.google.com/bot.html)"
66.249.73.233 - - [15/Jul/2025:14:28:14 +0000] "POST /get-message-notify HTTP/1.1" 200 40053 "https://cyber-secure.com.au/?e=6001030021000&mod=703957b6&uri=dp.php%3Fid%3D200396-345%26name%3Dpantalones+anchos+de+chica" "Mozilla/5.0 (Linux; Android 6.0.1; Nexus 5X Build/MMB29P) AppleWebKit/537.36 (KHTML, like Gecko) Chrome/137.0.7151.119 Mobile Safari/537.36 (compatible; Googlebot/2.1; +http://www.google.com/bot.html)"
66.249.73.233 - - [15/Jul/2025:14:28:14 +0000] "POST /get-message-notify HTTP/1.1" 200 40140 "https://cyber-secure.com.au/?e=58238062031000&mod=619205da&uri=shared.php%3Fid%3D1943433-233%26name%3Dpantalon+verde+oscuro+mujer+con+que+combina" "Mozilla/5.0 (Linux; Android 6.0.1; Nexus 5X Build/MMB29P) AppleWebKit/537.36 (KHTML, like Gecko) Chrome/137.0.7151.119 Mobile Safari/537.36 (compatible; Googlebot/2.1; +http://www.google.com/bot.html)"
66.249.73.233 - - [15/Jul/2025:14:28:15 +0000] "GET /?e=58313903011000&mod=c850371f&uri=pin.php%3Fid%3D1945965-127%26name%3Dweather+guard+cup+holder+for+cell+phone HTTP/1.1" 200 39978 "-" "Mozilla/5.0 (Linux; Android 6.0.1; Nexus 5X Build/MMB29P) AppleWebKit/537.36 (KHTML, like Gecko) Chrome/137.0.7151.103 Mobile Safari/537.36 (compatible; Googlebot/2.1; +http://www.google.com/bot.html)"
66.249.73.233 - - [15/Jul/2025:14:28:16 +0000] "GET /item/tutor20909361/ HTTP/1.1" 200 40214 "-" "Mozilla/5.0 (Linux; Android 6.0.1; Nexus 5X Build/MMB29P) AppleWebKit/537.36 (KHTML, like Gecko) Chrome/137.0.7151.103 Mobile Safari/537.36 (compatible; GoogleOther)"
66.249.73.233 - - [15/Jul/2025:14:28:19 +0000] "GET /?e=58318403051000&mod=c850371f&uri=us.php%3Fid%3D1946115-127%26name%3Dyootech+wireless+charging+stand HTTP/1.1" 200 39966 "-" "Mozilla/5.0 (Linux; Android 6.0.1; Nexus 5X Build/MMB29P) AppleWebKit/537.36 (KHTML, like Gecko) Chrome/137.0.7151.103 Mobile Safari/537.36 (compatible; Googlebot/2.1; +http://www.google.com/bot.html)"
66.249.73.233 - - [15/Jul/2025:14:28:20 +0000] "GET /?e=58299503011000&mod=5f0ad4db&uri=products.php%3Fid%3D1945485-949%26name%3Dcrivit+softshell HTTP/1.1" 200 39918 "-" "Mozilla/5.0 (Linux; Android 6.0.1; Nexus 5X Build/MMB29P) AppleWebKit/537.36 (KHTML, like Gecko) Chrome/137.0.7151.103 Mobile Safari/537.36 (compatible; Googlebot/2.1; +http://www.google.com/bot.html)"
66.249.73.233 - - [15/Jul/2025:14:28:23 +0000] "GET /item/shape10608752/ HTTP/1.1" 200 39977 "-" "Mozilla/5.0 (Linux; Android 6.0.1; Nexus 5X Build/MMB29P) AppleWebKit/537.36 (KHTML, like Gecko) Chrome/137.0.7151.103 Mobile Safari/537.36 (compatible; GoogleOther)"
66.249.73.233 - - [15/Jul/2025:14:28:23 +0000] "POST /get-message-notify HTTP/1.1" 200 40057 "https://cyber-secure.com.au/?e=58318403051000&mod=c850371f&uri=us.php%3Fid%3D1946115-127%26name%3Dyootech+wireless+charging+stand" "Mozilla/5.0 (Linux; Android 6.0.1; Nexus 5X Build/MMB29P) AppleWebKit/537.36 (KHTML, like Gecko) Chrome/137.0.7151.119 Mobile Safari/537.36 (compatible; Googlebot/2.1; +http://www.google.com/bot.html)"
66.249.73.233 - - [15/Jul/2025:14:28:24 +0000] "POST /get-message-notify HTTP/1.1" 200 39961 "https://cyber-secure.com.au/?e=58299503011000&mod=5f0ad4db&uri=products.php%3Fid%3D1945485-949%26name%3Dcrivit+softshell" "Mozilla/5.0 (Linux; Android 6.0.1; Nexus 5X Build/MMB29P) AppleWebKit/537.36 (KHTML, like Gecko) Chrome/137.0.7151.119 Mobile Safari/537.36 (compatible; Googlebot/2.1; +http://www.google.com/bot.html)"
66.249.73.233 - - [15/Jul/2025:14:28:25 +0000] "GET /?e=58186214001000&mod=da11e8cd&uri=category-info.php%3Fid%3D1941704-128%26name%3Dzesty+lemon+juice HTTP/1.1" 200 40016 "-" "Mozilla/5.0 (Linux; Android 6.0.1; Nexus 5X Build/MMB29P) AppleWebKit/537.36 (KHTML, like Gecko) Chrome/137.0.7151.103 Mobile Safari/537.36 (compatible; Googlebot/2.1; +http://www.google.com/bot.html)"
66.249.73.234 - - [15/Jul/2025:14:28:27 +0000] "GET /?e=58308803011000&mod=5f0ad4db&uri=pin.php%3Fid%3D1945795-949%26name%3Dbriko+ski+race+helmets HTTP/1.1" 200 39896 "-" "Mozilla/5.0 (Linux; Android 6.0.1; Nexus 5X Build/MMB29P) AppleWebKit/537.36 (KHTML, like Gecko) Chrome/137.0.7151.103 Mobile Safari/537.36 (compatible; Googlebot/2.1; +http://www.google.com/bot.html)"
66.249.73.233 - - [15/Jul/2025:14:28:28 +0000] "GET /?e=58307603111000&mod=5f0ad4db&uri=news.php%3Fid%3D1945755-949%26name%3Dschotts+clothing HTTP/1.1" 200 39884 "-" "Mozilla/5.0 (Linux; Android 6.0.1; Nexus 5X Build/MMB29P) AppleWebKit/537.36 (KHTML, like Gecko) Chrome/137.0.7151.103 Mobile Safari/537.36 (compatible; Googlebot/2.1; +http://www.google.com/bot.html)"
66.249.73.233 - - [15/Jul/2025:14:28:29 +0000] "GET /item/shall41581603/ HTTP/1.1" 200 40298 "-" "Mozilla/5.0 (Linux; Android 6.0.1; Nexus 5X Build/MMB29P) AppleWebKit/537.36 (KHTML, like Gecko) Chrome/137.0.7151.103 Mobile Safari/537.36 (compatible; GoogleOther)"
66.249.73.233 - - [15/Jul/2025:14:28:30 +0000] "POST /get-message-notify HTTP/1.1" 200 40050 "https://cyber-secure.com.au/?e=58309403111000&mod=31a6b556&uri=products.php%3Fid%3D1945815-686%26name%3Dzapatillas+en+amazon+nike" "Mozilla/5.0 (Linux; Android 6.0.1; Nexus 5X Build/MMB29P) AppleWebKit/537.36 (KHTML, like Gecko) Chrome/137.0.7151.119 Mobile Safari/537.36 (compatible; Googlebot/2.1; +http://www.google.com/bot.html)"
66.249.73.235 - - [15/Jul/2025:14:28:32 +0000] "POST /get-message-notify HTTP/1.1" 200 40009 "https://cyber-secure.com.au/?e=58186214001000&mod=da11e8cd&uri=category-info.php%3Fid%3D1941704-128%26name%3Dzesty+lemon+juice" "Mozilla/5.0 (Linux; Android 6.0.1; Nexus 5X Build/MMB29P) AppleWebKit/537.36 (KHTML, like Gecko) Chrome/137.0.7151.119 Mobile Safari/537.36 (compatible; Googlebot/2.1; +http://www.google.com/bot.html)"
66.249.73.235 - - [15/Jul/2025:14:28:35 +0000] "GET /?e=23914174001000&mod=b4d22bb5&uri=product.php%3Fid%3D798189-803%26name%3Druota+posteriore+bici+20+pollici HTTP/1.1" 200 39990 "-" "Mozilla/5.0 (Linux; Android 6.0.1; Nexus 5X Build/MMB29P) AppleWebKit/537.36 (KHTML, like Gecko) Chrome/137.0.7151.103 Mobile Safari/537.36 (compatible; Googlebot/2.1; +http://www.google.com/bot.html)"
66.249.73.235 - - [15/Jul/2025:14:28:36 +0000] "GET /item/imply70302222/ HTTP/1.1" 200 40377 "-" "Mozilla/5.0 (Linux; Android 6.0.1; Nexus 5X Build/MMB29P) AppleWebKit/537.36 (KHTML, like Gecko) Chrome/137.0.7151.103 Mobile Safari/537.36 (compatible; GoogleOther)"
66.249.73.235 - - [15/Jul/2025:14:28:36 +0000] "GET /?e=58141978011000&mod=b4d22bb5&uri=brands.php%3Fid%3D1940225-803%26name%3Dmerida+e+one+sixty+10k+2022 HTTP/1.1" 200 39958 "-" "Mozilla/5.0 (Linux; Android 6.0.1; Nexus 5X Build/MMB29P) AppleWebKit/537.36 (KHTML, like Gecko) Chrome/137.0.7151.103 Mobile Safari/537.36 (compatible; Googlebot/2.1; +http://www.google.com/bot.html)"
66.249.73.234 - - [15/Jul/2025:14:28:39 +0000] "GET /item/hate21976681/ HTTP/1.1" 200 40315 "-" "Mozilla/5.0 (Linux; Android 6.0.1; Nexus 5X Build/MMB29P) AppleWebKit/537.36 (KHTML, like Gecko) Chrome/137.0.7151.103 Mobile Safari/537.36 (compatible; GoogleOther)"
66.249.73.234 - - [15/Jul/2025:14:28:42 +0000] "GET /item/restr80429591/ HTTP/1.1" 200 40024 "-" "Mozilla/5.0 (Linux; Android 6.0.1; Nexus 5X Build/MMB29P) AppleWebKit/537.36 (KHTML, like Gecko) Chrome/137.0.7151.103 Mobile Safari/537.36 (compatible; GoogleOther)"
66.249.73.235 - - [15/Jul/2025:14:28:43 +0000] "POST /get-message-notify HTTP/1.1" 200 40145 "https://cyber-secure.com.au/item/mutua32070170/" "Mozilla/5.0 (Linux; Android 6.0.1; Nexus 5X Build/MMB29P) AppleWebKit/537.36 (KHTML, like Gecko) Chrome/137.0.7151.119 Mobile Safari/537.36 (compatible; Googlebot/2.1; +http://www.google.com/bot.html)"
66.249.73.233 - - [15/Jul/2025:14:28:45 +0000] "POST /get-message-notify HTTP/1.1" 200 40015 "https://cyber-secure.com.au/item/elabo40718931/" "Mozilla/5.0 (Linux; Android 6.0.1; Nexus 5X Build/MMB29P) AppleWebKit/537.36 (KHTML, like Gecko) Chrome/137.0.7151.119 Mobile Safari/537.36 (compatible; Googlebot/2.1; +http://www.google.com/bot.html)"
66.249.73.233 - - [15/Jul/2025:14:28:49 +0000] "GET /?e=58310903071000&mod=3c69ccff&uri=blog.php%3Fid%3D1945865-635%26name%3Dmarlon+brando+dolce+and+gabbana+t+shirt HTTP/1.1" 200 39972 "-" "Mozilla/5.0 (Linux; Android 6.0.1; Nexus 5X Build/MMB29P) AppleWebKit/537.36 (KHTML, like Gecko) Chrome/137.0.7151.103 Mobile Safari/537.36 (compatible; Googlebot/2.1; +http://www.google.com/bot.html)"
66.249.73.234 - - [15/Jul/2025:14:28:50 +0000] "GET /?e=58307903031000&mod=5f0ad4db&uri=brands.php%3Fid%3D1945765-949%26name%3Dwomens+ski+jackets HTTP/1.1" 200 39905 "-" "Mozilla/5.0 (Linux; Android 6.0.1; Nexus 5X Build/MMB29P) AppleWebKit/537.36 (KHTML, like Gecko) Chrome/137.0.7151.103 Mobile Safari/537.36 (compatible; Googlebot/2.1; +http://www.google.com/bot.html)"
66.249.73.233 - - [15/Jul/2025:14:28:51 +0000] "GET /?e=58300703031000&mod=5f0ad4db&uri=news.php%3Fid%3D1945525-949%26name%3Dladies+purses+with+rfid+protection HTTP/1.1" 200 39918 "-" "Mozilla/5.0 (Linux; Android 6.0.1; Nexus 5X Build/MMB29P) AppleWebKit/537.36 (KHTML, like Gecko) Chrome/137.0.7151.103 Mobile Safari/537.36 (compatible; Googlebot/2.1; +http://www.google.com/bot.html)"
66.249.73.233 - - [15/Jul/2025:14:28:53 +0000] "GET /item/bottl70780006/ HTTP/1.1" 200 41263 "-" "Mozilla/5.0 (Linux; Android 6.0.1; Nexus 5X Build/MMB29P) AppleWebKit/537.36 (KHTML, like Gecko) Chrome/137.0.7151.103 Mobile Safari/537.36 (compatible; GoogleOther)"
66.249.73.236 - - [15/Jul/2025:14:28:53 +0000] "POST /get-message-notify HTTP/1.1" 200 39995 "https://cyber-secure.com.au/?e=58307903031000&mod=5f0ad4db&uri=brands.php%3Fid%3D1945765-949%26name%3Dwomens+ski+jackets" "Mozilla/5.0 (Linux; Android 6.0.1; Nexus 5X Build/MMB29P) AppleWebKit/537.36 (KHTML, like Gecko) Chrome/137.0.7151.119 Mobile Safari/537.36 (compatible; Googlebot/2.1; +http://www.google.com/bot.html)"
66.249.73.235 - - [15/Jul/2025:14:28:56 +0000] "GET /?e=58305203011000&mod=5f0ad4db&uri=shop.php%3Fid%3D1945675-949%26name%3Deider+ski+jackets HTTP/1.1" 200 39897 "-" "Mozilla/5.0 (Linux; Android 6.0.1; Nexus 5X Build/MMB29P) AppleWebKit/537.36 (KHTML, like Gecko) Chrome/137.0.7151.103 Mobile Safari/537.36 (compatible; Googlebot/2.1; +http://www.google.com/bot.html)"
66.249.73.233 - - [15/Jul/2025:14:28:56 +0000] "POST /get-message-notify HTTP/1.1" 200 40042 "https://cyber-secure.com.au/item/state81332743/" "Mozilla/5.0 (Linux; Android 6.0.1; Nexus 5X Build/MMB29P) AppleWebKit/537.36 (KHTML, like Gecko) Chrome/137.0.7151.119 Mobile Safari/537.36 (compatible; Googlebot/2.1; +http://www.google.com/bot.html)"
66.249.73.233 - - [15/Jul/2025:14:28:58 +0000] "GET /?e=119741255051000&mod=512c5cad&uri=search.php%3Fid%3D3996129-141%26name%3Dmoda+maria+lago HTTP/1.1" 200 39990 "-" "Mozilla/5.0 (Linux; Android 6.0.1; Nexus 5X Build/MMB29P) AppleWebKit/537.36 (KHTML, like Gecko) Chrome/137.0.7151.103 Mobile Safari/537.36 (compatible; Googlebot/2.1; +http://www.google.com/bot.html)"
66.249.73.233 - - [15/Jul/2025:14:28:59 +0000] "GET /?e=58301603011000&mod=5f0ad4db&uri=info.php%3Fid%3D1945555-949%26name%3Delbrus+softshell HTTP/1.1" 200 39840 "-" "Mozilla/5.0 (Linux; Android 6.0.1; Nexus 5X Build/MMB29P) AppleWebKit/537.36 (KHTML, like Gecko) Chrome/137.0.7151.103 Mobile Safari/537.36 (compatible; Googlebot/2.1; +http://www.google.com/bot.html)"
66.249.73.236 - - [15/Jul/2025:14:29:00 +0000] "GET /item/story82628423/ HTTP/1.1" 200 40243 "-" "Mozilla/5.0 (Linux; Android 6.0.1; Nexus 5X Build/MMB29P) AppleWebKit/537.36 (KHTML, like Gecko) Chrome/137.0.7151.103 Mobile Safari/537.36 (compatible; GoogleOther)"
66.249.73.233 - - [15/Jul/2025:14:29:01 +0000] "GET /?e=58315403011000&mod=c850371f&uri=shop.php%3Fid%3D1946015-127%26name%3Dgalaxy+a51+qi+charging HTTP/1.1" 200 39923 "-" "Mozilla/5.0 (Linux; Android 6.0.1; Nexus 5X Build/MMB29P) AppleWebKit/537.36 (KHTML, like Gecko) Chrome/137.0.7151.103 Mobile Safari/537.36 (compatible; Googlebot/2.1; +http://www.google.com/bot.html)"
66.249.73.234 - - [15/Jul/2025:14:29:02 +0000] "POST /get-message-notify HTTP/1.1" 200 40104 "https://cyber-secure.com.au/?e=6002334041000&mod=63bfd6e8&uri=news.php%3Fid%3D200440-330%26name%3Dbest+pike+lures+2021" "Mozilla/5.0 (Linux; Android 6.0.1; Nexus 5X Build/MMB29P) AppleWebKit/537.36 (KHTML, like Gecko) Chrome/137.0.7151.119 Mobile Safari/537.36 (compatible; Googlebot/2.1; +http://www.google.com/bot.html)"
66.249.73.233 - - [15/Jul/2025:14:29:02 +0000] "GET /?e=58307303011000&mod=5f0ad4db&uri=us.php%3Fid%3D1945745-949%26name%3Dfaux+corset+top HTTP/1.1" 200 40003 "-" "Mozilla/5.0 (Linux; Android 6.0.1; Nexus 5X Build/MMB29P) AppleWebKit/537.36 (KHTML, like Gecko) Chrome/137.0.7151.103 Mobile Safari/537.36 (compatible; Googlebot/2.1; +http://www.google.com/bot.html)"
66.249.73.235 - - [15/Jul/2025:14:29:05 +0000] "POST /get-message-notify HTTP/1.1" 200 39985 "https://cyber-secure.com.au/?e=58301603011000&mod=5f0ad4db&uri=info.php%3Fid%3D1945555-949%26name%3Delbrus+softshell" "Mozilla/5.0 (Linux; Android 6.0.1; Nexus 5X Build/MMB29P) AppleWebKit/537.36 (KHTML, like Gecko) Chrome/137.0.7151.119 Mobile Safari/537.36 (compatible; Googlebot/2.1; +http://www.google.com/bot.html)"
66.249.73.233 - - [15/Jul/2025:14:29:06 +0000] "GET /item/comba32747666/ HTTP/1.1" 200 40329 "-" "Mozilla/5.0 (Linux; Android 6.0.1; Nexus 5X Build/MMB29P) AppleWebKit/537.36 (KHTML, like Gecko) Chrome/137.0.7151.103 Mobile Safari/537.36 (compatible; GoogleOther)"
66.249.73.234 - - [15/Jul/2025:14:29:07 +0000] "GET /?e=58312103011000&mod=5f0ad4db&uri=blog.php%3Fid%3D1945905-949%26name%3Dbeige+leather+pencil+skirt HTTP/1.1" 200 39885 "-" "Mozilla/5.0 (Linux; Android 6.0.1; Nexus 5X Build/MMB29P) AppleWebKit/537.36 (KHTML, like Gecko) Chrome/137.0.7151.103 Mobile Safari/537.36 (compatible; Googlebot/2.1; +http://www.google.com/bot.html)"
66.249.73.233 - - [15/Jul/2025:14:29:12 +0000] "GET /item/hurry80713231/ HTTP/1.1" 200 40190 "-" "Mozilla/5.0 (Linux; Android 6.0.1; Nexus 5X Build/MMB29P) AppleWebKit/537.36 (KHTML, like Gecko) Chrome/137.0.7151.103 Mobile Safari/537.36 (compatible; GoogleOther)"
66.249.73.233 - - [15/Jul/2025:14:29:15 +0000] "POST /get-message-notify HTTP/1.1" 200 39984 "https://cyber-secure.com.au/?e=58312103011000&mod=5f0ad4db&uri=blog.php%3Fid%3D1945905-949%26name%3Dbeige+leather+pencil+skirt" "Mozilla/5.0 (Linux; Android 6.0.1; Nexus 5X Build/MMB29P) AppleWebKit/537.36 (KHTML, like Gecko) Chrome/137.0.7151.119 Mobile Safari/537.36 (compatible; Googlebot/2.1; +http://www.google.com/bot.html)"
66.249.73.233 - - [15/Jul/2025:14:29:16 +0000] "GET /item/later11013456/ HTTP/1.1" 200 40241 "-" "Mozilla/5.0 (Linux; Android 6.0.1; Nexus 5X Build/MMB29P) AppleWebKit/537.36 (KHTML, like Gecko) Chrome/137.0.7151.103 Mobile Safari/537.36 (compatible; GoogleOther)"
66.249.73.233 - - [15/Jul/2025:14:29:16 +0000] "POST /get-message-notify HTTP/1.1" 200 40091 "https://cyber-secure.com.au/?e=58208905011000&mod=3685227c&uri=info.php%3Fid%3D1942461-1349%26name%3Dmandisa+maya" "Mozilla/5.0 (Linux; Android 6.0.1; Nexus 5X Build/MMB29P) AppleWebKit/537.36 (KHTML, like Gecko) Chrome/137.0.7151.119 Mobile Safari/537.36 (compatible; Googlebot/2.1; +http://www.google.com/bot.html)"
66.249.73.233 - - [15/Jul/2025:14:29:22 +0000] "POST /get-message-notify HTTP/1.1" 200 40055 "https://cyber-secure.com.au/?e=58315403011000&mod=c850371f&uri=shop.php%3Fid%3D1946015-127%26name%3Dgalaxy+a51+qi+charging" "Mozilla/5.0 (Linux; Android 6.0.1; Nexus 5X Build/MMB29P) AppleWebKit/537.36 (KHTML, like Gecko) Chrome/137.0.7151.119 Mobile Safari/537.36 (compatible; Googlebot/2.1; +http://www.google.com/bot.html)"
66.249.73.233 - - [15/Jul/2025:14:29:22 +0000] "GET /?e=58317503111000&mod=c850371f&uri=article.php%3Fid%3D1946085-127%26name%3Dbest+buy+phone+cup+holder HTTP/1.1" 200 39895 "-" "Mozilla/5.0 (Linux; Android 6.0.1; Nexus 5X Build/MMB29P) AppleWebKit/537.36 (KHTML, like Gecko) Chrome/137.0.7151.103 Mobile Safari/537.36 (compatible; Googlebot/2.1; +http://www.google.com/bot.html)"
66.249.73.233 - - [15/Jul/2025:14:29:23 +0000] "GET /item/inqui62257885/ HTTP/1.1" 200 40041 "-" "Mozilla/5.0 (Linux; Android 6.0.1; Nexus 5X Build/MMB29P) AppleWebKit/537.36 (KHTML, like Gecko) Chrome/137.0.7151.103 Mobile Safari/537.36 (compatible; GoogleOther)"
66.249.73.234 - - [15/Jul/2025:14:29:26 +0000] "GET /?e=58302503011000&mod=5f0ad4db&uri=article.php%3Fid%3D1945585-949%26name%3Dpetite+leather+midi+skirt HTTP/1.1" 200 39977 "-" "Mozilla/5.0 (Linux; Android 6.0.1; Nexus 5X Build/MMB29P) AppleWebKit/537.36 (KHTML, like Gecko) Chrome/137.0.7151.103 Mobile Safari/537.36 (compatible; Googlebot/2.1; +http://www.google.com/bot.html)"
66.249.73.234 - - [15/Jul/2025:14:29:28 +0000] "GET /?e=23926764051000&mod=b4d22bb5&uri=product.php%3Fid%3D798609-803%26name%3Ddurata+batteria+bici+elettrica HTTP/1.1" 200 40001 "-" "Mozilla/5.0 (Linux; Android 6.0.1; Nexus 5X Build/MMB29P) AppleWebKit/537.36 (KHTML, like Gecko) Chrome/137.0.7151.103 Mobile Safari/537.36 (compatible; Googlebot/2.1; +http://www.google.com/bot.html)"
66.249.73.234 - - [15/Jul/2025:14:29:29 +0000] "GET /?e=58312403011000&mod=5f0ad4db&uri=us.php%3Fid%3D1945915-949%26name%3Dlavender+leather+skirt HTTP/1.1" 200 39927 "-" "Mozilla/5.0 (Linux; Android 6.0.1; Nexus 5X Build/MMB29P) AppleWebKit/537.36 (KHTML, like Gecko) Chrome/137.0.7151.103 Mobile Safari/537.36 (compatible; Googlebot/2.1; +http://www.google.com/bot.html)"
66.249.73.234 - - [15/Jul/2025:14:29:30 +0000] "POST /get-message-notify HTTP/1.1" 200 40035 "https://cyber-secure.com.au/?e=58302503011000&mod=5f0ad4db&uri=article.php%3Fid%3D1945585-949%26name%3Dpetite+leather+midi+skirt" "Mozilla/5.0 (Linux; Android 6.0.1; Nexus 5X Build/MMB29P) AppleWebKit/537.36 (KHTML, like Gecko) Chrome/137.0.7151.119 Mobile Safari/537.36 (compatible; Googlebot/2.1; +http://www.google.com/bot.html)"
66.249.73.234 - - [15/Jul/2025:14:29:31 +0000] "GET /?e=58314803011000&mod=c850371f&uri=products.php%3Fid%3D1945995-127%26name%3Daircon+vent+phone+holder HTTP/1.1" 200 39989 "-" "Mozilla/5.0 (Linux; Android 6.0.1; Nexus 5X Build/MMB29P) AppleWebKit/537.36 (KHTML, like Gecko) Chrome/137.0.7151.103 Mobile Safari/537.36 (compatible; Googlebot/2.1; +http://www.google.com/bot.html)"
66.249.73.233 - - [15/Jul/2025:14:29:32 +0000] "GET /?e=58319603061000&mod=c850371f&uri=blog.php%3Fid%3D1946155-127%26name%3Dspigen+mobile+holder HTTP/1.1" 200 39939 "-" "Mozilla/5.0 (Linux; Android 6.0.1; Nexus 5X Build/MMB29P) AppleWebKit/537.36 (KHTML, like Gecko) Chrome/137.0.7151.103 Mobile Safari/537.36 (compatible; Googlebot/2.1; +http://www.google.com/bot.html)"
66.249.73.233 - - [15/Jul/2025:14:29:34 +0000] "GET /?e=45473811011000&mod=069d3bb0&uri=pin.php%3Fid%3D1517599-58%26name%3Dnina+ricci+bella+boots HTTP/1.1" 200 39955 "-" "Mozilla/5.0 (Linux; Android 6.0.1; Nexus 5X Build/MMB29P) AppleWebKit/537.36 (KHTML, like Gecko) Chrome/137.0.7151.103 Mobile Safari/537.36 (compatible; GoogleOther)"
66.249.73.233 - - [15/Jul/2025:14:29:36 +0000] "GET /?e=58302803011000&mod=5f0ad4db&uri=news.php%3Fid%3D1945595-949%26name%3Dcanada+goose+x+ovo+2018 HTTP/1.1" 200 39902 "-" "Mozilla/5.0 (Linux; Android 6.0.1; Nexus 5X Build/MMB29P) AppleWebKit/537.36 (KHTML, like Gecko) Chrome/137.0.7151.103 Mobile Safari/537.36 (compatible; Googlebot/2.1; +http://www.google.com/bot.html)"
66.249.73.233 - - [15/Jul/2025:14:29:38 +0000] "POST /get-message-notify HTTP/1.1" 200 39966 "https://cyber-secure.com.au/?e=58312403011000&mod=5f0ad4db&uri=us.php%3Fid%3D1945915-949%26name%3Dlavender+leather+skirt" "Mozilla/5.0 (Linux; Android 6.0.1; Nexus 5X Build/MMB29P) AppleWebKit/537.36 (KHTML, like Gecko) Chrome/137.0.7151.119 Mobile Safari/537.36 (compatible; Googlebot/2.1; +http://www.google.com/bot.html)"
66.249.73.235 - - [15/Jul/2025:14:29:41 +0000] "GET /?e=58319303071000&mod=c850371f&uri=shop.php%3Fid%3D1946145-127%26name%3Dwizgear+magnetic+phone+mount HTTP/1.1" 200 39937 "-" "Mozilla/5.0 (Linux; Android 6.0.1; Nexus 5X Build/MMB29P) AppleWebKit/537.36 (KHTML, like Gecko) Chrome/137.0.7151.103 Mobile Safari/537.36 (compatible; Googlebot/2.1; +http://www.google.com/bot.html)"
66.249.73.235 - - [15/Jul/2025:14:29:46 +0000] "GET /item/wheel11848744/ HTTP/1.1" 200 40314 "-" "Mozilla/5.0 (Linux; Android 6.0.1; Nexus 5X Build/MMB29P) AppleWebKit/537.36 (KHTML, like Gecko) Chrome/137.0.7151.103 Mobile Safari/537.36 (compatible; GoogleOther)"
66.249.73.233 - - [15/Jul/2025:14:29:47 +0000] "GET /?e=58300403011000&mod=5f0ad4db&uri=dp.php%3Fid%3D1945515-949%26name%3Drechargeable+heated+hoodie HTTP/1.1" 200 39920 "-" "Mozilla/5.0 (Linux; Android 6.0.1; Nexus 5X Build/MMB29P) AppleWebKit/537.36 (KHTML, like Gecko) Chrome/137.0.7151.103 Mobile Safari/537.36 (compatible; Googlebot/2.1; +http://www.google.com/bot.html)"
66.249.73.235 - - [15/Jul/2025:14:29:52 +0000] "GET /?e=99074794001000&mod=3557a86d&uri=pin.php%3Fid%3D3306374-552%26name%3Dcolorful+moroccan+pillows HTTP/1.1" 200 39980 "-" "Mozilla/5.0 (Linux; Android 6.0.1; Nexus 5X Build/MMB29P) AppleWebKit/537.36 (KHTML, like Gecko) Chrome/137.0.7151.103 Mobile Safari/537.36 (compatible; GoogleOther)"
66.249.73.234 - - [15/Jul/2025:14:29:55 +0000] "GET /item/engli50500228/ HTTP/1.1" 200 40217 "-" "Mozilla/5.0 (Linux; Android 6.0.1; Nexus 5X Build/MMB29P) AppleWebKit/537.36 (KHTML, like Gecko) Chrome/137.0.7151.103 Mobile Safari/537.36 (compatible; GoogleOther)"
66.249.73.233 - - [15/Jul/2025:14:30:01 +0000] "GET /?e=58311803051000&mod=5f0ad4db&uri=search.php%3Fid%3D1945895-949%26name%3Dleather+short+sleeve+dress HTTP/1.1" 200 39912 "-" "Mozilla/5.0 (Linux; Android 6.0.1; Nexus 5X Build/MMB29P) AppleWebKit/537.36 (KHTML, like Gecko) Chrome/137.0.7151.103 Mobile Safari/537.36 (compatible; Googlebot/2.1; +http://www.google.com/bot.html)"
66.249.73.235 - - [15/Jul/2025:14:30:01 +0000] "GET /?e=58321684011000&mod=5f0ad4db&uri=category-info.php%3Fid%3D1946225-949%26name%3Dsteampunk+basque HTTP/1.1" 200 39978 "-" "Mozilla/5.0 (Linux; Android 6.0.1; Nexus 5X Build/MMB29P) AppleWebKit/537.36 (KHTML, like Gecko) Chrome/137.0.7151.103 Mobile Safari/537.36 (compatible; Googlebot/2.1; +http://www.google.com/bot.html)"
66.249.73.234 - - [15/Jul/2025:14:30:02 +0000] "POST /get-message-notify HTTP/1.1" 200 39973 "https://cyber-secure.com.au/?e=58300403011000&mod=5f0ad4db&uri=dp.php%3Fid%3D1945515-949%26name%3Drechargeable+heated+hoodie" "Mozilla/5.0 (Linux; Android 6.0.1; Nexus 5X Build/MMB29P) AppleWebKit/537.36 (KHTML, like Gecko) Chrome/137.0.7151.119 Mobile Safari/537.36 (compatible; Googlebot/2.1; +http://www.google.com/bot.html)"
66.249.73.235 - - [15/Jul/2025:14:30:03 +0000] "GET /?e=58310003011000&mod=5f0ad4db&uri=brands.php%3Fid%3D1945835-949%26name%3Dmens+apex+bionic+jacket HTTP/1.1" 200 39906 "-" "Mozilla/5.0 (Linux; Android 6.0.1; Nexus 5X Build/MMB29P) AppleWebKit/537.36 (KHTML, like Gecko) Chrome/137.0.7151.103 Mobile Safari/537.36 (compatible; Googlebot/2.1; +http://www.google.com/bot.html)"
66.249.73.233 - - [15/Jul/2025:14:30:07 +0000] "GET /?e=45645975031000&mod=b4d22bb5&uri=info.php%3Fid%3D1523341-803%26name%3Dkawasaki+j300+prestazioni HTTP/1.1" 200 39904 "-" "Mozilla/5.0 (Linux; Android 6.0.1; Nexus 5X Build/MMB29P) AppleWebKit/537.36 (KHTML, like Gecko) Chrome/137.0.7151.103 Mobile Safari/537.36 (compatible; Googlebot/2.1; +http://www.google.com/bot.html)"
66.249.73.233 - - [15/Jul/2025:14:30:09 +0000] "POST /get-message-notify HTTP/1.1" 200 39975 "https://cyber-secure.com.au/?e=58321684011000&mod=5f0ad4db&uri=category-info.php%3Fid%3D1946225-949%26name%3Dsteampunk+basque" "Mozilla/5.0 (Linux; Android 6.0.1; Nexus 5X Build/MMB29P) AppleWebKit/537.36 (KHTML, like Gecko) Chrome/137.0.7151.119 Mobile Safari/537.36 (compatible; Googlebot/2.1; +http://www.google.com/bot.html)"
66.249.73.234 - - [15/Jul/2025:14:30:10 +0000] "POST /get-message-notify HTTP/1.1" 200 39961 "https://cyber-secure.com.au/?e=45645975031000&mod=b4d22bb5&uri=info.php%3Fid%3D1523341-803%26name%3Dkawasaki+j300+prestazioni" "Mozilla/5.0 (Linux; Android 6.0.1; Nexus 5X Build/MMB29P) AppleWebKit/537.36 (KHTML, like Gecko) Chrome/137.0.7151.119 Mobile Safari/537.36 (compatible; Googlebot/2.1; +http://www.google.com/bot.html)"
66.249.73.233 - - [15/Jul/2025:14:30:11 +0000] "GET /?e=58319003051000&mod=c850371f&uri=news.php%3Fid%3D1946135-127%26name%3Dpopsocket+drink+holder HTTP/1.1" 200 39861 "-" "Mozilla/5.0 (Linux; Android 6.0.1; Nexus 5X Build/MMB29P) AppleWebKit/537.36 (KHTML, like Gecko) Chrome/137.0.7151.103 Mobile Safari/537.36 (compatible; Googlebot/2.1; +http://www.google.com/bot.html)"
66.249.73.233 - - [15/Jul/2025:14:30:13 +0000] "GET /?e=58320203051000&mod=5f0ad4db&uri=itm.php%3Fid%3D1946175-949%26name%3Dmens+ski+equipment HTTP/1.1" 200 39850 "-" "Mozilla/5.0 (Linux; Android 6.0.1; Nexus 5X Build/MMB29P) AppleWebKit/537.36 (KHTML, like Gecko) Chrome/137.0.7151.103 Mobile Safari/537.36 (compatible; Googlebot/2.1; +http://www.google.com/bot.html)"
66.249.73.233 - - [15/Jul/2025:14:30:14 +0000] "GET /?e=23932523001000&mod=b4d22bb5&uri=products.php%3Fid%3D798802-803%26name%3Dfocus+paralane+2022 HTTP/1.1" 200 39906 "-" "Mozilla/5.0 (Linux; Android 6.0.1; Nexus 5X Build/MMB29P) AppleWebKit/537.36 (KHTML, like Gecko) Chrome/137.0.7151.103 Mobile Safari/537.36 (compatible; Googlebot/2.1; +http://www.google.com/bot.html)"
66.249.73.233 - - [15/Jul/2025:14:30:16 +0000] "GET /?e=58298303011000&mod=5f0ad4db&uri=form.php%3Fid%3D1945445-949%26name%3Dair+force+ocp+jacket HTTP/1.1" 200 40033 "-" "Mozilla/5.0 (Linux; Android 6.0.1; Nexus 5X Build/MMB29P) AppleWebKit/537.36 (KHTML, like Gecko) Chrome/137.0.7151.103 Mobile Safari/537.36 (compatible; Googlebot/2.1; +http://www.google.com/bot.html)"
66.249.73.233 - - [15/Jul/2025:14:30:17 +0000] "POST /get-message-notify HTTP/1.1" 200 40064 "https://cyber-secure.com.au/item/durin82489127/" "Mozilla/5.0 (Linux; Android 6.0.1; Nexus 5X Build/MMB29P) AppleWebKit/537.36 (KHTML, like Gecko) Chrome/137.0.7151.119 Mobile Safari/537.36 (compatible; Googlebot/2.1; +http://www.google.com/bot.html)"
66.249.73.234 - - [15/Jul/2025:14:30:20 +0000] "POST /get-message-notify HTTP/1.1" 200 40131 "https://cyber-secure.com.au/?e=58310003011000&mod=5f0ad4db&uri=brands.php%3Fid%3D1945835-949%26name%3Dmens+apex+bionic+jacket" "Mozilla/5.0 (Linux; Android 6.0.1; Nexus 5X Build/MMB29P) AppleWebKit/537.36 (KHTML, like Gecko) Chrome/137.0.7151.119 Mobile Safari/537.36 (compatible; Googlebot/2.1; +http://www.google.com/bot.html)"
66.249.73.233 - - [15/Jul/2025:14:30:22 +0000] "GET /?e=58315103031000&mod=5f0ad4db&uri=blog.php%3Fid%3D1946005-949%26name%3Dleather+tie+skirt HTTP/1.1" 200 39843 "-" "Mozilla/5.0 (Linux; Android 6.0.1; Nexus 5X Build/MMB29P) AppleWebKit/537.36 (KHTML, like Gecko) Chrome/137.0.7151.103 Mobile Safari/537.36 (compatible; Googlebot/2.1; +http://www.google.com/bot.html)"
66.249.73.233 - - [15/Jul/2025:14:30:23 +0000] "GET /item/gnaw62523981/ HTTP/1.1" 200 40103 "-" "Mozilla/5.0 (Linux; Android 6.0.1; Nexus 5X Build/MMB29P) AppleWebKit/537.36 (KHTML, like Gecko) Chrome/137.0.7151.103 Mobile Safari/537.36 (compatible; GoogleOther)"
66.249.73.234 - - [15/Jul/2025:14:30:25 +0000] "GET /?e=52953675031000&mod=7f96b48e&uri=category-info.php%3Fid%3D1767111-1039%26name%3Dburberry+5th+ave+80 HTTP/1.1" 200 40025 "-" "Mozilla/5.0 (Linux; Android 6.0.1; Nexus 5X Build/MMB29P) AppleWebKit/537.36 (KHTML, like Gecko) Chrome/137.0.7151.103 Mobile Safari/537.36 (compatible; Googlebot/2.1; +http://www.google.com/bot.html)"
66.249.73.234 - - [15/Jul/2025:14:30:26 +0000] "GET /?e=58316903011000&mod=c850371f&uri=info.php%3Fid%3D1946065-127%26name%3Dsportarmband+iphone HTTP/1.1" 200 39937 "-" "Mozilla/5.0 (Linux; Android 6.0.1; Nexus 5X Build/MMB29P) AppleWebKit/537.36 (KHTML, like Gecko) Chrome/137.0.7151.103 Mobile Safari/537.36 (compatible; Googlebot/2.1; +http://www.google.com/bot.html)"
209.74.77.214 - - [15/Jul/2025:14:30:27 +0000] "POST /wp-cron.php?doing_wp_cron=1752589827.9064199924468994140625 HTTP/1.1" 200 - "-" "WordPress/6.8.1; https://cyber-secure.com.au"
209.74.77.214 - - [15/Jul/2025:14:30:28 +0000] "POST /wp-admin/admin-ajax.php?action=async_litespeed&nonce=iMIiDZCatqPQHxI0XrXnVrx6xy4ijH2u&litespeed_type=imgoptm HTTP/1.1" 200 21 "-" "WordPress/6.8.1; https://cyber-secure.com.au"
51.222.253.8 - - [15/Jul/2025:14:30:27 +0000] "GET /item/charg72415262/ HTTP/1.1" 404 18304 "-" "Mozilla/5.0 (compatible; AhrefsBot/7.0; +http://ahrefs.com/robot/)"
66.249.73.233 - - [15/Jul/2025:14:30:30 +0000] "GET /?e=58319903011000&mod=5f0ad4db&uri=products.php%3Fid%3D1946165-949%26name%3Dleather+leopard+print+skirt HTTP/1.1" 200 39910 "-" "Mozilla/5.0 (Linux; Android 6.0.1; Nexus 5X Build/MMB29P) AppleWebKit/537.36 (KHTML, like Gecko) Chrome/137.0.7151.103 Mobile Safari/537.36 (compatible; Googlebot/2.1; +http://www.google.com/bot.html)"
66.249.73.234 - - [15/Jul/2025:14:30:32 +0000] "GET /?e=58309703071000&mod=5f0ad4db&uri=search.php%3Fid%3D1945825-949%26name%3Dplus+size+pleated+leather+skirt HTTP/1.1" 200 40027 "-" "Mozilla/5.0 (Linux; Android 6.0.1; Nexus 5X Build/MMB29P) AppleWebKit/537.36 (KHTML, like Gecko) Chrome/137.0.7151.103 Mobile Safari/537.36 (compatible; Googlebot/2.1; +http://www.google.com/bot.html)"
66.249.73.233 - - [15/Jul/2025:14:30:35 +0000] "POST /get-message-notify HTTP/1.1" 200 40028 "https://cyber-secure.com.au/?e=58309703071000&mod=5f0ad4db&uri=search.php%3Fid%3D1945825-949%26name%3Dplus+size+pleated+leather+skirt" "Mozilla/5.0 (Linux; Android 6.0.1; Nexus 5X Build/MMB29P) AppleWebKit/537.36 (KHTML, like Gecko) Chrome/137.0.7151.119 Mobile Safari/537.36 (compatible; Googlebot/2.1; +http://www.google.com/bot.html)"
66.249.73.234 - - [15/Jul/2025:14:30:36 +0000] "GET /?e=58316603111000&mod=c850371f&uri=info.php%3Fid%3D1946055-127%26name%3Dfinger+slide+phone+grip HTTP/1.1" 200 39938 "-" "Mozilla/5.0 (Linux; Android 6.0.1; Nexus 5X Build/MMB29P) AppleWebKit/537.36 (KHTML, like Gecko) Chrome/137.0.7151.103 Mobile Safari/537.36 (compatible; Googlebot/2.1; +http://www.google.com/bot.html)"
66.249.73.233 - - [15/Jul/2025:14:30:37 +0000] "GET /?e=58302203051000&mod=5f0ad4db&uri=category-info.php%3Fid%3D1945575-949%26name%3Dwomens+leather+work+satchel HTTP/1.1" 200 39937 "-" "Mozilla/5.0 (Linux; Android 6.0.1; Nexus 5X Build/MMB29P) AppleWebKit/537.36 (KHTML, like Gecko) Chrome/137.0.7151.103 Mobile Safari/537.36 (compatible; Googlebot/2.1; +http://www.google.com/bot.html)"
66.249.73.234 - - [15/Jul/2025:14:30:39 +0000] "GET /?e=58141948051000&mod=b4d22bb5&uri=dp.php%3Fid%3D1940224-803%26name%3Dvivo+bike+vf21+sport HTTP/1.1" 200 39918 "-" "Mozilla/5.0 (Linux; Android 6.0.1; Nexus 5X Build/MMB29P) AppleWebKit/537.36 (KHTML, like Gecko) Chrome/137.0.7151.103 Mobile Safari/537.36 (compatible; Googlebot/2.1; +http://www.google.com/bot.html)"
66.249.73.234 - - [15/Jul/2025:14:30:40 +0000] "GET /?e=99444316031000&mod=90e71551&uri=pin.php%3Fid%3D3318713-1052%26name%3Dmanchester+city+fc+kit HTTP/1.1" 200 39888 "-" "Mozilla/5.0 (Linux; Android 6.0.1; Nexus 5X Build/MMB29P) AppleWebKit/537.36 (KHTML, like Gecko) Chrome/137.0.7151.103 Mobile Safari/537.36 (compatible; GoogleOther)"
66.249.73.235 - - [15/Jul/2025:14:30:42 +0000] "POST /get-message-notify HTTP/1.1" 200 39989 "https://cyber-secure.com.au/?e=58141948051000&mod=b4d22bb5&uri=dp.php%3Fid%3D1940224-803%26name%3Dvivo+bike+vf21+sport" "Mozilla/5.0 (Linux; Android 6.0.1; Nexus 5X Build/MMB29P) AppleWebKit/537.36 (KHTML, like Gecko) Chrome/137.0.7151.119 Mobile Safari/537.36 (compatible; Googlebot/2.1; +http://www.google.com/bot.html)"
66.249.73.233 - - [15/Jul/2025:14:30:43 +0000] "GET /?e=58316303011000&mod=c850371f&uri=product.php%3Fid%3D1946045-127%26name%3Das+seen+on+tv+car+cup+phone+holder HTTP/1.1" 200 39934 "-" "Mozilla/5.0 (Linux; Android 6.0.1; Nexus 5X Build/MMB29P) AppleWebKit/537.36 (KHTML, like Gecko) Chrome/137.0.7151.103 Mobile Safari/537.36 (compatible; Googlebot/2.1; +http://www.google.com/bot.html)"
66.249.73.235 - - [15/Jul/2025:14:30:47 +0000] "GET /item/choke42433931/ HTTP/1.1" 200 40194 "-" "Mozilla/5.0 (Linux; Android 6.0.1; Nexus 5X Build/MMB29P) AppleWebKit/537.36 (KHTML, like Gecko) Chrome/137.0.7151.103 Mobile Safari/537.36 (compatible; GoogleOther)"
66.249.73.233 - - [15/Jul/2025:14:30:47 +0000] "POST /get-message-notify HTTP/1.1" 200 40009 "https://cyber-secure.com.au/?e=58316903011000&mod=c850371f&uri=info.php%3Fid%3D1946065-127%26name%3Dsportarmband+iphone" "Mozilla/5.0 (Linux; Android 6.0.1; Nexus 5X Build/MMB29P) AppleWebKit/537.36 (KHTML, like Gecko) Chrome/137.0.7151.119 Mobile Safari/537.36 (compatible; Googlebot/2.1; +http://www.google.com/bot.html)"
66.249.73.234 - - [15/Jul/2025:14:30:49 +0000] "GET /?e=58320503031000&mod=c850371f&uri=us.php%3Fid%3D1946185-127%26name%3Denllonish+cell+phone+holder HTTP/1.1" 200 39934 "-" "Mozilla/5.0 (Linux; Android 6.0.1; Nexus 5X Build/MMB29P) AppleWebKit/537.36 (KHTML, like Gecko) Chrome/137.0.7151.103 Mobile Safari/537.36 (compatible; Googlebot/2.1; +http://www.google.com/bot.html)"
66.249.73.233 - - [15/Jul/2025:14:30:53 +0000] "GET /?e=58318103071000&mod=c850371f&uri=itm.php%3Fid%3D1946105-127%26name%3Dcell+phone+cup+holder+for+car+as+seen+on+tv HTTP/1.1" 200 39949 "-" "Mozilla/5.0 (Linux; Android 6.0.1; Nexus 5X Build/MMB29P) AppleWebKit/537.36 (KHTML, like Gecko) Chrome/137.0.7151.103 Mobile Safari/537.36 (compatible; Googlebot/2.1; +http://www.google.com/bot.html)"
66.249.73.235 - - [15/Jul/2025:14:30:55 +0000] "GET /?e=58304003111000&mod=5f0ad4db&uri=shared.php%3Fid%3D1945635-949%26name%3Dwashing+snow+gear HTTP/1.1" 200 40024 "-" "Mozilla/5.0 (Linux; Android 6.0.1; Nexus 5X Build/MMB29P) AppleWebKit/537.36 (KHTML, like Gecko) Chrome/137.0.7151.103 Mobile Safari/537.36 (compatible; Googlebot/2.1; +http://www.google.com/bot.html)"
66.249.73.235 - - [15/Jul/2025:14:30:56 +0000] "GET /?e=58300103011000&mod=5f0ad4db&uri=shop.php%3Fid%3D1945505-949%26name%3Dsnow+gear+outlet HTTP/1.1" 200 39919 "-" "Mozilla/5.0 (Linux; Android 6.0.1; Nexus 5X Build/MMB29P) AppleWebKit/537.36 (KHTML, like Gecko) Chrome/137.0.7151.103 Mobile Safari/537.36 (compatible; Googlebot/2.1; +http://www.google.com/bot.html)"
66.249.73.234 - - [15/Jul/2025:14:30:58 +0000] "GET /?e=58304303011000&mod=5f0ad4db&uri=shared.php%3Fid%3D1945645-949%26name%3Dmock+up+jacket HTTP/1.1" 200 40027 "-" "Mozilla/5.0 (Linux; Android 6.0.1; Nexus 5X Build/MMB29P) AppleWebKit/537.36 (KHTML, like Gecko) Chrome/137.0.7151.103 Mobile Safari/537.36 (compatible; Googlebot/2.1; +http://www.google.com/bot.html)"
66.249.73.234 - - [15/Jul/2025:14:30:59 +0000] "GET /?e=23920524071000&mod=b4d22bb5&uri=itm.php%3Fid%3D798401-803%26name%3Druota+bici+frenata HTTP/1.1" 200 39958 "-" "Mozilla/5.0 (Linux; Android 6.0.1; Nexus 5X Build/MMB29P) AppleWebKit/537.36 (KHTML, like Gecko) Chrome/137.0.7151.103 Mobile Safari/537.36 (compatible; Googlebot/2.1; +http://www.google.com/bot.html)"
66.249.73.235 - - [15/Jul/2025:14:31:04 +0000] "GET /?e=58316003031000&mod=5f0ad4db&uri=news.php%3Fid%3D1946035-949%26name%3Ddidrikson+noor HTTP/1.1" 200 39888 "-" "Mozilla/5.0 (Linux; Android 6.0.1; Nexus 5X Build/MMB29P) AppleWebKit/537.36 (KHTML, like Gecko) Chrome/137.0.7151.103 Mobile Safari/537.36 (compatible; Googlebot/2.1; +http://www.google.com/bot.html)"
66.249.73.235 - - [15/Jul/2025:14:31:05 +0000] "GET /item/organ52033804/ HTTP/1.1" 200 40364 "-" "Mozilla/5.0 (Linux; Android 6.0.1; Nexus 5X Build/MMB29P) AppleWebKit/537.36 (KHTML, like Gecko) Chrome/137.0.7151.103 Mobile Safari/537.36 (compatible; Googlebot/2.1; +http://www.google.com/bot.html)"
66.249.73.234 - - [15/Jul/2025:14:31:10 +0000] "GET /?e=34660952131000&mod=c255c052&uri=shop.php%3Fid%3D1156863-387%26name%3Dseated+machine+leg+extension HTTP/1.1" 200 39926 "-" "Mozilla/5.0 (Linux; Android 6.0.1; Nexus 5X Build/MMB29P) AppleWebKit/537.36 (KHTML, like Gecko) Chrome/137.0.7151.103 Mobile Safari/537.36 (compatible; Googlebot/2.1; +http://www.google.com/bot.html)"
66.249.73.233 - - [15/Jul/2025:14:31:10 +0000] "GET /?e=58180664051000&mod=da11e8cd&uri=product.php%3Fid%3D1941519-128%26name%3Dsun+tropics+soursop+costco HTTP/1.1" 200 39891 "-" "Mozilla/5.0 (Linux; Android 6.0.1; Nexus 5X Build/MMB29P) AppleWebKit/537.36 (KHTML, like Gecko) Chrome/137.0.7151.103 Mobile Safari/537.36 (compatible; Googlebot/2.1; +http://www.google.com/bot.html)"
66.249.73.233 - - [15/Jul/2025:14:31:11 +0000] "POST /get-message-notify HTTP/1.1" 200 40022 "https://cyber-secure.com.au/?e=58304303011000&mod=5f0ad4db&uri=shared.php%3Fid%3D1945645-949%26name%3Dmock+up+jacket" "Mozilla/5.0 (Linux; Android 6.0.1; Nexus 5X Build/MMB29P) AppleWebKit/537.36 (KHTML, like Gecko) Chrome/137.0.7151.119 Mobile Safari/537.36 (compatible; Googlebot/2.1; +http://www.google.com/bot.html)"
66.249.73.234 - - [15/Jul/2025:14:31:12 +0000] "GET /?e=58153015041000&mod=0ebffb73&uri=news.php%3Fid%3D1940594-1347%26name%3Dzapatos+under+armour+de+soccer+2018 HTTP/1.1" 200 40023 "-" "Mozilla/5.0 (Linux; Android 6.0.1; Nexus 5X Build/MMB29P) AppleWebKit/537.36 (KHTML, like Gecko) Chrome/137.0.7151.103 Mobile Safari/537.36 (compatible; Googlebot/2.1; +http://www.google.com/bot.html)"
66.249.73.233 - - [15/Jul/2025:14:31:12 +0000] "GET /?e=58306403011000&mod=5f0ad4db&uri=category-info.php%3Fid%3D1945715-949%26name%3Dnext+leather+look+skirt HTTP/1.1" 200 39812 "-" "Mozilla/5.0 (Linux; Android 6.0.1; Nexus 5X Build/MMB29P) AppleWebKit/537.36 (KHTML, like Gecko) Chrome/137.0.7151.103 Mobile Safari/537.36 (compatible; Googlebot/2.1; +http://www.google.com/bot.html)"
66.249.73.233 - - [15/Jul/2025:14:31:13 +0000] "GET /?e=58311203011000&mod=c850371f&uri=product.php%3Fid%3D1945875-127%26name%3Dmerkury+gripz+phone+stand HTTP/1.1" 200 39963 "-" "Mozilla/5.0 (Linux; Android 6.0.1; Nexus 5X Build/MMB29P) AppleWebKit/537.36 (KHTML, like Gecko) Chrome/137.0.7151.103 Mobile Safari/537.36 (compatible; Googlebot/2.1; +http://www.google.com/bot.html)"
66.249.73.233 - - [15/Jul/2025:14:31:17 +0000] "POST /get-message-notify HTTP/1.1" 200 39993 "https://cyber-secure.com.au/?e=58306403011000&mod=5f0ad4db&uri=category-info.php%3Fid%3D1945715-949%26name%3Dnext+leather+look+skirt" "Mozilla/5.0 (Linux; Android 6.0.1; Nexus 5X Build/MMB29P) AppleWebKit/537.36 (KHTML, like Gecko) Chrome/137.0.7151.119 Mobile Safari/537.36 (compatible; Googlebot/2.1; +http://www.google.com/bot.html)"
66.249.73.233 - - [15/Jul/2025:14:31:18 +0000] "GET /?e=58318703031000&mod=c850371f&uri=dp.php%3Fid%3D1946125-127%26name%3Dcar+phone+holder+stand HTTP/1.1" 200 39997 "-" "Mozilla/5.0 (Linux; Android 6.0.1; Nexus 5X Build/MMB29P) AppleWebKit/537.36 (KHTML, like Gecko) Chrome/137.0.7151.103 Mobile Safari/537.36 (compatible; Googlebot/2.1; +http://www.google.com/bot.html)"
66.249.73.233 - - [15/Jul/2025:14:31:18 +0000] "POST /get-message-notify HTTP/1.1" 200 40026 "https://cyber-secure.com.au/?e=58180664051000&mod=da11e8cd&uri=product.php%3Fid%3D1941519-128%26name%3Dsun+tropics+soursop+costco" "Mozilla/5.0 (Linux; Android 6.0.1; Nexus 5X Build/MMB29P) AppleWebKit/537.36 (KHTML, like Gecko) Chrome/137.0.7151.119 Mobile Safari/537.36 (compatible; Googlebot/2.1; +http://www.google.com/bot.html)"
66.249.73.233 - - [15/Jul/2025:14:31:20 +0000] "GET /item/pert52783876/ HTTP/1.1" 200 40589 "-" "Mozilla/5.0 (Linux; Android 6.0.1; Nexus 5X Build/MMB29P) AppleWebKit/537.36 (KHTML, like Gecko) Chrome/137.0.7151.103 Mobile Safari/537.36 (compatible; GoogleOther)"
66.249.73.234 - - [15/Jul/2025:14:31:22 +0000] "GET /?e=58303103011000&mod=5f0ad4db&uri=goods.php%3Fid%3D1945605-949%26name%3Dski+vests HTTP/1.1" 200 39994 "-" "Mozilla/5.0 (Linux; Android 6.0.1; Nexus 5X Build/MMB29P) AppleWebKit/537.36 (KHTML, like Gecko) Chrome/137.0.7151.103 Mobile Safari/537.36 (compatible; Googlebot/2.1; +http://www.google.com/bot.html)"
66.249.73.234 - - [15/Jul/2025:14:31:22 +0000] "POST /get-message-notify HTTP/1.1" 200 40071 "https://cyber-secure.com.au/?e=58318703031000&mod=c850371f&uri=dp.php%3Fid%3D1946125-127%26name%3Dcar+phone+holder+stand" "Mozilla/5.0 (Linux; Android 6.0.1; Nexus 5X Build/MMB29P) AppleWebKit/537.36 (KHTML, like Gecko) Chrome/137.0.7151.119 Mobile Safari/537.36 (compatible; Googlebot/2.1; +http://www.google.com/bot.html)"
66.249.73.234 - - [15/Jul/2025:14:31:25 +0000] "GET /?e=58314203031000&mod=5f0ad4db&uri=product.php%3Fid%3D1945975-949%26name%3Dsnow+gear+warehouse HTTP/1.1" 200 39961 "-" "Mozilla/5.0 (Linux; Android 6.0.1; Nexus 5X Build/MMB29P) AppleWebKit/537.36 (KHTML, like Gecko) Chrome/137.0.7151.103 Mobile Safari/537.36 (compatible; Googlebot/2.1; +http://www.google.com/bot.html)"
66.249.73.234 - - [15/Jul/2025:14:31:27 +0000] "POST /get-message-notify HTTP/1.1" 200 40114 "https://cyber-secure.com.au/?e=23932523001000&mod=b4d22bb5&uri=products.php%3Fid%3D798802-803%26name%3Dfocus+paralane+2022" "Mozilla/5.0 (Linux; Android 6.0.1; Nexus 5X Build/MMB29P) AppleWebKit/537.36 (KHTML, like Gecko) Chrome/137.0.7151.119 Mobile Safari/537.36 (compatible; Googlebot/2.1; +http://www.google.com/bot.html)"
66.249.73.233 - - [15/Jul/2025:14:31:29 +0000] "POST /get-message-notify HTTP/1.1" 200 40068 "https://cyber-secure.com.au/?e=58314203031000&mod=5f0ad4db&uri=product.php%3Fid%3D1945975-949%26name%3Dsnow+gear+warehouse" "Mozilla/5.0 (Linux; Android 6.0.1; Nexus 5X Build/MMB29P) AppleWebKit/537.36 (KHTML, like Gecko) Chrome/137.0.7151.119 Mobile Safari/537.36 (compatible; Googlebot/2.1; +http://www.google.com/bot.html)"
66.249.73.234 - - [15/Jul/2025:14:31:30 +0000] "GET /?e=24382008031000&mod=b4d22bb5&uri=pin.php%3Fid%3D813797-803%26name%3Dape+car+tm HTTP/1.1" 200 39833 "-" "Mozilla/5.0 (Linux; Android 6.0.1; Nexus 5X Build/MMB29P) AppleWebKit/537.36 (KHTML, like Gecko) Chrome/137.0.7151.103 Mobile Safari/537.36 (compatible; Googlebot/2.1; +http://www.google.com/bot.html)"
66.249.73.233 - - [15/Jul/2025:14:31:32 +0000] "GET /?e=58147487051000&mod=f2bff080&uri=form.php%3Fid%3D1940409-338%26name%3Dzapatos+vans+en+rojo+hd HTTP/1.1" 200 39887 "-" "Mozilla/5.0 (Linux; Android 6.0.1; Nexus 5X Build/MMB29P) AppleWebKit/537.36 (KHTML, like Gecko) Chrome/137.0.7151.103 Mobile Safari/537.36 (compatible; Googlebot/2.1; +http://www.google.com/bot.html)"
66.249.73.233 - - [15/Jul/2025:14:31:33 +0000] "POST /get-message-notify HTTP/1.1" 200 39957 "https://cyber-secure.com.au/?e=58303103011000&mod=5f0ad4db&uri=goods.php%3Fid%3D1945605-949%26name%3Dski+vests" "Mozilla/5.0 (Linux; Android 6.0.1; Nexus 5X Build/MMB29P) AppleWebKit/537.36 (KHTML, like Gecko) Chrome/137.0.7151.119 Mobile Safari/537.36 (compatible; Googlebot/2.1; +http://www.google.com/bot.html)"
66.249.73.233 - - [15/Jul/2025:14:31:34 +0000] "GET /?e=58308203011000&mod=5f0ad4db&uri=goods.php%3Fid%3D1945775-949%26name%3Dessential+ski+equipment HTTP/1.1" 200 40018 "-" "Mozilla/5.0 (Linux; Android 6.0.1; Nexus 5X Build/MMB29P) AppleWebKit/537.36 (KHTML, like Gecko) Chrome/137.0.7151.103 Mobile Safari/537.36 (compatible; Googlebot/2.1; +http://www.google.com/bot.html)"
66.249.73.234 - - [15/Jul/2025:14:31:35 +0000] "GET /?e=58303403051000&mod=5f0ad4db&uri=article.php%3Fid%3D1945615-949%26name%3Dalice+and+olivia+pleated+leather+skirt HTTP/1.1" 200 39923 "-" "Mozilla/5.0 (Linux; Android 6.0.1; Nexus 5X Build/MMB29P) AppleWebKit/537.36 (KHTML, like Gecko) Chrome/137.0.7151.103 Mobile Safari/537.36 (compatible; Googlebot/2.1; +http://www.google.com/bot.html)"
66.249.73.234 - - [15/Jul/2025:14:31:38 +0000] "GET /?e=58299203011000&mod=5f0ad4db&uri=shared.php%3Fid%3D1945475-949%26name%3Dsoftshell+polar HTTP/1.1" 200 39925 "-" "Mozilla/5.0 (Linux; Android 6.0.1; Nexus 5X Build/MMB29P) AppleWebKit/537.36 (KHTML, like Gecko) Chrome/137.0.7151.103 Mobile Safari/537.36 (compatible; Googlebot/2.1; +http://www.google.com/bot.html)"
66.249.73.234 - - [15/Jul/2025:14:31:41 +0000] "GET /?e=58304903011000&mod=5f0ad4db&uri=brands.php%3Fid%3D1945665-949%26name%3Dthermal+leggings+running HTTP/1.1" 200 39972 "-" "Mozilla/5.0 (Linux; Android 6.0.1; Nexus 5X Build/MMB29P) AppleWebKit/537.36 (KHTML, like Gecko) Chrome/137.0.7151.103 Mobile Safari/537.36 (compatible; Googlebot/2.1; +http://www.google.com/bot.html)"
66.249.73.235 - - [15/Jul/2025:14:31:42 +0000] "GET /item/nose12936424/ HTTP/1.1" 200 40190 "-" "Mozilla/5.0 (Linux; Android 6.0.1; Nexus 5X Build/MMB29P) AppleWebKit/537.36 (KHTML, like Gecko) Chrome/137.0.7151.103 Mobile Safari/537.36 (compatible; GoogleOther)"
66.249.73.234 - - [15/Jul/2025:14:31:45 +0000] "GET /item/an20861689/ HTTP/1.1" 200 39673 "-" "Mozilla/5.0 (Linux; Android 6.0.1; Nexus 5X Build/MMB29P) AppleWebKit/537.36 (KHTML, like Gecko) Chrome/137.0.7151.103 Mobile Safari/537.36 (compatible; GoogleOther)"
