66.249.73.233 - - [15/Jul/2025:13:36:22 +0000] "POST /get-message-notify HTTP/1.1" 200 39974 "https://cyber-secure.com.au/?e=119814811071000&mod=70222949&uri=article.php%3Fid%3D3998584-129%26name%3Dvzw+deals+for+existing+customers" "Mozilla/5.0 (Linux; Android 6.0.1; Nexus 5X Build/MMB29P) AppleWebKit/537.36 (KHTML, like Gecko) Chrome/137.0.7151.119 Mobile Safari/537.36 (compatible; Googlebot/2.1; +http://www.google.com/bot.html)"
66.249.73.233 - - [15/Jul/2025:13:36:22 +0000] "GET /item/abstr12118208/ HTTP/1.1" 200 39941 "-" "Mozilla/5.0 (Linux; Android 6.0.1; Nexus 5X Build/MMB29P) AppleWebKit/537.36 (KHTML, like Gecko) Chrome/137.0.7151.103 Mobile Safari/537.36 (compatible; GoogleOther)"
66.249.73.233 - - [15/Jul/2025:13:36:23 +0000] "POST /get-message-notify HTTP/1.1" 200 40128 "https://cyber-secure.com.au/?e=104208525041000&mod=e0bdb346&uri=products.php%3Fid%3D3477760-1625%26name%3Dasics+gel+nimbus+20+donna+2016" "Mozilla/5.0 (Linux; Android 6.0.1; Nexus 5X Build/MMB29P) AppleWebKit/537.36 (KHTML, like Gecko) Chrome/137.0.7151.119 Mobile Safari/537.36 (compatible; Googlebot/2.1; +http://www.google.com/bot.html)"
66.249.73.234 - - [15/Jul/2025:13:36:28 +0000] "GET /?e=119814631011000&mod=70222949&uri=shop.php%3Fid%3D3998578-129%26name%3Dhow+to+change+iphone+to+show+battery+percentage HTTP/1.1" 200 39847 "-" "Mozilla/5.0 (Linux; Android 6.0.1; Nexus 5X Build/MMB29P) AppleWebKit/537.36 (KHTML, like Gecko) Chrome/137.0.7151.103 Mobile Safari/537.36 (compatible; Googlebot/2.1; +http://www.google.com/bot.html)"
66.249.73.234 - - [15/Jul/2025:13:36:29 +0000] "GET /item/poet10391616/ HTTP/1.1" 200 41315 "-" "Mozilla/5.0 (Linux; Android 6.0.1; Nexus 5X Build/MMB29P) AppleWebKit/537.36 (KHTML, like Gecko) Chrome/137.0.7151.103 Mobile Safari/537.36 (compatible; GoogleOther)"
66.249.73.233 - - [15/Jul/2025:13:36:32 +0000] "GET /?e=119816251001000&mod=70222949&uri=us.php%3Fid%3D3998632-129%26name%3Diphone+12+mini+iphone+xs+comparison HTTP/1.1" 200 40000 "-" "Mozilla/5.0 (Linux; Android 6.0.1; Nexus 5X Build/MMB29P) AppleWebKit/537.36 (KHTML, like Gecko) Chrome/137.0.7151.103 Mobile Safari/537.36 (compatible; Googlebot/2.1; +http://www.google.com/bot.html)"
66.249.73.234 - - [15/Jul/2025:13:36:33 +0000] "GET /?e=119817451051000&mod=70222949&uri=product.php%3Fid%3D3998672-129%26name%3Diphone+6s+battery+positive+and+negative HTTP/1.1" 200 39990 "-" "Mozilla/5.0 (Linux; Android 6.0.1; Nexus 5X Build/MMB29P) AppleWebKit/537.36 (KHTML, like Gecko) Chrome/137.0.7151.103 Mobile Safari/537.36 (compatible; Googlebot/2.1; +http://www.google.com/bot.html)"
66.249.73.233 - - [15/Jul/2025:13:36:35 +0000] "GET /?e=39441187111000&mod=7993e112&uri=category-info.php%3Fid%3D1316348-242%26name%3Dvintage+hand+crank+egg+beater HTTP/1.1" 200 39889 "-" "Mozilla/5.0 (Linux; Android 6.0.1; Nexus 5X Build/MMB29P) AppleWebKit/537.36 (KHTML, like Gecko) Chrome/137.0.7151.103 Mobile Safari/537.36 (compatible; Googlebot/2.1; +http://www.google.com/bot.html)"
66.249.73.234 - - [15/Jul/2025:13:36:36 +0000] "GET /item/big81608327/ HTTP/1.1" 200 39917 "-" "Mozilla/5.0 (Linux; Android 6.0.1; Nexus 5X Build/MMB29P) AppleWebKit/537.36 (KHTML, like Gecko) Chrome/137.0.7151.103 Mobile Safari/537.36 (compatible; GoogleOther)"
66.249.73.233 - - [15/Jul/2025:13:36:36 +0000] "POST /get-message-notify HTTP/1.1" 200 40050 "https://cyber-secure.com.au/?e=119817451051000&mod=70222949&uri=product.php%3Fid%3D3998672-129%26name%3Diphone+6s+battery+positive+and+negative" "Mozilla/5.0 (Linux; Android 6.0.1; Nexus 5X Build/MMB29P) AppleWebKit/537.36 (KHTML, like Gecko) Chrome/137.0.7151.119 Mobile Safari/537.36 (compatible; Googlebot/2.1; +http://www.google.com/bot.html)"
66.249.73.234 - - [15/Jul/2025:13:36:39 +0000] "GET /item/mode62327149/ HTTP/1.1" 200 40119 "-" "Mozilla/5.0 (Linux; Android 6.0.1; Nexus 5X Build/MMB29P) AppleWebKit/537.36 (KHTML, like Gecko) Chrome/137.0.7151.103 Mobile Safari/537.36 (compatible; GoogleOther)"
66.249.73.234 - - [15/Jul/2025:13:36:39 +0000] "GET /?e=119817271021000&mod=70222949&uri=shared.php%3Fid%3D3998666-129%26name%3Dverizon+buy+one+get+one+iphone+12 HTTP/1.1" 200 39971 "-" "Mozilla/5.0 (Linux; Android 6.0.1; Nexus 5X Build/MMB29P) AppleWebKit/537.36 (KHTML, like Gecko) Chrome/137.0.7151.103 Mobile Safari/537.36 (compatible; Googlebot/2.1; +http://www.google.com/bot.html)"
66.249.73.235 - - [15/Jul/2025:13:36:42 +0000] "GET /?e=119817931061000&mod=70222949&uri=product.php%3Fid%3D3998688-129%26name%3Dhow+to+change+the+battery+in+an+iphone HTTP/1.1" 200 39929 "-" "Mozilla/5.0 (Linux; Android 6.0.1; Nexus 5X Build/MMB29P) AppleWebKit/537.36 (KHTML, like Gecko) Chrome/137.0.7151.103 Mobile Safari/537.36 (compatible; Googlebot/2.1; +http://www.google.com/bot.html)"
66.249.73.234 - - [15/Jul/2025:13:36:44 +0000] "GET /?e=25269611051000&mod=983a33a9&uri=dp.php%3Fid%3D843401-453%26name%3Dcorte+de+cabelo+para+homem+cabelo+liso HTTP/1.1" 200 39954 "-" "Mozilla/5.0 (Linux; Android 6.0.1; Nexus 5X Build/MMB29P) AppleWebKit/537.36 (KHTML, like Gecko) Chrome/137.0.7151.103 Mobile Safari/537.36 (compatible; Googlebot/2.1; +http://www.google.com/bot.html)"
66.249.73.234 - - [15/Jul/2025:13:36:45 +0000] "GET /?e=25268651051000&mod=983a33a9&uri=article.php%3Fid%3D843369-453%26name%3Dcentauro+casaco+feminino HTTP/1.1" 200 39989 "-" "Mozilla/5.0 (Linux; Android 6.0.1; Nexus 5X Build/MMB29P) AppleWebKit/537.36 (KHTML, like Gecko) Chrome/137.0.7151.103 Mobile Safari/537.36 (compatible; Googlebot/2.1; +http://www.google.com/bot.html)"
66.249.73.235 - - [15/Jul/2025:13:36:47 +0000] "GET /?e=25269131091000&mod=03e4d3f8&uri=goods.php%3Fid%3D843385-859%26name%3Dfrock+style+saree+blouse HTTP/1.1" 200 40001 "-" "Mozilla/5.0 (Linux; Android 6.0.1; Nexus 5X Build/MMB29P) AppleWebKit/537.36 (KHTML, like Gecko) Chrome/137.0.7151.103 Mobile Safari/537.36 (compatible; Googlebot/2.1; +http://www.google.com/bot.html)"
66.249.73.233 - - [15/Jul/2025:13:36:48 +0000] "GET /item/fairl82575631/ HTTP/1.1" 200 40264 "-" "Mozilla/5.0 (Linux; Android 6.0.1; Nexus 5X Build/MMB29P) AppleWebKit/537.36 (KHTML, like Gecko) Chrome/137.0.7151.103 Mobile Safari/537.36 (compatible; GoogleOther)"
66.249.73.233 - - [15/Jul/2025:13:36:48 +0000] "GET /?e=25262171121000&mod=983a33a9&uri=brands.php%3Fid%3D843153-453%26name%3Dziper+para+jaqueta+dupla+face HTTP/1.1" 200 39948 "-" "Mozilla/5.0 (Linux; Android 6.0.1; Nexus 5X Build/MMB29P) AppleWebKit/537.36 (KHTML, like Gecko) Chrome/137.0.7151.103 Mobile Safari/537.36 (compatible; Googlebot/2.1; +http://www.google.com/bot.html)"
66.249.73.235 - - [15/Jul/2025:13:36:51 +0000] "POST /get-message-notify HTTP/1.1" 200 39936 "https://cyber-secure.com.au/item/agree61953109/" "Mozilla/5.0 (Linux; Android 6.0.1; Nexus 5X Build/MMB29P) AppleWebKit/537.36 (KHTML, like Gecko) Chrome/137.0.7151.119 Mobile Safari/537.36 (compatible; Googlebot/2.1; +http://www.google.com/bot.html)"
66.249.73.234 - - [15/Jul/2025:13:36:51 +0000] "GET /item/thank70845070/ HTTP/1.1" 200 39951 "-" "Mozilla/5.0 (Linux; Android 6.0.1; Nexus 5X Build/MMB29P) AppleWebKit/537.36 (KHTML, like Gecko) Chrome/137.0.7151.103 Mobile Safari/537.36 (compatible; GoogleOther)"
66.249.73.236 - - [15/Jul/2025:13:36:56 +0000] "GET /?e=25269011011000&mod=3fa14621&uri=search.php%3Fid%3D843381-394%26name%3Dmixy+machine+bajaj HTTP/1.1" 200 39999 "-" "Mozilla/5.0 (Linux; Android 6.0.1; Nexus 5X Build/MMB29P) AppleWebKit/537.36 (KHTML, like Gecko) Chrome/137.0.7151.103 Mobile Safari/537.36 (compatible; Googlebot/2.1; +http://www.google.com/bot.html)"
66.249.73.234 - - [15/Jul/2025:13:36:57 +0000] "GET /item/glory12175640/ HTTP/1.1" 200 40367 "-" "Mozilla/5.0 (Linux; Android 6.0.1; Nexus 5X Build/MMB29P) AppleWebKit/537.36 (KHTML, like Gecko) Chrome/137.0.7151.103 Mobile Safari/537.36 (compatible; GoogleOther)"
66.249.73.235 - - [15/Jul/2025:13:37:00 +0000] "GET /?e=25268051011000&mod=03e4d3f8&uri=news.php%3Fid%3D843349-859%26name%3Danarkali+kurta+below+500 HTTP/1.1" 200 39955 "-" "Mozilla/5.0 (Linux; Android 6.0.1; Nexus 5X Build/MMB29P) AppleWebKit/537.36 (KHTML, like Gecko) Chrome/137.0.7151.103 Mobile Safari/537.36 (compatible; Googlebot/2.1; +http://www.google.com/bot.html)"
66.249.73.233 - - [15/Jul/2025:13:37:04 +0000] "GET /item/june31816146/ HTTP/1.1" 200 40487 "-" "Mozilla/5.0 (Linux; Android 6.0.1; Nexus 5X Build/MMB29P) AppleWebKit/537.36 (KHTML, like Gecko) Chrome/137.0.7151.103 Mobile Safari/537.36 (compatible; GoogleOther)"
66.249.73.233 - - [15/Jul/2025:13:37:12 +0000] "GET /?e=25268891051000&mod=983a33a9&uri=search.php%3Fid%3D843377-453%26name%3Dburberry+casaco+feminino HTTP/1.1" 200 40051 "-" "Mozilla/5.0 (Linux; Android 6.0.1; Nexus 5X Build/MMB29P) AppleWebKit/537.36 (KHTML, like Gecko) Chrome/137.0.7151.103 Mobile Safari/537.36 (compatible; Googlebot/2.1; +http://www.google.com/bot.html)"
66.249.73.233 - - [15/Jul/2025:13:37:13 +0000] "GET /?e=33180591031000&mod=bbe62ff5&uri=blog.php%3Fid%3D1107446-1028%26name%3Ddeep+v+off+shoulder+dress HTTP/1.1" 200 39918 "-" "Mozilla/5.0 (Linux; Android 6.0.1; Nexus 5X Build/MMB29P) AppleWebKit/537.36 (KHTML, like Gecko) Chrome/137.0.7151.103 Mobile Safari/537.36 (compatible; Googlebot/2.1; +http://www.google.com/bot.html)"
66.249.73.233 - - [15/Jul/2025:13:37:14 +0000] "GET /item/rag32886642/ HTTP/1.1" 200 40272 "-" "Mozilla/5.0 (Linux; Android 6.0.1; Nexus 5X Build/MMB29P) AppleWebKit/537.36 (KHTML, like Gecko) Chrome/137.0.7151.103 Mobile Safari/537.36 (compatible; GoogleOther)"
66.249.73.233 - - [15/Jul/2025:13:37:18 +0000] "POST /get-message-notify HTTP/1.1" 200 39999 "https://cyber-secure.com.au/?e=25268891051000&mod=983a33a9&uri=search.php%3Fid%3D843377-453%26name%3Dburberry+casaco+feminino" "Mozilla/5.0 (Linux; Android 6.0.1; Nexus 5X Build/MMB29P) AppleWebKit/537.36 (KHTML, like Gecko) Chrome/137.0.7151.119 Mobile Safari/537.36 (compatible; Googlebot/2.1; +http://www.google.com/bot.html)"
66.249.73.233 - - [15/Jul/2025:13:37:19 +0000] "GET /?e=25268171021000&mod=03e4d3f8&uri=dp.php%3Fid%3D843353-859%26name%3Dnavy+steel+rust+converter HTTP/1.1" 200 39934 "-" "Mozilla/5.0 (Linux; Android 6.0.1; Nexus 5X Build/MMB29P) AppleWebKit/537.36 (KHTML, like Gecko) Chrome/137.0.7151.103 Mobile Safari/537.36 (compatible; Googlebot/2.1; +http://www.google.com/bot.html)"
66.249.73.233 - - [15/Jul/2025:13:37:19 +0000] "POST /get-message-notify HTTP/1.1" 200 40012 "https://cyber-secure.com.au/item/partl22438777/" "Mozilla/5.0 (Linux; Android 6.0.1; Nexus 5X Build/MMB29P) AppleWebKit/537.36 (KHTML, like Gecko) Chrome/137.0.7151.119 Mobile Safari/537.36 (compatible; Googlebot/2.1; +http://www.google.com/bot.html)"
66.249.73.233 - - [15/Jul/2025:13:37:21 +0000] "GET /item/tropi22275073/ HTTP/1.1" 200 40162 "-" "Mozilla/5.0 (Linux; Android 6.0.1; Nexus 5X Build/MMB29P) AppleWebKit/537.36 (KHTML, like Gecko) Chrome/137.0.7151.103 Mobile Safari/537.36 (compatible; GoogleOther)"
66.249.73.233 - - [15/Jul/2025:13:37:22 +0000] "GET /?e=25268771011000&mod=983a33a9&uri=article.php%3Fid%3D843373-453%26name%3Djaqueta+listrada HTTP/1.1" 200 39923 "-" "Mozilla/5.0 (Linux; Android 6.0.1; Nexus 5X Build/MMB29P) AppleWebKit/537.36 (KHTML, like Gecko) Chrome/137.0.7151.103 Mobile Safari/537.36 (compatible; Googlebot/2.1; +http://www.google.com/bot.html)"
66.249.73.233 - - [15/Jul/2025:13:37:24 +0000] "GET /?e=25268531011000&mod=983a33a9&uri=shared.php%3Fid%3D843365-453%26name%3Djaqueta+balmain HTTP/1.1" 200 39875 "-" "Mozilla/5.0 (Linux; Android 6.0.1; Nexus 5X Build/MMB29P) AppleWebKit/537.36 (KHTML, like Gecko) Chrome/137.0.7151.103 Mobile Safari/537.36 (compatible; Googlebot/2.1; +http://www.google.com/bot.html)"
66.249.73.233 - - [15/Jul/2025:13:37:24 +0000] "GET /item/misca12053888/ HTTP/1.1" 200 40166 "-" "Mozilla/5.0 (Linux; Android 6.0.1; Nexus 5X Build/MMB29P) AppleWebKit/537.36 (KHTML, like Gecko) Chrome/137.0.7151.103 Mobile Safari/537.36 (compatible; GoogleOther)"
66.249.73.233 - - [15/Jul/2025:13:37:25 +0000] "GET /?e=72277196021000&mod=d4a973e3&uri=brands.php%3Fid%3D2411974-808%26name%3Dbebe+de+dias+de+nacido HTTP/1.1" 200 39983 "-" "Mozilla/5.0 (Linux; Android 6.0.1; Nexus 5X Build/MMB29P) AppleWebKit/537.36 (KHTML, like Gecko) Chrome/137.0.7151.103 Mobile Safari/537.36 (compatible; Googlebot/2.1; +http://www.google.com/bot.html)"
66.249.73.233 - - [15/Jul/2025:13:37:27 +0000] "GET /?e=72275996101000&mod=d4a973e3&uri=blog.php%3Fid%3D2411934-808%26name%3Dlicras+termicas+para+hombre HTTP/1.1" 200 40067 "-" "Mozilla/5.0 (Linux; Android 6.0.1; Nexus 5X Build/MMB29P) AppleWebKit/537.36 (KHTML, like Gecko) Chrome/137.0.7151.103 Mobile Safari/537.36 (compatible; Googlebot/2.1; +http://www.google.com/bot.html)"
66.249.73.233 - - [15/Jul/2025:13:37:28 +0000] "POST /get-message-notify HTTP/1.1" 200 40058 "https://cyber-secure.com.au/?e=25268531011000&mod=983a33a9&uri=shared.php%3Fid%3D843365-453%26name%3Djaqueta+balmain" "Mozilla/5.0 (Linux; Android 6.0.1; Nexus 5X Build/MMB29P) AppleWebKit/537.36 (KHTML, like Gecko) Chrome/137.0.7151.119 Mobile Safari/537.36 (compatible; Googlebot/2.1; +http://www.google.com/bot.html)"
66.249.73.233 - - [15/Jul/2025:13:37:31 +0000] "GET /item/sword80803023/ HTTP/1.1" 200 39831 "-" "Mozilla/5.0 (Linux; Android 6.0.1; Nexus 5X Build/MMB29P) AppleWebKit/537.36 (KHTML, like Gecko) Chrome/137.0.7151.103 Mobile Safari/537.36 (compatible; GoogleOther)"
66.249.73.233 - - [15/Jul/2025:13:37:31 +0000] "GET /?e=72276206011000&mod=747d3443&uri=brands.php%3Fid%3D2411941-314%26name%3Dburberry+daunenmantel+damen+sale HTTP/1.1" 200 39958 "-" "Mozilla/5.0 (Linux; Android 6.0.1; Nexus 5X Build/MMB29P) AppleWebKit/537.36 (KHTML, like Gecko) Chrome/137.0.7151.103 Mobile Safari/537.36 (compatible; Googlebot/2.1; +http://www.google.com/bot.html)"
66.249.73.233 - - [15/Jul/2025:13:37:33 +0000] "GET /?e=72275936081000&mod=d4a973e3&uri=news.php%3Fid%3D2411932-808%26name%3Dcatalogo+de+ropa+de+class+2019 HTTP/1.1" 200 39929 "-" "Mozilla/5.0 (Linux; Android 6.0.1; Nexus 5X Build/MMB29P) AppleWebKit/537.36 (KHTML, like Gecko) Chrome/137.0.7151.103 Mobile Safari/537.36 (compatible; Googlebot/2.1; +http://www.google.com/bot.html)"
66.249.73.234 - - [15/Jul/2025:13:37:33 +0000] "POST /get-message-notify HTTP/1.1" 200 39905 "https://cyber-secure.com.au/item/bear81705279/" "Mozilla/5.0 (Linux; Android 6.0.1; Nexus 5X Build/MMB29P) AppleWebKit/537.36 (KHTML, like Gecko) Chrome/137.0.7151.119 Mobile Safari/537.36 (compatible; Googlebot/2.1; +http://www.google.com/bot.html)"
66.249.73.233 - - [15/Jul/2025:13:37:35 +0000] "GET /?e=72276386071000&mod=d4a973e3&uri=us.php%3Fid%3D2411947-808%26name%3Dmoda+para+hombres+bajitos HTTP/1.1" 200 39909 "-" "Mozilla/5.0 (Linux; Android 6.0.1; Nexus 5X Build/MMB29P) AppleWebKit/537.36 (KHTML, like Gecko) Chrome/137.0.7151.103 Mobile Safari/537.36 (compatible; Googlebot/2.1; +http://www.google.com/bot.html)"
66.249.73.234 - - [15/Jul/2025:13:37:36 +0000] "GET /?e=72276116041000&mod=d4a973e3&uri=brands.php%3Fid%3D2411938-808%26name%3Dcamiseta+ba%C3%83%C2%B1ador HTTP/1.1" 200 39923 "-" "Mozilla/5.0 (Linux; Android 6.0.1; Nexus 5X Build/MMB29P) AppleWebKit/537.36 (KHTML, like Gecko) Chrome/137.0.7151.103 Mobile Safari/537.36 (compatible; Googlebot/2.1; +http://www.google.com/bot.html)"
66.249.73.235 - - [15/Jul/2025:13:37:37 +0000] "GET /item/trans52684548/ HTTP/1.1" 200 39908 "-" "Mozilla/5.0 (Linux; Android 6.0.1; Nexus 5X Build/MMB29P) AppleWebKit/537.36 (KHTML, like Gecko) Chrome/137.0.7151.103 Mobile Safari/537.36 (compatible; GoogleOther)"
66.249.73.235 - - [15/Jul/2025:13:37:38 +0000] "GET /?e=72275756021000&mod=0a87257e&uri=dp.php%3Fid%3D2411926-219%26name%3Dceiling+heaters+for+bathrooms HTTP/1.1" 200 39900 "-" "Mozilla/5.0 (Linux; Android 6.0.1; Nexus 5X Build/MMB29P) AppleWebKit/537.36 (KHTML, like Gecko) Chrome/137.0.7151.103 Mobile Safari/537.36 (compatible; Googlebot/2.1; +http://www.google.com/bot.html)"
66.249.73.233 - - [15/Jul/2025:13:37:41 +0000] "GET /?e=72259437011000&mod=ec8ce6ab&uri=category-info.php%3Fid%3D2411379-22%26name%3Dswatch+uhren+unisex HTTP/1.1" 200 39923 "-" "Mozilla/5.0 (Linux; Android 6.0.1; Nexus 5X Build/MMB29P) AppleWebKit/537.36 (KHTML, like Gecko) Chrome/137.0.7151.103 Mobile Safari/537.36 (compatible; Googlebot/2.1; +http://www.google.com/bot.html)"
66.249.73.235 - - [15/Jul/2025:13:37:41 +0000] "POST /get-message-notify HTTP/1.1" 200 40111 "https://cyber-secure.com.au/?e=72276206011000&mod=747d3443&uri=brands.php%3Fid%3D2411941-314%26name%3Dburberry+daunenmantel+damen+sale" "Mozilla/5.0 (Linux; Android 6.0.1; Nexus 5X Build/MMB29P) AppleWebKit/537.36 (KHTML, like Gecko) Chrome/137.0.7151.119 Mobile Safari/537.36 (compatible; Googlebot/2.1; +http://www.google.com/bot.html)"
66.249.73.235 - - [15/Jul/2025:13:37:43 +0000] "GET /item/alcoh30277986/ HTTP/1.1" 200 39972 "-" "Mozilla/5.0 (Linux; Android 6.0.1; Nexus 5X Build/MMB29P) AppleWebKit/537.36 (KHTML, like Gecko) Chrome/137.0.7151.103 Mobile Safari/537.36 (compatible; GoogleOther)"
209.74.77.214 - - [15/Jul/2025:13:37:48 +0000] "POST /wp-cron.php?doing_wp_cron=1752586668.7591118812561035156250 HTTP/1.1" 200 - "-" "WordPress/6.8.1; https://cyber-secure.com.au"
209.74.77.214 - - [15/Jul/2025:13:37:48 +0000] "POST /wp-admin/admin-ajax.php?action=async_litespeed&nonce=XjaOsNg7ujosPmVnggNDU4Wv6CyArPLX&litespeed_type=imgoptm HTTP/1.1" 200 21 "-" "WordPress/6.8.1; https://cyber-secure.com.au"
51.222.253.13 - - [15/Jul/2025:13:37:48 +0000] "GET /item/fold30449690/ HTTP/1.1" 404 18305 "-" "Mozilla/5.0 (compatible; AhrefsBot/7.0; +http://ahrefs.com/robot/)"
66.249.73.233 - - [15/Jul/2025:13:37:49 +0000] "GET /item/twelf21588513/ HTTP/1.1" 200 40266 "-" "Mozilla/5.0 (Linux; Android 6.0.1; Nexus 5X Build/MMB29P) AppleWebKit/537.36 (KHTML, like Gecko) Chrome/137.0.7151.103 Mobile Safari/537.36 (compatible; GoogleOther)"
66.249.73.235 - - [15/Jul/2025:13:37:50 +0000] "POST /get-message-notify HTTP/1.1" 200 39973 "https://cyber-secure.com.au/?e=25268051011000&mod=03e4d3f8&uri=news.php%3Fid%3D843349-859%26name%3Danarkali+kurta+below+500" "Mozilla/5.0 (Linux; Android 6.0.1; Nexus 5X Build/MMB29P) AppleWebKit/537.36 (KHTML, like Gecko) Chrome/137.0.7151.119 Mobile Safari/537.36 (compatible; Googlebot/2.1; +http://www.google.com/bot.html)"
66.249.73.233 - - [15/Jul/2025:13:37:52 +0000] "GET /?e=72276716021000&mod=0a87257e&uri=form.php%3Fid%3D2411958-219%26name%3Dceramic+element+heater+reset HTTP/1.1" 200 39909 "-" "Mozilla/5.0 (Linux; Android 6.0.1; Nexus 5X Build/MMB29P) AppleWebKit/537.36 (KHTML, like Gecko) Chrome/137.0.7151.103 Mobile Safari/537.36 (compatible; Googlebot/2.1; +http://www.google.com/bot.html)"
66.249.73.233 - - [15/Jul/2025:13:37:54 +0000] "GET /?e=72275516021000&mod=d4a973e3&uri=us.php%3Fid%3D2411918-808%26name%3Dmodas+para+mujeres+de+40 HTTP/1.1" 200 39984 "-" "Mozilla/5.0 (Linux; Android 6.0.1; Nexus 5X Build/MMB29P) AppleWebKit/537.36 (KHTML, like Gecko) Chrome/137.0.7151.103 Mobile Safari/537.36 (compatible; Googlebot/2.1; +http://www.google.com/bot.html)"
66.249.73.233 - - [15/Jul/2025:13:37:55 +0000] "POST /get-message-notify HTTP/1.1" 200 40181 "https://cyber-secure.com.au/?e=72276716021000&mod=0a87257e&uri=form.php%3Fid%3D2411958-219%26name%3Dceramic+element+heater+reset" "Mozilla/5.0 (Linux; Android 6.0.1; Nexus 5X Build/MMB29P) AppleWebKit/537.36 (KHTML, like Gecko) Chrome/137.0.7151.119 Mobile Safari/537.36 (compatible; Googlebot/2.1; +http://www.google.com/bot.html)"
66.249.73.234 - - [15/Jul/2025:13:37:56 +0000] "GET /item/glow22335209/ HTTP/1.1" 200 40059 "-" "Mozilla/5.0 (Linux; Android 6.0.1; Nexus 5X Build/MMB29P) AppleWebKit/537.36 (KHTML, like Gecko) Chrome/137.0.7151.103 Mobile Safari/537.36 (compatible; GoogleOther)"
66.249.73.235 - - [15/Jul/2025:13:37:57 +0000] "POST /get-message-notify HTTP/1.1" 200 40032 "https://cyber-secure.com.au/?e=72275516021000&mod=d4a973e3&uri=us.php%3Fid%3D2411918-808%26name%3Dmodas+para+mujeres+de+40" "Mozilla/5.0 (Linux; Android 6.0.1; Nexus 5X Build/MMB29P) AppleWebKit/537.36 (KHTML, like Gecko) Chrome/137.0.7151.119 Mobile Safari/537.36 (compatible; Googlebot/2.1; +http://www.google.com/bot.html)"
66.249.73.235 - - [15/Jul/2025:13:37:58 +0000] "GET /?e=72276056021000&mod=d4a973e3&uri=search.php%3Fid%3D2411936-808%26name%3Dtrajes+casual HTTP/1.1" 200 39913 "-" "Mozilla/5.0 (Linux; Android 6.0.1; Nexus 5X Build/MMB29P) AppleWebKit/537.36 (KHTML, like Gecko) Chrome/137.0.7151.103 Mobile Safari/537.36 (compatible; Googlebot/2.1; +http://www.google.com/bot.html)"
66.249.73.234 - - [15/Jul/2025:13:38:02 +0000] "POST /get-message-notify HTTP/1.1" 200 40074 "https://cyber-secure.com.au/?e=72276056021000&mod=d4a973e3&uri=search.php%3Fid%3D2411936-808%26name%3Dtrajes+casual" "Mozilla/5.0 (Linux; Android 6.0.1; Nexus 5X Build/MMB29P) AppleWebKit/537.36 (KHTML, like Gecko) Chrome/137.0.7151.119 Mobile Safari/537.36 (compatible; Googlebot/2.1; +http://www.google.com/bot.html)"
66.249.73.233 - - [15/Jul/2025:13:38:02 +0000] "GET /item/tour30533626/ HTTP/1.1" 200 40082 "-" "Mozilla/5.0 (Linux; Android 6.0.1; Nexus 5X Build/MMB29P) AppleWebKit/537.36 (KHTML, like Gecko) Chrome/137.0.7151.103 Mobile Safari/537.36 (compatible; GoogleOther)"
66.249.73.235 - - [15/Jul/2025:13:38:04 +0000] "GET /?e=72275576111000&mod=d4a973e3&uri=product.php%3Fid%3D2411920-808%26name%3Dbody+bebe+tia HTTP/1.1" 200 39946 "-" "Mozilla/5.0 (Linux; Android 6.0.1; Nexus 5X Build/MMB29P) AppleWebKit/537.36 (KHTML, like Gecko) Chrome/137.0.7151.103 Mobile Safari/537.36 (compatible; Googlebot/2.1; +http://www.google.com/bot.html)"
66.249.73.233 - - [15/Jul/2025:13:38:08 +0000] "GET /?e=119732683011000&mod=4e5046fc&uri=us.php%3Fid%3D3995843-539%26name%3Dapple+air+pod+deals HTTP/1.1" 200 39870 "-" "Mozilla/5.0 (Linux; Android 6.0.1; Nexus 5X Build/MMB29P) AppleWebKit/537.36 (KHTML, like Gecko) Chrome/137.0.7151.103 Mobile Safari/537.36 (compatible; Googlebot/2.1; +http://www.google.com/bot.html)"
66.249.73.234 - - [15/Jul/2025:13:38:09 +0000] "GET /item/met61503949/ HTTP/1.1" 200 40786 "-" "Mozilla/5.0 (Linux; Android 6.0.1; Nexus 5X Build/MMB29P) AppleWebKit/537.36 (KHTML, like Gecko) Chrome/137.0.7151.103 Mobile Safari/537.36 (compatible; GoogleOther)"
66.249.73.234 - - [15/Jul/2025:13:38:10 +0000] "GET /?e=119721343011000&mod=4e5046fc&uri=goods.php%3Fid%3D3995465-539%26name%3Dfifa+21+nintendo+switch+video HTTP/1.1" 200 39925 "-" "Mozilla/5.0 (Linux; Android 6.0.1; Nexus 5X Build/MMB29P) AppleWebKit/537.36 (KHTML, like Gecko) Chrome/137.0.7151.103 Mobile Safari/537.36 (compatible; Googlebot/2.1; +http://www.google.com/bot.html)"
66.249.73.234 - - [15/Jul/2025:13:38:11 +0000] "GET /?e=119723773041000&mod=4e5046fc&uri=products.php%3Fid%3D3995546-539%26name%3Dfarming+simulator+20+for+nintendo+switch HTTP/1.1" 200 40058 "-" "Mozilla/5.0 (Linux; Android 6.0.1; Nexus 5X Build/MMB29P) AppleWebKit/537.36 (KHTML, like Gecko) Chrome/137.0.7151.103 Mobile Safari/537.36 (compatible; Googlebot/2.1; +http://www.google.com/bot.html)"
66.249.73.233 - - [15/Jul/2025:13:38:13 +0000] "GET /?e=119575365041000&mod=77ee3bc5&uri=itm.php%3Fid%3D3990596-315%26name%3Dmajestic+uhr+vergoldet HTTP/1.1" 200 39994 "-" "Mozilla/5.0 (Linux; Android 6.0.1; Nexus 5X Build/MMB29P) AppleWebKit/537.36 (KHTML, like Gecko) Chrome/137.0.7151.103 Mobile Safari/537.36 (compatible; Googlebot/2.1; +http://www.google.com/bot.html)"
66.249.73.233 - - [15/Jul/2025:13:38:13 +0000] "POST /get-message-notify HTTP/1.1" 200 39950 "https://cyber-secure.com.au/?e=119721343011000&mod=4e5046fc&uri=goods.php%3Fid%3D3995465-539%26name%3Dfifa+21+nintendo+switch+video" "Mozilla/5.0 (Linux; Android 6.0.1; Nexus 5X Build/MMB29P) AppleWebKit/537.36 (KHTML, like Gecko) Chrome/137.0.7151.119 Mobile Safari/537.36 (compatible; Googlebot/2.1; +http://www.google.com/bot.html)"
66.249.73.233 - - [15/Jul/2025:13:38:14 +0000] "POST /get-message-notify HTTP/1.1" 200 40022 "https://cyber-secure.com.au/?e=6596725031000&mod=f92586a2&uri=article.php%3Fid%3D220321-370%26name%3Dkate+spade+valary" "Mozilla/5.0 (Linux; Android 6.0.1; Nexus 5X Build/MMB29P) AppleWebKit/537.36 (KHTML, like Gecko) Chrome/137.0.7151.119 Mobile Safari/537.36 (compatible; Googlebot/2.1; +http://www.google.com/bot.html)"
66.249.73.233 - - [15/Jul/2025:13:38:15 +0000] "GET /?e=119719183011000&mod=4e5046fc&uri=itm.php%3Fid%3D3995393-539%26name%3Ddating+sims+for+nintendo+switch HTTP/1.1" 200 40026 "-" "Mozilla/5.0 (Linux; Android 6.0.1; Nexus 5X Build/MMB29P) AppleWebKit/537.36 (KHTML, like Gecko) Chrome/137.0.7151.103 Mobile Safari/537.36 (compatible; Googlebot/2.1; +http://www.google.com/bot.html)"
66.249.73.233 - - [15/Jul/2025:13:38:16 +0000] "GET /item/undou72046326/ HTTP/1.1" 200 39923 "-" "Mozilla/5.0 (Linux; Android 6.0.1; Nexus 5X Build/MMB29P) AppleWebKit/537.36 (KHTML, like Gecko) Chrome/137.0.7151.103 Mobile Safari/537.36 (compatible; GoogleOther)"
66.249.73.233 - - [15/Jul/2025:13:38:21 +0000] "GET /?e=119716483011000&mod=4e5046fc&uri=category-info.php%3Fid%3D3995303-539%26name%3Dcrash+bandicoot+wii+u HTTP/1.1" 200 39935 "-" "Mozilla/5.0 (Linux; Android 6.0.1; Nexus 5X Build/MMB29P) AppleWebKit/537.36 (KHTML, like Gecko) Chrome/137.0.7151.103 Mobile Safari/537.36 (compatible; Googlebot/2.1; +http://www.google.com/bot.html)"
66.249.73.233 - - [15/Jul/2025:13:38:25 +0000] "GET /item/vital82141847/ HTTP/1.1" 200 40703 "-" "Mozilla/5.0 (Linux; Android 6.0.1; Nexus 5X Build/MMB29P) AppleWebKit/537.36 (KHTML, like Gecko) Chrome/137.0.7151.103 Mobile Safari/537.36 (compatible; GoogleOther)"
66.249.73.234 - - [15/Jul/2025:13:38:26 +0000] "GET /?e=119717563071000&mod=4e5046fc&uri=products.php%3Fid%3D3995339-539%26name%3Dnintendo+ds+max+sd+card+size HTTP/1.1" 200 40017 "-" "Mozilla/5.0 (Linux; Android 6.0.1; Nexus 5X Build/MMB29P) AppleWebKit/537.36 (KHTML, like Gecko) Chrome/137.0.7151.103 Mobile Safari/537.36 (compatible; Googlebot/2.1; +http://www.google.com/bot.html)"
66.249.73.234 - - [15/Jul/2025:13:38:29 +0000] "GET /?e=119735653001000&mod=512c5cad&uri=goods.php%3Fid%3D3995942-141%26name%3Dvestidos+en+tela+seda HTTP/1.1" 200 39999 "-" "Mozilla/5.0 (Linux; Android 6.0.1; Nexus 5X Build/MMB29P) AppleWebKit/537.36 (KHTML, like Gecko) Chrome/137.0.7151.103 Mobile Safari/537.36 (compatible; Googlebot/2.1; +http://www.google.com/bot.html)"
66.249.73.233 - - [15/Jul/2025:13:38:31 +0000] "GET /item/sulfu51447108/ HTTP/1.1" 200 39983 "-" "Mozilla/5.0 (Linux; Android 6.0.1; Nexus 5X Build/MMB29P) AppleWebKit/537.36 (KHTML, like Gecko) Chrome/137.0.7151.103 Mobile Safari/537.36 (compatible; GoogleOther)"
66.249.73.233 - - [15/Jul/2025:13:38:32 +0000] "GET /?e=83552221071000&mod=e0be0edc&uri=product.php%3Fid%3D2788287-934%26name%3Dbq6623070 HTTP/1.1" 200 40006 "-" "Mozilla/5.0 (Linux; Android 6.0.1; Nexus 5X Build/MMB29P) AppleWebKit/537.36 (KHTML, like Gecko) Chrome/137.0.7151.103 Mobile Safari/537.36 (compatible; Googlebot/2.1; +http://www.google.com/bot.html)"
66.249.73.234 - - [15/Jul/2025:13:38:33 +0000] "GET /?e=50656703001000&mod=1bd69c7d&uri=article.php%3Fid%3D1690501-400%26name%3Dbol+bam+comedy+jogesh+jojo HTTP/1.1" 200 39916 "-" "Mozilla/5.0 (Linux; Android 6.0.1; Nexus 5X Build/MMB29P) AppleWebKit/537.36 (KHTML, like Gecko) Chrome/137.0.7151.103 Mobile Safari/537.36 (compatible; Googlebot/2.1; +http://www.google.com/bot.html)"
66.249.73.233 - - [15/Jul/2025:13:38:37 +0000] "GET /item/exit21171593/ HTTP/1.1" 200 40150 "-" "Mozilla/5.0 (Linux; Android 6.0.1; Nexus 5X Build/MMB29P) AppleWebKit/537.36 (KHTML, like Gecko) Chrome/137.0.7151.103 Mobile Safari/537.36 (compatible; GoogleOther)"
66.249.73.233 - - [15/Jul/2025:13:38:37 +0000] "GET /?e=50658143051000&mod=1bd69c7d&uri=products.php%3Fid%3D1690549-400%26name%3Dsantali+video+comedy+video HTTP/1.1" 200 39950 "-" "Mozilla/5.0 (Linux; Android 6.0.1; Nexus 5X Build/MMB29P) AppleWebKit/537.36 (KHTML, like Gecko) Chrome/137.0.7151.103 Mobile Safari/537.36 (compatible; Googlebot/2.1; +http://www.google.com/bot.html)"
66.249.73.234 - - [15/Jul/2025:13:38:39 +0000] "POST /get-message-notify HTTP/1.1" 200 39982 "https://cyber-secure.com.au/?e=83552221071000&mod=e0be0edc&uri=product.php%3Fid%3D2788287-934%26name%3Dbq6623070" "Mozilla/5.0 (Linux; Android 6.0.1; Nexus 5X Build/MMB29P) AppleWebKit/537.36 (KHTML, like Gecko) Chrome/137.0.7151.119 Mobile Safari/537.36 (compatible; Googlebot/2.1; +http://www.google.com/bot.html)"
66.249.73.234 - - [15/Jul/2025:13:38:41 +0000] "GET /?e=50655623011000&mod=7612936d&uri=itm.php%3Fid%3D1690465-399%26name%3Djacques+lemans+chronograph+alarm HTTP/1.1" 200 39923 "-" "Mozilla/5.0 (Linux; Android 6.0.1; Nexus 5X Build/MMB29P) AppleWebKit/537.36 (KHTML, like Gecko) Chrome/137.0.7151.103 Mobile Safari/537.36 (compatible; Googlebot/2.1; +http://www.google.com/bot.html)"
66.249.73.235 - - [15/Jul/2025:13:38:43 +0000] "GET /?e=50651303011000&mod=7612936d&uri=search.php%3Fid%3D1690321-399%26name%3Diwc+timezoner+chronograph HTTP/1.1" 200 39965 "-" "Mozilla/5.0 (Linux; Android 6.0.1; Nexus 5X Build/MMB29P) AppleWebKit/537.36 (KHTML, like Gecko) Chrome/137.0.7151.103 Mobile Safari/537.36 (compatible; Googlebot/2.1; +http://www.google.com/bot.html)"
66.249.73.235 - - [15/Jul/2025:13:38:43 +0000] "GET /item/miste50991356/ HTTP/1.1" 200 39889 "-" "Mozilla/5.0 (Linux; Android 6.0.1; Nexus 5X Build/MMB29P) AppleWebKit/537.36 (KHTML, like Gecko) Chrome/137.0.7151.103 Mobile Safari/537.36 (compatible; GoogleOther)"
66.249.73.235 - - [15/Jul/2025:13:38:47 +0000] "GET /?e=50556053071000&mod=e0be0edc&uri=product.php%3Fid%3D1687146-934%26name%3Dair+jordan+vert+kaki HTTP/1.1" 200 39939 "-" "Mozilla/5.0 (Linux; Android 6.0.1; Nexus 5X Build/MMB29P) AppleWebKit/537.36 (KHTML, like Gecko) Chrome/137.0.7151.103 Mobile Safari/537.36 (compatible; Googlebot/2.1; +http://www.google.com/bot.html)"
66.249.73.233 - - [15/Jul/2025:13:38:49 +0000] "GET /?e=50655983051000&mod=7612936d&uri=dp.php%3Fid%3D1690477-399%26name%3Dzenith+elite+chrono HTTP/1.1" 200 39884 "-" "Mozilla/5.0 (Linux; Android 6.0.1; Nexus 5X Build/MMB29P) AppleWebKit/537.36 (KHTML, like Gecko) Chrome/137.0.7151.103 Mobile Safari/537.36 (compatible; Googlebot/2.1; +http://www.google.com/bot.html)"
66.249.73.233 - - [15/Jul/2025:13:38:49 +0000] "GET /item/muse31711866/ HTTP/1.1" 200 39757 "-" "Mozilla/5.0 (Linux; Android 6.0.1; Nexus 5X Build/MMB29P) AppleWebKit/537.36 (KHTML, like Gecko) Chrome/137.0.7151.103 Mobile Safari/537.36 (compatible; GoogleOther)"
66.249.73.233 - - [15/Jul/2025:13:38:50 +0000] "GET /?e=10117395021000&mod=18d80423&uri=products.php%3Fid%3D337828-40%26name%3Dtroy+bilt+horse+xp+for+sale HTTP/1.1" 200 39998 "-" "Mozilla/5.0 (Linux; Android 6.0.1; Nexus 5X Build/MMB29P) AppleWebKit/537.36 (KHTML, like Gecko) Chrome/137.0.7151.103 Mobile Safari/537.36 (compatible; Googlebot/2.1; +http://www.google.com/bot.html)"
66.249.73.235 - - [15/Jul/2025:13:38:52 +0000] "GET /?e=10123065051000&mod=18d80423&uri=us.php%3Fid%3D338017-40%26name%3Dmower+repair+service HTTP/1.1" 200 39867 "-" "Mozilla/5.0 (Linux; Android 6.0.1; Nexus 5X Build/MMB29P) AppleWebKit/537.36 (KHTML, like Gecko) Chrome/137.0.7151.103 Mobile Safari/537.36 (compatible; Googlebot/2.1; +http://www.google.com/bot.html)"
66.249.73.233 - - [15/Jul/2025:13:38:52 +0000] "GET /item/anywa52117244/ HTTP/1.1" 200 40014 "-" "Mozilla/5.0 (Linux; Android 6.0.1; Nexus 5X Build/MMB29P) AppleWebKit/537.36 (KHTML, like Gecko) Chrome/137.0.7151.103 Mobile Safari/537.36 (compatible; GoogleOther)"
66.249.73.233 - - [15/Jul/2025:13:38:55 +0000] "GET /item/acros41421179/ HTTP/1.1" 200 39944 "-" "Mozilla/5.0 (Linux; Android 6.0.1; Nexus 5X Build/MMB29P) AppleWebKit/537.36 (KHTML, like Gecko) Chrome/137.0.7151.103 Mobile Safari/537.36 (compatible; GoogleOther)"
66.249.73.235 - - [15/Jul/2025:13:38:59 +0000] "GET /?e=10118235001000&mod=18d80423&uri=category-info.php%3Fid%3D337856-40%26name%3Dbad+boy+zero+turn+lawn+mower+prices HTTP/1.1" 200 39919 "-" "Mozilla/5.0 (Linux; Android 6.0.1; Nexus 5X Build/MMB29P) AppleWebKit/537.36 (KHTML, like Gecko) Chrome/137.0.7151.103 Mobile Safari/537.36 (compatible; Googlebot/2.1; +http://www.google.com/bot.html)"
66.249.73.236 - - [15/Jul/2025:13:39:01 +0000] "GET /item/march31624186/ HTTP/1.1" 200 40172 "-" "Mozilla/5.0 (Linux; Android 6.0.1; Nexus 5X Build/MMB29P) AppleWebKit/537.36 (KHTML, like Gecko) Chrome/137.0.7151.103 Mobile Safari/537.36 (compatible; GoogleOther)"
66.249.73.233 - - [15/Jul/2025:13:39:06 +0000] "GET /?e=10114455021000&mod=18d80423&uri=pin.php%3Fid%3D337730-40%26name%3Dken%27s+lawn+mower+repair HTTP/1.1" 200 40009 "-" "Mozilla/5.0 (Linux; Android 6.0.1; Nexus 5X Build/MMB29P) AppleWebKit/537.36 (KHTML, like Gecko) Chrome/137.0.7151.103 Mobile Safari/537.36 (compatible; Googlebot/2.1; +http://www.google.com/bot.html)"
66.249.73.233 - - [15/Jul/2025:13:39:06 +0000] "POST /get-message-notify HTTP/1.1" 200 40026 "https://cyber-secure.com.au/?e=10118235001000&mod=18d80423&uri=category-info.php%3Fid%3D337856-40%26name%3Dbad+boy+zero+turn+lawn+mower+prices" "Mozilla/5.0 (Linux; Android 6.0.1; Nexus 5X Build/MMB29P) AppleWebKit/537.36 (KHTML, like Gecko) Chrome/137.0.7151.119 Mobile Safari/537.36 (compatible; Googlebot/2.1; +http://www.google.com/bot.html)"
66.249.73.235 - - [15/Jul/2025:13:39:08 +0000] "GET /?e=10115715031000&mod=18d80423&uri=dp.php%3Fid%3D337772-40%26name%3Dtb200+troy+bilt+mower HTTP/1.1" 200 39805 "-" "Mozilla/5.0 (Linux; Android 6.0.1; Nexus 5X Build/MMB29P) AppleWebKit/537.36 (KHTML, like Gecko) Chrome/137.0.7151.103 Mobile Safari/537.36 (compatible; Googlebot/2.1; +http://www.google.com/bot.html)"
66.249.73.234 - - [15/Jul/2025:13:39:09 +0000] "GET /?e=10075770011000&mod=8d749ea5&uri=us.php%3Fid%3D336440-506%26name%3Dnfl+team+shoes HTTP/1.1" 200 39940 "-" "Mozilla/5.0 (Linux; Android 6.0.1; Nexus 5X Build/MMB29P) AppleWebKit/537.36 (KHTML, like Gecko) Chrome/137.0.7151.103 Mobile Safari/537.36 (compatible; Googlebot/2.1; +http://www.google.com/bot.html)"
66.249.73.233 - - [15/Jul/2025:13:39:10 +0000] "GET /item/worse32313634/ HTTP/1.1" 200 40033 "-" "Mozilla/5.0 (Linux; Android 6.0.1; Nexus 5X Build/MMB29P) AppleWebKit/537.36 (KHTML, like Gecko) Chrome/137.0.7151.103 Mobile Safari/537.36 (compatible; GoogleOther)"
66.249.73.233 - - [15/Jul/2025:13:39:11 +0000] "GET /?e=10114665011000&mod=18d80423&uri=brands.php%3Fid%3D337737-40%26name%3Dused+kubota+z122r+for+sale HTTP/1.1" 200 39868 "-" "Mozilla/5.0 (Linux; Android 6.0.1; Nexus 5X Build/MMB29P) AppleWebKit/537.36 (KHTML, like Gecko) Chrome/137.0.7151.103 Mobile Safari/537.36 (compatible; Googlebot/2.1; +http://www.google.com/bot.html)"
66.249.73.233 - - [15/Jul/2025:13:39:15 +0000] "GET /?e=10117185071000&mod=18d80423&uri=article.php%3Fid%3D337821-40%26name%3Dcheap+lawn+mowers+argos HTTP/1.1" 200 40005 "-" "Mozilla/5.0 (Linux; Android 6.0.1; Nexus 5X Build/MMB29P) AppleWebKit/537.36 (KHTML, like Gecko) Chrome/137.0.7151.103 Mobile Safari/537.36 (compatible; Googlebot/2.1; +http://www.google.com/bot.html)"
66.249.73.233 - - [15/Jul/2025:13:39:15 +0000] "GET /?e=45758455061000&mod=dc5c768b&uri=pin.php%3Fid%3D1527097-158%26name%3Dhow+to+make+rastaclat HTTP/1.1" 200 39961 "-" "Mozilla/5.0 (Linux; Android 6.0.1; Nexus 5X Build/MMB29P) AppleWebKit/537.36 (KHTML, like Gecko) Chrome/137.0.7151.103 Mobile Safari/537.36 (compatible; Googlebot/2.1; +http://www.google.com/bot.html)"
66.249.73.233 - - [15/Jul/2025:13:39:16 +0000] "GET /?e=10119915001000&mod=18d80423&uri=itm.php%3Fid%3D337912-40%26name%3Droper+garden+tractor HTTP/1.1" 200 39825 "-" "Mozilla/5.0 (Linux; Android 6.0.1; Nexus 5X Build/MMB29P) AppleWebKit/537.36 (KHTML, like Gecko) Chrome/137.0.7151.103 Mobile Safari/537.36 (compatible; Googlebot/2.1; +http://www.google.com/bot.html)"
66.249.73.233 - - [15/Jul/2025:13:39:17 +0000] "GET /item/else12045304/ HTTP/1.1" 200 40379 "-" "Mozilla/5.0 (Linux; Android 6.0.1; Nexus 5X Build/MMB29P) AppleWebKit/537.36 (KHTML, like Gecko) Chrome/137.0.7151.103 Mobile Safari/537.36 (compatible; GoogleOther)"
66.249.73.233 - - [15/Jul/2025:13:39:18 +0000] "GET /?e=10116555011000&mod=18d80423&uri=us.php%3Fid%3D337800-40%26name%3Dkawasaki+lawn+tractor HTTP/1.1" 200 39919 "-" "Mozilla/5.0 (Linux; Android 6.0.1; Nexus 5X Build/MMB29P) AppleWebKit/537.36 (KHTML, like Gecko) Chrome/137.0.7151.103 Mobile Safari/537.36 (compatible; Googlebot/2.1; +http://www.google.com/bot.html)"
66.249.73.234 - - [15/Jul/2025:13:39:20 +0000] "GET /?e=10124955011000&mod=18d80423&uri=dp.php%3Fid%3D338080-40%26name%3Dsnapper+lawn+mower+engine+replacement HTTP/1.1" 200 39871 "-" "Mozilla/5.0 (Linux; Android 6.0.1; Nexus 5X Build/MMB29P) AppleWebKit/537.36 (KHTML, like Gecko) Chrome/137.0.7151.103 Mobile Safari/537.36 (compatible; Googlebot/2.1; +http://www.google.com/bot.html)"
66.249.73.234 - - [15/Jul/2025:13:39:20 +0000] "GET /item/visio51631012/ HTTP/1.1" 200 40027 "-" "Mozilla/5.0 (Linux; Android 6.0.1; Nexus 5X Build/MMB29P) AppleWebKit/537.36 (KHTML, like Gecko) Chrome/137.0.7151.103 Mobile Safari/537.36 (compatible; GoogleOther)"
66.249.73.233 - - [15/Jul/2025:13:39:21 +0000] "GET /?e=10127047061000&mod=18d80423&uri=shop.php%3Fid%3D338150-40%26name%3Dgravely+zt+42+throttle+assembly HTTP/1.1" 200 39914 "-" "Mozilla/5.0 (Linux; Android 6.0.1; Nexus 5X Build/MMB29P) AppleWebKit/537.36 (KHTML, like Gecko) Chrome/137.0.7151.103 Mobile Safari/537.36 (compatible; Googlebot/2.1; +http://www.google.com/bot.html)"
66.249.73.234 - - [15/Jul/2025:13:39:23 +0000] "GET /item/sulph80058711/ HTTP/1.1" 200 40052 "-" "Mozilla/5.0 (Linux; Android 6.0.1; Nexus 5X Build/MMB29P) AppleWebKit/537.36 (KHTML, like Gecko) Chrome/137.0.7151.103 Mobile Safari/537.36 (compatible; GoogleOther)"
66.249.73.233 - - [15/Jul/2025:13:39:30 +0000] "GET /?e=10112145011000&mod=98c56bce&uri=form.php%3Fid%3D337653-509%26name%3Dplastic+dinnerware+in+bulk HTTP/1.1" 200 39813 "-" "Mozilla/5.0 (Linux; Android 6.0.1; Nexus 5X Build/MMB29P) AppleWebKit/537.36 (KHTML, like Gecko) Chrome/137.0.7151.103 Mobile Safari/537.36 (compatible; Googlebot/2.1; +http://www.google.com/bot.html)"
66.249.73.233 - - [15/Jul/2025:13:39:30 +0000] "POST /get-message-notify HTTP/1.1" 200 40119 "https://cyber-secure.com.au/?e=10119915001000&mod=18d80423&uri=itm.php%3Fid%3D337912-40%26name%3Droper+garden+tractor" "Mozilla/5.0 (Linux; Android 6.0.1; Nexus 5X Build/MMB29P) AppleWebKit/537.36 (KHTML, like Gecko) Chrome/137.0.7151.119 Mobile Safari/537.36 (compatible; Googlebot/2.1; +http://www.google.com/bot.html)"
66.249.73.234 - - [15/Jul/2025:13:39:31 +0000] "POST /get-message-notify HTTP/1.1" 200 40058 "https://cyber-secure.com.au/item/wish50000340/" "Mozilla/5.0 (Linux; Android 6.0.1; Nexus 5X Build/MMB29P) AppleWebKit/537.36 (KHTML, like Gecko) Chrome/137.0.7151.119 Mobile Safari/537.36 (compatible; Googlebot/2.1; +http://www.google.com/bot.html)"
66.249.73.234 - - [15/Jul/2025:13:39:32 +0000] "GET /item/grasp61383133/ HTTP/1.1" 200 40180 "-" "Mozilla/5.0 (Linux; Android 6.0.1; Nexus 5X Build/MMB29P) AppleWebKit/537.36 (KHTML, like Gecko) Chrome/137.0.7151.103 Mobile Safari/537.36 (compatible; GoogleOther)"
66.249.73.233 - - [15/Jul/2025:13:39:34 +0000] "GET /?e=10126207021000&mod=18d80423&uri=us.php%3Fid%3D338122-40%26name%3Dmurray+46+deck+belt HTTP/1.1" 200 39903 "-" "Mozilla/5.0 (Linux; Android 6.0.1; Nexus 5X Build/MMB29P) AppleWebKit/537.36 (KHTML, like Gecko) Chrome/137.0.7151.103 Mobile Safari/537.36 (compatible; Googlebot/2.1; +http://www.google.com/bot.html)"
66.249.73.234 - - [15/Jul/2025:13:39:35 +0000] "GET /?e=883570061000&mod=a86c450b&uri=brands.php%3Fid%3D29505-57%26name%3Djaybirdsport+vista HTTP/1.1" 200 39872 "-" "Mozilla/5.0 (Linux; Android 6.0.1; Nexus 5X Build/MMB29P) AppleWebKit/537.36 (KHTML, like Gecko) Chrome/137.0.7151.103 Mobile Safari/537.36 (compatible; Googlebot/2.1; +http://www.google.com/bot.html)"
66.249.73.235 - - [15/Jul/2025:13:39:35 +0000] "GET /item/bet81710823/ HTTP/1.1" 200 40344 "-" "Mozilla/5.0 (Linux; Android 6.0.1; Nexus 5X Build/MMB29P) AppleWebKit/537.36 (KHTML, like Gecko) Chrome/137.0.7151.103 Mobile Safari/537.36 (compatible; GoogleOther)"
66.249.73.235 - - [15/Jul/2025:13:39:36 +0000] "GET /?e=10123485071000&mod=18d80423&uri=pin.php%3Fid%3D338031-40%26name%3Dstihl+petrol+strimmers+for+sale+near+me HTTP/1.1" 200 39917 "-" "Mozilla/5.0 (Linux; Android 6.0.1; Nexus 5X Build/MMB29P) AppleWebKit/537.36 (KHTML, like Gecko) Chrome/137.0.7151.103 Mobile Safari/537.36 (compatible; Googlebot/2.1; +http://www.google.com/bot.html)"
66.249.73.234 - - [15/Jul/2025:13:39:40 +0000] "GET /?e=10113825001000&mod=18d80423&uri=article.php%3Fid%3D337709-40%26name%3Dsuffolk+punch+30+lawn+mower HTTP/1.1" 200 40013 "-" "Mozilla/5.0 (Linux; Android 6.0.1; Nexus 5X Build/MMB29P) AppleWebKit/537.36 (KHTML, like Gecko) Chrome/137.0.7151.103 Mobile Safari/537.36 (compatible; Googlebot/2.1; +http://www.google.com/bot.html)"
66.249.73.235 - - [15/Jul/2025:13:39:43 +0000] "POST /get-message-notify HTTP/1.1" 200 40035 "https://cyber-secure.com.au/?e=10115715031000&mod=18d80423&uri=dp.php%3Fid%3D337772-40%26name%3Dtb200+troy+bilt+mower" "Mozilla/5.0 (Linux; Android 6.0.1; Nexus 5X Build/MMB29P) AppleWebKit/537.36 (KHTML, like Gecko) Chrome/137.0.7151.119 Mobile Safari/537.36 (compatible; Googlebot/2.1; +http://www.google.com/bot.html)"
66.249.73.234 - - [15/Jul/2025:13:39:44 +0000] "GET /item/brazi62389509/ HTTP/1.1" 200 39967 "-" "Mozilla/5.0 (Linux; Android 6.0.1; Nexus 5X Build/MMB29P) AppleWebKit/537.36 (KHTML, like Gecko) Chrome/137.0.7151.103 Mobile Safari/537.36 (compatible; GoogleOther)"
66.249.73.235 - - [15/Jul/2025:13:39:47 +0000] "GET /?e=10038930041000&mod=55a988df&uri=pin.php%3Fid%3D335212-253%26name%3Dlego+duplo+sleeping+beauty HTTP/1.1" 200 40004 "-" "Mozilla/5.0 (Linux; Android 6.0.1; Nexus 5X Build/MMB29P) AppleWebKit/537.36 (KHTML, like Gecko) Chrome/137.0.7151.103 Mobile Safari/537.36 (compatible; Googlebot/2.1; +http://www.google.com/bot.html)"
66.249.73.235 - - [15/Jul/2025:13:39:48 +0000] "GET /?e=10117815081000&mod=18d80423&uri=shop.php%3Fid%3D337842-40%26name%3Dtroy+bilt+100 HTTP/1.1" 200 39945 "-" "Mozilla/5.0 (Linux; Android 6.0.1; Nexus 5X Build/MMB29P) AppleWebKit/537.36 (KHTML, like Gecko) Chrome/137.0.7151.103 Mobile Safari/537.36 (compatible; Googlebot/2.1; +http://www.google.com/bot.html)"
66.249.73.233 - - [15/Jul/2025:13:39:49 +0000] "POST /get-message-notify HTTP/1.1" 200 40073 "https://cyber-secure.com.au/?e=10123485071000&mod=18d80423&uri=pin.php%3Fid%3D338031-40%26name%3Dstihl+petrol+strimmers+for+sale+near+me" "Mozilla/5.0 (Linux; Android 6.0.1; Nexus 5X Build/MMB29P) AppleWebKit/537.36 (KHTML, like Gecko) Chrome/137.0.7151.119 Mobile Safari/537.36 (compatible; Googlebot/2.1; +http://www.google.com/bot.html)"
66.249.73.235 - - [15/Jul/2025:13:39:49 +0000] "POST /get-message-notify HTTP/1.1" 200 40085 "https://cyber-secure.com.au/?e=45758455061000&mod=dc5c768b&uri=pin.php%3Fid%3D1527097-158%26name%3Dhow+to+make+rastaclat" "Mozilla/5.0 (Linux; Android 6.0.1; Nexus 5X Build/MMB29P) AppleWebKit/537.36 (KHTML, like Gecko) Chrome/137.0.7151.119 Mobile Safari/537.36 (compatible; Googlebot/2.1; +http://www.google.com/bot.html)"
66.249.73.233 - - [15/Jul/2025:13:39:50 +0000] "GET /?e=74250157011000&mod=faad9525&uri=news.php%3Fid%3D2477780-503%26name%3Dnike+air+max+97+off+white+release+date HTTP/1.1" 200 39943 "-" "Mozilla/5.0 (Linux; Android 6.0.1; Nexus 5X Build/MMB29P) AppleWebKit/537.36 (KHTML, like Gecko) Chrome/137.0.7151.103 Mobile Safari/537.36 (compatible; Googlebot/2.1; +http://www.google.com/bot.html)"
66.249.73.233 - - [15/Jul/2025:13:39:52 +0000] "POST /get-message-notify HTTP/1.1" 200 40107 "https://cyber-secure.com.au/?e=10127047061000&mod=18d80423&uri=shop.php%3Fid%3D338150-40%26name%3Dgravely+zt+42+throttle+assembly" "Mozilla/5.0 (Linux; Android 6.0.1; Nexus 5X Build/MMB29P) AppleWebKit/537.36 (KHTML, like Gecko) Chrome/137.0.7151.119 Mobile Safari/537.36 (compatible; Googlebot/2.1; +http://www.google.com/bot.html)"
66.249.73.233 - - [15/Jul/2025:13:39:54 +0000] "GET /?e=10125165031000&mod=18d80423&uri=us.php%3Fid%3D338087-40%26name%3Dsnapper+28+inch+riding+mower+bagger HTTP/1.1" 200 39914 "-" "Mozilla/5.0 (Linux; Android 6.0.1; Nexus 5X Build/MMB29P) AppleWebKit/537.36 (KHTML, like Gecko) Chrome/137.0.7151.103 Mobile Safari/537.36 (compatible; Googlebot/2.1; +http://www.google.com/bot.html)"
66.249.73.235 - - [15/Jul/2025:13:39:55 +0000] "GET /?e=10122015031000&mod=18d80423&uri=info.php%3Fid%3D337982-40%26name%3Dtroy+bilt+439cc HTTP/1.1" 200 39974 "-" "Mozilla/5.0 (Linux; Android 6.0.1; Nexus 5X Build/MMB29P) AppleWebKit/537.36 (KHTML, like Gecko) Chrome/137.0.7151.103 Mobile Safari/537.36 (compatible; Googlebot/2.1; +http://www.google.com/bot.html)"
66.249.73.235 - - [15/Jul/2025:13:39:57 +0000] "GET /?e=10115505051000&mod=18d80423&uri=news.php%3Fid%3D337765-40%26name%3Dtroy+bilt+briggs+and+stratton+725ex+190cc HTTP/1.1" 200 40009 "-" "Mozilla/5.0 (Linux; Android 6.0.1; Nexus 5X Build/MMB29P) AppleWebKit/537.36 (KHTML, like Gecko) Chrome/137.0.7151.103 Mobile Safari/537.36 (compatible; Googlebot/2.1; +http://www.google.com/bot.html)"
66.249.73.233 - - [15/Jul/2025:13:39:59 +0000] "GET /item/belt60373469/ HTTP/1.1" 200 40519 "-" "Mozilla/5.0 (Linux; Android 6.0.1; Nexus 5X Build/MMB29P) AppleWebKit/537.36 (KHTML, like Gecko) Chrome/137.0.7151.103 Mobile Safari/537.36 (compatible; GoogleOther)"
66.249.73.236 - - [15/Jul/2025:13:40:00 +0000] "POST /get-message-notify HTTP/1.1" 200 40079 "https://cyber-secure.com.au/?e=10038930041000&mod=55a988df&uri=pin.php%3Fid%3D335212-253%26name%3Dlego+duplo+sleeping+beauty" "Mozilla/5.0 (Linux; Android 6.0.1; Nexus 5X Build/MMB29P) AppleWebKit/537.36 (KHTML, like Gecko) Chrome/137.0.7151.119 Mobile Safari/537.36 (compatible; Googlebot/2.1; +http://www.google.com/bot.html)"
66.249.73.236 - - [15/Jul/2025:13:40:01 +0000] "POST /get-message-notify HTTP/1.1" 200 39973 "https://cyber-secure.com.au/?e=10115505051000&mod=18d80423&uri=news.php%3Fid%3D337765-40%26name%3Dtroy+bilt+briggs+and+stratton+725ex+190cc" "Mozilla/5.0 (Linux; Android 6.0.1; Nexus 5X Build/MMB29P) AppleWebKit/537.36 (KHTML, like Gecko) Chrome/137.0.7151.119 Mobile Safari/537.36 (compatible; Googlebot/2.1; +http://www.google.com/bot.html)"
66.249.73.236 - - [15/Jul/2025:13:40:02 +0000] "GET /item/soar40849923/ HTTP/1.1" 200 40244 "-" "Mozilla/5.0 (Linux; Android 6.0.1; Nexus 5X Build/MMB29P) AppleWebKit/537.36 (KHTML, like Gecko) Chrome/137.0.7151.103 Mobile Safari/537.36 (compatible; GoogleOther)"
66.249.73.235 - - [15/Jul/2025:13:40:05 +0000] "GET /item/metre72275302/ HTTP/1.1" 200 39862 "-" "Mozilla/5.0 (Linux; Android 6.0.1; Nexus 5X Build/MMB29P) AppleWebKit/537.36 (KHTML, like Gecko) Chrome/137.0.7151.103 Mobile Safari/537.36 (compatible; GoogleOther)"
66.249.73.235 - - [15/Jul/2025:13:40:06 +0000] "GET /?e=10118865031000&mod=18d80423&uri=product.php%3Fid%3D337877-40%26name%3Dkawasaki+mower HTTP/1.1" 200 39963 "-" "Mozilla/5.0 (Linux; Android 6.0.1; Nexus 5X Build/MMB29P) AppleWebKit/537.36 (KHTML, like Gecko) Chrome/137.0.7151.103 Mobile Safari/537.36 (compatible; Googlebot/2.1; +http://www.google.com/bot.html)"
66.249.73.234 - - [15/Jul/2025:13:40:08 +0000] "GET /?e=10115085121000&mod=91bc333f&uri=goods.php%3Fid%3D337751-510%26name%3Dikea+grill+pan HTTP/1.1" 200 39952 "-" "Mozilla/5.0 (Linux; Android 6.0.1; Nexus 5X Build/MMB29P) AppleWebKit/537.36 (KHTML, like Gecko) Chrome/137.0.7151.103 Mobile Safari/537.36 (compatible; Googlebot/2.1; +http://www.google.com/bot.html)"
66.249.73.233 - - [15/Jul/2025:13:40:09 +0000] "GET /?e=10115925101000&mod=18d80423&uri=brands.php%3Fid%3D337779-40%26name%3Danderson+lawn+mower+repair HTTP/1.1" 200 39994 "-" "Mozilla/5.0 (Linux; Android 6.0.1; Nexus 5X Build/MMB29P) AppleWebKit/537.36 (KHTML, like Gecko) Chrome/137.0.7151.103 Mobile Safari/537.36 (compatible; Googlebot/2.1; +http://www.google.com/bot.html)"
66.249.73.234 - - [15/Jul/2025:13:40:11 +0000] "GET /?e=10120335061000&mod=18d80423&uri=products.php%3Fid%3D337926-40%26name%3Dsetting+up+robotic+lawn+mower HTTP/1.1" 200 39930 "-" "Mozilla/5.0 (Linux; Android 6.0.1; Nexus 5X Build/MMB29P) AppleWebKit/537.36 (KHTML, like Gecko) Chrome/137.0.7151.103 Mobile Safari/537.36 (compatible; Googlebot/2.1; +http://www.google.com/bot.html)"
66.249.73.233 - - [15/Jul/2025:13:40:12 +0000] "GET /item/does41027827/ HTTP/1.1" 200 40154 "-" "Mozilla/5.0 (Linux; Android 6.0.1; Nexus 5X Build/MMB29P) AppleWebKit/537.36 (KHTML, like Gecko) Chrome/137.0.7151.103 Mobile Safari/537.36 (compatible; GoogleOther)"
66.249.73.233 - - [15/Jul/2025:13:40:15 +0000] "GET /item/bar70163062/ HTTP/1.1" 200 40230 "-" "Mozilla/5.0 (Linux; Android 6.0.1; Nexus 5X Build/MMB29P) AppleWebKit/537.36 (KHTML, like Gecko) Chrome/137.0.7151.103 Mobile Safari/537.36 (compatible; GoogleOther)"
66.249.73.233 - - [15/Jul/2025:13:40:21 +0000] "GET /item/amusi72042270/ HTTP/1.1" 200 40001 "-" "Mozilla/5.0 (Linux; Android 6.0.1; Nexus 5X Build/MMB29P) AppleWebKit/537.36 (KHTML, like Gecko) Chrome/137.0.7151.103 Mobile Safari/537.36 (compatible; GoogleOther)"
66.249.73.233 - - [15/Jul/2025:13:40:23 +0000] "POST /get-message-notify HTTP/1.1" 200 39974 "https://cyber-secure.com.au/item/templ32474626/" "Mozilla/5.0 (Linux; Android 6.0.1; Nexus 5X Build/MMB29P) AppleWebKit/537.36 (KHTML, like Gecko) Chrome/137.0.7151.119 Mobile Safari/537.36 (compatible; Googlebot/2.1; +http://www.google.com/bot.html)"
66.249.73.233 - - [15/Jul/2025:13:40:24 +0000] "GET /?e=10112775101000&mod=18d80423&uri=shared.php%3Fid%3D337674-40%26name%3Dbosch+rotak+43+li+battery HTTP/1.1" 200 40051 "-" "Mozilla/5.0 (Linux; Android 6.0.1; Nexus 5X Build/MMB29P) AppleWebKit/537.36 (KHTML, like Gecko) Chrome/137.0.7151.103 Mobile Safari/537.36 (compatible; Googlebot/2.1; +http://www.google.com/bot.html)"
66.249.73.234 - - [15/Jul/2025:13:40:27 +0000] "GET /item/breed22867089/ HTTP/1.1" 200 40337 "-" "Mozilla/5.0 (Linux; Android 6.0.1; Nexus 5X Build/MMB29P) AppleWebKit/537.36 (KHTML, like Gecko) Chrome/137.0.7151.103 Mobile Safari/537.36 (compatible; GoogleOther)"
