66.249.73.233 - - [15/Jul/2025:13:21:00 +0000] "POST /get-message-notify HTTP/1.1" 200 40056 "https://cyber-secure.com.au/?e=28273134041000&mod=f2617d00&uri=form.php%3Fid%3D943632-937%26name%3Dveste+fila+moumoute" "Mozilla/5.0 (Linux; Android 6.0.1; Nexus 5X Build/MMB29P) AppleWebKit/537.36 (KHTML, like Gecko) Chrome/137.0.7151.119 Mobile Safari/537.36 (compatible; Googlebot/2.1; +http://www.google.com/bot.html)"
66.249.73.235 - - [15/Jul/2025:13:21:02 +0000] "POST /get-message-notify HTTP/1.1" 200 40010 "https://cyber-secure.com.au/?e=19719120041000&mod=f7cade80&uri=shared.php%3Fid%3D658249-121%26name%3Despace+des+marques+lacoste" "Mozilla/5.0 (Linux; Android 6.0.1; Nexus 5X Build/MMB29P) AppleWebKit/537.36 (KHTML, like Gecko) Chrome/137.0.7151.119 Mobile Safari/537.36 (compatible; Googlebot/2.1; +http://www.google.com/bot.html)"
66.249.73.233 - - [15/Jul/2025:13:21:03 +0000] "GET /?e=28236607061000&mod=c61f571d&uri=info.php%3Fid%3D942414-288%26name%3Dschwarzkopf+hair+smoothening+reviews HTTP/1.1" 200 40150 "-" "Mozilla/5.0 (Linux; Android 6.0.1; Nexus 5X Build/MMB29P) AppleWebKit/537.36 (KHTML, like Gecko) Chrome/137.0.7151.103 Mobile Safari/537.36 (compatible; Googlebot/2.1; +http://www.google.com/bot.html)"
66.249.73.234 - - [15/Jul/2025:13:21:08 +0000] "GET /?e=28309597021000&mod=a8abb4bb&uri=shop.php%3Fid%3D944850-44%26name%3Dwei%C3%83%C2%9Fe+sneaker+zu+anzug HTTP/1.1" 200 39895 "-" "Mozilla/5.0 (Linux; Android 6.0.1; Nexus 5X Build/MMB29P) AppleWebKit/537.36 (KHTML, like Gecko) Chrome/137.0.7151.103 Mobile Safari/537.36 (compatible; Googlebot/2.1; +http://www.google.com/bot.html)"
66.249.73.234 - - [15/Jul/2025:13:21:08 +0000] "POST /get-message-notify HTTP/1.1" 200 40006 "https://cyber-secure.com.au/item/analy42930107/" "Mozilla/5.0 (Linux; Android 6.0.1; Nexus 5X Build/MMB29P) AppleWebKit/537.36 (KHTML, like Gecko) Chrome/137.0.7151.119 Mobile Safari/537.36 (compatible; Googlebot/2.1; +http://www.google.com/bot.html)"
66.249.73.233 - - [15/Jul/2025:13:21:09 +0000] "GET /?e=28357826031000&mod=c0fda89e&uri=products.php%3Fid%3D946461-931%26name%3Dnmd+lush+red+black HTTP/1.1" 200 39891 "-" "Mozilla/5.0 (Linux; Android 6.0.1; Nexus 5X Build/MMB29P) AppleWebKit/537.36 (KHTML, like Gecko) Chrome/137.0.7151.103 Mobile Safari/537.36 (compatible; Googlebot/2.1; +http://www.google.com/bot.html)"
66.249.73.234 - - [15/Jul/2025:13:21:10 +0000] "POST /get-message-notify HTTP/1.1" 200 40031 "https://cyber-secure.com.au/item/promp50382196/" "Mozilla/5.0 (Linux; Android 6.0.1; Nexus 5X Build/MMB29P) AppleWebKit/537.36 (KHTML, like Gecko) Chrome/137.0.7151.119 Mobile Safari/537.36 (compatible; Googlebot/2.1; +http://www.google.com/bot.html)"
66.249.73.233 - - [15/Jul/2025:13:21:13 +0000] "GET /?e=28321716131000&mod=a8abb4bb&uri=blog.php%3Fid%3D945256-44%26name%3Dadidas+skate+schuhe+damen HTTP/1.1" 200 39866 "-" "Mozilla/5.0 (Linux; Android 6.0.1; Nexus 5X Build/MMB29P) AppleWebKit/537.36 (KHTML, like Gecko) Chrome/137.0.7151.103 Mobile Safari/537.36 (compatible; Googlebot/2.1; +http://www.google.com/bot.html)"
66.249.73.233 - - [15/Jul/2025:13:21:15 +0000] "GET /?e=28346289081000&mod=9271905e&uri=form.php%3Fid%3D946076-939%26name%3Dplanchita+de+pelo+marca+nova+caracteristicas HTTP/1.1" 200 40010 "-" "Mozilla/5.0 (Linux; Android 6.0.1; Nexus 5X Build/MMB29P) AppleWebKit/537.36 (KHTML, like Gecko) Chrome/137.0.7151.103 Mobile Safari/537.36 (compatible; Googlebot/2.1; +http://www.google.com/bot.html)"
66.249.73.233 - - [15/Jul/2025:13:21:16 +0000] "POST /get-message-notify HTTP/1.1" 200 39938 "https://cyber-secure.com.au/?e=28357826031000&mod=c0fda89e&uri=products.php%3Fid%3D946461-931%26name%3Dnmd+lush+red+black" "Mozilla/5.0 (Linux; Android 6.0.1; Nexus 5X Build/MMB29P) AppleWebKit/537.36 (KHTML, like Gecko) Chrome/137.0.7151.119 Mobile Safari/537.36 (compatible; Googlebot/2.1; +http://www.google.com/bot.html)"
66.249.73.233 - - [15/Jul/2025:13:21:16 +0000] "GET /?e=28348809021000&mod=9271905e&uri=pin.php%3Fid%3D946160-939%26name%3Djuguetes+para+ni%C3%83%C2%B1a+de+a+a%C3%83%C2%B1os HTTP/1.1" 200 39974 "-" "Mozilla/5.0 (Linux; Android 6.0.1; Nexus 5X Build/MMB29P) AppleWebKit/537.36 (KHTML, like Gecko) Chrome/137.0.7151.103 Mobile Safari/537.36 (compatible; Googlebot/2.1; +http://www.google.com/bot.html)"
66.249.73.233 - - [15/Jul/2025:13:21:18 +0000] "POST /get-message-notify HTTP/1.1" 200 39986 "https://cyber-secure.com.au/?e=28351749001000&mod=9271905e&uri=article.php%3Fid%3D946258-939%26name%3Dtractor+juguete+electrico" "Mozilla/5.0 (Linux; Android 6.0.1; Nexus 5X Build/MMB29P) AppleWebKit/537.36 (KHTML, like Gecko) Chrome/137.0.7151.119 Mobile Safari/537.36 (compatible; Googlebot/2.1; +http://www.google.com/bot.html)"
66.249.73.234 - - [15/Jul/2025:13:21:18 +0000] "GET /?e=28359086001000&mod=9271905e&uri=us.php%3Fid%3D946503-939%26name%3Dcasitas+de+lol+para+ni%C3%83%C2%B1as HTTP/1.1" 200 39925 "-" "Mozilla/5.0 (Linux; Android 6.0.1; Nexus 5X Build/MMB29P) AppleWebKit/537.36 (KHTML, like Gecko) Chrome/137.0.7151.103 Mobile Safari/537.36 (compatible; Googlebot/2.1; +http://www.google.com/bot.html)"
66.249.73.233 - - [15/Jul/2025:13:21:20 +0000] "POST /get-message-notify HTTP/1.1" 200 40010 "https://cyber-secure.com.au/?e=28236607061000&mod=c61f571d&uri=info.php%3Fid%3D942414-288%26name%3Dschwarzkopf+hair+smoothening+reviews" "Mozilla/5.0 (Linux; Android 6.0.1; Nexus 5X Build/MMB29P) AppleWebKit/537.36 (KHTML, like Gecko) Chrome/137.0.7151.119 Mobile Safari/537.36 (compatible; Googlebot/2.1; +http://www.google.com/bot.html)"
66.249.73.233 - - [15/Jul/2025:13:21:22 +0000] "GET /?e=23517833011000&mod=f6185f0e&uri=category-info.php%3Fid%3D784972-269%26name%3Dolympus+ep HTTP/1.1" 200 40011 "-" "Mozilla/5.0 (Linux; Android 6.0.1; Nexus 5X Build/MMB29P) AppleWebKit/537.36 (KHTML, like Gecko) Chrome/137.0.7151.103 Mobile Safari/537.36 (compatible; Googlebot/2.1; +http://www.google.com/bot.html)"
66.249.73.233 - - [15/Jul/2025:13:21:23 +0000] "GET /?e=28236607051000&mod=c61f571d&uri=goods.php%3Fid%3D942414-288%26name%3Dschwarzkopf+hair+smoothening+reviews HTTP/1.1" 200 39953 "-" "Mozilla/5.0 (Linux; Android 6.0.1; Nexus 5X Build/MMB29P) AppleWebKit/537.36 (KHTML, like Gecko) Chrome/137.0.7151.103 Mobile Safari/537.36 (compatible; Googlebot/2.1; +http://www.google.com/bot.html)"
66.249.73.233 - - [15/Jul/2025:13:21:24 +0000] "GET /?e=28349019031000&mod=9271905e&uri=blog.php%3Fid%3D946167-939%26name%3Dlos+peluches+de+five+nights+at+freddy%27s HTTP/1.1" 200 39966 "-" "Mozilla/5.0 (Linux; Android 6.0.1; Nexus 5X Build/MMB29P) AppleWebKit/537.36 (KHTML, like Gecko) Chrome/137.0.7151.103 Mobile Safari/537.36 (compatible; Googlebot/2.1; +http://www.google.com/bot.html)"
66.249.73.233 - - [15/Jul/2025:13:21:25 +0000] "POST /get-message-notify HTTP/1.1" 200 40051 "https://cyber-secure.com.au/?e=23517833011000&mod=f6185f0e&uri=category-info.php%3Fid%3D784972-269%26name%3Dolympus+ep" "Mozilla/5.0 (Linux; Android 6.0.1; Nexus 5X Build/MMB29P) AppleWebKit/537.36 (KHTML, like Gecko) Chrome/137.0.7151.119 Mobile Safari/537.36 (compatible; Googlebot/2.1; +http://www.google.com/bot.html)"
66.249.73.233 - - [15/Jul/2025:13:21:26 +0000] "GET /?e=28361396021000&mod=9271905e&uri=product.php%3Fid%3D946580-939%26name%3Dmario+kart+radio+control+carrera+rc HTTP/1.1" 200 40025 "-" "Mozilla/5.0 (Linux; Android 6.0.1; Nexus 5X Build/MMB29P) AppleWebKit/537.36 (KHTML, like Gecko) Chrome/137.0.7151.103 Mobile Safari/537.36 (compatible; Googlebot/2.1; +http://www.google.com/bot.html)"
66.249.73.233 - - [15/Jul/2025:13:21:29 +0000] "GET /?e=28248774021000&mod=96a0cc2f&uri=dp.php%3Fid%3D942820-938%26name%3Dporte+velo+plateforme+feu+vert HTTP/1.1" 200 40022 "-" "Mozilla/5.0 (Linux; Android 6.0.1; Nexus 5X Build/MMB29P) AppleWebKit/537.36 (KHTML, like Gecko) Chrome/137.0.7151.103 Mobile Safari/537.36 (compatible; Googlebot/2.1; +http://www.google.com/bot.html)"
66.249.73.233 - - [15/Jul/2025:13:21:32 +0000] "GET /?e=28360556041000&mod=9271905e&uri=shared.php%3Fid%3D946552-939%26name%3Dmoto+vespa+de+juguete+a+bater%C3%83%C2%ADa HTTP/1.1" 200 39896 "-" "Mozilla/5.0 (Linux; Android 6.0.1; Nexus 5X Build/MMB29P) AppleWebKit/537.36 (KHTML, like Gecko) Chrome/137.0.7151.103 Mobile Safari/537.36 (compatible; Googlebot/2.1; +http://www.google.com/bot.html)"
66.249.73.233 - - [15/Jul/2025:13:21:33 +0000] "GET /item/signa50137828/ HTTP/1.1" 200 40118 "-" "Mozilla/5.0 (Linux; Android 6.0.1; Nexus 5X Build/MMB29P) AppleWebKit/537.36 (KHTML, like Gecko) Chrome/137.0.7151.103 Mobile Safari/537.36 (compatible; GoogleOther)"
66.249.73.233 - - [15/Jul/2025:13:21:40 +0000] "GET /?e=28348389001000&mod=9271905e&uri=us.php%3Fid%3D946146-939%26name%3Dcarro+control+remoto+90s HTTP/1.1" 200 39950 "-" "Mozilla/5.0 (Linux; Android 6.0.1; Nexus 5X Build/MMB29P) AppleWebKit/537.36 (KHTML, like Gecko) Chrome/137.0.7151.103 Mobile Safari/537.36 (compatible; Googlebot/2.1; +http://www.google.com/bot.html)"
66.249.73.235 - - [15/Jul/2025:13:21:44 +0000] "GET /?e=119689003041000&mod=74249bfb&uri=itm.php%3Fid%3D3994387-484%26name%3Dhigh+waisted+dalmatian+bikini HTTP/1.1" 200 40024 "-" "Mozilla/5.0 (Linux; Android 6.0.1; Nexus 5X Build/MMB29P) AppleWebKit/537.36 (KHTML, like Gecko) Chrome/137.0.7151.103 Mobile Safari/537.36 (compatible; Googlebot/2.1; +http://www.google.com/bot.html)"
66.249.73.233 - - [15/Jul/2025:13:21:54 +0000] "GET /?e=28356776131000&mod=9271905e&uri=category-info.php%3Fid%3D946426-939%26name%3Dlego+ofertas+y+promociones HTTP/1.1" 200 39852 "-" "Mozilla/5.0 (Linux; Android 6.0.1; Nexus 5X Build/MMB29P) AppleWebKit/537.36 (KHTML, like Gecko) Chrome/137.0.7151.103 Mobile Safari/537.36 (compatible; Googlebot/2.1; +http://www.google.com/bot.html)"
66.249.73.234 - - [15/Jul/2025:13:21:56 +0000] "GET /?e=28360346031000&mod=9271905e&uri=product.php%3Fid%3D946545-939%26name%3Dlittle+live+pets+famosa HTTP/1.1" 200 40023 "-" "Mozilla/5.0 (Linux; Android 6.0.1; Nexus 5X Build/MMB29P) AppleWebKit/537.36 (KHTML, like Gecko) Chrome/137.0.7151.103 Mobile Safari/537.36 (compatible; Googlebot/2.1; +http://www.google.com/bot.html)"
66.249.73.234 - - [15/Jul/2025:13:21:57 +0000] "GET /?e=28358876081000&mod=9271905e&uri=search.php%3Fid%3D946496-939%26name%3Dcasas+de+mu%C3%83%C2%B1ecas+armables HTTP/1.1" 200 40034 "-" "Mozilla/5.0 (Linux; Android 6.0.1; Nexus 5X Build/MMB29P) AppleWebKit/537.36 (KHTML, like Gecko) Chrome/137.0.7151.103 Mobile Safari/537.36 (compatible; Googlebot/2.1; +http://www.google.com/bot.html)"
66.249.73.234 - - [15/Jul/2025:13:21:58 +0000] "POST /get-message-notify HTTP/1.1" 200 40026 "https://cyber-secure.com.au/?e=28349019031000&mod=9271905e&uri=blog.php%3Fid%3D946167-939%26name%3Dlos+peluches+de+five+nights+at+freddy%27s" "Mozilla/5.0 (Linux; Android 6.0.1; Nexus 5X Build/MMB29P) AppleWebKit/537.36 (KHTML, like Gecko) Chrome/137.0.7151.119 Mobile Safari/537.36 (compatible; Googlebot/2.1; +http://www.google.com/bot.html)"
66.249.73.235 - - [15/Jul/2025:13:21:59 +0000] "GET /?e=28352366011000&mod=9271905e&uri=shop.php%3Fid%3D946279-939%26name%3Dprecio+de+lego+super+mario+bros HTTP/1.1" 200 39868 "-" "Mozilla/5.0 (Linux; Android 6.0.1; Nexus 5X Build/MMB29P) AppleWebKit/537.36 (KHTML, like Gecko) Chrome/137.0.7151.103 Mobile Safari/537.36 (compatible; Googlebot/2.1; +http://www.google.com/bot.html)"
66.249.73.234 - - [15/Jul/2025:13:22:00 +0000] "GET /?e=28348179011000&mod=9271905e&uri=product.php%3Fid%3D946139-939%26name%3Dpeluche+de+bonnie+de+five+nights+at+freddy%27s HTTP/1.1" 200 39902 "-" "Mozilla/5.0 (Linux; Android 6.0.1; Nexus 5X Build/MMB29P) AppleWebKit/537.36 (KHTML, like Gecko) Chrome/137.0.7151.103 Mobile Safari/537.36 (compatible; Googlebot/2.1; +http://www.google.com/bot.html)"
66.249.73.233 - - [15/Jul/2025:13:22:04 +0000] "GET /?e=28358456001000&mod=9271905e&uri=goods.php%3Fid%3D946482-939%26name%3Ddinosaurios+mattel+jurassic+world HTTP/1.1" 200 39937 "-" "Mozilla/5.0 (Linux; Android 6.0.1; Nexus 5X Build/MMB29P) AppleWebKit/537.36 (KHTML, like Gecko) Chrome/137.0.7151.103 Mobile Safari/537.36 (compatible; Googlebot/2.1; +http://www.google.com/bot.html)"
66.249.73.233 - - [15/Jul/2025:13:22:06 +0000] "GET /?e=28358666011000&mod=9271905e&uri=category-info.php%3Fid%3D946489-939%26name%3Dplanchas+hair+styler HTTP/1.1" 200 39895 "-" "Mozilla/5.0 (Linux; Android 6.0.1; Nexus 5X Build/MMB29P) AppleWebKit/537.36 (KHTML, like Gecko) Chrome/137.0.7151.103 Mobile Safari/537.36 (compatible; Googlebot/2.1; +http://www.google.com/bot.html)"
66.249.73.234 - - [15/Jul/2025:13:22:07 +0000] "GET /?e=28355096021000&mod=9271905e&uri=brands.php%3Fid%3D946370-939%26name%3Dcaravana+pinypon+juguettos HTTP/1.1" 200 39875 "-" "Mozilla/5.0 (Linux; Android 6.0.1; Nexus 5X Build/MMB29P) AppleWebKit/537.36 (KHTML, like Gecko) Chrome/137.0.7151.103 Mobile Safari/537.36 (compatible; Googlebot/2.1; +http://www.google.com/bot.html)"
66.249.73.233 - - [15/Jul/2025:13:22:08 +0000] "POST /get-message-notify HTTP/1.1" 200 40027 "https://cyber-secure.com.au/?e=85886209031000&mod=3fa14621&uri=search.php%3Fid%3D2866158-394%26name%3Dvegan+meat+kabobs" "Mozilla/5.0 (Linux; Android 6.0.1; Nexus 5X Build/MMB29P) AppleWebKit/537.36 (KHTML, like Gecko) Chrome/137.0.7151.119 Mobile Safari/537.36 (compatible; Googlebot/2.1; +http://www.google.com/bot.html)"
66.249.73.233 - - [15/Jul/2025:13:22:09 +0000] "GET /?e=28351329061000&mod=9271905e&uri=shared.php%3Fid%3D946244-939%26name%3Dfiat+500+barbie+precio HTTP/1.1" 200 39923 "-" "Mozilla/5.0 (Linux; Android 6.0.1; Nexus 5X Build/MMB29P) AppleWebKit/537.36 (KHTML, like Gecko) Chrome/137.0.7151.103 Mobile Safari/537.36 (compatible; Googlebot/2.1; +http://www.google.com/bot.html)"
66.249.73.233 - - [15/Jul/2025:13:22:12 +0000] "GET /?e=28353416011000&mod=9271905e&uri=pin.php%3Fid%3D946314-939%26name%3Dsamsung+s20+plus+carga+inalambrica HTTP/1.1" 200 40035 "-" "Mozilla/5.0 (Linux; Android 6.0.1; Nexus 5X Build/MMB29P) AppleWebKit/537.36 (KHTML, like Gecko) Chrome/137.0.7151.103 Mobile Safari/537.36 (compatible; Googlebot/2.1; +http://www.google.com/bot.html)"
66.249.73.233 - - [15/Jul/2025:13:22:15 +0000] "POST /get-message-notify HTTP/1.1" 200 39971 "https://cyber-secure.com.au/?e=28353416011000&mod=9271905e&uri=pin.php%3Fid%3D946314-939%26name%3Dsamsung+s20+plus+carga+inalambrica" "Mozilla/5.0 (Linux; Android 6.0.1; Nexus 5X Build/MMB29P) AppleWebKit/537.36 (KHTML, like Gecko) Chrome/137.0.7151.119 Mobile Safari/537.36 (compatible; Googlebot/2.1; +http://www.google.com/bot.html)"
66.249.73.233 - - [15/Jul/2025:13:22:15 +0000] "GET /?e=28347759071000&mod=9271905e&uri=news.php%3Fid%3D946125-939%26name%3Djuguetes+para+ni%C3%83%C2%B1as+a+a%C3%83%C2%B1os HTTP/1.1" 200 39931 "-" "Mozilla/5.0 (Linux; Android 6.0.1; Nexus 5X Build/MMB29P) AppleWebKit/537.36 (KHTML, like Gecko) Chrome/137.0.7151.103 Mobile Safari/537.36 (compatible; Googlebot/2.1; +http://www.google.com/bot.html)"
66.249.73.233 - - [15/Jul/2025:13:22:19 +0000] "GET /?e=28354046011000&mod=9271905e&uri=news.php%3Fid%3D946335-939%26name%3Dcarros+de+control+remoto+toy+story HTTP/1.1" 200 39990 "-" "Mozilla/5.0 (Linux; Android 6.0.1; Nexus 5X Build/MMB29P) AppleWebKit/537.36 (KHTML, like Gecko) Chrome/137.0.7151.103 Mobile Safari/537.36 (compatible; Googlebot/2.1; +http://www.google.com/bot.html)"
66.249.73.233 - - [15/Jul/2025:13:22:21 +0000] "POST /get-message-notify HTTP/1.1" 200 40123 "https://cyber-secure.com.au/item/loyal12822152/" "Mozilla/5.0 (Linux; Android 6.0.1; Nexus 5X Build/MMB29P) AppleWebKit/537.36 (KHTML, like Gecko) Chrome/137.0.7151.119 Mobile Safari/537.36 (compatible; Googlebot/2.1; +http://www.google.com/bot.html)"
66.249.73.233 - - [15/Jul/2025:13:22:22 +0000] "POST /get-message-notify HTTP/1.1" 200 40059 "https://cyber-secure.com.au/item/spill62435069/" "Mozilla/5.0 (Linux; Android 6.0.1; Nexus 5X Build/MMB29P) AppleWebKit/537.36 (KHTML, like Gecko) Chrome/137.0.7151.119 Mobile Safari/537.36 (compatible; Googlebot/2.1; +http://www.google.com/bot.html)"
66.249.73.233 - - [15/Jul/2025:13:22:24 +0000] "GET /?e=28351959021000&mod=9271905e&uri=shared.php%3Fid%3D946265-939%26name%3Dcarro+control+remoto+de+batman HTTP/1.1" 200 39896 "-" "Mozilla/5.0 (Linux; Android 6.0.1; Nexus 5X Build/MMB29P) AppleWebKit/537.36 (KHTML, like Gecko) Chrome/137.0.7151.103 Mobile Safari/537.36 (compatible; Googlebot/2.1; +http://www.google.com/bot.html)"
66.249.73.234 - - [15/Jul/2025:13:22:26 +0000] "GET /?e=78175552031000&mod=c61f571d&uri=products.php%3Fid%3D2608806-288%26name%3Dsmall+flat+irons+for+hair HTTP/1.1" 200 39913 "-" "Mozilla/5.0 (Linux; Android 6.0.1; Nexus 5X Build/MMB29P) AppleWebKit/537.36 (KHTML, like Gecko) Chrome/137.0.7151.103 Mobile Safari/537.36 (compatible; Googlebot/2.1; +http://www.google.com/bot.html)"
66.249.73.234 - - [15/Jul/2025:13:22:28 +0000] "GET /?e=28350699051000&mod=9271905e&uri=info.php%3Fid%3D946223-939%26name%3Djugueterias+en+once+mayorista+y+minorista HTTP/1.1" 200 39935 "-" "Mozilla/5.0 (Linux; Android 6.0.1; Nexus 5X Build/MMB29P) AppleWebKit/537.36 (KHTML, like Gecko) Chrome/137.0.7151.103 Mobile Safari/537.36 (compatible; Googlebot/2.1; +http://www.google.com/bot.html)"
66.249.73.234 - - [15/Jul/2025:13:22:34 +0000] "GET /?e=28260954021000&mod=96a0cc2f&uri=form.php%3Fid%3D943226-938%26name%3Dvtt+electrique+fat HTTP/1.1" 200 39919 "-" "Mozilla/5.0 (Linux; Android 6.0.1; Nexus 5X Build/MMB29P) AppleWebKit/537.36 (KHTML, like Gecko) Chrome/137.0.7151.103 Mobile Safari/537.36 (compatible; Googlebot/2.1; +http://www.google.com/bot.html)"
66.249.73.234 - - [15/Jul/2025:13:22:35 +0000] "GET /?e=28349439081000&mod=9271905e&uri=itm.php%3Fid%3D946181-939%26name%3Dmu%C3%83%C2%B1ecos+de+five+nights+at+freddy%27s+sister+location HTTP/1.1" 200 39831 "-" "Mozilla/5.0 (Linux; Android 6.0.1; Nexus 5X Build/MMB29P) AppleWebKit/537.36 (KHTML, like Gecko) Chrome/137.0.7151.103 Mobile Safari/537.36 (compatible; Googlebot/2.1; +http://www.google.com/bot.html)"
66.249.73.234 - - [15/Jul/2025:13:22:37 +0000] "POST /get-message-notify HTTP/1.1" 200 40103 "https://cyber-secure.com.au/?e=28354046011000&mod=9271905e&uri=news.php%3Fid%3D946335-939%26name%3Dcarros+de+control+remoto+toy+story" "Mozilla/5.0 (Linux; Android 6.0.1; Nexus 5X Build/MMB29P) AppleWebKit/537.36 (KHTML, like Gecko) Chrome/137.0.7151.119 Mobile Safari/537.36 (compatible; Googlebot/2.1; +http://www.google.com/bot.html)"
66.249.73.234 - - [15/Jul/2025:13:22:46 +0000] "GET /?e=28333880041000&mod=9271905e&uri=goods.php%3Fid%3D945662-939%26name%3Dalisadora+gama+elegance+keration HTTP/1.1" 200 39951 "-" "Mozilla/5.0 (Linux; Android 6.0.1; Nexus 5X Build/MMB29P) AppleWebKit/537.36 (KHTML, like Gecko) Chrome/137.0.7151.103 Mobile Safari/537.36 (compatible; Googlebot/2.1; +http://www.google.com/bot.html)"
66.249.73.234 - - [15/Jul/2025:13:22:48 +0000] "GET /?e=28362446021000&mod=6738fc33&uri=products.php%3Fid%3D946615-940%26name%3Dinterview+coat+suit HTTP/1.1" 200 39922 "-" "Mozilla/5.0 (Linux; Android 6.0.1; Nexus 5X Build/MMB29P) AppleWebKit/537.36 (KHTML, like Gecko) Chrome/137.0.7151.103 Mobile Safari/537.36 (compatible; Googlebot/2.1; +http://www.google.com/bot.html)"
66.249.73.234 - - [15/Jul/2025:13:22:50 +0000] "GET /?e=28347339131000&mod=9271905e&uri=products.php%3Fid%3D946111-939%26name%3Dlos+tractores+para+ni%C3%83%C2%B1os HTTP/1.1" 200 39980 "-" "Mozilla/5.0 (Linux; Android 6.0.1; Nexus 5X Build/MMB29P) AppleWebKit/537.36 (KHTML, like Gecko) Chrome/137.0.7151.103 Mobile Safari/537.36 (compatible; Googlebot/2.1; +http://www.google.com/bot.html)"
66.249.73.234 - - [15/Jul/2025:13:22:54 +0000] "GET /?e=89642075011000&mod=4ffce04d&uri=dp.php%3Fid%3D2991491-64%26name%3Dfb+vr+glasses HTTP/1.1" 200 39944 "-" "Mozilla/5.0 (Linux; Android 6.0.1; Nexus 5X Build/MMB29P) AppleWebKit/537.36 (KHTML, like Gecko) Chrome/137.0.7151.103 Mobile Safari/537.36 (compatible; Googlebot/2.1; +http://www.google.com/bot.html)"
66.249.73.235 - - [15/Jul/2025:13:22:56 +0000] "GET /?e=89562865041000&mod=01e00f2f&uri=news.php%3Fid%3D2988848-170%26name%3Dmilitary+fatigue+pants HTTP/1.1" 200 39918 "-" "Mozilla/5.0 (Linux; Android 6.0.1; Nexus 5X Build/MMB29P) AppleWebKit/537.36 (KHTML, like Gecko) Chrome/137.0.7151.103 Mobile Safari/537.36 (compatible; Googlebot/2.1; +http://www.google.com/bot.html)"
66.249.73.234 - - [15/Jul/2025:13:22:59 +0000] "POST /get-message-notify HTTP/1.1" 200 40029 "https://cyber-secure.com.au/item/cryst81791431/" "Mozilla/5.0 (Linux; Android 6.0.1; Nexus 5X Build/MMB29P) AppleWebKit/537.36 (KHTML, like Gecko) Chrome/137.0.7151.119 Mobile Safari/537.36 (compatible; Googlebot/2.1; +http://www.google.com/bot.html)"
66.249.73.234 - - [15/Jul/2025:13:23:00 +0000] "GET /?e=89639555051000&mod=4ffce04d&uri=goods.php%3Fid%3D2991407-64%26name%3Donward+on+oculus+quest HTTP/1.1" 200 40056 "-" "Mozilla/5.0 (Linux; Android 6.0.1; Nexus 5X Build/MMB29P) AppleWebKit/537.36 (KHTML, like Gecko) Chrome/137.0.7151.103 Mobile Safari/537.36 (compatible; Googlebot/2.1; +http://www.google.com/bot.html)"
66.249.73.234 - - [15/Jul/2025:13:23:01 +0000] "GET /?e=89643335131000&mod=4ffce04d&uri=product.php%3Fid%3D2991533-64%26name%3Dvr+oculus+cena HTTP/1.1" 200 39880 "-" "Mozilla/5.0 (Linux; Android 6.0.1; Nexus 5X Build/MMB29P) AppleWebKit/537.36 (KHTML, like Gecko) Chrome/137.0.7151.103 Mobile Safari/537.36 (compatible; Googlebot/2.1; +http://www.google.com/bot.html)"
66.249.73.233 - - [15/Jul/2025:13:23:03 +0000] "GET /?e=89637045031000&mod=54ff9e9e&uri=products.php%3Fid%3D2991323-208%26name%3Dfujifilm+x+mount+telephoto+lens HTTP/1.1" 200 39964 "-" "Mozilla/5.0 (Linux; Android 6.0.1; Nexus 5X Build/MMB29P) AppleWebKit/537.36 (KHTML, like Gecko) Chrome/137.0.7151.103 Mobile Safari/537.36 (compatible; Googlebot/2.1; +http://www.google.com/bot.html)"
66.249.73.233 - - [15/Jul/2025:13:23:04 +0000] "POST /get-message-notify HTTP/1.1" 200 40020 "https://cyber-secure.com.au/?e=89643335131000&mod=4ffce04d&uri=product.php%3Fid%3D2991533-64%26name%3Dvr+oculus+cena" "Mozilla/5.0 (Linux; Android 6.0.1; Nexus 5X Build/MMB29P) AppleWebKit/537.36 (KHTML, like Gecko) Chrome/137.0.7151.119 Mobile Safari/537.36 (compatible; Googlebot/2.1; +http://www.google.com/bot.html)"
66.249.73.233 - - [15/Jul/2025:13:23:10 +0000] "GET /?e=89633820011000&mod=4ffce04d&uri=category-info.php%3Fid%3D2991215-64%26name%3Dvalve+index+with+headphones HTTP/1.1" 200 39962 "-" "Mozilla/5.0 (Linux; Android 6.0.1; Nexus 5X Build/MMB29P) AppleWebKit/537.36 (KHTML, like Gecko) Chrome/137.0.7151.103 Mobile Safari/537.36 (compatible; Googlebot/2.1; +http://www.google.com/bot.html)"
66.249.73.233 - - [15/Jul/2025:13:23:12 +0000] "GET /?e=89632920001000&mod=4ffce04d&uri=blog.php%3Fid%3D2991185-64%26name%3Dvr+simulator+for+sale HTTP/1.1" 200 39949 "-" "Mozilla/5.0 (Linux; Android 6.0.1; Nexus 5X Build/MMB29P) AppleWebKit/537.36 (KHTML, like Gecko) Chrome/137.0.7151.103 Mobile Safari/537.36 (compatible; Googlebot/2.1; +http://www.google.com/bot.html)"
66.249.73.233 - - [15/Jul/2025:13:23:13 +0000] "GET /?e=89635425041000&mod=4ffce04d&uri=article.php%3Fid%3D2991269-64%26name%3Dquest+link+mac HTTP/1.1" 200 39887 "-" "Mozilla/5.0 (Linux; Android 6.0.1; Nexus 5X Build/MMB29P) AppleWebKit/537.36 (KHTML, like Gecko) Chrome/137.0.7151.103 Mobile Safari/537.36 (compatible; Googlebot/2.1; +http://www.google.com/bot.html)"
66.249.73.233 - - [15/Jul/2025:13:23:18 +0000] "GET /?e=89632740041000&mod=54ff9e9e&uri=brands.php%3Fid%3D2991179-208%26name%3Dcanon+mirrorless+lens+price HTTP/1.1" 200 39854 "-" "Mozilla/5.0 (Linux; Android 6.0.1; Nexus 5X Build/MMB29P) AppleWebKit/537.36 (KHTML, like Gecko) Chrome/137.0.7151.103 Mobile Safari/537.36 (compatible; Googlebot/2.1; +http://www.google.com/bot.html)"
66.249.73.233 - - [15/Jul/2025:13:23:19 +0000] "GET /?e=89637585011000&mod=4ffce04d&uri=product.php%3Fid%3D2991341-64%26name%3Dvr+panda+quest HTTP/1.1" 200 39969 "-" "Mozilla/5.0 (Linux; Android 6.0.1; Nexus 5X Build/MMB29P) AppleWebKit/537.36 (KHTML, like Gecko) Chrome/137.0.7151.103 Mobile Safari/537.36 (compatible; Googlebot/2.1; +http://www.google.com/bot.html)"
66.249.73.233 - - [15/Jul/2025:13:23:21 +0000] "GET /?e=89633100051000&mod=4ffce04d&uri=search.php%3Fid%3D2991191-64%26name%3Dintempo+vr+headset+review HTTP/1.1" 200 39861 "-" "Mozilla/5.0 (Linux; Android 6.0.1; Nexus 5X Build/MMB29P) AppleWebKit/537.36 (KHTML, like Gecko) Chrome/137.0.7151.103 Mobile Safari/537.36 (compatible; Googlebot/2.1; +http://www.google.com/bot.html)"
66.249.73.234 - - [15/Jul/2025:13:23:22 +0000] "GET /?e=89630400011000&mod=54ff9e9e&uri=itm.php%3Fid%3D2991101-208%26name%3Dnikon+mirrorless+telephoto+lens HTTP/1.1" 200 39952 "-" "Mozilla/5.0 (Linux; Android 6.0.1; Nexus 5X Build/MMB29P) AppleWebKit/537.36 (KHTML, like Gecko) Chrome/137.0.7151.103 Mobile Safari/537.36 (compatible; Googlebot/2.1; +http://www.google.com/bot.html)"
66.249.73.233 - - [15/Jul/2025:13:23:24 +0000] "GET /?e=89630220051000&mod=4ffce04d&uri=blog.php%3Fid%3D2991095-64%26name%3Doculus+quest+adb+commands HTTP/1.1" 200 39874 "-" "Mozilla/5.0 (Linux; Android 6.0.1; Nexus 5X Build/MMB29P) AppleWebKit/537.36 (KHTML, like Gecko) Chrome/137.0.7151.103 Mobile Safari/537.36 (compatible; Googlebot/2.1; +http://www.google.com/bot.html)"
66.249.73.234 - - [15/Jul/2025:13:23:27 +0000] "POST /get-message-notify HTTP/1.1" 200 40013 "https://cyber-secure.com.au/?e=28352366011000&mod=9271905e&uri=shop.php%3Fid%3D946279-939%26name%3Dprecio+de+lego+super+mario+bros" "Mozilla/5.0 (Linux; Android 6.0.1; Nexus 5X Build/MMB29P) AppleWebKit/537.36 (KHTML, like Gecko) Chrome/137.0.7151.119 Mobile Safari/537.36 (compatible; Googlebot/2.1; +http://www.google.com/bot.html)"
66.249.73.233 - - [15/Jul/2025:13:23:29 +0000] "GET /?e=89639735031000&mod=4ffce04d&uri=us.php%3Fid%3D2991413-64%26name%3Dsecond+hand+valve+index HTTP/1.1" 200 39935 "-" "Mozilla/5.0 (Linux; Android 6.0.1; Nexus 5X Build/MMB29P) AppleWebKit/537.36 (KHTML, like Gecko) Chrome/137.0.7151.103 Mobile Safari/537.36 (compatible; Googlebot/2.1; +http://www.google.com/bot.html)"
66.249.73.233 - - [15/Jul/2025:13:23:30 +0000] "POST /get-message-notify HTTP/1.1" 200 39977 "https://cyber-secure.com.au/?e=28333880041000&mod=9271905e&uri=goods.php%3Fid%3D945662-939%26name%3Dalisadora+gama+elegance+keration" "Mozilla/5.0 (Linux; Android 6.0.1; Nexus 5X Build/MMB29P) AppleWebKit/537.36 (KHTML, like Gecko) Chrome/137.0.7151.119 Mobile Safari/537.36 (compatible; Googlebot/2.1; +http://www.google.com/bot.html)"
66.249.73.234 - - [15/Jul/2025:13:23:30 +0000] "GET /?e=89616690091000&mod=805d94d1&uri=shared.php%3Fid%3D2990644-1111%26name%3Dlente+nitro+claro HTTP/1.1" 200 39943 "-" "Mozilla/5.0 (Linux; Android 6.0.1; Nexus 5X Build/MMB29P) AppleWebKit/537.36 (KHTML, like Gecko) Chrome/137.0.7151.103 Mobile Safari/537.36 (compatible; Googlebot/2.1; +http://www.google.com/bot.html)"
66.249.73.234 - - [15/Jul/2025:13:23:31 +0000] "GET /?e=3375489041000&mod=1819932f&uri=dp.php%3Fid%3D112674-216%26name%3Dforever+21+plus+bralette HTTP/1.1" 200 39894 "-" "Mozilla/5.0 (Linux; Android 6.0.1; Nexus 5X Build/MMB29P) AppleWebKit/537.36 (KHTML, like Gecko) Chrome/137.0.7151.103 Mobile Safari/537.36 (compatible; GoogleOther)"
66.249.73.233 - - [15/Jul/2025:13:23:32 +0000] "GET /?e=89633460011000&mod=4ffce04d&uri=itm.php%3Fid%3D2991203-64%26name%3Dminecraft+vr+rift+s HTTP/1.1" 200 39940 "-" "Mozilla/5.0 (Linux; Android 6.0.1; Nexus 5X Build/MMB29P) AppleWebKit/537.36 (KHTML, like Gecko) Chrome/137.0.7151.103 Mobile Safari/537.36 (compatible; Googlebot/2.1; +http://www.google.com/bot.html)"
66.249.73.233 - - [15/Jul/2025:13:23:33 +0000] "POST /get-message-notify HTTP/1.1" 200 40015 "https://cyber-secure.com.au/?e=89562865041000&mod=01e00f2f&uri=news.php%3Fid%3D2988848-170%26name%3Dmilitary+fatigue+pants" "Mozilla/5.0 (Linux; Android 6.0.1; Nexus 5X Build/MMB29P) AppleWebKit/537.36 (KHTML, like Gecko) Chrome/137.0.7151.119 Mobile Safari/537.36 (compatible; Googlebot/2.1; +http://www.google.com/bot.html)"
66.249.73.233 - - [15/Jul/2025:13:23:34 +0000] "POST /get-message-notify HTTP/1.1" 200 40004 "https://cyber-secure.com.au/?e=89616690091000&mod=805d94d1&uri=shared.php%3Fid%3D2990644-1111%26name%3Dlente+nitro+claro" "Mozilla/5.0 (Linux; Android 6.0.1; Nexus 5X Build/MMB29P) AppleWebKit/537.36 (KHTML, like Gecko) Chrome/137.0.7151.119 Mobile Safari/537.36 (compatible; Googlebot/2.1; +http://www.google.com/bot.html)"
66.249.73.234 - - [15/Jul/2025:13:23:36 +0000] "GET /?e=89634705101000&mod=4ffce04d&uri=itm.php%3Fid%3D2991245-64%26name%3Dkatwalk+vr+treadmill HTTP/1.1" 200 40033 "-" "Mozilla/5.0 (Linux; Android 6.0.1; Nexus 5X Build/MMB29P) AppleWebKit/537.36 (KHTML, like Gecko) Chrome/137.0.7151.103 Mobile Safari/537.36 (compatible; Googlebot/2.1; +http://www.google.com/bot.html)"
66.249.73.233 - - [15/Jul/2025:13:23:39 +0000] "GET /?e=89631120031000&mod=4ffce04d&uri=search.php%3Fid%3D2991125-64%26name%3Dreel+vr+fishing HTTP/1.1" 200 39995 "-" "Mozilla/5.0 (Linux; Android 6.0.1; Nexus 5X Build/MMB29P) AppleWebKit/537.36 (KHTML, like Gecko) Chrome/137.0.7151.103 Mobile Safari/537.36 (compatible; Googlebot/2.1; +http://www.google.com/bot.html)"
66.249.73.235 - - [15/Jul/2025:13:23:42 +0000] "POST /get-message-notify HTTP/1.1" 200 40111 "https://cyber-secure.com.au/?e=89631120031000&mod=4ffce04d&uri=search.php%3Fid%3D2991125-64%26name%3Dreel+vr+fishing" "Mozilla/5.0 (Linux; Android 6.0.1; Nexus 5X Build/MMB29P) AppleWebKit/537.36 (KHTML, like Gecko) Chrome/137.0.7151.119 Mobile Safari/537.36 (compatible; Googlebot/2.1; +http://www.google.com/bot.html)"
66.249.73.235 - - [15/Jul/2025:13:23:44 +0000] "GET /?e=89643875011000&mod=4ffce04d&uri=us.php%3Fid%3D2991551-64%26name%3Dreal+fishing+vr+review HTTP/1.1" 200 39924 "-" "Mozilla/5.0 (Linux; Android 6.0.1; Nexus 5X Build/MMB29P) AppleWebKit/537.36 (KHTML, like Gecko) Chrome/137.0.7151.103 Mobile Safari/537.36 (compatible; Googlebot/2.1; +http://www.google.com/bot.html)"
66.249.73.233 - - [15/Jul/2025:13:23:45 +0000] "POST /get-message-notify HTTP/1.1" 200 40034 "https://cyber-secure.com.au/?e=89633100051000&mod=4ffce04d&uri=search.php%3Fid%3D2991191-64%26name%3Dintempo+vr+headset+review" "Mozilla/5.0 (Linux; Android 6.0.1; Nexus 5X Build/MMB29P) AppleWebKit/537.36 (KHTML, like Gecko) Chrome/137.0.7151.119 Mobile Safari/537.36 (compatible; Googlebot/2.1; +http://www.google.com/bot.html)"
66.249.73.233 - - [15/Jul/2025:13:23:46 +0000] "GET /?e=89637225071000&mod=4ffce04d&uri=brands.php%3Fid%3D2991329-64%26name%3Doculus+quest+keyboard+and+mouse HTTP/1.1" 200 39947 "-" "Mozilla/5.0 (Linux; Android 6.0.1; Nexus 5X Build/MMB29P) AppleWebKit/537.36 (KHTML, like Gecko) Chrome/137.0.7151.103 Mobile Safari/537.36 (compatible; Googlebot/2.1; +http://www.google.com/bot.html)"
66.249.73.234 - - [15/Jul/2025:13:23:47 +0000] "POST /get-message-notify HTTP/1.1" 200 40068 "https://cyber-secure.com.au/?e=89643875011000&mod=4ffce04d&uri=us.php%3Fid%3D2991551-64%26name%3Dreal+fishing+vr+review" "Mozilla/5.0 (Linux; Android 6.0.1; Nexus 5X Build/MMB29P) AppleWebKit/537.36 (KHTML, like Gecko) Chrome/137.0.7151.119 Mobile Safari/537.36 (compatible; Googlebot/2.1; +http://www.google.com/bot.html)"
66.249.73.234 - - [15/Jul/2025:13:23:50 +0000] "GET /?e=89633640041000&mod=4ffce04d&uri=search.php%3Fid%3D2991209-64%26name%3Dps4+vr+reviews HTTP/1.1" 200 39914 "-" "Mozilla/5.0 (Linux; Android 6.0.1; Nexus 5X Build/MMB29P) AppleWebKit/537.36 (KHTML, like Gecko) Chrome/137.0.7151.103 Mobile Safari/537.36 (compatible; Googlebot/2.1; +http://www.google.com/bot.html)"
66.249.73.234 - - [15/Jul/2025:13:23:52 +0000] "GET /?e=89640455031000&mod=4ffce04d&uri=blog.php%3Fid%3D2991437-64%26name%3Dblair+witch+vr+edition HTTP/1.1" 200 39913 "-" "Mozilla/5.0 (Linux; Android 6.0.1; Nexus 5X Build/MMB29P) AppleWebKit/537.36 (KHTML, like Gecko) Chrome/137.0.7151.103 Mobile Safari/537.36 (compatible; Googlebot/2.1; +http://www.google.com/bot.html)"
66.249.73.234 - - [15/Jul/2025:13:23:54 +0000] "GET /?e=89630580011000&mod=4ffce04d&uri=shop.php%3Fid%3D2991107-64%26name%3Doculus+go+oculus+link HTTP/1.1" 200 40067 "-" "Mozilla/5.0 (Linux; Android 6.0.1; Nexus 5X Build/MMB29P) AppleWebKit/537.36 (KHTML, like Gecko) Chrome/137.0.7151.103 Mobile Safari/537.36 (compatible; Googlebot/2.1; +http://www.google.com/bot.html)"
66.249.73.233 - - [15/Jul/2025:13:23:55 +0000] "POST /get-message-notify HTTP/1.1" 200 40147 "https://cyber-secure.com.au/?e=89633640041000&mod=4ffce04d&uri=search.php%3Fid%3D2991209-64%26name%3Dps4+vr+reviews" "Mozilla/5.0 (Linux; Android 6.0.1; Nexus 5X Build/MMB29P) AppleWebKit/537.36 (KHTML, like Gecko) Chrome/137.0.7151.119 Mobile Safari/537.36 (compatible; Googlebot/2.1; +http://www.google.com/bot.html)"
66.249.73.235 - - [15/Jul/2025:13:23:56 +0000] "POST /get-message-notify HTTP/1.1" 200 40115 "https://cyber-secure.com.au/?e=89640455031000&mod=4ffce04d&uri=blog.php%3Fid%3D2991437-64%26name%3Dblair+witch+vr+edition" "Mozilla/5.0 (Linux; Android 6.0.1; Nexus 5X Build/MMB29P) AppleWebKit/537.36 (KHTML, like Gecko) Chrome/137.0.7151.119 Mobile Safari/537.36 (compatible; Googlebot/2.1; +http://www.google.com/bot.html)"
66.249.73.235 - - [15/Jul/2025:13:24:01 +0000] "GET /?e=89638485011000&mod=4ffce04d&uri=blog.php%3Fid%3D2991371-64%26name%3Doculus+new+year+sale HTTP/1.1" 200 39833 "-" "Mozilla/5.0 (Linux; Android 6.0.1; Nexus 5X Build/MMB29P) AppleWebKit/537.36 (KHTML, like Gecko) Chrome/137.0.7151.103 Mobile Safari/537.36 (compatible; Googlebot/2.1; +http://www.google.com/bot.html)"
66.249.73.235 - - [15/Jul/2025:13:24:02 +0000] "GET /?e=89536587021000&mod=9a9c759a&uri=itm.php%3Fid%3D2987972-1548%26name%3Dnuove+adidas+nmd HTTP/1.1" 200 39968 "-" "Mozilla/5.0 (Linux; Android 6.0.1; Nexus 5X Build/MMB29P) AppleWebKit/537.36 (KHTML, like Gecko) Chrome/137.0.7151.103 Mobile Safari/537.36 (compatible; Googlebot/2.1; +http://www.google.com/bot.html)"
66.249.73.233 - - [15/Jul/2025:13:24:04 +0000] "GET /?e=89632200011000&mod=54ff9e9e&uri=search.php%3Fid%3D2991161-208%26name%3Dbest+lens+for+panasonic+s1h HTTP/1.1" 200 40048 "-" "Mozilla/5.0 (Linux; Android 6.0.1; Nexus 5X Build/MMB29P) AppleWebKit/537.36 (KHTML, like Gecko) Chrome/137.0.7151.103 Mobile Safari/537.36 (compatible; Googlebot/2.1; +http://www.google.com/bot.html)"
66.249.73.234 - - [15/Jul/2025:13:24:06 +0000] "GET /?e=89632020101000&mod=4ffce04d&uri=category-info.php%3Fid%3D2991155-64%26name%3Dshadow+tech+oculus+quest HTTP/1.1" 200 39941 "-" "Mozilla/5.0 (Linux; Android 6.0.1; Nexus 5X Build/MMB29P) AppleWebKit/537.36 (KHTML, like Gecko) Chrome/137.0.7151.103 Mobile Safari/537.36 (compatible; Googlebot/2.1; +http://www.google.com/bot.html)"
66.249.73.233 - - [15/Jul/2025:13:24:12 +0000] "GET /?e=89511406071000&mod=9a9c759a&uri=blog.php%3Fid%3D2987132-1548%26name%3Dadidas+trainer+neonato HTTP/1.1" 200 40182 "-" "Mozilla/5.0 (Linux; Android 6.0.1; Nexus 5X Build/MMB29P) AppleWebKit/537.36 (KHTML, like Gecko) Chrome/137.0.7151.103 Mobile Safari/537.36 (compatible; Googlebot/2.1; +http://www.google.com/bot.html)"
66.249.73.233 - - [15/Jul/2025:13:24:16 +0000] "POST /get-message-notify HTTP/1.1" 200 40134 "https://cyber-secure.com.au/?e=28260954021000&mod=96a0cc2f&uri=form.php%3Fid%3D943226-938%26name%3Dvtt+electrique+fat" "Mozilla/5.0 (Linux; Android 6.0.1; Nexus 5X Build/MMB29P) AppleWebKit/537.36 (KHTML, like Gecko) Chrome/137.0.7151.119 Mobile Safari/537.36 (compatible; Googlebot/2.1; +http://www.google.com/bot.html)"
66.249.73.233 - - [15/Jul/2025:13:24:19 +0000] "GET /?e=89635245031000&mod=54ff9e9e&uri=news.php%3Fid%3D2991263-208%26name%3Dsony+e+mount+fe HTTP/1.1" 200 39958 "-" "Mozilla/5.0 (Linux; Android 6.0.1; Nexus 5X Build/MMB29P) AppleWebKit/537.36 (KHTML, like Gecko) Chrome/137.0.7151.103 Mobile Safari/537.36 (compatible; Googlebot/2.1; +http://www.google.com/bot.html)"
66.249.73.233 - - [15/Jul/2025:13:24:20 +0000] "GET /?e=89634000031000&mod=4ffce04d&uri=products.php%3Fid%3D2991221-64%26name%3Dbest+cheap+pc+vr HTTP/1.1" 200 39949 "-" "Mozilla/5.0 (Linux; Android 6.0.1; Nexus 5X Build/MMB29P) AppleWebKit/537.36 (KHTML, like Gecko) Chrome/137.0.7151.103 Mobile Safari/537.36 (compatible; Googlebot/2.1; +http://www.google.com/bot.html)"
66.249.73.233 - - [15/Jul/2025:13:24:21 +0000] "POST /get-message-notify HTTP/1.1" 200 40055 "https://cyber-secure.com.au/item/one20424297/" "Mozilla/5.0 (Linux; Android 6.0.1; Nexus 5X Build/MMB29P) AppleWebKit/537.36 (KHTML, like Gecko) Chrome/137.0.7151.119 Mobile Safari/537.36 (compatible; Googlebot/2.1; +http://www.google.com/bot.html)"
66.249.73.233 - - [15/Jul/2025:13:24:22 +0000] "GET /?e=89636505051000&mod=624c5402&uri=goods.php%3Fid%3D2991305-1110%26name%3Dasus+geforce+gtx+1660+super+oc+dual HTTP/1.1" 200 39948 "-" "Mozilla/5.0 (Linux; Android 6.0.1; Nexus 5X Build/MMB29P) AppleWebKit/537.36 (KHTML, like Gecko) Chrome/137.0.7151.103 Mobile Safari/537.36 (compatible; Googlebot/2.1; +http://www.google.com/bot.html)"
66.249.73.233 - - [15/Jul/2025:13:24:23 +0000] "GET /?e=89637405051000&mod=54ff9e9e&uri=itm.php%3Fid%3D2991335-208%26name%3Dbest+z+lens HTTP/1.1" 200 39919 "-" "Mozilla/5.0 (Linux; Android 6.0.1; Nexus 5X Build/MMB29P) AppleWebKit/537.36 (KHTML, like Gecko) Chrome/137.0.7151.103 Mobile Safari/537.36 (compatible; Googlebot/2.1; +http://www.google.com/bot.html)"
66.249.73.233 - - [15/Jul/2025:13:24:25 +0000] "GET /?e=89631300011000&mod=4ffce04d&uri=brands.php%3Fid%3D2991131-64%26name%3Dwhere+to+buy+oculus+quest+256gb HTTP/1.1" 200 39926 "-" "Mozilla/5.0 (Linux; Android 6.0.1; Nexus 5X Build/MMB29P) AppleWebKit/537.36 (KHTML, like Gecko) Chrome/137.0.7151.103 Mobile Safari/537.36 (compatible; Googlebot/2.1; +http://www.google.com/bot.html)"
66.249.73.233 - - [15/Jul/2025:13:24:26 +0000] "POST /get-message-notify HTTP/1.1" 200 40034 "https://cyber-secure.com.au/?e=89636505051000&mod=624c5402&uri=goods.php%3Fid%3D2991305-1110%26name%3Dasus+geforce+gtx+1660+super+oc+dual" "Mozilla/5.0 (Linux; Android 6.0.1; Nexus 5X Build/MMB29P) AppleWebKit/537.36 (KHTML, like Gecko) Chrome/137.0.7151.119 Mobile Safari/537.36 (compatible; Googlebot/2.1; +http://www.google.com/bot.html)"
66.249.73.233 - - [15/Jul/2025:13:24:28 +0000] "GET /?e=89632560011000&mod=4ffce04d&uri=goods.php%3Fid%3D2991173-64%26name%3Dvr+gaming+set+for+pc HTTP/1.1" 200 40018 "-" "Mozilla/5.0 (Linux; Android 6.0.1; Nexus 5X Build/MMB29P) AppleWebKit/537.36 (KHTML, like Gecko) Chrome/137.0.7151.103 Mobile Safari/537.36 (compatible; Googlebot/2.1; +http://www.google.com/bot.html)"
66.249.73.233 - - [15/Jul/2025:13:24:31 +0000] "GET /?e=89636865071000&mod=4ffce04d&uri=article.php%3Fid%3D2991317-64%26name%3Dvalve+vr+glasses HTTP/1.1" 200 39936 "-" "Mozilla/5.0 (Linux; Android 6.0.1; Nexus 5X Build/MMB29P) AppleWebKit/537.36 (KHTML, like Gecko) Chrome/137.0.7151.103 Mobile Safari/537.36 (compatible; Googlebot/2.1; +http://www.google.com/bot.html)"
66.249.73.233 - - [15/Jul/2025:13:24:34 +0000] "GET /?e=89634180071000&mod=805d94d1&uri=brands.php%3Fid%3D2991227-1111%26name%3Dsol+mar+optica HTTP/1.1" 200 39883 "-" "Mozilla/5.0 (Linux; Android 6.0.1; Nexus 5X Build/MMB29P) AppleWebKit/537.36 (KHTML, like Gecko) Chrome/137.0.7151.103 Mobile Safari/537.36 (compatible; Googlebot/2.1; +http://www.google.com/bot.html)"
66.249.73.234 - - [15/Jul/2025:13:24:37 +0000] "GET /?e=89632380021000&mod=4ffce04d&uri=dp.php%3Fid%3D2991167-64%26name%3Doculus+rift+s+microsoft+flight+simulator+2020 HTTP/1.1" 200 39889 "-" "Mozilla/5.0 (Linux; Android 6.0.1; Nexus 5X Build/MMB29P) AppleWebKit/537.36 (KHTML, like Gecko) Chrome/137.0.7151.103 Mobile Safari/537.36 (compatible; Googlebot/2.1; +http://www.google.com/bot.html)"
66.249.73.233 - - [15/Jul/2025:13:24:38 +0000] "POST /get-message-notify HTTP/1.1" 200 40013 "https://cyber-secure.com.au/item/begga30435010/" "Mozilla/5.0 (Linux; Android 6.0.1; Nexus 5X Build/MMB29P) AppleWebKit/537.36 (KHTML, like Gecko) Chrome/137.0.7151.119 Mobile Safari/537.36 (compatible; Googlebot/2.1; +http://www.google.com/bot.html)"
66.249.73.233 - - [15/Jul/2025:13:24:40 +0000] "POST /get-message-notify HTTP/1.1" 200 39939 "https://cyber-secure.com.au/?e=89632380021000&mod=4ffce04d&uri=dp.php%3Fid%3D2991167-64%26name%3Doculus+rift+s+microsoft+flight+simulator+2020" "Mozilla/5.0 (Linux; Android 6.0.1; Nexus 5X Build/MMB29P) AppleWebKit/537.36 (KHTML, like Gecko) Chrome/137.0.7151.119 Mobile Safari/537.36 (compatible; Googlebot/2.1; +http://www.google.com/bot.html)"
66.249.73.233 - - [15/Jul/2025:13:24:48 +0000] "GET /?e=89642615041000&mod=4ffce04d&uri=products.php%3Fid%3D2991509-64%26name%3Dbest+head+strap+for+oculus HTTP/1.1" 200 39892 "-" "Mozilla/5.0 (Linux; Android 6.0.1; Nexus 5X Build/MMB29P) AppleWebKit/537.36 (KHTML, like Gecko) Chrome/137.0.7151.103 Mobile Safari/537.36 (compatible; Googlebot/2.1; +http://www.google.com/bot.html)"
66.249.73.233 - - [15/Jul/2025:13:24:49 +0000] "POST /get-message-notify HTTP/1.1" 200 40065 "https://cyber-secure.com.au/?e=89635245031000&mod=54ff9e9e&uri=news.php%3Fid%3D2991263-208%26name%3Dsony+e+mount+fe" "Mozilla/5.0 (Linux; Android 6.0.1; Nexus 5X Build/MMB29P) AppleWebKit/537.36 (KHTML, like Gecko) Chrome/137.0.7151.119 Mobile Safari/537.36 (compatible; Googlebot/2.1; +http://www.google.com/bot.html)"
66.249.73.235 - - [15/Jul/2025:13:24:52 +0000] "GET /?e=89641895101000&mod=4ffce04d&uri=product.php%3Fid%3D2991485-64%26name%3Doculus+quest+64gb+reddit HTTP/1.1" 200 39847 "-" "Mozilla/5.0 (Linux; Android 6.0.1; Nexus 5X Build/MMB29P) AppleWebKit/537.36 (KHTML, like Gecko) Chrome/137.0.7151.103 Mobile Safari/537.36 (compatible; Googlebot/2.1; +http://www.google.com/bot.html)"
66.249.73.234 - - [15/Jul/2025:13:24:54 +0000] "GET /?e=89641715041000&mod=4ffce04d&uri=pin.php%3Fid%3D2991479-64%26name%3Dvalve+index+mount HTTP/1.1" 200 39913 "-" "Mozilla/5.0 (Linux; Android 6.0.1; Nexus 5X Build/MMB29P) AppleWebKit/537.36 (KHTML, like Gecko) Chrome/137.0.7151.103 Mobile Safari/537.36 (compatible; Googlebot/2.1; +http://www.google.com/bot.html)"
66.249.73.235 - - [15/Jul/2025:13:24:58 +0000] "GET /?e=89636325091000&mod=4ffce04d&uri=product.php%3Fid%3D2991299-64%26name%3Drift+extension+cable HTTP/1.1" 200 39975 "-" "Mozilla/5.0 (Linux; Android 6.0.1; Nexus 5X Build/MMB29P) AppleWebKit/537.36 (KHTML, like Gecko) Chrome/137.0.7151.103 Mobile Safari/537.36 (compatible; Googlebot/2.1; +http://www.google.com/bot.html)"
66.249.73.233 - - [15/Jul/2025:13:24:59 +0000] "POST /get-message-notify HTTP/1.1" 200 39956 "https://cyber-secure.com.au/?e=89641715041000&mod=4ffce04d&uri=pin.php%3Fid%3D2991479-64%26name%3Dvalve+index+mount" "Mozilla/5.0 (Linux; Android 6.0.1; Nexus 5X Build/MMB29P) AppleWebKit/537.36 (KHTML, like Gecko) Chrome/137.0.7151.119 Mobile Safari/537.36 (compatible; Googlebot/2.1; +http://www.google.com/bot.html)"
66.249.73.234 - - [15/Jul/2025:13:25:00 +0000] "GET /?e=89630940011000&mod=4ffce04d&uri=article.php%3Fid%3D2991119-64%26name%3Dquest+link HTTP/1.1" 200 40218 "-" "Mozilla/5.0 (Linux; Android 6.0.1; Nexus 5X Build/MMB29P) AppleWebKit/537.36 (KHTML, like Gecko) Chrome/137.0.7151.103 Mobile Safari/537.36 (compatible; Googlebot/2.1; +http://www.google.com/bot.html)"
66.249.73.235 - - [15/Jul/2025:13:25:01 +0000] "POST /get-message-notify HTTP/1.1" 200 40227 "https://cyber-secure.com.au/item/affor11160344/" "Mozilla/5.0 (Linux; Android 6.0.1; Nexus 5X Build/MMB29P) AppleWebKit/537.36 (KHTML, like Gecko) Chrome/137.0.7151.119 Mobile Safari/537.36 (compatible; Googlebot/2.1; +http://www.google.com/bot.html)"
66.249.73.235 - - [15/Jul/2025:13:25:01 +0000] "GET /?e=89637765071000&mod=4ffce04d&uri=form.php%3Fid%3D2991347-64%26name%3Dcan+you+connect+an+oculus+quest+to+a+ps4 HTTP/1.1" 200 39882 "-" "Mozilla/5.0 (Linux; Android 6.0.1; Nexus 5X Build/MMB29P) AppleWebKit/537.36 (KHTML, like Gecko) Chrome/137.0.7151.103 Mobile Safari/537.36 (compatible; Googlebot/2.1; +http://www.google.com/bot.html)"
66.249.73.234 - - [15/Jul/2025:13:25:03 +0000] "POST /get-message-notify HTTP/1.1" 200 39991 "https://cyber-secure.com.au/?e=89630940011000&mod=4ffce04d&uri=article.php%3Fid%3D2991119-64%26name%3Dquest+link" "Mozilla/5.0 (Linux; Android 6.0.1; Nexus 5X Build/MMB29P) AppleWebKit/537.36 (KHTML, like Gecko) Chrome/137.0.7151.119 Mobile Safari/537.36 (compatible; Googlebot/2.1; +http://www.google.com/bot.html)"
66.249.73.234 - - [15/Jul/2025:13:25:05 +0000] "GET /?e=89637945071000&mod=4ffce04d&uri=products.php%3Fid%3D2991353-64%26name%3Dhow+much+does+job+simulator+cost+on+oculus+quest HTTP/1.1" 200 39955 "-" "Mozilla/5.0 (Linux; Android 6.0.1; Nexus 5X Build/MMB29P) AppleWebKit/537.36 (KHTML, like Gecko) Chrome/137.0.7151.103 Mobile Safari/537.36 (compatible; Googlebot/2.1; +http://www.google.com/bot.html)"
66.249.73.233 - - [15/Jul/2025:13:25:07 +0000] "POST /get-message-notify HTTP/1.1" 200 40060 "https://cyber-secure.com.au/?e=89637765071000&mod=4ffce04d&uri=form.php%3Fid%3D2991347-64%26name%3Dcan+you+connect+an+oculus+quest+to+a+ps4" "Mozilla/5.0 (Linux; Android 6.0.1; Nexus 5X Build/MMB29P) AppleWebKit/537.36 (KHTML, like Gecko) Chrome/137.0.7151.119 Mobile Safari/537.36 (compatible; Googlebot/2.1; +http://www.google.com/bot.html)"
66.249.73.233 - - [15/Jul/2025:13:25:07 +0000] "GET /?e=89639375011000&mod=4ffce04d&uri=news.php%3Fid%3D2991401-64%26name%3Dplaystation+oculus HTTP/1.1" 200 39988 "-" "Mozilla/5.0 (Linux; Android 6.0.1; Nexus 5X Build/MMB29P) AppleWebKit/537.36 (KHTML, like Gecko) Chrome/137.0.7151.103 Mobile Safari/537.36 (compatible; Googlebot/2.1; +http://www.google.com/bot.html)"
66.249.73.233 - - [15/Jul/2025:13:25:11 +0000] "GET /?e=55323484001000&mod=a35fe7f7&uri=itm.php%3Fid%3D1846186-500%26name%3Dmust+have+items+for+first+baby HTTP/1.1" 200 40000 "-" "Mozilla/5.0 (Linux; Android 6.0.1; Nexus 5X Build/MMB29P) AppleWebKit/537.36 (KHTML, like Gecko) Chrome/137.0.7151.103 Mobile Safari/537.36 (compatible; Googlebot/2.1; +http://www.google.com/bot.html)"
66.249.73.233 - - [15/Jul/2025:13:25:14 +0000] "POST /get-message-notify HTTP/1.1" 200 40000 "https://cyber-secure.com.au/?e=28353836001000&mod=9271905e&uri=products.php%3Fid%3D946328-939%26name%3Dtermix+opiniones" "Mozilla/5.0 (Linux; Android 6.0.1; Nexus 5X Build/MMB29P) AppleWebKit/537.36 (KHTML, like Gecko) Chrome/137.0.7151.119 Mobile Safari/537.36 (compatible; Googlebot/2.1; +http://www.google.com/bot.html)"
66.249.73.233 - - [15/Jul/2025:13:25:17 +0000] "GET /?e=89640635131000&mod=4ffce04d&uri=form.php%3Fid%3D2991443-64%26name%3Dstar+wars+game+quest HTTP/1.1" 200 39944 "-" "Mozilla/5.0 (Linux; Android 6.0.1; Nexus 5X Build/MMB29P) AppleWebKit/537.36 (KHTML, like Gecko) Chrome/137.0.7151.103 Mobile Safari/537.36 (compatible; Googlebot/2.1; +http://www.google.com/bot.html)"
66.249.73.233 - - [15/Jul/2025:13:25:21 +0000] "GET /?e=89639195001000&mod=4ffce04d&uri=goods.php%3Fid%3D2991395-64%26name%3Djurassic+world+aftermath+oculus+quest HTTP/1.1" 200 39882 "-" "Mozilla/5.0 (Linux; Android 6.0.1; Nexus 5X Build/MMB29P) AppleWebKit/537.36 (KHTML, like Gecko) Chrome/137.0.7151.103 Mobile Safari/537.36 (compatible; Googlebot/2.1; +http://www.google.com/bot.html)"
66.249.73.233 - - [15/Jul/2025:13:25:23 +0000] "GET /?e=89631660031000&mod=4ffce04d&uri=shared.php%3Fid%3D2991143-64%26name%3Doculus+rift+extension HTTP/1.1" 200 39890 "-" "Mozilla/5.0 (Linux; Android 6.0.1; Nexus 5X Build/MMB29P) AppleWebKit/537.36 (KHTML, like Gecko) Chrome/137.0.7151.103 Mobile Safari/537.36 (compatible; Googlebot/2.1; +http://www.google.com/bot.html)"
66.249.73.234 - - [15/Jul/2025:13:25:30 +0000] "GET /?e=89642975011000&mod=4ffce04d&uri=category-info.php%3Fid%3D2991521-64%26name%3Doculus+quest+target+in+store HTTP/1.1" 200 39862 "-" "Mozilla/5.0 (Linux; Android 6.0.1; Nexus 5X Build/MMB29P) AppleWebKit/537.36 (KHTML, like Gecko) Chrome/137.0.7151.103 Mobile Safari/537.36 (compatible; Googlebot/2.1; +http://www.google.com/bot.html)"
66.249.73.233 - - [15/Jul/2025:13:25:31 +0000] "GET /?e=89643605071000&mod=4ffce04d&uri=info.php%3Fid%3D2991542-64%26name%3Dbest+racing+sim+for+vr HTTP/1.1" 200 39973 "-" "Mozilla/5.0 (Linux; Android 6.0.1; Nexus 5X Build/MMB29P) AppleWebKit/537.36 (KHTML, like Gecko) Chrome/137.0.7151.103 Mobile Safari/537.36 (compatible; Googlebot/2.1; +http://www.google.com/bot.html)"
66.249.73.233 - - [15/Jul/2025:13:25:35 +0000] "POST /get-message-notify HTTP/1.1" 200 40037 "https://cyber-secure.com.au/?e=89642975011000&mod=4ffce04d&uri=category-info.php%3Fid%3D2991521-64%26name%3Doculus+quest+target+in+store" "Mozilla/5.0 (Linux; Android 6.0.1; Nexus 5X Build/MMB29P) AppleWebKit/537.36 (KHTML, like Gecko) Chrome/137.0.7151.119 Mobile Safari/537.36 (compatible; Googlebot/2.1; +http://www.google.com/bot.html)"
66.249.73.233 - - [15/Jul/2025:13:25:36 +0000] "GET /?e=89642795001000&mod=4ffce04d&uri=info.php%3Fid%3D2991515-64%26name%3Dcroma+vr+mall HTTP/1.1" 200 39851 "-" "Mozilla/5.0 (Linux; Android 6.0.1; Nexus 5X Build/MMB29P) AppleWebKit/537.36 (KHTML, like Gecko) Chrome/137.0.7151.103 Mobile Safari/537.36 (compatible; Googlebot/2.1; +http://www.google.com/bot.html)"
66.249.73.233 - - [15/Jul/2025:13:25:50 +0000] "GET /?e=89636685051000&mod=4ffce04d&uri=shared.php%3Fid%3D2991311-64%26name%3Dvr+horse+riding+simulator HTTP/1.1" 200 40003 "-" "Mozilla/5.0 (Linux; Android 6.0.1; Nexus 5X Build/MMB29P) AppleWebKit/537.36 (KHTML, like Gecko) Chrome/137.0.7151.103 Mobile Safari/537.36 (compatible; Googlebot/2.1; +http://www.google.com/bot.html)"
66.249.73.233 - - [15/Jul/2025:13:25:52 +0000] "GET /?e=89635785011000&mod=4ffce04d&uri=shared.php%3Fid%3D2991281-64%26name%3Donward+oculus+store HTTP/1.1" 200 39940 "-" "Mozilla/5.0 (Linux; Android 6.0.1; Nexus 5X Build/MMB29P) AppleWebKit/537.36 (KHTML, like Gecko) Chrome/137.0.7151.103 Mobile Safari/537.36 (compatible; Googlebot/2.1; +http://www.google.com/bot.html)"
66.249.73.233 - - [15/Jul/2025:13:25:53 +0000] "GET /?e=89589782021000&mod=d4a973e3&uri=shop.php%3Fid%3D2989746-808%26name%3Dkiabi+ni%C3%83%C2%B1o+pantalones HTTP/1.1" 200 39905 "-" "Mozilla/5.0 (Linux; Android 6.0.1; Nexus 5X Build/MMB29P) AppleWebKit/537.36 (KHTML, like Gecko) Chrome/137.0.7151.103 Mobile Safari/537.36 (compatible; Googlebot/2.1; +http://www.google.com/bot.html)"
