66.249.73.233 - - [15/Jul/2025:14:23:31 +0000] "GET /?e=58314743051000&mod=5f0ad4db&uri=info.php%3Fid%3D1945993-949%26name%3Dquilted+lined+flannel+jacket HTTP/1.1" 200 39917 "-" "Mozilla/5.0 (Linux; Android 6.0.1; Nexus 5X Build/MMB29P) AppleWebKit/537.36 (KHTML, like Gecko) Chrome/137.0.7151.103 Mobile Safari/537.36 (compatible; Googlebot/2.1; +http://www.google.com/bot.html)"
66.249.73.233 - - [15/Jul/2025:14:23:31 +0000] "POST /get-message-notify HTTP/1.1" 200 39939 "https://cyber-secure.com.au/?e=23927573091000&mod=b4d22bb5&uri=itm.php%3Fid%3D798637-803%26name%3Dbatticatena+mtb+in+gomma" "Mozilla/5.0 (Linux; Android 6.0.1; Nexus 5X Build/MMB29P) AppleWebKit/537.36 (KHTML, like Gecko) Chrome/137.0.7151.119 Mobile Safari/537.36 (compatible; Googlebot/2.1; +http://www.google.com/bot.html)"
66.249.73.233 - - [15/Jul/2025:14:23:32 +0000] "GET /?e=58317743001000&mod=c850371f&uri=blog.php%3Fid%3D1946093-127%26name%3Dadjustable+iphone+holder HTTP/1.1" 200 39994 "-" "Mozilla/5.0 (Linux; Android 6.0.1; Nexus 5X Build/MMB29P) AppleWebKit/537.36 (KHTML, like Gecko) Chrome/137.0.7151.103 Mobile Safari/537.36 (compatible; Googlebot/2.1; +http://www.google.com/bot.html)"
66.249.73.233 - - [15/Jul/2025:14:23:33 +0000] "GET /item/prefe82645543/ HTTP/1.1" 200 40094 "-" "Mozilla/5.0 (Linux; Android 6.0.1; Nexus 5X Build/MMB29P) AppleWebKit/537.36 (KHTML, like Gecko) Chrome/137.0.7151.103 Mobile Safari/537.36 (compatible; GoogleOther)"
66.249.73.233 - - [15/Jul/2025:14:23:38 +0000] "POST /get-message-notify HTTP/1.1" 200 39935 "https://cyber-secure.com.au/?e=58302143031000&mod=5f0ad4db&uri=us.php%3Fid%3D1945573-949%26name%3Djacket+shirt+women" "Mozilla/5.0 (Linux; Android 6.0.1; Nexus 5X Build/MMB29P) AppleWebKit/537.36 (KHTML, like Gecko) Chrome/137.0.7151.119 Mobile Safari/537.36 (compatible; Googlebot/2.1; +http://www.google.com/bot.html)"
66.249.73.233 - - [15/Jul/2025:14:23:39 +0000] "GET /?e=58312343071000&mod=c850371f&uri=category-info.php%3Fid%3D1945913-127%26name%3Dcar+vent+mount+pro+belkin HTTP/1.1" 200 39923 "-" "Mozilla/5.0 (Linux; Android 6.0.1; Nexus 5X Build/MMB29P) AppleWebKit/537.36 (KHTML, like Gecko) Chrome/137.0.7151.103 Mobile Safari/537.36 (compatible; Googlebot/2.1; +http://www.google.com/bot.html)"
66.249.73.234 - - [15/Jul/2025:14:23:40 +0000] "GET /item/leagu21834609/ HTTP/1.1" 200 40292 "-" "Mozilla/5.0 (Linux; Android 6.0.1; Nexus 5X Build/MMB29P) AppleWebKit/537.36 (KHTML, like Gecko) Chrome/137.0.7151.103 Mobile Safari/537.36 (compatible; GoogleOther)"
66.249.73.235 - - [15/Jul/2025:14:23:43 +0000] "GET /?e=58298243001000&mod=5f0ad4db&uri=news.php%3Fid%3D1945443-949%26name%3Dwarm+ladies+pants HTTP/1.1" 200 40052 "-" "Mozilla/5.0 (Linux; Android 6.0.1; Nexus 5X Build/MMB29P) AppleWebKit/537.36 (KHTML, like Gecko) Chrome/137.0.7151.103 Mobile Safari/537.36 (compatible; Googlebot/2.1; +http://www.google.com/bot.html)"
66.249.73.235 - - [15/Jul/2025:14:23:45 +0000] "GET /?e=119443895011000&mod=731309c4&uri=brands.php%3Fid%3D3986209-321%26name%3Dblockhead+labs HTTP/1.1" 200 39951 "-" "Mozilla/5.0 (Linux; Android 6.0.1; Nexus 5X Build/MMB29P) AppleWebKit/537.36 (KHTML, like Gecko) Chrome/137.0.7151.103 Mobile Safari/537.36 (compatible; Googlebot/2.1; +http://www.google.com/bot.html)"
66.249.73.233 - - [15/Jul/2025:14:23:46 +0000] "GET /?e=58300343011000&mod=5f0ad4db&uri=form.php%3Fid%3D1945513-949%26name%3Dpink+leather+look+skirt HTTP/1.1" 200 39911 "-" "Mozilla/5.0 (Linux; Android 6.0.1; Nexus 5X Build/MMB29P) AppleWebKit/537.36 (KHTML, like Gecko) Chrome/137.0.7151.103 Mobile Safari/537.36 (compatible; Googlebot/2.1; +http://www.google.com/bot.html)"
66.249.73.234 - - [15/Jul/2025:14:23:47 +0000] "GET /item/breas81782807/ HTTP/1.1" 200 39917 "-" "Mozilla/5.0 (Linux; Android 6.0.1; Nexus 5X Build/MMB29P) AppleWebKit/537.36 (KHTML, like Gecko) Chrome/137.0.7151.103 Mobile Safari/537.36 (compatible; GoogleOther)"
66.249.73.234 - - [15/Jul/2025:14:23:48 +0000] "GET /?e=66665488041000&mod=b4d22bb5&uri=us.php%3Fid%3D2224678-803%26name%3Dfat+bike+28+pollici HTTP/1.1" 200 40035 "-" "Mozilla/5.0 (Linux; Android 6.0.1; Nexus 5X Build/MMB29P) AppleWebKit/537.36 (KHTML, like Gecko) Chrome/137.0.7151.103 Mobile Safari/537.36 (compatible; Googlebot/2.1; +http://www.google.com/bot.html)"
66.249.73.234 - - [15/Jul/2025:14:23:48 +0000] "POST /get-message-notify HTTP/1.1" 200 40050 "https://cyber-secure.com.au/?e=58298243001000&mod=5f0ad4db&uri=news.php%3Fid%3D1945443-949%26name%3Dwarm+ladies+pants" "Mozilla/5.0 (Linux; Android 6.0.1; Nexus 5X Build/MMB29P) AppleWebKit/537.36 (KHTML, like Gecko) Chrome/137.0.7151.119 Mobile Safari/537.36 (compatible; Googlebot/2.1; +http://www.google.com/bot.html)"
66.249.73.234 - - [15/Jul/2025:14:23:49 +0000] "POST /get-message-notify HTTP/1.1" 200 39971 "https://cyber-secure.com.au/?e=58318643031000&mod=c850371f&uri=form.php%3Fid%3D1946123-127%26name%3Dhand+held+cell+phone+holder" "Mozilla/5.0 (Linux; Android 6.0.1; Nexus 5X Build/MMB29P) AppleWebKit/537.36 (KHTML, like Gecko) Chrome/137.0.7151.119 Mobile Safari/537.36 (compatible; Googlebot/2.1; +http://www.google.com/bot.html)"
66.249.73.233 - - [15/Jul/2025:14:23:50 +0000] "GET /?e=58208875021000&mod=3685227c&uri=info.php%3Fid%3D1942460-1349%26name%3Dcutlass+cruiser HTTP/1.1" 200 39872 "-" "Mozilla/5.0 (Linux; Android 6.0.1; Nexus 5X Build/MMB29P) AppleWebKit/537.36 (KHTML, like Gecko) Chrome/137.0.7151.103 Mobile Safari/537.36 (compatible; Googlebot/2.1; +http://www.google.com/bot.html)"
66.249.73.235 - - [15/Jul/2025:14:23:51 +0000] "GET /?e=58244460041000&mod=619205da&uri=goods.php%3Fid%3D1943647-233%26name%3Dfalabella+ropa+deporte+mujer HTTP/1.1" 200 39934 "-" "Mozilla/5.0 (Linux; Android 6.0.1; Nexus 5X Build/MMB29P) AppleWebKit/537.36 (KHTML, like Gecko) Chrome/137.0.7151.103 Mobile Safari/537.36 (compatible; Googlebot/2.1; +http://www.google.com/bot.html)"
66.249.73.233 - - [15/Jul/2025:14:23:54 +0000] "GET /item/memor80640463/ HTTP/1.1" 200 40360 "-" "Mozilla/5.0 (Linux; Android 6.0.1; Nexus 5X Build/MMB29P) AppleWebKit/537.36 (KHTML, like Gecko) Chrome/137.0.7151.103 Mobile Safari/537.36 (compatible; GoogleOther)"
66.249.73.235 - - [15/Jul/2025:14:23:57 +0000] "GET /?e=58247700051000&mod=43e4e6a6&uri=news.php%3Fid%3D1943755-234%26name%3Dmotorradjacke+damen+vanucci HTTP/1.1" 200 39966 "-" "Mozilla/5.0 (Linux; Android 6.0.1; Nexus 5X Build/MMB29P) AppleWebKit/537.36 (KHTML, like Gecko) Chrome/137.0.7151.103 Mobile Safari/537.36 (compatible; Googlebot/2.1; +http://www.google.com/bot.html)"
66.249.73.235 - - [15/Jul/2025:14:23:58 +0000] "GET /item/aircr12727408/ HTTP/1.1" 200 39739 "-" "Mozilla/5.0 (Linux; Android 6.0.1; Nexus 5X Build/MMB29P) AppleWebKit/537.36 (KHTML, like Gecko) Chrome/137.0.7151.103 Mobile Safari/537.36 (compatible; GoogleOther)"
66.249.73.236 - - [15/Jul/2025:14:23:59 +0000] "POST /get-message-notify HTTP/1.1" 200 39969 "https://cyber-secure.com.au/?e=66665488041000&mod=b4d22bb5&uri=us.php%3Fid%3D2224678-803%26name%3Dfat+bike+28+pollici" "Mozilla/5.0 (Linux; Android 6.0.1; Nexus 5X Build/MMB29P) AppleWebKit/537.36 (KHTML, like Gecko) Chrome/137.0.7151.119 Mobile Safari/537.36 (compatible; Googlebot/2.1; +http://www.google.com/bot.html)"
66.249.73.233 - - [15/Jul/2025:14:24:00 +0000] "POST /get-message-notify HTTP/1.1" 200 40002 "https://cyber-secure.com.au/?e=58300343011000&mod=5f0ad4db&uri=form.php%3Fid%3D1945513-949%26name%3Dpink+leather+look+skirt" "Mozilla/5.0 (Linux; Android 6.0.1; Nexus 5X Build/MMB29P) AppleWebKit/537.36 (KHTML, like Gecko) Chrome/137.0.7151.119 Mobile Safari/537.36 (compatible; Googlebot/2.1; +http://www.google.com/bot.html)"
66.249.73.234 - - [15/Jul/2025:14:24:04 +0000] "GET /?e=58245720111000&mod=43e4e6a6&uri=product.php%3Fid%3D1943689-234%26name%3Dmotorradjacken+textil+damen HTTP/1.1" 200 39880 "-" "Mozilla/5.0 (Linux; Android 6.0.1; Nexus 5X Build/MMB29P) AppleWebKit/537.36 (KHTML, like Gecko) Chrome/137.0.7151.103 Mobile Safari/537.36 (compatible; Googlebot/2.1; +http://www.google.com/bot.html)"
66.249.73.235 - - [15/Jul/2025:14:24:05 +0000] "GET /item/rust72311382/ HTTP/1.1" 200 40512 "-" "Mozilla/5.0 (Linux; Android 6.0.1; Nexus 5X Build/MMB29P) AppleWebKit/537.36 (KHTML, like Gecko) Chrome/137.0.7151.103 Mobile Safari/537.36 (compatible; GoogleOther)"
66.249.73.233 - - [15/Jul/2025:14:24:08 +0000] "GET /item/like11912696/ HTTP/1.1" 200 41140 "-" "Mozilla/5.0 (Linux; Android 6.0.1; Nexus 5X Build/MMB29P) AppleWebKit/537.36 (KHTML, like Gecko) Chrome/137.0.7151.103 Mobile Safari/537.36 (compatible; GoogleOther)"
66.249.73.233 - - [15/Jul/2025:14:24:09 +0000] "GET /?e=58244280031000&mod=43e4e6a6&uri=form.php%3Fid%3D1943641-234%26name%3Dcolumbia+powder+pass+jacke HTTP/1.1" 200 39989 "-" "Mozilla/5.0 (Linux; Android 6.0.1; Nexus 5X Build/MMB29P) AppleWebKit/537.36 (KHTML, like Gecko) Chrome/137.0.7151.103 Mobile Safari/537.36 (compatible; Googlebot/2.1; +http://www.google.com/bot.html)"
66.249.73.233 - - [15/Jul/2025:14:24:13 +0000] "GET /?e=58241062051000&mod=43e4e6a6&uri=shared.php%3Fid%3D1943533-234%26name%3Dfrauen+motorrad+jacken HTTP/1.1" 200 39972 "-" "Mozilla/5.0 (Linux; Android 6.0.1; Nexus 5X Build/MMB29P) AppleWebKit/537.36 (KHTML, like Gecko) Chrome/137.0.7151.103 Mobile Safari/537.36 (compatible; Googlebot/2.1; +http://www.google.com/bot.html)"
66.249.73.233 - - [15/Jul/2025:14:24:14 +0000] "GET /item/not21212345/ HTTP/1.1" 200 40033 "-" "Mozilla/5.0 (Linux; Android 6.0.1; Nexus 5X Build/MMB29P) AppleWebKit/537.36 (KHTML, like Gecko) Chrome/137.0.7151.103 Mobile Safari/537.36 (compatible; GoogleOther)"
66.249.73.233 - - [15/Jul/2025:14:24:17 +0000] "GET /?e=58246260091000&mod=619205da&uri=article.php%3Fid%3D1943707-233%26name%3Dpantalones+militares+hombre+chile HTTP/1.1" 200 39947 "-" "Mozilla/5.0 (Linux; Android 6.0.1; Nexus 5X Build/MMB29P) AppleWebKit/537.36 (KHTML, like Gecko) Chrome/137.0.7151.103 Mobile Safari/537.36 (compatible; Googlebot/2.1; +http://www.google.com/bot.html)"
66.249.73.233 - - [15/Jul/2025:14:24:18 +0000] "GET /?e=58246080031000&mod=43e4e6a6&uri=shop.php%3Fid%3D1943701-234%26name%3Dthe+north+face+gucci+weste+herren HTTP/1.1" 200 40004 "-" "Mozilla/5.0 (Linux; Android 6.0.1; Nexus 5X Build/MMB29P) AppleWebKit/537.36 (KHTML, like Gecko) Chrome/137.0.7151.103 Mobile Safari/537.36 (compatible; Googlebot/2.1; +http://www.google.com/bot.html)"
66.249.73.233 - - [15/Jul/2025:14:24:20 +0000] "GET /item/pierc32709754/ HTTP/1.1" 200 40507 "-" "Mozilla/5.0 (Linux; Android 6.0.1; Nexus 5X Build/MMB29P) AppleWebKit/537.36 (KHTML, like Gecko) Chrome/137.0.7151.103 Mobile Safari/537.36 (compatible; GoogleOther)"
66.249.73.234 - - [15/Jul/2025:14:24:23 +0000] "GET /?e=53123379131000&mod=f4d0e2e7&uri=pin.php%3Fid%3D1772774-520%26name%3Dreebok+nano+amarillo HTTP/1.1" 200 39927 "-" "Mozilla/5.0 (Linux; Android 6.0.1; Nexus 5X Build/MMB29P) AppleWebKit/537.36 (KHTML, like Gecko) Chrome/137.0.7151.103 Mobile Safari/537.36 (compatible; Googlebot/2.1; +http://www.google.com/bot.html)"
66.249.73.233 - - [15/Jul/2025:14:24:23 +0000] "GET /item/expli82297919/ HTTP/1.1" 200 39926 "-" "Mozilla/5.0 (Linux; Android 6.0.1; Nexus 5X Build/MMB29P) AppleWebKit/537.36 (KHTML, like Gecko) Chrome/137.0.7151.103 Mobile Safari/537.36 (compatible; GoogleOther)"
66.249.73.233 - - [15/Jul/2025:14:24:26 +0000] "GET /item/tape52576964/ HTTP/1.1" 200 40539 "-" "Mozilla/5.0 (Linux; Android 6.0.1; Nexus 5X Build/MMB29P) AppleWebKit/537.36 (KHTML, like Gecko) Chrome/137.0.7151.103 Mobile Safari/537.36 (compatible; GoogleOther)"
66.249.73.233 - - [15/Jul/2025:14:24:27 +0000] "GET /?e=53049387061000&mod=1abf005e&uri=blog.php%3Fid%3D1770307-738%26name%3Dpyjama+classique+homme HTTP/1.1" 200 40049 "-" "Mozilla/5.0 (Linux; Android 6.0.1; Nexus 5X Build/MMB29P) AppleWebKit/537.36 (KHTML, like Gecko) Chrome/137.0.7151.103 Mobile Safari/537.36 (compatible; Googlebot/2.1; +http://www.google.com/bot.html)"
66.249.73.234 - - [15/Jul/2025:14:24:28 +0000] "GET /?e=58307903051000&mod=5f0ad4db&uri=blog.php%3Fid%3D1945765-949%26name%3Dwomens+ski+jackets HTTP/1.1" 200 39860 "-" "Mozilla/5.0 (Linux; Android 6.0.1; Nexus 5X Build/MMB29P) AppleWebKit/537.36 (KHTML, like Gecko) Chrome/137.0.7151.103 Mobile Safari/537.36 (compatible; Googlebot/2.1; +http://www.google.com/bot.html)"
66.249.73.233 - - [15/Jul/2025:14:24:30 +0000] "GET /?e=58303103091000&mod=5f0ad4db&uri=category-info.php%3Fid%3D1945605-949%26name%3Dski+vests HTTP/1.1" 200 40003 "-" "Mozilla/5.0 (Linux; Android 6.0.1; Nexus 5X Build/MMB29P) AppleWebKit/537.36 (KHTML, like Gecko) Chrome/137.0.7151.103 Mobile Safari/537.36 (compatible; Googlebot/2.1; +http://www.google.com/bot.html)"
66.249.73.234 - - [15/Jul/2025:14:24:31 +0000] "GET /?e=58300703051000&mod=5f0ad4db&uri=brands.php%3Fid%3D1945525-949%26name%3Dladies+purses+with+rfid+protection HTTP/1.1" 200 39980 "-" "Mozilla/5.0 (Linux; Android 6.0.1; Nexus 5X Build/MMB29P) AppleWebKit/537.36 (KHTML, like Gecko) Chrome/137.0.7151.103 Mobile Safari/537.36 (compatible; Googlebot/2.1; +http://www.google.com/bot.html)"
66.249.73.233 - - [15/Jul/2025:14:24:33 +0000] "GET /item/mask52370180/ HTTP/1.1" 200 39694 "-" "Mozilla/5.0 (Linux; Android 6.0.1; Nexus 5X Build/MMB29P) AppleWebKit/537.36 (KHTML, like Gecko) Chrome/137.0.7151.103 Mobile Safari/537.36 (compatible; GoogleOther)"
66.249.73.233 - - [15/Jul/2025:14:24:33 +0000] "GET /?e=58308203091000&mod=5f0ad4db&uri=category-info.php%3Fid%3D1945775-949%26name%3Dessential+ski+equipment HTTP/1.1" 200 39921 "-" "Mozilla/5.0 (Linux; Android 6.0.1; Nexus 5X Build/MMB29P) AppleWebKit/537.36 (KHTML, like Gecko) Chrome/137.0.7151.103 Mobile Safari/537.36 (compatible; Googlebot/2.1; +http://www.google.com/bot.html)"
66.249.73.234 - - [15/Jul/2025:14:24:34 +0000] "POST /get-message-notify HTTP/1.1" 200 40079 "https://cyber-secure.com.au/?e=119443895011000&mod=731309c4&uri=brands.php%3Fid%3D3986209-321%26name%3Dblockhead+labs" "Mozilla/5.0 (Linux; Android 6.0.1; Nexus 5X Build/MMB29P) AppleWebKit/537.36 (KHTML, like Gecko) Chrome/137.0.7151.119 Mobile Safari/537.36 (compatible; Googlebot/2.1; +http://www.google.com/bot.html)"
66.249.73.234 - - [15/Jul/2025:14:24:35 +0000] "GET /?e=24382668031000&mod=b4d22bb5&uri=category-info.php%3Fid%3D813819-803%26name%3Druota+20+pollici+freno+a+disco HTTP/1.1" 200 39966 "-" "Mozilla/5.0 (Linux; Android 6.0.1; Nexus 5X Build/MMB29P) AppleWebKit/537.36 (KHTML, like Gecko) Chrome/137.0.7151.103 Mobile Safari/537.36 (compatible; Googlebot/2.1; +http://www.google.com/bot.html)"
66.249.73.234 - - [15/Jul/2025:14:24:36 +0000] "GET /?e=58315403041000&mod=c850371f&uri=search.php%3Fid%3D1946015-127%26name%3Dgalaxy+a51+qi+charging HTTP/1.1" 200 39922 "-" "Mozilla/5.0 (Linux; Android 6.0.1; Nexus 5X Build/MMB29P) AppleWebKit/537.36 (KHTML, like Gecko) Chrome/137.0.7151.103 Mobile Safari/537.36 (compatible; Googlebot/2.1; +http://www.google.com/bot.html)"
66.249.73.235 - - [15/Jul/2025:14:24:39 +0000] "GET /item/altit42782099/ HTTP/1.1" 200 40178 "-" "Mozilla/5.0 (Linux; Android 6.0.1; Nexus 5X Build/MMB29P) AppleWebKit/537.36 (KHTML, like Gecko) Chrome/137.0.7151.103 Mobile Safari/537.36 (compatible; GoogleOther)"
66.249.73.235 - - [15/Jul/2025:14:24:42 +0000] "POST /get-message-notify HTTP/1.1" 200 40083 "https://cyber-secure.com.au/?e=58315403041000&mod=c850371f&uri=search.php%3Fid%3D1946015-127%26name%3Dgalaxy+a51+qi+charging" "Mozilla/5.0 (Linux; Android 6.0.1; Nexus 5X Build/MMB29P) AppleWebKit/537.36 (KHTML, like Gecko) Chrome/137.0.7151.119 Mobile Safari/537.36 (compatible; Googlebot/2.1; +http://www.google.com/bot.html)"
66.249.73.234 - - [15/Jul/2025:14:24:43 +0000] "GET /?e=58313903091000&mod=c850371f&uri=blog.php%3Fid%3D1945965-127%26name%3Dweather+guard+cup+holder+for+cell+phone HTTP/1.1" 200 39867 "-" "Mozilla/5.0 (Linux; Android 6.0.1; Nexus 5X Build/MMB29P) AppleWebKit/537.36 (KHTML, like Gecko) Chrome/137.0.7151.103 Mobile Safari/537.36 (compatible; Googlebot/2.1; +http://www.google.com/bot.html)"
66.249.73.234 - - [15/Jul/2025:14:24:44 +0000] "GET /?e=58312403091000&mod=5f0ad4db&uri=dp.php%3Fid%3D1945915-949%26name%3Dlavender+leather+skirt HTTP/1.1" 200 39998 "-" "Mozilla/5.0 (Linux; Android 6.0.1; Nexus 5X Build/MMB29P) AppleWebKit/537.36 (KHTML, like Gecko) Chrome/137.0.7151.103 Mobile Safari/537.36 (compatible; Googlebot/2.1; +http://www.google.com/bot.html)"
66.249.73.235 - - [15/Jul/2025:14:24:45 +0000] "GET /?e=58164153001000&mod=f2bff080&uri=info.php%3Fid%3D1940966-338%26name%3Dcanada+goose+heren+jas+chilliwack+bomber+donkerblauw HTTP/1.1" 200 39967 "-" "Mozilla/5.0 (Linux; Android 6.0.1; Nexus 5X Build/MMB29P) AppleWebKit/537.36 (KHTML, like Gecko) Chrome/137.0.7151.103 Mobile Safari/537.36 (compatible; Googlebot/2.1; +http://www.google.com/bot.html)"
66.249.73.235 - - [15/Jul/2025:14:24:46 +0000] "GET /item/wound52577260/ HTTP/1.1" 200 39976 "-" "Mozilla/5.0 (Linux; Android 6.0.1; Nexus 5X Build/MMB29P) AppleWebKit/537.36 (KHTML, like Gecko) Chrome/137.0.7151.103 Mobile Safari/537.36 (compatible; GoogleOther)"
66.249.73.233 - - [15/Jul/2025:14:24:47 +0000] "POST /get-message-notify HTTP/1.1" 200 39987 "https://cyber-secure.com.au/?e=24382668031000&mod=b4d22bb5&uri=category-info.php%3Fid%3D813819-803%26name%3Druota+20+pollici+freno+a+disco" "Mozilla/5.0 (Linux; Android 6.0.1; Nexus 5X Build/MMB29P) AppleWebKit/537.36 (KHTML, like Gecko) Chrome/137.0.7151.119 Mobile Safari/537.36 (compatible; Googlebot/2.1; +http://www.google.com/bot.html)"
66.249.73.233 - - [15/Jul/2025:14:24:52 +0000] "GET /?e=58304303091000&mod=5f0ad4db&uri=article.php%3Fid%3D1945645-949%26name%3Dmock+up+jacket HTTP/1.1" 200 39899 "-" "Mozilla/5.0 (Linux; Android 6.0.1; Nexus 5X Build/MMB29P) AppleWebKit/537.36 (KHTML, like Gecko) Chrome/137.0.7151.103 Mobile Safari/537.36 (compatible; Googlebot/2.1; +http://www.google.com/bot.html)"
66.249.73.233 - - [15/Jul/2025:14:24:52 +0000] "GET /item/if40956043/ HTTP/1.1" 200 41277 "-" "Mozilla/5.0 (Linux; Android 6.0.1; Nexus 5X Build/MMB29P) AppleWebKit/537.36 (KHTML, like Gecko) Chrome/137.0.7151.103 Mobile Safari/537.36 (compatible; GoogleOther)"
66.249.73.234 - - [15/Jul/2025:14:24:53 +0000] "GET /?e=58308803041000&mod=5f0ad4db&uri=shared.php%3Fid%3D1945795-949%26name%3Dbriko+ski+race+helmets HTTP/1.1" 200 39924 "-" "Mozilla/5.0 (Linux; Android 6.0.1; Nexus 5X Build/MMB29P) AppleWebKit/537.36 (KHTML, like Gecko) Chrome/137.0.7151.103 Mobile Safari/537.36 (compatible; Googlebot/2.1; +http://www.google.com/bot.html)"
66.249.73.234 - - [15/Jul/2025:14:24:57 +0000] "POST /get-message-notify HTTP/1.1" 200 40020 "https://cyber-secure.com.au/?e=58312403091000&mod=5f0ad4db&uri=dp.php%3Fid%3D1945915-949%26name%3Dlavender+leather+skirt" "Mozilla/5.0 (Linux; Android 6.0.1; Nexus 5X Build/MMB29P) AppleWebKit/537.36 (KHTML, like Gecko) Chrome/137.0.7151.119 Mobile Safari/537.36 (compatible; Googlebot/2.1; +http://www.google.com/bot.html)"
66.249.73.235 - - [15/Jul/2025:14:24:58 +0000] "POST /get-message-notify HTTP/1.1" 200 39939 "https://cyber-secure.com.au/?e=58308203091000&mod=5f0ad4db&uri=category-info.php%3Fid%3D1945775-949%26name%3Dessential+ski+equipment" "Mozilla/5.0 (Linux; Android 6.0.1; Nexus 5X Build/MMB29P) AppleWebKit/537.36 (KHTML, like Gecko) Chrome/137.0.7151.119 Mobile Safari/537.36 (compatible; Googlebot/2.1; +http://www.google.com/bot.html)"
66.249.73.234 - - [15/Jul/2025:14:24:59 +0000] "GET /item/achie60441101/ HTTP/1.1" 200 39912 "-" "Mozilla/5.0 (Linux; Android 6.0.1; Nexus 5X Build/MMB29P) AppleWebKit/537.36 (KHTML, like Gecko) Chrome/137.0.7151.103 Mobile Safari/537.36 (compatible; GoogleOther)"
66.249.73.235 - - [15/Jul/2025:14:25:00 +0000] "GET /?e=58318403011000&mod=c850371f&uri=goods.php%3Fid%3D1946115-127%26name%3Dyootech+wireless+charging+stand HTTP/1.1" 200 39922 "-" "Mozilla/5.0 (Linux; Android 6.0.1; Nexus 5X Build/MMB29P) AppleWebKit/537.36 (KHTML, like Gecko) Chrome/137.0.7151.103 Mobile Safari/537.36 (compatible; Googlebot/2.1; +http://www.google.com/bot.html)"
66.249.73.235 - - [15/Jul/2025:14:25:01 +0000] "GET /?e=58315703041000&mod=22fb0cee&uri=product.php%3Fid%3D1946025-87%26name%3Dbetafpv+gopro+lite+case+v2 HTTP/1.1" 200 39991 "-" "Mozilla/5.0 (Linux; Android 6.0.1; Nexus 5X Build/MMB29P) AppleWebKit/537.36 (KHTML, like Gecko) Chrome/137.0.7151.103 Mobile Safari/537.36 (compatible; Googlebot/2.1; +http://www.google.com/bot.html)"
66.249.73.233 - - [15/Jul/2025:14:25:02 +0000] "GET /item/garde62744773/ HTTP/1.1" 200 40122 "-" "Mozilla/5.0 (Linux; Android 6.0.1; Nexus 5X Build/MMB29P) AppleWebKit/537.36 (KHTML, like Gecko) Chrome/137.0.7151.103 Mobile Safari/537.36 (compatible; GoogleOther)"
66.249.73.233 - - [15/Jul/2025:14:25:05 +0000] "GET /item/death20132145/ HTTP/1.1" 200 40872 "-" "Mozilla/5.0 (Linux; Android 6.0.1; Nexus 5X Build/MMB29P) AppleWebKit/537.36 (KHTML, like Gecko) Chrome/137.0.7151.103 Mobile Safari/537.36 (compatible; GoogleOther)"
66.249.73.233 - - [15/Jul/2025:14:25:08 +0000] "GET /item/workm61854629/ HTTP/1.1" 200 40007 "-" "Mozilla/5.0 (Linux; Android 6.0.1; Nexus 5X Build/MMB29P) AppleWebKit/537.36 (KHTML, like Gecko) Chrome/137.0.7151.103 Mobile Safari/537.36 (compatible; GoogleOther)"
66.249.73.233 - - [15/Jul/2025:14:25:14 +0000] "GET /?e=58295603041000&mod=5f0ad4db&uri=category-info.php%3Fid%3D1945355-949%26name%3Dstyling+mom+jeans+in+winter HTTP/1.1" 200 39821 "-" "Mozilla/5.0 (Linux; Android 6.0.1; Nexus 5X Build/MMB29P) AppleWebKit/537.36 (KHTML, like Gecko) Chrome/137.0.7151.103 Mobile Safari/537.36 (compatible; Googlebot/2.1; +http://www.google.com/bot.html)"
66.249.73.233 - - [15/Jul/2025:14:25:14 +0000] "GET /item/grant50445892/ HTTP/1.1" 200 39882 "-" "Mozilla/5.0 (Linux; Android 6.0.1; Nexus 5X Build/MMB29P) AppleWebKit/537.36 (KHTML, like Gecko) Chrome/137.0.7151.103 Mobile Safari/537.36 (compatible; GoogleOther)"
66.249.73.233 - - [15/Jul/2025:14:25:17 +0000] "GET /item/itali30390922/ HTTP/1.1" 200 40112 "-" "Mozilla/5.0 (Linux; Android 6.0.1; Nexus 5X Build/MMB29P) AppleWebKit/537.36 (KHTML, like Gecko) Chrome/137.0.7151.103 Mobile Safari/537.36 (compatible; GoogleOther)"
66.249.73.233 - - [15/Jul/2025:14:25:18 +0000] "GET /?e=58299203091000&mod=5f0ad4db&uri=article.php%3Fid%3D1945475-949%26name%3Dsoftshell+polar HTTP/1.1" 200 39938 "-" "Mozilla/5.0 (Linux; Android 6.0.1; Nexus 5X Build/MMB29P) AppleWebKit/537.36 (KHTML, like Gecko) Chrome/137.0.7151.103 Mobile Safari/537.36 (compatible; Googlebot/2.1; +http://www.google.com/bot.html)"
66.249.73.233 - - [15/Jul/2025:14:25:19 +0000] "GET /?e=58295903011000&mod=5f0ad4db&uri=product.php%3Fid%3D1945365-949%26name%3Dcap+jeans+jacket HTTP/1.1" 200 39912 "-" "Mozilla/5.0 (Linux; Android 6.0.1; Nexus 5X Build/MMB29P) AppleWebKit/537.36 (KHTML, like Gecko) Chrome/137.0.7151.103 Mobile Safari/537.36 (compatible; Googlebot/2.1; +http://www.google.com/bot.html)"
66.249.73.233 - - [15/Jul/2025:14:25:22 +0000] "POST /get-message-notify HTTP/1.1" 200 40197 "https://cyber-secure.com.au/?e=58299203091000&mod=5f0ad4db&uri=article.php%3Fid%3D1945475-949%26name%3Dsoftshell+polar" "Mozilla/5.0 (Linux; Android 6.0.1; Nexus 5X Build/MMB29P) AppleWebKit/537.36 (KHTML, like Gecko) Chrome/137.0.7151.119 Mobile Safari/537.36 (compatible; Googlebot/2.1; +http://www.google.com/bot.html)"
66.249.73.234 - - [15/Jul/2025:14:25:23 +0000] "GET /item/exist82034919/ HTTP/1.1" 200 40623 "-" "Mozilla/5.0 (Linux; Android 6.0.1; Nexus 5X Build/MMB29P) AppleWebKit/537.36 (KHTML, like Gecko) Chrome/137.0.7151.103 Mobile Safari/537.36 (compatible; GoogleOther)"
66.249.73.234 - - [15/Jul/2025:14:25:26 +0000] "GET /?e=58313303051000&mod=5f0ad4db&uri=us.php%3Fid%3D1945945-949%26name%3Dski+equipment+packages+deals HTTP/1.1" 200 40021 "-" "Mozilla/5.0 (Linux; Android 6.0.1; Nexus 5X Build/MMB29P) AppleWebKit/537.36 (KHTML, like Gecko) Chrome/137.0.7151.103 Mobile Safari/537.36 (compatible; Googlebot/2.1; +http://www.google.com/bot.html)"
66.249.73.234 - - [15/Jul/2025:14:25:28 +0000] "GET /?e=58305503031000&mod=5f0ad4db&uri=article.php%3Fid%3D1945685-949%26name%3Dhelly+hansen+force+pants HTTP/1.1" 200 39996 "-" "Mozilla/5.0 (Linux; Android 6.0.1; Nexus 5X Build/MMB29P) AppleWebKit/537.36 (KHTML, like Gecko) Chrome/137.0.7151.103 Mobile Safari/537.36 (compatible; Googlebot/2.1; +http://www.google.com/bot.html)"
66.249.73.234 - - [15/Jul/2025:14:25:28 +0000] "POST /get-message-notify HTTP/1.1" 200 39951 "https://cyber-secure.com.au/?e=58304303091000&mod=5f0ad4db&uri=article.php%3Fid%3D1945645-949%26name%3Dmock+up+jacket" "Mozilla/5.0 (Linux; Android 6.0.1; Nexus 5X Build/MMB29P) AppleWebKit/537.36 (KHTML, like Gecko) Chrome/137.0.7151.119 Mobile Safari/537.36 (compatible; Googlebot/2.1; +http://www.google.com/bot.html)"
66.249.73.234 - - [15/Jul/2025:14:25:29 +0000] "GET /?e=58306403091000&mod=5f0ad4db&uri=products.php%3Fid%3D1945715-949%26name%3Dnext+leather+look+skirt HTTP/1.1" 200 39915 "-" "Mozilla/5.0 (Linux; Android 6.0.1; Nexus 5X Build/MMB29P) AppleWebKit/537.36 (KHTML, like Gecko) Chrome/137.0.7151.103 Mobile Safari/537.36 (compatible; Googlebot/2.1; +http://www.google.com/bot.html)"
209.74.77.214 - - [15/Jul/2025:14:25:30 +0000] "POST /wp-cron.php?doing_wp_cron=1752589530.7337880134582519531250 HTTP/1.1" 200 - "-" "WordPress/6.8.1; https://cyber-secure.com.au"
66.249.73.233 - - [15/Jul/2025:14:25:30 +0000] "GET /item/ladde70762566/ HTTP/1.1" 200 39851 "-" "Mozilla/5.0 (Linux; Android 6.0.1; Nexus 5X Build/MMB29P) AppleWebKit/537.36 (KHTML, like Gecko) Chrome/137.0.7151.103 Mobile Safari/537.36 (compatible; GoogleOther)"
209.74.77.214 - - [15/Jul/2025:14:25:30 +0000] "POST /wp-admin/admin-ajax.php?action=async_litespeed&nonce=TEji20ICmSzSkMYeMKdP5W0Q4FrDqaNL&litespeed_type=imgoptm HTTP/1.1" 200 21 "-" "WordPress/6.8.1; https://cyber-secure.com.au"
51.222.253.20 - - [15/Jul/2025:14:25:30 +0000] "GET /?e=101768718011000&mod=e0be0edc&uri=itm.php%3Fid%3D3396313-934%26name%3Dbq4626 HTTP/1.1" 200 26108 "-" "Mozilla/5.0 (compatible; AhrefsBot/7.0; +http://ahrefs.com/robot/)"
66.249.73.233 - - [15/Jul/2025:14:25:31 +0000] "GET /?e=58301303011000&mod=5f0ad4db&uri=category-info.php%3Fid%3D1945545-949%26name%3Dleather+skirt+in+store HTTP/1.1" 200 39898 "-" "Mozilla/5.0 (Linux; Android 6.0.1; Nexus 5X Build/MMB29P) AppleWebKit/537.36 (KHTML, like Gecko) Chrome/137.0.7151.103 Mobile Safari/537.36 (compatible; Googlebot/2.1; +http://www.google.com/bot.html)"
66.249.73.233 - - [15/Jul/2025:14:25:32 +0000] "POST /get-message-notify HTTP/1.1" 200 40057 "https://cyber-secure.com.au/?e=58295603041000&mod=5f0ad4db&uri=category-info.php%3Fid%3D1945355-949%26name%3Dstyling+mom+jeans+in+winter" "Mozilla/5.0 (Linux; Android 6.0.1; Nexus 5X Build/MMB29P) AppleWebKit/537.36 (KHTML, like Gecko) Chrome/137.0.7151.119 Mobile Safari/537.36 (compatible; Googlebot/2.1; +http://www.google.com/bot.html)"
66.249.73.234 - - [15/Jul/2025:14:25:33 +0000] "GET /item/heada20809681/ HTTP/1.1" 200 39971 "-" "Mozilla/5.0 (Linux; Android 6.0.1; Nexus 5X Build/MMB29P) AppleWebKit/537.36 (KHTML, like Gecko) Chrome/137.0.7151.103 Mobile Safari/537.36 (compatible; GoogleOther)"
66.249.73.233 - - [15/Jul/2025:14:25:35 +0000] "GET /?e=58317503041000&mod=c850371f&uri=news.php%3Fid%3D1946085-127%26name%3Dbest+buy+phone+cup+holder HTTP/1.1" 200 39966 "-" "Mozilla/5.0 (Linux; Android 6.0.1; Nexus 5X Build/MMB29P) AppleWebKit/537.36 (KHTML, like Gecko) Chrome/137.0.7151.103 Mobile Safari/537.36 (compatible; Googlebot/2.1; +http://www.google.com/bot.html)"
66.249.73.233 - - [15/Jul/2025:14:25:36 +0000] "GET /item/fix61648309/ HTTP/1.1" 200 39927 "-" "Mozilla/5.0 (Linux; Android 6.0.1; Nexus 5X Build/MMB29P) AppleWebKit/537.36 (KHTML, like Gecko) Chrome/137.0.7151.103 Mobile Safari/537.36 (compatible; GoogleOther)"
66.249.73.233 - - [15/Jul/2025:14:25:37 +0000] "GET /?e=58304003041000&mod=5f0ad4db&uri=products.php%3Fid%3D1945635-949%26name%3Dwashing+snow+gear HTTP/1.1" 200 39903 "-" "Mozilla/5.0 (Linux; Android 6.0.1; Nexus 5X Build/MMB29P) AppleWebKit/537.36 (KHTML, like Gecko) Chrome/137.0.7151.103 Mobile Safari/537.36 (compatible; Googlebot/2.1; +http://www.google.com/bot.html)"
66.249.73.233 - - [15/Jul/2025:14:25:38 +0000] "GET /?e=58311503091000&mod=3c69ccff&uri=products.php%3Fid%3D1945885-635%26name%3Dt+shirt+only+zalando HTTP/1.1" 200 39923 "-" "Mozilla/5.0 (Linux; Android 6.0.1; Nexus 5X Build/MMB29P) AppleWebKit/537.36 (KHTML, like Gecko) Chrome/137.0.7151.103 Mobile Safari/537.36 (compatible; Googlebot/2.1; +http://www.google.com/bot.html)"
66.249.73.233 - - [15/Jul/2025:14:25:42 +0000] "GET /?e=58316303091000&mod=c850371f&uri=shared.php%3Fid%3D1946045-127%26name%3Das+seen+on+tv+car+cup+phone+holder HTTP/1.1" 200 39995 "-" "Mozilla/5.0 (Linux; Android 6.0.1; Nexus 5X Build/MMB29P) AppleWebKit/537.36 (KHTML, like Gecko) Chrome/137.0.7151.103 Mobile Safari/537.36 (compatible; Googlebot/2.1; +http://www.google.com/bot.html)"
66.249.73.234 - - [15/Jul/2025:14:25:43 +0000] "GET /item/respe10662392/ HTTP/1.1" 200 39941 "-" "Mozilla/5.0 (Linux; Android 6.0.1; Nexus 5X Build/MMB29P) AppleWebKit/537.36 (KHTML, like Gecko) Chrome/137.0.7151.103 Mobile Safari/537.36 (compatible; GoogleOther)"
66.249.73.233 - - [15/Jul/2025:14:25:44 +0000] "POST /get-message-notify HTTP/1.1" 200 39955 "https://cyber-secure.com.au/?e=58311503091000&mod=3c69ccff&uri=products.php%3Fid%3D1945885-635%26name%3Dt+shirt+only+zalando" "Mozilla/5.0 (Linux; Android 6.0.1; Nexus 5X Build/MMB29P) AppleWebKit/537.36 (KHTML, like Gecko) Chrome/137.0.7151.119 Mobile Safari/537.36 (compatible; Googlebot/2.1; +http://www.google.com/bot.html)"
66.249.73.233 - - [15/Jul/2025:14:25:47 +0000] "GET /?e=58312703031000&mod=5f0ad4db&uri=products.php%3Fid%3D1945925-949%26name%3Driver+island+pu+skirt HTTP/1.1" 200 39823 "-" "Mozilla/5.0 (Linux; Android 6.0.1; Nexus 5X Build/MMB29P) AppleWebKit/537.36 (KHTML, like Gecko) Chrome/137.0.7151.103 Mobile Safari/537.36 (compatible; Googlebot/2.1; +http://www.google.com/bot.html)"
66.249.73.234 - - [15/Jul/2025:14:25:48 +0000] "GET /?e=58316003051000&mod=5f0ad4db&uri=brands.php%3Fid%3D1946035-949%26name%3Ddidrikson+noor HTTP/1.1" 200 39964 "-" "Mozilla/5.0 (Linux; Android 6.0.1; Nexus 5X Build/MMB29P) AppleWebKit/537.36 (KHTML, like Gecko) Chrome/137.0.7151.103 Mobile Safari/537.36 (compatible; Googlebot/2.1; +http://www.google.com/bot.html)"
66.249.73.235 - - [15/Jul/2025:14:25:49 +0000] "GET /item/requi40344611/ HTTP/1.1" 200 40785 "-" "Mozilla/5.0 (Linux; Android 6.0.1; Nexus 5X Build/MMB29P) AppleWebKit/537.36 (KHTML, like Gecko) Chrome/137.0.7151.103 Mobile Safari/537.36 (compatible; GoogleOther)"
66.249.73.234 - - [15/Jul/2025:14:25:50 +0000] "GET /?e=58138648031000&mod=b4d22bb5&uri=shop.php%3Fid%3D1940114-803%26name%3Dcity+e+bike+giant HTTP/1.1" 200 40001 "-" "Mozilla/5.0 (Linux; Android 6.0.1; Nexus 5X Build/MMB29P) AppleWebKit/537.36 (KHTML, like Gecko) Chrome/137.0.7151.103 Mobile Safari/537.36 (compatible; Googlebot/2.1; +http://www.google.com/bot.html)"
66.249.73.233 - - [15/Jul/2025:14:25:50 +0000] "POST /get-message-notify HTTP/1.1" 200 40092 "https://cyber-secure.com.au/?e=58312703031000&mod=5f0ad4db&uri=products.php%3Fid%3D1945925-949%26name%3Driver+island+pu+skirt" "Mozilla/5.0 (Linux; Android 6.0.1; Nexus 5X Build/MMB29P) AppleWebKit/537.36 (KHTML, like Gecko) Chrome/137.0.7151.119 Mobile Safari/537.36 (compatible; Googlebot/2.1; +http://www.google.com/bot.html)"
66.249.73.234 - - [15/Jul/2025:14:25:55 +0000] "GET /item/plagu71249830/ HTTP/1.1" 200 40614 "-" "Mozilla/5.0 (Linux; Android 6.0.1; Nexus 5X Build/MMB29P) AppleWebKit/537.36 (KHTML, like Gecko) Chrome/137.0.7151.103 Mobile Safari/537.36 (compatible; GoogleOther)"
66.249.73.234 - - [15/Jul/2025:14:25:56 +0000] "GET /?e=58139968021000&mod=b4d22bb5&uri=blog.php%3Fid%3D1940158-803%26name%3Dfocus+bold+recensione HTTP/1.1" 200 40063 "-" "Mozilla/5.0 (Linux; Android 6.0.1; Nexus 5X Build/MMB29P) AppleWebKit/537.36 (KHTML, like Gecko) Chrome/137.0.7151.103 Mobile Safari/537.36 (compatible; Googlebot/2.1; +http://www.google.com/bot.html)"
66.249.73.235 - - [15/Jul/2025:14:26:00 +0000] "GET /?e=23444108051000&mod=b4d22bb5&uri=info.php%3Fid%3D782513-803%26name%3Dbianchi+bici+city HTTP/1.1" 200 39950 "-" "Mozilla/5.0 (Linux; Android 6.0.1; Nexus 5X Build/MMB29P) AppleWebKit/537.36 (KHTML, like Gecko) Chrome/137.0.7151.103 Mobile Safari/537.36 (compatible; Googlebot/2.1; +http://www.google.com/bot.html)"
66.249.73.235 - - [15/Jul/2025:14:26:02 +0000] "GET /item/earne71975366/ HTTP/1.1" 200 40770 "-" "Mozilla/5.0 (Linux; Android 6.0.1; Nexus 5X Build/MMB29P) AppleWebKit/537.36 (KHTML, like Gecko) Chrome/137.0.7151.103 Mobile Safari/537.36 (compatible; GoogleOther)"
66.249.73.235 - - [15/Jul/2025:14:26:02 +0000] "GET /?e=58210525031000&mod=15134fab&uri=shared.php%3Fid%3D1942515-1348%26name%3Dmaster+forge+smoker+parts HTTP/1.1" 200 39929 "-" "Mozilla/5.0 (Linux; Android 6.0.1; Nexus 5X Build/MMB29P) AppleWebKit/537.36 (KHTML, like Gecko) Chrome/137.0.7151.103 Mobile Safari/537.36 (compatible; Googlebot/2.1; +http://www.google.com/bot.html)"
66.249.73.234 - - [15/Jul/2025:14:26:03 +0000] "POST /get-message-notify HTTP/1.1" 200 39980 "https://cyber-secure.com.au/?e=23444108051000&mod=b4d22bb5&uri=info.php%3Fid%3D782513-803%26name%3Dbianchi+bici+city" "Mozilla/5.0 (Linux; Android 6.0.1; Nexus 5X Build/MMB29P) AppleWebKit/537.36 (KHTML, like Gecko) Chrome/137.0.7151.119 Mobile Safari/537.36 (compatible; Googlebot/2.1; +http://www.google.com/bot.html)"
66.249.73.233 - - [15/Jul/2025:14:26:05 +0000] "GET /item/namel71718398/ HTTP/1.1" 200 40991 "-" "Mozilla/5.0 (Linux; Android 6.0.1; Nexus 5X Build/MMB29P) AppleWebKit/537.36 (KHTML, like Gecko) Chrome/137.0.7151.103 Mobile Safari/537.36 (compatible; GoogleOther)"
66.249.73.234 - - [15/Jul/2025:14:26:08 +0000] "GET /item/sure11893136/ HTTP/1.1" 200 40141 "-" "Mozilla/5.0 (Linux; Android 6.0.1; Nexus 5X Build/MMB29P) AppleWebKit/537.36 (KHTML, like Gecko) Chrome/137.0.7151.103 Mobile Safari/537.36 (compatible; GoogleOther)"
66.249.73.233 - - [15/Jul/2025:14:26:09 +0000] "GET /?e=58139608031000&mod=b4d22bb5&uri=goods.php%3Fid%3D1940146-803%26name%3Dcyberbike+nintendo+wii HTTP/1.1" 200 39847 "-" "Mozilla/5.0 (Linux; Android 6.0.1; Nexus 5X Build/MMB29P) AppleWebKit/537.36 (KHTML, like Gecko) Chrome/137.0.7151.103 Mobile Safari/537.36 (compatible; Googlebot/2.1; +http://www.google.com/bot.html)"
66.249.73.233 - - [15/Jul/2025:14:26:13 +0000] "GET /?e=22922955031000&mod=b4d22bb5&uri=category-info.php%3Fid%3D765131-803%26name%3Dbici+gravel+sotto+i+1000+euro HTTP/1.1" 200 39902 "-" "Mozilla/5.0 (Linux; Android 6.0.1; Nexus 5X Build/MMB29P) AppleWebKit/537.36 (KHTML, like Gecko) Chrome/137.0.7151.103 Mobile Safari/537.36 (compatible; Googlebot/2.1; +http://www.google.com/bot.html)"
66.249.73.233 - - [15/Jul/2025:14:26:14 +0000] "GET /item/dropo72497910/ HTTP/1.1" 200 40095 "-" "Mozilla/5.0 (Linux; Android 6.0.1; Nexus 5X Build/MMB29P) AppleWebKit/537.36 (KHTML, like Gecko) Chrome/137.0.7151.103 Mobile Safari/537.36 (compatible; GoogleOther)"
66.249.73.233 - - [15/Jul/2025:14:26:20 +0000] "GET /item/surpa70738318/ HTTP/1.1" 200 40110 "-" "Mozilla/5.0 (Linux; Android 6.0.1; Nexus 5X Build/MMB29P) AppleWebKit/537.36 (KHTML, like Gecko) Chrome/137.0.7151.103 Mobile Safari/537.36 (compatible; GoogleOther)"
66.249.73.233 - - [15/Jul/2025:14:26:26 +0000] "GET /?e=6005094031000&mod=63bfd6e8&uri=itm.php%3Fid%3D200532-330%26name%3Ddry+fly+dropper+rig HTTP/1.1" 200 39969 "-" "Mozilla/5.0 (Linux; Android 6.0.1; Nexus 5X Build/MMB29P) AppleWebKit/537.36 (KHTML, like Gecko) Chrome/137.0.7151.103 Mobile Safari/537.36 (compatible; Googlebot/2.1; +http://www.google.com/bot.html)"
66.249.73.234 - - [15/Jul/2025:14:26:27 +0000] "GET /?e=58193594011000&mod=da11e8cd&uri=goods.php%3Fid%3D1941950-128%26name%3Dberry+boost+smoothie HTTP/1.1" 200 39880 "-" "Mozilla/5.0 (Linux; Android 6.0.1; Nexus 5X Build/MMB29P) AppleWebKit/537.36 (KHTML, like Gecko) Chrome/137.0.7151.103 Mobile Safari/537.36 (compatible; Googlebot/2.1; +http://www.google.com/bot.html)"
66.249.73.234 - - [15/Jul/2025:14:26:28 +0000] "GET /?e=5961491011000&mod=7de32147&uri=products.php%3Fid%3D199075-344%26name%3Dmens+us+in+women%27s HTTP/1.1" 200 40096 "-" "Mozilla/5.0 (Linux; Android 6.0.1; Nexus 5X Build/MMB29P) AppleWebKit/537.36 (KHTML, like Gecko) Chrome/137.0.7151.103 Mobile Safari/537.36 (compatible; Googlebot/2.1; +http://www.google.com/bot.html)"
66.249.73.233 - - [15/Jul/2025:14:26:29 +0000] "GET /?e=5997190091000&mod=703957b6&uri=form.php%3Fid%3D200268-345%26name%3Dvaqueros+para+muslos+anchos HTTP/1.1" 200 39939 "-" "Mozilla/5.0 (Linux; Android 6.0.1; Nexus 5X Build/MMB29P) AppleWebKit/537.36 (KHTML, like Gecko) Chrome/137.0.7151.103 Mobile Safari/537.36 (compatible; Googlebot/2.1; +http://www.google.com/bot.html)"
66.249.73.233 - - [15/Jul/2025:14:26:30 +0000] "GET /item/cliff60606573/ HTTP/1.1" 200 40142 "-" "Mozilla/5.0 (Linux; Android 6.0.1; Nexus 5X Build/MMB29P) AppleWebKit/537.36 (KHTML, like Gecko) Chrome/137.0.7151.103 Mobile Safari/537.36 (compatible; GoogleOther)"
66.249.73.233 - - [15/Jul/2025:14:26:31 +0000] "GET /?e=6004494061000&mod=63bfd6e8&uri=itm.php%3Fid%3D200512-330%26name%3Dnest+mode+heat+cool HTTP/1.1" 200 39924 "-" "Mozilla/5.0 (Linux; Android 6.0.1; Nexus 5X Build/MMB29P) AppleWebKit/537.36 (KHTML, like Gecko) Chrome/137.0.7151.103 Mobile Safari/537.36 (compatible; Googlebot/2.1; +http://www.google.com/bot.html)"
66.249.73.233 - - [15/Jul/2025:14:26:34 +0000] "POST /get-message-notify HTTP/1.1" 200 39975 "https://cyber-secure.com.au/?e=50511358051000&mod=c255c052&uri=info.php%3Fid%3D1685655-387%26name%3D1999+schwinn+grape+krate+for+sale" "Mozilla/5.0 (Linux; Android 6.0.1; Nexus 5X Build/MMB29P) AppleWebKit/537.36 (KHTML, like Gecko) Chrome/137.0.7151.119 Mobile Safari/537.36 (compatible; Googlebot/2.1; +http://www.google.com/bot.html)"
66.249.73.234 - - [15/Jul/2025:14:26:35 +0000] "GET /?e=5934131021000&mod=643de7cf&uri=shared.php%3Fid%3D198163-342%26name%3Dpilsan+happy+baby+walker HTTP/1.1" 200 40003 "-" "Mozilla/5.0 (Linux; Android 6.0.1; Nexus 5X Build/MMB29P) AppleWebKit/537.36 (KHTML, like Gecko) Chrome/137.0.7151.103 Mobile Safari/537.36 (compatible; Googlebot/2.1; +http://www.google.com/bot.html)"
66.249.73.234 - - [15/Jul/2025:14:26:36 +0000] "GET /item/lumbe80982639/ HTTP/1.1" 200 40118 "-" "Mozilla/5.0 (Linux; Android 6.0.1; Nexus 5X Build/MMB29P) AppleWebKit/537.36 (KHTML, like Gecko) Chrome/137.0.7151.103 Mobile Safari/537.36 (compatible; GoogleOther)"
66.249.73.233 - - [15/Jul/2025:14:26:37 +0000] "GET /?e=6004614021000&mod=63bfd6e8&uri=itm.php%3Fid%3D200516-330%26name%3Dpopp+thermostatic+radiator+valve HTTP/1.1" 200 39923 "-" "Mozilla/5.0 (Linux; Android 6.0.1; Nexus 5X Build/MMB29P) AppleWebKit/537.36 (KHTML, like Gecko) Chrome/137.0.7151.103 Mobile Safari/537.36 (compatible; Googlebot/2.1; +http://www.google.com/bot.html)"
66.249.73.234 - - [15/Jul/2025:14:26:38 +0000] "GET /?e=115109777071000&mod=643de7cf&uri=news.php%3Fid%3D3841633-342%26name%3Dwalmart+baby+walker+in+store HTTP/1.1" 200 39928 "-" "Mozilla/5.0 (Linux; Android 6.0.1; Nexus 5X Build/MMB29P) AppleWebKit/537.36 (KHTML, like Gecko) Chrome/137.0.7151.103 Mobile Safari/537.36 (compatible; Googlebot/2.1; +http://www.google.com/bot.html)"
66.249.73.233 - - [15/Jul/2025:14:26:40 +0000] "GET /?e=6004014021000&mod=63bfd6e8&uri=form.php%3Fid%3D200496-330%26name%3Dreverse+half+wells+grip HTTP/1.1" 200 39904 "-" "Mozilla/5.0 (Linux; Android 6.0.1; Nexus 5X Build/MMB29P) AppleWebKit/537.36 (KHTML, like Gecko) Chrome/137.0.7151.103 Mobile Safari/537.36 (compatible; Googlebot/2.1; +http://www.google.com/bot.html)"
66.249.73.235 - - [15/Jul/2025:14:26:42 +0000] "GET /item/postc71428238/ HTTP/1.1" 200 39913 "-" "Mozilla/5.0 (Linux; Android 6.0.1; Nexus 5X Build/MMB29P) AppleWebKit/537.36 (KHTML, like Gecko) Chrome/137.0.7151.103 Mobile Safari/537.36 (compatible; GoogleOther)"
66.249.73.234 - - [15/Jul/2025:14:26:44 +0000] "GET /?e=5997670101000&mod=703957b6&uri=form.php%3Fid%3D200284-345%26name%3Dpantalon+tejido+para+bebe+crochet HTTP/1.1" 200 39963 "-" "Mozilla/5.0 (Linux; Android 6.0.1; Nexus 5X Build/MMB29P) AppleWebKit/537.36 (KHTML, like Gecko) Chrome/137.0.7151.103 Mobile Safari/537.36 (compatible; Googlebot/2.1; +http://www.google.com/bot.html)"
66.249.73.234 - - [15/Jul/2025:14:26:48 +0000] "GET /?e=6001270001000&mod=63bfd6e8&uri=info.php%3Fid%3D200404-330%26name%3Drig+hook HTTP/1.1" 200 39991 "-" "Mozilla/5.0 (Linux; Android 6.0.1; Nexus 5X Build/MMB29P) AppleWebKit/537.36 (KHTML, like Gecko) Chrome/137.0.7151.103 Mobile Safari/537.36 (compatible; Googlebot/2.1; +http://www.google.com/bot.html)"
66.249.73.234 - - [15/Jul/2025:14:26:48 +0000] "GET /item/benef70210094/ HTTP/1.1" 200 39664 "-" "Mozilla/5.0 (Linux; Android 6.0.1; Nexus 5X Build/MMB29P) AppleWebKit/537.36 (KHTML, like Gecko) Chrome/137.0.7151.103 Mobile Safari/537.36 (compatible; GoogleOther)"
66.249.73.235 - - [15/Jul/2025:14:26:49 +0000] "POST /get-message-notify HTTP/1.1" 200 40009 "https://cyber-secure.com.au/?e=6004614021000&mod=63bfd6e8&uri=itm.php%3Fid%3D200516-330%26name%3Dpopp+thermostatic+radiator+valve" "Mozilla/5.0 (Linux; Android 6.0.1; Nexus 5X Build/MMB29P) AppleWebKit/537.36 (KHTML, like Gecko) Chrome/137.0.7151.119 Mobile Safari/537.36 (compatible; Googlebot/2.1; +http://www.google.com/bot.html)"
66.249.73.234 - - [15/Jul/2025:14:26:50 +0000] "GET /?e=6001510031000&mod=63bfd6e8&uri=dp.php%3Fid%3D200412-330%26name%3Dheatermate+review HTTP/1.1" 200 40011 "-" "Mozilla/5.0 (Linux; Android 6.0.1; Nexus 5X Build/MMB29P) AppleWebKit/537.36 (KHTML, like Gecko) Chrome/137.0.7151.103 Mobile Safari/537.36 (compatible; Googlebot/2.1; +http://www.google.com/bot.html)"
66.249.73.234 - - [15/Jul/2025:14:26:51 +0000] "GET /?e=6003054041000&mod=63bfd6e8&uri=article.php%3Fid%3D200464-330%26name%3Dsabiki+mustad HTTP/1.1" 200 39995 "-" "Mozilla/5.0 (Linux; Android 6.0.1; Nexus 5X Build/MMB29P) AppleWebKit/537.36 (KHTML, like Gecko) Chrome/137.0.7151.103 Mobile Safari/537.36 (compatible; Googlebot/2.1; +http://www.google.com/bot.html)"
66.249.73.234 - - [15/Jul/2025:14:26:53 +0000] "GET /?e=5952371021000&mod=7de32147&uri=shop.php%3Fid%3D198771-344%26name%3Dblade+men+sneakers HTTP/1.1" 200 39853 "-" "Mozilla/5.0 (Linux; Android 6.0.1; Nexus 5X Build/MMB29P) AppleWebKit/537.36 (KHTML, like Gecko) Chrome/137.0.7151.103 Mobile Safari/537.36 (compatible; Googlebot/2.1; +http://www.google.com/bot.html)"
66.249.73.233 - - [15/Jul/2025:14:26:54 +0000] "POST /get-message-notify HTTP/1.1" 200 40055 "https://cyber-secure.com.au/?e=22922955031000&mod=b4d22bb5&uri=category-info.php%3Fid%3D765131-803%26name%3Dbici+gravel+sotto+i+1000+euro" "Mozilla/5.0 (Linux; Android 6.0.1; Nexus 5X Build/MMB29P) AppleWebKit/537.36 (KHTML, like Gecko) Chrome/137.0.7151.119 Mobile Safari/537.36 (compatible; Googlebot/2.1; +http://www.google.com/bot.html)"
66.249.73.235 - - [15/Jul/2025:14:26:55 +0000] "GET /item/wagon70007694/ HTTP/1.1" 200 39967 "-" "Mozilla/5.0 (Linux; Android 6.0.1; Nexus 5X Build/MMB29P) AppleWebKit/537.36 (KHTML, like Gecko) Chrome/137.0.7151.103 Mobile Safari/537.36 (compatible; GoogleOther)"
66.249.73.234 - - [15/Jul/2025:14:26:56 +0000] "GET /?e=5999950111000&mod=63bfd6e8&uri=shop.php%3Fid%3D200360-330%26name%3Dfree+running+method+feeder HTTP/1.1" 200 39954 "-" "Mozilla/5.0 (Linux; Android 6.0.1; Nexus 5X Build/MMB29P) AppleWebKit/537.36 (KHTML, like Gecko) Chrome/137.0.7151.103 Mobile Safari/537.36 (compatible; Googlebot/2.1; +http://www.google.com/bot.html)"
66.249.73.236 - - [15/Jul/2025:14:26:59 +0000] "POST /get-message-notify HTTP/1.1" 200 40031 "https://cyber-secure.com.au/?e=5999950111000&mod=63bfd6e8&uri=shop.php%3Fid%3D200360-330%26name%3Dfree+running+method+feeder" "Mozilla/5.0 (Linux; Android 6.0.1; Nexus 5X Build/MMB29P) AppleWebKit/537.36 (KHTML, like Gecko) Chrome/137.0.7151.119 Mobile Safari/537.36 (compatible; Googlebot/2.1; +http://www.google.com/bot.html)"
66.249.73.235 - - [15/Jul/2025:14:27:01 +0000] "GET /item/tomor10784816/ HTTP/1.1" 200 40464 "-" "Mozilla/5.0 (Linux; Android 6.0.1; Nexus 5X Build/MMB29P) AppleWebKit/537.36 (KHTML, like Gecko) Chrome/137.0.7151.103 Mobile Safari/537.36 (compatible; GoogleOther)"
66.249.73.234 - - [15/Jul/2025:14:27:02 +0000] "GET /?e=6002814021000&mod=63bfd6e8&uri=us.php%3Fid%3D200456-330%26name%3Dpowerbait+dough+bait+mold HTTP/1.1" 200 39961 "-" "Mozilla/5.0 (Linux; Android 6.0.1; Nexus 5X Build/MMB29P) AppleWebKit/537.36 (KHTML, like Gecko) Chrome/137.0.7151.103 Mobile Safari/537.36 (compatible; Googlebot/2.1; +http://www.google.com/bot.html)"
66.249.73.235 - - [15/Jul/2025:14:27:04 +0000] "POST /get-message-notify HTTP/1.1" 200 39979 "https://cyber-secure.com.au/item/relie21581881/" "Mozilla/5.0 (Linux; Android 6.0.1; Nexus 5X Build/MMB29P) AppleWebKit/537.36 (KHTML, like Gecko) Chrome/137.0.7151.119 Mobile Safari/537.36 (compatible; Googlebot/2.1; +http://www.google.com/bot.html)"
66.249.73.234 - - [15/Jul/2025:14:27:05 +0000] "GET /item/graph11959424/ HTTP/1.1" 200 40057 "-" "Mozilla/5.0 (Linux; Android 6.0.1; Nexus 5X Build/MMB29P) AppleWebKit/537.36 (KHTML, like Gecko) Chrome/137.0.7151.103 Mobile Safari/537.36 (compatible; GoogleOther)"
66.249.73.235 - - [15/Jul/2025:14:27:05 +0000] "POST /get-message-notify HTTP/1.1" 200 39958 "https://cyber-secure.com.au/?e=6002814021000&mod=63bfd6e8&uri=us.php%3Fid%3D200456-330%26name%3Dpowerbait+dough+bait+mold" "Mozilla/5.0 (Linux; Android 6.0.1; Nexus 5X Build/MMB29P) AppleWebKit/537.36 (KHTML, like Gecko) Chrome/137.0.7151.119 Mobile Safari/537.36 (compatible; Googlebot/2.1; +http://www.google.com/bot.html)"
66.249.73.235 - - [15/Jul/2025:14:27:08 +0000] "GET /?e=116506959031000&mod=11bcd3c1&uri=pin.php%3Fid%3D3888247-397%26name%3Dariat+flat+toe+boots HTTP/1.1" 200 39942 "-" "Mozilla/5.0 (Linux; Android 6.0.1; Nexus 5X Build/MMB29P) AppleWebKit/537.36 (KHTML, like Gecko) Chrome/137.0.7151.103 Mobile Safari/537.36 (compatible; GoogleOther)"
66.249.73.233 - - [15/Jul/2025:14:27:11 +0000] "GET /item/dilig10206360/ HTTP/1.1" 200 39930 "-" "Mozilla/5.0 (Linux; Android 6.0.1; Nexus 5X Build/MMB29P) AppleWebKit/537.36 (KHTML, like Gecko) Chrome/137.0.7151.103 Mobile Safari/537.36 (compatible; GoogleOther)"
66.249.73.233 - - [15/Jul/2025:14:27:12 +0000] "POST /get-message-notify HTTP/1.1" 200 39947 "https://cyber-secure.com.au/?e=6001510031000&mod=63bfd6e8&uri=dp.php%3Fid%3D200412-330%26name%3Dheatermate+review" "Mozilla/5.0 (Linux; Android 6.0.1; Nexus 5X Build/MMB29P) AppleWebKit/537.36 (KHTML, like Gecko) Chrome/137.0.7151.119 Mobile Safari/537.36 (compatible; Googlebot/2.1; +http://www.google.com/bot.html)"
66.249.73.234 - - [15/Jul/2025:14:27:15 +0000] "GET /?e=5997790141000&mod=703957b6&uri=info.php%3Fid%3D200288-345%26name%3Dropa+americana+en+santa+marta HTTP/1.1" 200 39852 "-" "Mozilla/5.0 (Linux; Android 6.0.1; Nexus 5X Build/MMB29P) AppleWebKit/537.36 (KHTML, like Gecko) Chrome/137.0.7151.103 Mobile Safari/537.36 (compatible; Googlebot/2.1; +http://www.google.com/bot.html)"
66.249.73.233 - - [15/Jul/2025:14:27:17 +0000] "GET /item/state81140743/ HTTP/1.1" 200 39813 "-" "Mozilla/5.0 (Linux; Android 6.0.1; Nexus 5X Build/MMB29P) AppleWebKit/537.36 (KHTML, like Gecko) Chrome/137.0.7151.103 Mobile Safari/537.36 (compatible; GoogleOther)"
66.249.73.233 - - [15/Jul/2025:14:27:20 +0000] "GET /item/achie60069101/ HTTP/1.1" 200 40599 "-" "Mozilla/5.0 (Linux; Android 6.0.1; Nexus 5X Build/MMB29P) AppleWebKit/537.36 (KHTML, like Gecko) Chrome/137.0.7151.103 Mobile Safari/537.36 (compatible; GoogleOther)"
66.249.73.233 - - [15/Jul/2025:14:27:23 +0000] "GET /item/baseb11937472/ HTTP/1.1" 200 39970 "-" "Mozilla/5.0 (Linux; Android 6.0.1; Nexus 5X Build/MMB29P) AppleWebKit/537.36 (KHTML, like Gecko) Chrome/137.0.7151.103 Mobile Safari/537.36 (compatible; GoogleOther)"
66.249.73.234 - - [15/Jul/2025:14:27:24 +0000] "GET /?e=5998990091000&mod=63bfd6e8&uri=shop.php%3Fid%3D200328-330%26name%3Dtandem+rig HTTP/1.1" 200 39948 "-" "Mozilla/5.0 (Linux; Android 6.0.1; Nexus 5X Build/MMB29P) AppleWebKit/537.36 (KHTML, like Gecko) Chrome/137.0.7151.103 Mobile Safari/537.36 (compatible; Googlebot/2.1; +http://www.google.com/bot.html)"
66.249.73.234 - - [15/Jul/2025:14:27:26 +0000] "GET /item/near20284817/ HTTP/1.1" 200 40372 "-" "Mozilla/5.0 (Linux; Android 6.0.1; Nexus 5X Build/MMB29P) AppleWebKit/537.36 (KHTML, like Gecko) Chrome/137.0.7151.103 Mobile Safari/537.36 (compatible; GoogleOther)"
66.249.73.234 - - [15/Jul/2025:14:27:27 +0000] "GET /?e=5998030021000&mod=63bfd6e8&uri=article.php%3Fid%3D200296-330%26name%3Dmethod+feeder+rig+for+carp HTTP/1.1" 200 39861 "-" "Mozilla/5.0 (Linux; Android 6.0.1; Nexus 5X Build/MMB29P) AppleWebKit/537.36 (KHTML, like Gecko) Chrome/137.0.7151.103 Mobile Safari/537.36 (compatible; Googlebot/2.1; +http://www.google.com/bot.html)"
66.249.73.233 - - [15/Jul/2025:14:27:29 +0000] "GET /item/reput10518016/ HTTP/1.1" 200 40207 "-" "Mozilla/5.0 (Linux; Android 6.0.1; Nexus 5X Build/MMB29P) AppleWebKit/537.36 (KHTML, like Gecko) Chrome/137.0.7151.103 Mobile Safari/537.36 (compatible; GoogleOther)"
66.249.73.234 - - [15/Jul/2025:14:27:30 +0000] "POST /get-message-notify HTTP/1.1" 200 39953 "https://cyber-secure.com.au/?e=5998990091000&mod=63bfd6e8&uri=shop.php%3Fid%3D200328-330%26name%3Dtandem+rig" "Mozilla/5.0 (Linux; Android 6.0.1; Nexus 5X Build/MMB29P) AppleWebKit/537.36 (KHTML, like Gecko) Chrome/137.0.7151.119 Mobile Safari/537.36 (compatible; Googlebot/2.1; +http://www.google.com/bot.html)"
66.249.73.234 - - [15/Jul/2025:14:27:34 +0000] "GET /?e=6004134041000&mod=63bfd6e8&uri=products.php%3Fid%3D200500-330%26name%3Dradiator+temp+control HTTP/1.1" 200 39948 "-" "Mozilla/5.0 (Linux; Android 6.0.1; Nexus 5X Build/MMB29P) AppleWebKit/537.36 (KHTML, like Gecko) Chrome/137.0.7151.103 Mobile Safari/537.36 (compatible; Googlebot/2.1; +http://www.google.com/bot.html)"
66.249.73.233 - - [15/Jul/2025:14:27:35 +0000] "GET /item/suspe81894103/ HTTP/1.1" 200 39940 "-" "Mozilla/5.0 (Linux; Android 6.0.1; Nexus 5X Build/MMB29P) AppleWebKit/537.36 (KHTML, like Gecko) Chrome/137.0.7151.103 Mobile Safari/537.36 (compatible; GoogleOther)"
