66.249.73.234 - - [15/Jul/2025:12:36:55 +0000] "POST /get-message-notify HTTP/1.1" 200 40020 "https://cyber-secure.com.au/?e=58239892001000&mod=43e4e6a6&uri=itm.php%3Fid%3D1943494-234%26name%3Dgucci+sweater+grau" "Mozilla/5.0 (Linux; Android 6.0.1; Nexus 5X Build/MMB29P) AppleWebKit/537.36 (KHTML, like Gecko) Chrome/137.0.7151.119 Mobile Safari/537.36 (compatible; Googlebot/2.1; +http://www.google.com/bot.html)"
66.249.73.235 - - [15/Jul/2025:12:36:56 +0000] "GET /?e=58141438091000&mod=b4d22bb5&uri=products.php%3Fid%3D1940207-803%26name%3Doggi+cattura+pro+gx HTTP/1.1" 200 39926 "-" "Mozilla/5.0 (Linux; Android 6.0.1; Nexus 5X Build/MMB29P) AppleWebKit/537.36 (KHTML, like Gecko) Chrome/137.0.7151.103 Mobile Safari/537.36 (compatible; Googlebot/2.1; +http://www.google.com/bot.html)"
66.249.73.233 - - [15/Jul/2025:12:36:57 +0000] "GET /?e=58220692031000&mod=3685227c&uri=search.php%3Fid%3D1942854-1349%26name%3Dwho+are+the+justices HTTP/1.1" 200 39879 "-" "Mozilla/5.0 (Linux; Android 6.0.1; Nexus 5X Build/MMB29P) AppleWebKit/537.36 (KHTML, like Gecko) Chrome/137.0.7151.103 Mobile Safari/537.36 (compatible; Googlebot/2.1; +http://www.google.com/bot.html)"
66.249.73.234 - - [15/Jul/2025:12:36:59 +0000] "GET /item/donat11877632/ HTTP/1.1" 200 39963 "-" "Mozilla/5.0 (Linux; Android 6.0.1; Nexus 5X Build/MMB29P) AppleWebKit/537.36 (KHTML, like Gecko) Chrome/137.0.7151.103 Mobile Safari/537.36 (compatible; GoogleOther)"
66.249.73.233 - - [15/Jul/2025:12:37:00 +0000] "GET /?e=58226092031000&mod=619205da&uri=product.php%3Fid%3D1943034-233%26name%3Dimitacion+eternity+calvin+klein HTTP/1.1" 200 40002 "-" "Mozilla/5.0 (Linux; Android 6.0.1; Nexus 5X Build/MMB29P) AppleWebKit/537.36 (KHTML, like Gecko) Chrome/137.0.7151.103 Mobile Safari/537.36 (compatible; Googlebot/2.1; +http://www.google.com/bot.html)"
66.249.73.234 - - [15/Jul/2025:12:37:01 +0000] "POST /get-message-notify HTTP/1.1" 200 39980 "https://cyber-secure.com.au/?e=58220392081000&mod=15134fab&uri=goods.php%3Fid%3D1942844-1348%26name%3Dprofessional+bbq+smokers" "Mozilla/5.0 (Linux; Android 6.0.1; Nexus 5X Build/MMB29P) AppleWebKit/537.36 (KHTML, like Gecko) Chrome/137.0.7151.119 Mobile Safari/537.36 (compatible; Googlebot/2.1; +http://www.google.com/bot.html)"
66.249.73.234 - - [15/Jul/2025:12:37:02 +0000] "GET /?e=58221592031000&mod=3685227c&uri=info.php%3Fid%3D1942884-1349%26name%3Druth+bader+ginsburg+photo HTTP/1.1" 200 39948 "-" "Mozilla/5.0 (Linux; Android 6.0.1; Nexus 5X Build/MMB29P) AppleWebKit/537.36 (KHTML, like Gecko) Chrome/137.0.7151.103 Mobile Safari/537.36 (compatible; Googlebot/2.1; +http://www.google.com/bot.html)"
66.249.73.234 - - [15/Jul/2025:12:37:03 +0000] "GET /item/natur51980148/ HTTP/1.1" 200 39953 "-" "Mozilla/5.0 (Linux; Android 6.0.1; Nexus 5X Build/MMB29P) AppleWebKit/537.36 (KHTML, like Gecko) Chrome/137.0.7151.103 Mobile Safari/537.36 (compatible; GoogleOther)"
66.249.73.237 - - [15/Jul/2025:12:37:03 +0000] "GET /?e=58222792081000&mod=3685227c&uri=dp.php%3Fid%3D1942924-1349%26name%3Dhigh+court+functions HTTP/1.1" 200 39952 "-" "Mozilla/5.0 (Linux; Android 6.0.1; Nexus 5X Build/MMB29P) AppleWebKit/537.36 (KHTML, like Gecko) Chrome/137.0.7151.103 Mobile Safari/537.36 (compatible; Googlebot/2.1; +http://www.google.com/bot.html)"
66.249.73.233 - - [15/Jul/2025:12:37:05 +0000] "POST /get-message-notify HTTP/1.1" 200 40088 "https://cyber-secure.com.au/?e=58220692031000&mod=3685227c&uri=search.php%3Fid%3D1942854-1349%26name%3Dwho+are+the+justices" "Mozilla/5.0 (Linux; Android 6.0.1; Nexus 5X Build/MMB29P) AppleWebKit/537.36 (KHTML, like Gecko) Chrome/137.0.7151.119 Mobile Safari/537.36 (compatible; Googlebot/2.1; +http://www.google.com/bot.html)"
66.249.73.237 - - [15/Jul/2025:12:37:05 +0000] "GET /?e=58140898011000&mod=b4d22bb5&uri=news.php%3Fid%3D1940189-803%26name%3Dbianchi+oltre+xr4+disc+2022+peso HTTP/1.1" 200 39783 "-" "Mozilla/5.0 (Linux; Android 6.0.1; Nexus 5X Build/MMB29P) AppleWebKit/537.36 (KHTML, like Gecko) Chrome/137.0.7151.103 Mobile Safari/537.36 (compatible; Googlebot/2.1; +http://www.google.com/bot.html)"
66.249.73.236 - - [15/Jul/2025:12:37:06 +0000] "GET /item/stere60570293/ HTTP/1.1" 200 40036 "-" "Mozilla/5.0 (Linux; Android 6.0.1; Nexus 5X Build/MMB29P) AppleWebKit/537.36 (KHTML, like Gecko) Chrome/137.0.7151.103 Mobile Safari/537.36 (compatible; GoogleOther)"
66.249.73.234 - - [15/Jul/2025:12:37:07 +0000] "GET /?e=58141138011000&mod=b4d22bb5&uri=product.php%3Fid%3D1940197-803%26name%3Dhaibike+2022+pwx HTTP/1.1" 200 39936 "-" "Mozilla/5.0 (Linux; Android 6.0.1; Nexus 5X Build/MMB29P) AppleWebKit/537.36 (KHTML, like Gecko) Chrome/137.0.7151.103 Mobile Safari/537.36 (compatible; Googlebot/2.1; +http://www.google.com/bot.html)"
66.249.73.234 - - [15/Jul/2025:12:37:09 +0000] "GET /?e=58220242031000&mod=15134fab&uri=news.php%3Fid%3D1942839-1348%26name%3Delectric+smoker+ratings HTTP/1.1" 200 39929 "-" "Mozilla/5.0 (Linux; Android 6.0.1; Nexus 5X Build/MMB29P) AppleWebKit/537.36 (KHTML, like Gecko) Chrome/137.0.7151.103 Mobile Safari/537.36 (compatible; Googlebot/2.1; +http://www.google.com/bot.html)"
66.249.73.235 - - [15/Jul/2025:12:37:10 +0000] "POST /get-message-notify HTTP/1.1" 200 40017 "https://cyber-secure.com.au/?e=58226092031000&mod=619205da&uri=product.php%3Fid%3D1943034-233%26name%3Dimitacion+eternity+calvin+klein" "Mozilla/5.0 (Linux; Android 6.0.1; Nexus 5X Build/MMB29P) AppleWebKit/537.36 (KHTML, like Gecko) Chrome/137.0.7151.119 Mobile Safari/537.36 (compatible; Googlebot/2.1; +http://www.google.com/bot.html)"
66.249.73.234 - - [15/Jul/2025:12:37:10 +0000] "GET /item/sketc62499573/ HTTP/1.1" 200 41340 "-" "Mozilla/5.0 (Linux; Android 6.0.1; Nexus 5X Build/MMB29P) AppleWebKit/537.36 (KHTML, like Gecko) Chrome/137.0.7151.103 Mobile Safari/537.36 (compatible; GoogleOther)"
66.249.73.234 - - [15/Jul/2025:12:37:11 +0000] "GET /?e=45639450051000&mod=b4d22bb5&uri=shared.php%3Fid%3D1523123-803%26name%3Dyamaha+tracer+700+2019+usata HTTP/1.1" 200 39873 "-" "Mozilla/5.0 (Linux; Android 6.0.1; Nexus 5X Build/MMB29P) AppleWebKit/537.36 (KHTML, like Gecko) Chrome/137.0.7151.103 Mobile Safari/537.36 (compatible; Googlebot/2.1; +http://www.google.com/bot.html)"
66.249.73.234 - - [15/Jul/2025:12:37:13 +0000] "POST /get-message-notify HTTP/1.1" 200 40031 "https://cyber-secure.com.au/?e=58141438091000&mod=b4d22bb5&uri=products.php%3Fid%3D1940207-803%26name%3Doggi+cattura+pro+gx" "Mozilla/5.0 (Linux; Android 6.0.1; Nexus 5X Build/MMB29P) AppleWebKit/537.36 (KHTML, like Gecko) Chrome/137.0.7151.119 Mobile Safari/537.36 (compatible; Googlebot/2.1; +http://www.google.com/bot.html)"
66.249.73.233 - - [15/Jul/2025:12:37:14 +0000] "GET /item/wish50000340/ HTTP/1.1" 200 39990 "-" "Mozilla/5.0 (Linux; Android 6.0.1; Nexus 5X Build/MMB29P) AppleWebKit/537.36 (KHTML, like Gecko) Chrome/137.0.7151.103 Mobile Safari/537.36 (compatible; GoogleOther)"
66.249.73.233 - - [15/Jul/2025:12:37:14 +0000] "POST /get-message-notify HTTP/1.1" 200 40182 "https://cyber-secure.com.au/?e=45639450051000&mod=b4d22bb5&uri=shared.php%3Fid%3D1523123-803%26name%3Dyamaha+tracer+700+2019+usata" "Mozilla/5.0 (Linux; Android 6.0.1; Nexus 5X Build/MMB29P) AppleWebKit/537.36 (KHTML, like Gecko) Chrome/137.0.7151.119 Mobile Safari/537.36 (compatible; Googlebot/2.1; +http://www.google.com/bot.html)"
66.249.73.234 - - [15/Jul/2025:12:37:15 +0000] "GET /?e=58143358131000&mod=b4d22bb5&uri=products.php%3Fid%3D1940271-803%26name%3Dcinelli+vigorelli+prezzo HTTP/1.1" 200 39944 "-" "Mozilla/5.0 (Linux; Android 6.0.1; Nexus 5X Build/MMB29P) AppleWebKit/537.36 (KHTML, like Gecko) Chrome/137.0.7151.103 Mobile Safari/537.36 (compatible; Googlebot/2.1; +http://www.google.com/bot.html)"
66.249.73.233 - - [15/Jul/2025:12:37:16 +0000] "GET /?e=58108738031000&mod=d77314b5&uri=category-info.php%3Fid%3D1939117-1343%26name%3Dair+pillow+for+travel+near+me HTTP/1.1" 200 39965 "-" "Mozilla/5.0 (Linux; Android 6.0.1; Nexus 5X Build/MMB29P) AppleWebKit/537.36 (KHTML, like Gecko) Chrome/137.0.7151.103 Mobile Safari/537.36 (compatible; Googlebot/2.1; +http://www.google.com/bot.html)"
66.249.73.234 - - [15/Jul/2025:12:37:17 +0000] "GET /item/butte80808127/ HTTP/1.1" 200 40450 "-" "Mozilla/5.0 (Linux; Android 6.0.1; Nexus 5X Build/MMB29P) AppleWebKit/537.36 (KHTML, like Gecko) Chrome/137.0.7151.103 Mobile Safari/537.36 (compatible; GoogleOther)"
66.249.73.234 - - [15/Jul/2025:12:37:18 +0000] "GET /?e=58143827051000&mod=b4d22bb5&uri=news.php%3Fid%3D1940287-803%26name%3Dtest+specialized+turbo+creo HTTP/1.1" 200 39926 "-" "Mozilla/5.0 (Linux; Android 6.0.1; Nexus 5X Build/MMB29P) AppleWebKit/537.36 (KHTML, like Gecko) Chrome/137.0.7151.103 Mobile Safari/537.36 (compatible; Googlebot/2.1; +http://www.google.com/bot.html)"
66.249.73.233 - - [15/Jul/2025:12:37:19 +0000] "GET /?e=58223842031000&mod=3685227c&uri=category-info.php%3Fid%3D1942959-1349%26name%3Dtommy+hilfiger+collabs HTTP/1.1" 200 40015 "-" "Mozilla/5.0 (Linux; Android 6.0.1; Nexus 5X Build/MMB29P) AppleWebKit/537.36 (KHTML, like Gecko) Chrome/137.0.7151.103 Mobile Safari/537.36 (compatible; Googlebot/2.1; +http://www.google.com/bot.html)"
66.249.73.234 - - [15/Jul/2025:12:37:20 +0000] "POST /get-message-notify HTTP/1.1" 200 39921 "https://cyber-secure.com.au/?e=58143358131000&mod=b4d22bb5&uri=products.php%3Fid%3D1940271-803%26name%3Dcinelli+vigorelli+prezzo" "Mozilla/5.0 (Linux; Android 6.0.1; Nexus 5X Build/MMB29P) AppleWebKit/537.36 (KHTML, like Gecko) Chrome/137.0.7151.119 Mobile Safari/537.36 (compatible; Googlebot/2.1; +http://www.google.com/bot.html)"
66.249.73.233 - - [15/Jul/2025:12:37:21 +0000] "GET /item/boost41782203/ HTTP/1.1" 200 39626 "-" "Mozilla/5.0 (Linux; Android 6.0.1; Nexus 5X Build/MMB29P) AppleWebKit/537.36 (KHTML, like Gecko) Chrome/137.0.7151.103 Mobile Safari/537.36 (compatible; GoogleOther)"
66.249.73.234 - - [15/Jul/2025:12:37:23 +0000] "POST /get-message-notify HTTP/1.1" 200 40009 "https://cyber-secure.com.au/?e=58143827051000&mod=b4d22bb5&uri=news.php%3Fid%3D1940287-803%26name%3Dtest+specialized+turbo+creo" "Mozilla/5.0 (Linux; Android 6.0.1; Nexus 5X Build/MMB29P) AppleWebKit/537.36 (KHTML, like Gecko) Chrome/137.0.7151.119 Mobile Safari/537.36 (compatible; Googlebot/2.1; +http://www.google.com/bot.html)"
66.249.73.233 - - [15/Jul/2025:12:37:24 +0000] "GET /item/momen50569020/ HTTP/1.1" 200 40337 "-" "Mozilla/5.0 (Linux; Android 6.0.1; Nexus 5X Build/MMB29P) AppleWebKit/537.36 (KHTML, like Gecko) Chrome/137.0.7151.103 Mobile Safari/537.36 (compatible; GoogleOther)"
66.249.73.233 - - [15/Jul/2025:12:37:27 +0000] "GET /item/janua51613124/ HTTP/1.1" 200 40535 "-" "Mozilla/5.0 (Linux; Android 6.0.1; Nexus 5X Build/MMB29P) AppleWebKit/537.36 (KHTML, like Gecko) Chrome/137.0.7151.103 Mobile Safari/537.36 (compatible; GoogleOther)"
66.249.73.235 - - [15/Jul/2025:12:37:28 +0000] "GET /?e=58108948011000&mod=d77314b5&uri=itm.php%3Fid%3D1939124-1343%26name%3Dbest+lower+back+pillow HTTP/1.1" 200 39892 "-" "Mozilla/5.0 (Linux; Android 6.0.1; Nexus 5X Build/MMB29P) AppleWebKit/537.36 (KHTML, like Gecko) Chrome/137.0.7151.103 Mobile Safari/537.36 (compatible; Googlebot/2.1; +http://www.google.com/bot.html)"
66.249.73.233 - - [15/Jul/2025:12:37:29 +0000] "GET /?e=58222642031000&mod=3685227c&uri=shop.php%3Fid%3D1942919-1349%26name%3Djustice+mary+odili HTTP/1.1" 200 40007 "-" "Mozilla/5.0 (Linux; Android 6.0.1; Nexus 5X Build/MMB29P) AppleWebKit/537.36 (KHTML, like Gecko) Chrome/137.0.7151.103 Mobile Safari/537.36 (compatible; Googlebot/2.1; +http://www.google.com/bot.html)"
66.249.73.235 - - [15/Jul/2025:12:37:30 +0000] "GET /?e=58140718051000&mod=b4d22bb5&uri=search.php%3Fid%3D1940183-803%26name%3Dscott+cr1+20+opinioni HTTP/1.1" 200 39946 "-" "Mozilla/5.0 (Linux; Android 6.0.1; Nexus 5X Build/MMB29P) AppleWebKit/537.36 (KHTML, like Gecko) Chrome/137.0.7151.103 Mobile Safari/537.36 (compatible; Googlebot/2.1; +http://www.google.com/bot.html)"
66.249.73.233 - - [15/Jul/2025:12:37:30 +0000] "GET /item/inclu40468531/ HTTP/1.1" 200 40246 "-" "Mozilla/5.0 (Linux; Android 6.0.1; Nexus 5X Build/MMB29P) AppleWebKit/537.36 (KHTML, like Gecko) Chrome/137.0.7151.103 Mobile Safari/537.36 (compatible; GoogleOther)"
66.249.73.234 - - [15/Jul/2025:12:37:31 +0000] "GET /?e=58141168001000&mod=b4d22bb5&uri=product.php%3Fid%3D1940198-803%26name%3Donline+bike+shop+de HTTP/1.1" 200 39889 "-" "Mozilla/5.0 (Linux; Android 6.0.1; Nexus 5X Build/MMB29P) AppleWebKit/537.36 (KHTML, like Gecko) Chrome/137.0.7151.103 Mobile Safari/537.36 (compatible; Googlebot/2.1; +http://www.google.com/bot.html)"
66.249.73.233 - - [15/Jul/2025:12:37:32 +0000] "GET /?e=58311383031000&mod=5f0ad4db&uri=shared.php%3Fid%3D1945881-949%26name%3Deddie+bauer+weather+edge+plus HTTP/1.1" 200 40116 "-" "Mozilla/5.0 (Linux; Android 6.0.1; Nexus 5X Build/MMB29P) AppleWebKit/537.36 (KHTML, like Gecko) Chrome/137.0.7151.103 Mobile Safari/537.36 (compatible; Googlebot/2.1; +http://www.google.com/bot.html)"
66.249.73.236 - - [15/Jul/2025:12:37:33 +0000] "GET /?e=58226392041000&mod=3685227c&uri=brands.php%3Fid%3D1943044-1349%26name%3Dcomme+de+gracon HTTP/1.1" 200 39940 "-" "Mozilla/5.0 (Linux; Android 6.0.1; Nexus 5X Build/MMB29P) AppleWebKit/537.36 (KHTML, like Gecko) Chrome/137.0.7151.103 Mobile Safari/537.36 (compatible; Googlebot/2.1; +http://www.google.com/bot.html)"
66.249.73.235 - - [15/Jul/2025:12:37:33 +0000] "GET /?e=58305683031000&mod=5f0ad4db&uri=pin.php%3Fid%3D1945691-949%26name%3Dwoman+in+black+leather+mini+skirts HTTP/1.1" 200 39838 "-" "Mozilla/5.0 (Linux; Android 6.0.1; Nexus 5X Build/MMB29P) AppleWebKit/537.36 (KHTML, like Gecko) Chrome/137.0.7151.103 Mobile Safari/537.36 (compatible; Googlebot/2.1; +http://www.google.com/bot.html)"
66.249.73.233 - - [15/Jul/2025:12:37:34 +0000] "POST /get-message-notify HTTP/1.1" 200 40010 "https://cyber-secure.com.au/?e=58140718051000&mod=b4d22bb5&uri=search.php%3Fid%3D1940183-803%26name%3Dscott+cr1+20+opinioni" "Mozilla/5.0 (Linux; Android 6.0.1; Nexus 5X Build/MMB29P) AppleWebKit/537.36 (KHTML, like Gecko) Chrome/137.0.7151.119 Mobile Safari/537.36 (compatible; Googlebot/2.1; +http://www.google.com/bot.html)"
66.249.73.235 - - [15/Jul/2025:12:37:35 +0000] "GET /?e=58246500011000&mod=43e4e6a6&uri=article.php%3Fid%3D1943715-234%26name%3Dgucci+pullover+schaf HTTP/1.1" 200 40012 "-" "Mozilla/5.0 (Linux; Android 6.0.1; Nexus 5X Build/MMB29P) AppleWebKit/537.36 (KHTML, like Gecko) Chrome/137.0.7151.103 Mobile Safari/537.36 (compatible; GoogleOther)"
66.249.73.234 - - [15/Jul/2025:12:37:35 +0000] "POST /get-message-notify HTTP/1.1" 200 40082 "https://cyber-secure.com.au/item/decei50450676/" "Mozilla/5.0 (Linux; Android 6.0.1; Nexus 5X Build/MMB29P) AppleWebKit/537.36 (KHTML, like Gecko) Chrome/137.0.7151.119 Mobile Safari/537.36 (compatible; Googlebot/2.1; +http://www.google.com/bot.html)"
66.249.73.236 - - [15/Jul/2025:12:37:37 +0000] "GET /?e=58317083081000&mod=c850371f&uri=article.php%3Fid%3D1946071-127%26name%3Dram+mount+x+grip+amazon HTTP/1.1" 200 39914 "-" "Mozilla/5.0 (Linux; Android 6.0.1; Nexus 5X Build/MMB29P) AppleWebKit/537.36 (KHTML, like Gecko) Chrome/137.0.7151.103 Mobile Safari/537.36 (compatible; Googlebot/2.1; +http://www.google.com/bot.html)"
66.249.73.235 - - [15/Jul/2025:12:37:38 +0000] "GET /item/frida30912202/ HTTP/1.1" 200 40153 "-" "Mozilla/5.0 (Linux; Android 6.0.1; Nexus 5X Build/MMB29P) AppleWebKit/537.36 (KHTML, like Gecko) Chrome/137.0.7151.103 Mobile Safari/537.36 (compatible; GoogleOther)"
66.249.73.233 - - [15/Jul/2025:12:37:39 +0000] "GET /?e=58141198031000&mod=b4d22bb5&uri=shop.php%3Fid%3D1940199-803%26name%3Dkona+kula+26 HTTP/1.1" 200 40003 "-" "Mozilla/5.0 (Linux; Android 6.0.1; Nexus 5X Build/MMB29P) AppleWebKit/537.36 (KHTML, like Gecko) Chrome/137.0.7151.103 Mobile Safari/537.36 (compatible; Googlebot/2.1; +http://www.google.com/bot.html)"
66.249.73.233 - - [15/Jul/2025:12:37:41 +0000] "GET /?e=58221742031000&mod=3685227c&uri=shared.php%3Fid%3D1942889-1349%26name%3Dsupreme+court+decisions+this+week HTTP/1.1" 200 39905 "-" "Mozilla/5.0 (Linux; Android 6.0.1; Nexus 5X Build/MMB29P) AppleWebKit/537.36 (KHTML, like Gecko) Chrome/137.0.7151.103 Mobile Safari/537.36 (compatible; Googlebot/2.1; +http://www.google.com/bot.html)"
66.249.73.235 - - [15/Jul/2025:12:37:41 +0000] "GET /item/libra11133200/ HTTP/1.1" 200 39962 "-" "Mozilla/5.0 (Linux; Android 6.0.1; Nexus 5X Build/MMB29P) AppleWebKit/537.36 (KHTML, like Gecko) Chrome/137.0.7151.103 Mobile Safari/537.36 (compatible; GoogleOther)"
66.249.73.236 - - [15/Jul/2025:12:37:42 +0000] "GET /?e=58225342031000&mod=3685227c&uri=news.php%3Fid%3D1943009-1349%26name%3Dnevada+rules+of+appellate+procedure HTTP/1.1" 200 39936 "-" "Mozilla/5.0 (Linux; Android 6.0.1; Nexus 5X Build/MMB29P) AppleWebKit/537.36 (KHTML, like Gecko) Chrome/137.0.7151.103 Mobile Safari/537.36 (compatible; Googlebot/2.1; +http://www.google.com/bot.html)"
66.249.73.235 - - [15/Jul/2025:12:37:44 +0000] "GET /?e=58316183051000&mod=c850371f&uri=product.php%3Fid%3D1946041-127%26name%3Dmobile+phone+case+with+finger+holder HTTP/1.1" 200 40023 "-" "Mozilla/5.0 (Linux; Android 6.0.1; Nexus 5X Build/MMB29P) AppleWebKit/537.36 (KHTML, like Gecko) Chrome/137.0.7151.103 Mobile Safari/537.36 (compatible; Googlebot/2.1; +http://www.google.com/bot.html)"
66.249.73.237 - - [15/Jul/2025:12:37:45 +0000] "GET /?e=119613340031000&mod=000e82a9&uri=us.php%3Fid%3D3991863-1161%26name%3Dnew+balance+999+white+out HTTP/1.1" 200 39911 "-" "Mozilla/5.0 (Linux; Android 6.0.1; Nexus 5X Build/MMB29P) AppleWebKit/537.36 (KHTML, like Gecko) Chrome/137.0.7151.103 Mobile Safari/537.36 (compatible; Googlebot/2.1; +http://www.google.com/bot.html)"
66.249.73.236 - - [15/Jul/2025:12:37:45 +0000] "GET /item/attor51819796/ HTTP/1.1" 200 40467 "-" "Mozilla/5.0 (Linux; Android 6.0.1; Nexus 5X Build/MMB29P) AppleWebKit/537.36 (KHTML, like Gecko) Chrome/137.0.7151.103 Mobile Safari/537.36 (compatible; GoogleOther)"
66.249.73.234 - - [15/Jul/2025:12:37:46 +0000] "GET /?e=58302083031000&mod=5f0ad4db&uri=shop.php%3Fid%3D1945571-949%26name%3Dleather+corset+crop+top HTTP/1.1" 200 39919 "-" "Mozilla/5.0 (Linux; Android 6.0.1; Nexus 5X Build/MMB29P) AppleWebKit/537.36 (KHTML, like Gecko) Chrome/137.0.7151.103 Mobile Safari/537.36 (compatible; Googlebot/2.1; +http://www.google.com/bot.html)"
66.249.73.235 - - [15/Jul/2025:12:37:47 +0000] "GET /?e=58314983131000&mod=c850371f&uri=goods.php%3Fid%3D1946001-127%26name%3Dcard+holder+with+popsocket HTTP/1.1" 200 39945 "-" "Mozilla/5.0 (Linux; Android 6.0.1; Nexus 5X Build/MMB29P) AppleWebKit/537.36 (KHTML, like Gecko) Chrome/137.0.7151.103 Mobile Safari/537.36 (compatible; Googlebot/2.1; +http://www.google.com/bot.html)"
66.249.73.236 - - [15/Jul/2025:12:37:48 +0000] "GET /?e=58227292081000&mod=619205da&uri=brands.php%3Fid%3D1943074-233%26name%3Dcatalogo+el+corte+ingles+mujer HTTP/1.1" 200 39878 "-" "Mozilla/5.0 (Linux; Android 6.0.1; Nexus 5X Build/MMB29P) AppleWebKit/537.36 (KHTML, like Gecko) Chrome/137.0.7151.103 Mobile Safari/537.36 (compatible; Googlebot/2.1; +http://www.google.com/bot.html)"
66.249.73.234 - - [15/Jul/2025:12:37:49 +0000] "GET /item/moder20116065/ HTTP/1.1" 200 40428 "-" "Mozilla/5.0 (Linux; Android 6.0.1; Nexus 5X Build/MMB29P) AppleWebKit/537.36 (KHTML, like Gecko) Chrome/137.0.7151.103 Mobile Safari/537.36 (compatible; GoogleOther)"
66.249.73.236 - - [15/Jul/2025:12:37:50 +0000] "GET /?e=58225942031000&mod=3685227c&uri=form.php%3Fid%3D1943029-1349%26name%3Dsupreme+court+current+news HTTP/1.1" 200 39967 "-" "Mozilla/5.0 (Linux; Android 6.0.1; Nexus 5X Build/MMB29P) AppleWebKit/537.36 (KHTML, like Gecko) Chrome/137.0.7151.103 Mobile Safari/537.36 (compatible; Googlebot/2.1; +http://www.google.com/bot.html)"
66.249.73.235 - - [15/Jul/2025:12:37:51 +0000] "GET /?e=58305983071000&mod=5f0ad4db&uri=goods.php%3Fid%3D1945701-949%26name%3D80%27s+ski+pants HTTP/1.1" 200 39983 "-" "Mozilla/5.0 (Linux; Android 6.0.1; Nexus 5X Build/MMB29P) AppleWebKit/537.36 (KHTML, like Gecko) Chrome/137.0.7151.103 Mobile Safari/537.36 (compatible; Googlebot/2.1; +http://www.google.com/bot.html)"
66.249.73.233 - - [15/Jul/2025:12:37:52 +0000] "GET /?e=58140988011000&mod=b4d22bb5&uri=form.php%3Fid%3D1940192-803%26name%3Doggi+cattura+pro+t20+gx+2021 HTTP/1.1" 200 39961 "-" "Mozilla/5.0 (Linux; Android 6.0.1; Nexus 5X Build/MMB29P) AppleWebKit/537.36 (KHTML, like Gecko) Chrome/137.0.7151.103 Mobile Safari/537.36 (compatible; Googlebot/2.1; +http://www.google.com/bot.html)"
66.249.73.233 - - [15/Jul/2025:12:37:52 +0000] "POST /get-message-notify HTTP/1.1" 200 40059 "https://cyber-secure.com.au/?e=119613340031000&mod=000e82a9&uri=us.php%3Fid%3D3991863-1161%26name%3Dnew+balance+999+white+out" "Mozilla/5.0 (Linux; Android 6.0.1; Nexus 5X Build/MMB29P) AppleWebKit/537.36 (KHTML, like Gecko) Chrome/137.0.7151.119 Mobile Safari/537.36 (compatible; Googlebot/2.1; +http://www.google.com/bot.html)"
66.249.73.234 - - [15/Jul/2025:12:37:53 +0000] "GET /?e=58127668061000&mod=b4d22bb5&uri=itm.php%3Fid%3D1939748-803%26name%3Dyamaha+r1+yzf+2008 HTTP/1.1" 200 39891 "-" "Mozilla/5.0 (Linux; Android 6.0.1; Nexus 5X Build/MMB29P) AppleWebKit/537.36 (KHTML, like Gecko) Chrome/137.0.7151.103 Mobile Safari/537.36 (compatible; Googlebot/2.1; +http://www.google.com/bot.html)"
66.249.73.238 - - [15/Jul/2025:12:37:54 +0000] "GET /?e=58179824051000&mod=da11e8cd&uri=us.php%3Fid%3D1941491-128%26name%3Dreal+fruit+drinks+near+me HTTP/1.1" 200 39894 "-" "Mozilla/5.0 (Linux; Android 6.0.1; Nexus 5X Build/MMB29P) AppleWebKit/537.36 (KHTML, like Gecko) Chrome/137.0.7151.103 Mobile Safari/537.36 (compatible; Googlebot/2.1; +http://www.google.com/bot.html)"
66.249.73.235 - - [15/Jul/2025:12:37:55 +0000] "GET /item/homel51049692/ HTTP/1.1" 200 40996 "-" "Mozilla/5.0 (Linux; Android 6.0.1; Nexus 5X Build/MMB29P) AppleWebKit/537.36 (KHTML, like Gecko) Chrome/137.0.7151.103 Mobile Safari/537.36 (compatible; GoogleOther)"
66.249.73.233 - - [15/Jul/2025:12:37:55 +0000] "GET /?e=58299683031000&mod=5f0ad4db&uri=news.php%3Fid%3D1945491-949%26name%3Dj317+port+authority HTTP/1.1" 200 39948 "-" "Mozilla/5.0 (Linux; Android 6.0.1; Nexus 5X Build/MMB29P) AppleWebKit/537.36 (KHTML, like Gecko) Chrome/137.0.7151.103 Mobile Safari/537.36 (compatible; Googlebot/2.1; +http://www.google.com/bot.html)"
66.249.73.235 - - [15/Jul/2025:12:37:56 +0000] "POST /get-message-notify HTTP/1.1" 200 40063 "https://cyber-secure.com.au/?e=58316183051000&mod=c850371f&uri=product.php%3Fid%3D1946041-127%26name%3Dmobile+phone+case+with+finger+holder" "Mozilla/5.0 (Linux; Android 6.0.1; Nexus 5X Build/MMB29P) AppleWebKit/537.36 (KHTML, like Gecko) Chrome/137.0.7151.119 Mobile Safari/537.36 (compatible; Googlebot/2.1; +http://www.google.com/bot.html)"
66.249.73.238 - - [15/Jul/2025:12:37:57 +0000] "GET /?e=58154065071000&mod=0ebffb73&uri=blog.php%3Fid%3D1940629-1347%26name%3Dkenzo+eau+de+lumiere+quebec HTTP/1.1" 200 39950 "-" "Mozilla/5.0 (Linux; Android 6.0.1; Nexus 5X Build/MMB29P) AppleWebKit/537.36 (KHTML, like Gecko) Chrome/137.0.7151.103 Mobile Safari/537.36 (compatible; Googlebot/2.1; +http://www.google.com/bot.html)"
66.249.73.238 - - [15/Jul/2025:12:37:58 +0000] "POST /get-message-notify HTTP/1.1" 200 40120 "https://cyber-secure.com.au/?e=58221742031000&mod=3685227c&uri=shared.php%3Fid%3D1942889-1349%26name%3Dsupreme+court+decisions+this+week" "Mozilla/5.0 (Linux; Android 6.0.1; Nexus 5X Build/MMB29P) AppleWebKit/537.36 (KHTML, like Gecko) Chrome/137.0.7151.119 Mobile Safari/537.36 (compatible; Googlebot/2.1; +http://www.google.com/bot.html)"
66.249.73.238 - - [15/Jul/2025:12:37:58 +0000] "GET /?e=58229542031000&mod=619205da&uri=blog.php%3Fid%3D1943149-233%26name%3Dmarca+de+playera+del+cruz+azul HTTP/1.1" 200 39979 "-" "Mozilla/5.0 (Linux; Android 6.0.1; Nexus 5X Build/MMB29P) AppleWebKit/537.36 (KHTML, like Gecko) Chrome/137.0.7151.103 Mobile Safari/537.36 (compatible; Googlebot/2.1; +http://www.google.com/bot.html)"
66.249.73.238 - - [15/Jul/2025:12:37:59 +0000] "GET /?e=58304183031000&mod=5f0ad4db&uri=us.php%3Fid%3D1945641-949%26name%3Dtie+waist+leather+skirt HTTP/1.1" 200 39922 "-" "Mozilla/5.0 (Linux; Android 6.0.1; Nexus 5X Build/MMB29P) AppleWebKit/537.36 (KHTML, like Gecko) Chrome/137.0.7151.103 Mobile Safari/537.36 (compatible; Googlebot/2.1; +http://www.google.com/bot.html)"
66.249.73.237 - - [15/Jul/2025:12:38:00 +0000] "POST /get-message-notify HTTP/1.1" 200 40035 "https://cyber-secure.com.au/?e=58225942031000&mod=3685227c&uri=form.php%3Fid%3D1943029-1349%26name%3Dsupreme+court+current+news" "Mozilla/5.0 (Linux; Android 6.0.1; Nexus 5X Build/MMB29P) AppleWebKit/537.36 (KHTML, like Gecko) Chrome/137.0.7151.119 Mobile Safari/537.36 (compatible; Googlebot/2.1; +http://www.google.com/bot.html)"
66.249.73.234 - - [15/Jul/2025:12:38:01 +0000] "GET /item/what42548803/ HTTP/1.1" 200 41360 "-" "Mozilla/5.0 (Linux; Android 6.0.1; Nexus 5X Build/MMB29P) AppleWebKit/537.36 (KHTML, like Gecko) Chrome/137.0.7151.103 Mobile Safari/537.36 (compatible; GoogleOther)"
66.249.73.233 - - [15/Jul/2025:12:38:02 +0000] "GET /?e=58227442031000&mod=7b7a53e2&uri=brands.php%3Fid%3D1943079-202%26name%3Dgivenchy+antigona+laptop HTTP/1.1" 200 39957 "-" "Mozilla/5.0 (Linux; Android 6.0.1; Nexus 5X Build/MMB29P) AppleWebKit/537.36 (KHTML, like Gecko) Chrome/137.0.7151.103 Mobile Safari/537.36 (compatible; Googlebot/2.1; +http://www.google.com/bot.html)"
66.249.73.236 - - [15/Jul/2025:12:38:02 +0000] "POST /get-message-notify HTTP/1.1" 200 39977 "https://cyber-secure.com.au/?e=58229542031000&mod=619205da&uri=blog.php%3Fid%3D1943149-233%26name%3Dmarca+de+playera+del+cruz+azul" "Mozilla/5.0 (Linux; Android 6.0.1; Nexus 5X Build/MMB29P) AppleWebKit/537.36 (KHTML, like Gecko) Chrome/137.0.7151.119 Mobile Safari/537.36 (compatible; Googlebot/2.1; +http://www.google.com/bot.html)"
66.249.73.235 - - [15/Jul/2025:12:38:04 +0000] "GET /?e=58223242031000&mod=3685227c&uri=search.php%3Fid%3D1942939-1349%26name%3Djudge+thomas+hardiman HTTP/1.1" 200 39899 "-" "Mozilla/5.0 (Linux; Android 6.0.1; Nexus 5X Build/MMB29P) AppleWebKit/537.36 (KHTML, like Gecko) Chrome/137.0.7151.103 Mobile Safari/537.36 (compatible; Googlebot/2.1; +http://www.google.com/bot.html)"
66.249.73.235 - - [15/Jul/2025:12:38:05 +0000] "GET /item/plum31711874/ HTTP/1.1" 200 40028 "-" "Mozilla/5.0 (Linux; Android 6.0.1; Nexus 5X Build/MMB29P) AppleWebKit/537.36 (KHTML, like Gecko) Chrome/137.0.7151.103 Mobile Safari/537.36 (compatible; GoogleOther)"
66.249.73.233 - - [15/Jul/2025:12:38:05 +0000] "POST /get-message-notify HTTP/1.1" 200 40041 "https://cyber-secure.com.au/?e=58127668061000&mod=b4d22bb5&uri=itm.php%3Fid%3D1939748-803%26name%3Dyamaha+r1+yzf+2008" "Mozilla/5.0 (Linux; Android 6.0.1; Nexus 5X Build/MMB29P) AppleWebKit/537.36 (KHTML, like Gecko) Chrome/137.0.7151.119 Mobile Safari/537.36 (compatible; Googlebot/2.1; +http://www.google.com/bot.html)"
66.249.73.234 - - [15/Jul/2025:12:38:06 +0000] "GET /?e=58305083011000&mod=5f0ad4db&uri=product.php%3Fid%3D1945671-949%26name%3Dspyder+men%27s+dare+tailored+gtx+pant HTTP/1.1" 200 39905 "-" "Mozilla/5.0 (Linux; Android 6.0.1; Nexus 5X Build/MMB29P) AppleWebKit/537.36 (KHTML, like Gecko) Chrome/137.0.7151.103 Mobile Safari/537.36 (compatible; Googlebot/2.1; +http://www.google.com/bot.html)"
66.249.73.235 - - [15/Jul/2025:12:38:07 +0000] "GET /?e=58244430001000&mod=619205da&uri=dp.php%3Fid%3D1943646-233%26name%3Dpantalones+cortos+muslos+gordos HTTP/1.1" 200 39903 "-" "Mozilla/5.0 (Linux; Android 6.0.1; Nexus 5X Build/MMB29P) AppleWebKit/537.36 (KHTML, like Gecko) Chrome/137.0.7151.103 Mobile Safari/537.36 (compatible; Googlebot/2.1; +http://www.google.com/bot.html)"
66.249.73.233 - - [15/Jul/2025:12:38:08 +0000] "GET /?e=58304783031000&mod=5f0ad4db&uri=news.php%3Fid%3D1945661-949%26name%3Dmolo+softshell HTTP/1.1" 200 39992 "-" "Mozilla/5.0 (Linux; Android 6.0.1; Nexus 5X Build/MMB29P) AppleWebKit/537.36 (KHTML, like Gecko) Chrome/137.0.7151.103 Mobile Safari/537.36 (compatible; Googlebot/2.1; +http://www.google.com/bot.html)"
66.249.73.233 - - [15/Jul/2025:12:38:08 +0000] "POST /get-message-notify HTTP/1.1" 200 40058 "https://cyber-secure.com.au/?e=58227442031000&mod=7b7a53e2&uri=brands.php%3Fid%3D1943079-202%26name%3Dgivenchy+antigona+laptop" "Mozilla/5.0 (Linux; Android 6.0.1; Nexus 5X Build/MMB29P) AppleWebKit/537.36 (KHTML, like Gecko) Chrome/137.0.7151.119 Mobile Safari/537.36 (compatible; Googlebot/2.1; +http://www.google.com/bot.html)"
66.249.73.235 - - [15/Jul/2025:12:38:09 +0000] "GET /?e=58303883031000&mod=5f0ad4db&uri=blog.php%3Fid%3D1945631-949%26name%3Driver+island+leather+midi+skirt HTTP/1.1" 200 39871 "-" "Mozilla/5.0 (Linux; Android 6.0.1; Nexus 5X Build/MMB29P) AppleWebKit/537.36 (KHTML, like Gecko) Chrome/137.0.7151.103 Mobile Safari/537.36 (compatible; Googlebot/2.1; +http://www.google.com/bot.html)"
66.249.73.235 - - [15/Jul/2025:12:38:10 +0000] "GET /item/colum30797882/ HTTP/1.1" 200 40126 "-" "Mozilla/5.0 (Linux; Android 6.0.1; Nexus 5X Build/MMB29P) AppleWebKit/537.36 (KHTML, like Gecko) Chrome/137.0.7151.103 Mobile Safari/537.36 (compatible; GoogleOther)"
66.249.73.235 - - [15/Jul/2025:12:38:13 +0000] "GET /?e=58229242031000&mod=619205da&uri=info.php%3Fid%3D1943139-233%26name%3Dplayeras+de+marca+de+un+conejo HTTP/1.1" 200 39936 "-" "Mozilla/5.0 (Linux; Android 6.0.1; Nexus 5X Build/MMB29P) AppleWebKit/537.36 (KHTML, like Gecko) Chrome/137.0.7151.103 Mobile Safari/537.36 (compatible; Googlebot/2.1; +http://www.google.com/bot.html)"
66.249.73.234 - - [15/Jul/2025:12:38:15 +0000] "GET /?e=58228192031000&mod=619205da&uri=goods.php%3Fid%3D1943104-233%26name%3Dpantalon+hombre+camel HTTP/1.1" 200 40020 "-" "Mozilla/5.0 (Linux; Android 6.0.1; Nexus 5X Build/MMB29P) AppleWebKit/537.36 (KHTML, like Gecko) Chrome/137.0.7151.103 Mobile Safari/537.36 (compatible; Googlebot/2.1; +http://www.google.com/bot.html)"
66.249.73.234 - - [15/Jul/2025:12:38:15 +0000] "GET /?e=58305383031000&mod=5f0ad4db&uri=form.php%3Fid%3D1945681-949%26name%3Dleather+skirt+blue HTTP/1.1" 200 39858 "-" "Mozilla/5.0 (Linux; Android 6.0.1; Nexus 5X Build/MMB29P) AppleWebKit/537.36 (KHTML, like Gecko) Chrome/137.0.7151.103 Mobile Safari/537.36 (compatible; Googlebot/2.1; +http://www.google.com/bot.html)"
66.249.73.233 - - [15/Jul/2025:12:38:16 +0000] "POST /get-message-notify HTTP/1.1" 200 40054 "https://cyber-secure.com.au/?e=58229242031000&mod=619205da&uri=info.php%3Fid%3D1943139-233%26name%3Dplayeras+de+marca+de+un+conejo" "Mozilla/5.0 (Linux; Android 6.0.1; Nexus 5X Build/MMB29P) AppleWebKit/537.36 (KHTML, like Gecko) Chrome/137.0.7151.119 Mobile Safari/537.36 (compatible; Googlebot/2.1; +http://www.google.com/bot.html)"
66.249.73.233 - - [15/Jul/2025:12:38:17 +0000] "GET /?e=58312583081000&mod=c850371f&uri=goods.php%3Fid%3D1945921-127%26name%3Dcell+phone+holder+for+car+mirror HTTP/1.1" 200 39997 "-" "Mozilla/5.0 (Linux; Android 6.0.1; Nexus 5X Build/MMB29P) AppleWebKit/537.36 (KHTML, like Gecko) Chrome/137.0.7151.103 Mobile Safari/537.36 (compatible; Googlebot/2.1; +http://www.google.com/bot.html)"
66.249.73.233 - - [15/Jul/2025:12:38:18 +0000] "GET /item/glass70589022/ HTTP/1.1" 200 40661 "-" "Mozilla/5.0 (Linux; Android 6.0.1; Nexus 5X Build/MMB29P) AppleWebKit/537.36 (KHTML, like Gecko) Chrome/137.0.7151.103 Mobile Safari/537.36 (compatible; GoogleOther)"
66.249.73.234 - - [15/Jul/2025:12:38:19 +0000] "GET /?e=58306583031000&mod=5f0ad4db&uri=products.php%3Fid%3D1945721-949%26name%3Dbib+snow+pants+canada HTTP/1.1" 200 39920 "-" "Mozilla/5.0 (Linux; Android 6.0.1; Nexus 5X Build/MMB29P) AppleWebKit/537.36 (KHTML, like Gecko) Chrome/137.0.7151.103 Mobile Safari/537.36 (compatible; Googlebot/2.1; +http://www.google.com/bot.html)"
66.249.73.234 - - [15/Jul/2025:12:38:19 +0000] "GET /?e=58222042031000&mod=3685227c&uri=products.php%3Fid%3D1942899-1349%26name%3Dhobby+lobby+supreme+court HTTP/1.1" 200 39917 "-" "Mozilla/5.0 (Linux; Android 6.0.1; Nexus 5X Build/MMB29P) AppleWebKit/537.36 (KHTML, like Gecko) Chrome/137.0.7151.103 Mobile Safari/537.36 (compatible; Googlebot/2.1; +http://www.google.com/bot.html)"
66.249.73.233 - - [15/Jul/2025:12:38:21 +0000] "GET /?e=58317983071000&mod=c850371f&uri=brands.php%3Fid%3D1946101-127%26name%3Dcamera+tripod+phone+adapter HTTP/1.1" 200 39898 "-" "Mozilla/5.0 (Linux; Android 6.0.1; Nexus 5X Build/MMB29P) AppleWebKit/537.36 (KHTML, like Gecko) Chrome/137.0.7151.103 Mobile Safari/537.36 (compatible; Googlebot/2.1; +http://www.google.com/bot.html)"
66.249.73.233 - - [15/Jul/2025:12:38:22 +0000] "GET /?e=66653156001000&mod=b4d22bb5&uri=itm.php%3Fid%3D2224266-803%26name%3Dbici+da+corsa+usate+alluminio HTTP/1.1" 200 39929 "-" "Mozilla/5.0 (Linux; Android 6.0.1; Nexus 5X Build/MMB29P) AppleWebKit/537.36 (KHTML, like Gecko) Chrome/137.0.7151.103 Mobile Safari/537.36 (compatible; Googlebot/2.1; +http://www.google.com/bot.html)"
66.249.73.235 - - [15/Jul/2025:12:38:23 +0000] "GET /?e=58301183031000&mod=5f0ad4db&uri=shared.php%3Fid%3D1945541-949%26name%3Dcarinthia+isg HTTP/1.1" 200 39986 "-" "Mozilla/5.0 (Linux; Android 6.0.1; Nexus 5X Build/MMB29P) AppleWebKit/537.36 (KHTML, like Gecko) Chrome/137.0.7151.103 Mobile Safari/537.36 (compatible; Googlebot/2.1; +http://www.google.com/bot.html)"
66.249.73.233 - - [15/Jul/2025:12:38:23 +0000] "GET /?e=58303283051000&mod=5f0ad4db&uri=form.php%3Fid%3D1945611-949%26name%3Dleather+look+mini+dress HTTP/1.1" 200 39810 "-" "Mozilla/5.0 (Linux; Android 6.0.1; Nexus 5X Build/MMB29P) AppleWebKit/537.36 (KHTML, like Gecko) Chrome/137.0.7151.103 Mobile Safari/537.36 (compatible; Googlebot/2.1; +http://www.google.com/bot.html)"
66.249.73.233 - - [15/Jul/2025:12:38:24 +0000] "GET /item/smart21976537/ HTTP/1.1" 200 40381 "-" "Mozilla/5.0 (Linux; Android 6.0.1; Nexus 5X Build/MMB29P) AppleWebKit/537.36 (KHTML, like Gecko) Chrome/137.0.7151.103 Mobile Safari/537.36 (compatible; GoogleOther)"
66.249.73.234 - - [15/Jul/2025:12:38:25 +0000] "POST /get-message-notify HTTP/1.1" 200 40046 "https://cyber-secure.com.au/?e=58222042031000&mod=3685227c&uri=products.php%3Fid%3D1942899-1349%26name%3Dhobby+lobby+supreme+court" "Mozilla/5.0 (Linux; Android 6.0.1; Nexus 5X Build/MMB29P) AppleWebKit/537.36 (KHTML, like Gecko) Chrome/137.0.7151.119 Mobile Safari/537.36 (compatible; Googlebot/2.1; +http://www.google.com/bot.html)"
66.249.73.234 - - [15/Jul/2025:12:38:26 +0000] "GET /?e=58315583031000&mod=5f0ad4db&uri=form.php%3Fid%3D1946021-949%26name%3Dterno+jacket+and+jogging+pants HTTP/1.1" 200 39934 "-" "Mozilla/5.0 (Linux; Android 6.0.1; Nexus 5X Build/MMB29P) AppleWebKit/537.36 (KHTML, like Gecko) Chrome/137.0.7151.103 Mobile Safari/537.36 (compatible; Googlebot/2.1; +http://www.google.com/bot.html)"
66.249.73.234 - - [15/Jul/2025:12:38:26 +0000] "GET /?e=58219942081000&mod=15134fab&uri=shop.php%3Fid%3D1942829-1348%26name%3Dcoolabah+outdoor+smoker HTTP/1.1" 200 39907 "-" "Mozilla/5.0 (Linux; Android 6.0.1; Nexus 5X Build/MMB29P) AppleWebKit/537.36 (KHTML, like Gecko) Chrome/137.0.7151.103 Mobile Safari/537.36 (compatible; Googlebot/2.1; +http://www.google.com/bot.html)"
66.249.73.234 - - [15/Jul/2025:12:38:27 +0000] "GET /?e=58230292081000&mod=619205da&uri=news.php%3Fid%3D1943174-233%26name%3Dprice+shoes+sueter HTTP/1.1" 200 39980 "-" "Mozilla/5.0 (Linux; Android 6.0.1; Nexus 5X Build/MMB29P) AppleWebKit/537.36 (KHTML, like Gecko) Chrome/137.0.7151.103 Mobile Safari/537.36 (compatible; Googlebot/2.1; +http://www.google.com/bot.html)"
66.249.73.235 - - [15/Jul/2025:12:38:28 +0000] "GET /item/resol11069560/ HTTP/1.1" 200 40476 "-" "Mozilla/5.0 (Linux; Android 6.0.1; Nexus 5X Build/MMB29P) AppleWebKit/537.36 (KHTML, like Gecko) Chrome/137.0.7151.103 Mobile Safari/537.36 (compatible; GoogleOther)"
66.249.73.234 - - [15/Jul/2025:12:38:29 +0000] "GET /?e=58321264131000&mod=c850371f&uri=shared.php%3Fid%3D1946211-127%26name%3Diphone+11+case+with+card+holder+and+popsocket HTTP/1.1" 200 39954 "-" "Mozilla/5.0 (Linux; Android 6.0.1; Nexus 5X Build/MMB29P) AppleWebKit/537.36 (KHTML, like Gecko) Chrome/137.0.7151.103 Mobile Safari/537.36 (compatible; Googlebot/2.1; +http://www.google.com/bot.html)"
66.249.73.233 - - [15/Jul/2025:12:38:29 +0000] "GET /?e=58224892021000&mod=3685227c&uri=category-info.php%3Fid%3D1942994-1349%26name%3Dtommy+chong+costume HTTP/1.1" 200 39893 "-" "Mozilla/5.0 (Linux; Android 6.0.1; Nexus 5X Build/MMB29P) AppleWebKit/537.36 (KHTML, like Gecko) Chrome/137.0.7151.103 Mobile Safari/537.36 (compatible; Googlebot/2.1; +http://www.google.com/bot.html)"
66.249.73.233 - - [15/Jul/2025:12:38:31 +0000] "GET /item/dime81875831/ HTTP/1.1" 200 39887 "-" "Mozilla/5.0 (Linux; Android 6.0.1; Nexus 5X Build/MMB29P) AppleWebKit/537.36 (KHTML, like Gecko) Chrome/137.0.7151.103 Mobile Safari/537.36 (compatible; GoogleOther)"
66.249.73.233 - - [15/Jul/2025:12:38:33 +0000] "POST /get-message-notify HTTP/1.1" 200 39953 "https://cyber-secure.com.au/?e=58219942081000&mod=15134fab&uri=shop.php%3Fid%3D1942829-1348%26name%3Dcoolabah+outdoor+smoker" "Mozilla/5.0 (Linux; Android 6.0.1; Nexus 5X Build/MMB29P) AppleWebKit/537.36 (KHTML, like Gecko) Chrome/137.0.7151.119 Mobile Safari/537.36 (compatible; Googlebot/2.1; +http://www.google.com/bot.html)"
66.249.73.233 - - [15/Jul/2025:12:38:34 +0000] "GET /?e=58141168021000&mod=b4d22bb5&uri=goods.php%3Fid%3D1940198-803%26name%3Donline+bike+shop+de HTTP/1.1" 200 39921 "-" "Mozilla/5.0 (Linux; Android 6.0.1; Nexus 5X Build/MMB29P) AppleWebKit/537.36 (KHTML, like Gecko) Chrome/137.0.7151.103 Mobile Safari/537.36 (compatible; Googlebot/2.1; +http://www.google.com/bot.html)"
66.249.73.236 - - [15/Jul/2025:12:38:35 +0000] "GET /item/paral40231443/ HTTP/1.1" 200 40518 "-" "Mozilla/5.0 (Linux; Android 6.0.1; Nexus 5X Build/MMB29P) AppleWebKit/537.36 (KHTML, like Gecko) Chrome/137.0.7151.103 Mobile Safari/537.36 (compatible; GoogleOther)"
66.249.73.236 - - [15/Jul/2025:12:38:36 +0000] "GET /?e=58219342031000&mod=3685227c&uri=blog.php%3Fid%3D1942809-1349%26name%3Dlist+of+us+supreme+court+justices HTTP/1.1" 200 39838 "-" "Mozilla/5.0 (Linux; Android 6.0.1; Nexus 5X Build/MMB29P) AppleWebKit/537.36 (KHTML, like Gecko) Chrome/137.0.7151.103 Mobile Safari/537.36 (compatible; Googlebot/2.1; +http://www.google.com/bot.html)"
66.249.73.234 - - [15/Jul/2025:12:38:37 +0000] "GET /?e=97827084041000&mod=f1b07759&uri=category-info.php%3Fid%3D3264742-270%26name%3Dbullet+point+dry+erase+markers HTTP/1.1" 200 40017 "-" "Mozilla/5.0 (Linux; Android 6.0.1; Nexus 5X Build/MMB29P) AppleWebKit/537.36 (KHTML, like Gecko) Chrome/137.0.7151.103 Mobile Safari/537.36 (compatible; Googlebot/2.1; +http://www.google.com/bot.html)"
66.249.73.234 - - [15/Jul/2025:12:38:37 +0000] "GET /?e=58320083031000&mod=c850371f&uri=news.php%3Fid%3D1946171-127%26name%3Dfinger+ring+phone+holder HTTP/1.1" 200 39933 "-" "Mozilla/5.0 (Linux; Android 6.0.1; Nexus 5X Build/MMB29P) AppleWebKit/537.36 (KHTML, like Gecko) Chrome/137.0.7151.103 Mobile Safari/537.36 (compatible; Googlebot/2.1; +http://www.google.com/bot.html)"
66.249.73.234 - - [15/Jul/2025:12:38:39 +0000] "GET /?e=58226842031000&mod=619205da&uri=shared.php%3Fid%3D1943059-233%26name%3Dshawn+mendes+boxer HTTP/1.1" 200 39963 "-" "Mozilla/5.0 (Linux; Android 6.0.1; Nexus 5X Build/MMB29P) AppleWebKit/537.36 (KHTML, like Gecko) Chrome/137.0.7151.103 Mobile Safari/537.36 (compatible; Googlebot/2.1; +http://www.google.com/bot.html)"
66.249.73.233 - - [15/Jul/2025:12:38:39 +0000] "GET /item/angel72947454/ HTTP/1.1" 200 40328 "-" "Mozilla/5.0 (Linux; Android 6.0.1; Nexus 5X Build/MMB29P) AppleWebKit/537.36 (KHTML, like Gecko) Chrome/137.0.7151.103 Mobile Safari/537.36 (compatible; GoogleOther)"
66.249.73.234 - - [15/Jul/2025:12:38:41 +0000] "GET /?e=58309283051000&mod=5f0ad4db&uri=shared.php%3Fid%3D1945811-949%26name%3Dwomens+north+face+clothing HTTP/1.1" 200 39860 "-" "Mozilla/5.0 (Linux; Android 6.0.1; Nexus 5X Build/MMB29P) AppleWebKit/537.36 (KHTML, like Gecko) Chrome/137.0.7151.103 Mobile Safari/537.36 (compatible; Googlebot/2.1; +http://www.google.com/bot.html)"
209.74.77.214 - - [15/Jul/2025:12:38:41 +0000] "POST /wp-cron.php?doing_wp_cron=1752583121.9366381168365478515625 HTTP/1.1" 200 - "-" "WordPress/6.8.1; https://cyber-secure.com.au"
51.222.253.4 - - [15/Jul/2025:12:38:41 +0000] "GET /?e=103904025061000&mod=805d94d1&uri=article.php%3Fid%3D3467556-1111%26name%3Dpupilentes+freshlady HTTP/1.1" 301 - "-" "Mozilla/5.0 (compatible; AhrefsBot/7.0; +http://ahrefs.com/robot/)"
209.74.77.214 - - [15/Jul/2025:12:38:42 +0000] "POST /wp-admin/admin-ajax.php?action=async_litespeed&nonce=mL9WXvZdHgvAGvZgVS1AO01ARBs4NTHi&litespeed_type=imgoptm HTTP/1.1" 200 21 "-" "WordPress/6.8.1; https://cyber-secure.com.au"
66.249.73.237 - - [15/Jul/2025:12:38:41 +0000] "GET /?e=58225792031000&mod=3685227c&uri=search.php%3Fid%3D1943024-1349%26name%3Dchampion+windbreaker+vintage HTTP/1.1" 200 39852 "-" "Mozilla/5.0 (Linux; Android 6.0.1; Nexus 5X Build/MMB29P) AppleWebKit/537.36 (KHTML, like Gecko) Chrome/137.0.7151.103 Mobile Safari/537.36 (compatible; Googlebot/2.1; +http://www.google.com/bot.html)"
66.249.73.233 - - [15/Jul/2025:12:38:43 +0000] "GET /item/such32557050/ HTTP/1.1" 200 40142 "-" "Mozilla/5.0 (Linux; Android 6.0.1; Nexus 5X Build/MMB29P) AppleWebKit/537.36 (KHTML, like Gecko) Chrome/137.0.7151.103 Mobile Safari/537.36 (compatible; GoogleOther)"
66.249.73.234 - - [15/Jul/2025:12:38:45 +0000] "POST /get-message-notify HTTP/1.1" 200 40044 "https://cyber-secure.com.au/?e=97827084041000&mod=f1b07759&uri=category-info.php%3Fid%3D3264742-270%26name%3Dbullet+point+dry+erase+markers" "Mozilla/5.0 (Linux; Android 6.0.1; Nexus 5X Build/MMB29P) AppleWebKit/537.36 (KHTML, like Gecko) Chrome/137.0.7151.119 Mobile Safari/537.36 (compatible; Googlebot/2.1; +http://www.google.com/bot.html)"
66.249.73.234 - - [15/Jul/2025:12:38:46 +0000] "GET /item/satis10737808/ HTTP/1.1" 200 41143 "-" "Mozilla/5.0 (Linux; Android 6.0.1; Nexus 5X Build/MMB29P) AppleWebKit/537.36 (KHTML, like Gecko) Chrome/137.0.7151.103 Mobile Safari/537.36 (compatible; GoogleOther)"
66.249.73.236 - - [15/Jul/2025:12:38:49 +0000] "GET /item/inspi20058033/ HTTP/1.1" 200 40058 "-" "Mozilla/5.0 (Linux; Android 6.0.1; Nexus 5X Build/MMB29P) AppleWebKit/537.36 (KHTML, like Gecko) Chrome/137.0.7151.103 Mobile Safari/537.36 (compatible; GoogleOther)"
66.249.73.237 - - [15/Jul/2025:12:38:50 +0000] "GET /?e=23927813091000&mod=b4d22bb5&uri=us.php%3Fid%3D798645-803%26name%3Dnegozio+bici+biassono HTTP/1.1" 200 39860 "-" "Mozilla/5.0 (Linux; Android 6.0.1; Nexus 5X Build/MMB29P) AppleWebKit/537.36 (KHTML, like Gecko) Chrome/137.0.7151.103 Mobile Safari/537.36 (compatible; Googlebot/2.1; +http://www.google.com/bot.html)"
66.249.73.234 - - [15/Jul/2025:12:38:51 +0000] "GET /?e=58319183031000&mod=c850371f&uri=blog.php%3Fid%3D1946141-127%26name%3Dalzo+smartphone+camera+horizontal+mount HTTP/1.1" 200 39996 "-" "Mozilla/5.0 (Linux; Android 6.0.1; Nexus 5X Build/MMB29P) AppleWebKit/537.36 (KHTML, like Gecko) Chrome/137.0.7151.103 Mobile Safari/537.36 (compatible; Googlebot/2.1; +http://www.google.com/bot.html)"
66.249.73.233 - - [15/Jul/2025:12:38:52 +0000] "GET /?e=58166938001000&mod=f2bff080&uri=form.php%3Fid%3D1941060-338%26name%3Dadidas+nmd+pink+white+light+rose HTTP/1.1" 200 39923 "-" "Mozilla/5.0 (Linux; Android 6.0.1; Nexus 5X Build/MMB29P) AppleWebKit/537.36 (KHTML, like Gecko) Chrome/137.0.7151.103 Mobile Safari/537.36 (compatible; Googlebot/2.1; +http://www.google.com/bot.html)"
66.249.73.235 - - [15/Jul/2025:12:38:53 +0000] "GET /?e=58302383031000&mod=5f0ad4db&uri=dp.php%3Fid%3D1945581-949%26name%3Dfull+ski+gear HTTP/1.1" 200 39893 "-" "Mozilla/5.0 (Linux; Android 6.0.1; Nexus 5X Build/MMB29P) AppleWebKit/537.36 (KHTML, like Gecko) Chrome/137.0.7151.103 Mobile Safari/537.36 (compatible; Googlebot/2.1; +http://www.google.com/bot.html)"
66.249.73.234 - - [15/Jul/2025:12:38:53 +0000] "GET /?e=58221442131000&mod=3685227c&uri=shared.php%3Fid%3D1942879-1349%26name%3Djustice+neil+gorsuch HTTP/1.1" 200 39917 "-" "Mozilla/5.0 (Linux; Android 6.0.1; Nexus 5X Build/MMB29P) AppleWebKit/537.36 (KHTML, like Gecko) Chrome/137.0.7151.103 Mobile Safari/537.36 (compatible; Googlebot/2.1; +http://www.google.com/bot.html)"
66.249.73.233 - - [15/Jul/2025:12:38:54 +0000] "GET /?e=58313183011000&mod=22fb0cee&uri=itm.php%3Fid%3D1945941-87%26name%3Dtelephoto+webcam HTTP/1.1" 200 40013 "-" "Mozilla/5.0 (Linux; Android 6.0.1; Nexus 5X Build/MMB29P) AppleWebKit/537.36 (KHTML, like Gecko) Chrome/137.0.7151.103 Mobile Safari/537.36 (compatible; Googlebot/2.1; +http://www.google.com/bot.html)"
66.249.73.235 - - [15/Jul/2025:12:38:55 +0000] "GET /?e=58228342031000&mod=3685227c&uri=search.php%3Fid%3D1943109-1349%26name%3Dlimco+supreme+plus HTTP/1.1" 200 39997 "-" "Mozilla/5.0 (Linux; Android 6.0.1; Nexus 5X Build/MMB29P) AppleWebKit/537.36 (KHTML, like Gecko) Chrome/137.0.7151.103 Mobile Safari/537.36 (compatible; Googlebot/2.1; +http://www.google.com/bot.html)"
66.249.73.236 - - [15/Jul/2025:12:38:56 +0000] "GET /?e=58300883051000&mod=5f0ad4db&uri=product.php%3Fid%3D1945531-949%26name%3Dmens+leather+short+shorts HTTP/1.1" 200 40017 "-" "Mozilla/5.0 (Linux; Android 6.0.1; Nexus 5X Build/MMB29P) AppleWebKit/537.36 (KHTML, like Gecko) Chrome/137.0.7151.103 Mobile Safari/537.36 (compatible; Googlebot/2.1; +http://www.google.com/bot.html)"
66.249.73.237 - - [15/Jul/2025:12:38:58 +0000] "POST /get-message-notify HTTP/1.1" 200 40064 "https://cyber-secure.com.au/?e=23927813091000&mod=b4d22bb5&uri=us.php%3Fid%3D798645-803%26name%3Dnegozio+bici+biassono" "Mozilla/5.0 (Linux; Android 6.0.1; Nexus 5X Build/MMB29P) AppleWebKit/537.36 (KHTML, like Gecko) Chrome/137.0.7151.119 Mobile Safari/537.36 (compatible; Googlebot/2.1; +http://www.google.com/bot.html)"
66.249.73.237 - - [15/Jul/2025:12:38:59 +0000] "GET /?e=58220992041000&mod=3685227c&uri=products.php%3Fid%3D1942864-1349%26name%3Dmajority+opinion+supreme+court HTTP/1.1" 200 40017 "-" "Mozilla/5.0 (Linux; Android 6.0.1; Nexus 5X Build/MMB29P) AppleWebKit/537.36 (KHTML, like Gecko) Chrome/137.0.7151.103 Mobile Safari/537.36 (compatible; Googlebot/2.1; +http://www.google.com/bot.html)"
66.249.73.236 - - [15/Jul/2025:12:38:59 +0000] "GET /?e=58311683031000&mod=5f0ad4db&uri=products.php%3Fid%3D1945891-949%26name%3Dskiing+store HTTP/1.1" 200 39858 "-" "Mozilla/5.0 (Linux; Android 6.0.1; Nexus 5X Build/MMB29P) AppleWebKit/537.36 (KHTML, like Gecko) Chrome/137.0.7151.103 Mobile Safari/537.36 (compatible; Googlebot/2.1; +http://www.google.com/bot.html)"
66.249.73.233 - - [15/Jul/2025:12:39:00 +0000] "GET /?e=58301483031000&mod=5f0ad4db&uri=products.php%3Fid%3D1945551-949%26name%3Dplaid+leather+skirt HTTP/1.1" 200 39955 "-" "Mozilla/5.0 (Linux; Android 6.0.1; Nexus 5X Build/MMB29P) AppleWebKit/537.36 (KHTML, like Gecko) Chrome/137.0.7151.103 Mobile Safari/537.36 (compatible; Googlebot/2.1; +http://www.google.com/bot.html)"
66.249.73.237 - - [15/Jul/2025:12:39:01 +0000] "GET /?e=58229692001000&mod=619205da&uri=itm.php%3Fid%3D1943154-233%26name%3Dpantalones+dustin+classic HTTP/1.1" 200 40111 "-" "Mozilla/5.0 (Linux; Android 6.0.1; Nexus 5X Build/MMB29P) AppleWebKit/537.36 (KHTML, like Gecko) Chrome/137.0.7151.103 Mobile Safari/537.36 (compatible; Googlebot/2.1; +http://www.google.com/bot.html)"
66.249.73.234 - - [15/Jul/2025:12:39:02 +0000] "POST /get-message-notify HTTP/1.1" 200 40005 "https://cyber-secure.com.au/?e=58319183031000&mod=c850371f&uri=blog.php%3Fid%3D1946141-127%26name%3Dalzo+smartphone+camera+horizontal+mount" "Mozilla/5.0 (Linux; Android 6.0.1; Nexus 5X Build/MMB29P) AppleWebKit/537.36 (KHTML, like Gecko) Chrome/137.0.7151.119 Mobile Safari/537.36 (compatible; Googlebot/2.1; +http://www.google.com/bot.html)"
66.249.73.237 - - [15/Jul/2025:12:39:03 +0000] "GET /?e=58307783031000&mod=5f0ad4db&uri=search.php%3Fid%3D1945761-949%26name%3Dcostco+womens+ski+pants HTTP/1.1" 200 39929 "-" "Mozilla/5.0 (Linux; Android 6.0.1; Nexus 5X Build/MMB29P) AppleWebKit/537.36 (KHTML, like Gecko) Chrome/137.0.7151.103 Mobile Safari/537.36 (compatible; Googlebot/2.1; +http://www.google.com/bot.html)"
66.249.73.234 - - [15/Jul/2025:12:39:03 +0000] "GET /?e=119806882011000&mod=70222949&uri=product.php%3Fid%3D3998319-129%26name%3Dis+the+iphone+12+mini+bigger+than+the+iphone HTTP/1.1" 200 39970 "-" "Mozilla/5.0 (Linux; Android 6.0.1; Nexus 5X Build/MMB29P) AppleWebKit/537.36 (KHTML, like Gecko) Chrome/137.0.7151.103 Mobile Safari/537.36 (compatible; Googlebot/2.1; +http://www.google.com/bot.html)"
66.249.73.237 - - [15/Jul/2025:12:39:04 +0000] "GET /?e=58226512001000&mod=3685227c&uri=brands.php%3Fid%3D1943048-1349%26name%3Dwho+are+the+members+of+the+supreme+court HTTP/1.1" 200 40047 "-" "Mozilla/5.0 (Linux; Android 6.0.1; Nexus 5X Build/MMB29P) AppleWebKit/537.36 (KHTML, like Gecko) Chrome/137.0.7151.103 Mobile Safari/537.36 (compatible; Googlebot/2.1; +http://www.google.com/bot.html)"
66.249.73.237 - - [15/Jul/2025:12:39:05 +0000] "GET /item/poste40777563/ HTTP/1.1" 200 39996 "-" "Mozilla/5.0 (Linux; Android 6.0.1; Nexus 5X Build/MMB29P) AppleWebKit/537.36 (KHTML, like Gecko) Chrome/137.0.7151.103 Mobile Safari/537.36 (compatible; GoogleOther)"
66.249.73.236 - - [15/Jul/2025:12:39:06 +0000] "GET /?e=56613778041000&mod=6b8eba43&uri=us.php%3Fid%3D1889234-155%26name%3Dworld%27s+best+home+theater+system HTTP/1.1" 200 39890 "-" "Mozilla/5.0 (Linux; Android 6.0.1; Nexus 5X Build/MMB29P) AppleWebKit/537.36 (KHTML, like Gecko) Chrome/137.0.7151.103 Mobile Safari/537.36 (compatible; Googlebot/2.1; +http://www.google.com/bot.html)"
66.249.73.233 - - [15/Jul/2025:12:39:07 +0000] "POST /get-message-notify HTTP/1.1" 200 39957 "https://cyber-secure.com.au/item/accom70713902/" "Mozilla/5.0 (Linux; Android 6.0.1; Nexus 5X Build/MMB29P) AppleWebKit/537.36 (KHTML, like Gecko) Chrome/137.0.7151.119 Mobile Safari/537.36 (compatible; Googlebot/2.1; +http://www.google.com/bot.html)"
66.249.73.235 - - [15/Jul/2025:12:39:08 +0000] "GET /?e=58142428001000&mod=b4d22bb5&uri=shared.php%3Fid%3D1940240-803%26name%3Dpit+bike+50+2t HTTP/1.1" 200 39981 "-" "Mozilla/5.0 (Linux; Android 6.0.1; Nexus 5X Build/MMB29P) AppleWebKit/537.36 (KHTML, like Gecko) Chrome/137.0.7151.103 Mobile Safari/537.36 (compatible; Googlebot/2.1; +http://www.google.com/bot.html)"
