66.249.73.233 - - [15/Jul/2025:14:19:34 +0000] "POST /get-message-notify HTTP/1.1" 200 40085 "https://cyber-secure.com.au/?e=58240402111000&mod=3685227c&uri=news.php%3Fid%3D1943511-1349%26name%3Dsc+order+today" "Mozilla/5.0 (Linux; Android 6.0.1; Nexus 5X Build/MMB29P) AppleWebKit/537.36 (KHTML, like Gecko) Chrome/137.0.7151.119 Mobile Safari/537.36 (compatible; Googlebot/2.1; +http://www.google.com/bot.html)"
66.249.73.235 - - [15/Jul/2025:14:19:35 +0000] "GET /?e=58173002121000&mod=255ea887&uri=us.php%3Fid%3D1941263-792%26name%3Drbx+plus+size HTTP/1.1" 200 39936 "-" "Mozilla/5.0 (Linux; Android 6.0.1; Nexus 5X Build/MMB29P) AppleWebKit/537.36 (KHTML, like Gecko) Chrome/137.0.7151.103 Mobile Safari/537.36 (compatible; Googlebot/2.1; +http://www.google.com/bot.html)"
66.249.73.235 - - [15/Jul/2025:14:19:36 +0000] "POST /get-message-notify HTTP/1.1" 200 40027 "https://cyber-secure.com.au/?e=58239682021000&mod=43e4e6a6&uri=category-info.php%3Fid%3D1943487-234%26name%3Dkaschmir+polo+pullover" "Mozilla/5.0 (Linux; Android 6.0.1; Nexus 5X Build/MMB29P) AppleWebKit/537.36 (KHTML, like Gecko) Chrome/137.0.7151.119 Mobile Safari/537.36 (compatible; Googlebot/2.1; +http://www.google.com/bot.html)"
66.249.73.233 - - [15/Jul/2025:14:19:37 +0000] "GET /item/tide40561891/ HTTP/1.1" 200 39687 "-" "Mozilla/5.0 (Linux; Android 6.0.1; Nexus 5X Build/MMB29P) AppleWebKit/537.36 (KHTML, like Gecko) Chrome/137.0.7151.103 Mobile Safari/537.36 (compatible; GoogleOther)"
66.249.73.234 - - [15/Jul/2025:14:19:39 +0000] "GET /?e=58176475031000&mod=b112ca40&uri=brands.php%3Fid%3D1941379-481%26name%3Dwood+inlay+phone+case HTTP/1.1" 200 39821 "-" "Mozilla/5.0 (Linux; Android 6.0.1; Nexus 5X Build/MMB29P) AppleWebKit/537.36 (KHTML, like Gecko) Chrome/137.0.7151.103 Mobile Safari/537.36 (compatible; Googlebot/2.1; +http://www.google.com/bot.html)"
66.249.73.233 - - [15/Jul/2025:14:19:40 +0000] "GET /?e=58174675081000&mod=255ea887&uri=search.php%3Fid%3D1941319-792%26name%3Dnike+epic+react+flyknit+green+abyss HTTP/1.1" 200 39884 "-" "Mozilla/5.0 (Linux; Android 6.0.1; Nexus 5X Build/MMB29P) AppleWebKit/537.36 (KHTML, like Gecko) Chrome/137.0.7151.103 Mobile Safari/537.36 (compatible; Googlebot/2.1; +http://www.google.com/bot.html)"
66.249.73.234 - - [15/Jul/2025:14:19:43 +0000] "POST /get-message-notify HTTP/1.1" 200 39960 "https://cyber-secure.com.au/?e=58246140081000&mod=43e4e6a6&uri=brands.php%3Fid%3D1943703-234%26name%3Dfox+regenjacke+mtb" "Mozilla/5.0 (Linux; Android 6.0.1; Nexus 5X Build/MMB29P) AppleWebKit/537.36 (KHTML, like Gecko) Chrome/137.0.7151.119 Mobile Safari/537.36 (compatible; Googlebot/2.1; +http://www.google.com/bot.html)"
66.249.73.234 - - [15/Jul/2025:14:19:44 +0000] "GET /?e=58175215111000&mod=255ea887&uri=brands.php%3Fid%3D1941337-792%26name%3Dmen+in+women HTTP/1.1" 200 39901 "-" "Mozilla/5.0 (Linux; Android 6.0.1; Nexus 5X Build/MMB29P) AppleWebKit/537.36 (KHTML, like Gecko) Chrome/137.0.7151.103 Mobile Safari/537.36 (compatible; Googlebot/2.1; +http://www.google.com/bot.html)"
66.249.73.234 - - [15/Jul/2025:14:19:45 +0000] "GET /item/atten40832243/ HTTP/1.1" 200 39919 "-" "Mozilla/5.0 (Linux; Android 6.0.1; Nexus 5X Build/MMB29P) AppleWebKit/537.36 (KHTML, like Gecko) Chrome/137.0.7151.103 Mobile Safari/537.36 (compatible; GoogleOther)"
66.249.73.233 - - [15/Jul/2025:14:19:46 +0000] "GET /?e=58173955091000&mod=255ea887&uri=products.php%3Fid%3D1941295-792%26name%3Dshoes+with+empty+platforms HTTP/1.1" 200 39981 "-" "Mozilla/5.0 (Linux; Android 6.0.1; Nexus 5X Build/MMB29P) AppleWebKit/537.36 (KHTML, like Gecko) Chrome/137.0.7151.103 Mobile Safari/537.36 (compatible; Googlebot/2.1; +http://www.google.com/bot.html)"
66.249.73.235 - - [15/Jul/2025:14:19:47 +0000] "POST /get-message-notify HTTP/1.1" 200 40061 "https://cyber-secure.com.au/?e=50527665031000&mod=e0be0edc&uri=products.php%3Fid%3D1686199-934%26name%3Dscholl+epine+calcaneenne" "Mozilla/5.0 (Linux; Android 6.0.1; Nexus 5X Build/MMB29P) AppleWebKit/537.36 (KHTML, like Gecko) Chrome/137.0.7151.119 Mobile Safari/537.36 (compatible; Googlebot/2.1; +http://www.google.com/bot.html)"
66.249.73.233 - - [15/Jul/2025:14:19:48 +0000] "POST /get-message-notify HTTP/1.1" 200 40065 "https://cyber-secure.com.au/?e=58174675081000&mod=255ea887&uri=search.php%3Fid%3D1941319-792%26name%3Dnike+epic+react+flyknit+green+abyss" "Mozilla/5.0 (Linux; Android 6.0.1; Nexus 5X Build/MMB29P) AppleWebKit/537.36 (KHTML, like Gecko) Chrome/137.0.7151.119 Mobile Safari/537.36 (compatible; Googlebot/2.1; +http://www.google.com/bot.html)"
66.249.73.236 - - [15/Jul/2025:14:19:49 +0000] "POST /get-message-notify HTTP/1.1" 200 40002 "https://cyber-secure.com.au/item/simpl20965305/" "Mozilla/5.0 (Linux; Android 6.0.1; Nexus 5X Build/MMB29P) AppleWebKit/537.36 (KHTML, like Gecko) Chrome/137.0.7151.119 Mobile Safari/537.36 (compatible; Googlebot/2.1; +http://www.google.com/bot.html)"
66.249.73.236 - - [15/Jul/2025:14:19:50 +0000] "GET /?e=45633030051000&mod=b4d22bb5&uri=itm.php%3Fid%3D1522909-803%26name%3Dbici+da+corsa+tropix HTTP/1.1" 200 39937 "-" "Mozilla/5.0 (Linux; Android 6.0.1; Nexus 5X Build/MMB29P) AppleWebKit/537.36 (KHTML, like Gecko) Chrome/137.0.7151.103 Mobile Safari/537.36 (compatible; Googlebot/2.1; +http://www.google.com/bot.html)"
66.249.73.233 - - [15/Jul/2025:14:19:52 +0000] "GET /item/cooke82125103/ HTTP/1.1" 200 41441 "-" "Mozilla/5.0 (Linux; Android 6.0.1; Nexus 5X Build/MMB29P) AppleWebKit/537.36 (KHTML, like Gecko) Chrome/137.0.7151.103 Mobile Safari/537.36 (compatible; GoogleOther)"
66.249.73.234 - - [15/Jul/2025:14:19:54 +0000] "GET /?e=58175995021000&mod=f2bff080&uri=brands.php%3Fid%3D1941363-338%26name%3Dzapatos+under+armour+basket+en+ecuador+visas HTTP/1.1" 200 40008 "-" "Mozilla/5.0 (Linux; Android 6.0.1; Nexus 5X Build/MMB29P) AppleWebKit/537.36 (KHTML, like Gecko) Chrome/137.0.7151.103 Mobile Safari/537.36 (compatible; Googlebot/2.1; +http://www.google.com/bot.html)"
66.249.73.236 - - [15/Jul/2025:14:19:56 +0000] "GET /?e=58174795121000&mod=b112ca40&uri=itm.php%3Fid%3D1941323-481%26name%3Dscreen+cover+for+galaxy+s9 HTTP/1.1" 200 39952 "-" "Mozilla/5.0 (Linux; Android 6.0.1; Nexus 5X Build/MMB29P) AppleWebKit/537.36 (KHTML, like Gecko) Chrome/137.0.7151.103 Mobile Safari/537.36 (compatible; Googlebot/2.1; +http://www.google.com/bot.html)"
66.249.73.236 - - [15/Jul/2025:14:19:58 +0000] "GET /item/poor20252865/ HTTP/1.1" 200 39879 "-" "Mozilla/5.0 (Linux; Android 6.0.1; Nexus 5X Build/MMB29P) AppleWebKit/537.36 (KHTML, like Gecko) Chrome/137.0.7151.103 Mobile Safari/537.36 (compatible; GoogleOther)"
66.249.73.233 - - [15/Jul/2025:14:20:03 +0000] "GET /?e=58175935051000&mod=b112ca40&uri=form.php%3Fid%3D1941361-481%26name%3Dlifeproof+phone+case+galaxy+s9 HTTP/1.1" 200 40020 "-" "Mozilla/5.0 (Linux; Android 6.0.1; Nexus 5X Build/MMB29P) AppleWebKit/537.36 (KHTML, like Gecko) Chrome/137.0.7151.103 Mobile Safari/537.36 (compatible; Googlebot/2.1; +http://www.google.com/bot.html)"
66.249.73.235 - - [15/Jul/2025:14:20:04 +0000] "GET /?e=58174255041000&mod=da11e8cd&uri=us.php%3Fid%3D1941305-128%26name%3Dsimply+mixed+berry+discontinued HTTP/1.1" 200 39921 "-" "Mozilla/5.0 (Linux; Android 6.0.1; Nexus 5X Build/MMB29P) AppleWebKit/537.36 (KHTML, like Gecko) Chrome/137.0.7151.103 Mobile Safari/537.36 (compatible; Googlebot/2.1; +http://www.google.com/bot.html)"
66.249.73.234 - - [15/Jul/2025:14:20:05 +0000] "GET /item/hub71826446/ HTTP/1.1" 200 40913 "-" "Mozilla/5.0 (Linux; Android 6.0.1; Nexus 5X Build/MMB29P) AppleWebKit/537.36 (KHTML, like Gecko) Chrome/137.0.7151.103 Mobile Safari/537.36 (compatible; GoogleOther)"
66.249.73.234 - - [15/Jul/2025:14:20:08 +0000] "POST /get-message-notify HTTP/1.1" 200 39953 "https://cyber-secure.com.au/?e=58244700001000&mod=619205da&uri=us.php%3Fid%3D1943655-233%26name%3Dchloe+ropa+bebe" "Mozilla/5.0 (Linux; Android 6.0.1; Nexus 5X Build/MMB29P) AppleWebKit/537.36 (KHTML, like Gecko) Chrome/137.0.7151.119 Mobile Safari/537.36 (compatible; Googlebot/2.1; +http://www.google.com/bot.html)"
209.74.77.214 - - [15/Jul/2025:14:20:12 +0000] "POST /wp-cron.php?doing_wp_cron=1752589212.5537669658660888671875 HTTP/1.1" 200 - "-" "WordPress/6.8.1; https://cyber-secure.com.au"
66.249.73.234 - - [15/Jul/2025:14:20:12 +0000] "GET /?e=58173595071000&mod=d6a2be6d&uri=shop.php%3Fid%3D1941283-467%26name%3Dchucks+gelb+low HTTP/1.1" 200 40005 "-" "Mozilla/5.0 (Linux; Android 6.0.1; Nexus 5X Build/MMB29P) AppleWebKit/537.36 (KHTML, like Gecko) Chrome/137.0.7151.103 Mobile Safari/537.36 (compatible; Googlebot/2.1; +http://www.google.com/bot.html)"
209.74.77.214 - - [15/Jul/2025:14:20:12 +0000] "POST /wp-admin/admin-ajax.php?action=async_litespeed&nonce=9MhQBUMjTM5EZnFMMhW9YaZ5l9REv0Wi&litespeed_type=imgoptm HTTP/1.1" 200 21 "-" "WordPress/6.8.1; https://cyber-secure.com.au"
51.222.253.9 - - [15/Jul/2025:14:20:12 +0000] "GET /?e=103904025061000&uri=article.php%3Fid%3D3467556-1111%26name%3Dpupilentes%20freshlady HTTP/1.1" 200 26105 "-" "Mozilla/5.0 (compatible; AhrefsBot/7.0; +http://ahrefs.com/robot/)"
66.249.73.233 - - [15/Jul/2025:14:20:16 +0000] "GET /?e=58175275031000&mod=b112ca40&uri=pin.php%3Fid%3D1941339-481%26name%3Diphone+plus+armor+case HTTP/1.1" 200 39986 "-" "Mozilla/5.0 (Linux; Android 6.0.1; Nexus 5X Build/MMB29P) AppleWebKit/537.36 (KHTML, like Gecko) Chrome/137.0.7151.103 Mobile Safari/537.36 (compatible; Googlebot/2.1; +http://www.google.com/bot.html)"
66.249.73.233 - - [15/Jul/2025:14:20:17 +0000] "GET /?e=58175095071000&mod=da11e8cd&uri=info.php%3Fid%3D1941333-128%26name%3Docean+spray+cran+raspberry+light HTTP/1.1" 200 39964 "-" "Mozilla/5.0 (Linux; Android 6.0.1; Nexus 5X Build/MMB29P) AppleWebKit/537.36 (KHTML, like Gecko) Chrome/137.0.7151.103 Mobile Safari/537.36 (compatible; Googlebot/2.1; +http://www.google.com/bot.html)"
66.249.73.233 - - [15/Jul/2025:14:20:18 +0000] "GET /item/crude82182551/ HTTP/1.1" 200 40019 "-" "Mozilla/5.0 (Linux; Android 6.0.1; Nexus 5X Build/MMB29P) AppleWebKit/537.36 (KHTML, like Gecko) Chrome/137.0.7151.103 Mobile Safari/537.36 (compatible; GoogleOther)"
66.249.73.233 - - [15/Jul/2025:14:20:19 +0000] "GET /?e=58141468011000&mod=b4d22bb5&uri=brands.php%3Fid%3D1940208-803%26name%3Dyz+85+2022 HTTP/1.1" 200 39850 "-" "Mozilla/5.0 (Linux; Android 6.0.1; Nexus 5X Build/MMB29P) AppleWebKit/537.36 (KHTML, like Gecko) Chrome/137.0.7151.103 Mobile Safari/537.36 (compatible; Googlebot/2.1; +http://www.google.com/bot.html)"
66.249.73.233 - - [15/Jul/2025:14:20:25 +0000] "GET /item/greed80991319/ HTTP/1.1" 200 40613 "-" "Mozilla/5.0 (Linux; Android 6.0.1; Nexus 5X Build/MMB29P) AppleWebKit/537.36 (KHTML, like Gecko) Chrome/137.0.7151.103 Mobile Safari/537.36 (compatible; GoogleOther)"
66.249.73.233 - - [15/Jul/2025:14:20:28 +0000] "GET /?e=23913544041000&mod=b4d22bb5&uri=product.php%3Fid%3D798168-803%26name%3Dpinarello+prince+disk+2019+prezzo HTTP/1.1" 200 39947 "-" "Mozilla/5.0 (Linux; Android 6.0.1; Nexus 5X Build/MMB29P) AppleWebKit/537.36 (KHTML, like Gecko) Chrome/137.0.7151.103 Mobile Safari/537.36 (compatible; Googlebot/2.1; +http://www.google.com/bot.html)"
66.249.73.234 - - [15/Jul/2025:14:20:30 +0000] "GET /?e=58239322041000&mod=619205da&uri=product.php%3Fid%3D1943475-233%26name%3Dcomprar+pantalonetas HTTP/1.1" 200 39937 "-" "Mozilla/5.0 (Linux; Android 6.0.1; Nexus 5X Build/MMB29P) AppleWebKit/537.36 (KHTML, like Gecko) Chrome/137.0.7151.103 Mobile Safari/537.36 (compatible; Googlebot/2.1; +http://www.google.com/bot.html)"
66.249.73.233 - - [15/Jul/2025:14:20:31 +0000] "GET /?e=45659134001000&mod=b4d22bb5&uri=dp.php%3Fid%3D1523780-803%26name%3Dyamaha+grizzly+660+usato HTTP/1.1" 200 39967 "-" "Mozilla/5.0 (Linux; Android 6.0.1; Nexus 5X Build/MMB29P) AppleWebKit/537.36 (KHTML, like Gecko) Chrome/137.0.7151.103 Mobile Safari/537.36 (compatible; Googlebot/2.1; +http://www.google.com/bot.html)"
66.249.73.234 - - [15/Jul/2025:14:20:33 +0000] "GET /?e=58175695011000&mod=b112ca40&uri=product.php%3Fid%3D1941353-481%26name%3Dotterbox+phone+case+iphone+6s HTTP/1.1" 200 39862 "-" "Mozilla/5.0 (Linux; Android 6.0.1; Nexus 5X Build/MMB29P) AppleWebKit/537.36 (KHTML, like Gecko) Chrome/137.0.7151.103 Mobile Safari/537.36 (compatible; Googlebot/2.1; +http://www.google.com/bot.html)"
66.249.73.233 - - [15/Jul/2025:14:20:33 +0000] "POST /get-message-notify HTTP/1.1" 200 40074 "https://cyber-secure.com.au/?e=58176475031000&mod=b112ca40&uri=brands.php%3Fid%3D1941379-481%26name%3Dwood+inlay+phone+case" "Mozilla/5.0 (Linux; Android 6.0.1; Nexus 5X Build/MMB29P) AppleWebKit/537.36 (KHTML, like Gecko) Chrome/137.0.7151.119 Mobile Safari/537.36 (compatible; Googlebot/2.1; +http://www.google.com/bot.html)"
66.249.73.233 - - [15/Jul/2025:14:20:34 +0000] "GET /item/fragm72527518/ HTTP/1.1" 200 40262 "-" "Mozilla/5.0 (Linux; Android 6.0.1; Nexus 5X Build/MMB29P) AppleWebKit/537.36 (KHTML, like Gecko) Chrome/137.0.7151.103 Mobile Safari/537.36 (compatible; GoogleOther)"
66.249.73.233 - - [15/Jul/2025:14:20:34 +0000] "GET /?e=58175815011000&mod=0ebffb73&uri=shop.php%3Fid%3D1941357-1347%26name%3Dcanada+goose+invasive+species+uk HTTP/1.1" 200 39979 "-" "Mozilla/5.0 (Linux; Android 6.0.1; Nexus 5X Build/MMB29P) AppleWebKit/537.36 (KHTML, like Gecko) Chrome/137.0.7151.103 Mobile Safari/537.36 (compatible; Googlebot/2.1; +http://www.google.com/bot.html)"
66.249.73.233 - - [15/Jul/2025:14:20:35 +0000] "POST /get-message-notify HTTP/1.1" 200 40077 "https://cyber-secure.com.au/?e=58239322041000&mod=619205da&uri=product.php%3Fid%3D1943475-233%26name%3Dcomprar+pantalonetas" "Mozilla/5.0 (Linux; Android 6.0.1; Nexus 5X Build/MMB29P) AppleWebKit/537.36 (KHTML, like Gecko) Chrome/137.0.7151.119 Mobile Safari/537.36 (compatible; Googlebot/2.1; +http://www.google.com/bot.html)"
66.249.73.233 - - [15/Jul/2025:14:20:38 +0000] "POST /get-message-notify HTTP/1.1" 200 40054 "https://cyber-secure.com.au/?e=45659134001000&mod=b4d22bb5&uri=dp.php%3Fid%3D1523780-803%26name%3Dyamaha+grizzly+660+usato" "Mozilla/5.0 (Linux; Android 6.0.1; Nexus 5X Build/MMB29P) AppleWebKit/537.36 (KHTML, like Gecko) Chrome/137.0.7151.119 Mobile Safari/537.36 (compatible; Googlebot/2.1; +http://www.google.com/bot.html)"
66.249.73.234 - - [15/Jul/2025:14:20:39 +0000] "GET /?e=45644655011000&mod=b4d22bb5&uri=shared.php%3Fid%3D1523297-803%26name%3Dyamaha+mt+09+2017+usata HTTP/1.1" 200 39913 "-" "Mozilla/5.0 (Linux; Android 6.0.1; Nexus 5X Build/MMB29P) AppleWebKit/537.36 (KHTML, like Gecko) Chrome/137.0.7151.103 Mobile Safari/537.36 (compatible; Googlebot/2.1; +http://www.google.com/bot.html)"
66.249.73.233 - - [15/Jul/2025:14:20:40 +0000] "GET /item/bite32638602/ HTTP/1.1" 200 40060 "-" "Mozilla/5.0 (Linux; Android 6.0.1; Nexus 5X Build/MMB29P) AppleWebKit/537.36 (KHTML, like Gecko) Chrome/137.0.7151.103 Mobile Safari/537.36 (compatible; GoogleOther)"
66.249.73.234 - - [15/Jul/2025:14:20:41 +0000] "GET /?e=58141468041000&mod=b4d22bb5&uri=dp.php%3Fid%3D1940208-803%26name%3Dyz+85+2022 HTTP/1.1" 200 40038 "-" "Mozilla/5.0 (Linux; Android 6.0.1; Nexus 5X Build/MMB29P) AppleWebKit/537.36 (KHTML, like Gecko) Chrome/137.0.7151.103 Mobile Safari/537.36 (compatible; Googlebot/2.1; +http://www.google.com/bot.html)"
66.249.73.234 - - [15/Jul/2025:14:20:41 +0000] "POST /get-message-notify HTTP/1.1" 200 40047 "https://cyber-secure.com.au/?e=58239322001000&mod=619205da&uri=blog.php%3Fid%3D1943475-233%26name%3Dcomprar+pantalonetas" "Mozilla/5.0 (Linux; Android 6.0.1; Nexus 5X Build/MMB29P) AppleWebKit/537.36 (KHTML, like Gecko) Chrome/137.0.7151.119 Mobile Safari/537.36 (compatible; Googlebot/2.1; +http://www.google.com/bot.html)"
66.249.73.233 - - [15/Jul/2025:14:20:42 +0000] "GET /?e=58175875071000&mod=255ea887&uri=form.php%3Fid%3D1941359-792%26name%3Djordan+low+michigan HTTP/1.1" 200 40039 "-" "Mozilla/5.0 (Linux; Android 6.0.1; Nexus 5X Build/MMB29P) AppleWebKit/537.36 (KHTML, like Gecko) Chrome/137.0.7151.103 Mobile Safari/537.36 (compatible; Googlebot/2.1; +http://www.google.com/bot.html)"
66.249.73.234 - - [15/Jul/2025:14:20:43 +0000] "GET /item/dad31861426/ HTTP/1.1" 200 40233 "-" "Mozilla/5.0 (Linux; Android 6.0.1; Nexus 5X Build/MMB29P) AppleWebKit/537.36 (KHTML, like Gecko) Chrome/137.0.7151.103 Mobile Safari/537.36 (compatible; GoogleOther)"
66.249.73.234 - - [15/Jul/2025:14:20:44 +0000] "GET /?e=58141438011000&mod=b4d22bb5&uri=category-info.php%3Fid%3D1940207-803%26name%3Doggi+cattura+pro+gx HTTP/1.1" 200 39973 "-" "Mozilla/5.0 (Linux; Android 6.0.1; Nexus 5X Build/MMB29P) AppleWebKit/537.36 (KHTML, like Gecko) Chrome/137.0.7151.103 Mobile Safari/537.36 (compatible; Googlebot/2.1; +http://www.google.com/bot.html)"
66.249.73.234 - - [15/Jul/2025:14:20:46 +0000] "GET /item/negat41069795/ HTTP/1.1" 200 39976 "-" "Mozilla/5.0 (Linux; Android 6.0.1; Nexus 5X Build/MMB29P) AppleWebKit/537.36 (KHTML, like Gecko) Chrome/137.0.7151.103 Mobile Safari/537.36 (compatible; GoogleOther)"
66.249.73.235 - - [15/Jul/2025:14:20:52 +0000] "GET /item/pert52207876/ HTTP/1.1" 200 40075 "-" "Mozilla/5.0 (Linux; Android 6.0.1; Nexus 5X Build/MMB29P) AppleWebKit/537.36 (KHTML, like Gecko) Chrome/137.0.7151.103 Mobile Safari/537.36 (compatible; GoogleOther)"
66.249.73.234 - - [15/Jul/2025:14:20:55 +0000] "GET /?e=58189004051000&mod=da11e8cd&uri=us.php%3Fid%3D1941797-128%26name%3Dpaw+patrol+good+to+grow+juice HTTP/1.1" 200 40000 "-" "Mozilla/5.0 (Linux; Android 6.0.1; Nexus 5X Build/MMB29P) AppleWebKit/537.36 (KHTML, like Gecko) Chrome/137.0.7151.103 Mobile Safari/537.36 (compatible; Googlebot/2.1; +http://www.google.com/bot.html)"
66.249.73.235 - - [15/Jul/2025:14:20:56 +0000] "GET /?e=58190534001000&mod=b112ca40&uri=products.php%3Fid%3D1941848-481%26name%3Diphone+s+plus+cases+amazon HTTP/1.1" 200 39975 "-" "Mozilla/5.0 (Linux; Android 6.0.1; Nexus 5X Build/MMB29P) AppleWebKit/537.36 (KHTML, like Gecko) Chrome/137.0.7151.103 Mobile Safari/537.36 (compatible; Googlebot/2.1; +http://www.google.com/bot.html)"
66.249.73.235 - - [15/Jul/2025:14:20:58 +0000] "GET /?e=58188104031000&mod=b112ca40&uri=shared.php%3Fid%3D1941767-481%26name%3Dphoto+case+iphone+xr HTTP/1.1" 200 40023 "-" "Mozilla/5.0 (Linux; Android 6.0.1; Nexus 5X Build/MMB29P) AppleWebKit/537.36 (KHTML, like Gecko) Chrome/137.0.7151.103 Mobile Safari/537.36 (compatible; Googlebot/2.1; +http://www.google.com/bot.html)"
66.249.73.234 - - [15/Jul/2025:14:20:59 +0000] "GET /item/ought70750814/ HTTP/1.1" 200 40055 "-" "Mozilla/5.0 (Linux; Android 6.0.1; Nexus 5X Build/MMB29P) AppleWebKit/537.36 (KHTML, like Gecko) Chrome/137.0.7151.103 Mobile Safari/537.36 (compatible; GoogleOther)"
66.249.73.234 - - [15/Jul/2025:14:21:02 +0000] "GET /?e=58190174041000&mod=da11e8cd&uri=category-info.php%3Fid%3D1941836-128%26name%3Dwelch%27s+100+percent+grape+juice HTTP/1.1" 200 39863 "-" "Mozilla/5.0 (Linux; Android 6.0.1; Nexus 5X Build/MMB29P) AppleWebKit/537.36 (KHTML, like Gecko) Chrome/137.0.7151.103 Mobile Safari/537.36 (compatible; Googlebot/2.1; +http://www.google.com/bot.html)"
66.249.73.233 - - [15/Jul/2025:14:21:04 +0000] "GET /?e=23931803041000&mod=b4d22bb5&uri=itm.php%3Fid%3D798778-803%26name%3Dtelaio+scott+gambler HTTP/1.1" 200 39931 "-" "Mozilla/5.0 (Linux; Android 6.0.1; Nexus 5X Build/MMB29P) AppleWebKit/537.36 (KHTML, like Gecko) Chrome/137.0.7151.103 Mobile Safari/537.36 (compatible; Googlebot/2.1; +http://www.google.com/bot.html)"
66.249.73.233 - - [15/Jul/2025:14:21:06 +0000] "GET /item/movem71831070/ HTTP/1.1" 200 39886 "-" "Mozilla/5.0 (Linux; Android 6.0.1; Nexus 5X Build/MMB29P) AppleWebKit/537.36 (KHTML, like Gecko) Chrome/137.0.7151.103 Mobile Safari/537.36 (compatible; GoogleOther)"
66.249.73.233 - - [15/Jul/2025:14:21:11 +0000] "POST /get-message-notify HTTP/1.1" 200 40064 "https://cyber-secure.com.au/?e=58190534001000&mod=b112ca40&uri=products.php%3Fid%3D1941848-481%26name%3Diphone+s+plus+cases+amazon" "Mozilla/5.0 (Linux; Android 6.0.1; Nexus 5X Build/MMB29P) AppleWebKit/537.36 (KHTML, like Gecko) Chrome/137.0.7151.119 Mobile Safari/537.36 (compatible; Googlebot/2.1; +http://www.google.com/bot.html)"
66.249.73.233 - - [15/Jul/2025:14:21:13 +0000] "GET /item/targe22439761/ HTTP/1.1" 200 39788 "-" "Mozilla/5.0 (Linux; Android 6.0.1; Nexus 5X Build/MMB29P) AppleWebKit/537.36 (KHTML, like Gecko) Chrome/137.0.7151.103 Mobile Safari/537.36 (compatible; GoogleOther)"
66.249.73.233 - - [15/Jul/2025:14:21:13 +0000] "GET /?e=58193324021000&mod=6f3e29a3&uri=brands.php%3Fid%3D1941941-130%26name%3Dcover+huawei+nova+3i HTTP/1.1" 200 39980 "-" "Mozilla/5.0 (Linux; Android 6.0.1; Nexus 5X Build/MMB29P) AppleWebKit/537.36 (KHTML, like Gecko) Chrome/137.0.7151.103 Mobile Safari/537.36 (compatible; Googlebot/2.1; +http://www.google.com/bot.html)"
66.249.73.233 - - [15/Jul/2025:14:21:14 +0000] "GET /?e=58190084091000&mod=b112ca40&uri=form.php%3Fid%3D1941833-481%26name%3Dapple+iphone+11+green+case HTTP/1.1" 200 39901 "-" "Mozilla/5.0 (Linux; Android 6.0.1; Nexus 5X Build/MMB29P) AppleWebKit/537.36 (KHTML, like Gecko) Chrome/137.0.7151.103 Mobile Safari/537.36 (compatible; Googlebot/2.1; +http://www.google.com/bot.html)"
66.249.73.233 - - [15/Jul/2025:14:21:16 +0000] "GET /?e=23942448051000&mod=b4d22bb5&uri=dp.php%3Fid%3D799133-803%26name%3Dmanubri+bicicletta HTTP/1.1" 200 39908 "-" "Mozilla/5.0 (Linux; Android 6.0.1; Nexus 5X Build/MMB29P) AppleWebKit/537.36 (KHTML, like Gecko) Chrome/137.0.7151.103 Mobile Safari/537.36 (compatible; Googlebot/2.1; +http://www.google.com/bot.html)"
66.249.73.233 - - [15/Jul/2025:14:21:18 +0000] "GET /?e=23934413011000&mod=b4d22bb5&uri=dp.php%3Fid%3D798865-803%26name%3Dem+motoricambi HTTP/1.1" 200 39928 "-" "Mozilla/5.0 (Linux; Android 6.0.1; Nexus 5X Build/MMB29P) AppleWebKit/537.36 (KHTML, like Gecko) Chrome/137.0.7151.103 Mobile Safari/537.36 (compatible; Googlebot/2.1; +http://www.google.com/bot.html)"
66.249.73.233 - - [15/Jul/2025:14:21:19 +0000] "GET /?e=58190444051000&mod=da11e8cd&uri=info.php%3Fid%3D1941845-128%26name%3Dreal+juice+tetra+pack+small HTTP/1.1" 200 39978 "-" "Mozilla/5.0 (Linux; Android 6.0.1; Nexus 5X Build/MMB29P) AppleWebKit/537.36 (KHTML, like Gecko) Chrome/137.0.7151.103 Mobile Safari/537.36 (compatible; Googlebot/2.1; +http://www.google.com/bot.html)"
66.249.73.233 - - [15/Jul/2025:14:21:21 +0000] "GET /?e=23923884091000&mod=b4d22bb5&uri=category-info.php%3Fid%3D798513-803%26name%3Dcopertoni+continental+bdc HTTP/1.1" 200 39995 "-" "Mozilla/5.0 (Linux; Android 6.0.1; Nexus 5X Build/MMB29P) AppleWebKit/537.36 (KHTML, like Gecko) Chrome/137.0.7151.103 Mobile Safari/537.36 (compatible; Googlebot/2.1; +http://www.google.com/bot.html)"
66.249.73.234 - - [15/Jul/2025:14:21:22 +0000] "POST /get-message-notify HTTP/1.1" 200 40012 "https://cyber-secure.com.au/?e=23934413011000&mod=b4d22bb5&uri=dp.php%3Fid%3D798865-803%26name%3Dem+motoricambi" "Mozilla/5.0 (Linux; Android 6.0.1; Nexus 5X Build/MMB29P) AppleWebKit/537.36 (KHTML, like Gecko) Chrome/137.0.7151.119 Mobile Safari/537.36 (compatible; Googlebot/2.1; +http://www.google.com/bot.html)"
66.249.73.233 - - [15/Jul/2025:14:21:24 +0000] "POST /get-message-notify HTTP/1.1" 200 40108 "https://cyber-secure.com.au/?e=23923884091000&mod=b4d22bb5&uri=category-info.php%3Fid%3D798513-803%26name%3Dcopertoni+continental+bdc" "Mozilla/5.0 (Linux; Android 6.0.1; Nexus 5X Build/MMB29P) AppleWebKit/537.36 (KHTML, like Gecko) Chrome/137.0.7151.119 Mobile Safari/537.36 (compatible; Googlebot/2.1; +http://www.google.com/bot.html)"
66.249.73.233 - - [15/Jul/2025:14:21:25 +0000] "GET /?e=58190624031000&mod=da11e8cd&uri=search.php%3Fid%3D1941851-128%26name%3Damla+juice+woolworths HTTP/1.1" 200 39810 "-" "Mozilla/5.0 (Linux; Android 6.0.1; Nexus 5X Build/MMB29P) AppleWebKit/537.36 (KHTML, like Gecko) Chrome/137.0.7151.103 Mobile Safari/537.36 (compatible; Googlebot/2.1; +http://www.google.com/bot.html)"
66.249.73.233 - - [15/Jul/2025:14:21:26 +0000] "GET /item/knife42709707/ HTTP/1.1" 200 41152 "-" "Mozilla/5.0 (Linux; Android 6.0.1; Nexus 5X Build/MMB29P) AppleWebKit/537.36 (KHTML, like Gecko) Chrome/137.0.7151.103 Mobile Safari/537.36 (compatible; GoogleOther)"
66.249.73.233 - - [15/Jul/2025:14:21:29 +0000] "GET /?e=58189994061000&mod=da11e8cd&uri=us.php%3Fid%3D1941830-128%26name%3Djamba+juice+lemonade HTTP/1.1" 200 39975 "-" "Mozilla/5.0 (Linux; Android 6.0.1; Nexus 5X Build/MMB29P) AppleWebKit/537.36 (KHTML, like Gecko) Chrome/137.0.7151.103 Mobile Safari/537.36 (compatible; Googlebot/2.1; +http://www.google.com/bot.html)"
66.249.73.234 - - [15/Jul/2025:14:21:31 +0000] "GET /?e=58191254031000&mod=da11e8cd&uri=brands.php%3Fid%3D1941872-128%26name%3Dminute+maid+mixed+berry+juice+box HTTP/1.1" 200 39912 "-" "Mozilla/5.0 (Linux; Android 6.0.1; Nexus 5X Build/MMB29P) AppleWebKit/537.36 (KHTML, like Gecko) Chrome/137.0.7151.103 Mobile Safari/537.36 (compatible; Googlebot/2.1; +http://www.google.com/bot.html)"
66.249.73.234 - - [15/Jul/2025:14:21:32 +0000] "GET /?e=58192154021000&mod=da11e8cd&uri=us.php%3Fid%3D1941902-128%26name%3Dfresh+juice+cafe HTTP/1.1" 200 40060 "-" "Mozilla/5.0 (Linux; Android 6.0.1; Nexus 5X Build/MMB29P) AppleWebKit/537.36 (KHTML, like Gecko) Chrome/137.0.7151.103 Mobile Safari/537.36 (compatible; Googlebot/2.1; +http://www.google.com/bot.html)"
66.249.73.234 - - [15/Jul/2025:14:21:33 +0000] "GET /item/via12277936/ HTTP/1.1" 200 40192 "-" "Mozilla/5.0 (Linux; Android 6.0.1; Nexus 5X Build/MMB29P) AppleWebKit/537.36 (KHTML, like Gecko) Chrome/137.0.7151.103 Mobile Safari/537.36 (compatible; GoogleOther)"
66.249.73.233 - - [15/Jul/2025:14:21:33 +0000] "POST /get-message-notify HTTP/1.1" 200 40041 "https://cyber-secure.com.au/?e=58191254031000&mod=da11e8cd&uri=brands.php%3Fid%3D1941872-128%26name%3Dminute+maid+mixed+berry+juice+box" "Mozilla/5.0 (Linux; Android 6.0.1; Nexus 5X Build/MMB29P) AppleWebKit/537.36 (KHTML, like Gecko) Chrome/137.0.7151.119 Mobile Safari/537.36 (compatible; Googlebot/2.1; +http://www.google.com/bot.html)"
66.249.73.233 - - [15/Jul/2025:14:21:34 +0000] "GET /?e=58194314021000&mod=da11e8cd&uri=category-info.php%3Fid%3D1941974-128%26name%3Dsunfresh+juice HTTP/1.1" 200 39922 "-" "Mozilla/5.0 (Linux; Android 6.0.1; Nexus 5X Build/MMB29P) AppleWebKit/537.36 (KHTML, like Gecko) Chrome/137.0.7151.103 Mobile Safari/537.36 (compatible; Googlebot/2.1; +http://www.google.com/bot.html)"
66.249.73.234 - - [15/Jul/2025:14:21:36 +0000] "GET /item/stale41650235/ HTTP/1.1" 200 40982 "-" "Mozilla/5.0 (Linux; Android 6.0.1; Nexus 5X Build/MMB29P) AppleWebKit/537.36 (KHTML, like Gecko) Chrome/137.0.7151.103 Mobile Safari/537.36 (compatible; GoogleOther)"
66.249.73.234 - - [15/Jul/2025:14:21:39 +0000] "GET /item/very12332008/ HTTP/1.1" 200 40167 "-" "Mozilla/5.0 (Linux; Android 6.0.1; Nexus 5X Build/MMB29P) AppleWebKit/537.36 (KHTML, like Gecko) Chrome/137.0.7151.103 Mobile Safari/537.36 (compatible; GoogleOther)"
66.249.73.235 - - [15/Jul/2025:14:21:40 +0000] "GET /item/previ60005949/ HTTP/1.1" 200 40805 "-" "Mozilla/5.0 (Linux; Android 6.0.1; Nexus 5X Build/MMB29P) AppleWebKit/537.36 (KHTML, like Gecko) Chrome/137.0.7151.103 Mobile Safari/537.36 (compatible; Googlebot/2.1; +http://www.google.com/bot.html)"
66.249.73.234 - - [15/Jul/2025:14:21:43 +0000] "GET /?e=58191074021000&mod=da11e8cd&uri=shop.php%3Fid%3D1941866-128%26name%3Docean+spray+raspberry+juice HTTP/1.1" 200 39786 "-" "Mozilla/5.0 (Linux; Android 6.0.1; Nexus 5X Build/MMB29P) AppleWebKit/537.36 (KHTML, like Gecko) Chrome/137.0.7151.103 Mobile Safari/537.36 (compatible; Googlebot/2.1; +http://www.google.com/bot.html)"
66.249.73.234 - - [15/Jul/2025:14:21:44 +0000] "GET /?e=58162683031000&mod=0ebffb73&uri=shared.php%3Fid%3D1940917-1347%26name%3Dnew+balance+490v6+ii HTTP/1.1" 200 39994 "-" "Mozilla/5.0 (Linux; Android 6.0.1; Nexus 5X Build/MMB29P) AppleWebKit/537.36 (KHTML, like Gecko) Chrome/137.0.7151.103 Mobile Safari/537.36 (compatible; Googlebot/2.1; +http://www.google.com/bot.html)"
66.249.73.234 - - [15/Jul/2025:14:21:45 +0000] "GET /item/viewy42787987/ HTTP/1.1" 200 39826 "-" "Mozilla/5.0 (Linux; Android 6.0.1; Nexus 5X Build/MMB29P) AppleWebKit/537.36 (KHTML, like Gecko) Chrome/137.0.7151.103 Mobile Safari/537.36 (compatible; GoogleOther)"
66.249.73.233 - - [15/Jul/2025:14:21:46 +0000] "GET /?e=58193864071000&mod=da11e8cd&uri=product.php%3Fid%3D1941959-128%26name%3Dcoconut+water+h20 HTTP/1.1" 200 39818 "-" "Mozilla/5.0 (Linux; Android 6.0.1; Nexus 5X Build/MMB29P) AppleWebKit/537.36 (KHTML, like Gecko) Chrome/137.0.7151.103 Mobile Safari/537.36 (compatible; Googlebot/2.1; +http://www.google.com/bot.html)"
66.249.73.233 - - [15/Jul/2025:14:21:47 +0000] "GET /?e=58191434061000&mod=da11e8cd&uri=info.php%3Fid%3D1941878-128%26name%3Dcantaloupe+drink+recipe+filipino HTTP/1.1" 200 40049 "-" "Mozilla/5.0 (Linux; Android 6.0.1; Nexus 5X Build/MMB29P) AppleWebKit/537.36 (KHTML, like Gecko) Chrome/137.0.7151.103 Mobile Safari/537.36 (compatible; Googlebot/2.1; +http://www.google.com/bot.html)"
66.249.73.234 - - [15/Jul/2025:14:21:49 +0000] "GET /item/queue81477791/ HTTP/1.1" 200 40379 "-" "Mozilla/5.0 (Linux; Android 6.0.1; Nexus 5X Build/MMB29P) AppleWebKit/537.36 (KHTML, like Gecko) Chrome/137.0.7151.103 Mobile Safari/537.36 (compatible; GoogleOther)"
66.249.73.234 - - [15/Jul/2025:14:21:50 +0000] "POST /get-message-notify HTTP/1.1" 200 39995 "https://cyber-secure.com.au/?e=58193864071000&mod=da11e8cd&uri=product.php%3Fid%3D1941959-128%26name%3Dcoconut+water+h20" "Mozilla/5.0 (Linux; Android 6.0.1; Nexus 5X Build/MMB29P) AppleWebKit/537.36 (KHTML, like Gecko) Chrome/137.0.7151.119 Mobile Safari/537.36 (compatible; Googlebot/2.1; +http://www.google.com/bot.html)"
66.249.73.235 - - [15/Jul/2025:14:21:52 +0000] "GET /item/tonig20220377/ HTTP/1.1" 200 40354 "-" "Mozilla/5.0 (Linux; Android 6.0.1; Nexus 5X Build/MMB29P) AppleWebKit/537.36 (KHTML, like Gecko) Chrome/137.0.7151.103 Mobile Safari/537.36 (compatible; GoogleOther)"
66.249.73.236 - - [15/Jul/2025:14:21:55 +0000] "GET /?e=58191884091000&mod=da11e8cd&uri=shop.php%3Fid%3D1941893-128%26name%3Dvodka+cranberry+lemonade HTTP/1.1" 200 39951 "-" "Mozilla/5.0 (Linux; Android 6.0.1; Nexus 5X Build/MMB29P) AppleWebKit/537.36 (KHTML, like Gecko) Chrome/137.0.7151.103 Mobile Safari/537.36 (compatible; Googlebot/2.1; +http://www.google.com/bot.html)"
66.249.73.236 - - [15/Jul/2025:14:21:58 +0000] "POST /get-message-notify HTTP/1.1" 200 40027 "https://cyber-secure.com.au/?e=45633030051000&mod=b4d22bb5&uri=itm.php%3Fid%3D1522909-803%26name%3Dbici+da+corsa+tropix" "Mozilla/5.0 (Linux; Android 6.0.1; Nexus 5X Build/MMB29P) AppleWebKit/537.36 (KHTML, like Gecko) Chrome/137.0.7151.119 Mobile Safari/537.36 (compatible; Googlebot/2.1; +http://www.google.com/bot.html)"
66.249.73.234 - - [15/Jul/2025:14:21:58 +0000] "GET /item/resid52534052/ HTTP/1.1" 200 40225 "-" "Mozilla/5.0 (Linux; Android 6.0.1; Nexus 5X Build/MMB29P) AppleWebKit/537.36 (KHTML, like Gecko) Chrome/137.0.7151.103 Mobile Safari/537.36 (compatible; GoogleOther)"
66.249.73.233 - - [15/Jul/2025:14:21:59 +0000] "POST /get-message-notify HTTP/1.1" 200 40042 "https://cyber-secure.com.au/?e=58193324021000&mod=6f3e29a3&uri=brands.php%3Fid%3D1941941-130%26name%3Dcover+huawei+nova+3i" "Mozilla/5.0 (Linux; Android 6.0.1; Nexus 5X Build/MMB29P) AppleWebKit/537.36 (KHTML, like Gecko) Chrome/137.0.7151.119 Mobile Safari/537.36 (compatible; Googlebot/2.1; +http://www.google.com/bot.html)"
66.249.73.234 - - [15/Jul/2025:14:22:00 +0000] "GET /?e=58191344011000&mod=da11e8cd&uri=form.php%3Fid%3D1941875-128%26name%3Dfolkingtons+pink+lemonade HTTP/1.1" 200 39818 "-" "Mozilla/5.0 (Linux; Android 6.0.1; Nexus 5X Build/MMB29P) AppleWebKit/537.36 (KHTML, like Gecko) Chrome/137.0.7151.103 Mobile Safari/537.36 (compatible; Googlebot/2.1; +http://www.google.com/bot.html)"
66.249.73.235 - - [15/Jul/2025:14:22:01 +0000] "GET /?e=23916034021000&mod=b4d22bb5&uri=blog.php%3Fid%3D798251-803%26name%3Dom+bike+prezzo HTTP/1.1" 200 39897 "-" "Mozilla/5.0 (Linux; Android 6.0.1; Nexus 5X Build/MMB29P) AppleWebKit/537.36 (KHTML, like Gecko) Chrome/137.0.7151.103 Mobile Safari/537.36 (compatible; Googlebot/2.1; +http://www.google.com/bot.html)"
66.249.73.233 - - [15/Jul/2025:14:22:02 +0000] "GET /?e=58193774041000&mod=b112ca40&uri=brands.php%3Fid%3D1941956-481%26name%3Diphone+11+pro+max+real+wood+case HTTP/1.1" 200 39994 "-" "Mozilla/5.0 (Linux; Android 6.0.1; Nexus 5X Build/MMB29P) AppleWebKit/537.36 (KHTML, like Gecko) Chrome/137.0.7151.103 Mobile Safari/537.36 (compatible; Googlebot/2.1; +http://www.google.com/bot.html)"
66.249.73.234 - - [15/Jul/2025:14:22:04 +0000] "GET /?e=58192514001000&mod=b112ca40&uri=article.php%3Fid%3D1941914-481%26name%3Dxr+personalised+phone+case HTTP/1.1" 200 39970 "-" "Mozilla/5.0 (Linux; Android 6.0.1; Nexus 5X Build/MMB29P) AppleWebKit/537.36 (KHTML, like Gecko) Chrome/137.0.7151.103 Mobile Safari/537.36 (compatible; Googlebot/2.1; +http://www.google.com/bot.html)"
66.249.73.233 - - [15/Jul/2025:14:22:05 +0000] "GET /item/mater12089464/ HTTP/1.1" 200 40179 "-" "Mozilla/5.0 (Linux; Android 6.0.1; Nexus 5X Build/MMB29P) AppleWebKit/537.36 (KHTML, like Gecko) Chrome/137.0.7151.103 Mobile Safari/537.36 (compatible; GoogleOther)"
66.249.73.233 - - [15/Jul/2025:14:22:09 +0000] "GET /?e=58194044051000&mod=b112ca40&uri=shop.php%3Fid%3D1941965-481%26name%3Dsamsung+galaxy+s8+plus+case+near+me HTTP/1.1" 200 39938 "-" "Mozilla/5.0 (Linux; Android 6.0.1; Nexus 5X Build/MMB29P) AppleWebKit/537.36 (KHTML, like Gecko) Chrome/137.0.7151.103 Mobile Safari/537.36 (compatible; Googlebot/2.1; +http://www.google.com/bot.html)"
66.249.73.233 - - [15/Jul/2025:14:22:10 +0000] "GET /?e=58188464031000&mod=6f3e29a3&uri=info.php%3Fid%3D1941779-130%26name%3Dhuawei+case+p20 HTTP/1.1" 200 39865 "-" "Mozilla/5.0 (Linux; Android 6.0.1; Nexus 5X Build/MMB29P) AppleWebKit/537.36 (KHTML, like Gecko) Chrome/137.0.7151.103 Mobile Safari/537.36 (compatible; Googlebot/2.1; +http://www.google.com/bot.html)"
66.249.73.233 - - [15/Jul/2025:14:22:14 +0000] "GET /?e=82762199061000&mod=884d7996&uri=pin.php%3Fid%3D2761926-116%26name%3Dreloj+casio+mujer+rosa+peque%C3%83%C2%B1o HTTP/1.1" 200 40107 "-" "Mozilla/5.0 (Linux; Android 6.0.1; Nexus 5X Build/MMB29P) AppleWebKit/537.36 (KHTML, like Gecko) Chrome/137.0.7151.103 Mobile Safari/537.36 (compatible; GoogleOther)"
66.249.73.233 - - [15/Jul/2025:14:22:14 +0000] "GET /?e=58193144111000&mod=0ebffb73&uri=dp.php%3Fid%3D1941935-1347%26name%3Dkenzo+chapinero+wikipedia HTTP/1.1" 200 39890 "-" "Mozilla/5.0 (Linux; Android 6.0.1; Nexus 5X Build/MMB29P) AppleWebKit/537.36 (KHTML, like Gecko) Chrome/137.0.7151.103 Mobile Safari/537.36 (compatible; Googlebot/2.1; +http://www.google.com/bot.html)"
66.249.73.233 - - [15/Jul/2025:14:22:16 +0000] "GET /?e=58190354031000&mod=da11e8cd&uri=itm.php%3Fid%3D1941842-128%26name%3Dsimply+made+lemonade HTTP/1.1" 200 40012 "-" "Mozilla/5.0 (Linux; Android 6.0.1; Nexus 5X Build/MMB29P) AppleWebKit/537.36 (KHTML, like Gecko) Chrome/137.0.7151.103 Mobile Safari/537.36 (compatible; Googlebot/2.1; +http://www.google.com/bot.html)"
66.249.73.233 - - [15/Jul/2025:14:22:17 +0000] "POST /get-message-notify HTTP/1.1" 200 40059 "https://cyber-secure.com.au/?e=58192514001000&mod=b112ca40&uri=article.php%3Fid%3D1941914-481%26name%3Dxr+personalised+phone+case" "Mozilla/5.0 (Linux; Android 6.0.1; Nexus 5X Build/MMB29P) AppleWebKit/537.36 (KHTML, like Gecko) Chrome/137.0.7151.119 Mobile Safari/537.36 (compatible; Googlebot/2.1; +http://www.google.com/bot.html)"
66.249.73.233 - - [15/Jul/2025:14:22:17 +0000] "GET /item/ahead82435351/ HTTP/1.1" 200 39735 "-" "Mozilla/5.0 (Linux; Android 6.0.1; Nexus 5X Build/MMB29P) AppleWebKit/537.36 (KHTML, like Gecko) Chrome/137.0.7151.103 Mobile Safari/537.36 (compatible; GoogleOther)"
66.249.73.233 - - [15/Jul/2025:14:22:23 +0000] "GET /?e=58193954081000&mod=da11e8cd&uri=shop.php%3Fid%3D1941962-128%26name%3Dwhat+is+the+best+pomegranate+juice+to+drink HTTP/1.1" 200 39923 "-" "Mozilla/5.0 (Linux; Android 6.0.1; Nexus 5X Build/MMB29P) AppleWebKit/537.36 (KHTML, like Gecko) Chrome/137.0.7151.103 Mobile Safari/537.36 (compatible; Googlebot/2.1; +http://www.google.com/bot.html)"
66.249.73.234 - - [15/Jul/2025:14:22:23 +0000] "GET /item/ballo22220785/ HTTP/1.1" 200 40049 "-" "Mozilla/5.0 (Linux; Android 6.0.1; Nexus 5X Build/MMB29P) AppleWebKit/537.36 (KHTML, like Gecko) Chrome/137.0.7151.103 Mobile Safari/537.36 (compatible; GoogleOther)"
66.249.73.233 - - [15/Jul/2025:14:22:24 +0000] "GET /?e=58188644011000&mod=da11e8cd&uri=search.php%3Fid%3D1941785-128%26name%3Dsparkling+grape+juice+kroger HTTP/1.1" 200 39880 "-" "Mozilla/5.0 (Linux; Android 6.0.1; Nexus 5X Build/MMB29P) AppleWebKit/537.36 (KHTML, like Gecko) Chrome/137.0.7151.103 Mobile Safari/537.36 (compatible; Googlebot/2.1; +http://www.google.com/bot.html)"
66.249.73.234 - - [15/Jul/2025:14:22:26 +0000] "POST /get-message-notify HTTP/1.1" 200 40054 "https://cyber-secure.com.au/?e=58193954081000&mod=da11e8cd&uri=shop.php%3Fid%3D1941962-128%26name%3Dwhat+is+the+best+pomegranate+juice+to+drink" "Mozilla/5.0 (Linux; Android 6.0.1; Nexus 5X Build/MMB29P) AppleWebKit/537.36 (KHTML, like Gecko) Chrome/137.0.7151.119 Mobile Safari/537.36 (compatible; Googlebot/2.1; +http://www.google.com/bot.html)"
66.249.73.234 - - [15/Jul/2025:14:22:29 +0000] "GET /?e=58189364051000&mod=b112ca40&uri=products.php%3Fid%3D1941809-481%26name%3Dcase+for+samsung+a20+amazon HTTP/1.1" 200 39957 "-" "Mozilla/5.0 (Linux; Android 6.0.1; Nexus 5X Build/MMB29P) AppleWebKit/537.36 (KHTML, like Gecko) Chrome/137.0.7151.103 Mobile Safari/537.36 (compatible; Googlebot/2.1; +http://www.google.com/bot.html)"
66.249.73.234 - - [15/Jul/2025:14:22:30 +0000] "GET /item/rain10876672/ HTTP/1.1" 200 40779 "-" "Mozilla/5.0 (Linux; Android 6.0.1; Nexus 5X Build/MMB29P) AppleWebKit/537.36 (KHTML, like Gecko) Chrome/137.0.7151.103 Mobile Safari/537.36 (compatible; GoogleOther)"
66.249.73.233 - - [15/Jul/2025:14:22:30 +0000] "GET /?e=58193414051000&mod=6f3e29a3&uri=product.php%3Fid%3D1941944-130%26name%3Dp30+pro+360+case HTTP/1.1" 200 39841 "-" "Mozilla/5.0 (Linux; Android 6.0.1; Nexus 5X Build/MMB29P) AppleWebKit/537.36 (KHTML, like Gecko) Chrome/137.0.7151.103 Mobile Safari/537.36 (compatible; Googlebot/2.1; +http://www.google.com/bot.html)"
66.249.73.235 - - [15/Jul/2025:14:22:34 +0000] "GET /?e=58155393101000&mod=f2bff080&uri=category-info.php%3Fid%3D1940674-338%26name%3Dburberry+andares+horario HTTP/1.1" 200 40004 "-" "Mozilla/5.0 (Linux; Android 6.0.1; Nexus 5X Build/MMB29P) AppleWebKit/537.36 (KHTML, like Gecko) Chrome/137.0.7151.103 Mobile Safari/537.36 (compatible; Googlebot/2.1; +http://www.google.com/bot.html)"
66.249.73.235 - - [15/Jul/2025:14:22:36 +0000] "GET /item/immed30724562/ HTTP/1.1" 200 40114 "-" "Mozilla/5.0 (Linux; Android 6.0.1; Nexus 5X Build/MMB29P) AppleWebKit/537.36 (KHTML, like Gecko) Chrome/137.0.7151.103 Mobile Safari/537.36 (compatible; GoogleOther)"
66.249.73.234 - - [15/Jul/2025:14:22:36 +0000] "GET /?e=58189094011000&mod=b112ca40&uri=pin.php%3Fid%3D1941800-481%26name%3Dpersonalised+phone+case+iphone+xr+initials HTTP/1.1" 200 39934 "-" "Mozilla/5.0 (Linux; Android 6.0.1; Nexus 5X Build/MMB29P) AppleWebKit/537.36 (KHTML, like Gecko) Chrome/137.0.7151.103 Mobile Safari/537.36 (compatible; Googlebot/2.1; +http://www.google.com/bot.html)"
66.249.73.233 - - [15/Jul/2025:14:22:37 +0000] "GET /?e=58152325031000&mod=0ebffb73&uri=goods.php%3Fid%3D1940571-1347%26name%3Ddr+martens+chelsea+used HTTP/1.1" 200 39955 "-" "Mozilla/5.0 (Linux; Android 6.0.1; Nexus 5X Build/MMB29P) AppleWebKit/537.36 (KHTML, like Gecko) Chrome/137.0.7151.103 Mobile Safari/537.36 (compatible; Googlebot/2.1; +http://www.google.com/bot.html)"
66.249.73.234 - - [15/Jul/2025:14:22:38 +0000] "GET /?e=58192964001000&mod=b112ca40&uri=dp.php%3Fid%3D1941929-481%26name%3Ds9+best+case HTTP/1.1" 200 39953 "-" "Mozilla/5.0 (Linux; Android 6.0.1; Nexus 5X Build/MMB29P) AppleWebKit/537.36 (KHTML, like Gecko) Chrome/137.0.7151.103 Mobile Safari/537.36 (compatible; Googlebot/2.1; +http://www.google.com/bot.html)"
66.249.73.235 - - [15/Jul/2025:14:22:39 +0000] "GET /?e=116556009011000&mod=54ff9e9e&uri=search.php%3Fid%3D3889883-208%26name%3Dd7100+body HTTP/1.1" 200 39986 "-" "Mozilla/5.0 (Linux; Android 6.0.1; Nexus 5X Build/MMB29P) AppleWebKit/537.36 (KHTML, like Gecko) Chrome/137.0.7151.103 Mobile Safari/537.36 (compatible; Googlebot/2.1; +http://www.google.com/bot.html)"
66.249.73.234 - - [15/Jul/2025:14:22:42 +0000] "GET /item/fear10200304/ HTTP/1.1" 200 39959 "-" "Mozilla/5.0 (Linux; Android 6.0.1; Nexus 5X Build/MMB29P) AppleWebKit/537.36 (KHTML, like Gecko) Chrome/137.0.7151.103 Mobile Safari/537.36 (compatible; GoogleOther)"
66.249.73.235 - - [15/Jul/2025:14:22:42 +0000] "GET /?e=116550249051000&mod=54ff9e9e&uri=us.php%3Fid%3D3889691-208%26name%3Dnikon+coolpix+l27+price HTTP/1.1" 200 40009 "-" "Mozilla/5.0 (Linux; Android 6.0.1; Nexus 5X Build/MMB29P) AppleWebKit/537.36 (KHTML, like Gecko) Chrome/137.0.7151.103 Mobile Safari/537.36 (compatible; Googlebot/2.1; +http://www.google.com/bot.html)"
66.249.73.234 - - [15/Jul/2025:14:22:45 +0000] "POST /get-message-notify HTTP/1.1" 200 40079 "https://cyber-secure.com.au/?e=58192964001000&mod=b112ca40&uri=dp.php%3Fid%3D1941929-481%26name%3Ds9+best+case" "Mozilla/5.0 (Linux; Android 6.0.1; Nexus 5X Build/MMB29P) AppleWebKit/537.36 (KHTML, like Gecko) Chrome/137.0.7151.119 Mobile Safari/537.36 (compatible; Googlebot/2.1; +http://www.google.com/bot.html)"
66.249.73.233 - - [15/Jul/2025:14:22:47 +0000] "GET /?e=119775970001000&mod=7993e112&uri=pin.php%3Fid%3D3997288-242%26name%3Dsmall+sage+coffee+machine HTTP/1.1" 200 40033 "-" "Mozilla/5.0 (Linux; Android 6.0.1; Nexus 5X Build/MMB29P) AppleWebKit/537.36 (KHTML, like Gecko) Chrome/137.0.7151.103 Mobile Safari/537.36 (compatible; Googlebot/2.1; +http://www.google.com/bot.html)"
66.249.73.235 - - [15/Jul/2025:14:22:48 +0000] "GET /item/belt61957469/ HTTP/1.1" 200 40508 "-" "Mozilla/5.0 (Linux; Android 6.0.1; Nexus 5X Build/MMB29P) AppleWebKit/537.36 (KHTML, like Gecko) Chrome/137.0.7151.103 Mobile Safari/537.36 (compatible; GoogleOther)"
66.249.73.233 - - [15/Jul/2025:14:22:49 +0000] "GET /?e=116563446071000&mod=54ff9e9e&uri=us.php%3Fid%3D3890131-208%26name%3Dpanasonic+gh5+photography HTTP/1.1" 200 40031 "-" "Mozilla/5.0 (Linux; Android 6.0.1; Nexus 5X Build/MMB29P) AppleWebKit/537.36 (KHTML, like Gecko) Chrome/137.0.7151.103 Mobile Safari/537.36 (compatible; Googlebot/2.1; +http://www.google.com/bot.html)"
66.249.73.234 - - [15/Jul/2025:14:22:49 +0000] "POST /get-message-notify HTTP/1.1" 200 40083 "https://cyber-secure.com.au/?e=23931803041000&mod=b4d22bb5&uri=itm.php%3Fid%3D798778-803%26name%3Dtelaio+scott+gambler" "Mozilla/5.0 (Linux; Android 6.0.1; Nexus 5X Build/MMB29P) AppleWebKit/537.36 (KHTML, like Gecko) Chrome/137.0.7151.119 Mobile Safari/537.36 (compatible; Googlebot/2.1; +http://www.google.com/bot.html)"
66.249.73.235 - - [15/Jul/2025:14:22:51 +0000] "POST /get-message-notify HTTP/1.1" 200 39961 "https://cyber-secure.com.au/?e=58190444051000&mod=da11e8cd&uri=info.php%3Fid%3D1941845-128%26name%3Dreal+juice+tetra+pack+small" "Mozilla/5.0 (Linux; Android 6.0.1; Nexus 5X Build/MMB29P) AppleWebKit/537.36 (KHTML, like Gecko) Chrome/137.0.7151.119 Mobile Safari/537.36 (compatible; Googlebot/2.1; +http://www.google.com/bot.html)"
66.249.73.236 - - [15/Jul/2025:14:22:52 +0000] "GET /?e=58317143011000&mod=c850371f&uri=brands.php%3Fid%3D1946073-127%26name%3Dtransparent+phone+grip HTTP/1.1" 200 39861 "-" "Mozilla/5.0 (Linux; Android 6.0.1; Nexus 5X Build/MMB29P) AppleWebKit/537.36 (KHTML, like Gecko) Chrome/137.0.7151.103 Mobile Safari/537.36 (compatible; Googlebot/2.1; +http://www.google.com/bot.html)"
66.249.73.233 - - [15/Jul/2025:14:22:54 +0000] "POST /get-message-notify HTTP/1.1" 200 39963 "https://cyber-secure.com.au/?e=116556009011000&mod=54ff9e9e&uri=search.php%3Fid%3D3889883-208%26name%3Dd7100+body" "Mozilla/5.0 (Linux; Android 6.0.1; Nexus 5X Build/MMB29P) AppleWebKit/537.36 (KHTML, like Gecko) Chrome/137.0.7151.119 Mobile Safari/537.36 (compatible; Googlebot/2.1; +http://www.google.com/bot.html)"
66.249.73.233 - - [15/Jul/2025:14:22:54 +0000] "POST /get-message-notify HTTP/1.1" 200 40113 "https://cyber-secure.com.au/?e=58193144111000&mod=0ebffb73&uri=dp.php%3Fid%3D1941935-1347%26name%3Dkenzo+chapinero+wikipedia" "Mozilla/5.0 (Linux; Android 6.0.1; Nexus 5X Build/MMB29P) AppleWebKit/537.36 (KHTML, like Gecko) Chrome/137.0.7151.119 Mobile Safari/537.36 (compatible; Googlebot/2.1; +http://www.google.com/bot.html)"
66.249.73.235 - - [15/Jul/2025:14:22:56 +0000] "GET /item/when60989309/ HTTP/1.1" 200 39976 "-" "Mozilla/5.0 (Linux; Android 6.0.1; Nexus 5X Build/MMB29P) AppleWebKit/537.36 (KHTML, like Gecko) Chrome/137.0.7151.103 Mobile Safari/537.36 (compatible; GoogleOther)"
66.249.73.235 - - [15/Jul/2025:14:22:57 +0000] "POST /get-message-notify HTTP/1.1" 200 40002 "https://cyber-secure.com.au/?e=58155393101000&mod=f2bff080&uri=category-info.php%3Fid%3D1940674-338%26name%3Dburberry+andares+horario" "Mozilla/5.0 (Linux; Android 6.0.1; Nexus 5X Build/MMB29P) AppleWebKit/537.36 (KHTML, like Gecko) Chrome/137.0.7151.119 Mobile Safari/537.36 (compatible; Googlebot/2.1; +http://www.google.com/bot.html)"
66.249.73.235 - - [15/Jul/2025:14:22:58 +0000] "GET /?e=58313243001000&mod=c850371f&uri=article.php%3Fid%3D1945943-127%26name%3Dphone+holder+arm+for+bed HTTP/1.1" 200 39882 "-" "Mozilla/5.0 (Linux; Android 6.0.1; Nexus 5X Build/MMB29P) AppleWebKit/537.36 (KHTML, like Gecko) Chrome/137.0.7151.103 Mobile Safari/537.36 (compatible; Googlebot/2.1; +http://www.google.com/bot.html)"
66.249.73.234 - - [15/Jul/2025:14:22:59 +0000] "GET /item/break62580437/ HTTP/1.1" 200 40038 "-" "Mozilla/5.0 (Linux; Android 6.0.1; Nexus 5X Build/MMB29P) AppleWebKit/537.36 (KHTML, like Gecko) Chrome/137.0.7151.103 Mobile Safari/537.36 (compatible; GoogleOther)"
66.249.73.234 - - [15/Jul/2025:14:23:08 +0000] "GET /item/steal52241548/ HTTP/1.1" 200 39909 "-" "Mozilla/5.0 (Linux; Android 6.0.1; Nexus 5X Build/MMB29P) AppleWebKit/537.36 (KHTML, like Gecko) Chrome/137.0.7151.103 Mobile Safari/537.36 (compatible; GoogleOther)"
66.249.73.235 - - [15/Jul/2025:14:23:12 +0000] "GET /item/punct61986365/ HTTP/1.1" 200 40156 "-" "Mozilla/5.0 (Linux; Android 6.0.1; Nexus 5X Build/MMB29P) AppleWebKit/537.36 (KHTML, like Gecko) Chrome/137.0.7151.103 Mobile Safari/537.36 (compatible; GoogleOther)"
66.249.73.233 - - [15/Jul/2025:14:23:13 +0000] "GET /?e=58297343101000&mod=5f0ad4db&uri=us.php%3Fid%3D1945413-949%26name%3Dlong+black+faux+leather+skirt HTTP/1.1" 200 40015 "-" "Mozilla/5.0 (Linux; Android 6.0.1; Nexus 5X Build/MMB29P) AppleWebKit/537.36 (KHTML, like Gecko) Chrome/137.0.7151.103 Mobile Safari/537.36 (compatible; Googlebot/2.1; +http://www.google.com/bot.html)"
66.249.73.234 - - [15/Jul/2025:14:23:16 +0000] "POST /get-message-notify HTTP/1.1" 200 40047 "https://cyber-secure.com.au/?e=58297343101000&mod=5f0ad4db&uri=us.php%3Fid%3D1945413-949%26name%3Dlong+black+faux+leather+skirt" "Mozilla/5.0 (Linux; Android 6.0.1; Nexus 5X Build/MMB29P) AppleWebKit/537.36 (KHTML, like Gecko) Chrome/137.0.7151.119 Mobile Safari/537.36 (compatible; Googlebot/2.1; +http://www.google.com/bot.html)"
66.249.73.233 - - [15/Jul/2025:14:23:18 +0000] "GET /item/volt20682881/ HTTP/1.1" 200 39864 "-" "Mozilla/5.0 (Linux; Android 6.0.1; Nexus 5X Build/MMB29P) AppleWebKit/537.36 (KHTML, like Gecko) Chrome/137.0.7151.103 Mobile Safari/537.36 (compatible; GoogleOther)"
66.249.73.233 - - [15/Jul/2025:14:23:20 +0000] "GET /?e=58302143031000&mod=5f0ad4db&uri=us.php%3Fid%3D1945573-949%26name%3Djacket+shirt+women HTTP/1.1" 200 39873 "-" "Mozilla/5.0 (Linux; Android 6.0.1; Nexus 5X Build/MMB29P) AppleWebKit/537.36 (KHTML, like Gecko) Chrome/137.0.7151.103 Mobile Safari/537.36 (compatible; Googlebot/2.1; +http://www.google.com/bot.html)"
66.249.73.233 - - [15/Jul/2025:14:23:22 +0000] "GET /?e=23927573091000&mod=b4d22bb5&uri=itm.php%3Fid%3D798637-803%26name%3Dbatticatena+mtb+in+gomma HTTP/1.1" 200 39908 "-" "Mozilla/5.0 (Linux; Android 6.0.1; Nexus 5X Build/MMB29P) AppleWebKit/537.36 (KHTML, like Gecko) Chrome/137.0.7151.103 Mobile Safari/537.36 (compatible; Googlebot/2.1; +http://www.google.com/bot.html)"
66.249.73.233 - - [15/Jul/2025:14:23:23 +0000] "GET /?e=58306043001000&mod=5f0ad4db&uri=dp.php%3Fid%3D1945703-949%26name%3Dquilted+shirts HTTP/1.1" 200 39941 "-" "Mozilla/5.0 (Linux; Android 6.0.1; Nexus 5X Build/MMB29P) AppleWebKit/537.36 (KHTML, like Gecko) Chrome/137.0.7151.103 Mobile Safari/537.36 (compatible; Googlebot/2.1; +http://www.google.com/bot.html)"
66.249.73.233 - - [15/Jul/2025:14:23:27 +0000] "GET /item/cruci32077818/ HTTP/1.1" 200 40099 "-" "Mozilla/5.0 (Linux; Android 6.0.1; Nexus 5X Build/MMB29P) AppleWebKit/537.36 (KHTML, like Gecko) Chrome/137.0.7151.103 Mobile Safari/537.36 (compatible; GoogleOther)"
66.249.73.233 - - [15/Jul/2025:14:23:28 +0000] "GET /?e=58318643031000&mod=c850371f&uri=form.php%3Fid%3D1946123-127%26name%3Dhand+held+cell+phone+holder HTTP/1.1" 200 40030 "-" "Mozilla/5.0 (Linux; Android 6.0.1; Nexus 5X Build/MMB29P) AppleWebKit/537.36 (KHTML, like Gecko) Chrome/137.0.7151.103 Mobile Safari/537.36 (compatible; Googlebot/2.1; +http://www.google.com/bot.html)"
66.249.73.233 - - [15/Jul/2025:14:23:28 +0000] "POST /get-message-notify HTTP/1.1" 200 40064 "https://cyber-secure.com.au/?e=58306043001000&mod=5f0ad4db&uri=dp.php%3Fid%3D1945703-949%26name%3Dquilted+shirts" "Mozilla/5.0 (Linux; Android 6.0.1; Nexus 5X Build/MMB29P) AppleWebKit/537.36 (KHTML, like Gecko) Chrome/137.0.7151.119 Mobile Safari/537.36 (compatible; Googlebot/2.1; +http://www.google.com/bot.html)"
66.249.73.233 - - [15/Jul/2025:14:23:29 +0000] "GET /?e=58319843101000&mod=c850371f&uri=shared.php%3Fid%3D1946163-127%26name%3Dcard+holder+for+back+of+phone+case HTTP/1.1" 200 39969 "-" "Mozilla/5.0 (Linux; Android 6.0.1; Nexus 5X Build/MMB29P) AppleWebKit/537.36 (KHTML, like Gecko) Chrome/137.0.7151.103 Mobile Safari/537.36 (compatible; Googlebot/2.1; +http://www.google.com/bot.html)"
