66.249.73.235 - - [15/Jul/2025:12:14:36 +0000] "POST /get-message-notify HTTP/1.1" 200 40016 "https://cyber-secure.com.au/?e=58310003091000&mod=5f0ad4db&uri=goods.php%3Fid%3D1945835-949%26name%3Dmens+apex+bionic+jacket" "Mozilla/5.0 (Linux; Android 6.0.1; Nexus 5X Build/MMB29P) AppleWebKit/537.36 (KHTML, like Gecko) Chrome/137.0.7151.119 Mobile Safari/537.36 (compatible; Googlebot/2.1; +http://www.google.com/bot.html)"
66.249.73.236 - - [15/Jul/2025:12:14:38 +0000] "GET /item/gravi62019221/ HTTP/1.1" 200 39838 "-" "Mozilla/5.0 (Linux; Android 6.0.1; Nexus 5X Build/MMB29P) AppleWebKit/537.36 (KHTML, like Gecko) Chrome/137.0.7151.103 Mobile Safari/537.36 (compatible; GoogleOther)"
66.249.73.234 - - [15/Jul/2025:12:14:41 +0000] "GET /?e=58173565011000&mod=f2bff080&uri=dp.php%3Fid%3D1941282-338%26name%3Dzapatillas+under+armour+basquet+espa%C3%83%C2%B1a HTTP/1.1" 200 39933 "-" "Mozilla/5.0 (Linux; Android 6.0.1; Nexus 5X Build/MMB29P) AppleWebKit/537.36 (KHTML, like Gecko) Chrome/137.0.7151.103 Mobile Safari/537.36 (compatible; Googlebot/2.1; +http://www.google.com/bot.html)"
66.249.73.236 - - [15/Jul/2025:12:14:43 +0000] "GET /?e=22452484011000&mod=b4d22bb5&uri=product.php%3Fid%3D749432-803%26name%3Dtrek+supercaliber+gx+2022 HTTP/1.1" 200 39916 "-" "Mozilla/5.0 (Linux; Android 6.0.1; Nexus 5X Build/MMB29P) AppleWebKit/537.36 (KHTML, like Gecko) Chrome/137.0.7151.103 Mobile Safari/537.36 (compatible; Googlebot/2.1; +http://www.google.com/bot.html)"
66.249.73.236 - - [15/Jul/2025:12:14:43 +0000] "GET /item/traff40576547/ HTTP/1.1" 200 40188 "-" "Mozilla/5.0 (Linux; Android 6.0.1; Nexus 5X Build/MMB29P) AppleWebKit/537.36 (KHTML, like Gecko) Chrome/137.0.7151.103 Mobile Safari/537.36 (compatible; GoogleOther)"
66.249.73.237 - - [15/Jul/2025:12:14:48 +0000] "GET /item/miss80392375/ HTTP/1.1" 200 39923 "-" "Mozilla/5.0 (Linux; Android 6.0.1; Nexus 5X Build/MMB29P) AppleWebKit/537.36 (KHTML, like Gecko) Chrome/137.0.7151.103 Mobile Safari/537.36 (compatible; GoogleOther)"
66.249.73.236 - - [15/Jul/2025:12:14:51 +0000] "GET /?e=21992228031000&mod=b4d22bb5&uri=product.php%3Fid%3D734079-803%26name%3Dscott+aspect+950+caratteristiche HTTP/1.1" 200 39971 "-" "Mozilla/5.0 (Linux; Android 6.0.1; Nexus 5X Build/MMB29P) AppleWebKit/537.36 (KHTML, like Gecko) Chrome/137.0.7151.103 Mobile Safari/537.36 (compatible; Googlebot/2.1; +http://www.google.com/bot.html)"
66.249.73.234 - - [15/Jul/2025:12:14:53 +0000] "GET /item/crow50139260/ HTTP/1.1" 200 39703 "-" "Mozilla/5.0 (Linux; Android 6.0.1; Nexus 5X Build/MMB29P) AppleWebKit/537.36 (KHTML, like Gecko) Chrome/137.0.7151.103 Mobile Safari/537.36 (compatible; GoogleOther)"
66.249.73.237 - - [15/Jul/2025:12:14:59 +0000] "POST /get-message-notify HTTP/1.1" 200 39963 "https://cyber-secure.com.au/?e=58304903091000&mod=5f0ad4db&uri=goods.php%3Fid%3D1945665-949%26name%3Dthermal+leggings+running" "Mozilla/5.0 (Linux; Android 6.0.1; Nexus 5X Build/MMB29P) AppleWebKit/537.36 (KHTML, like Gecko) Chrome/137.0.7151.119 Mobile Safari/537.36 (compatible; Googlebot/2.1; +http://www.google.com/bot.html)"
66.249.73.237 - - [15/Jul/2025:12:15:03 +0000] "GET /?e=58142878041000&mod=b4d22bb5&uri=category-info.php%3Fid%3D1940255-803%26name%3Dmoto+scrambler+250cc HTTP/1.1" 200 39897 "-" "Mozilla/5.0 (Linux; Android 6.0.1; Nexus 5X Build/MMB29P) AppleWebKit/537.36 (KHTML, like Gecko) Chrome/137.0.7151.103 Mobile Safari/537.36 (compatible; Googlebot/2.1; +http://www.google.com/bot.html)"
66.249.73.236 - - [15/Jul/2025:12:15:05 +0000] "GET /?e=58173655041000&mod=255ea887&uri=info.php%3Fid%3D1941285-792%26name%3Dtwitter+michael+jordan HTTP/1.1" 200 40010 "-" "Mozilla/5.0 (Linux; Android 6.0.1; Nexus 5X Build/MMB29P) AppleWebKit/537.36 (KHTML, like Gecko) Chrome/137.0.7151.103 Mobile Safari/537.36 (compatible; Googlebot/2.1; +http://www.google.com/bot.html)"
66.249.73.236 - - [15/Jul/2025:12:15:08 +0000] "POST /get-message-notify HTTP/1.1" 200 39902 "https://cyber-secure.com.au/?e=21992228031000&mod=b4d22bb5&uri=product.php%3Fid%3D734079-803%26name%3Dscott+aspect+950+caratteristiche" "Mozilla/5.0 (Linux; Android 6.0.1; Nexus 5X Build/MMB29P) AppleWebKit/537.36 (KHTML, like Gecko) Chrome/137.0.7151.119 Mobile Safari/537.36 (compatible; Googlebot/2.1; +http://www.google.com/bot.html)"
66.249.73.234 - - [15/Jul/2025:12:15:09 +0000] "GET /item/cruis41635771/ HTTP/1.1" 200 39750 "-" "Mozilla/5.0 (Linux; Android 6.0.1; Nexus 5X Build/MMB29P) AppleWebKit/537.36 (KHTML, like Gecko) Chrome/137.0.7151.103 Mobile Safari/537.36 (compatible; GoogleOther)"
66.249.73.234 - - [15/Jul/2025:12:15:14 +0000] "GET /item/rally22731697/ HTTP/1.1" 200 41059 "-" "Mozilla/5.0 (Linux; Android 6.0.1; Nexus 5X Build/MMB29P) AppleWebKit/537.36 (KHTML, like Gecko) Chrome/137.0.7151.103 Mobile Safari/537.36 (compatible; GoogleOther)"
66.249.73.234 - - [15/Jul/2025:12:15:19 +0000] "GET /item/irrit22138169/ HTTP/1.1" 200 40187 "-" "Mozilla/5.0 (Linux; Android 6.0.1; Nexus 5X Build/MMB29P) AppleWebKit/537.36 (KHTML, like Gecko) Chrome/137.0.7151.103 Mobile Safari/537.36 (compatible; GoogleOther)"
66.249.73.234 - - [15/Jul/2025:12:15:20 +0000] "GET /?e=58170795081000&mod=f2bff080&uri=blog.php%3Fid%3D1941189-338%26name%3Dzapatos+vans+blanco+con+negro+whatsapp HTTP/1.1" 200 39944 "-" "Mozilla/5.0 (Linux; Android 6.0.1; Nexus 5X Build/MMB29P) AppleWebKit/537.36 (KHTML, like Gecko) Chrome/137.0.7151.103 Mobile Safari/537.36 (compatible; Googlebot/2.1; +http://www.google.com/bot.html)"
66.249.73.234 - - [15/Jul/2025:12:15:24 +0000] "GET /item/pitch72654910/ HTTP/1.1" 200 39944 "-" "Mozilla/5.0 (Linux; Android 6.0.1; Nexus 5X Build/MMB29P) AppleWebKit/537.36 (KHTML, like Gecko) Chrome/137.0.7151.103 Mobile Safari/537.36 (compatible; GoogleOther)"
66.249.73.234 - - [15/Jul/2025:12:15:27 +0000] "GET /?e=111552260081000&mod=21834461&uri=pin.php%3Fid%3D3722866-1098%26name%3Dbest+classic+purses HTTP/1.1" 200 39815 "-" "Mozilla/5.0 (Linux; Android 6.0.1; Nexus 5X Build/MMB29P) AppleWebKit/537.36 (KHTML, like Gecko) Chrome/137.0.7151.103 Mobile Safari/537.36 (compatible; GoogleOther)"
66.249.73.234 - - [15/Jul/2025:12:15:29 +0000] "POST /get-message-notify HTTP/1.1" 200 40006 "https://cyber-secure.com.au/?e=58170795081000&mod=f2bff080&uri=blog.php%3Fid%3D1941189-338%26name%3Dzapatos+vans+blanco+con+negro+whatsapp" "Mozilla/5.0 (Linux; Android 6.0.1; Nexus 5X Build/MMB29P) AppleWebKit/537.36 (KHTML, like Gecko) Chrome/137.0.7151.119 Mobile Safari/537.36 (compatible; Googlebot/2.1; +http://www.google.com/bot.html)"
66.249.73.234 - - [15/Jul/2025:12:15:29 +0000] "GET /?e=58120768021000&mod=b4d22bb5&uri=goods.php%3Fid%3D1939518-803%26name%3Driverside+500+e+forum HTTP/1.1" 200 39914 "-" "Mozilla/5.0 (Linux; Android 6.0.1; Nexus 5X Build/MMB29P) AppleWebKit/537.36 (KHTML, like Gecko) Chrome/137.0.7151.103 Mobile Safari/537.36 (compatible; Googlebot/2.1; +http://www.google.com/bot.html)"
66.249.73.234 - - [15/Jul/2025:12:15:30 +0000] "GET /?e=58133038011000&mod=b4d22bb5&uri=goods.php%3Fid%3D1939927-803%26name%3Dwt+motors+pit+bike+125 HTTP/1.1" 200 39907 "-" "Mozilla/5.0 (Linux; Android 6.0.1; Nexus 5X Build/MMB29P) AppleWebKit/537.36 (KHTML, like Gecko) Chrome/137.0.7151.103 Mobile Safari/537.36 (compatible; Googlebot/2.1; +http://www.google.com/bot.html)"
66.249.73.234 - - [15/Jul/2025:12:15:31 +0000] "GET /item/anyon62860213/ HTTP/1.1" 200 40394 "-" "Mozilla/5.0 (Linux; Android 6.0.1; Nexus 5X Build/MMB29P) AppleWebKit/537.36 (KHTML, like Gecko) Chrome/137.0.7151.103 Mobile Safari/537.36 (compatible; GoogleOther)"
66.249.73.235 - - [15/Jul/2025:12:15:34 +0000] "GET /item/cop12615664/ HTTP/1.1" 200 40180 "-" "Mozilla/5.0 (Linux; Android 6.0.1; Nexus 5X Build/MMB29P) AppleWebKit/537.36 (KHTML, like Gecko) Chrome/137.0.7151.103 Mobile Safari/537.36 (compatible; GoogleOther)"
66.249.73.234 - - [15/Jul/2025:12:15:37 +0000] "GET /?e=58172852061000&mod=f2bff080&uri=form.php%3Fid%3D1941258-338%26name%3Dburberry+0be3090q+90 HTTP/1.1" 200 39935 "-" "Mozilla/5.0 (Linux; Android 6.0.1; Nexus 5X Build/MMB29P) AppleWebKit/537.36 (KHTML, like Gecko) Chrome/137.0.7151.103 Mobile Safari/537.36 (compatible; Googlebot/2.1; +http://www.google.com/bot.html)"
66.249.73.235 - - [15/Jul/2025:12:15:39 +0000] "GET /?e=58128118071000&mod=b4d22bb5&uri=dp.php%3Fid%3D1939763-803%26name%3Dpit+bike+parvisa HTTP/1.1" 200 39854 "-" "Mozilla/5.0 (Linux; Android 6.0.1; Nexus 5X Build/MMB29P) AppleWebKit/537.36 (KHTML, like Gecko) Chrome/137.0.7151.103 Mobile Safari/537.36 (compatible; Googlebot/2.1; +http://www.google.com/bot.html)"
66.249.73.235 - - [15/Jul/2025:12:15:40 +0000] "GET /item/bound72738790/ HTTP/1.1" 200 40162 "-" "Mozilla/5.0 (Linux; Android 6.0.1; Nexus 5X Build/MMB29P) AppleWebKit/537.36 (KHTML, like Gecko) Chrome/137.0.7151.103 Mobile Safari/537.36 (compatible; GoogleOther)"
66.249.73.234 - - [15/Jul/2025:12:15:40 +0000] "GET /?e=58174375031000&mod=f2bff080&uri=news.php%3Fid%3D1941309-338%26name%3Dzapatillas+vans+invierno+segunda+mano HTTP/1.1" 200 39994 "-" "Mozilla/5.0 (Linux; Android 6.0.1; Nexus 5X Build/MMB29P) AppleWebKit/537.36 (KHTML, like Gecko) Chrome/137.0.7151.103 Mobile Safari/537.36 (compatible; Googlebot/2.1; +http://www.google.com/bot.html)"
66.249.73.234 - - [15/Jul/2025:12:15:42 +0000] "POST /get-message-notify HTTP/1.1" 200 39960 "https://cyber-secure.com.au/?e=58172852061000&mod=f2bff080&uri=form.php%3Fid%3D1941258-338%26name%3Dburberry+0be3090q+90" "Mozilla/5.0 (Linux; Android 6.0.1; Nexus 5X Build/MMB29P) AppleWebKit/537.36 (KHTML, like Gecko) Chrome/137.0.7151.119 Mobile Safari/537.36 (compatible; Googlebot/2.1; +http://www.google.com/bot.html)"
66.249.73.234 - - [15/Jul/2025:12:15:44 +0000] "GET /?e=58171502071000&mod=f2bff080&uri=goods.php%3Fid%3D1941213-338%26name%3Dadidas+nmd+finish+line+up HTTP/1.1" 200 39936 "-" "Mozilla/5.0 (Linux; Android 6.0.1; Nexus 5X Build/MMB29P) AppleWebKit/537.36 (KHTML, like Gecko) Chrome/137.0.7151.103 Mobile Safari/537.36 (compatible; Googlebot/2.1; +http://www.google.com/bot.html)"
66.249.73.236 - - [15/Jul/2025:12:15:45 +0000] "GET /item/thick42680163/ HTTP/1.1" 200 39857 "-" "Mozilla/5.0 (Linux; Android 6.0.1; Nexus 5X Build/MMB29P) AppleWebKit/537.36 (KHTML, like Gecko) Chrome/137.0.7151.103 Mobile Safari/537.36 (compatible; GoogleOther)"
66.249.73.236 - - [15/Jul/2025:12:15:46 +0000] "GET /?e=58171592051000&mod=f2bff080&uri=info.php%3Fid%3D1941216-338%26name%3Dconverse+vinotinto+de+verano HTTP/1.1" 200 39865 "-" "Mozilla/5.0 (Linux; Android 6.0.1; Nexus 5X Build/MMB29P) AppleWebKit/537.36 (KHTML, like Gecko) Chrome/137.0.7151.103 Mobile Safari/537.36 (compatible; Googlebot/2.1; +http://www.google.com/bot.html)"
66.249.73.236 - - [15/Jul/2025:12:15:47 +0000] "POST /get-message-notify HTTP/1.1" 200 40032 "https://cyber-secure.com.au/?e=58128118071000&mod=b4d22bb5&uri=dp.php%3Fid%3D1939763-803%26name%3Dpit+bike+parvisa" "Mozilla/5.0 (Linux; Android 6.0.1; Nexus 5X Build/MMB29P) AppleWebKit/537.36 (KHTML, like Gecko) Chrome/137.0.7151.119 Mobile Safari/537.36 (compatible; Googlebot/2.1; +http://www.google.com/bot.html)"
66.249.73.235 - - [15/Jul/2025:12:15:50 +0000] "GET /item/looko22345457/ HTTP/1.1" 200 39819 "-" "Mozilla/5.0 (Linux; Android 6.0.1; Nexus 5X Build/MMB29P) AppleWebKit/537.36 (KHTML, like Gecko) Chrome/137.0.7151.103 Mobile Safari/537.36 (compatible; GoogleOther)"
66.249.73.235 - - [15/Jul/2025:12:15:50 +0000] "GET /?e=58169625021000&mod=f2bff080&uri=goods.php%3Fid%3D1941150-338%26name%3Dzapatos+reebok+imagenes+3d HTTP/1.1" 200 39972 "-" "Mozilla/5.0 (Linux; Android 6.0.1; Nexus 5X Build/MMB29P) AppleWebKit/537.36 (KHTML, like Gecko) Chrome/137.0.7151.103 Mobile Safari/537.36 (compatible; Googlebot/2.1; +http://www.google.com/bot.html)"
66.249.73.235 - - [15/Jul/2025:12:15:52 +0000] "GET /?e=58168098031000&mod=0ebffb73&uri=info.php%3Fid%3D1941099-1347%26name%3Dle+coq+sportif+wiki+fr+madrid HTTP/1.1" 200 39957 "-" "Mozilla/5.0 (Linux; Android 6.0.1; Nexus 5X Build/MMB29P) AppleWebKit/537.36 (KHTML, like Gecko) Chrome/137.0.7151.103 Mobile Safari/537.36 (compatible; Googlebot/2.1; +http://www.google.com/bot.html)"
66.249.73.234 - - [15/Jul/2025:12:15:53 +0000] "GET /?e=58172402021000&mod=0ebffb73&uri=category-info.php%3Fid%3D1941243-1347%26name%3Dnew+balance+373+hombre+80 HTTP/1.1" 200 39994 "-" "Mozilla/5.0 (Linux; Android 6.0.1; Nexus 5X Build/MMB29P) AppleWebKit/537.36 (KHTML, like Gecko) Chrome/137.0.7151.103 Mobile Safari/537.36 (compatible; Googlebot/2.1; +http://www.google.com/bot.html)"
66.249.73.234 - - [15/Jul/2025:12:15:55 +0000] "GET /item/guilt61806429/ HTTP/1.1" 200 40701 "-" "Mozilla/5.0 (Linux; Android 6.0.1; Nexus 5X Build/MMB29P) AppleWebKit/537.36 (KHTML, like Gecko) Chrome/137.0.7151.103 Mobile Safari/537.36 (compatible; GoogleOther)"
66.249.73.236 - - [15/Jul/2025:12:15:58 +0000] "POST /get-message-notify HTTP/1.1" 200 40031 "https://cyber-secure.com.au/?e=58298903041000&mod=5f0ad4db&uri=products.php%3Fid%3D1945465-949%26name%3Dladies+real+leather+skirts" "Mozilla/5.0 (Linux; Android 6.0.1; Nexus 5X Build/MMB29P) AppleWebKit/537.36 (KHTML, like Gecko) Chrome/137.0.7151.119 Mobile Safari/537.36 (compatible; Googlebot/2.1; +http://www.google.com/bot.html)"
66.249.73.236 - - [15/Jul/2025:12:16:00 +0000] "GET /item/spare62257445/ HTTP/1.1" 200 41256 "-" "Mozilla/5.0 (Linux; Android 6.0.1; Nexus 5X Build/MMB29P) AppleWebKit/537.36 (KHTML, like Gecko) Chrome/137.0.7151.103 Mobile Safari/537.36 (compatible; GoogleOther)"
66.249.73.235 - - [15/Jul/2025:12:16:01 +0000] "GET /?e=58169805051000&mod=f2bff080&uri=brands.php%3Fid%3D1941156-338%26name%3Dzapatos+skechers+ultra+flex+xl HTTP/1.1" 200 39960 "-" "Mozilla/5.0 (Linux; Android 6.0.1; Nexus 5X Build/MMB29P) AppleWebKit/537.36 (KHTML, like Gecko) Chrome/137.0.7151.103 Mobile Safari/537.36 (compatible; Googlebot/2.1; +http://www.google.com/bot.html)"
66.249.73.235 - - [15/Jul/2025:12:16:02 +0000] "POST /get-message-notify HTTP/1.1" 200 40086 "https://cyber-secure.com.au/?e=58172402021000&mod=0ebffb73&uri=category-info.php%3Fid%3D1941243-1347%26name%3Dnew+balance+373+hombre+80" "Mozilla/5.0 (Linux; Android 6.0.1; Nexus 5X Build/MMB29P) AppleWebKit/537.36 (KHTML, like Gecko) Chrome/137.0.7151.119 Mobile Safari/537.36 (compatible; Googlebot/2.1; +http://www.google.com/bot.html)"
66.249.73.235 - - [15/Jul/2025:12:16:03 +0000] "GET /?e=58174645021000&mod=f2bff080&uri=product.php%3Fid%3D1941318-338%26name%3Dburberry+factory+outlet+reviews HTTP/1.1" 200 39880 "-" "Mozilla/5.0 (Linux; Android 6.0.1; Nexus 5X Build/MMB29P) AppleWebKit/537.36 (KHTML, like Gecko) Chrome/137.0.7151.103 Mobile Safari/537.36 (compatible; Googlebot/2.1; +http://www.google.com/bot.html)"
66.249.73.234 - - [15/Jul/2025:12:16:05 +0000] "GET /item/straw70492606/ HTTP/1.1" 200 39862 "-" "Mozilla/5.0 (Linux; Android 6.0.1; Nexus 5X Build/MMB29P) AppleWebKit/537.36 (KHTML, like Gecko) Chrome/137.0.7151.103 Mobile Safari/537.36 (compatible; GoogleOther)"
66.249.73.234 - - [15/Jul/2025:12:16:07 +0000] "POST /get-message-notify HTTP/1.1" 200 39979 "https://cyber-secure.com.au/?e=58174645021000&mod=f2bff080&uri=product.php%3Fid%3D1941318-338%26name%3Dburberry+factory+outlet+reviews" "Mozilla/5.0 (Linux; Android 6.0.1; Nexus 5X Build/MMB29P) AppleWebKit/537.36 (KHTML, like Gecko) Chrome/137.0.7151.119 Mobile Safari/537.36 (compatible; Googlebot/2.1; +http://www.google.com/bot.html)"
66.249.73.235 - - [15/Jul/2025:12:16:09 +0000] "GET /?e=21987130031000&mod=b4d22bb5&uri=product.php%3Fid%3D733909-803%26name%3Dle+migliori+bici+gravel+2021 HTTP/1.1" 200 39925 "-" "Mozilla/5.0 (Linux; Android 6.0.1; Nexus 5X Build/MMB29P) AppleWebKit/537.36 (KHTML, like Gecko) Chrome/137.0.7151.103 Mobile Safari/537.36 (compatible; Googlebot/2.1; +http://www.google.com/bot.html)"
66.249.73.234 - - [15/Jul/2025:12:16:10 +0000] "GET /?e=58174285001000&mod=da11e8cd&uri=info.php%3Fid%3D1941306-128%26name%3Ddiy+michelada+mix HTTP/1.1" 200 39866 "-" "Mozilla/5.0 (Linux; Android 6.0.1; Nexus 5X Build/MMB29P) AppleWebKit/537.36 (KHTML, like Gecko) Chrome/137.0.7151.103 Mobile Safari/537.36 (compatible; Googlebot/2.1; +http://www.google.com/bot.html)"
66.249.73.234 - - [15/Jul/2025:12:16:11 +0000] "GET /item/impli12918184/ HTTP/1.1" 200 41042 "-" "Mozilla/5.0 (Linux; Android 6.0.1; Nexus 5X Build/MMB29P) AppleWebKit/537.36 (KHTML, like Gecko) Chrome/137.0.7151.103 Mobile Safari/537.36 (compatible; GoogleOther)"
66.249.73.234 - - [15/Jul/2025:12:16:16 +0000] "GET /?e=58174105041000&mod=255ea887&uri=products.php%3Fid%3D1941300-792%26name%3Dmonarchs+shoes HTTP/1.1" 200 39862 "-" "Mozilla/5.0 (Linux; Android 6.0.1; Nexus 5X Build/MMB29P) AppleWebKit/537.36 (KHTML, like Gecko) Chrome/137.0.7151.103 Mobile Safari/537.36 (compatible; Googlebot/2.1; +http://www.google.com/bot.html)"
66.249.73.234 - - [15/Jul/2025:12:16:17 +0000] "GET /item/feebl21783481/ HTTP/1.1" 200 40295 "-" "Mozilla/5.0 (Linux; Android 6.0.1; Nexus 5X Build/MMB29P) AppleWebKit/537.36 (KHTML, like Gecko) Chrome/137.0.7151.103 Mobile Safari/537.36 (compatible; GoogleOther)"
66.249.73.234 - - [15/Jul/2025:12:16:17 +0000] "GET /?e=58167558051000&mod=f2bff080&uri=shop.php%3Fid%3D1941081-338%26name%3Dburberry+women%27s+navy+trench+coat HTTP/1.1" 200 39895 "-" "Mozilla/5.0 (Linux; Android 6.0.1; Nexus 5X Build/MMB29P) AppleWebKit/537.36 (KHTML, like Gecko) Chrome/137.0.7151.103 Mobile Safari/537.36 (compatible; Googlebot/2.1; +http://www.google.com/bot.html)"
66.249.73.235 - - [15/Jul/2025:12:16:21 +0000] "GET /item/outgo60817333/ HTTP/1.1" 200 40005 "-" "Mozilla/5.0 (Linux; Android 6.0.1; Nexus 5X Build/MMB29P) AppleWebKit/537.36 (KHTML, like Gecko) Chrome/137.0.7151.103 Mobile Safari/537.36 (compatible; GoogleOther)"
66.249.73.235 - - [15/Jul/2025:12:16:21 +0000] "POST /get-message-notify HTTP/1.1" 200 40023 "https://cyber-secure.com.au/?e=58167558051000&mod=f2bff080&uri=shop.php%3Fid%3D1941081-338%26name%3Dburberry+women%27s+navy+trench+coat" "Mozilla/5.0 (Linux; Android 6.0.1; Nexus 5X Build/MMB29P) AppleWebKit/537.36 (KHTML, like Gecko) Chrome/137.0.7151.119 Mobile Safari/537.36 (compatible; Googlebot/2.1; +http://www.google.com/bot.html)"
66.249.73.234 - - [15/Jul/2025:12:16:22 +0000] "GET /item/linen10695152/ HTTP/1.1" 200 40154 "-" "Mozilla/5.0 (Linux; Android 6.0.1; Nexus 5X Build/MMB29P) AppleWebKit/537.36 (KHTML, like Gecko) Chrome/137.0.7151.103 Mobile Safari/537.36 (compatible; Googlebot/2.1; +http://www.google.com/bot.html)"
66.249.73.234 - - [15/Jul/2025:12:16:24 +0000] "GET /?e=58168458051000&mod=0ebffb73&uri=product.php%3Fid%3D1941111-1347%26name%3Dadidas+us+yeezy+boost+350+v2+oreo HTTP/1.1" 200 39990 "-" "Mozilla/5.0 (Linux; Android 6.0.1; Nexus 5X Build/MMB29P) AppleWebKit/537.36 (KHTML, like Gecko) Chrome/137.0.7151.103 Mobile Safari/537.36 (compatible; Googlebot/2.1; +http://www.google.com/bot.html)"
66.249.73.234 - - [15/Jul/2025:12:16:27 +0000] "POST /get-message-notify HTTP/1.1" 200 40153 "https://cyber-secure.com.au/item/linen10695152/" "Mozilla/5.0 (Linux; Android 6.0.1; Nexus 5X Build/MMB29P) AppleWebKit/537.36 (KHTML, like Gecko) Chrome/137.0.7151.119 Mobile Safari/537.36 (compatible; Googlebot/2.1; +http://www.google.com/bot.html)"
66.249.73.234 - - [15/Jul/2025:12:16:28 +0000] "POST /get-message-notify HTTP/1.1" 200 40003 "https://cyber-secure.com.au/?e=58169805051000&mod=f2bff080&uri=brands.php%3Fid%3D1941156-338%26name%3Dzapatos+skechers+ultra+flex+xl" "Mozilla/5.0 (Linux; Android 6.0.1; Nexus 5X Build/MMB29P) AppleWebKit/537.36 (KHTML, like Gecko) Chrome/137.0.7151.119 Mobile Safari/537.36 (compatible; Googlebot/2.1; +http://www.google.com/bot.html)"
66.249.73.234 - - [15/Jul/2025:12:16:30 +0000] "GET /?e=58172492001000&mod=f2bff080&uri=brands.php%3Fid%3D1941246-338%26name%3Dconverse+blancas+hombre+rebajas HTTP/1.1" 200 39905 "-" "Mozilla/5.0 (Linux; Android 6.0.1; Nexus 5X Build/MMB29P) AppleWebKit/537.36 (KHTML, like Gecko) Chrome/137.0.7151.103 Mobile Safari/537.36 (compatible; Googlebot/2.1; +http://www.google.com/bot.html)"
66.249.73.234 - - [15/Jul/2025:12:16:31 +0000] "GET /item/leath12246544/ HTTP/1.1" 200 40108 "-" "Mozilla/5.0 (Linux; Android 6.0.1; Nexus 5X Build/MMB29P) AppleWebKit/537.36 (KHTML, like Gecko) Chrome/137.0.7151.103 Mobile Safari/537.36 (compatible; GoogleOther)"
66.249.73.235 - - [15/Jul/2025:12:16:35 +0000] "GET /?e=58170075011000&mod=f2bff080&uri=article.php%3Fid%3D1941165-338%26name%3Dadidas+yeezy+boost+950+duckboot HTTP/1.1" 200 39995 "-" "Mozilla/5.0 (Linux; Android 6.0.1; Nexus 5X Build/MMB29P) AppleWebKit/537.36 (KHTML, like Gecko) Chrome/137.0.7151.103 Mobile Safari/537.36 (compatible; Googlebot/2.1; +http://www.google.com/bot.html)"
66.249.73.236 - - [15/Jul/2025:12:16:36 +0000] "GET /item/fare51103004/ HTTP/1.1" 200 40549 "-" "Mozilla/5.0 (Linux; Android 6.0.1; Nexus 5X Build/MMB29P) AppleWebKit/537.36 (KHTML, like Gecko) Chrome/137.0.7151.103 Mobile Safari/537.36 (compatible; GoogleOther)"
66.249.73.235 - - [15/Jul/2025:12:16:38 +0000] "POST /get-message-notify HTTP/1.1" 200 40101 "https://cyber-secure.com.au/?e=58170075011000&mod=f2bff080&uri=article.php%3Fid%3D1941165-338%26name%3Dadidas+yeezy+boost+950+duckboot" "Mozilla/5.0 (Linux; Android 6.0.1; Nexus 5X Build/MMB29P) AppleWebKit/537.36 (KHTML, like Gecko) Chrome/137.0.7151.119 Mobile Safari/537.36 (compatible; Googlebot/2.1; +http://www.google.com/bot.html)"
66.249.73.234 - - [15/Jul/2025:12:16:39 +0000] "GET /?e=21994718061000&mod=b4d22bb5&uri=products.php%3Fid%3D734162-803%26name%3Dtrek+x+caliber+opinioni HTTP/1.1" 200 39940 "-" "Mozilla/5.0 (Linux; Android 6.0.1; Nexus 5X Build/MMB29P) AppleWebKit/537.36 (KHTML, like Gecko) Chrome/137.0.7151.103 Mobile Safari/537.36 (compatible; Googlebot/2.1; +http://www.google.com/bot.html)"
66.249.73.234 - - [15/Jul/2025:12:16:41 +0000] "GET /item/cock52758772/ HTTP/1.1" 200 40313 "-" "Mozilla/5.0 (Linux; Android 6.0.1; Nexus 5X Build/MMB29P) AppleWebKit/537.36 (KHTML, like Gecko) Chrome/137.0.7151.103 Mobile Safari/537.36 (compatible; GoogleOther)"
66.249.73.236 - - [15/Jul/2025:12:16:42 +0000] "POST /get-message-notify HTTP/1.1" 200 40066 "https://cyber-secure.com.au/?e=21994718061000&mod=b4d22bb5&uri=products.php%3Fid%3D734162-803%26name%3Dtrek+x+caliber+opinioni" "Mozilla/5.0 (Linux; Android 6.0.1; Nexus 5X Build/MMB29P) AppleWebKit/537.36 (KHTML, like Gecko) Chrome/137.0.7151.119 Mobile Safari/537.36 (compatible; Googlebot/2.1; +http://www.google.com/bot.html)"
66.249.73.235 - - [15/Jul/2025:12:16:43 +0000] "POST /get-message-notify HTTP/1.1" 200 40006 "https://cyber-secure.com.au/?e=21987130031000&mod=b4d22bb5&uri=product.php%3Fid%3D733909-803%26name%3Dle+migliori+bici+gravel+2021" "Mozilla/5.0 (Linux; Android 6.0.1; Nexus 5X Build/MMB29P) AppleWebKit/537.36 (KHTML, like Gecko) Chrome/137.0.7151.119 Mobile Safari/537.36 (compatible; Googlebot/2.1; +http://www.google.com/bot.html)"
66.249.73.234 - - [15/Jul/2025:12:16:46 +0000] "GET /?e=21989740001000&mod=b4d22bb5&uri=article.php%3Fid%3D733996-803%26name%3Dbici+ciclocross+migliori HTTP/1.1" 200 39917 "-" "Mozilla/5.0 (Linux; Android 6.0.1; Nexus 5X Build/MMB29P) AppleWebKit/537.36 (KHTML, like Gecko) Chrome/137.0.7151.103 Mobile Safari/537.36 (compatible; Googlebot/2.1; +http://www.google.com/bot.html)"
66.249.73.236 - - [15/Jul/2025:12:16:46 +0000] "GET /item/wides22429977/ HTTP/1.1" 200 39995 "-" "Mozilla/5.0 (Linux; Android 6.0.1; Nexus 5X Build/MMB29P) AppleWebKit/537.36 (KHTML, like Gecko) Chrome/137.0.7151.103 Mobile Safari/537.36 (compatible; GoogleOther)"
66.249.73.235 - - [15/Jul/2025:12:16:47 +0000] "GET /?e=58167738031000&mod=0ebffb73&uri=shared.php%3Fid%3D1941087-1347%26name%3Dzapatos+skechers+hombre+sin+cordones+amazon HTTP/1.1" 200 39947 "-" "Mozilla/5.0 (Linux; Android 6.0.1; Nexus 5X Build/MMB29P) AppleWebKit/537.36 (KHTML, like Gecko) Chrome/137.0.7151.103 Mobile Safari/537.36 (compatible; Googlebot/2.1; +http://www.google.com/bot.html)"
66.249.73.234 - - [15/Jul/2025:12:16:49 +0000] "GET /?e=58169445021000&mod=f2bff080&uri=blog.php%3Fid%3D1941144-338%26name%3Dzapatos+reebok+en+amazon+2018 HTTP/1.1" 200 40032 "-" "Mozilla/5.0 (Linux; Android 6.0.1; Nexus 5X Build/MMB29P) AppleWebKit/537.36 (KHTML, like Gecko) Chrome/137.0.7151.103 Mobile Safari/537.36 (compatible; Googlebot/2.1; +http://www.google.com/bot.html)"
66.249.73.235 - - [15/Jul/2025:12:16:52 +0000] "GET /item/zag60483933/ HTTP/1.1" 200 39694 "-" "Mozilla/5.0 (Linux; Android 6.0.1; Nexus 5X Build/MMB29P) AppleWebKit/537.36 (KHTML, like Gecko) Chrome/137.0.7151.103 Mobile Safari/537.36 (compatible; GoogleOther)"
66.249.73.237 - - [15/Jul/2025:12:16:52 +0000] "POST /get-message-notify HTTP/1.1" 200 40150 "https://cyber-secure.com.au/?e=99545781061000&mod=9ee70b79&uri=shared.php%3Fid%3D3322096-437%26name%3Djewel+croc+charms" "Mozilla/5.0 (Linux; Android 6.0.1; Nexus 5X Build/MMB29P) AppleWebKit/537.36 (KHTML, like Gecko) Chrome/137.0.7151.119 Mobile Safari/537.36 (compatible; Googlebot/2.1; +http://www.google.com/bot.html)"
66.249.73.236 - - [15/Jul/2025:12:16:53 +0000] "GET /?e=23915494051000&mod=b4d22bb5&uri=itm.php%3Fid%3D798233-803%26name%3Dpneumatici+tubeless+bici+da+corsa HTTP/1.1" 200 39962 "-" "Mozilla/5.0 (Linux; Android 6.0.1; Nexus 5X Build/MMB29P) AppleWebKit/537.36 (KHTML, like Gecko) Chrome/137.0.7151.103 Mobile Safari/537.36 (compatible; Googlebot/2.1; +http://www.google.com/bot.html)"
66.249.73.234 - - [15/Jul/2025:12:16:54 +0000] "GET /?e=22426506081000&mod=b4d22bb5&uri=us.php%3Fid%3D748564-803%26name%3Dtrek+slash+prezzo HTTP/1.1" 200 40061 "-" "Mozilla/5.0 (Linux; Android 6.0.1; Nexus 5X Build/MMB29P) AppleWebKit/537.36 (KHTML, like Gecko) Chrome/137.0.7151.103 Mobile Safari/537.36 (compatible; Googlebot/2.1; +http://www.google.com/bot.html)"
66.249.73.237 - - [15/Jul/2025:12:16:57 +0000] "GET /item/waist72843766/ HTTP/1.1" 200 39879 "-" "Mozilla/5.0 (Linux; Android 6.0.1; Nexus 5X Build/MMB29P) AppleWebKit/537.36 (KHTML, like Gecko) Chrome/137.0.7151.103 Mobile Safari/537.36 (compatible; GoogleOther)"
66.249.73.234 - - [15/Jul/2025:12:16:59 +0000] "GET /?e=58167828061000&mod=0ebffb73&uri=dp.php%3Fid%3D1941090-1347%26name%3Dle+coq+sportif+buenos+aires+palermo HTTP/1.1" 200 39872 "-" "Mozilla/5.0 (Linux; Android 6.0.1; Nexus 5X Build/MMB29P) AppleWebKit/537.36 (KHTML, like Gecko) Chrome/137.0.7151.103 Mobile Safari/537.36 (compatible; Googlebot/2.1; +http://www.google.com/bot.html)"
66.249.73.237 - - [15/Jul/2025:12:17:00 +0000] "GET /?e=58171772021000&mod=f2bff080&uri=us.php%3Fid%3D1941222-338%26name%3Dnike+air+max+720+next HTTP/1.1" 200 39954 "-" "Mozilla/5.0 (Linux; Android 6.0.1; Nexus 5X Build/MMB29P) AppleWebKit/537.36 (KHTML, like Gecko) Chrome/137.0.7151.103 Mobile Safari/537.36 (compatible; Googlebot/2.1; +http://www.google.com/bot.html)"
66.249.73.235 - - [15/Jul/2025:12:17:02 +0000] "GET /?e=22958559041000&mod=b4d22bb5&uri=category-info.php%3Fid%3D766320-803%26name%3Dscarpe+shimano+2022 HTTP/1.1" 200 39949 "-" "Mozilla/5.0 (Linux; Android 6.0.1; Nexus 5X Build/MMB29P) AppleWebKit/537.36 (KHTML, like Gecko) Chrome/137.0.7151.103 Mobile Safari/537.36 (compatible; Googlebot/2.1; +http://www.google.com/bot.html)"
66.249.73.234 - - [15/Jul/2025:12:17:02 +0000] "GET /item/unity11671008/ HTTP/1.1" 200 39857 "-" "Mozilla/5.0 (Linux; Android 6.0.1; Nexus 5X Build/MMB29P) AppleWebKit/537.36 (KHTML, like Gecko) Chrome/137.0.7151.103 Mobile Safari/537.36 (compatible; GoogleOther)"
66.249.73.236 - - [15/Jul/2025:12:17:03 +0000] "GET /?e=58172672011000&mod=f2bff080&uri=products.php%3Fid%3D1941252-338%26name%3Dnike+kd+12+custom HTTP/1.1" 200 40026 "-" "Mozilla/5.0 (Linux; Android 6.0.1; Nexus 5X Build/MMB29P) AppleWebKit/537.36 (KHTML, like Gecko) Chrome/137.0.7151.103 Mobile Safari/537.36 (compatible; Googlebot/2.1; +http://www.google.com/bot.html)"
66.249.73.236 - - [15/Jul/2025:12:17:04 +0000] "POST /get-message-notify HTTP/1.1" 200 40037 "https://cyber-secure.com.au/?e=58171772021000&mod=f2bff080&uri=us.php%3Fid%3D1941222-338%26name%3Dnike+air+max+720+next" "Mozilla/5.0 (Linux; Android 6.0.1; Nexus 5X Build/MMB29P) AppleWebKit/537.36 (KHTML, like Gecko) Chrome/137.0.7151.119 Mobile Safari/537.36 (compatible; Googlebot/2.1; +http://www.google.com/bot.html)"
66.249.73.236 - - [15/Jul/2025:12:17:05 +0000] "GET /?e=58173475031000&mod=f2bff080&uri=blog.php%3Fid%3D1941279-338%26name%3Dadidas+ultra+boost+woodstock+release+date HTTP/1.1" 200 39926 "-" "Mozilla/5.0 (Linux; Android 6.0.1; Nexus 5X Build/MMB29P) AppleWebKit/537.36 (KHTML, like Gecko) Chrome/137.0.7151.103 Mobile Safari/537.36 (compatible; Googlebot/2.1; +http://www.google.com/bot.html)"
66.249.73.235 - - [15/Jul/2025:12:17:05 +0000] "POST /get-message-notify HTTP/1.1" 200 40059 "https://cyber-secure.com.au/?e=58203392021000&mod=15134fab&uri=search.php%3Fid%3D1942277-1348%26name%3Dsmoky+mountain+series+electric+smoker" "Mozilla/5.0 (Linux; Android 6.0.1; Nexus 5X Build/MMB29P) AppleWebKit/537.36 (KHTML, like Gecko) Chrome/137.0.7151.119 Mobile Safari/537.36 (compatible; Googlebot/2.1; +http://www.google.com/bot.html)"
66.249.73.234 - - [15/Jul/2025:12:17:07 +0000] "GET /item/chair52460236/ HTTP/1.1" 200 39892 "-" "Mozilla/5.0 (Linux; Android 6.0.1; Nexus 5X Build/MMB29P) AppleWebKit/537.36 (KHTML, like Gecko) Chrome/137.0.7151.103 Mobile Safari/537.36 (compatible; GoogleOther)"
66.249.73.235 - - [15/Jul/2025:12:17:10 +0000] "GET /?e=58170435011000&mod=0ebffb73&uri=brands.php%3Fid%3D1941177-1347%26name%3Dkenzo+ultimo+perfume+100ml HTTP/1.1" 200 39926 "-" "Mozilla/5.0 (Linux; Android 6.0.1; Nexus 5X Build/MMB29P) AppleWebKit/537.36 (KHTML, like Gecko) Chrome/137.0.7151.103 Mobile Safari/537.36 (compatible; Googlebot/2.1; +http://www.google.com/bot.html)"
66.249.73.234 - - [15/Jul/2025:12:17:12 +0000] "GET /item/skate20372873/ HTTP/1.1" 200 40524 "-" "Mozilla/5.0 (Linux; Android 6.0.1; Nexus 5X Build/MMB29P) AppleWebKit/537.36 (KHTML, like Gecko) Chrome/137.0.7151.103 Mobile Safari/537.36 (compatible; GoogleOther)"
66.249.73.234 - - [15/Jul/2025:12:17:13 +0000] "POST /get-message-notify HTTP/1.1" 200 40081 "https://cyber-secure.com.au/?e=58172492001000&mod=f2bff080&uri=brands.php%3Fid%3D1941246-338%26name%3Dconverse+blancas+hombre+rebajas" "Mozilla/5.0 (Linux; Android 6.0.1; Nexus 5X Build/MMB29P) AppleWebKit/537.36 (KHTML, like Gecko) Chrome/137.0.7151.119 Mobile Safari/537.36 (compatible; Googlebot/2.1; +http://www.google.com/bot.html)"
66.249.73.235 - - [15/Jul/2025:12:17:17 +0000] "GET /?e=58173745041000&mod=f2bff080&uri=us.php%3Fid%3D1941288-338%26name%3Dadidas+11+pro+45 HTTP/1.1" 200 39935 "-" "Mozilla/5.0 (Linux; Android 6.0.1; Nexus 5X Build/MMB29P) AppleWebKit/537.36 (KHTML, like Gecko) Chrome/137.0.7151.103 Mobile Safari/537.36 (compatible; Googlebot/2.1; +http://www.google.com/bot.html)"
66.249.73.235 - - [15/Jul/2025:12:17:17 +0000] "GET /item/chalk32796930/ HTTP/1.1" 200 40223 "-" "Mozilla/5.0 (Linux; Android 6.0.1; Nexus 5X Build/MMB29P) AppleWebKit/537.36 (KHTML, like Gecko) Chrome/137.0.7151.103 Mobile Safari/537.36 (compatible; GoogleOther)"
66.249.73.235 - - [15/Jul/2025:12:17:18 +0000] "GET /?e=58168278051000&mod=f2bff080&uri=brands.php%3Fid%3D1941105-338%26name%3Dadidas+ultra+boost+training+2018 HTTP/1.1" 200 39877 "-" "Mozilla/5.0 (Linux; Android 6.0.1; Nexus 5X Build/MMB29P) AppleWebKit/537.36 (KHTML, like Gecko) Chrome/137.0.7151.103 Mobile Safari/537.36 (compatible; Googlebot/2.1; +http://www.google.com/bot.html)"
66.249.73.235 - - [15/Jul/2025:12:17:22 +0000] "GET /item/rely31886730/ HTTP/1.1" 200 40162 "-" "Mozilla/5.0 (Linux; Android 6.0.1; Nexus 5X Build/MMB29P) AppleWebKit/537.36 (KHTML, like Gecko) Chrome/137.0.7151.103 Mobile Safari/537.36 (compatible; GoogleOther)"
66.249.73.234 - - [15/Jul/2025:12:17:26 +0000] "GET /?e=58167648001000&mod=f2bff080&uri=goods.php%3Fid%3D1941084-338%26name%3Ddr+martens+newton+vegan HTTP/1.1" 200 39935 "-" "Mozilla/5.0 (Linux; Android 6.0.1; Nexus 5X Build/MMB29P) AppleWebKit/537.36 (KHTML, like Gecko) Chrome/137.0.7151.103 Mobile Safari/537.36 (compatible; Googlebot/2.1; +http://www.google.com/bot.html)"
66.249.73.235 - - [15/Jul/2025:12:17:28 +0000] "GET /item/frenc70397566/ HTTP/1.1" 200 40533 "-" "Mozilla/5.0 (Linux; Android 6.0.1; Nexus 5X Build/MMB29P) AppleWebKit/537.36 (KHTML, like Gecko) Chrome/137.0.7151.103 Mobile Safari/537.36 (compatible; GoogleOther)"
66.249.73.234 - - [15/Jul/2025:12:17:30 +0000] "GET /?e=58167918011000&mod=0ebffb73&uri=form.php%3Fid%3D1941093-1347%26name%3Dadidas+shoes+us+xl HTTP/1.1" 200 39884 "-" "Mozilla/5.0 (Linux; Android 6.0.1; Nexus 5X Build/MMB29P) AppleWebKit/537.36 (KHTML, like Gecko) Chrome/137.0.7151.103 Mobile Safari/537.36 (compatible; Googlebot/2.1; +http://www.google.com/bot.html)"
66.249.73.235 - - [15/Jul/2025:12:17:32 +0000] "GET /?e=58135498131000&mod=b4d22bb5&uri=brands.php%3Fid%3D1940009-803%26name%3Dbosch+nyon+2021+shop+online HTTP/1.1" 200 39902 "-" "Mozilla/5.0 (Linux; Android 6.0.1; Nexus 5X Build/MMB29P) AppleWebKit/537.36 (KHTML, like Gecko) Chrome/137.0.7151.103 Mobile Safari/537.36 (compatible; Googlebot/2.1; +http://www.google.com/bot.html)"
66.249.73.235 - - [15/Jul/2025:12:17:33 +0000] "GET /item/partl22918777/ HTTP/1.1" 200 39947 "-" "Mozilla/5.0 (Linux; Android 6.0.1; Nexus 5X Build/MMB29P) AppleWebKit/537.36 (KHTML, like Gecko) Chrome/137.0.7151.103 Mobile Safari/537.36 (compatible; GoogleOther)"
66.249.73.234 - - [15/Jul/2025:12:17:33 +0000] "GET /?e=58170615021000&mod=f2bff080&uri=products.php%3Fid%3D1941183-338%26name%3Dcalzado+skechers+2017+white HTTP/1.1" 200 40030 "-" "Mozilla/5.0 (Linux; Android 6.0.1; Nexus 5X Build/MMB29P) AppleWebKit/537.36 (KHTML, like Gecko) Chrome/137.0.7151.103 Mobile Safari/537.36 (compatible; Googlebot/2.1; +http://www.google.com/bot.html)"
66.249.73.234 - - [15/Jul/2025:12:17:35 +0000] "GET /?e=58171952021000&mod=0ebffb73&uri=form.php%3Fid%3D1941228-1347%26name%3Dadidas+nmd+eastbay+promo HTTP/1.1" 200 39852 "-" "Mozilla/5.0 (Linux; Android 6.0.1; Nexus 5X Build/MMB29P) AppleWebKit/537.36 (KHTML, like Gecko) Chrome/137.0.7151.103 Mobile Safari/537.36 (compatible; Googlebot/2.1; +http://www.google.com/bot.html)"
66.249.73.234 - - [15/Jul/2025:12:17:38 +0000] "GET /item/low80236399/ HTTP/1.1" 200 40218 "-" "Mozilla/5.0 (Linux; Android 6.0.1; Nexus 5X Build/MMB29P) AppleWebKit/537.36 (KHTML, like Gecko) Chrome/137.0.7151.103 Mobile Safari/537.36 (compatible; GoogleOther)"
66.249.73.234 - - [15/Jul/2025:12:17:39 +0000] "POST /get-message-notify HTTP/1.1" 200 40027 "https://cyber-secure.com.au/?e=58171952021000&mod=0ebffb73&uri=form.php%3Fid%3D1941228-1347%26name%3Dadidas+nmd+eastbay+promo" "Mozilla/5.0 (Linux; Android 6.0.1; Nexus 5X Build/MMB29P) AppleWebKit/537.36 (KHTML, like Gecko) Chrome/137.0.7151.119 Mobile Safari/537.36 (compatible; Googlebot/2.1; +http://www.google.com/bot.html)"
66.249.73.235 - - [15/Jul/2025:12:17:39 +0000] "GET /?e=119825551061000&mod=70222949&uri=article.php%3Fid%3D3998942-129%26name%3Dredmi+charging+connector HTTP/1.1" 200 40025 "-" "Mozilla/5.0 (Linux; Android 6.0.1; Nexus 5X Build/MMB29P) AppleWebKit/537.36 (KHTML, like Gecko) Chrome/137.0.7151.103 Mobile Safari/537.36 (compatible; Googlebot/2.1; +http://www.google.com/bot.html)"
66.249.73.235 - - [15/Jul/2025:12:17:41 +0000] "GET /?e=58130578141000&mod=b4d22bb5&uri=products.php%3Fid%3D1939845-803%26name%3Dbiciclette+custom+cruiser+chopper HTTP/1.1" 200 39920 "-" "Mozilla/5.0 (Linux; Android 6.0.1; Nexus 5X Build/MMB29P) AppleWebKit/537.36 (KHTML, like Gecko) Chrome/137.0.7151.103 Mobile Safari/537.36 (compatible; Googlebot/2.1; +http://www.google.com/bot.html)"
66.249.73.235 - - [15/Jul/2025:12:17:42 +0000] "GET /?e=58174015051000&mod=f2bff080&uri=article.php%3Fid%3D1941297-338%26name%3Dnew+balance+panama+trabajo HTTP/1.1" 200 39865 "-" "Mozilla/5.0 (Linux; Android 6.0.1; Nexus 5X Build/MMB29P) AppleWebKit/537.36 (KHTML, like Gecko) Chrome/137.0.7151.103 Mobile Safari/537.36 (compatible; Googlebot/2.1; +http://www.google.com/bot.html)"
66.249.73.235 - - [15/Jul/2025:12:17:43 +0000] "GET /item/damag12055376/ HTTP/1.1" 200 39933 "-" "Mozilla/5.0 (Linux; Android 6.0.1; Nexus 5X Build/MMB29P) AppleWebKit/537.36 (KHTML, like Gecko) Chrome/137.0.7151.103 Mobile Safari/537.36 (compatible; GoogleOther)"
66.249.73.234 - - [15/Jul/2025:12:17:44 +0000] "GET /?e=58120738011000&mod=b4d22bb5&uri=product.php%3Fid%3D1939517-803%26name%3Dktm+macina+prowler+2022 HTTP/1.1" 200 39798 "-" "Mozilla/5.0 (Linux; Android 6.0.1; Nexus 5X Build/MMB29P) AppleWebKit/537.36 (KHTML, like Gecko) Chrome/137.0.7151.103 Mobile Safari/537.36 (compatible; Googlebot/2.1; +http://www.google.com/bot.html)"
66.249.73.235 - - [15/Jul/2025:12:17:48 +0000] "GET /item/disca60223085/ HTTP/1.1" 200 39876 "-" "Mozilla/5.0 (Linux; Android 6.0.1; Nexus 5X Build/MMB29P) AppleWebKit/537.36 (KHTML, like Gecko) Chrome/137.0.7151.103 Mobile Safari/537.36 (compatible; GoogleOther)"
66.249.73.234 - - [15/Jul/2025:12:17:49 +0000] "POST /get-message-notify HTTP/1.1" 200 39988 "https://cyber-secure.com.au/?e=58174015051000&mod=f2bff080&uri=article.php%3Fid%3D1941297-338%26name%3Dnew+balance+panama+trabajo" "Mozilla/5.0 (Linux; Android 6.0.1; Nexus 5X Build/MMB29P) AppleWebKit/537.36 (KHTML, like Gecko) Chrome/137.0.7151.119 Mobile Safari/537.36 (compatible; Googlebot/2.1; +http://www.google.com/bot.html)"
66.249.73.234 - - [15/Jul/2025:12:17:53 +0000] "GET /?e=58168638011000&mod=f2bff080&uri=goods.php%3Fid%3D1941117-338%26name%3Dzapatos+skechers+para+mujer+precio+liverpool HTTP/1.1" 200 39883 "-" "Mozilla/5.0 (Linux; Android 6.0.1; Nexus 5X Build/MMB29P) AppleWebKit/537.36 (KHTML, like Gecko) Chrome/137.0.7151.103 Mobile Safari/537.36 (compatible; Googlebot/2.1; +http://www.google.com/bot.html)"
66.249.73.237 - - [15/Jul/2025:12:17:53 +0000] "GET /item/recal71855094/ HTTP/1.1" 200 40125 "-" "Mozilla/5.0 (Linux; Android 6.0.1; Nexus 5X Build/MMB29P) AppleWebKit/537.36 (KHTML, like Gecko) Chrome/137.0.7151.103 Mobile Safari/537.36 (compatible; GoogleOther)"
66.249.73.236 - - [15/Jul/2025:12:17:58 +0000] "GET /?e=58173835071000&mod=0ebffb73&uri=form.php%3Fid%3D1941291-1347%26name%3Dadidas+ultra+boost+caracteristicas+en+espa%C3%83%C2%B1ol HTTP/1.1" 200 39912 "-" "Mozilla/5.0 (Linux; Android 6.0.1; Nexus 5X Build/MMB29P) AppleWebKit/537.36 (KHTML, like Gecko) Chrome/137.0.7151.103 Mobile Safari/537.36 (compatible; Googlebot/2.1; +http://www.google.com/bot.html)"
66.249.73.234 - - [15/Jul/2025:12:17:59 +0000] "POST /get-message-notify HTTP/1.1" 200 40039 "https://cyber-secure.com.au/?e=58170435011000&mod=0ebffb73&uri=brands.php%3Fid%3D1941177-1347%26name%3Dkenzo+ultimo+perfume+100ml" "Mozilla/5.0 (Linux; Android 6.0.1; Nexus 5X Build/MMB29P) AppleWebKit/537.36 (KHTML, like Gecko) Chrome/137.0.7151.119 Mobile Safari/537.36 (compatible; Googlebot/2.1; +http://www.google.com/bot.html)"
66.249.73.235 - - [15/Jul/2025:12:17:59 +0000] "GET /item/persu10070248/ HTTP/1.1" 200 40035 "-" "Mozilla/5.0 (Linux; Android 6.0.1; Nexus 5X Build/MMB29P) AppleWebKit/537.36 (KHTML, like Gecko) Chrome/137.0.7151.103 Mobile Safari/537.36 (compatible; GoogleOther)"
66.249.73.237 - - [15/Jul/2025:12:18:01 +0000] "POST /get-message-notify HTTP/1.1" 200 39966 "https://cyber-secure.com.au/?e=58173835071000&mod=0ebffb73&uri=form.php%3Fid%3D1941291-1347%26name%3Dadidas+ultra+boost+caracteristicas+en+espa%C3%83%C2%B1ol" "Mozilla/5.0 (Linux; Android 6.0.1; Nexus 5X Build/MMB29P) AppleWebKit/537.36 (KHTML, like Gecko) Chrome/137.0.7151.119 Mobile Safari/537.36 (compatible; Googlebot/2.1; +http://www.google.com/bot.html)"
66.249.73.235 - - [15/Jul/2025:12:18:02 +0000] "GET /?e=58140418071000&mod=b4d22bb5&uri=article.php%3Fid%3D1940173-803%26name%3Dgiant+defy+prezzo HTTP/1.1" 200 39890 "-" "Mozilla/5.0 (Linux; Android 6.0.1; Nexus 5X Build/MMB29P) AppleWebKit/537.36 (KHTML, like Gecko) Chrome/137.0.7151.103 Mobile Safari/537.36 (compatible; Googlebot/2.1; +http://www.google.com/bot.html)"
66.249.73.235 - - [15/Jul/2025:12:18:03 +0000] "POST /get-message-notify HTTP/1.1" 200 40064 "https://cyber-secure.com.au/?e=58167918011000&mod=0ebffb73&uri=form.php%3Fid%3D1941093-1347%26name%3Dadidas+shoes+us+xl" "Mozilla/5.0 (Linux; Android 6.0.1; Nexus 5X Build/MMB29P) AppleWebKit/537.36 (KHTML, like Gecko) Chrome/137.0.7151.119 Mobile Safari/537.36 (compatible; Googlebot/2.1; +http://www.google.com/bot.html)"
66.249.73.234 - - [15/Jul/2025:12:18:04 +0000] "GET /item/behal61126717/ HTTP/1.1" 200 40513 "-" "Mozilla/5.0 (Linux; Android 6.0.1; Nexus 5X Build/MMB29P) AppleWebKit/537.36 (KHTML, like Gecko) Chrome/137.0.7151.103 Mobile Safari/537.36 (compatible; GoogleOther)"
66.249.73.234 - - [15/Jul/2025:12:18:09 +0000] "GET /?e=119788060051000&mod=7993e112&uri=pin.php%3Fid%3D3997691-242%26name%3Dthe+bay+breville+barista+express HTTP/1.1" 200 40047 "-" "Mozilla/5.0 (Linux; Android 6.0.1; Nexus 5X Build/MMB29P) AppleWebKit/537.36 (KHTML, like Gecko) Chrome/137.0.7151.103 Mobile Safari/537.36 (compatible; Googlebot/2.1; +http://www.google.com/bot.html)"
66.249.73.235 - - [15/Jul/2025:12:18:10 +0000] "GET /?e=58170255071000&mod=f2bff080&uri=brands.php%3Fid%3D1941171-338%26name%3Dzapatos+originales+reebok+2017+opiniones HTTP/1.1" 200 39917 "-" "Mozilla/5.0 (Linux; Android 6.0.1; Nexus 5X Build/MMB29P) AppleWebKit/537.36 (KHTML, like Gecko) Chrome/137.0.7151.103 Mobile Safari/537.36 (compatible; Googlebot/2.1; +http://www.google.com/bot.html)"
66.249.73.234 - - [15/Jul/2025:12:18:11 +0000] "GET /item/scrat80745863/ HTTP/1.1" 200 40122 "-" "Mozilla/5.0 (Linux; Android 6.0.1; Nexus 5X Build/MMB29P) AppleWebKit/537.36 (KHTML, like Gecko) Chrome/137.0.7151.103 Mobile Safari/537.36 (compatible; GoogleOther)"
66.249.73.235 - - [15/Jul/2025:12:18:12 +0000] "GET /?e=58170705061000&mod=f2bff080&uri=shared.php%3Fid%3D1941186-338%26name%3Dadidas+nmd+invictus+10 HTTP/1.1" 200 39975 "-" "Mozilla/5.0 (Linux; Android 6.0.1; Nexus 5X Build/MMB29P) AppleWebKit/537.36 (KHTML, like Gecko) Chrome/137.0.7151.103 Mobile Safari/537.36 (compatible; Googlebot/2.1; +http://www.google.com/bot.html)"
66.249.73.235 - - [15/Jul/2025:12:18:13 +0000] "GET /?e=58169355001000&mod=f2bff080&uri=shared.php%3Fid%3D1941141-338%26name%3Dburberry+liquid+velvet+black+cherry HTTP/1.1" 200 39883 "-" "Mozilla/5.0 (Linux; Android 6.0.1; Nexus 5X Build/MMB29P) AppleWebKit/537.36 (KHTML, like Gecko) Chrome/137.0.7151.103 Mobile Safari/537.36 (compatible; Googlebot/2.1; +http://www.google.com/bot.html)"
66.249.73.234 - - [15/Jul/2025:12:18:14 +0000] "GET /?e=58169085001000&mod=f2bff080&uri=article.php%3Fid%3D1941132-338%26name%3Dzapatos+reebok+color+negro+verde HTTP/1.1" 200 39888 "-" "Mozilla/5.0 (Linux; Android 6.0.1; Nexus 5X Build/MMB29P) AppleWebKit/537.36 (KHTML, like Gecko) Chrome/137.0.7151.103 Mobile Safari/537.36 (compatible; Googlebot/2.1; +http://www.google.com/bot.html)"
66.249.73.234 - - [15/Jul/2025:12:18:15 +0000] "GET /item/fasci21678313/ HTTP/1.1" 200 40258 "-" "Mozilla/5.0 (Linux; Android 6.0.1; Nexus 5X Build/MMB29P) AppleWebKit/537.36 (KHTML, like Gecko) Chrome/137.0.7151.103 Mobile Safari/537.36 (compatible; GoogleOther)"
66.249.73.234 - - [15/Jul/2025:12:18:16 +0000] "POST /get-message-notify HTTP/1.1" 200 40026 "https://cyber-secure.com.au/?e=58140418071000&mod=b4d22bb5&uri=article.php%3Fid%3D1940173-803%26name%3Dgiant+defy+prezzo" "Mozilla/5.0 (Linux; Android 6.0.1; Nexus 5X Build/MMB29P) AppleWebKit/537.36 (KHTML, like Gecko) Chrome/137.0.7151.119 Mobile Safari/537.36 (compatible; Googlebot/2.1; +http://www.google.com/bot.html)"
66.249.73.234 - - [15/Jul/2025:12:18:18 +0000] "POST /get-message-notify HTTP/1.1" 200 40066 "https://cyber-secure.com.au/?e=22958559041000&mod=b4d22bb5&uri=category-info.php%3Fid%3D766320-803%26name%3Dscarpe+shimano+2022" "Mozilla/5.0 (Linux; Android 6.0.1; Nexus 5X Build/MMB29P) AppleWebKit/537.36 (KHTML, like Gecko) Chrome/137.0.7151.119 Mobile Safari/537.36 (compatible; Googlebot/2.1; +http://www.google.com/bot.html)"
66.249.73.235 - - [15/Jul/2025:12:18:19 +0000] "GET /?e=19610847031000&mod=62ac9cd1&uri=product.php%3Fid%3D654638-748%26name%3Dso+charm+orologi HTTP/1.1" 200 39989 "-" "Mozilla/5.0 (Linux; Android 6.0.1; Nexus 5X Build/MMB29P) AppleWebKit/537.36 (KHTML, like Gecko) Chrome/137.0.7151.103 Mobile Safari/537.36 (compatible; Googlebot/2.1; +http://www.google.com/bot.html)"
66.249.73.234 - - [15/Jul/2025:12:18:20 +0000] "GET /?e=69671683001000&mod=62ac9cd1&uri=products.php%3Fid%3D2325028-748%26name%3Dorologio+da+tavolo+solari HTTP/1.1" 200 40028 "-" "Mozilla/5.0 (Linux; Android 6.0.1; Nexus 5X Build/MMB29P) AppleWebKit/537.36 (KHTML, like Gecko) Chrome/137.0.7151.103 Mobile Safari/537.36 (compatible; Googlebot/2.1; +http://www.google.com/bot.html)"
66.249.73.235 - - [15/Jul/2025:12:18:21 +0000] "GET /item/diamo51359068/ HTTP/1.1" 200 39799 "-" "Mozilla/5.0 (Linux; Android 6.0.1; Nexus 5X Build/MMB29P) AppleWebKit/537.36 (KHTML, like Gecko) Chrome/137.0.7151.103 Mobile Safari/537.36 (compatible; GoogleOther)"
66.249.73.235 - - [15/Jul/2025:12:18:24 +0000] "POST /get-message-notify HTTP/1.1" 200 40103 "https://cyber-secure.com.au/?e=19610847031000&mod=62ac9cd1&uri=product.php%3Fid%3D654638-748%26name%3Dso+charm+orologi" "Mozilla/5.0 (Linux; Android 6.0.1; Nexus 5X Build/MMB29P) AppleWebKit/537.36 (KHTML, like Gecko) Chrome/137.0.7151.119 Mobile Safari/537.36 (compatible; Googlebot/2.1; +http://www.google.com/bot.html)"
66.249.73.234 - - [15/Jul/2025:12:18:25 +0000] "GET /item/mainf60387797/ HTTP/1.1" 200 39956 "-" "Mozilla/5.0 (Linux; Android 6.0.1; Nexus 5X Build/MMB29P) AppleWebKit/537.36 (KHTML, like Gecko) Chrome/137.0.7151.103 Mobile Safari/537.36 (compatible; GoogleOther)"
66.249.73.235 - - [15/Jul/2025:12:18:29 +0000] "POST /get-message-notify HTTP/1.1" 200 39983 "https://cyber-secure.com.au/?e=58130578141000&mod=b4d22bb5&uri=products.php%3Fid%3D1939845-803%26name%3Dbiciclette+custom+cruiser+chopper" "Mozilla/5.0 (Linux; Android 6.0.1; Nexus 5X Build/MMB29P) AppleWebKit/537.36 (KHTML, like Gecko) Chrome/137.0.7151.119 Mobile Safari/537.36 (compatible; Googlebot/2.1; +http://www.google.com/bot.html)"
66.249.73.234 - - [15/Jul/2025:12:18:29 +0000] "GET /?e=58237702021000&mod=619205da&uri=form.php%3Fid%3D1943421-233%26name%3Dremera+guess+original HTTP/1.1" 200 40007 "-" "Mozilla/5.0 (Linux; Android 6.0.1; Nexus 5X Build/MMB29P) AppleWebKit/537.36 (KHTML, like Gecko) Chrome/137.0.7151.103 Mobile Safari/537.36 (compatible; Googlebot/2.1; +http://www.google.com/bot.html)"
66.249.73.235 - - [15/Jul/2025:12:18:30 +0000] "GET /item/throw82565327/ HTTP/1.1" 200 40029 "-" "Mozilla/5.0 (Linux; Android 6.0.1; Nexus 5X Build/MMB29P) AppleWebKit/537.36 (KHTML, like Gecko) Chrome/137.0.7151.103 Mobile Safari/537.36 (compatible; GoogleOther)"
66.249.73.235 - - [15/Jul/2025:12:18:31 +0000] "GET /?e=58245420051000&mod=43e4e6a6&uri=products.php%3Fid%3D1943679-234%26name%3Dgucci+schlangen+pullover HTTP/1.1" 200 39902 "-" "Mozilla/5.0 (Linux; Android 6.0.1; Nexus 5X Build/MMB29P) AppleWebKit/537.36 (KHTML, like Gecko) Chrome/137.0.7151.103 Mobile Safari/537.36 (compatible; Googlebot/2.1; +http://www.google.com/bot.html)"
66.249.73.234 - - [15/Jul/2025:12:18:32 +0000] "GET /?e=58237882011000&mod=619205da&uri=product.php%3Fid%3D1943427-233%26name%3Ddbb+ropa+infantil HTTP/1.1" 200 39929 "-" "Mozilla/5.0 (Linux; Android 6.0.1; Nexus 5X Build/MMB29P) AppleWebKit/537.36 (KHTML, like Gecko) Chrome/137.0.7151.103 Mobile Safari/537.36 (compatible; Googlebot/2.1; +http://www.google.com/bot.html)"
66.249.73.234 - - [15/Jul/2025:12:18:34 +0000] "GET /?e=58243980051000&mod=43e4e6a6&uri=shop.php%3Fid%3D1943631-234%26name%3Dmotorrad+jacke+revit HTTP/1.1" 200 39922 "-" "Mozilla/5.0 (Linux; Android 6.0.1; Nexus 5X Build/MMB29P) AppleWebKit/537.36 (KHTML, like Gecko) Chrome/137.0.7151.103 Mobile Safari/537.36 (compatible; Googlebot/2.1; +http://www.google.com/bot.html)"
66.249.73.234 - - [15/Jul/2025:12:18:35 +0000] "POST /get-message-notify HTTP/1.1" 200 40034 "https://cyber-secure.com.au/?e=58169445021000&mod=f2bff080&uri=blog.php%3Fid%3D1941144-338%26name%3Dzapatos+reebok+en+amazon+2018" "Mozilla/5.0 (Linux; Android 6.0.1; Nexus 5X Build/MMB29P) AppleWebKit/537.36 (KHTML, like Gecko) Chrome/137.0.7151.119 Mobile Safari/537.36 (compatible; Googlebot/2.1; +http://www.google.com/bot.html)"
66.249.73.234 - - [15/Jul/2025:12:18:35 +0000] "GET /item/poem81236879/ HTTP/1.1" 200 39973 "-" "Mozilla/5.0 (Linux; Android 6.0.1; Nexus 5X Build/MMB29P) AppleWebKit/537.36 (KHTML, like Gecko) Chrome/137.0.7151.103 Mobile Safari/537.36 (compatible; GoogleOther)"
66.249.73.234 - - [15/Jul/2025:12:18:36 +0000] "GET /?e=58249020001000&mod=619205da&uri=dp.php%3Fid%3D1943799-233%26name%3Dpantalon+negro+chino HTTP/1.1" 200 39953 "-" "Mozilla/5.0 (Linux; Android 6.0.1; Nexus 5X Build/MMB29P) AppleWebKit/537.36 (KHTML, like Gecko) Chrome/137.0.7151.103 Mobile Safari/537.36 (compatible; Googlebot/2.1; +http://www.google.com/bot.html)"
66.249.73.234 - - [15/Jul/2025:12:18:40 +0000] "POST /get-message-notify HTTP/1.1" 200 39967 "https://cyber-secure.com.au/?e=58120738011000&mod=b4d22bb5&uri=product.php%3Fid%3D1939517-803%26name%3Dktm+macina+prowler+2022" "Mozilla/5.0 (Linux; Android 6.0.1; Nexus 5X Build/MMB29P) AppleWebKit/537.36 (KHTML, like Gecko) Chrome/137.0.7151.119 Mobile Safari/537.36 (compatible; Googlebot/2.1; +http://www.google.com/bot.html)"
66.249.73.236 - - [15/Jul/2025:12:18:45 +0000] "GET /item/gun21360713/ HTTP/1.1" 200 40179 "-" "Mozilla/5.0 (Linux; Android 6.0.1; Nexus 5X Build/MMB29P) AppleWebKit/537.36 (KHTML, like Gecko) Chrome/137.0.7151.103 Mobile Safari/537.36 (compatible; GoogleOther)"
66.249.73.234 - - [15/Jul/2025:12:18:46 +0000] "GET /?e=58238242051000&mod=619205da&uri=article.php%3Fid%3D1943439-233%26name%3Dpantalones+en+drill+para+dama HTTP/1.1" 200 40071 "-" "Mozilla/5.0 (Linux; Android 6.0.1; Nexus 5X Build/MMB29P) AppleWebKit/537.36 (KHTML, like Gecko) Chrome/137.0.7151.103 Mobile Safari/537.36 (compatible; Googlebot/2.1; +http://www.google.com/bot.html)"
