66.249.73.234 - - [15/Jul/2025:12:30:29 +0000] "POST /get-message-notify HTTP/1.1" 200 40002 "https://cyber-secure.com.au/item/forgi80763175/" "Mozilla/5.0 (Linux; Android 6.0.1; Nexus 5X Build/MMB29P) AppleWebKit/537.36 (KHTML, like Gecko) Chrome/137.0.7151.119 Mobile Safari/537.36 (compatible; Googlebot/2.1; +http://www.google.com/bot.html)"
66.249.73.233 - - [15/Jul/2025:12:30:30 +0000] "GET /?e=58189274021000&mod=6f3e29a3&uri=form.php%3Fid%3D1941806-130%26name%3Dhuawei+5t+case HTTP/1.1" 200 40041 "-" "Mozilla/5.0 (Linux; Android 6.0.1; Nexus 5X Build/MMB29P) AppleWebKit/537.36 (KHTML, like Gecko) Chrome/137.0.7151.103 Mobile Safari/537.36 (compatible; Googlebot/2.1; +http://www.google.com/bot.html)"
66.249.73.235 - - [15/Jul/2025:12:30:31 +0000] "GET /item/full72293102/ HTTP/1.1" 200 39947 "-" "Mozilla/5.0 (Linux; Android 6.0.1; Nexus 5X Build/MMB29P) AppleWebKit/537.36 (KHTML, like Gecko) Chrome/137.0.7151.103 Mobile Safari/537.36 (compatible; GoogleOther)"
66.249.73.234 - - [15/Jul/2025:12:30:36 +0000] "GET /item/sacri82394727/ HTTP/1.1" 200 40059 "-" "Mozilla/5.0 (Linux; Android 6.0.1; Nexus 5X Build/MMB29P) AppleWebKit/537.36 (KHTML, like Gecko) Chrome/137.0.7151.103 Mobile Safari/537.36 (compatible; GoogleOther)"
66.249.73.233 - - [15/Jul/2025:12:30:36 +0000] "POST /get-message-notify HTTP/1.1" 200 40005 "https://cyber-secure.com.au/?e=58189274021000&mod=6f3e29a3&uri=form.php%3Fid%3D1941806-130%26name%3Dhuawei+5t+case" "Mozilla/5.0 (Linux; Android 6.0.1; Nexus 5X Build/MMB29P) AppleWebKit/537.36 (KHTML, like Gecko) Chrome/137.0.7151.119 Mobile Safari/537.36 (compatible; Googlebot/2.1; +http://www.google.com/bot.html)"
66.249.73.233 - - [15/Jul/2025:12:30:37 +0000] "GET /?e=58239652041000&mod=619205da&uri=brands.php%3Fid%3D1943486-233%26name%3Desfera+corte+ingles+hombre HTTP/1.1" 200 39969 "-" "Mozilla/5.0 (Linux; Android 6.0.1; Nexus 5X Build/MMB29P) AppleWebKit/537.36 (KHTML, like Gecko) Chrome/137.0.7151.103 Mobile Safari/537.36 (compatible; Googlebot/2.1; +http://www.google.com/bot.html)"
66.249.73.234 - - [15/Jul/2025:12:30:41 +0000] "GET /item/hell40859091/ HTTP/1.1" 200 40230 "-" "Mozilla/5.0 (Linux; Android 6.0.1; Nexus 5X Build/MMB29P) AppleWebKit/537.36 (KHTML, like Gecko) Chrome/137.0.7151.103 Mobile Safari/537.36 (compatible; GoogleOther)"
66.249.73.234 - - [15/Jul/2025:12:30:42 +0000] "GET /?e=21466306021000&mod=b112ca40&uri=product.php%3Fid%3D716536-481%26name%3Diphone+13+pro+max+case HTTP/1.1" 200 39964 "-" "Mozilla/5.0 (Linux; Android 6.0.1; Nexus 5X Build/MMB29P) AppleWebKit/537.36 (KHTML, like Gecko) Chrome/137.0.7151.103 Mobile Safari/537.36 (compatible; Googlebot/2.1; +http://www.google.com/bot.html)"
66.249.73.233 - - [15/Jul/2025:12:30:44 +0000] "GET /?e=58242412041000&mod=619205da&uri=products.php%3Fid%3D1943578-233%26name%3Dcosa+de+chicos+ropa HTTP/1.1" 200 39980 "-" "Mozilla/5.0 (Linux; Android 6.0.1; Nexus 5X Build/MMB29P) AppleWebKit/537.36 (KHTML, like Gecko) Chrome/137.0.7151.103 Mobile Safari/537.36 (compatible; Googlebot/2.1; +http://www.google.com/bot.html)"
66.249.73.235 - - [15/Jul/2025:12:30:46 +0000] "GET /item/wily41923907/ HTTP/1.1" 200 40016 "-" "Mozilla/5.0 (Linux; Android 6.0.1; Nexus 5X Build/MMB29P) AppleWebKit/537.36 (KHTML, like Gecko) Chrome/137.0.7151.103 Mobile Safari/537.36 (compatible; GoogleOther)"
66.249.73.235 - - [15/Jul/2025:12:30:48 +0000] "GET /?e=58239892001000&mod=43e4e6a6&uri=itm.php%3Fid%3D1943494-234%26name%3Dgucci+sweater+grau HTTP/1.1" 200 39855 "-" "Mozilla/5.0 (Linux; Android 6.0.1; Nexus 5X Build/MMB29P) AppleWebKit/537.36 (KHTML, like Gecko) Chrome/137.0.7151.103 Mobile Safari/537.36 (compatible; Googlebot/2.1; +http://www.google.com/bot.html)"
66.249.73.233 - - [15/Jul/2025:12:30:48 +0000] "POST /get-message-notify HTTP/1.1" 200 40019 "https://cyber-secure.com.au/?e=58242412041000&mod=619205da&uri=products.php%3Fid%3D1943578-233%26name%3Dcosa+de+chicos+ropa" "Mozilla/5.0 (Linux; Android 6.0.1; Nexus 5X Build/MMB29P) AppleWebKit/537.36 (KHTML, like Gecko) Chrome/137.0.7151.119 Mobile Safari/537.36 (compatible; Googlebot/2.1; +http://www.google.com/bot.html)"
66.249.73.235 - - [15/Jul/2025:12:30:49 +0000] "GET /?e=58176775001000&mod=b112ca40&uri=products.php%3Fid%3D1941389-481%26name%3Dpersonalised+iphone+12+pro+cases HTTP/1.1" 200 39951 "-" "Mozilla/5.0 (Linux; Android 6.0.1; Nexus 5X Build/MMB29P) AppleWebKit/537.36 (KHTML, like Gecko) Chrome/137.0.7151.103 Mobile Safari/537.36 (compatible; Googlebot/2.1; +http://www.google.com/bot.html)"
66.249.73.233 - - [15/Jul/2025:12:30:51 +0000] "GET /item/mere50330516/ HTTP/1.1" 200 39887 "-" "Mozilla/5.0 (Linux; Android 6.0.1; Nexus 5X Build/MMB29P) AppleWebKit/537.36 (KHTML, like Gecko) Chrome/137.0.7151.103 Mobile Safari/537.36 (compatible; GoogleOther)"
66.249.73.236 - - [15/Jul/2025:12:30:52 +0000] "POST /get-message-notify HTTP/1.1" 200 40069 "https://cyber-secure.com.au/?e=116397324041000&mod=15134fab&uri=shop.php%3Fid%3D3884590-1348%26name%3Draclette+party+grill" "Mozilla/5.0 (Linux; Android 6.0.1; Nexus 5X Build/MMB29P) AppleWebKit/537.36 (KHTML, like Gecko) Chrome/137.0.7151.119 Mobile Safari/537.36 (compatible; Googlebot/2.1; +http://www.google.com/bot.html)"
66.249.73.235 - - [15/Jul/2025:12:30:53 +0000] "GET /?e=58176805061000&mod=b112ca40&uri=shared.php%3Fid%3D1941390-481%26name%3Dsamsung+galaxy+s8+phone+case+with+screen+protector HTTP/1.1" 200 39922 "-" "Mozilla/5.0 (Linux; Android 6.0.1; Nexus 5X Build/MMB29P) AppleWebKit/537.36 (KHTML, like Gecko) Chrome/137.0.7151.103 Mobile Safari/537.36 (compatible; Googlebot/2.1; +http://www.google.com/bot.html)"
66.249.73.233 - - [15/Jul/2025:12:30:55 +0000] "GET /?e=58245870001000&mod=43e4e6a6&uri=brands.php%3Fid%3D1943694-234%26name%3Drundholz+kaschmir+pullover HTTP/1.1" 200 39944 "-" "Mozilla/5.0 (Linux; Android 6.0.1; Nexus 5X Build/MMB29P) AppleWebKit/537.36 (KHTML, like Gecko) Chrome/137.0.7151.103 Mobile Safari/537.36 (compatible; Googlebot/2.1; +http://www.google.com/bot.html)"
66.249.73.236 - - [15/Jul/2025:12:30:56 +0000] "GET /item/recal72715094/ HTTP/1.1" 200 40312 "-" "Mozilla/5.0 (Linux; Android 6.0.1; Nexus 5X Build/MMB29P) AppleWebKit/537.36 (KHTML, like Gecko) Chrome/137.0.7151.103 Mobile Safari/537.36 (compatible; GoogleOther)"
66.249.73.234 - - [15/Jul/2025:12:30:57 +0000] "GET /?e=58180934091000&mod=b112ca40&uri=blog.php%3Fid%3D1941528-481%26name%3Dcute+s9+phone+case HTTP/1.1" 200 39900 "-" "Mozilla/5.0 (Linux; Android 6.0.1; Nexus 5X Build/MMB29P) AppleWebKit/537.36 (KHTML, like Gecko) Chrome/137.0.7151.103 Mobile Safari/537.36 (compatible; Googlebot/2.1; +http://www.google.com/bot.html)"
66.249.73.234 - - [15/Jul/2025:12:30:59 +0000] "POST /get-message-notify HTTP/1.1" 200 40149 "https://cyber-secure.com.au/item/strip81178751/" "Mozilla/5.0 (Linux; Android 6.0.1; Nexus 5X Build/MMB29P) AppleWebKit/537.36 (KHTML, like Gecko) Chrome/137.0.7151.119 Mobile Safari/537.36 (compatible; Googlebot/2.1; +http://www.google.com/bot.html)"
66.249.73.233 - - [15/Jul/2025:12:31:00 +0000] "POST /get-message-notify HTTP/1.1" 200 40049 "https://cyber-secure.com.au/?e=19704947061000&mod=2b38c2df&uri=blog.php%3Fid%3D657776-115%26name%3Dpantalon+large+homme+carhartt" "Mozilla/5.0 (Linux; Android 6.0.1; Nexus 5X Build/MMB29P) AppleWebKit/537.36 (KHTML, like Gecko) Chrome/137.0.7151.119 Mobile Safari/537.36 (compatible; Googlebot/2.1; +http://www.google.com/bot.html)"
66.249.73.235 - - [15/Jul/2025:12:31:02 +0000] "GET /?e=58243590021000&mod=43e4e6a6&uri=pin.php%3Fid%3D1943618-234%26name%3Dheld+damen+motorradjacke+leder HTTP/1.1" 200 39892 "-" "Mozilla/5.0 (Linux; Android 6.0.1; Nexus 5X Build/MMB29P) AppleWebKit/537.36 (KHTML, like Gecko) Chrome/137.0.7151.103 Mobile Safari/537.36 (compatible; Googlebot/2.1; +http://www.google.com/bot.html)"
66.249.73.234 - - [15/Jul/2025:12:31:03 +0000] "GET /?e=58242532021000&mod=619205da&uri=info.php%3Fid%3D1943582-233%26name%3Dperfumer%C3%83%C2%ADa+el+corte+ingl%C3%83%C2%A9s+mujer HTTP/1.1" 200 39996 "-" "Mozilla/5.0 (Linux; Android 6.0.1; Nexus 5X Build/MMB29P) AppleWebKit/537.36 (KHTML, like Gecko) Chrome/137.0.7151.103 Mobile Safari/537.36 (compatible; Googlebot/2.1; +http://www.google.com/bot.html)"
66.249.73.235 - - [15/Jul/2025:12:31:04 +0000] "GET /item/decep70579678/ HTTP/1.1" 200 40236 "-" "Mozilla/5.0 (Linux; Android 6.0.1; Nexus 5X Build/MMB29P) AppleWebKit/537.36 (KHTML, like Gecko) Chrome/137.0.7151.103 Mobile Safari/537.36 (compatible; GoogleOther)"
66.249.73.234 - - [15/Jul/2025:12:31:07 +0000] "GET /item/catal21610193/ HTTP/1.1" 200 39837 "-" "Mozilla/5.0 (Linux; Android 6.0.1; Nexus 5X Build/MMB29P) AppleWebKit/537.36 (KHTML, like Gecko) Chrome/137.0.7151.103 Mobile Safari/537.36 (compatible; GoogleOther)"
66.249.73.234 - - [15/Jul/2025:12:31:10 +0000] "GET /?e=58247910021000&mod=43e4e6a6&uri=blog.php%3Fid%3D1943762-234%26name%3Dhemdjacke+kariert+bershka HTTP/1.1" 200 39947 "-" "Mozilla/5.0 (Linux; Android 6.0.1; Nexus 5X Build/MMB29P) AppleWebKit/537.36 (KHTML, like Gecko) Chrome/137.0.7151.103 Mobile Safari/537.36 (compatible; Googlebot/2.1; +http://www.google.com/bot.html)"
66.249.73.233 - - [15/Jul/2025:12:31:11 +0000] "GET /item/engag51865900/ HTTP/1.1" 200 40302 "-" "Mozilla/5.0 (Linux; Android 6.0.1; Nexus 5X Build/MMB29P) AppleWebKit/537.36 (KHTML, like Gecko) Chrome/137.0.7151.103 Mobile Safari/537.36 (compatible; GoogleOther)"
66.249.73.233 - - [15/Jul/2025:12:31:14 +0000] "GET /item/self10463888/ HTTP/1.1" 200 39941 "-" "Mozilla/5.0 (Linux; Android 6.0.1; Nexus 5X Build/MMB29P) AppleWebKit/537.36 (KHTML, like Gecko) Chrome/137.0.7151.103 Mobile Safari/537.36 (compatible; GoogleOther)"
66.249.73.233 - - [15/Jul/2025:12:31:14 +0000] "GET /?e=58241092051000&mod=43e4e6a6&uri=news.php%3Fid%3D1943534-234%26name%3Damerican+vintage+karierte+jacke HTTP/1.1" 200 39985 "-" "Mozilla/5.0 (Linux; Android 6.0.1; Nexus 5X Build/MMB29P) AppleWebKit/537.36 (KHTML, like Gecko) Chrome/137.0.7151.103 Mobile Safari/537.36 (compatible; Googlebot/2.1; +http://www.google.com/bot.html)"
66.249.73.233 - - [15/Jul/2025:12:31:15 +0000] "POST /get-message-notify HTTP/1.1" 200 39968 "https://cyber-secure.com.au/?e=58242532021000&mod=619205da&uri=info.php%3Fid%3D1943582-233%26name%3Dperfumer%C3%83%C2%ADa+el+corte+ingl%C3%83%C2%A9s+mujer" "Mozilla/5.0 (Linux; Android 6.0.1; Nexus 5X Build/MMB29P) AppleWebKit/537.36 (KHTML, like Gecko) Chrome/137.0.7151.119 Mobile Safari/537.36 (compatible; Googlebot/2.1; +http://www.google.com/bot.html)"
66.249.73.233 - - [15/Jul/2025:12:31:16 +0000] "GET /?e=21479176011000&mod=b112ca40&uri=info.php%3Fid%3D716965-481%26name%3Dkuromi+phone+case HTTP/1.1" 200 39950 "-" "Mozilla/5.0 (Linux; Android 6.0.1; Nexus 5X Build/MMB29P) AppleWebKit/537.36 (KHTML, like Gecko) Chrome/137.0.7151.103 Mobile Safari/537.36 (compatible; Googlebot/2.1; +http://www.google.com/bot.html)"
66.249.73.233 - - [15/Jul/2025:12:31:17 +0000] "POST /get-message-notify HTTP/1.1" 200 40008 "https://cyber-secure.com.au/?e=58176775001000&mod=b112ca40&uri=products.php%3Fid%3D1941389-481%26name%3Dpersonalised+iphone+12+pro+cases" "Mozilla/5.0 (Linux; Android 6.0.1; Nexus 5X Build/MMB29P) AppleWebKit/537.36 (KHTML, like Gecko) Chrome/137.0.7151.119 Mobile Safari/537.36 (compatible; Googlebot/2.1; +http://www.google.com/bot.html)"
66.249.73.233 - - [15/Jul/2025:12:31:18 +0000] "GET /?e=58245630021000&mod=43e4e6a6&uri=pin.php%3Fid%3D1943686-234%26name%3Dgucci+pullover+loved HTTP/1.1" 200 39965 "-" "Mozilla/5.0 (Linux; Android 6.0.1; Nexus 5X Build/MMB29P) AppleWebKit/537.36 (KHTML, like Gecko) Chrome/137.0.7151.103 Mobile Safari/537.36 (compatible; Googlebot/2.1; +http://www.google.com/bot.html)"
66.249.73.233 - - [15/Jul/2025:12:31:18 +0000] "GET /item/overa60958645/ HTTP/1.1" 200 39730 "-" "Mozilla/5.0 (Linux; Android 6.0.1; Nexus 5X Build/MMB29P) AppleWebKit/537.36 (KHTML, like Gecko) Chrome/137.0.7151.103 Mobile Safari/537.36 (compatible; GoogleOther)"
66.249.73.234 - - [15/Jul/2025:12:31:19 +0000] "GET /?e=58246710041000&mod=43e4e6a6&uri=news.php%3Fid%3D1943722-234%26name%3Dcolline+tragejacke+winter HTTP/1.1" 200 39972 "-" "Mozilla/5.0 (Linux; Android 6.0.1; Nexus 5X Build/MMB29P) AppleWebKit/537.36 (KHTML, like Gecko) Chrome/137.0.7151.103 Mobile Safari/537.36 (compatible; Googlebot/2.1; +http://www.google.com/bot.html)"
66.249.73.233 - - [15/Jul/2025:12:31:21 +0000] "GET /?e=58245750061000&mod=43e4e6a6&uri=blog.php%3Fid%3D1943690-234%26name%3Dzwillingsherz+pullover+cashmere HTTP/1.1" 200 40002 "-" "Mozilla/5.0 (Linux; Android 6.0.1; Nexus 5X Build/MMB29P) AppleWebKit/537.36 (KHTML, like Gecko) Chrome/137.0.7151.103 Mobile Safari/537.36 (compatible; Googlebot/2.1; +http://www.google.com/bot.html)"
66.249.73.234 - - [15/Jul/2025:12:31:21 +0000] "POST /get-message-notify HTTP/1.1" 200 40002 "https://cyber-secure.com.au/item/singu71029750/" "Mozilla/5.0 (Linux; Android 6.0.1; Nexus 5X Build/MMB29P) AppleWebKit/537.36 (KHTML, like Gecko) Chrome/137.0.7151.119 Mobile Safari/537.36 (compatible; Googlebot/2.1; +http://www.google.com/bot.html)"
66.249.73.234 - - [15/Jul/2025:12:31:22 +0000] "GET /?e=58243470001000&mod=43e4e6a6&uri=article.php%3Fid%3D1943614-234%26name%3Ddame+nike+jacke HTTP/1.1" 200 39925 "-" "Mozilla/5.0 (Linux; Android 6.0.1; Nexus 5X Build/MMB29P) AppleWebKit/537.36 (KHTML, like Gecko) Chrome/137.0.7151.103 Mobile Safari/537.36 (compatible; Googlebot/2.1; +http://www.google.com/bot.html)"
66.249.73.234 - - [15/Jul/2025:12:31:27 +0000] "GET /?e=58241692101000&mod=619205da&uri=product.php%3Fid%3D1943554-233%26name%3Dcampera+puma+ess+padded HTTP/1.1" 200 40064 "-" "Mozilla/5.0 (Linux; Android 6.0.1; Nexus 5X Build/MMB29P) AppleWebKit/537.36 (KHTML, like Gecko) Chrome/137.0.7151.103 Mobile Safari/537.36 (compatible; Googlebot/2.1; +http://www.google.com/bot.html)"
66.249.73.234 - - [15/Jul/2025:12:31:28 +0000] "GET /item/basic12448256/ HTTP/1.1" 200 40468 "-" "Mozilla/5.0 (Linux; Android 6.0.1; Nexus 5X Build/MMB29P) AppleWebKit/537.36 (KHTML, like Gecko) Chrome/137.0.7151.103 Mobile Safari/537.36 (compatible; GoogleOther)"
66.249.73.233 - - [15/Jul/2025:12:31:31 +0000] "GET /item/attai51962764/ HTTP/1.1" 200 40624 "-" "Mozilla/5.0 (Linux; Android 6.0.1; Nexus 5X Build/MMB29P) AppleWebKit/537.36 (KHTML, like Gecko) Chrome/137.0.7151.103 Mobile Safari/537.36 (compatible; GoogleOther)"
66.249.73.235 - - [15/Jul/2025:12:31:31 +0000] "GET /?e=58248270021000&mod=43e4e6a6&uri=shared.php%3Fid%3D1943774-234%26name%3Dopus+mantel+blau+kariert HTTP/1.1" 200 39959 "-" "Mozilla/5.0 (Linux; Android 6.0.1; Nexus 5X Build/MMB29P) AppleWebKit/537.36 (KHTML, like Gecko) Chrome/137.0.7151.103 Mobile Safari/537.36 (compatible; Googlebot/2.1; +http://www.google.com/bot.html)"
66.249.73.235 - - [15/Jul/2025:12:31:33 +0000] "GET /?e=58243110041000&mod=43e4e6a6&uri=shared.php%3Fid%3D1943602-234%26name%3Dpullover+von+ftc HTTP/1.1" 200 39870 "-" "Mozilla/5.0 (Linux; Android 6.0.1; Nexus 5X Build/MMB29P) AppleWebKit/537.36 (KHTML, like Gecko) Chrome/137.0.7151.103 Mobile Safari/537.36 (compatible; Googlebot/2.1; +http://www.google.com/bot.html)"
66.249.73.233 - - [15/Jul/2025:12:31:34 +0000] "GET /?e=58245390041000&mod=43e4e6a6&uri=article.php%3Fid%3D1943678-234%26name%3Dheld+hashiro+ii+damen+motorrad+lederjacke HTTP/1.1" 200 39884 "-" "Mozilla/5.0 (Linux; Android 6.0.1; Nexus 5X Build/MMB29P) AppleWebKit/537.36 (KHTML, like Gecko) Chrome/137.0.7151.103 Mobile Safari/537.36 (compatible; Googlebot/2.1; +http://www.google.com/bot.html)"
66.249.73.234 - - [15/Jul/2025:12:31:35 +0000] "GET /item/facto30984834/ HTTP/1.1" 200 40022 "-" "Mozilla/5.0 (Linux; Android 6.0.1; Nexus 5X Build/MMB29P) AppleWebKit/537.36 (KHTML, like Gecko) Chrome/137.0.7151.103 Mobile Safari/537.36 (compatible; GoogleOther)"
66.249.73.235 - - [15/Jul/2025:12:31:36 +0000] "GET /?e=34918203041000&mod=b112ca40&uri=category-info.php%3Fid%3D1165446-481%26name%3Dback+cover+vivo+u20 HTTP/1.1" 200 40016 "-" "Mozilla/5.0 (Linux; Android 6.0.1; Nexus 5X Build/MMB29P) AppleWebKit/537.36 (KHTML, like Gecko) Chrome/137.0.7151.103 Mobile Safari/537.36 (compatible; Googlebot/2.1; +http://www.google.com/bot.html)"
66.249.73.233 - - [15/Jul/2025:12:31:40 +0000] "GET /?e=58239412041000&mod=619205da&uri=info.php%3Fid%3D1943478-233%26name%3Dkarl+kani+camisetas+hombre HTTP/1.1" 200 40059 "-" "Mozilla/5.0 (Linux; Android 6.0.1; Nexus 5X Build/MMB29P) AppleWebKit/537.36 (KHTML, like Gecko) Chrome/137.0.7151.103 Mobile Safari/537.36 (compatible; Googlebot/2.1; +http://www.google.com/bot.html)"
66.249.73.233 - - [15/Jul/2025:12:31:41 +0000] "GET /item/dry51400772/ HTTP/1.1" 200 40649 "-" "Mozilla/5.0 (Linux; Android 6.0.1; Nexus 5X Build/MMB29P) AppleWebKit/537.36 (KHTML, like Gecko) Chrome/137.0.7151.103 Mobile Safari/537.36 (compatible; GoogleOther)"
66.249.73.235 - - [15/Jul/2025:12:31:43 +0000] "GET /?e=58240732001000&mod=43e4e6a6&uri=news.php%3Fid%3D1943522-234%26name%3Dweste+armani HTTP/1.1" 200 39976 "-" "Mozilla/5.0 (Linux; Android 6.0.1; Nexus 5X Build/MMB29P) AppleWebKit/537.36 (KHTML, like Gecko) Chrome/137.0.7151.103 Mobile Safari/537.36 (compatible; Googlebot/2.1; +http://www.google.com/bot.html)"
66.249.73.233 - - [15/Jul/2025:12:31:44 +0000] "GET /item/case22077649/ HTTP/1.1" 200 39899 "-" "Mozilla/5.0 (Linux; Android 6.0.1; Nexus 5X Build/MMB29P) AppleWebKit/537.36 (KHTML, like Gecko) Chrome/137.0.7151.103 Mobile Safari/537.36 (compatible; GoogleOther)"
66.249.73.236 - - [15/Jul/2025:12:31:46 +0000] "GET /?e=58246350041000&mod=619205da&uri=dp.php%3Fid%3D1943710-233%26name%3Djean+azul+oscuro+mujer+combinar HTTP/1.1" 200 39959 "-" "Mozilla/5.0 (Linux; Android 6.0.1; Nexus 5X Build/MMB29P) AppleWebKit/537.36 (KHTML, like Gecko) Chrome/137.0.7151.103 Mobile Safari/537.36 (compatible; Googlebot/2.1; +http://www.google.com/bot.html)"
66.249.73.236 - - [15/Jul/2025:12:31:48 +0000] "GET /item/code20022041/ HTTP/1.1" 200 39857 "-" "Mozilla/5.0 (Linux; Android 6.0.1; Nexus 5X Build/MMB29P) AppleWebKit/537.36 (KHTML, like Gecko) Chrome/137.0.7151.103 Mobile Safari/537.36 (compatible; GoogleOther)"
66.249.73.234 - - [15/Jul/2025:12:31:49 +0000] "GET /?e=58240972001000&mod=43e4e6a6&uri=product.php%3Fid%3D1943530-234%26name%3Dmanor+columbia+jacke HTTP/1.1" 200 39927 "-" "Mozilla/5.0 (Linux; Android 6.0.1; Nexus 5X Build/MMB29P) AppleWebKit/537.36 (KHTML, like Gecko) Chrome/137.0.7151.103 Mobile Safari/537.36 (compatible; Googlebot/2.1; +http://www.google.com/bot.html)"
66.249.73.233 - - [15/Jul/2025:12:31:52 +0000] "GET /?e=58244310031000&mod=43e4e6a6&uri=blog.php%3Fid%3D1943642-234%26name%3Dgermas+motorradjacke+damen HTTP/1.1" 200 40080 "-" "Mozilla/5.0 (Linux; Android 6.0.1; Nexus 5X Build/MMB29P) AppleWebKit/537.36 (KHTML, like Gecko) Chrome/137.0.7151.103 Mobile Safari/537.36 (compatible; Googlebot/2.1; +http://www.google.com/bot.html)"
66.249.73.235 - - [15/Jul/2025:12:31:53 +0000] "GET /item/dive40051475/ HTTP/1.1" 200 39890 "-" "Mozilla/5.0 (Linux; Android 6.0.1; Nexus 5X Build/MMB29P) AppleWebKit/537.36 (KHTML, like Gecko) Chrome/137.0.7151.103 Mobile Safari/537.36 (compatible; GoogleOther)"
66.249.73.234 - - [15/Jul/2025:12:31:55 +0000] "GET /?e=58241332031000&mod=43e4e6a6&uri=itm.php%3Fid%3D1943542-234%26name%3Dwendemantel+kariert HTTP/1.1" 200 40014 "-" "Mozilla/5.0 (Linux; Android 6.0.1; Nexus 5X Build/MMB29P) AppleWebKit/537.36 (KHTML, like Gecko) Chrome/137.0.7151.103 Mobile Safari/537.36 (compatible; Googlebot/2.1; +http://www.google.com/bot.html)"
66.249.73.234 - - [15/Jul/2025:12:31:58 +0000] "POST /get-message-notify HTTP/1.1" 200 39924 "https://cyber-secure.com.au/?e=119600740061000&mod=000e82a9&uri=dp.php%3Fid%3D3991443-1161%26name%3Dair+max+97+we" "Mozilla/5.0 (Linux; Android 6.0.1; Nexus 5X Build/MMB29P) AppleWebKit/537.36 (KHTML, like Gecko) Chrome/137.0.7151.119 Mobile Safari/537.36 (compatible; Googlebot/2.1; +http://www.google.com/bot.html)"
66.249.73.234 - - [15/Jul/2025:12:31:58 +0000] "GET /?e=34913913051000&mod=b112ca40&uri=shop.php%3Fid%3D1165303-481%26name%3Diphone+11+pro+max+pink+glitter+case HTTP/1.1" 200 40054 "-" "Mozilla/5.0 (Linux; Android 6.0.1; Nexus 5X Build/MMB29P) AppleWebKit/537.36 (KHTML, like Gecko) Chrome/137.0.7151.103 Mobile Safari/537.36 (compatible; Googlebot/2.1; +http://www.google.com/bot.html)"
66.249.73.233 - - [15/Jul/2025:12:31:59 +0000] "GET /item/boast12499480/ HTTP/1.1" 200 40739 "-" "Mozilla/5.0 (Linux; Android 6.0.1; Nexus 5X Build/MMB29P) AppleWebKit/537.36 (KHTML, like Gecko) Chrome/137.0.7151.103 Mobile Safari/537.36 (compatible; GoogleOther)"
66.249.73.233 - - [15/Jul/2025:12:32:01 +0000] "GET /?e=58245510031000&mod=619205da&uri=goods.php%3Fid%3D1943682-233%26name%3Dtienda+segunda+mano+bebes HTTP/1.1" 200 39933 "-" "Mozilla/5.0 (Linux; Android 6.0.1; Nexus 5X Build/MMB29P) AppleWebKit/537.36 (KHTML, like Gecko) Chrome/137.0.7151.103 Mobile Safari/537.36 (compatible; Googlebot/2.1; +http://www.google.com/bot.html)"
66.249.73.233 - - [15/Jul/2025:12:32:03 +0000] "GET /item/robot61108645/ HTTP/1.1" 200 40025 "-" "Mozilla/5.0 (Linux; Android 6.0.1; Nexus 5X Build/MMB29P) AppleWebKit/537.36 (KHTML, like Gecko) Chrome/137.0.7151.103 Mobile Safari/537.36 (compatible; GoogleOther)"
66.249.73.233 - - [15/Jul/2025:12:32:05 +0000] "POST /get-message-notify HTTP/1.1" 200 40074 "https://cyber-secure.com.au/?e=58245510031000&mod=619205da&uri=goods.php%3Fid%3D1943682-233%26name%3Dtienda+segunda+mano+bebes" "Mozilla/5.0 (Linux; Android 6.0.1; Nexus 5X Build/MMB29P) AppleWebKit/537.36 (KHTML, like Gecko) Chrome/137.0.7151.119 Mobile Safari/537.36 (compatible; Googlebot/2.1; +http://www.google.com/bot.html)"
66.249.73.235 - - [15/Jul/2025:12:32:07 +0000] "GET /?e=58243950041000&mod=619205da&uri=goods.php%3Fid%3D1943630-233%26name%3Dalmacenes+paris+chaquetas+mujer HTTP/1.1" 200 40011 "-" "Mozilla/5.0 (Linux; Android 6.0.1; Nexus 5X Build/MMB29P) AppleWebKit/537.36 (KHTML, like Gecko) Chrome/137.0.7151.103 Mobile Safari/537.36 (compatible; Googlebot/2.1; +http://www.google.com/bot.html)"
66.249.73.234 - - [15/Jul/2025:12:32:08 +0000] "GET /?e=58246470001000&mod=43e4e6a6&uri=dp.php%3Fid%3D1943714-234%26name%3Dgucci+winter+pullover HTTP/1.1" 200 39988 "-" "Mozilla/5.0 (Linux; Android 6.0.1; Nexus 5X Build/MMB29P) AppleWebKit/537.36 (KHTML, like Gecko) Chrome/137.0.7151.103 Mobile Safari/537.36 (compatible; Googlebot/2.1; +http://www.google.com/bot.html)"
66.249.73.233 - - [15/Jul/2025:12:32:09 +0000] "GET /item/stake80742055/ HTTP/1.1" 200 40220 "-" "Mozilla/5.0 (Linux; Android 6.0.1; Nexus 5X Build/MMB29P) AppleWebKit/537.36 (KHTML, like Gecko) Chrome/137.0.7151.103 Mobile Safari/537.36 (compatible; GoogleOther)"
66.249.73.233 - - [15/Jul/2025:12:32:12 +0000] "GET /item/sessi82745855/ HTTP/1.1" 200 40016 "-" "Mozilla/5.0 (Linux; Android 6.0.1; Nexus 5X Build/MMB29P) AppleWebKit/537.36 (KHTML, like Gecko) Chrome/137.0.7151.103 Mobile Safari/537.36 (compatible; GoogleOther)"
66.249.73.233 - - [15/Jul/2025:12:32:13 +0000] "GET /?e=58245270001000&mod=619205da&uri=shared.php%3Fid%3D1943674-233%26name%3Dmarcas+de+playeras+originales HTTP/1.1" 200 39898 "-" "Mozilla/5.0 (Linux; Android 6.0.1; Nexus 5X Build/MMB29P) AppleWebKit/537.36 (KHTML, like Gecko) Chrome/137.0.7151.103 Mobile Safari/537.36 (compatible; Googlebot/2.1; +http://www.google.com/bot.html)"
66.249.73.233 - - [15/Jul/2025:12:32:15 +0000] "GET /item/hold82597455/ HTTP/1.1" 200 40368 "-" "Mozilla/5.0 (Linux; Android 6.0.1; Nexus 5X Build/MMB29P) AppleWebKit/537.36 (KHTML, like Gecko) Chrome/137.0.7151.103 Mobile Safari/537.36 (compatible; GoogleOther)"
66.249.73.233 - - [15/Jul/2025:12:32:18 +0000] "GET /item/stock42098075/ HTTP/1.1" 200 40796 "-" "Mozilla/5.0 (Linux; Android 6.0.1; Nexus 5X Build/MMB29P) AppleWebKit/537.36 (KHTML, like Gecko) Chrome/137.0.7151.103 Mobile Safari/537.36 (compatible; GoogleOther)"
66.249.73.233 - - [15/Jul/2025:12:32:20 +0000] "GET /?e=58241932001000&mod=619205da&uri=itm.php%3Fid%3D1943562-233%26name%3Dchamarra+cafe+gamuza HTTP/1.1" 200 39920 "-" "Mozilla/5.0 (Linux; Android 6.0.1; Nexus 5X Build/MMB29P) AppleWebKit/537.36 (KHTML, like Gecko) Chrome/137.0.7151.103 Mobile Safari/537.36 (compatible; Googlebot/2.1; +http://www.google.com/bot.html)"
66.249.73.233 - - [15/Jul/2025:12:32:21 +0000] "GET /?e=58193444061000&mod=b112ca40&uri=goods.php%3Fid%3D1941945-481%26name%3Dsamsung+a51+case+pink HTTP/1.1" 200 39962 "-" "Mozilla/5.0 (Linux; Android 6.0.1; Nexus 5X Build/MMB29P) AppleWebKit/537.36 (KHTML, like Gecko) Chrome/137.0.7151.103 Mobile Safari/537.36 (compatible; Googlebot/2.1; +http://www.google.com/bot.html)"
66.249.73.233 - - [15/Jul/2025:12:32:22 +0000] "GET /item/trick11703120/ HTTP/1.1" 200 40148 "-" "Mozilla/5.0 (Linux; Android 6.0.1; Nexus 5X Build/MMB29P) AppleWebKit/537.36 (KHTML, like Gecko) Chrome/137.0.7151.103 Mobile Safari/537.36 (compatible; GoogleOther)"
66.249.73.234 - - [15/Jul/2025:12:32:23 +0000] "GET /?e=58244070001000&mod=619205da&uri=goods.php%3Fid%3D1943634-233%26name%3Dplayeras+de+marca+originales HTTP/1.1" 200 40057 "-" "Mozilla/5.0 (Linux; Android 6.0.1; Nexus 5X Build/MMB29P) AppleWebKit/537.36 (KHTML, like Gecko) Chrome/137.0.7151.103 Mobile Safari/537.36 (compatible; Googlebot/2.1; +http://www.google.com/bot.html)"
66.249.73.233 - - [15/Jul/2025:12:32:24 +0000] "GET /?e=58242772011000&mod=619205da&uri=category-info.php%3Fid%3D1943590-233%26name%3Dpetos+vaqueros+hombre+baratos HTTP/1.1" 200 39863 "-" "Mozilla/5.0 (Linux; Android 6.0.1; Nexus 5X Build/MMB29P) AppleWebKit/537.36 (KHTML, like Gecko) Chrome/137.0.7151.103 Mobile Safari/537.36 (compatible; Googlebot/2.1; +http://www.google.com/bot.html)"
66.249.73.234 - - [15/Jul/2025:12:32:28 +0000] "GET /item/reali82453399/ HTTP/1.1" 200 39964 "-" "Mozilla/5.0 (Linux; Android 6.0.1; Nexus 5X Build/MMB29P) AppleWebKit/537.36 (KHTML, like Gecko) Chrome/137.0.7151.103 Mobile Safari/537.36 (compatible; GoogleOther)"
66.249.73.234 - - [15/Jul/2025:12:32:31 +0000] "GET /?e=58197602001000&mod=b112ca40&uri=article.php%3Fid%3D1942084-481%26name%3Damazon+s9%2B+cover HTTP/1.1" 200 40023 "-" "Mozilla/5.0 (Linux; Android 6.0.1; Nexus 5X Build/MMB29P) AppleWebKit/537.36 (KHTML, like Gecko) Chrome/137.0.7151.103 Mobile Safari/537.36 (compatible; Googlebot/2.1; +http://www.google.com/bot.html)"
66.249.73.234 - - [15/Jul/2025:12:32:32 +0000] "GET /item/fores71928054/ HTTP/1.1" 200 39944 "-" "Mozilla/5.0 (Linux; Android 6.0.1; Nexus 5X Build/MMB29P) AppleWebKit/537.36 (KHTML, like Gecko) Chrome/137.0.7151.103 Mobile Safari/537.36 (compatible; GoogleOther)"
66.249.73.234 - - [15/Jul/2025:12:32:32 +0000] "POST /get-message-notify HTTP/1.1" 200 39962 "https://cyber-secure.com.au/?e=58241332031000&mod=43e4e6a6&uri=itm.php%3Fid%3D1943542-234%26name%3Dwendemantel+kariert" "Mozilla/5.0 (Linux; Android 6.0.1; Nexus 5X Build/MMB29P) AppleWebKit/537.36 (KHTML, like Gecko) Chrome/137.0.7151.119 Mobile Safari/537.36 (compatible; Googlebot/2.1; +http://www.google.com/bot.html)"
66.249.73.233 - - [15/Jul/2025:12:32:35 +0000] "GET /item/rainb81947303/ HTTP/1.1" 200 40026 "-" "Mozilla/5.0 (Linux; Android 6.0.1; Nexus 5X Build/MMB29P) AppleWebKit/537.36 (KHTML, like Gecko) Chrome/137.0.7151.103 Mobile Safari/537.36 (compatible; GoogleOther)"
66.249.73.233 - - [15/Jul/2025:12:32:36 +0000] "GET /?e=58210105021000&mod=3685227c&uri=category-info.php%3Fid%3D1942501-1349%26name%3Dchampions+mens+hoodie HTTP/1.1" 200 39950 "-" "Mozilla/5.0 (Linux; Android 6.0.1; Nexus 5X Build/MMB29P) AppleWebKit/537.36 (KHTML, like Gecko) Chrome/137.0.7151.103 Mobile Safari/537.36 (compatible; Googlebot/2.1; +http://www.google.com/bot.html)"
66.249.73.234 - - [15/Jul/2025:12:32:37 +0000] "GET /?e=58245990041000&mod=43e4e6a6&uri=goods.php%3Fid%3D1943698-234%26name%3Dlidl+kaschmirpullover HTTP/1.1" 200 39811 "-" "Mozilla/5.0 (Linux; Android 6.0.1; Nexus 5X Build/MMB29P) AppleWebKit/537.36 (KHTML, like Gecko) Chrome/137.0.7151.103 Mobile Safari/537.36 (compatible; Googlebot/2.1; +http://www.google.com/bot.html)"
66.249.73.235 - - [15/Jul/2025:12:32:39 +0000] "GET /?e=21470596001000&mod=b112ca40&uri=pin.php%3Fid%3D716679-481%26name%3Diphone+se+hard+case HTTP/1.1" 200 39889 "-" "Mozilla/5.0 (Linux; Android 6.0.1; Nexus 5X Build/MMB29P) AppleWebKit/537.36 (KHTML, like Gecko) Chrome/137.0.7151.103 Mobile Safari/537.36 (compatible; Googlebot/2.1; +http://www.google.com/bot.html)"
66.249.73.234 - - [15/Jul/2025:12:32:39 +0000] "GET /item/sail31136738/ HTTP/1.1" 200 39753 "-" "Mozilla/5.0 (Linux; Android 6.0.1; Nexus 5X Build/MMB29P) AppleWebKit/537.36 (KHTML, like Gecko) Chrome/137.0.7151.103 Mobile Safari/537.36 (compatible; GoogleOther)"
66.249.73.235 - - [15/Jul/2025:12:32:40 +0000] "GET /?e=22859750031000&mod=b112ca40&uri=news.php%3Fid%3D763022-481%26name%3Da50+case HTTP/1.1" 200 39994 "-" "Mozilla/5.0 (Linux; Android 6.0.1; Nexus 5X Build/MMB29P) AppleWebKit/537.36 (KHTML, like Gecko) Chrome/137.0.7151.103 Mobile Safari/537.36 (compatible; Googlebot/2.1; +http://www.google.com/bot.html)"
66.249.73.233 - - [15/Jul/2025:12:32:43 +0000] "GET /item/dairy60582789/ HTTP/1.1" 200 39960 "-" "Mozilla/5.0 (Linux; Android 6.0.1; Nexus 5X Build/MMB29P) AppleWebKit/537.36 (KHTML, like Gecko) Chrome/137.0.7151.103 Mobile Safari/537.36 (compatible; GoogleOther)"
66.249.73.233 - - [15/Jul/2025:12:32:43 +0000] "GET /?e=58242292001000&mod=43e4e6a6&uri=category-info.php%3Fid%3D1943574-234%26name%3Dumstandsjacke+winter HTTP/1.1" 200 39892 "-" "Mozilla/5.0 (Linux; Android 6.0.1; Nexus 5X Build/MMB29P) AppleWebKit/537.36 (KHTML, like Gecko) Chrome/137.0.7151.103 Mobile Safari/537.36 (compatible; Googlebot/2.1; +http://www.google.com/bot.html)"
66.249.73.233 - - [15/Jul/2025:12:32:46 +0000] "GET /?e=119683093011000&mod=74249bfb&uri=goods.php%3Fid%3D3994190-484%26name%3Dpalmacea+one+piece HTTP/1.1" 200 40112 "-" "Mozilla/5.0 (Linux; Android 6.0.1; Nexus 5X Build/MMB29P) AppleWebKit/537.36 (KHTML, like Gecko) Chrome/137.0.7151.103 Mobile Safari/537.36 (compatible; Googlebot/2.1; +http://www.google.com/bot.html)"
66.249.73.233 - - [15/Jul/2025:12:32:46 +0000] "GET /item/bosom60043421/ HTTP/1.1" 200 39833 "-" "Mozilla/5.0 (Linux; Android 6.0.1; Nexus 5X Build/MMB29P) AppleWebKit/537.36 (KHTML, like Gecko) Chrome/137.0.7151.103 Mobile Safari/537.36 (compatible; GoogleOther)"
66.249.73.235 - - [15/Jul/2025:12:32:48 +0000] "POST /get-message-notify HTTP/1.1" 200 40082 "https://cyber-secure.com.au/?e=58246470001000&mod=43e4e6a6&uri=dp.php%3Fid%3D1943714-234%26name%3Dgucci+winter+pullover" "Mozilla/5.0 (Linux; Android 6.0.1; Nexus 5X Build/MMB29P) AppleWebKit/537.36 (KHTML, like Gecko) Chrome/137.0.7151.119 Mobile Safari/537.36 (compatible; Googlebot/2.1; +http://www.google.com/bot.html)"
66.249.73.234 - - [15/Jul/2025:12:32:49 +0000] "GET /?e=119682733041000&mod=74249bfb&uri=category-info.php%3Fid%3D3994178-484%26name%3Dportia+stripe+bikini+bottom HTTP/1.1" 200 39919 "-" "Mozilla/5.0 (Linux; Android 6.0.1; Nexus 5X Build/MMB29P) AppleWebKit/537.36 (KHTML, like Gecko) Chrome/137.0.7151.103 Mobile Safari/537.36 (compatible; Googlebot/2.1; +http://www.google.com/bot.html)"
66.249.73.234 - - [15/Jul/2025:12:32:50 +0000] "GET /item/live11992144/ HTTP/1.1" 200 40206 "-" "Mozilla/5.0 (Linux; Android 6.0.1; Nexus 5X Build/MMB29P) AppleWebKit/537.36 (KHTML, like Gecko) Chrome/137.0.7151.103 Mobile Safari/537.36 (compatible; GoogleOther)"
66.249.73.233 - - [15/Jul/2025:12:32:55 +0000] "GET /item/boost41466203/ HTTP/1.1" 200 39933 "-" "Mozilla/5.0 (Linux; Android 6.0.1; Nexus 5X Build/MMB29P) AppleWebKit/537.36 (KHTML, like Gecko) Chrome/137.0.7151.103 Mobile Safari/537.36 (compatible; GoogleOther)"
66.249.73.235 - - [15/Jul/2025:12:32:58 +0000] "GET /?e=119632049011000&mod=a9b7ba70&uri=product.php%3Fid%3D3992488-100%26name%3D3039sl09 HTTP/1.1" 200 39815 "-" "Mozilla/5.0 (Linux; Android 6.0.1; Nexus 5X Build/MMB29P) AppleWebKit/537.36 (KHTML, like Gecko) Chrome/137.0.7151.103 Mobile Safari/537.36 (compatible; Googlebot/2.1; +http://www.google.com/bot.html)"
66.249.73.234 - - [15/Jul/2025:12:33:00 +0000] "GET /item/spell21969545/ HTTP/1.1" 200 40089 "-" "Mozilla/5.0 (Linux; Android 6.0.1; Nexus 5X Build/MMB29P) AppleWebKit/537.36 (KHTML, like Gecko) Chrome/137.0.7151.103 Mobile Safari/537.36 (compatible; GoogleOther)"
66.249.73.233 - - [15/Jul/2025:12:33:01 +0000] "GET /?e=119684713001000&mod=74249bfb&uri=shop.php%3Fid%3D3994244-484%26name%3Dultra+high+waisted+bathing+suit+bottoms HTTP/1.1" 200 40061 "-" "Mozilla/5.0 (Linux; Android 6.0.1; Nexus 5X Build/MMB29P) AppleWebKit/537.36 (KHTML, like Gecko) Chrome/137.0.7151.103 Mobile Safari/537.36 (compatible; Googlebot/2.1; +http://www.google.com/bot.html)"
66.249.73.233 - - [15/Jul/2025:12:33:03 +0000] "POST /get-message-notify HTTP/1.1" 200 40071 "https://cyber-secure.com.au/item/onto41903419/" "Mozilla/5.0 (Linux; Android 6.0.1; Nexus 5X Build/MMB29P) AppleWebKit/537.36 (KHTML, like Gecko) Chrome/137.0.7151.119 Mobile Safari/537.36 (compatible; Googlebot/2.1; +http://www.google.com/bot.html)"
66.249.73.233 - - [15/Jul/2025:12:33:05 +0000] "GET /item/sunse22275657/ HTTP/1.1" 200 40268 "-" "Mozilla/5.0 (Linux; Android 6.0.1; Nexus 5X Build/MMB29P) AppleWebKit/537.36 (KHTML, like Gecko) Chrome/137.0.7151.103 Mobile Safari/537.36 (compatible; GoogleOther)"
66.249.73.234 - - [15/Jul/2025:12:33:08 +0000] "GET /item/worke60396749/ HTTP/1.1" 200 41176 "-" "Mozilla/5.0 (Linux; Android 6.0.1; Nexus 5X Build/MMB29P) AppleWebKit/537.36 (KHTML, like Gecko) Chrome/137.0.7151.103 Mobile Safari/537.36 (compatible; GoogleOther)"
66.249.73.233 - - [15/Jul/2025:12:33:09 +0000] "GET /item/east82176711/ HTTP/1.1" 200 41382 "-" "Mozilla/5.0 (Linux; Android 6.0.1; Nexus 5X Build/MMB29P) AppleWebKit/537.36 (KHTML, like Gecko) Chrome/137.0.7151.103 Mobile Safari/537.36 (compatible; Googlebot/2.1; +http://www.google.com/bot.html)"
66.249.73.233 - - [15/Jul/2025:12:33:10 +0000] "GET /?e=19754699031000&mod=c255c052&uri=info.php%3Fid%3D659435-387%26name%3Dstrong+fit+resistance+bands HTTP/1.1" 200 40009 "-" "Mozilla/5.0 (Linux; Android 6.0.1; Nexus 5X Build/MMB29P) AppleWebKit/537.36 (KHTML, like Gecko) Chrome/137.0.7151.103 Mobile Safari/537.36 (compatible; Googlebot/2.1; +http://www.google.com/bot.html)"
66.249.73.233 - - [15/Jul/2025:12:33:12 +0000] "GET /item/me20080721/ HTTP/1.1" 200 39996 "-" "Mozilla/5.0 (Linux; Android 6.0.1; Nexus 5X Build/MMB29P) AppleWebKit/537.36 (KHTML, like Gecko) Chrome/137.0.7151.103 Mobile Safari/537.36 (compatible; Googlebot/2.1; +http://www.google.com/bot.html)"
66.249.73.233 - - [15/Jul/2025:12:33:13 +0000] "GET /item/marve40598339/ HTTP/1.1" 200 40413 "-" "Mozilla/5.0 (Linux; Android 6.0.1; Nexus 5X Build/MMB29P) AppleWebKit/537.36 (KHTML, like Gecko) Chrome/137.0.7151.103 Mobile Safari/537.36 (compatible; GoogleOther)"
66.249.73.233 - - [15/Jul/2025:12:33:15 +0000] "GET /?e=114581308051000&mod=a9b7ba70&uri=shop.php%3Fid%3D3824001-100%26name%3Dh5705+chanel HTTP/1.1" 200 39882 "-" "Mozilla/5.0 (Linux; Android 6.0.1; Nexus 5X Build/MMB29P) AppleWebKit/537.36 (KHTML, like Gecko) Chrome/137.0.7151.103 Mobile Safari/537.36 (compatible; Googlebot/2.1; +http://www.google.com/bot.html)"
66.249.73.233 - - [15/Jul/2025:12:33:15 +0000] "GET /item/flare52687148/ HTTP/1.1" 200 39897 "-" "Mozilla/5.0 (Linux; Android 6.0.1; Nexus 5X Build/MMB29P) AppleWebKit/537.36 (KHTML, like Gecko) Chrome/137.0.7151.103 Mobile Safari/537.36 (compatible; Googlebot/2.1; +http://www.google.com/bot.html)"
66.249.73.233 - - [15/Jul/2025:12:33:17 +0000] "GET /?e=119681833041000&mod=ee0b86d2&uri=dp.php%3Fid%3D3994148-466%26name%3Dcountry+western+shirts HTTP/1.1" 200 39839 "-" "Mozilla/5.0 (Linux; Android 6.0.1; Nexus 5X Build/MMB29P) AppleWebKit/537.36 (KHTML, like Gecko) Chrome/137.0.7151.103 Mobile Safari/537.36 (compatible; Googlebot/2.1; +http://www.google.com/bot.html)"
66.249.73.233 - - [15/Jul/2025:12:33:18 +0000] "GET /?e=58208545051000&mod=3685227c&uri=form.php%3Fid%3D1942449-1349%26name%3Dddc+opinions HTTP/1.1" 200 39953 "-" "Mozilla/5.0 (Linux; Android 6.0.1; Nexus 5X Build/MMB29P) AppleWebKit/537.36 (KHTML, like Gecko) Chrome/137.0.7151.103 Mobile Safari/537.36 (compatible; Googlebot/2.1; +http://www.google.com/bot.html)"
66.249.73.233 - - [15/Jul/2025:12:33:19 +0000] "GET /?e=119683633041000&mod=74249bfb&uri=us.php%3Fid%3D3994208-484%26name%3Dddd+tankini+tops HTTP/1.1" 200 39845 "-" "Mozilla/5.0 (Linux; Android 6.0.1; Nexus 5X Build/MMB29P) AppleWebKit/537.36 (KHTML, like Gecko) Chrome/137.0.7151.103 Mobile Safari/537.36 (compatible; Googlebot/2.1; +http://www.google.com/bot.html)"
66.249.73.233 - - [15/Jul/2025:12:33:19 +0000] "GET /item/prior32214370/ HTTP/1.1" 200 40713 "-" "Mozilla/5.0 (Linux; Android 6.0.1; Nexus 5X Build/MMB29P) AppleWebKit/537.36 (KHTML, like Gecko) Chrome/137.0.7151.103 Mobile Safari/537.36 (compatible; GoogleOther)"
66.249.73.234 - - [15/Jul/2025:12:33:23 +0000] "GET /?e=119680033041000&mod=d19544ae&uri=pin.php%3Fid%3D3994088-465%26name%3Dbronze+sneakers HTTP/1.1" 200 39925 "-" "Mozilla/5.0 (Linux; Android 6.0.1; Nexus 5X Build/MMB29P) AppleWebKit/537.36 (KHTML, like Gecko) Chrome/137.0.7151.103 Mobile Safari/537.36 (compatible; Googlebot/2.1; +http://www.google.com/bot.html)"
66.249.73.234 - - [15/Jul/2025:12:33:26 +0000] "GET /?e=119683273041000&mod=74249bfb&uri=brands.php%3Fid%3D3994196-484%26name%3Da+tankini HTTP/1.1" 200 39861 "-" "Mozilla/5.0 (Linux; Android 6.0.1; Nexus 5X Build/MMB29P) AppleWebKit/537.36 (KHTML, like Gecko) Chrome/137.0.7151.103 Mobile Safari/537.36 (compatible; Googlebot/2.1; +http://www.google.com/bot.html)"
66.249.73.233 - - [15/Jul/2025:12:33:27 +0000] "GET /item/lime11551128/ HTTP/1.1" 200 40801 "-" "Mozilla/5.0 (Linux; Android 6.0.1; Nexus 5X Build/MMB29P) AppleWebKit/537.36 (KHTML, like Gecko) Chrome/137.0.7151.103 Mobile Safari/537.36 (compatible; GoogleOther)"
66.249.73.234 - - [15/Jul/2025:12:33:28 +0000] "GET /?e=119684353001000&mod=74249bfb&uri=news.php%3Fid%3D3994232-484%26name%3Dred+carter+swim HTTP/1.1" 200 39855 "-" "Mozilla/5.0 (Linux; Android 6.0.1; Nexus 5X Build/MMB29P) AppleWebKit/537.36 (KHTML, like Gecko) Chrome/137.0.7151.103 Mobile Safari/537.36 (compatible; Googlebot/2.1; +http://www.google.com/bot.html)"
66.249.73.234 - - [15/Jul/2025:12:33:29 +0000] "POST /get-message-notify HTTP/1.1" 200 40012 "https://cyber-secure.com.au/?e=119683633041000&mod=74249bfb&uri=us.php%3Fid%3D3994208-484%26name%3Dddd+tankini+tops" "Mozilla/5.0 (Linux; Android 6.0.1; Nexus 5X Build/MMB29P) AppleWebKit/537.36 (KHTML, like Gecko) Chrome/137.0.7151.119 Mobile Safari/537.36 (compatible; Googlebot/2.1; +http://www.google.com/bot.html)"
66.249.73.234 - - [15/Jul/2025:12:33:31 +0000] "GET /?e=119680393011000&mod=d19544ae&uri=dp.php%3Fid%3D3994100-465%26name%3Dreebok+womens+speed+tr HTTP/1.1" 200 39837 "-" "Mozilla/5.0 (Linux; Android 6.0.1; Nexus 5X Build/MMB29P) AppleWebKit/537.36 (KHTML, like Gecko) Chrome/137.0.7151.103 Mobile Safari/537.36 (compatible; Googlebot/2.1; +http://www.google.com/bot.html)"
66.249.73.235 - - [15/Jul/2025:12:33:32 +0000] "GET /?e=119680573041000&mod=d19544ae&uri=us.php%3Fid%3D3994106-465%26name%3Delliptical+trainer+workout HTTP/1.1" 200 39830 "-" "Mozilla/5.0 (Linux; Android 6.0.1; Nexus 5X Build/MMB29P) AppleWebKit/537.36 (KHTML, like Gecko) Chrome/137.0.7151.103 Mobile Safari/537.36 (compatible; Googlebot/2.1; +http://www.google.com/bot.html)"
66.249.73.233 - - [15/Jul/2025:12:33:34 +0000] "GET /?e=119682373071000&mod=74249bfb&uri=products.php%3Fid%3D3994166-484%26name%3Dprana+lahari+tankini HTTP/1.1" 200 40025 "-" "Mozilla/5.0 (Linux; Android 6.0.1; Nexus 5X Build/MMB29P) AppleWebKit/537.36 (KHTML, like Gecko) Chrome/137.0.7151.103 Mobile Safari/537.36 (compatible; Googlebot/2.1; +http://www.google.com/bot.html)"
66.249.73.234 - - [15/Jul/2025:12:33:36 +0000] "GET /?e=119681473021000&mod=74249bfb&uri=product.php%3Fid%3D3994136-484%26name%3Dariel+swimming+suit HTTP/1.1" 200 39925 "-" "Mozilla/5.0 (Linux; Android 6.0.1; Nexus 5X Build/MMB29P) AppleWebKit/537.36 (KHTML, like Gecko) Chrome/137.0.7151.103 Mobile Safari/537.36 (compatible; Googlebot/2.1; +http://www.google.com/bot.html)"
66.249.73.233 - - [15/Jul/2025:12:33:39 +0000] "GET /?e=114566080091000&mod=a9b7ba70&uri=category-info.php%3Fid%3D3823493-100%26name%3Dsamsung+galaxy+watch+active HTTP/1.1" 200 40057 "-" "Mozilla/5.0 (Linux; Android 6.0.1; Nexus 5X Build/MMB29P) AppleWebKit/537.36 (KHTML, like Gecko) Chrome/137.0.7151.103 Mobile Safari/537.36 (compatible; Googlebot/2.1; +http://www.google.com/bot.html)"
66.249.73.235 - - [15/Jul/2025:12:33:40 +0000] "GET /?e=114573808011000&mod=a9b7ba70&uri=pin.php%3Fid%3D3823751-100%26name%3Dapple+watch+series+out+of+stock HTTP/1.1" 200 39989 "-" "Mozilla/5.0 (Linux; Android 6.0.1; Nexus 5X Build/MMB29P) AppleWebKit/537.36 (KHTML, like Gecko) Chrome/137.0.7151.103 Mobile Safari/537.36 (compatible; Googlebot/2.1; +http://www.google.com/bot.html)"
66.249.73.234 - - [15/Jul/2025:12:33:41 +0000] "GET /item/suitc62341525/ HTTP/1.1" 200 40133 "-" "Mozilla/5.0 (Linux; Android 6.0.1; Nexus 5X Build/MMB29P) AppleWebKit/537.36 (KHTML, like Gecko) Chrome/137.0.7151.103 Mobile Safari/537.36 (compatible; GoogleOther)"
66.249.73.233 - - [15/Jul/2025:12:33:43 +0000] "GET /?e=119682553031000&mod=d19544ae&uri=info.php%3Fid%3D3994172-465%26name%3Dfit+flops+gold HTTP/1.1" 200 40009 "-" "Mozilla/5.0 (Linux; Android 6.0.1; Nexus 5X Build/MMB29P) AppleWebKit/537.36 (KHTML, like Gecko) Chrome/137.0.7151.103 Mobile Safari/537.36 (compatible; Googlebot/2.1; +http://www.google.com/bot.html)"
66.249.73.234 - - [15/Jul/2025:12:33:44 +0000] "GET /item/turbi22870545/ HTTP/1.1" 200 39814 "-" "Mozilla/5.0 (Linux; Android 6.0.1; Nexus 5X Build/MMB29P) AppleWebKit/537.36 (KHTML, like Gecko) Chrome/137.0.7151.103 Mobile Safari/537.36 (compatible; GoogleOther)"
66.249.73.233 - - [15/Jul/2025:12:33:45 +0000] "GET /?e=58252791051000&mod=43e4e6a6&uri=news.php%3Fid%3D1943925-234%26name%3Dgucci+pailletten+pullover HTTP/1.1" 200 39839 "-" "Mozilla/5.0 (Linux; Android 6.0.1; Nexus 5X Build/MMB29P) AppleWebKit/537.36 (KHTML, like Gecko) Chrome/137.0.7151.103 Mobile Safari/537.36 (compatible; Googlebot/2.1; +http://www.google.com/bot.html)"
66.249.73.234 - - [15/Jul/2025:12:33:47 +0000] "POST /get-message-notify HTTP/1.1" 200 40047 "https://cyber-secure.com.au/?e=119681473021000&mod=74249bfb&uri=product.php%3Fid%3D3994136-484%26name%3Dariel+swimming+suit" "Mozilla/5.0 (Linux; Android 6.0.1; Nexus 5X Build/MMB29P) AppleWebKit/537.36 (KHTML, like Gecko) Chrome/137.0.7151.119 Mobile Safari/537.36 (compatible; Googlebot/2.1; +http://www.google.com/bot.html)"
66.249.73.233 - - [15/Jul/2025:12:33:47 +0000] "GET /item/ear80452599/ HTTP/1.1" 200 39804 "-" "Mozilla/5.0 (Linux; Android 6.0.1; Nexus 5X Build/MMB29P) AppleWebKit/537.36 (KHTML, like Gecko) Chrome/137.0.7151.103 Mobile Safari/537.36 (compatible; GoogleOther)"
66.249.73.236 - - [15/Jul/2025:12:33:49 +0000] "GET /?e=58260113001000&mod=b6edc1cd&uri=brands.php%3Fid%3D1944170-81%26name%3Dsamoa+divani+catalogo HTTP/1.1" 200 39962 "-" "Mozilla/5.0 (Linux; Android 6.0.1; Nexus 5X Build/MMB29P) AppleWebKit/537.36 (KHTML, like Gecko) Chrome/137.0.7151.103 Mobile Safari/537.36 (compatible; Googlebot/2.1; +http://www.google.com/bot.html)"
66.249.73.234 - - [15/Jul/2025:12:33:51 +0000] "GET /item/anyth11728088/ HTTP/1.1" 200 40157 "-" "Mozilla/5.0 (Linux; Android 6.0.1; Nexus 5X Build/MMB29P) AppleWebKit/537.36 (KHTML, like Gecko) Chrome/137.0.7151.103 Mobile Safari/537.36 (compatible; GoogleOther)"
66.249.73.235 - - [15/Jul/2025:12:33:53 +0000] "GET /?e=58258225011000&mod=7b7a53e2&uri=product.php%3Fid%3D1944107-202%26name%3Dgivenchy+eyewear HTTP/1.1" 200 39957 "-" "Mozilla/5.0 (Linux; Android 6.0.1; Nexus 5X Build/MMB29P) AppleWebKit/537.36 (KHTML, like Gecko) Chrome/137.0.7151.103 Mobile Safari/537.36 (compatible; Googlebot/2.1; +http://www.google.com/bot.html)"
66.249.73.235 - - [15/Jul/2025:12:33:55 +0000] "GET /?e=58261997131000&mod=43e4e6a6&uri=goods.php%3Fid%3D1944233-234%26name%3Dbuena+vista+kaschmir+pullover HTTP/1.1" 200 39928 "-" "Mozilla/5.0 (Linux; Android 6.0.1; Nexus 5X Build/MMB29P) AppleWebKit/537.36 (KHTML, like Gecko) Chrome/137.0.7151.103 Mobile Safari/537.36 (compatible; Googlebot/2.1; +http://www.google.com/bot.html)"
66.249.73.235 - - [15/Jul/2025:12:33:56 +0000] "GET /?e=58261163071000&mod=b6edc1cd&uri=goods.php%3Fid%3D1944205-81%26name%3Ddivano+samoa+one HTTP/1.1" 200 39931 "-" "Mozilla/5.0 (Linux; Android 6.0.1; Nexus 5X Build/MMB29P) AppleWebKit/537.36 (KHTML, like Gecko) Chrome/137.0.7151.103 Mobile Safari/537.36 (compatible; Googlebot/2.1; +http://www.google.com/bot.html)"
66.249.73.233 - - [15/Jul/2025:12:33:57 +0000] "GET /item/soldi32537298/ HTTP/1.1" 200 40310 "-" "Mozilla/5.0 (Linux; Android 6.0.1; Nexus 5X Build/MMB29P) AppleWebKit/537.36 (KHTML, like Gecko) Chrome/137.0.7151.103 Mobile Safari/537.36 (compatible; GoogleOther)"
66.249.73.235 - - [15/Jul/2025:12:33:58 +0000] "GET /?e=58143647071000&mod=b4d22bb5&uri=pin.php%3Fid%3D1940281-803%26name%3Dholland+bike+shop+recensioni HTTP/1.1" 200 39966 "-" "Mozilla/5.0 (Linux; Android 6.0.1; Nexus 5X Build/MMB29P) AppleWebKit/537.36 (KHTML, like Gecko) Chrome/137.0.7151.103 Mobile Safari/537.36 (compatible; Googlebot/2.1; +http://www.google.com/bot.html)"
66.249.73.234 - - [15/Jul/2025:12:33:59 +0000] "GET /?e=58144187011000&mod=b4d22bb5&uri=product.php%3Fid%3D1940299-803%26name%3Dlook+695+flag+edition HTTP/1.1" 200 39924 "-" "Mozilla/5.0 (Linux; Android 6.0.1; Nexus 5X Build/MMB29P) AppleWebKit/537.36 (KHTML, like Gecko) Chrome/137.0.7151.103 Mobile Safari/537.36 (compatible; Googlebot/2.1; +http://www.google.com/bot.html)"
66.249.73.233 - - [15/Jul/2025:12:34:00 +0000] "POST /get-message-notify HTTP/1.1" 200 39975 "https://cyber-secure.com.au/?e=58258225011000&mod=7b7a53e2&uri=product.php%3Fid%3D1944107-202%26name%3Dgivenchy+eyewear" "Mozilla/5.0 (Linux; Android 6.0.1; Nexus 5X Build/MMB29P) AppleWebKit/537.36 (KHTML, like Gecko) Chrome/137.0.7151.119 Mobile Safari/537.36 (compatible; Googlebot/2.1; +http://www.google.com/bot.html)"
66.249.73.235 - - [15/Jul/2025:12:34:02 +0000] "GET /?e=58140478021000&mod=b4d22bb5&uri=blog.php%3Fid%3D1940175-803%26name%3Dcf+moto+motocross HTTP/1.1" 200 39905 "-" "Mozilla/5.0 (Linux; Android 6.0.1; Nexus 5X Build/MMB29P) AppleWebKit/537.36 (KHTML, like Gecko) Chrome/137.0.7151.103 Mobile Safari/537.36 (compatible; Googlebot/2.1; +http://www.google.com/bot.html)"
66.249.73.233 - - [15/Jul/2025:12:34:02 +0000] "GET /item/displ31289658/ HTTP/1.1" 200 40342 "-" "Mozilla/5.0 (Linux; Android 6.0.1; Nexus 5X Build/MMB29P) AppleWebKit/537.36 (KHTML, like Gecko) Chrome/137.0.7151.103 Mobile Safari/537.36 (compatible; GoogleOther)"
66.249.73.234 - - [15/Jul/2025:12:34:04 +0000] "POST /get-message-notify HTTP/1.1" 200 40004 "https://cyber-secure.com.au/?e=119681833041000&mod=ee0b86d2&uri=dp.php%3Fid%3D3994148-466%26name%3Dcountry+western+shirts" "Mozilla/5.0 (Linux; Android 6.0.1; Nexus 5X Build/MMB29P) AppleWebKit/537.36 (KHTML, like Gecko) Chrome/137.0.7151.119 Mobile Safari/537.36 (compatible; Googlebot/2.1; +http://www.google.com/bot.html)"
66.249.73.233 - - [15/Jul/2025:12:34:05 +0000] "GET /?e=58144007051000&mod=b4d22bb5&uri=itm.php%3Fid%3D1940293-803%26name%3Datala+fixed HTTP/1.1" 200 40027 "-" "Mozilla/5.0 (Linux; Android 6.0.1; Nexus 5X Build/MMB29P) AppleWebKit/537.36 (KHTML, like Gecko) Chrome/137.0.7151.103 Mobile Safari/537.36 (compatible; Googlebot/2.1; +http://www.google.com/bot.html)"
66.249.73.234 - - [15/Jul/2025:12:34:06 +0000] "GET /item/amate10979720/ HTTP/1.1" 200 40577 "-" "Mozilla/5.0 (Linux; Android 6.0.1; Nexus 5X Build/MMB29P) AppleWebKit/537.36 (KHTML, like Gecko) Chrome/137.0.7151.103 Mobile Safari/537.36 (compatible; GoogleOther)"
66.249.73.234 - - [15/Jul/2025:12:34:08 +0000] "GET /?e=58142218051000&mod=b4d22bb5&uri=us.php%3Fid%3D1940233-803%26name%3Dpit+bike+125+tempi HTTP/1.1" 200 39902 "-" "Mozilla/5.0 (Linux; Android 6.0.1; Nexus 5X Build/MMB29P) AppleWebKit/537.36 (KHTML, like Gecko) Chrome/137.0.7151.103 Mobile Safari/537.36 (compatible; Googlebot/2.1; +http://www.google.com/bot.html)"
66.249.73.234 - - [15/Jul/2025:12:34:09 +0000] "GET /item/fancy22238385/ HTTP/1.1" 200 40147 "-" "Mozilla/5.0 (Linux; Android 6.0.1; Nexus 5X Build/MMB29P) AppleWebKit/537.36 (KHTML, like Gecko) Chrome/137.0.7151.103 Mobile Safari/537.36 (compatible; GoogleOther)"
66.249.73.233 - - [15/Jul/2025:12:34:13 +0000] "GET /item/yoghu30365666/ HTTP/1.1" 200 40726 "-" "Mozilla/5.0 (Linux; Android 6.0.1; Nexus 5X Build/MMB29P) AppleWebKit/537.36 (KHTML, like Gecko) Chrome/137.0.7151.103 Mobile Safari/537.36 (compatible; GoogleOther)"
66.249.73.233 - - [15/Jul/2025:12:34:14 +0000] "GET /?e=58140538031000&mod=b4d22bb5&uri=article.php%3Fid%3D1940177-803%26name%3Drevelator+4000+ktm HTTP/1.1" 200 39909 "-" "Mozilla/5.0 (Linux; Android 6.0.1; Nexus 5X Build/MMB29P) AppleWebKit/537.36 (KHTML, like Gecko) Chrome/137.0.7151.103 Mobile Safari/537.36 (compatible; Googlebot/2.1; +http://www.google.com/bot.html)"
66.249.73.233 - - [15/Jul/2025:12:34:15 +0000] "GET /?e=58143118051000&mod=b4d22bb5&uri=goods.php%3Fid%3D1940263-803%26name%3Dktm+alto+pro HTTP/1.1" 200 39947 "-" "Mozilla/5.0 (Linux; Android 6.0.1; Nexus 5X Build/MMB29P) AppleWebKit/537.36 (KHTML, like Gecko) Chrome/137.0.7151.103 Mobile Safari/537.36 (compatible; Googlebot/2.1; +http://www.google.com/bot.html)"
66.249.73.233 - - [15/Jul/2025:12:34:16 +0000] "GET /item/tempe40817251/ HTTP/1.1" 200 40819 "-" "Mozilla/5.0 (Linux; Android 6.0.1; Nexus 5X Build/MMB29P) AppleWebKit/537.36 (KHTML, like Gecko) Chrome/137.0.7151.103 Mobile Safari/537.36 (compatible; GoogleOther)"
66.249.73.234 - - [15/Jul/2025:12:34:17 +0000] "GET /?e=58141018051000&mod=b4d22bb5&uri=product.php%3Fid%3D1940193-803%26name%3Ddtswiss+gr+1600 HTTP/1.1" 200 39898 "-" "Mozilla/5.0 (Linux; Android 6.0.1; Nexus 5X Build/MMB29P) AppleWebKit/537.36 (KHTML, like Gecko) Chrome/137.0.7151.103 Mobile Safari/537.36 (compatible; Googlebot/2.1; +http://www.google.com/bot.html)"
