66.249.73.234 - - [15/Jul/2025:13:44:30 +0000] "POST /get-message-notify HTTP/1.1" 200 40003 "https://cyber-secure.com.au/?e=55324834031000&mod=708be71b&uri=form.php%3Fid%3D1846231-700%26name%3Dlechan+chows" "Mozilla/5.0 (Linux; Android 6.0.1; Nexus 5X Build/MMB29P) AppleWebKit/537.36 (KHTML, like Gecko) Chrome/137.0.7151.119 Mobile Safari/537.36 (compatible; Googlebot/2.1; +http://www.google.com/bot.html)"
66.249.73.233 - - [15/Jul/2025:13:44:31 +0000] "GET /?e=55321684091000&mod=708be71b&uri=itm.php%3Fid%3D1846126-700%26name%3Dalaskan+klee+kai+for+sale+gumtree HTTP/1.1" 200 39944 "-" "Mozilla/5.0 (Linux; Android 6.0.1; Nexus 5X Build/MMB29P) AppleWebKit/537.36 (KHTML, like Gecko) Chrome/137.0.7151.103 Mobile Safari/537.36 (compatible; Googlebot/2.1; +http://www.google.com/bot.html)"
66.249.73.234 - - [15/Jul/2025:13:44:33 +0000] "GET /?e=55325884041000&mod=c802ceaa&uri=dp.php%3Fid%3D1846266-777%26name%3Duniforme+de+profesora+de+preescolar HTTP/1.1" 200 39899 "-" "Mozilla/5.0 (Linux; Android 6.0.1; Nexus 5X Build/MMB29P) AppleWebKit/537.36 (KHTML, like Gecko) Chrome/137.0.7151.103 Mobile Safari/537.36 (compatible; Googlebot/2.1; +http://www.google.com/bot.html)"
66.249.73.234 - - [15/Jul/2025:13:44:37 +0000] "GET /?e=55319434041000&mod=708be71b&uri=info.php%3Fid%3D1846051-700%26name%3Dlabrador+cross+springer+spaniel+puppies+for+sale HTTP/1.1" 200 39956 "-" "Mozilla/5.0 (Linux; Android 6.0.1; Nexus 5X Build/MMB29P) AppleWebKit/537.36 (KHTML, like Gecko) Chrome/137.0.7151.103 Mobile Safari/537.36 (compatible; Googlebot/2.1; +http://www.google.com/bot.html)"
66.249.73.235 - - [15/Jul/2025:13:44:40 +0000] "POST /get-message-notify HTTP/1.1" 200 40146 "https://cyber-secure.com.au/?e=55318384041000&mod=708be71b&uri=goods.php%3Fid%3D1846016-700%26name%3Dmini+goldendoodle+%24600" "Mozilla/5.0 (Linux; Android 6.0.1; Nexus 5X Build/MMB29P) AppleWebKit/537.36 (KHTML, like Gecko) Chrome/137.0.7151.119 Mobile Safari/537.36 (compatible; Googlebot/2.1; +http://www.google.com/bot.html)"
66.249.73.234 - - [15/Jul/2025:13:44:41 +0000] "GET /item/golf71923638/ HTTP/1.1" 200 40392 "-" "Mozilla/5.0 (Linux; Android 6.0.1; Nexus 5X Build/MMB29P) AppleWebKit/537.36 (KHTML, like Gecko) Chrome/137.0.7151.103 Mobile Safari/537.36 (compatible; GoogleOther)"
66.249.73.235 - - [15/Jul/2025:13:44:46 +0000] "POST /get-message-notify HTTP/1.1" 200 40088 "https://cyber-secure.com.au/?e=55319434041000&mod=708be71b&uri=info.php%3Fid%3D1846051-700%26name%3Dlabrador+cross+springer+spaniel+puppies+for+sale" "Mozilla/5.0 (Linux; Android 6.0.1; Nexus 5X Build/MMB29P) AppleWebKit/537.36 (KHTML, like Gecko) Chrome/137.0.7151.119 Mobile Safari/537.36 (compatible; Googlebot/2.1; +http://www.google.com/bot.html)"
66.249.73.234 - - [15/Jul/2025:13:44:47 +0000] "GET /item/tip42658475/ HTTP/1.1" 200 40221 "-" "Mozilla/5.0 (Linux; Android 6.0.1; Nexus 5X Build/MMB29P) AppleWebKit/537.36 (KHTML, like Gecko) Chrome/137.0.7151.103 Mobile Safari/537.36 (compatible; GoogleOther)"
66.249.73.234 - - [15/Jul/2025:13:44:49 +0000] "POST /get-message-notify HTTP/1.1" 200 39972 "https://cyber-secure.com.au/?e=55321384041000&mod=708be71b&uri=product.php%3Fid%3D1846116-700%26name%3Dchow+toy" "Mozilla/5.0 (Linux; Android 6.0.1; Nexus 5X Build/MMB29P) AppleWebKit/537.36 (KHTML, like Gecko) Chrome/137.0.7151.119 Mobile Safari/537.36 (compatible; Googlebot/2.1; +http://www.google.com/bot.html)"
66.249.73.233 - - [15/Jul/2025:13:44:54 +0000] "GET /item/alive62880525/ HTTP/1.1" 200 40313 "-" "Mozilla/5.0 (Linux; Android 6.0.1; Nexus 5X Build/MMB29P) AppleWebKit/537.36 (KHTML, like Gecko) Chrome/137.0.7151.103 Mobile Safari/537.36 (compatible; GoogleOther)"
66.249.73.235 - - [15/Jul/2025:13:44:55 +0000] "GET /?e=55329629041000&mod=c802ceaa&uri=info.php%3Fid%3D1846391-777%26name%3Dtraje+gris+y+azul HTTP/1.1" 200 39913 "-" "Mozilla/5.0 (Linux; Android 6.0.1; Nexus 5X Build/MMB29P) AppleWebKit/537.36 (KHTML, like Gecko) Chrome/137.0.7151.103 Mobile Safari/537.36 (compatible; Googlebot/2.1; +http://www.google.com/bot.html)"
66.249.73.233 - - [15/Jul/2025:13:44:56 +0000] "GET /?e=55325134091000&mod=708be71b&uri=brands.php%3Fid%3D1846241-700%26name%3Dcan+a+spayed+dog+still+have+heat+symptoms HTTP/1.1" 200 39978 "-" "Mozilla/5.0 (Linux; Android 6.0.1; Nexus 5X Build/MMB29P) AppleWebKit/537.36 (KHTML, like Gecko) Chrome/137.0.7151.103 Mobile Safari/537.36 (compatible; Googlebot/2.1; +http://www.google.com/bot.html)"
66.249.73.234 - - [15/Jul/2025:13:44:58 +0000] "POST /get-message-notify HTTP/1.1" 200 40059 "https://cyber-secure.com.au/?e=55321684091000&mod=708be71b&uri=itm.php%3Fid%3D1846126-700%26name%3Dalaskan+klee+kai+for+sale+gumtree" "Mozilla/5.0 (Linux; Android 6.0.1; Nexus 5X Build/MMB29P) AppleWebKit/537.36 (KHTML, like Gecko) Chrome/137.0.7151.119 Mobile Safari/537.36 (compatible; Googlebot/2.1; +http://www.google.com/bot.html)"
66.249.73.233 - - [15/Jul/2025:13:44:59 +0000] "POST /get-message-notify HTTP/1.1" 200 40112 "https://cyber-secure.com.au/item/hell40859091/" "Mozilla/5.0 (Linux; Android 6.0.1; Nexus 5X Build/MMB29P) AppleWebKit/537.36 (KHTML, like Gecko) Chrome/137.0.7151.119 Mobile Safari/537.36 (compatible; Googlebot/2.1; +http://www.google.com/bot.html)"
66.249.73.235 - - [15/Jul/2025:13:45:01 +0000] "POST /get-message-notify HTTP/1.1" 200 39991 "https://cyber-secure.com.au/?e=23519303051000&mod=f6185f0e&uri=form.php%3Fid%3D785021-269%26name%3Dsony+rx10+iv+refurbished" "Mozilla/5.0 (Linux; Android 6.0.1; Nexus 5X Build/MMB29P) AppleWebKit/537.36 (KHTML, like Gecko) Chrome/137.0.7151.119 Mobile Safari/537.36 (compatible; Googlebot/2.1; +http://www.google.com/bot.html)"
66.249.73.235 - - [15/Jul/2025:13:45:01 +0000] "GET /item/mistr81211439/ HTTP/1.1" 200 40098 "-" "Mozilla/5.0 (Linux; Android 6.0.1; Nexus 5X Build/MMB29P) AppleWebKit/537.36 (KHTML, like Gecko) Chrome/137.0.7151.103 Mobile Safari/537.36 (compatible; GoogleOther)"
66.249.73.233 - - [15/Jul/2025:13:45:03 +0000] "GET /?e=55322734141000&mod=708be71b&uri=shop.php%3Fid%3D1846161-700%26name%3Dblack+and+chocolate+lab+puppies HTTP/1.1" 200 39887 "-" "Mozilla/5.0 (Linux; Android 6.0.1; Nexus 5X Build/MMB29P) AppleWebKit/537.36 (KHTML, like Gecko) Chrome/137.0.7151.103 Mobile Safari/537.36 (compatible; Googlebot/2.1; +http://www.google.com/bot.html)"
66.249.73.233 - - [15/Jul/2025:13:45:07 +0000] "GET /item/tiff81015895/ HTTP/1.1" 200 40369 "-" "Mozilla/5.0 (Linux; Android 6.0.1; Nexus 5X Build/MMB29P) AppleWebKit/537.36 (KHTML, like Gecko) Chrome/137.0.7151.103 Mobile Safari/537.36 (compatible; GoogleOther)"
66.249.73.233 - - [15/Jul/2025:13:45:10 +0000] "GET /?e=55318234041000&mod=708be71b&uri=dp.php%3Fid%3D1846011-700%26name%3Dpuppyfinder+goldendoodle HTTP/1.1" 200 40044 "-" "Mozilla/5.0 (Linux; Android 6.0.1; Nexus 5X Build/MMB29P) AppleWebKit/537.36 (KHTML, like Gecko) Chrome/137.0.7151.103 Mobile Safari/537.36 (compatible; Googlebot/2.1; +http://www.google.com/bot.html)"
66.249.73.233 - - [15/Jul/2025:13:45:12 +0000] "GET /?e=55324234091000&mod=708be71b&uri=itm.php%3Fid%3D1846211-700%26name%3Drescue+labs+for+sale HTTP/1.1" 200 39890 "-" "Mozilla/5.0 (Linux; Android 6.0.1; Nexus 5X Build/MMB29P) AppleWebKit/537.36 (KHTML, like Gecko) Chrome/137.0.7151.103 Mobile Safari/537.36 (compatible; Googlebot/2.1; +http://www.google.com/bot.html)"
66.249.73.233 - - [15/Jul/2025:13:45:13 +0000] "GET /?e=55320634091000&mod=708be71b&uri=dp.php%3Fid%3D1846091-700%26name%3Dretriever+doodle+puppies HTTP/1.1" 200 39940 "-" "Mozilla/5.0 (Linux; Android 6.0.1; Nexus 5X Build/MMB29P) AppleWebKit/537.36 (KHTML, like Gecko) Chrome/137.0.7151.103 Mobile Safari/537.36 (compatible; Googlebot/2.1; +http://www.google.com/bot.html)"
66.249.73.233 - - [15/Jul/2025:13:45:14 +0000] "GET /item/conju72021350/ HTTP/1.1" 200 40012 "-" "Mozilla/5.0 (Linux; Android 6.0.1; Nexus 5X Build/MMB29P) AppleWebKit/537.36 (KHTML, like Gecko) Chrome/137.0.7151.103 Mobile Safari/537.36 (compatible; GoogleOther)"
66.249.73.233 - - [15/Jul/2025:13:45:16 +0000] "POST /get-message-notify HTTP/1.1" 200 40042 "https://cyber-secure.com.au/item/disab11913624/" "Mozilla/5.0 (Linux; Android 6.0.1; Nexus 5X Build/MMB29P) AppleWebKit/537.36 (KHTML, like Gecko) Chrome/137.0.7151.119 Mobile Safari/537.36 (compatible; Googlebot/2.1; +http://www.google.com/bot.html)"
66.249.73.233 - - [15/Jul/2025:13:45:16 +0000] "POST /get-message-notify HTTP/1.1" 200 40087 "https://cyber-secure.com.au/?e=55318234041000&mod=708be71b&uri=dp.php%3Fid%3D1846011-700%26name%3Dpuppyfinder+goldendoodle" "Mozilla/5.0 (Linux; Android 6.0.1; Nexus 5X Build/MMB29P) AppleWebKit/537.36 (KHTML, like Gecko) Chrome/137.0.7151.119 Mobile Safari/537.36 (compatible; Googlebot/2.1; +http://www.google.com/bot.html)"
66.249.73.233 - - [15/Jul/2025:13:45:20 +0000] "GET /item/mushr41046635/ HTTP/1.1" 200 40253 "-" "Mozilla/5.0 (Linux; Android 6.0.1; Nexus 5X Build/MMB29P) AppleWebKit/537.36 (KHTML, like Gecko) Chrome/137.0.7151.103 Mobile Safari/537.36 (compatible; GoogleOther)"
66.249.73.233 - - [15/Jul/2025:13:45:22 +0000] "GET /?e=55320184041000&mod=708be71b&uri=brands.php%3Fid%3D1846076-700%26name%3Dfemale+dog+first+heat+age HTTP/1.1" 200 39991 "-" "Mozilla/5.0 (Linux; Android 6.0.1; Nexus 5X Build/MMB29P) AppleWebKit/537.36 (KHTML, like Gecko) Chrome/137.0.7151.103 Mobile Safari/537.36 (compatible; Googlebot/2.1; +http://www.google.com/bot.html)"
66.249.73.234 - - [15/Jul/2025:13:45:24 +0000] "GET /?e=55326184041000&mod=b1790a55&uri=search.php%3Fid%3D1846276-653%26name%3Dnumero+de+calzado+para+bebe+de+10+meses HTTP/1.1" 200 40136 "-" "Mozilla/5.0 (Linux; Android 6.0.1; Nexus 5X Build/MMB29P) AppleWebKit/537.36 (KHTML, like Gecko) Chrome/137.0.7151.103 Mobile Safari/537.36 (compatible; Googlebot/2.1; +http://www.google.com/bot.html)"
66.249.73.233 - - [15/Jul/2025:13:45:25 +0000] "GET /?e=116633180091000&mod=b3dd760e&uri=pin.php%3Fid%3D3892457-538%26name%3Dblusas+blancas+juveniles+2018 HTTP/1.1" 200 39960 "-" "Mozilla/5.0 (Linux; Android 6.0.1; Nexus 5X Build/MMB29P) AppleWebKit/537.36 (KHTML, like Gecko) Chrome/137.0.7151.103 Mobile Safari/537.36 (compatible; Googlebot/2.1; +http://www.google.com/bot.html)"
66.249.73.233 - - [15/Jul/2025:13:45:26 +0000] "GET /?e=55323184041000&mod=9b40aee7&uri=news.php%3Fid%3D1846176-830%26name%3Dversace+chain+reaction+trainers+sale HTTP/1.1" 200 39912 "-" "Mozilla/5.0 (Linux; Android 6.0.1; Nexus 5X Build/MMB29P) AppleWebKit/537.36 (KHTML, like Gecko) Chrome/137.0.7151.103 Mobile Safari/537.36 (compatible; Googlebot/2.1; +http://www.google.com/bot.html)"
66.249.73.233 - - [15/Jul/2025:13:45:27 +0000] "GET /item/drab21407833/ HTTP/1.1" 200 40089 "-" "Mozilla/5.0 (Linux; Android 6.0.1; Nexus 5X Build/MMB29P) AppleWebKit/537.36 (KHTML, like Gecko) Chrome/137.0.7151.103 Mobile Safari/537.36 (compatible; GoogleOther)"
66.249.73.233 - - [15/Jul/2025:13:45:27 +0000] "GET /?e=55321834141000&mod=708be71b&uri=shared.php%3Fid%3D1846131-700%26name%3Dfemale+goldendoodle+for+sale HTTP/1.1" 200 39923 "-" "Mozilla/5.0 (Linux; Android 6.0.1; Nexus 5X Build/MMB29P) AppleWebKit/537.36 (KHTML, like Gecko) Chrome/137.0.7151.103 Mobile Safari/537.36 (compatible; Googlebot/2.1; +http://www.google.com/bot.html)"
66.249.73.234 - - [15/Jul/2025:13:45:28 +0000] "POST /get-message-notify HTTP/1.1" 200 39994 "https://cyber-secure.com.au/?e=116633180091000&mod=b3dd760e&uri=pin.php%3Fid%3D3892457-538%26name%3Dblusas+blancas+juveniles+2018" "Mozilla/5.0 (Linux; Android 6.0.1; Nexus 5X Build/MMB29P) AppleWebKit/537.36 (KHTML, like Gecko) Chrome/137.0.7151.119 Mobile Safari/537.36 (compatible; Googlebot/2.1; +http://www.google.com/bot.html)"
66.249.73.234 - - [15/Jul/2025:13:45:33 +0000] "GET /item/ambit11546384/ HTTP/1.1" 200 41056 "-" "Mozilla/5.0 (Linux; Android 6.0.1; Nexus 5X Build/MMB29P) AppleWebKit/537.36 (KHTML, like Gecko) Chrome/137.0.7151.103 Mobile Safari/537.36 (compatible; GoogleOther)"
66.249.73.233 - - [15/Jul/2025:13:45:34 +0000] "POST /get-message-notify HTTP/1.1" 200 40025 "https://cyber-secure.com.au/?e=55326184041000&mod=b1790a55&uri=search.php%3Fid%3D1846276-653%26name%3Dnumero+de+calzado+para+bebe+de+10+meses" "Mozilla/5.0 (Linux; Android 6.0.1; Nexus 5X Build/MMB29P) AppleWebKit/537.36 (KHTML, like Gecko) Chrome/137.0.7151.119 Mobile Safari/537.36 (compatible; Googlebot/2.1; +http://www.google.com/bot.html)"
66.249.73.234 - - [15/Jul/2025:13:45:35 +0000] "GET /?e=55327379001000&mod=c802ceaa&uri=news.php%3Fid%3D1846316-777%26name%3Dtraje+azul+medio HTTP/1.1" 200 39840 "-" "Mozilla/5.0 (Linux; Android 6.0.1; Nexus 5X Build/MMB29P) AppleWebKit/537.36 (KHTML, like Gecko) Chrome/137.0.7151.103 Mobile Safari/537.36 (compatible; Googlebot/2.1; +http://www.google.com/bot.html)"
66.249.73.234 - - [15/Jul/2025:13:45:38 +0000] "GET /?e=55327229091000&mod=c802ceaa&uri=blog.php%3Fid%3D1846311-777%26name%3Dsmoking+con+saco+blanco HTTP/1.1" 200 39897 "-" "Mozilla/5.0 (Linux; Android 6.0.1; Nexus 5X Build/MMB29P) AppleWebKit/537.36 (KHTML, like Gecko) Chrome/137.0.7151.103 Mobile Safari/537.36 (compatible; Googlebot/2.1; +http://www.google.com/bot.html)"
66.249.73.234 - - [15/Jul/2025:13:45:40 +0000] "POST /get-message-notify HTTP/1.1" 200 40019 "https://cyber-secure.com.au/?e=55327379001000&mod=c802ceaa&uri=news.php%3Fid%3D1846316-777%26name%3Dtraje+azul+medio" "Mozilla/5.0 (Linux; Android 6.0.1; Nexus 5X Build/MMB29P) AppleWebKit/537.36 (KHTML, like Gecko) Chrome/137.0.7151.119 Mobile Safari/537.36 (compatible; Googlebot/2.1; +http://www.google.com/bot.html)"
66.249.73.234 - - [15/Jul/2025:13:45:40 +0000] "GET /?e=55267107061000&mod=07ac7cd1&uri=brands.php%3Fid%3D1844306-781%26name%3Dadidas+eqt+brown HTTP/1.1" 200 40011 "-" "Mozilla/5.0 (Linux; Android 6.0.1; Nexus 5X Build/MMB29P) AppleWebKit/537.36 (KHTML, like Gecko) Chrome/137.0.7151.103 Mobile Safari/537.36 (compatible; Googlebot/2.1; +http://www.google.com/bot.html)"
66.249.73.233 - - [15/Jul/2025:13:45:41 +0000] "GET /?e=55326779041000&mod=b1790a55&uri=category-info.php%3Fid%3D1846296-653%26name%3Dsandalias+bebe+crochet+patrones HTTP/1.1" 200 39996 "-" "Mozilla/5.0 (Linux; Android 6.0.1; Nexus 5X Build/MMB29P) AppleWebKit/537.36 (KHTML, like Gecko) Chrome/137.0.7151.103 Mobile Safari/537.36 (compatible; Googlebot/2.1; +http://www.google.com/bot.html)"
66.249.73.234 - - [15/Jul/2025:13:45:42 +0000] "GET /item/silly40440635/ HTTP/1.1" 200 40740 "-" "Mozilla/5.0 (Linux; Android 6.0.1; Nexus 5X Build/MMB29P) AppleWebKit/537.36 (KHTML, like Gecko) Chrome/137.0.7151.103 Mobile Safari/537.36 (compatible; GoogleOther)"
66.249.73.233 - - [15/Jul/2025:13:45:43 +0000] "GET /?e=55317934041000&mod=708be71b&uri=shop.php%3Fid%3D1846001-700%26name%3Dcan+female+dogs+go+into+heat+after+being+spayed HTTP/1.1" 200 39958 "-" "Mozilla/5.0 (Linux; Android 6.0.1; Nexus 5X Build/MMB29P) AppleWebKit/537.36 (KHTML, like Gecko) Chrome/137.0.7151.103 Mobile Safari/537.36 (compatible; Googlebot/2.1; +http://www.google.com/bot.html)"
66.249.73.234 - - [15/Jul/2025:13:45:44 +0000] "GET /?e=55329029041000&mod=b1790a55&uri=product.php%3Fid%3D1846371-653%26name%3Dzapatillas+vandal+2k+nike HTTP/1.1" 200 39881 "-" "Mozilla/5.0 (Linux; Android 6.0.1; Nexus 5X Build/MMB29P) AppleWebKit/537.36 (KHTML, like Gecko) Chrome/137.0.7151.103 Mobile Safari/537.36 (compatible; Googlebot/2.1; +http://www.google.com/bot.html)"
66.249.73.234 - - [15/Jul/2025:13:45:47 +0000] "POST /get-message-notify HTTP/1.1" 200 39953 "https://cyber-secure.com.au/?e=55329029041000&mod=b1790a55&uri=product.php%3Fid%3D1846371-653%26name%3Dzapatillas+vandal+2k+nike" "Mozilla/5.0 (Linux; Android 6.0.1; Nexus 5X Build/MMB29P) AppleWebKit/537.36 (KHTML, like Gecko) Chrome/137.0.7151.119 Mobile Safari/537.36 (compatible; Googlebot/2.1; +http://www.google.com/bot.html)"
66.249.73.235 - - [15/Jul/2025:13:45:48 +0000] "GET /item/telev12000984/ HTTP/1.1" 200 40139 "-" "Mozilla/5.0 (Linux; Android 6.0.1; Nexus 5X Build/MMB29P) AppleWebKit/537.36 (KHTML, like Gecko) Chrome/137.0.7151.103 Mobile Safari/537.36 (compatible; GoogleOther)"
66.249.73.233 - - [15/Jul/2025:13:45:51 +0000] "GET /?e=55321984041000&mod=c802ceaa&uri=info.php%3Fid%3D1846136-777%26name%3Dchamarra+puma+mercedes+amg HTTP/1.1" 200 39907 "-" "Mozilla/5.0 (Linux; Android 6.0.1; Nexus 5X Build/MMB29P) AppleWebKit/537.36 (KHTML, like Gecko) Chrome/137.0.7151.103 Mobile Safari/537.36 (compatible; Googlebot/2.1; +http://www.google.com/bot.html)"
66.249.73.233 - - [15/Jul/2025:13:45:55 +0000] "GET /item/cycle81219423/ HTTP/1.1" 200 39896 "-" "Mozilla/5.0 (Linux; Android 6.0.1; Nexus 5X Build/MMB29P) AppleWebKit/537.36 (KHTML, like Gecko) Chrome/137.0.7151.103 Mobile Safari/537.36 (compatible; GoogleOther)"
66.249.73.235 - - [15/Jul/2025:13:45:56 +0000] "GET /?e=55260237051000&mod=68229517&uri=goods.php%3Fid%3D1844077-780%26name%3Dall+black+nmd+on+feet HTTP/1.1" 200 39976 "-" "Mozilla/5.0 (Linux; Android 6.0.1; Nexus 5X Build/MMB29P) AppleWebKit/537.36 (KHTML, like Gecko) Chrome/137.0.7151.103 Mobile Safari/537.36 (compatible; Googlebot/2.1; +http://www.google.com/bot.html)"
66.249.73.234 - - [15/Jul/2025:13:45:57 +0000] "POST /get-message-notify HTTP/1.1" 200 40083 "https://cyber-secure.com.au/?e=55321984041000&mod=c802ceaa&uri=info.php%3Fid%3D1846136-777%26name%3Dchamarra+puma+mercedes+amg" "Mozilla/5.0 (Linux; Android 6.0.1; Nexus 5X Build/MMB29P) AppleWebKit/537.36 (KHTML, like Gecko) Chrome/137.0.7151.119 Mobile Safari/537.36 (compatible; Googlebot/2.1; +http://www.google.com/bot.html)"
66.249.73.235 - - [15/Jul/2025:13:45:57 +0000] "GET /?e=55239657031000&mod=07ac7cd1&uri=brands.php%3Fid%3D1843391-781%26name%3Dadidas+energy+boost+femme HTTP/1.1" 200 39868 "-" "Mozilla/5.0 (Linux; Android 6.0.1; Nexus 5X Build/MMB29P) AppleWebKit/537.36 (KHTML, like Gecko) Chrome/137.0.7151.103 Mobile Safari/537.36 (compatible; Googlebot/2.1; +http://www.google.com/bot.html)"
66.249.73.235 - - [15/Jul/2025:13:45:58 +0000] "POST /get-message-notify HTTP/1.1" 200 40096 "https://cyber-secure.com.au/?e=55321834141000&mod=708be71b&uri=shared.php%3Fid%3D1846131-700%26name%3Dfemale+goldendoodle+for+sale" "Mozilla/5.0 (Linux; Android 6.0.1; Nexus 5X Build/MMB29P) AppleWebKit/537.36 (KHTML, like Gecko) Chrome/137.0.7151.119 Mobile Safari/537.36 (compatible; Googlebot/2.1; +http://www.google.com/bot.html)"
66.249.73.233 - - [15/Jul/2025:13:45:59 +0000] "GET /?e=58189604011000&mod=da11e8cd&uri=pin.php%3Fid%3D1941817-128%26name%3Dwelch+prune+juice HTTP/1.1" 200 39876 "-" "Mozilla/5.0 (Linux; Android 6.0.1; Nexus 5X Build/MMB29P) AppleWebKit/537.36 (KHTML, like Gecko) Chrome/137.0.7151.103 Mobile Safari/537.36 (compatible; Googlebot/2.1; +http://www.google.com/bot.html)"
66.249.73.234 - - [15/Jul/2025:13:45:59 +0000] "GET /?e=55321234091000&mod=9b40aee7&uri=product.php%3Fid%3D1846111-830%26name%3Dair+max+camouflage+shoes HTTP/1.1" 200 39877 "-" "Mozilla/5.0 (Linux; Android 6.0.1; Nexus 5X Build/MMB29P) AppleWebKit/537.36 (KHTML, like Gecko) Chrome/137.0.7151.103 Mobile Safari/537.36 (compatible; Googlebot/2.1; +http://www.google.com/bot.html)"
66.249.73.233 - - [15/Jul/2025:13:46:00 +0000] "GET /?e=55320484021000&mod=708be71b&uri=goods.php%3Fid%3D1846086-700%26name%3Dgiant+chow+dog HTTP/1.1" 200 39976 "-" "Mozilla/5.0 (Linux; Android 6.0.1; Nexus 5X Build/MMB29P) AppleWebKit/537.36 (KHTML, like Gecko) Chrome/137.0.7151.103 Mobile Safari/537.36 (compatible; Googlebot/2.1; +http://www.google.com/bot.html)"
66.249.73.234 - - [15/Jul/2025:13:46:01 +0000] "POST /get-message-notify HTTP/1.1" 200 40030 "https://cyber-secure.com.au/item/railr30854666/" "Mozilla/5.0 (Linux; Android 6.0.1; Nexus 5X Build/MMB29P) AppleWebKit/537.36 (KHTML, like Gecko) Chrome/137.0.7151.119 Mobile Safari/537.36 (compatible; Googlebot/2.1; +http://www.google.com/bot.html)"
66.249.73.235 - - [15/Jul/2025:13:46:02 +0000] "GET /?e=55327529051000&mod=c802ceaa&uri=goods.php%3Fid%3D1846321-777%26name%3Dportsaid+vestidos+2021 HTTP/1.1" 200 39952 "-" "Mozilla/5.0 (Linux; Android 6.0.1; Nexus 5X Build/MMB29P) AppleWebKit/537.36 (KHTML, like Gecko) Chrome/137.0.7151.103 Mobile Safari/537.36 (compatible; Googlebot/2.1; +http://www.google.com/bot.html)"
66.249.73.233 - - [15/Jul/2025:13:46:05 +0000] "GET /item/attri52690356/ HTTP/1.1" 200 40441 "-" "Mozilla/5.0 (Linux; Android 6.0.1; Nexus 5X Build/MMB29P) AppleWebKit/537.36 (KHTML, like Gecko) Chrome/137.0.7151.103 Mobile Safari/537.36 (compatible; GoogleOther)"
66.249.73.233 - - [15/Jul/2025:13:46:07 +0000] "GET /item/const52802084/ HTTP/1.1" 200 39989 "-" "Mozilla/5.0 (Linux; Android 6.0.1; Nexus 5X Build/MMB29P) AppleWebKit/537.36 (KHTML, like Gecko) Chrome/137.0.7151.103 Mobile Safari/537.36 (compatible; Googlebot/2.1; +http://www.google.com/bot.html)"
66.249.73.233 - - [15/Jul/2025:13:46:07 +0000] "GET /?e=55318534011000&mod=708be71b&uri=shop.php%3Fid%3D1846021-700%26name%3Dchow+pow+dog HTTP/1.1" 200 39958 "-" "Mozilla/5.0 (Linux; Android 6.0.1; Nexus 5X Build/MMB29P) AppleWebKit/537.36 (KHTML, like Gecko) Chrome/137.0.7151.103 Mobile Safari/537.36 (compatible; Googlebot/2.1; +http://www.google.com/bot.html)"
66.249.73.234 - - [15/Jul/2025:13:46:08 +0000] "POST /get-message-notify HTTP/1.1" 200 40007 "https://cyber-secure.com.au/?e=55327529051000&mod=c802ceaa&uri=goods.php%3Fid%3D1846321-777%26name%3Dportsaid+vestidos+2021" "Mozilla/5.0 (Linux; Android 6.0.1; Nexus 5X Build/MMB29P) AppleWebKit/537.36 (KHTML, like Gecko) Chrome/137.0.7151.119 Mobile Safari/537.36 (compatible; Googlebot/2.1; +http://www.google.com/bot.html)"
66.249.73.233 - - [15/Jul/2025:13:46:10 +0000] "POST /get-message-notify HTTP/1.1" 200 39982 "https://cyber-secure.com.au/item/subdi20061937/" "Mozilla/5.0 (Linux; Android 6.0.1; Nexus 5X Build/MMB29P) AppleWebKit/537.36 (KHTML, like Gecko) Chrome/137.0.7151.119 Mobile Safari/537.36 (compatible; Googlebot/2.1; +http://www.google.com/bot.html)"
66.249.73.233 - - [15/Jul/2025:13:46:12 +0000] "GET /item/couns21717945/ HTTP/1.1" 200 40484 "-" "Mozilla/5.0 (Linux; Android 6.0.1; Nexus 5X Build/MMB29P) AppleWebKit/537.36 (KHTML, like Gecko) Chrome/137.0.7151.103 Mobile Safari/537.36 (compatible; GoogleOther)"
66.249.73.233 - - [15/Jul/2025:13:46:18 +0000] "GET /item/reces22597865/ HTTP/1.1" 200 40628 "-" "Mozilla/5.0 (Linux; Android 6.0.1; Nexus 5X Build/MMB29P) AppleWebKit/537.36 (KHTML, like Gecko) Chrome/137.0.7151.103 Mobile Safari/537.36 (compatible; GoogleOther)"
66.249.73.233 - - [15/Jul/2025:13:46:21 +0000] "GET /item/oxyge12899712/ HTTP/1.1" 200 40937 "-" "Mozilla/5.0 (Linux; Android 6.0.1; Nexus 5X Build/MMB29P) AppleWebKit/537.36 (KHTML, like Gecko) Chrome/137.0.7151.103 Mobile Safari/537.36 (compatible; GoogleOther)"
66.249.73.233 - - [15/Jul/2025:13:46:22 +0000] "GET /?e=55323784001000&mod=708be71b&uri=shared.php%3Fid%3D1846196-700%26name%3Dasian+chow+dog HTTP/1.1" 200 39960 "-" "Mozilla/5.0 (Linux; Android 6.0.1; Nexus 5X Build/MMB29P) AppleWebKit/537.36 (KHTML, like Gecko) Chrome/137.0.7151.103 Mobile Safari/537.36 (compatible; Googlebot/2.1; +http://www.google.com/bot.html)"
66.249.73.233 - - [15/Jul/2025:13:46:23 +0000] "GET /?e=55318984041000&mod=708be71b&uri=pin.php%3Fid%3D1846036-700%26name%3Dlabrador+golden+puppy+price HTTP/1.1" 200 39855 "-" "Mozilla/5.0 (Linux; Android 6.0.1; Nexus 5X Build/MMB29P) AppleWebKit/537.36 (KHTML, like Gecko) Chrome/137.0.7151.103 Mobile Safari/537.36 (compatible; Googlebot/2.1; +http://www.google.com/bot.html)"
66.249.73.234 - - [15/Jul/2025:13:46:27 +0000] "GET /item/makeu22674393/ HTTP/1.1" 200 40161 "-" "Mozilla/5.0 (Linux; Android 6.0.1; Nexus 5X Build/MMB29P) AppleWebKit/537.36 (KHTML, like Gecko) Chrome/137.0.7151.103 Mobile Safari/537.36 (compatible; GoogleOther)"
66.249.73.233 - - [15/Jul/2025:13:46:30 +0000] "GET /?e=55327979041000&mod=c802ceaa&uri=article.php%3Fid%3D1846336-777%26name%3Dtraje+azul+turquesa HTTP/1.1" 200 39984 "-" "Mozilla/5.0 (Linux; Android 6.0.1; Nexus 5X Build/MMB29P) AppleWebKit/537.36 (KHTML, like Gecko) Chrome/137.0.7151.103 Mobile Safari/537.36 (compatible; Googlebot/2.1; +http://www.google.com/bot.html)"
66.249.73.233 - - [15/Jul/2025:13:46:31 +0000] "GET /?e=55320934141000&mod=708be71b&uri=form.php%3Fid%3D1846101-700%26name%3Dbarn+cat HTTP/1.1" 200 39887 "-" "Mozilla/5.0 (Linux; Android 6.0.1; Nexus 5X Build/MMB29P) AppleWebKit/537.36 (KHTML, like Gecko) Chrome/137.0.7151.103 Mobile Safari/537.36 (compatible; Googlebot/2.1; +http://www.google.com/bot.html)"
66.249.73.234 - - [15/Jul/2025:13:46:33 +0000] "GET /?e=55326929011000&mod=708be71b&uri=form.php%3Fid%3D1846301-700%26name%3Dwhippet+lab+mix+puppies+for+sale HTTP/1.1" 200 39993 "-" "Mozilla/5.0 (Linux; Android 6.0.1; Nexus 5X Build/MMB29P) AppleWebKit/537.36 (KHTML, like Gecko) Chrome/137.0.7151.103 Mobile Safari/537.36 (compatible; Googlebot/2.1; +http://www.google.com/bot.html)"
66.249.73.234 - - [15/Jul/2025:13:46:34 +0000] "GET /item/death22560145/ HTTP/1.1" 200 40143 "-" "Mozilla/5.0 (Linux; Android 6.0.1; Nexus 5X Build/MMB29P) AppleWebKit/537.36 (KHTML, like Gecko) Chrome/137.0.7151.103 Mobile Safari/537.36 (compatible; GoogleOther)"
66.249.73.233 - - [15/Jul/2025:13:46:35 +0000] "GET /?e=55319134141000&mod=708be71b&uri=info.php%3Fid%3D1846041-700%26name%3Dgirl+dog+heat+cycle HTTP/1.1" 200 39974 "-" "Mozilla/5.0 (Linux; Android 6.0.1; Nexus 5X Build/MMB29P) AppleWebKit/537.36 (KHTML, like Gecko) Chrome/137.0.7151.103 Mobile Safari/537.36 (compatible; Googlebot/2.1; +http://www.google.com/bot.html)"
66.249.73.235 - - [15/Jul/2025:13:46:36 +0000] "GET /?e=55323934031000&mod=c802ceaa&uri=article.php%3Fid%3D1846201-777%26name%3Dtraje+azul+con+chaleco+negro HTTP/1.1" 200 39840 "-" "Mozilla/5.0 (Linux; Android 6.0.1; Nexus 5X Build/MMB29P) AppleWebKit/537.36 (KHTML, like Gecko) Chrome/137.0.7151.103 Mobile Safari/537.36 (compatible; Googlebot/2.1; +http://www.google.com/bot.html)"
66.249.73.233 - - [15/Jul/2025:13:46:38 +0000] "GET /?e=55321084041000&mod=708be71b&uri=search.php%3Fid%3D1846106-700%26name%3Dhow+far+will+a+male+dog+travel+for+a+female+in+heat HTTP/1.1" 200 40008 "-" "Mozilla/5.0 (Linux; Android 6.0.1; Nexus 5X Build/MMB29P) AppleWebKit/537.36 (KHTML, like Gecko) Chrome/137.0.7151.103 Mobile Safari/537.36 (compatible; Googlebot/2.1; +http://www.google.com/bot.html)"
66.249.73.235 - - [15/Jul/2025:13:46:39 +0000] "POST /get-message-notify HTTP/1.1" 200 40012 "https://cyber-secure.com.au/?e=55239657031000&mod=07ac7cd1&uri=brands.php%3Fid%3D1843391-781%26name%3Dadidas+energy+boost+femme" "Mozilla/5.0 (Linux; Android 6.0.1; Nexus 5X Build/MMB29P) AppleWebKit/537.36 (KHTML, like Gecko) Chrome/137.0.7151.119 Mobile Safari/537.36 (compatible; Googlebot/2.1; +http://www.google.com/bot.html)"
66.249.73.235 - - [15/Jul/2025:13:46:42 +0000] "GET /?e=55322884041000&mod=c802ceaa&uri=article.php%3Fid%3D1846166-777%26name%3Dtrajes+color+azul+oscuro HTTP/1.1" 200 39988 "-" "Mozilla/5.0 (Linux; Android 6.0.1; Nexus 5X Build/MMB29P) AppleWebKit/537.36 (KHTML, like Gecko) Chrome/137.0.7151.103 Mobile Safari/537.36 (compatible; Googlebot/2.1; +http://www.google.com/bot.html)"
66.249.73.235 - - [15/Jul/2025:13:46:43 +0000] "GET /item/secur72553958/ HTTP/1.1" 200 39980 "-" "Mozilla/5.0 (Linux; Android 6.0.1; Nexus 5X Build/MMB29P) AppleWebKit/537.36 (KHTML, like Gecko) Chrome/137.0.7151.103 Mobile Safari/537.36 (compatible; GoogleOther)"
66.249.73.234 - - [15/Jul/2025:13:46:49 +0000] "GET /?e=21093606021000&mod=07ac7cd1&uri=dp.php%3Fid%3D704106-781%26name%3Dadidas+tubular+primeknit+black+and+white HTTP/1.1" 200 39963 "-" "Mozilla/5.0 (Linux; Android 6.0.1; Nexus 5X Build/MMB29P) AppleWebKit/537.36 (KHTML, like Gecko) Chrome/137.0.7151.103 Mobile Safari/537.36 (compatible; Googlebot/2.1; +http://www.google.com/bot.html)"
66.249.73.235 - - [15/Jul/2025:13:46:49 +0000] "GET /item/finis42476395/ HTTP/1.1" 200 40520 "-" "Mozilla/5.0 (Linux; Android 6.0.1; Nexus 5X Build/MMB29P) AppleWebKit/537.36 (KHTML, like Gecko) Chrome/137.0.7151.103 Mobile Safari/537.36 (compatible; GoogleOther)"
66.249.73.233 - - [15/Jul/2025:13:46:53 +0000] "GET /?e=55246497021000&mod=675be393&uri=product.php%3Fid%3D1843619-565%26name%3Dadidas+zx+flux+xeno+dubai HTTP/1.1" 200 39991 "-" "Mozilla/5.0 (Linux; Android 6.0.1; Nexus 5X Build/MMB29P) AppleWebKit/537.36 (KHTML, like Gecko) Chrome/137.0.7151.103 Mobile Safari/537.36 (compatible; Googlebot/2.1; +http://www.google.com/bot.html)"
66.249.73.234 - - [15/Jul/2025:13:46:55 +0000] "GET /?e=55329179041000&mod=c802ceaa&uri=pin.php%3Fid%3D1846376-777%26name%3Dtraje+negro+cruzado+hombre HTTP/1.1" 200 39843 "-" "Mozilla/5.0 (Linux; Android 6.0.1; Nexus 5X Build/MMB29P) AppleWebKit/537.36 (KHTML, like Gecko) Chrome/137.0.7151.103 Mobile Safari/537.36 (compatible; Googlebot/2.1; +http://www.google.com/bot.html)"
66.249.73.235 - - [15/Jul/2025:13:46:55 +0000] "GET /item/limb81350983/ HTTP/1.1" 200 40823 "-" "Mozilla/5.0 (Linux; Android 6.0.1; Nexus 5X Build/MMB29P) AppleWebKit/537.36 (KHTML, like Gecko) Chrome/137.0.7151.103 Mobile Safari/537.36 (compatible; GoogleOther)"
66.249.66.11 - - [15/Jul/2025:13:46:56 +0000] "GET /?e=55319734011000&mod=708be71b&uri=category-info.php%3Fid%3D1846061-700%26name%3Dhow+old+do+dogs+have+to+be+to+be+in+heat HTTP/1.1" 200 39990 "-" "Mozilla/5.0 (Linux; Android 6.0.1; Nexus 5X Build/MMB29P) AppleWebKit/537.36 (KHTML, like Gecko) Chrome/137.0.7151.103 Mobile Safari/537.36 (compatible; Googlebot/2.1; +http://www.google.com/bot.html)"
66.249.73.234 - - [15/Jul/2025:13:46:57 +0000] "POST /get-message-notify HTTP/1.1" 200 40059 "https://cyber-secure.com.au/?e=55246497021000&mod=675be393&uri=product.php%3Fid%3D1843619-565%26name%3Dadidas+zx+flux+xeno+dubai" "Mozilla/5.0 (Linux; Android 6.0.1; Nexus 5X Build/MMB29P) AppleWebKit/537.36 (KHTML, like Gecko) Chrome/137.0.7151.119 Mobile Safari/537.36 (compatible; Googlebot/2.1; +http://www.google.com/bot.html)"
66.249.73.236 - - [15/Jul/2025:13:46:58 +0000] "GET /?e=55318084001000&mod=708be71b&uri=pin.php%3Fid%3D1846006-700%26name%3Dsmall+whippet+for+sale HTTP/1.1" 200 39902 "-" "Mozilla/5.0 (Linux; Android 6.0.1; Nexus 5X Build/MMB29P) AppleWebKit/537.36 (KHTML, like Gecko) Chrome/137.0.7151.103 Mobile Safari/537.36 (compatible; Googlebot/2.1; +http://www.google.com/bot.html)"
66.249.73.236 - - [15/Jul/2025:13:46:59 +0000] "GET /?e=55328729011000&mod=c802ceaa&uri=shop.php%3Fid%3D1846361-777%26name%3Dterno+color+azul HTTP/1.1" 200 39900 "-" "Mozilla/5.0 (Linux; Android 6.0.1; Nexus 5X Build/MMB29P) AppleWebKit/537.36 (KHTML, like Gecko) Chrome/137.0.7151.103 Mobile Safari/537.36 (compatible; Googlebot/2.1; +http://www.google.com/bot.html)"
66.249.73.234 - - [15/Jul/2025:13:47:02 +0000] "GET /item/hones61332821/ HTTP/1.1" 200 40257 "-" "Mozilla/5.0 (Linux; Android 6.0.1; Nexus 5X Build/MMB29P) AppleWebKit/537.36 (KHTML, like Gecko) Chrome/137.0.7151.103 Mobile Safari/537.36 (compatible; GoogleOther)"
66.249.73.234 - - [15/Jul/2025:13:47:04 +0000] "GET /?e=55325734011000&mod=c802ceaa&uri=us.php%3Fid%3D1846261-777%26name%3Dtraje+azul+marino+polo+club HTTP/1.1" 200 39915 "-" "Mozilla/5.0 (Linux; Android 6.0.1; Nexus 5X Build/MMB29P) AppleWebKit/537.36 (KHTML, like Gecko) Chrome/137.0.7151.103 Mobile Safari/537.36 (compatible; Googlebot/2.1; +http://www.google.com/bot.html)"
66.249.73.234 - - [15/Jul/2025:13:47:05 +0000] "GET /?e=55239627111000&mod=07ac7cd1&uri=products.php%3Fid%3D1843390-781%26name%3Dadidas+boost+skroutz HTTP/1.1" 200 39770 "-" "Mozilla/5.0 (Linux; Android 6.0.1; Nexus 5X Build/MMB29P) AppleWebKit/537.36 (KHTML, like Gecko) Chrome/137.0.7151.103 Mobile Safari/537.36 (compatible; Googlebot/2.1; +http://www.google.com/bot.html)"
66.249.73.235 - - [15/Jul/2025:13:47:07 +0000] "GET /?e=55327679021000&mod=c802ceaa&uri=shop.php%3Fid%3D1846326-777%26name%3Dtraje+azul+rayado HTTP/1.1" 200 39827 "-" "Mozilla/5.0 (Linux; Android 6.0.1; Nexus 5X Build/MMB29P) AppleWebKit/537.36 (KHTML, like Gecko) Chrome/137.0.7151.103 Mobile Safari/537.36 (compatible; Googlebot/2.1; +http://www.google.com/bot.html)"
66.249.73.234 - - [15/Jul/2025:13:47:12 +0000] "POST /get-message-notify HTTP/1.1" 200 39978 "https://cyber-secure.com.au/?e=55324234091000&mod=708be71b&uri=itm.php%3Fid%3D1846211-700%26name%3Drescue+labs+for+sale" "Mozilla/5.0 (Linux; Android 6.0.1; Nexus 5X Build/MMB29P) AppleWebKit/537.36 (KHTML, like Gecko) Chrome/137.0.7151.119 Mobile Safari/537.36 (compatible; Googlebot/2.1; +http://www.google.com/bot.html)"
66.249.73.234 - - [15/Jul/2025:13:47:13 +0000] "GET /?e=55320034141000&mod=708be71b&uri=article.php%3Fid%3D1846071-700%26name%3Dsaint+bernard+lab+mix+puppies+for+sale HTTP/1.1" 200 39892 "-" "Mozilla/5.0 (Linux; Android 6.0.1; Nexus 5X Build/MMB29P) AppleWebKit/537.36 (KHTML, like Gecko) Chrome/137.0.7151.103 Mobile Safari/537.36 (compatible; Googlebot/2.1; +http://www.google.com/bot.html)"
66.249.73.234 - - [15/Jul/2025:13:47:14 +0000] "GET /item/poste40425563/ HTTP/1.1" 200 40195 "-" "Mozilla/5.0 (Linux; Android 6.0.1; Nexus 5X Build/MMB29P) AppleWebKit/537.36 (KHTML, like Gecko) Chrome/137.0.7151.103 Mobile Safari/537.36 (compatible; GoogleOther)"
66.249.73.233 - - [15/Jul/2025:13:47:15 +0000] "GET /?e=55319884001000&mod=99902887&uri=dp.php%3Fid%3D1846066-501%26name%3Dfigure+rise+standard+trunks HTTP/1.1" 200 40050 "-" "Mozilla/5.0 (Linux; Android 6.0.1; Nexus 5X Build/MMB29P) AppleWebKit/537.36 (KHTML, like Gecko) Chrome/137.0.7151.103 Mobile Safari/537.36 (compatible; Googlebot/2.1; +http://www.google.com/bot.html)"
66.249.73.233 - - [15/Jul/2025:13:47:15 +0000] "POST /get-message-notify HTTP/1.1" 200 40122 "https://cyber-secure.com.au/?e=10125787041000&mod=18d80423&uri=brands.php%3Fid%3D338108-40%26name%3Dcheap+lawn+mower+service" "Mozilla/5.0 (Linux; Android 6.0.1; Nexus 5X Build/MMB29P) AppleWebKit/537.36 (KHTML, like Gecko) Chrome/137.0.7151.119 Mobile Safari/537.36 (compatible; Googlebot/2.1; +http://www.google.com/bot.html)"
66.249.73.233 - - [15/Jul/2025:13:47:16 +0000] "GET /?e=55327079041000&mod=c802ceaa&uri=info.php%3Fid%3D1846306-777%26name%3Dpijamas+mujer+la+perla HTTP/1.1" 200 39961 "-" "Mozilla/5.0 (Linux; Android 6.0.1; Nexus 5X Build/MMB29P) AppleWebKit/537.36 (KHTML, like Gecko) Chrome/137.0.7151.103 Mobile Safari/537.36 (compatible; Googlebot/2.1; +http://www.google.com/bot.html)"
66.249.73.233 - - [15/Jul/2025:13:47:19 +0000] "GET /?e=55239627031000&mod=07ac7cd1&uri=category-info.php%3Fid%3D1843390-781%26name%3Dadidas+boost+skroutz HTTP/1.1" 200 39935 "-" "Mozilla/5.0 (Linux; Android 6.0.1; Nexus 5X Build/MMB29P) AppleWebKit/537.36 (KHTML, like Gecko) Chrome/137.0.7151.103 Mobile Safari/537.36 (compatible; Googlebot/2.1; +http://www.google.com/bot.html)"
209.74.77.214 - - [15/Jul/2025:13:47:23 +0000] "POST /wp-cron.php?doing_wp_cron=1752587243.8379220962524414062500 HTTP/1.1" 200 - "-" "WordPress/6.8.1; https://cyber-secure.com.au"
66.249.73.234 - - [15/Jul/2025:13:47:23 +0000] "GET /item/extra61641365/ HTTP/1.1" 200 40242 "-" "Mozilla/5.0 (Linux; Android 6.0.1; Nexus 5X Build/MMB29P) AppleWebKit/537.36 (KHTML, like Gecko) Chrome/137.0.7151.103 Mobile Safari/537.36 (compatible; GoogleOther)"
209.74.77.214 - - [15/Jul/2025:13:47:23 +0000] "POST /wp-admin/admin-ajax.php?action=async_litespeed&nonce=vf1JpuO479A3KIObIw63hxdp1UUeQCvw&litespeed_type=imgoptm HTTP/1.1" 200 21 "-" "WordPress/6.8.1; https://cyber-secure.com.au"
51.222.253.13 - - [15/Jul/2025:13:47:23 +0000] "GET /item/halfw42703659/ HTTP/1.1" 404 18304 "-" "Mozilla/5.0 (compatible; AhrefsBot/7.0; +http://ahrefs.com/robot/)"
66.249.73.234 - - [15/Jul/2025:13:47:28 +0000] "GET /?e=55246227041000&mod=07ac7cd1&uri=category-info.php%3Fid%3D1843610-781%26name%3Dadidas+gazelle+boost+pink HTTP/1.1" 200 40058 "-" "Mozilla/5.0 (Linux; Android 6.0.1; Nexus 5X Build/MMB29P) AppleWebKit/537.36 (KHTML, like Gecko) Chrome/137.0.7151.103 Mobile Safari/537.36 (compatible; Googlebot/2.1; +http://www.google.com/bot.html)"
66.249.73.234 - - [15/Jul/2025:13:47:29 +0000] "GET /item/forgi82183175/ HTTP/1.1" 200 40636 "-" "Mozilla/5.0 (Linux; Android 6.0.1; Nexus 5X Build/MMB29P) AppleWebKit/537.36 (KHTML, like Gecko) Chrome/137.0.7151.103 Mobile Safari/537.36 (compatible; GoogleOther)"
66.249.73.234 - - [15/Jul/2025:13:47:29 +0000] "GET /?e=55317784021000&mod=708be71b&uri=dp.php%3Fid%3D1845996-700%26name%3Dwhen+do+puppies+first+come+into+season HTTP/1.1" 200 39875 "-" "Mozilla/5.0 (Linux; Android 6.0.1; Nexus 5X Build/MMB29P) AppleWebKit/537.36 (KHTML, like Gecko) Chrome/137.0.7151.103 Mobile Safari/537.36 (compatible; Googlebot/2.1; +http://www.google.com/bot.html)"
66.249.73.234 - - [15/Jul/2025:13:47:31 +0000] "POST /get-message-notify HTTP/1.1" 200 39943 "https://cyber-secure.com.au/?e=55239627111000&mod=07ac7cd1&uri=products.php%3Fid%3D1843390-781%26name%3Dadidas+boost+skroutz" "Mozilla/5.0 (Linux; Android 6.0.1; Nexus 5X Build/MMB29P) AppleWebKit/537.36 (KHTML, like Gecko) Chrome/137.0.7151.119 Mobile Safari/537.36 (compatible; Googlebot/2.1; +http://www.google.com/bot.html)"
66.249.73.233 - - [15/Jul/2025:13:47:31 +0000] "GET /?e=55324984041000&mod=c802ceaa&uri=products.php%3Fid%3D1846236-777%26name%3Dterno+color+azul+presidencial HTTP/1.1" 200 39961 "-" "Mozilla/5.0 (Linux; Android 6.0.1; Nexus 5X Build/MMB29P) AppleWebKit/537.36 (KHTML, like Gecko) Chrome/137.0.7151.103 Mobile Safari/537.36 (compatible; Googlebot/2.1; +http://www.google.com/bot.html)"
66.249.73.234 - - [15/Jul/2025:13:47:33 +0000] "GET /?e=55324384041000&mod=708be71b&uri=itm.php%3Fid%3D1846216-700%26name%3Dmy+dog+is+in+heat+when+can+she+get+pregnant HTTP/1.1" 200 39993 "-" "Mozilla/5.0 (Linux; Android 6.0.1; Nexus 5X Build/MMB29P) AppleWebKit/537.36 (KHTML, like Gecko) Chrome/137.0.7151.103 Mobile Safari/537.36 (compatible; Googlebot/2.1; +http://www.google.com/bot.html)"
66.249.73.233 - - [15/Jul/2025:13:47:35 +0000] "GET /item/adapt51001988/ HTTP/1.1" 200 40182 "-" "Mozilla/5.0 (Linux; Android 6.0.1; Nexus 5X Build/MMB29P) AppleWebKit/537.36 (KHTML, like Gecko) Chrome/137.0.7151.103 Mobile Safari/537.36 (compatible; GoogleOther)"
66.249.73.233 - - [15/Jul/2025:13:47:41 +0000] "GET /item/dime82815831/ HTTP/1.1" 200 40266 "-" "Mozilla/5.0 (Linux; Android 6.0.1; Nexus 5X Build/MMB29P) AppleWebKit/537.36 (KHTML, like Gecko) Chrome/137.0.7151.103 Mobile Safari/537.36 (compatible; GoogleOther)"
66.249.73.234 - - [15/Jul/2025:13:47:43 +0000] "GET /?e=55273977031000&mod=cc3d69ed&uri=article.php%3Fid%3D1844535-310%26name%3Dzebronics+h61+motherboard+ram+capacity HTTP/1.1" 200 40031 "-" "Mozilla/5.0 (Linux; Android 6.0.1; Nexus 5X Build/MMB29P) AppleWebKit/537.36 (KHTML, like Gecko) Chrome/137.0.7151.103 Mobile Safari/537.36 (compatible; Googlebot/2.1; +http://www.google.com/bot.html)"
66.249.73.235 - - [15/Jul/2025:13:47:43 +0000] "POST /get-message-notify HTTP/1.1" 200 39969 "https://cyber-secure.com.au/item/guara62790405/" "Mozilla/5.0 (Linux; Android 6.0.1; Nexus 5X Build/MMB29P) AppleWebKit/537.36 (KHTML, like Gecko) Chrome/137.0.7151.119 Mobile Safari/537.36 (compatible; Googlebot/2.1; +http://www.google.com/bot.html)"
66.249.73.235 - - [15/Jul/2025:13:47:46 +0000] "GET /?e=55328579041000&mod=c802ceaa&uri=goods.php%3Fid%3D1846356-777%26name%3Dplayera+supreme+oreo HTTP/1.1" 200 39917 "-" "Mozilla/5.0 (Linux; Android 6.0.1; Nexus 5X Build/MMB29P) AppleWebKit/537.36 (KHTML, like Gecko) Chrome/137.0.7151.103 Mobile Safari/537.36 (compatible; Googlebot/2.1; +http://www.google.com/bot.html)"
66.249.73.235 - - [15/Jul/2025:13:47:47 +0000] "POST /get-message-notify HTTP/1.1" 200 40001 "https://cyber-secure.com.au/?e=55320034141000&mod=708be71b&uri=article.php%3Fid%3D1846071-700%26name%3Dsaint+bernard+lab+mix+puppies+for+sale" "Mozilla/5.0 (Linux; Android 6.0.1; Nexus 5X Build/MMB29P) AppleWebKit/537.36 (KHTML, like Gecko) Chrome/137.0.7151.119 Mobile Safari/537.36 (compatible; Googlebot/2.1; +http://www.google.com/bot.html)"
66.249.73.234 - - [15/Jul/2025:13:47:47 +0000] "GET /?e=55328429091000&mod=c802ceaa&uri=goods.php%3Fid%3D1846351-777%26name%3Dcamiseta+ea7+negra HTTP/1.1" 200 39943 "-" "Mozilla/5.0 (Linux; Android 6.0.1; Nexus 5X Build/MMB29P) AppleWebKit/537.36 (KHTML, like Gecko) Chrome/137.0.7151.103 Mobile Safari/537.36 (compatible; Googlebot/2.1; +http://www.google.com/bot.html)"
66.249.73.235 - - [15/Jul/2025:13:47:48 +0000] "GET /item/colla50435332/ HTTP/1.1" 200 40094 "-" "Mozilla/5.0 (Linux; Android 6.0.1; Nexus 5X Build/MMB29P) AppleWebKit/537.36 (KHTML, like Gecko) Chrome/137.0.7151.103 Mobile Safari/537.36 (compatible; GoogleOther)"
66.249.73.234 - - [15/Jul/2025:13:47:49 +0000] "GET /?e=55328279041000&mod=c802ceaa&uri=news.php%3Fid%3D1846346-777%26name%3Dmarca+de+ropa+muaa HTTP/1.1" 200 39949 "-" "Mozilla/5.0 (Linux; Android 6.0.1; Nexus 5X Build/MMB29P) AppleWebKit/537.36 (KHTML, like Gecko) Chrome/137.0.7151.103 Mobile Safari/537.36 (compatible; Googlebot/2.1; +http://www.google.com/bot.html)"
66.249.73.233 - - [15/Jul/2025:13:47:50 +0000] "POST /get-message-notify HTTP/1.1" 200 40080 "https://cyber-secure.com.au/?e=55273977031000&mod=cc3d69ed&uri=article.php%3Fid%3D1844535-310%26name%3Dzebronics+h61+motherboard+ram+capacity" "Mozilla/5.0 (Linux; Android 6.0.1; Nexus 5X Build/MMB29P) AppleWebKit/537.36 (KHTML, like Gecko) Chrome/137.0.7151.119 Mobile Safari/537.36 (compatible; Googlebot/2.1; +http://www.google.com/bot.html)"
66.249.73.234 - - [15/Jul/2025:13:47:52 +0000] "POST /get-message-notify HTTP/1.1" 200 39995 "https://cyber-secure.com.au/?e=55328729011000&mod=c802ceaa&uri=shop.php%3Fid%3D1846361-777%26name%3Dterno+color+azul" "Mozilla/5.0 (Linux; Android 6.0.1; Nexus 5X Build/MMB29P) AppleWebKit/537.36 (KHTML, like Gecko) Chrome/137.0.7151.119 Mobile Safari/537.36 (compatible; Googlebot/2.1; +http://www.google.com/bot.html)"
66.249.73.234 - - [15/Jul/2025:13:47:53 +0000] "GET /?e=55323634091000&mod=708be71b&uri=form.php%3Fid%3D1846191-700%26name%3Dbest+cats+for+pets HTTP/1.1" 200 39830 "-" "Mozilla/5.0 (Linux; Android 6.0.1; Nexus 5X Build/MMB29P) AppleWebKit/537.36 (KHTML, like Gecko) Chrome/137.0.7151.103 Mobile Safari/537.36 (compatible; Googlebot/2.1; +http://www.google.com/bot.html)"
66.249.73.234 - - [15/Jul/2025:13:47:54 +0000] "GET /item/examp12292472/ HTTP/1.1" 200 39910 "-" "Mozilla/5.0 (Linux; Android 6.0.1; Nexus 5X Build/MMB29P) AppleWebKit/537.36 (KHTML, like Gecko) Chrome/137.0.7151.103 Mobile Safari/537.36 (compatible; GoogleOther)"
66.249.73.235 - - [15/Jul/2025:13:47:55 +0000] "GET /?e=19768649021000&mod=e698959e&uri=shared.php%3Fid%3D659900-752%26name%3Dbralette+monki HTTP/1.1" 200 39932 "-" "Mozilla/5.0 (Linux; Android 6.0.1; Nexus 5X Build/MMB29P) AppleWebKit/537.36 (KHTML, like Gecko) Chrome/137.0.7151.103 Mobile Safari/537.36 (compatible; Googlebot/2.1; +http://www.google.com/bot.html)"
66.249.73.236 - - [15/Jul/2025:13:47:56 +0000] "GET /?e=19655401021000&mod=f4f1f13c&uri=us.php%3Fid%3D656124-750%26name%3Dguess+mochila+roja HTTP/1.1" 200 39888 "-" "Mozilla/5.0 (Linux; Android 6.0.1; Nexus 5X Build/MMB29P) AppleWebKit/537.36 (KHTML, like Gecko) Chrome/137.0.7151.103 Mobile Safari/537.36 (compatible; Googlebot/2.1; +http://www.google.com/bot.html)"
66.249.73.234 - - [15/Jul/2025:13:47:58 +0000] "GET /?e=19777193001000&mod=e698959e&uri=goods.php%3Fid%3D660185-752%26name%3Dbest+loose+boxers HTTP/1.1" 200 39941 "-" "Mozilla/5.0 (Linux; Android 6.0.1; Nexus 5X Build/MMB29P) AppleWebKit/537.36 (KHTML, like Gecko) Chrome/137.0.7151.103 Mobile Safari/537.36 (compatible; Googlebot/2.1; +http://www.google.com/bot.html)"
66.249.73.234 - - [15/Jul/2025:13:48:02 +0000] "GET /?e=19683708021000&mod=b06b5541&uri=itm.php%3Fid%3D657068-248%26name%3Dfaraz+attar HTTP/1.1" 200 39926 "-" "Mozilla/5.0 (Linux; Android 6.0.1; Nexus 5X Build/MMB29P) AppleWebKit/537.36 (KHTML, like Gecko) Chrome/137.0.7151.103 Mobile Safari/537.36 (compatible; Googlebot/2.1; +http://www.google.com/bot.html)"
66.249.73.233 - - [15/Jul/2025:13:48:03 +0000] "GET /item/drama42090139/ HTTP/1.1" 200 40204 "-" "Mozilla/5.0 (Linux; Android 6.0.1; Nexus 5X Build/MMB29P) AppleWebKit/537.36 (KHTML, like Gecko) Chrome/137.0.7151.103 Mobile Safari/537.36 (compatible; GoogleOther)"
66.249.73.235 - - [15/Jul/2025:13:48:04 +0000] "GET /?e=19766909021000&mod=e698959e&uri=products.php%3Fid%3D659842-752%26name%3Dseamless+boxer+briefs HTTP/1.1" 200 39999 "-" "Mozilla/5.0 (Linux; Android 6.0.1; Nexus 5X Build/MMB29P) AppleWebKit/537.36 (KHTML, like Gecko) Chrome/137.0.7151.103 Mobile Safari/537.36 (compatible; Googlebot/2.1; +http://www.google.com/bot.html)"
66.249.73.234 - - [15/Jul/2025:13:48:08 +0000] "GET /?e=19775306001000&mod=e698959e&uri=search.php%3Fid%3D660122-752%26name%3Dhiking+underwear+women HTTP/1.1" 200 39957 "-" "Mozilla/5.0 (Linux; Android 6.0.1; Nexus 5X Build/MMB29P) AppleWebKit/537.36 (KHTML, like Gecko) Chrome/137.0.7151.103 Mobile Safari/537.36 (compatible; Googlebot/2.1; +http://www.google.com/bot.html)"
66.249.73.233 - - [15/Jul/2025:13:48:09 +0000] "GET /?e=72282147001000&mod=d4a973e3&uri=pin.php%3Fid%3D2412140-808%26name%3Dabrigo+mckenzie HTTP/1.1" 200 39951 "-" "Mozilla/5.0 (Linux; Android 6.0.1; Nexus 5X Build/MMB29P) AppleWebKit/537.36 (KHTML, like Gecko) Chrome/137.0.7151.103 Mobile Safari/537.36 (compatible; GoogleOther)"
66.249.73.234 - - [15/Jul/2025:13:48:10 +0000] "GET /?e=19655341001000&mod=f4f1f13c&uri=goods.php%3Fid%3D656122-750%26name%3Dcorte+ingles+rebajas+bolsos+mujer HTTP/1.1" 200 39914 "-" "Mozilla/5.0 (Linux; Android 6.0.1; Nexus 5X Build/MMB29P) AppleWebKit/537.36 (KHTML, like Gecko) Chrome/137.0.7151.103 Mobile Safari/537.36 (compatible; Googlebot/2.1; +http://www.google.com/bot.html)"
66.249.73.233 - - [15/Jul/2025:13:48:12 +0000] "GET /?e=19772996101000&mod=e698959e&uri=shared.php%3Fid%3D660045-752%26name%3Dboyfriend+brief HTTP/1.1" 200 39917 "-" "Mozilla/5.0 (Linux; Android 6.0.1; Nexus 5X Build/MMB29P) AppleWebKit/537.36 (KHTML, like Gecko) Chrome/137.0.7151.103 Mobile Safari/537.36 (compatible; Googlebot/2.1; +http://www.google.com/bot.html)"
66.249.73.233 - - [15/Jul/2025:13:48:12 +0000] "GET /item/concr12241944/ HTTP/1.1" 200 40540 "-" "Mozilla/5.0 (Linux; Android 6.0.1; Nexus 5X Build/MMB29P) AppleWebKit/537.36 (KHTML, like Gecko) Chrome/137.0.7151.103 Mobile Safari/537.36 (compatible; GoogleOther)"
66.249.73.233 - - [15/Jul/2025:13:48:14 +0000] "POST /get-message-notify HTTP/1.1" 200 40010 "https://cyber-secure.com.au/?e=55324984041000&mod=c802ceaa&uri=products.php%3Fid%3D1846236-777%26name%3Dterno+color+azul+presidencial" "Mozilla/5.0 (Linux; Android 6.0.1; Nexus 5X Build/MMB29P) AppleWebKit/537.36 (KHTML, like Gecko) Chrome/137.0.7151.119 Mobile Safari/537.36 (compatible; Googlebot/2.1; +http://www.google.com/bot.html)"
66.249.73.233 - - [15/Jul/2025:13:48:15 +0000] "GET /?e=19765229001000&mod=e698959e&uri=brands.php%3Fid%3D659786-752%26name%3Dcalvin+klein+qf1804 HTTP/1.1" 200 40011 "-" "Mozilla/5.0 (Linux; Android 6.0.1; Nexus 5X Build/MMB29P) AppleWebKit/537.36 (KHTML, like Gecko) Chrome/137.0.7151.103 Mobile Safari/537.36 (compatible; Googlebot/2.1; +http://www.google.com/bot.html)"
66.249.73.233 - - [15/Jul/2025:13:48:19 +0000] "GET /item/prefe82217543/ HTTP/1.1" 200 40438 "-" "Mozilla/5.0 (Linux; Android 6.0.1; Nexus 5X Build/MMB29P) AppleWebKit/537.36 (KHTML, like Gecko) Chrome/137.0.7151.103 Mobile Safari/537.36 (compatible; GoogleOther)"
66.249.73.233 - - [15/Jul/2025:13:48:21 +0000] "POST /get-message-notify HTTP/1.1" 200 40091 "https://cyber-secure.com.au/?e=19765229001000&mod=e698959e&uri=brands.php%3Fid%3D659786-752%26name%3Dcalvin+klein+qf1804" "Mozilla/5.0 (Linux; Android 6.0.1; Nexus 5X Build/MMB29P) AppleWebKit/537.36 (KHTML, like Gecko) Chrome/137.0.7151.119 Mobile Safari/537.36 (compatible; Googlebot/2.1; +http://www.google.com/bot.html)"
66.249.73.233 - - [15/Jul/2025:13:48:21 +0000] "GET /?e=19782803041000&mod=0738069b&uri=us.php%3Fid%3D660372-283%26name%3Ddirt+bike+riding+boots+mens HTTP/1.1" 200 39912 "-" "Mozilla/5.0 (Linux; Android 6.0.1; Nexus 5X Build/MMB29P) AppleWebKit/537.36 (KHTML, like Gecko) Chrome/137.0.7151.103 Mobile Safari/537.36 (compatible; Googlebot/2.1; +http://www.google.com/bot.html)"
66.249.73.234 - - [15/Jul/2025:13:48:25 +0000] "GET /item/resem20462401/ HTTP/1.1" 200 40065 "-" "Mozilla/5.0 (Linux; Android 6.0.1; Nexus 5X Build/MMB29P) AppleWebKit/537.36 (KHTML, like Gecko) Chrome/137.0.7151.103 Mobile Safari/537.36 (compatible; GoogleOther)"
66.249.73.233 - - [15/Jul/2025:13:48:26 +0000] "GET /?e=46164783031000&mod=e3752bd2&uri=news.php%3Fid%3D1540653-1227%26name%3Dharga+stroller+baby+throne HTTP/1.1" 200 39932 "-" "Mozilla/5.0 (Linux; Android 6.0.1; Nexus 5X Build/MMB29P) AppleWebKit/537.36 (KHTML, like Gecko) Chrome/137.0.7151.103 Mobile Safari/537.36 (compatible; Googlebot/2.1; +http://www.google.com/bot.html)"
66.249.73.234 - - [15/Jul/2025:13:48:27 +0000] "GET /?e=18157433031000&mod=6c9882bb&uri=blog.php%3Fid%3D606133-25%26name%3Dxbox+game+pass+card HTTP/1.1" 200 40025 "-" "Mozilla/5.0 (Linux; Android 6.0.1; Nexus 5X Build/MMB29P) AppleWebKit/537.36 (KHTML, like Gecko) Chrome/137.0.7151.103 Mobile Safari/537.36 (compatible; Googlebot/2.1; +http://www.google.com/bot.html)"
66.249.73.234 - - [15/Jul/2025:13:48:28 +0000] "GET /?e=18143753071000&mod=160c8865&uri=info.php%3Fid%3D605677-119%26name%3Dnike+270+blancas+y+verdes HTTP/1.1" 200 39931 "-" "Mozilla/5.0 (Linux; Android 6.0.1; Nexus 5X Build/MMB29P) AppleWebKit/537.36 (KHTML, like Gecko) Chrome/137.0.7151.103 Mobile Safari/537.36 (compatible; Googlebot/2.1; +http://www.google.com/bot.html)"
66.249.73.234 - - [15/Jul/2025:13:48:31 +0000] "GET /item/fitne81890431/ HTTP/1.1" 200 39991 "-" "Mozilla/5.0 (Linux; Android 6.0.1; Nexus 5X Build/MMB29P) AppleWebKit/537.36 (KHTML, like Gecko) Chrome/137.0.7151.103 Mobile Safari/537.36 (compatible; GoogleOther)"
66.249.73.233 - - [15/Jul/2025:13:48:33 +0000] "GET /?e=18150593101000&mod=160c8865&uri=blog.php%3Fid%3D605905-119%26name%3Dcatalogo+andrea+hombre+2021 HTTP/1.1" 200 40060 "-" "Mozilla/5.0 (Linux; Android 6.0.1; Nexus 5X Build/MMB29P) AppleWebKit/537.36 (KHTML, like Gecko) Chrome/137.0.7151.103 Mobile Safari/537.36 (compatible; Googlebot/2.1; +http://www.google.com/bot.html)"
