Current File : /home/kelaby89/access-logs/gardenify.com.au.sixpack.studio
66.249.79.238 - - [15/Jul/2025:14:35:50 +0000] "GET /robots.txt HTTP/1.1" 200 96 "-" "Mozilla/5.0 (compatible; Googlebot/2.1; +http://www.google.com/bot.html)"
66.249.79.238 - - [15/Jul/2025:14:35:50 +0000] "GET /sitemap.xml HTTP/1.1" 200 3783 "-" "Mozilla/5.0 (compatible; Googlebot/2.1; +http://www.google.com/bot.html)"
209.74.77.214 - - [15/Jul/2025:14:55:28 +0000] "GET /.well-known/acme-challenge/HSVRBZCIGNY3PXTXK7RABUG20RSOE2MZ HTTP/1.1" 200 64 "-" "Cpanel-HTTP-Client/1.0"
209.74.77.214 - - [15/Jul/2025:14:55:29 +0000] "GET /.well-known/acme-challenge/4UUB_W-MHE2OONQDFVBT4MS749LQ8GXZ HTTP/1.1" 200 64 "-" "Cpanel-HTTP-Client/1.0"
209.74.77.214 - - [15/Jul/2025:14:55:29 +0000] "GET /.well-known/acme-challenge/WED_E9LFBPDTP73IM-7Y3VYE2SGKMAI8 HTTP/1.1" 200 64 "-" "Cpanel-HTTP-Client/1.0"
209.74.77.214 - - [15/Jul/2025:14:55:30 +0000] "GET /.well-known/acme-challenge/ZKS_8JGX6L443073RYOLKUHEY4F2UQJF HTTP/1.1" 200 64 "-" "Cpanel-HTTP-Client/1.0"
209.74.77.214 - - [15/Jul/2025:14:55:30 +0000] "GET /.well-known/acme-challenge/WKXSJNQPSP16GD1UGSKQGC4DXPAL3GAW HTTP/1.1" 200 64 "-" "Cpanel-HTTP-Client/1.0"
209.74.77.214 - - [15/Jul/2025:14:55:30 +0000] "GET /.well-known/acme-challenge/ICSP_13LLATI3P1CJ339S6DMENAVF-L4 HTTP/1.1" 200 64 "-" "Cpanel-HTTP-Client/1.0"
209.74.77.214 - - [15/Jul/2025:14:55:30 +0000] "GET /.well-known/acme-challenge/U_WRVMYFYFR9M6S-VD7B4F5_848BAP4H HTTP/1.1" 200 64 "-" "Cpanel-HTTP-Client/1.0"
209.74.77.214 - - [15/Jul/2025:14:55:30 +0000] "GET /.well-known/acme-challenge/RHY-MPQTQ4G1LLDP3R90EA3RDEHR36-B HTTP/1.1" 200 64 "-" "Cpanel-HTTP-Client/1.0"
199.195.248.168 - - [15/Jul/2025:15:17:00 +0000] "GET / HTTP/1.1" 301 - "gardenify.com.au" "Mozilla/5.0 (Linux; Android 9; motorola one zoom Build/PPHS29.59-51-6; wv) AppleWebKit/537.36 (KHTML, like Gecko) Version/4.0 Chrome/81.0.4044.138 Mobile Safari/537.36 [FB_IAB/FB4A;FBAV/268.1.0.54.121;]"
209.74.77.214 - - [15/Jul/2025:16:01:17 +0000] "POST /wp-cron.php?doing_wp_cron=1752595277.2304449081420898437500 HTTP/1.1" 200 - "-" "WordPress/6.8.1; https://gardenify.com.au"
172.56.161.77 - - [15/Jul/2025:16:01:16 +0000] "GET / HTTP/1.1" 301 - "-" "Mozilla/5.0 (Macintosh; Intel Mac OS X 12_5) AppleWebKit/537.36 (KHTML, like Gecko) Chrome/114.0.0.0 Safari/537.36 Edg/114.0.1264.71"
2a06:98c0:3600::103 - - [15/Jul/2025:17:53:42 +0000] "GET /wordpress/wp-admin/setup-config.php HTTP/1.1" 404 11754 "-" "Mozilla/5.0 (Windows NT 10.0; Win64; x64) AppleWebKit/537.36 (KHTML, like Gecko) Chrome/137.0.0.0 Safari/537.36"
2a06:98c0:3600::103 - - [15/Jul/2025:17:54:34 +0000] "GET /wp-admin/setup-config.php HTTP/1.1" 409 1144 "-" "Mozilla/5.0 (Windows NT 10.0; Win64; x64) AppleWebKit/537.36 (KHTML, like Gecko) Chrome/137.0.0.0 Safari/537.36"
209.74.77.214 - - [15/Jul/2025:17:55:25 +0000] "GET /.well-known/acme-challenge/1NSBRRWADD_D0446BG4V_VRE3Y8I92TD HTTP/1.1" 200 64 "-" "Cpanel-HTTP-Client/1.0"
209.74.77.214 - - [15/Jul/2025:17:55:27 +0000] "GET /.well-known/acme-challenge/TP2ARR4Z8AH_Y-8XBFZRTR347WVW42Y- HTTP/1.1" 200 64 "-" "Cpanel-HTTP-Client/1.0"
209.74.77.214 - - [15/Jul/2025:17:55:27 +0000] "GET /.well-known/acme-challenge/T8DPZKPBQAMW6T0E2EYN1UDFQ2MRWXAT HTTP/1.1" 200 64 "-" "Cpanel-HTTP-Client/1.0"
209.74.77.214 - - [15/Jul/2025:17:55:28 +0000] "GET /.well-known/acme-challenge/1CQSA_3L5EG2REX0_E31MOK1KNH1WO-7 HTTP/1.1" 200 64 "-" "Cpanel-HTTP-Client/1.0"
209.74.77.214 - - [15/Jul/2025:17:55:28 +0000] "GET /.well-known/acme-challenge/FA2VAK2IXNAMB2CKR65O-TCHTUWJR8N3 HTTP/1.1" 200 64 "-" "Cpanel-HTTP-Client/1.0"
209.74.77.214 - - [15/Jul/2025:17:55:28 +0000] "GET /.well-known/acme-challenge/JDV8YP2N8_U0P3Z17--D_I5-FB54S-TZ HTTP/1.1" 200 64 "-" "Cpanel-HTTP-Client/1.0"
209.74.77.214 - - [15/Jul/2025:17:55:28 +0000] "GET /.well-known/acme-challenge/R949RZ8H4570ZAQ68YO3NPLQ64JWC_9Q HTTP/1.1" 200 64 "-" "Cpanel-HTTP-Client/1.0"
209.74.77.214 - - [15/Jul/2025:17:55:28 +0000] "GET /.well-known/acme-challenge/3XC2ANMMVH_BOZO3ROP_U2DEU5YCDF8V HTTP/1.1" 200 64 "-" "Cpanel-HTTP-Client/1.0"
66.249.69.36 - - [15/Jul/2025:18:21:21 +0000] "GET /goodscode/53318667.shtm HTTP/1.1" 200 19227 "-" "Mozilla/5.0 (Linux; Android 6.0.1; Nexus 5X Build/MMB29P) AppleWebKit/537.36 (KHTML, like Gecko) Chrome/137.0.7151.103 Mobile Safari/537.36 (compatible; Googlebot/2.1; +http://www.google.com/bot.html)"
66.249.69.36 - - [15/Jul/2025:18:22:53 +0000] "POST /get-message-notify HTTP/1.1" 200 18125 "http://gardenify.com.au/goodscode/53318667.shtm" "Mozilla/5.0 (Linux; Android 6.0.1; Nexus 5X Build/MMB29P) AppleWebKit/537.36 (KHTML, like Gecko) Chrome/137.0.7151.119 Mobile Safari/537.36 (compatible; Googlebot/2.1; +http://www.google.com/bot.html)"
66.249.69.36 - - [15/Jul/2025:18:23:37 +0000] "GET /favicon.ico HTTP/1.1" 302 - "-" "Googlebot-Image/1.0"
66.249.69.36 - - [15/Jul/2025:18:44:56 +0000] "GET /goodscode/53329652.shtm HTTP/1.1" 200 19001 "-" "Mozilla/5.0 (Linux; Android 6.0.1; Nexus 5X Build/MMB29P) AppleWebKit/537.36 (KHTML, like Gecko) Chrome/137.0.7151.103 Mobile Safari/537.36 (compatible; Googlebot/2.1; +http://www.google.com/bot.html)"
66.249.69.36 - - [15/Jul/2025:18:50:12 +0000] "POST /get-message-notify HTTP/1.1" 200 18125 "http://gardenify.com.au/goodscode/53329652.shtm" "Mozilla/5.0 (Linux; Android 6.0.1; Nexus 5X Build/MMB29P) AppleWebKit/537.36 (KHTML, like Gecko) Chrome/137.0.7151.119 Mobile Safari/537.36 (compatible; Googlebot/2.1; +http://www.google.com/bot.html)"
209.74.77.214 - - [15/Jul/2025:20:55:13 +0000] "GET /.well-known/acme-challenge/Z5L1WCK6YNLP4BRY7_O05H_5-ERY79AB HTTP/1.1" 200 64 "-" "Cpanel-HTTP-Client/1.0"
209.74.77.214 - - [15/Jul/2025:20:55:14 +0000] "GET /.well-known/acme-challenge/67_W7AMZL9D5XOT_7SXBW7IL6YLFJZT3 HTTP/1.1" 200 64 "-" "Cpanel-HTTP-Client/1.0"
209.74.77.214 - - [15/Jul/2025:20:55:14 +0000] "GET /.well-known/acme-challenge/E5P8GZNTTZR47MZXUFSDP8RB4OVOO0YI HTTP/1.1" 200 64 "-" "Cpanel-HTTP-Client/1.0"
209.74.77.214 - - [15/Jul/2025:20:55:15 +0000] "GET /.well-known/acme-challenge/VS0VV3B4KRR30CL_AI8H5_R1P10BX06- HTTP/1.1" 200 64 "-" "Cpanel-HTTP-Client/1.0"
209.74.77.214 - - [15/Jul/2025:20:55:15 +0000] "GET /.well-known/acme-challenge/9FSZYZIY3TMEB9JQC47XIU2VII8I0DPS HTTP/1.1" 200 64 "-" "Cpanel-HTTP-Client/1.0"
209.74.77.214 - - [15/Jul/2025:20:55:15 +0000] "GET /.well-known/acme-challenge/F1YINAAUF7GFND9YXOKKJLRJPQAP0Y03 HTTP/1.1" 200 64 "-" "Cpanel-HTTP-Client/1.0"
209.74.77.214 - - [15/Jul/2025:20:55:15 +0000] "GET /.well-known/acme-challenge/HRRDSV_BEYIH_CTYTO0V8DOUK2QQ3DF1 HTTP/1.1" 200 64 "-" "Cpanel-HTTP-Client/1.0"
209.74.77.214 - - [15/Jul/2025:20:55:15 +0000] "GET /.well-known/acme-challenge/IXO4S4-SX2O0Q16M-CV0MRUD7TKB34LH HTTP/1.1" 200 64 "-" "Cpanel-HTTP-Client/1.0"
54.159.98.248 - - [15/Jul/2025:22:17:27 +0000] "GET /robots.txt HTTP/1.1" 200 96 "-" "Mozilla/5.0 AppleWebKit/537.36 (KHTML, like Gecko; compatible; Amazonbot/0.1; +https://developer.amazon.com/support/amazonbot) Chrome/119.0.6045.214 Safari/537.36"
54.204.62.163 - - [15/Jul/2025:22:17:27 +0000] "GET / HTTP/1.1" 301 - "-" "Mozilla/5.0 AppleWebKit/537.36 (KHTML, like Gecko; compatible; Amazonbot/0.1; +https://developer.amazon.com/support/amazonbot) Chrome/119.0.6045.214 Safari/537.36"
69.171.231.1 - - [15/Jul/2025:22:33:34 +0000] "GET /robots.txt HTTP/1.1" 206 81 "-" "facebookexternalhit/1.1 (+http://www.facebook.com/externalhit_uatext.php)"
205.210.31.193 - - [15/Jul/2025:22:39:20 +0000] "GET / HTTP/1.1" 301 - "-" "Hello from Palo Alto Networks, find out more about our scans in https://docs-cortex.paloaltonetworks.com/r/1/Cortex-Xpanse/Scanning-activity"
66.249.69.37 - - [15/Jul/2025:22:41:01 +0000] "GET /goodscode/53320665.shtm HTTP/1.1" 200 18818 "-" "Mozilla/5.0 (Linux; Android 6.0.1; Nexus 5X Build/MMB29P) AppleWebKit/537.36 (KHTML, like Gecko) Chrome/137.0.7151.103 Mobile Safari/537.36 (compatible; Googlebot/2.1; +http://www.google.com/bot.html)"
205.210.31.120 - - [15/Jul/2025:22:46:43 +0000] "GET / HTTP/1.1" 301 - "-" "\"Xpanse-bot"
104.197.69.115 - - [15/Jul/2025:22:49:04 +0000] "GET / HTTP/1.1" 301 - "-" "Mozilla/5.0 (X11; Linux x86_64) AppleWebKit/537.36 (KHTML, like Gecko) HeadlessChrome/117.0.5938.132 Safari/537.36"
34.72.176.129 - - [15/Jul/2025:22:49:10 +0000] "GET / HTTP/1.1" 301 - "-" "Mozilla/5.0 (Macintosh; Intel Mac OS X 10_15_4) AppleWebKit/537.36 (KHTML, like Gecko) Chrome/83.0.4103.97 Safari/537.36"
2a06:98c0:3600::103 - - [15/Jul/2025:23:14:38 +0000] "GET /wordpress/wp-admin/setup-config.php HTTP/1.1" 404 11755 "-" "Mozilla/5.0 (Windows NT 10.0; Win64; x64) AppleWebKit/537.36 (KHTML, like Gecko) Chrome/137.0.0.0 Safari/537.36"
2a06:98c0:3600::103 - - [15/Jul/2025:23:15:38 +0000] "GET /wp-admin/setup-config.php HTTP/1.1" 409 1144 "-" "Mozilla/5.0 (Windows NT 10.0; Win64; x64) AppleWebKit/537.36 (KHTML, like Gecko) Chrome/137.0.0.0 Safari/537.36"
209.74.77.214 - - [15/Jul/2025:23:55:12 +0000] "GET /.well-known/acme-challenge/PVVQHSKNELZ5ZQGB2TMYMC0OR5NO3IUP HTTP/1.1" 200 64 "-" "Cpanel-HTTP-Client/1.0"
209.74.77.214 - - [15/Jul/2025:23:55:14 +0000] "GET /.well-known/acme-challenge/1K15E-SG8THHQLQKUPPTK8CSE0U-ROH2 HTTP/1.1" 200 64 "-" "Cpanel-HTTP-Client/1.0"
209.74.77.214 - - [15/Jul/2025:23:55:14 +0000] "GET /.well-known/acme-challenge/UX1HRPJ3A5PVIVRMYK-7B9UMFLUA3MM4 HTTP/1.1" 200 64 "-" "Cpanel-HTTP-Client/1.0"
209.74.77.214 - - [15/Jul/2025:23:55:15 +0000] "GET /.well-known/acme-challenge/4UHAG1K03JW8LDAVAX8_LMMO1P03-27I HTTP/1.1" 200 64 "-" "Cpanel-HTTP-Client/1.0"
209.74.77.214 - - [15/Jul/2025:23:55:15 +0000] "GET /.well-known/acme-challenge/23C8WJWCKLERB5YJ4S17ZMKQFP0DZU-O HTTP/1.1" 200 64 "-" "Cpanel-HTTP-Client/1.0"
209.74.77.214 - - [15/Jul/2025:23:55:15 +0000] "GET /.well-known/acme-challenge/WX5O2XYXV21L3R5VT0I_K2JXOG_52YH3 HTTP/1.1" 200 64 "-" "Cpanel-HTTP-Client/1.0"
209.74.77.214 - - [15/Jul/2025:23:55:15 +0000] "GET /.well-known/acme-challenge/2295SIJ2MAGVOXDZDVMGGXWT74SLL-H4 HTTP/1.1" 200 64 "-" "Cpanel-HTTP-Client/1.0"
209.74.77.214 - - [15/Jul/2025:23:55:15 +0000] "GET /.well-known/acme-challenge/5DUJ0J0VRGAFKDZHP79LXZUE6AS30HLP HTTP/1.1" 200 64 "-" "Cpanel-HTTP-Client/1.0"
66.249.79.238 - - [16/Jul/2025:00:26:13 +0000] "GET /goodscode/53326131.shtm HTTP/1.1" 200 18485 "-" "Mozilla/5.0 (Linux; Android 6.0.1; Nexus 5X Build/MMB29P) AppleWebKit/537.36 (KHTML, like Gecko) Chrome/137.0.7151.103 Mobile Safari/537.36 (compatible; Googlebot/2.1; +http://www.google.com/bot.html)"
66.249.79.224 - - [16/Jul/2025:00:27:51 +0000] "GET /goodscode/53326906.shtm HTTP/1.1" 200 18566 "-" "Mozilla/5.0 (Linux; Android 6.0.1; Nexus 5X Build/MMB29P) AppleWebKit/537.36 (KHTML, like Gecko) Chrome/137.0.7151.103 Mobile Safari/537.36 (compatible; Googlebot/2.1; +http://www.google.com/bot.html)"
66.249.79.224 - - [16/Jul/2025:00:27:52 +0000] "GET /goodscode/53326766.shtm HTTP/1.1" 200 18493 "-" "Mozilla/5.0 (Linux; Android 6.0.1; Nexus 5X Build/MMB29P) AppleWebKit/537.36 (KHTML, like Gecko) Chrome/137.0.7151.103 Mobile Safari/537.36 (compatible; Googlebot/2.1; +http://www.google.com/bot.html)"
66.249.79.226 - - [16/Jul/2025:00:27:53 +0000] "GET /goodscode/53319588.shtm HTTP/1.1" 200 19120 "-" "Mozilla/5.0 (Linux; Android 6.0.1; Nexus 5X Build/MMB29P) AppleWebKit/537.36 (KHTML, like Gecko) Chrome/137.0.7151.103 Mobile Safari/537.36 (compatible; Googlebot/2.1; +http://www.google.com/bot.html)"
66.249.79.238 - - [16/Jul/2025:00:28:11 +0000] "GET /goodscode/53304385.shtm HTTP/1.1" 200 19303 "-" "Mozilla/5.0 (Linux; Android 6.0.1; Nexus 5X Build/MMB29P) AppleWebKit/537.36 (KHTML, like Gecko) Chrome/137.0.7151.103 Mobile Safari/537.36 (compatible; Googlebot/2.1; +http://www.google.com/bot.html)"
66.249.79.225 - - [16/Jul/2025:00:28:53 +0000] "GET /goodscode/53317962.shtm HTTP/1.1" 200 18660 "-" "Mozilla/5.0 (Linux; Android 6.0.1; Nexus 5X Build/MMB29P) AppleWebKit/537.36 (KHTML, like Gecko) Chrome/137.0.7151.103 Mobile Safari/537.36 (compatible; Googlebot/2.1; +http://www.google.com/bot.html)"
66.249.79.238 - - [16/Jul/2025:00:28:58 +0000] "GET /goodscode/53312716.shtm HTTP/1.1" 200 19192 "-" "Mozilla/5.0 (Linux; Android 6.0.1; Nexus 5X Build/MMB29P) AppleWebKit/537.36 (KHTML, like Gecko) Chrome/137.0.7151.103 Mobile Safari/537.36 (compatible; Googlebot/2.1; +http://www.google.com/bot.html)"
66.249.79.238 - - [16/Jul/2025:00:29:09 +0000] "GET /goodscode/53306225.shtm HTTP/1.1" 200 18321 "-" "Mozilla/5.0 (Linux; Android 6.0.1; Nexus 5X Build/MMB29P) AppleWebKit/537.36 (KHTML, like Gecko) Chrome/137.0.7151.103 Mobile Safari/537.36 (compatible; Googlebot/2.1; +http://www.google.com/bot.html)"
66.249.79.238 - - [16/Jul/2025:00:29:11 +0000] "GET /goodscode/53327537.shtm HTTP/1.1" 200 18023 "-" "Mozilla/5.0 (Linux; Android 6.0.1; Nexus 5X Build/MMB29P) AppleWebKit/537.36 (KHTML, like Gecko) Chrome/137.0.7151.103 Mobile Safari/537.36 (compatible; Googlebot/2.1; +http://www.google.com/bot.html)"
162.142.125.199 - - [16/Jul/2025:00:36:29 +0000] "GET / HTTP/1.1" 301 - "-" "Mozilla/5.0 (compatible; CensysInspect/1.1; +https://about.censys.io/)"
162.142.125.199 - - [16/Jul/2025:00:36:49 +0000] "GET /favicon.ico HTTP/1.1" 302 - "-" "Mozilla/5.0 (compatible; CensysInspect/1.1; +https://about.censys.io/)"
162.142.125.199 - - [16/Jul/2025:00:37:15 +0000] "GET /security.txt HTTP/1.1" 404 11749 "-" "Mozilla/5.0 (compatible; CensysInspect/1.1; +https://about.censys.io/)"
66.249.79.238 - - [16/Jul/2025:00:49:16 +0000] "GET /goodscode/53311783.shtm HTTP/1.1" 200 19412 "-" "Mozilla/5.0 (Linux; Android 6.0.1; Nexus 5X Build/MMB29P) AppleWebKit/537.36 (KHTML, like Gecko) Chrome/137.0.7151.103 Mobile Safari/537.36 (compatible; Googlebot/2.1; +http://www.google.com/bot.html)"
66.249.79.226 - - [16/Jul/2025:01:00:57 +0000] "GET /goodscode/53324556.shtm HTTP/1.1" 200 18090 "-" "Mozilla/5.0 (Linux; Android 6.0.1; Nexus 5X Build/MMB29P) AppleWebKit/537.36 (KHTML, like Gecko) Chrome/137.0.7151.103 Mobile Safari/537.36 (compatible; Googlebot/2.1; +http://www.google.com/bot.html)"
66.249.79.226 - - [16/Jul/2025:01:37:30 +0000] "GET /goodscode/53320098.shtm HTTP/1.1" 200 19141 "-" "Mozilla/5.0 (Linux; Android 6.0.1; Nexus 5X Build/MMB29P) AppleWebKit/537.36 (KHTML, like Gecko) Chrome/137.0.7151.103 Mobile Safari/537.36 (compatible; Googlebot/2.1; +http://www.google.com/bot.html)"
66.249.79.228 - - [16/Jul/2025:01:37:31 +0000] "GET /goodscode/53297437.shtm HTTP/1.1" 200 18353 "-" "Mozilla/5.0 (Linux; Android 6.0.1; Nexus 5X Build/MMB29P) AppleWebKit/537.36 (KHTML, like Gecko) Chrome/137.0.7151.103 Mobile Safari/537.36 (compatible; Googlebot/2.1; +http://www.google.com/bot.html)"
66.249.79.238 - - [16/Jul/2025:01:37:32 +0000] "GET /goodscode/53310782.shtm HTTP/1.1" 200 18933 "-" "Mozilla/5.0 (Linux; Android 6.0.1; Nexus 5X Build/MMB29P) AppleWebKit/537.36 (KHTML, like Gecko) Chrome/137.0.7151.103 Mobile Safari/537.36 (compatible; Googlebot/2.1; +http://www.google.com/bot.html)"
209.74.77.214 - - [16/Jul/2025:02:55:12 +0000] "GET /.well-known/acme-challenge/S-ZF--473TF0UKFMY7OPG4-P0MR6HPVO HTTP/1.1" 200 64 "-" "Cpanel-HTTP-Client/1.0"
209.74.77.214 - - [16/Jul/2025:02:55:13 +0000] "GET /.well-known/acme-challenge/8R--8RITNTZ1PO3T5YRQKTC-GVO3U637 HTTP/1.1" 200 64 "-" "Cpanel-HTTP-Client/1.0"
209.74.77.214 - - [16/Jul/2025:02:55:13 +0000] "GET /.well-known/acme-challenge/3M-3M9VSSK-MUL0_EGS7WZ7PU6RIBSY6 HTTP/1.1" 200 64 "-" "Cpanel-HTTP-Client/1.0"
209.74.77.214 - - [16/Jul/2025:02:55:14 +0000] "GET /.well-known/acme-challenge/UEQ4HBKPQUKERJJS4N9_SNRG1XPQTECK HTTP/1.1" 200 64 "-" "Cpanel-HTTP-Client/1.0"
209.74.77.214 - - [16/Jul/2025:02:55:14 +0000] "GET /.well-known/acme-challenge/AK6YX-VXZ7PFFHQEQ4QXL7PGXYCOX2QQ HTTP/1.1" 200 64 "-" "Cpanel-HTTP-Client/1.0"
209.74.77.214 - - [16/Jul/2025:02:55:14 +0000] "GET /.well-known/acme-challenge/4F8LUAYB031L20X70FR3N0BT0SZ4S_ON HTTP/1.1" 200 64 "-" "Cpanel-HTTP-Client/1.0"
209.74.77.214 - - [16/Jul/2025:02:55:14 +0000] "GET /.well-known/acme-challenge/Z_4YSA6K-S3TO-MU9_BDDG_Q_Y3FI7_V HTTP/1.1" 200 64 "-" "Cpanel-HTTP-Client/1.0"
209.74.77.214 - - [16/Jul/2025:02:55:14 +0000] "GET /.well-known/acme-challenge/_E6UKONEEVVC55EEMRW3-FWB-KMBCPGQ HTTP/1.1" 200 64 "-" "Cpanel-HTTP-Client/1.0"
139.59.132.8 - - [16/Jul/2025:03:31:50 +0000] "GET / HTTP/1.1" 301 - "-" "-"
209.74.77.214 - - [16/Jul/2025:03:31:51 +0000] "POST /wp-cron.php?doing_wp_cron=1752636711.5109980106353759765625 HTTP/1.1" 200 - "-" "WordPress/6.8.2; https://gardenify.com.au"
139.59.132.8 - - [16/Jul/2025:03:31:51 +0000] "GET / HTTP/1.1" 301 - "-" "Mozilla/5.0 (Linux; Android 6.0; HTC One M9 Build/MRA311168) AppleWebKit/537.36 (KHTML, like Gecko) Chrome/52.0.3511.98 Mobile Safari/537.3"
139.59.132.8 - - [16/Jul/2025:03:31:51 +0000] "GET /@vite/env HTTP/1.1" 404 11749 "-" "Go-http-client/1.1"
139.59.132.8 - - [16/Jul/2025:03:31:52 +0000] "GET /actuator/env HTTP/1.1" 404 11749 "-" "Go-http-client/1.1"
139.59.132.8 - - [16/Jul/2025:03:31:52 +0000] "GET /server HTTP/1.1" 404 11749 "-" "Go-http-client/1.1"
139.59.132.8 - - [16/Jul/2025:03:31:53 +0000] "GET /.vscode/sftp.json HTTP/1.1" 404 11749 "-" "Go-http-client/1.1"
209.74.77.214 - - [16/Jul/2025:03:31:54 +0000] "POST /wp-cron.php?doing_wp_cron=1752636714.1055979728698730468750 HTTP/1.1" 200 - "-" "WordPress/6.8.2; https://gardenify.com.au"
139.59.132.8 - - [16/Jul/2025:03:31:53 +0000] "GET /about HTTP/1.1" 301 - "-" "Go-http-client/1.1"
139.59.132.8 - - [16/Jul/2025:03:31:54 +0000] "GET /debug/default/view?panel=config HTTP/1.1" 404 11749 "-" "Go-http-client/1.1"
139.59.132.8 - - [16/Jul/2025:03:31:54 +0000] "GET /v2/_catalog HTTP/1.1" 404 6312 "-" "Go-http-client/1.1"
139.59.132.8 - - [16/Jul/2025:03:31:55 +0000] "GET /ecp/Current/exporttool/microsoft.exchange.ediscovery.exporttool.application HTTP/1.1" 404 11749 "-" "Go-http-client/1.1"
139.59.132.8 - - [16/Jul/2025:03:31:56 +0000] "GET /server-status HTTP/1.1" 404 11749 "-" "Go-http-client/1.1"
139.59.132.8 - - [16/Jul/2025:03:31:56 +0000] "GET /login.action HTTP/1.1" 404 11749 "-" "Go-http-client/1.1"
139.59.132.8 - - [16/Jul/2025:03:31:57 +0000] "GET /_all_dbs HTTP/1.1" 404 6312 "-" "Mozilla/5.0 (l9scan/2.0.431323e27373e24373e2930323; +https://leakix.net)"
139.59.132.8 - - [16/Jul/2025:03:31:57 +0000] "GET /.DS_Store HTTP/1.1" 404 11749 "-" "Go-http-client/1.1"
139.59.132.8 - - [16/Jul/2025:03:31:58 +0000] "GET /.env HTTP/1.1" 404 11749 "-" "Go-http-client/1.1"
139.59.132.8 - - [16/Jul/2025:03:31:58 +0000] "GET /.git/config HTTP/1.1" 404 11749 "-" "Go-http-client/1.1"
139.59.132.8 - - [16/Jul/2025:03:31:59 +0000] "GET /s/431323e27373e24373e2930323/_/;/META-INF/maven/com.atlassian.jira/jira-webapp-dist/pom.properties HTTP/1.1" 404 11749 "-" "Go-http-client/1.1"
139.59.132.8 - - [16/Jul/2025:03:31:59 +0000] "GET /config.json HTTP/1.1" 404 11749 "-" "Go-http-client/1.1"
139.59.132.8 - - [16/Jul/2025:03:32:00 +0000] "GET /telescope/requests HTTP/1.1" 404 11749 "-" "Go-http-client/1.1"
139.59.132.8 - - [16/Jul/2025:03:32:00 +0000] "GET /info.php HTTP/1.1" 404 11749 "-" "Go-http-client/1.1"
139.59.132.8 - - [16/Jul/2025:03:32:01 +0000] "GET /?rest_route=/wp/v2/users/ HTTP/1.1" 200 318 "-" "Go-http-client/1.1"
66.249.79.238 - - [16/Jul/2025:05:31:12 +0000] "POST /get-message-notify HTTP/1.1" 200 18125 "http://gardenify.com.au/goodscode/53317962.shtm" "Mozilla/5.0 (Linux; Android 6.0.1; Nexus 5X Build/MMB29P) AppleWebKit/537.36 (KHTML, like Gecko) Chrome/137.0.7151.119 Mobile Safari/537.36 (compatible; Googlebot/2.1; +http://www.google.com/bot.html)"
209.74.77.214 - - [16/Jul/2025:05:55:27 +0000] "GET /.well-known/acme-challenge/T-UUB_82PPFMCD0R7KTEF1--2I_8WW65 HTTP/1.1" 200 64 "-" "Cpanel-HTTP-Client/1.0"
209.74.77.214 - - [16/Jul/2025:05:55:29 +0000] "GET /.well-known/acme-challenge/Z1JLGEP6_YYNO1L916AEH1PU2R--HB3J HTTP/1.1" 200 64 "-" "Cpanel-HTTP-Client/1.0"
209.74.77.214 - - [16/Jul/2025:05:55:29 +0000] "GET /.well-known/acme-challenge/BGWW17SIGKG65TF3XGN-CH3DDG5AK9EO HTTP/1.1" 200 64 "-" "Cpanel-HTTP-Client/1.0"
209.74.77.214 - - [16/Jul/2025:05:55:30 +0000] "GET /.well-known/acme-challenge/RK2IGANKT5V_M7-RJRCXTW02ROT5LAOK HTTP/1.1" 200 64 "-" "Cpanel-HTTP-Client/1.0"
209.74.77.214 - - [16/Jul/2025:05:55:30 +0000] "GET /.well-known/acme-challenge/T3R2LN-FBBRWIU-2IMXNRU058QZ1BWPS HTTP/1.1" 200 64 "-" "Cpanel-HTTP-Client/1.0"
209.74.77.214 - - [16/Jul/2025:05:55:30 +0000] "GET /.well-known/acme-challenge/43MPCT7WODQB-G1KHATJAWJ3JMZ9NEWF HTTP/1.1" 200 64 "-" "Cpanel-HTTP-Client/1.0"
209.74.77.214 - - [16/Jul/2025:05:55:30 +0000] "GET /.well-known/acme-challenge/HNYK8LDWCPQRW24SILT8QUZJ3702TLZ6 HTTP/1.1" 200 64 "-" "Cpanel-HTTP-Client/1.0"
209.74.77.214 - - [16/Jul/2025:05:55:30 +0000] "GET /.well-known/acme-challenge/BAW0X7-Z6-L-QSDB-XY64H8MAIDFCHYC HTTP/1.1" 200 64 "-" "Cpanel-HTTP-Client/1.0"
66.249.79.224 - - [16/Jul/2025:05:55:38 +0000] "POST /get-message-notify HTTP/1.1" 200 18125 "http://gardenify.com.au/goodscode/53326766.shtm" "Mozilla/5.0 (Linux; Android 6.0.1; Nexus 5X Build/MMB29P) AppleWebKit/537.36 (KHTML, like Gecko) Chrome/137.0.7151.119 Mobile Safari/537.36 (compatible; Googlebot/2.1; +http://www.google.com/bot.html)"
66.249.79.238 - - [16/Jul/2025:06:11:28 +0000] "POST /get-message-notify HTTP/1.1" 200 18125 "http://gardenify.com.au/goodscode/53310782.shtm" "Mozilla/5.0 (Linux; Android 6.0.1; Nexus 5X Build/MMB29P) AppleWebKit/537.36 (KHTML, like Gecko) Chrome/137.0.7151.119 Mobile Safari/537.36 (compatible; Googlebot/2.1; +http://www.google.com/bot.html)"
2a06:98c0:3600::103 - - [16/Jul/2025:06:54:33 +0000] "GET /wordpress/wp-admin/setup-config.php HTTP/1.1" 404 11754 "-" "Mozilla/5.0 (Windows NT 10.0; Win64; x64) AppleWebKit/537.36 (KHTML, like Gecko) Chrome/137.0.0.0 Safari/537.36"
2a06:98c0:3600::103 - - [16/Jul/2025:06:55:33 +0000] "GET /wp-admin/setup-config.php HTTP/1.1" 409 1144 "-" "Mozilla/5.0 (Windows NT 10.0; Win64; x64) AppleWebKit/537.36 (KHTML, like Gecko) Chrome/137.0.0.0 Safari/537.36"
2a06:98c0:3600::103 - - [16/Jul/2025:06:58:14 +0000] "GET /wordpress/wp-admin/setup-config.php HTTP/1.1" 404 11754 "-" "Mozilla/5.0 (Windows NT 10.0; Win64; x64) AppleWebKit/537.36 (KHTML, like Gecko) Chrome/137.0.0.0 Safari/537.36"
146.190.23.55 - - [16/Jul/2025:08:32:29 +0000] "GET / HTTP/1.1" 301 - "-" "Mozilla/5.0 (X11; Linux x86_64) AppleWebKit/537.36 (KHTML, like Gecko) Chrome/137.0.0.0 Safari/537.36"
146.190.23.55 - - [16/Jul/2025:08:32:29 +0000] "GET /favicon.ico HTTP/1.1" 302 - "http://www.gardenify.com.au/" "Mozilla/5.0 (X11; Linux x86_64) AppleWebKit/537.36 (KHTML, like Gecko) Chrome/137.0.0.0 Safari/537.36"
209.74.77.214 - - [16/Jul/2025:08:55:13 +0000] "GET /.well-known/acme-challenge/N53VPT6ZMOESZF2AINR_ZFY8SOQY1NH- HTTP/1.1" 200 64 "-" "Cpanel-HTTP-Client/1.0"
209.74.77.214 - - [16/Jul/2025:08:55:14 +0000] "GET /.well-known/acme-challenge/ZDS4PK50S_UHOIP3CYJG--7W1VMH6G-W HTTP/1.1" 200 64 "-" "Cpanel-HTTP-Client/1.0"
209.74.77.214 - - [16/Jul/2025:08:55:14 +0000] "GET /.well-known/acme-challenge/YT7S14L9_4P7EJNC75BAO_TG9PPY2BRV HTTP/1.1" 200 64 "-" "Cpanel-HTTP-Client/1.0"
209.74.77.214 - - [16/Jul/2025:08:55:15 +0000] "GET /.well-known/acme-challenge/MDWBW2YDY-H9FCURE7ESMNKA9RR16SAY HTTP/1.1" 200 64 "-" "Cpanel-HTTP-Client/1.0"
209.74.77.214 - - [16/Jul/2025:08:55:15 +0000] "GET /.well-known/acme-challenge/1831AVBK-TK7IARG4ES70VZH3AACDQKQ HTTP/1.1" 200 64 "-" "Cpanel-HTTP-Client/1.0"
209.74.77.214 - - [16/Jul/2025:08:55:15 +0000] "GET /.well-known/acme-challenge/KDVL922-ILW1839HSM9BJAKFLAO24N66 HTTP/1.1" 200 64 "-" "Cpanel-HTTP-Client/1.0"
209.74.77.214 - - [16/Jul/2025:08:55:15 +0000] "GET /.well-known/acme-challenge/FE5NOU7-Y8ZOEA7JNJN9FBMND9C_PTU2 HTTP/1.1" 200 64 "-" "Cpanel-HTTP-Client/1.0"
209.74.77.214 - - [16/Jul/2025:08:55:15 +0000] "GET /.well-known/acme-challenge/_ZQ341Q_YLB72DL54IXILZ71GC1A34L1 HTTP/1.1" 200 64 "-" "Cpanel-HTTP-Client/1.0"
2a06:98c0:3600::103 - - [16/Jul/2025:09:05:30 +0000] "GET /wp-admin/setup-config.php HTTP/1.1" 409 1144 "-" "Mozilla/5.0 (Windows NT 10.0; Win64; x64) AppleWebKit/537.36 (KHTML, like Gecko) Chrome/137.0.0.0 Safari/537.36"
Page not found – Hello World !