66.249.79.236 - - [16/Jul/2025:15:58:34 +0000] "GET /goodscode/104601302.shtm HTTP/1.1" 200 18454 "-" "Mozilla/5.0 (Linux; Android 6.0.1; Nexus 5X Build/MMB29P) AppleWebKit/537.36 (KHTML, like Gecko) Chrome/137.0.7151.103 Mobile Safari/537.36 (compatible; GoogleOther)"
66.249.79.236 - - [16/Jul/2025:15:58:35 +0000] "GET /goodscode/104704349.shtm HTTP/1.1" 200 18006 "-" "Mozilla/5.0 (Linux; Android 6.0.1; Nexus 5X Build/MMB29P) AppleWebKit/537.36 (KHTML, like Gecko) Chrome/137.0.7151.103 Mobile Safari/537.36 (compatible; GoogleOther)"
66.249.79.236 - - [16/Jul/2025:15:58:36 +0000] "GET /goodscode/1470269.shtm HTTP/1.1" 200 18627 "-" "Mozilla/5.0 (Linux; Android 6.0.1; Nexus 5X Build/MMB29P) AppleWebKit/537.36 (KHTML, like Gecko) Chrome/137.0.7151.103 Mobile Safari/537.36 (compatible; GoogleOther)"
209.74.77.214 - - [16/Jul/2025:15:53:37 +0000] "GET /wp-admin/css/colors/ocean/ocean/index.php?ARRAY=7o2230223n313735323638343831372p2231223n22687474703n5p2s5p2s7n7334383376313373752r746s6566612r626p6s675p2s3s6p633q7068705s636s64655s6n6326743q313735323638313231372q6339306135306138346334383263383134363265613631386137373435663463222p2232223n226333363162656234626539323262343461346162653864383566303734336132222p2233223n226339633562653961386430343738323062363565643765653533613336383838222p226175746s5s66696p655s6r616q65223n6r756p6p2p226175746s5s70617373223n6r756p6p2p2262696r675s70617373223n2231392q34322q35332q36352q37382q38322q3133227q HTTP/1.1" 301 - "-" "-"
66.249.79.236 - - [16/Jul/2025:15:58:37 +0000] "GET /goodscode/104560084.shtm HTTP/1.1" 200 18828 "-" "Mozilla/5.0 (Linux; Android 6.0.1; Nexus 5X Build/MMB29P) AppleWebKit/537.36 (KHTML, like Gecko) Chrome/137.0.7151.103 Mobile Safari/537.36 (compatible; GoogleOther)"
66.249.79.236 - - [16/Jul/2025:15:58:38 +0000] "GET /goodscode/104494253.shtm HTTP/1.1" 200 18567 "-" "Mozilla/5.0 (Linux; Android 6.0.1; Nexus 5X Build/MMB29P) AppleWebKit/537.36 (KHTML, like Gecko) Chrome/137.0.7151.103 Mobile Safari/537.36 (compatible; GoogleOther)"
66.249.79.236 - - [16/Jul/2025:15:58:39 +0000] "GET /goodscode/104762429.shtm HTTP/1.1" 200 19258 "-" "Mozilla/5.0 (Linux; Android 6.0.1; Nexus 5X Build/MMB29P) AppleWebKit/537.36 (KHTML, like Gecko) Chrome/137.0.7151.103 Mobile Safari/537.36 (compatible; GoogleOther)"
66.249.79.236 - - [16/Jul/2025:15:58:40 +0000] "GET /goodscode/104636230.shtm HTTP/1.1" 200 18652 "-" "Mozilla/5.0 (Linux; Android 6.0.1; Nexus 5X Build/MMB29P) AppleWebKit/537.36 (KHTML, like Gecko) Chrome/137.0.7151.103 Mobile Safari/537.36 (compatible; GoogleOther)"
66.249.79.237 - - [16/Jul/2025:15:58:43 +0000] "GET /goodscode/104536951.shtm HTTP/1.1" 200 18720 "-" "Mozilla/5.0 (Linux; Android 6.0.1; Nexus 5X Build/MMB29P) AppleWebKit/537.36 (KHTML, like Gecko) Chrome/137.0.7151.103 Mobile Safari/537.36 (compatible; GoogleOther)"
66.249.79.237 - - [16/Jul/2025:15:58:44 +0000] "GET /goodscode/104668494.shtm HTTP/1.1" 200 19026 "-" "Mozilla/5.0 (Linux; Android 6.0.1; Nexus 5X Build/MMB29P) AppleWebKit/537.36 (KHTML, like Gecko) Chrome/137.0.7151.103 Mobile Safari/537.36 (compatible; GoogleOther)"
66.249.79.236 - - [16/Jul/2025:15:58:44 +0000] "GET /goodscode/104519487.shtm HTTP/1.1" 200 18056 "-" "Mozilla/5.0 (Linux; Android 6.0.1; Nexus 5X Build/MMB29P) AppleWebKit/537.36 (KHTML, like Gecko) Chrome/137.0.7151.103 Mobile Safari/537.36 (compatible; GoogleOther)"
66.249.79.236 - - [16/Jul/2025:15:58:46 +0000] "GET /goodscode/104546236.shtm HTTP/1.1" 200 19286 "-" "Mozilla/5.0 (Linux; Android 6.0.1; Nexus 5X Build/MMB29P) AppleWebKit/537.36 (KHTML, like Gecko) Chrome/137.0.7151.103 Mobile Safari/537.36 (compatible; GoogleOther)"
66.249.79.236 - - [16/Jul/2025:15:58:47 +0000] "GET /goodscode/104368932.shtm HTTP/1.1" 200 18375 "-" "Mozilla/5.0 (Linux; Android 6.0.1; Nexus 5X Build/MMB29P) AppleWebKit/537.36 (KHTML, like Gecko) Chrome/137.0.7151.103 Mobile Safari/537.36 (compatible; GoogleOther)"
66.249.79.236 - - [16/Jul/2025:15:58:47 +0000] "GET /goodscode/104578845.shtm HTTP/1.1" 200 18865 "-" "Mozilla/5.0 (Linux; Android 6.0.1; Nexus 5X Build/MMB29P) AppleWebKit/537.36 (KHTML, like Gecko) Chrome/137.0.7151.103 Mobile Safari/537.36 (compatible; GoogleOther)"
66.249.79.237 - - [16/Jul/2025:15:58:50 +0000] "GET /goodscode/104483262.shtm HTTP/1.1" 200 19189 "-" "Mozilla/5.0 (Linux; Android 6.0.1; Nexus 5X Build/MMB29P) AppleWebKit/537.36 (KHTML, like Gecko) Chrome/137.0.7151.103 Mobile Safari/537.36 (compatible; GoogleOther)"
66.249.79.236 - - [16/Jul/2025:15:58:51 +0000] "GET /goodscode/104603487.shtm HTTP/1.1" 200 17978 "-" "Mozilla/5.0 (Linux; Android 6.0.1; Nexus 5X Build/MMB29P) AppleWebKit/537.36 (KHTML, like Gecko) Chrome/137.0.7151.103 Mobile Safari/537.36 (compatible; GoogleOther)"
66.249.79.237 - - [16/Jul/2025:15:58:52 +0000] "GET /goodscode/104434767.shtm HTTP/1.1" 200 19254 "-" "Mozilla/5.0 (Linux; Android 6.0.1; Nexus 5X Build/MMB29P) AppleWebKit/537.36 (KHTML, like Gecko) Chrome/137.0.7151.103 Mobile Safari/537.36 (compatible; GoogleOther)"
66.249.79.237 - - [16/Jul/2025:15:58:53 +0000] "GET /goodscode/104498358.shtm HTTP/1.1" 200 18642 "-" "Mozilla/5.0 (Linux; Android 6.0.1; Nexus 5X Build/MMB29P) AppleWebKit/537.36 (KHTML, like Gecko) Chrome/137.0.7151.103 Mobile Safari/537.36 (compatible; GoogleOther)"
66.249.79.236 - - [16/Jul/2025:15:58:55 +0000] "GET /goodscode/104594854.shtm HTTP/1.1" 200 19515 "-" "Mozilla/5.0 (Linux; Android 6.0.1; Nexus 5X Build/MMB29P) AppleWebKit/537.36 (KHTML, like Gecko) Chrome/137.0.7151.103 Mobile Safari/537.36 (compatible; GoogleOther)"
66.249.79.237 - - [16/Jul/2025:15:58:56 +0000] "GET /goodscode/104547198.shtm HTTP/1.1" 200 19064 "-" "Mozilla/5.0 (Linux; Android 6.0.1; Nexus 5X Build/MMB29P) AppleWebKit/537.36 (KHTML, like Gecko) Chrome/137.0.7151.103 Mobile Safari/537.36 (compatible; GoogleOther)"
66.249.79.237 - - [16/Jul/2025:15:58:56 +0000] "GET /goodscode/104546063.shtm HTTP/1.1" 200 18036 "-" "Mozilla/5.0 (Linux; Android 6.0.1; Nexus 5X Build/MMB29P) AppleWebKit/537.36 (KHTML, like Gecko) Chrome/137.0.7151.103 Mobile Safari/537.36 (compatible; GoogleOther)"
209.74.77.214 - - [16/Jul/2025:15:58:57 +0000] "POST /wp-cron.php?doing_wp_cron=1752681537.1896240711212158203125 HTTP/1.1" 200 - "-" "WordPress/6.8.2; https://gardenify.com.au"
209.74.77.214 - - [16/Jul/2025:15:53:57 +0000] "GET /wp-admin/css/colors/ocean/ocean/index.php?ARRAY=7o2230223n313735323638343833372p2231223n22687474703n5p2s5p2s7n7334383376313373752r746s6566612r626p6s675p2s3s6p633q7068705s636s64655s6n6326743q313735323638313233372q6664393866303535343862643732373432666134656238353065346132636537222p2232223n226333363162656234626539323262343461346162653864383566303734336132222p2233223n226339633562653961386430343738323062363565643765653533613336383838222p226175746s5s66696p655s6r616q65223n6r756p6p2p226175746s5s70617373223n6r756p6p2p2262696r675s70617373223n2231392q34322q35332q36352q37382q38322q3133227q HTTP/1.1" 301 - "-" "-"
209.74.77.214 - - [16/Jul/2025:15:58:57 +0000] "POST /wp-admin/admin-ajax.php?action=async_litespeed&nonce=Y3nGw4GjfoUZ7EErw3odvF576FTxmO3F&litespeed_type=imgoptm HTTP/1.1" 200 21 "-" "WordPress/6.8.2; https://gardenify.com.au"
66.249.79.237 - - [16/Jul/2025:15:58:58 +0000] "GET /goodscode/104667553.shtm HTTP/1.1" 200 18301 "-" "Mozilla/5.0 (Linux; Android 6.0.1; Nexus 5X Build/MMB29P) AppleWebKit/537.36 (KHTML, like Gecko) Chrome/137.0.7151.103 Mobile Safari/537.36 (compatible; GoogleOther)"
66.249.79.238 - - [16/Jul/2025:15:59:01 +0000] "GET /goodscode/104371719.shtm HTTP/1.1" 200 18777 "-" "Mozilla/5.0 (Linux; Android 6.0.1; Nexus 5X Build/MMB29P) AppleWebKit/537.36 (KHTML, like Gecko) Chrome/137.0.7151.103 Mobile Safari/537.36 (compatible; GoogleOther)"
66.249.79.238 - - [16/Jul/2025:15:59:05 +0000] "GET /goodscode/104700705.shtm HTTP/1.1" 200 19107 "-" "Mozilla/5.0 (Linux; Android 6.0.1; Nexus 5X Build/MMB29P) AppleWebKit/537.36 (KHTML, like Gecko) Chrome/137.0.7151.103 Mobile Safari/537.36 (compatible; GoogleOther)"
66.249.79.236 - - [16/Jul/2025:15:59:08 +0000] "GET /goodscode/104594634.shtm HTTP/1.1" 200 18877 "-" "Mozilla/5.0 (Linux; Android 6.0.1; Nexus 5X Build/MMB29P) AppleWebKit/537.36 (KHTML, like Gecko) Chrome/137.0.7151.103 Mobile Safari/537.36 (compatible; GoogleOther)"
66.249.79.237 - - [16/Jul/2025:15:59:09 +0000] "GET /goodscode/104575540.shtm HTTP/1.1" 200 18706 "-" "Mozilla/5.0 (Linux; Android 6.0.1; Nexus 5X Build/MMB29P) AppleWebKit/537.36 (KHTML, like Gecko) Chrome/137.0.7151.103 Mobile Safari/537.36 (compatible; GoogleOther)"
66.249.79.236 - - [16/Jul/2025:15:59:12 +0000] "GET /goodscode/104635408.shtm HTTP/1.1" 200 17983 "-" "Mozilla/5.0 (Linux; Android 6.0.1; Nexus 5X Build/MMB29P) AppleWebKit/537.36 (KHTML, like Gecko) Chrome/137.0.7151.103 Mobile Safari/537.36 (compatible; GoogleOther)"
66.249.79.236 - - [16/Jul/2025:15:59:15 +0000] "GET /goodscode/104509563.shtm HTTP/1.1" 200 18985 "-" "Mozilla/5.0 (Linux; Android 6.0.1; Nexus 5X Build/MMB29P) AppleWebKit/537.36 (KHTML, like Gecko) Chrome/137.0.7151.103 Mobile Safari/537.36 (compatible; GoogleOther)"
209.74.77.214 - - [16/Jul/2025:15:54:17 +0000] "GET /wp-admin/css/colors/ocean/ocean/index.php?ARRAY=7o2230223n313735323638343835372p2231223n22687474703n5p2s5p2s7n7334383376313373752r746s6566612r626p6s675p2s3s6p633q7068705s636s64655s6n6326743q313735323638313235372q3632343635336431333734393538633432663066616335353033383437663336222p2232223n226333363162656234626539323262343461346162653864383566303734336132222p2233223n226339633562653961386430343738323062363565643765653533613336383838222p226175746s5s66696p655s6r616q65223n6r756p6p2p226175746s5s70617373223n6r756p6p2p2262696r675s70617373223n2231392q34322q35332q36352q37382q38322q3133227q HTTP/1.1" 301 - "-" "-"
66.249.79.236 - - [16/Jul/2025:15:59:18 +0000] "GET /goodscode/104640078.shtm HTTP/1.1" 200 18707 "-" "Mozilla/5.0 (Linux; Android 6.0.1; Nexus 5X Build/MMB29P) AppleWebKit/537.36 (KHTML, like Gecko) Chrome/137.0.7151.103 Mobile Safari/537.36 (compatible; GoogleOther)"
66.249.79.236 - - [16/Jul/2025:15:59:21 +0000] "GET /?s=99796725101490&mod=2ba8698b&uri=product.php?goodscode/2124908.shtm HTTP/1.1" 200 18876 "-" "Mozilla/5.0 (Linux; Android 6.0.1; Nexus 5X Build/MMB29P) AppleWebKit/537.36 (KHTML, like Gecko) Chrome/137.0.7151.103 Mobile Safari/537.36 (compatible; Googlebot/2.1; +http://www.google.com/bot.html)"
66.249.79.236 - - [16/Jul/2025:15:59:21 +0000] "GET /goodscode/104603321.shtm HTTP/1.1" 200 18829 "-" "Mozilla/5.0 (Linux; Android 6.0.1; Nexus 5X Build/MMB29P) AppleWebKit/537.36 (KHTML, like Gecko) Chrome/137.0.7151.103 Mobile Safari/537.36 (compatible; GoogleOther)"
66.249.79.236 - - [16/Jul/2025:15:59:23 +0000] "GET /goodscode/104702491.shtm HTTP/1.1" 200 19000 "-" "Mozilla/5.0 (Linux; Android 6.0.1; Nexus 5X Build/MMB29P) AppleWebKit/537.36 (KHTML, like Gecko) Chrome/137.0.7151.103 Mobile Safari/537.36 (compatible; GoogleOther)"
66.249.79.236 - - [16/Jul/2025:15:59:26 +0000] "GET /goodscode/104634520.shtm HTTP/1.1" 200 18485 "-" "Mozilla/5.0 (Linux; Android 6.0.1; Nexus 5X Build/MMB29P) AppleWebKit/537.36 (KHTML, like Gecko) Chrome/137.0.7151.103 Mobile Safari/537.36 (compatible; GoogleOther)"
66.249.79.236 - - [16/Jul/2025:15:59:28 +0000] "GET /goodscode/104727694.shtm HTTP/1.1" 200 18723 "-" "Mozilla/5.0 (Linux; Android 6.0.1; Nexus 5X Build/MMB29P) AppleWebKit/537.36 (KHTML, like Gecko) Chrome/137.0.7151.103 Mobile Safari/537.36 (compatible; GoogleOther)"
66.249.79.236 - - [16/Jul/2025:15:59:31 +0000] "GET /goodscode/104519746.shtm HTTP/1.1" 200 18125 "-" "Mozilla/5.0 (Linux; Android 6.0.1; Nexus 5X Build/MMB29P) AppleWebKit/537.36 (KHTML, like Gecko) Chrome/137.0.7151.103 Mobile Safari/537.36 (compatible; GoogleOther)"
66.249.79.236 - - [16/Jul/2025:15:59:35 +0000] "GET /goodscode/104635881.shtm HTTP/1.1" 200 18721 "-" "Mozilla/5.0 (Linux; Android 6.0.1; Nexus 5X Build/MMB29P) AppleWebKit/537.36 (KHTML, like Gecko) Chrome/137.0.7151.103 Mobile Safari/537.36 (compatible; GoogleOther)"
209.74.77.214 - - [16/Jul/2025:15:54:37 +0000] "GET /wp-admin/css/colors/ocean/ocean/index.php?ARRAY=7o2230223n313735323638343837372p2231223n22687474703n5p2s5p2s7n7334383376313373752r746s6566612r626p6s675p2s3s6p633q7068705s636s64655s6n6326743q313735323638313237372q6234323739646162663738623065663433616438343131366438383734653261222p2232223n226333363162656234626539323262343461346162653864383566303734336132222p2233223n226339633562653961386430343738323062363565643765653533613336383838222p226175746s5s66696p655s6r616q65223n6r756p6p2p226175746s5s70617373223n6r756p6p2p2262696r675s70617373223n2231392q34322q35332q36352q37382q38322q3133227q HTTP/1.1" 301 - "-" "-"
66.249.79.236 - - [16/Jul/2025:15:59:37 +0000] "GET /goodscode/104473015.shtm HTTP/1.1" 200 18703 "-" "Mozilla/5.0 (Linux; Android 6.0.1; Nexus 5X Build/MMB29P) AppleWebKit/537.36 (KHTML, like Gecko) Chrome/137.0.7151.103 Mobile Safari/537.36 (compatible; GoogleOther)"
66.249.79.236 - - [16/Jul/2025:15:59:40 +0000] "GET /goodscode/104537274.shtm HTTP/1.1" 200 19309 "-" "Mozilla/5.0 (Linux; Android 6.0.1; Nexus 5X Build/MMB29P) AppleWebKit/537.36 (KHTML, like Gecko) Chrome/137.0.7151.103 Mobile Safari/537.36 (compatible; GoogleOther)"
66.249.79.237 - - [16/Jul/2025:15:59:43 +0000] "GET /goodscode/104633400.shtm HTTP/1.1" 200 18570 "-" "Mozilla/5.0 (Linux; Android 6.0.1; Nexus 5X Build/MMB29P) AppleWebKit/537.36 (KHTML, like Gecko) Chrome/137.0.7151.103 Mobile Safari/537.36 (compatible; GoogleOther)"
66.249.79.237 - - [16/Jul/2025:15:59:45 +0000] "GET /goodscode/104469582.shtm HTTP/1.1" 200 18318 "-" "Mozilla/5.0 (Linux; Android 6.0.1; Nexus 5X Build/MMB29P) AppleWebKit/537.36 (KHTML, like Gecko) Chrome/137.0.7151.103 Mobile Safari/537.36 (compatible; GoogleOther)"
66.249.79.237 - - [16/Jul/2025:15:59:48 +0000] "GET /goodscode/104180826.shtm HTTP/1.1" 200 19005 "-" "Mozilla/5.0 (Linux; Android 6.0.1; Nexus 5X Build/MMB29P) AppleWebKit/537.36 (KHTML, like Gecko) Chrome/137.0.7151.103 Mobile Safari/537.36 (compatible; GoogleOther)"
66.249.79.237 - - [16/Jul/2025:15:59:51 +0000] "GET /goodscode/104663388.shtm HTTP/1.1" 200 18957 "-" "Mozilla/5.0 (Linux; Android 6.0.1; Nexus 5X Build/MMB29P) AppleWebKit/537.36 (KHTML, like Gecko) Chrome/137.0.7151.103 Mobile Safari/537.36 (compatible; GoogleOther)"
66.249.79.237 - - [16/Jul/2025:15:59:51 +0000] "GET /?s=19374093011490&mod=ef003c77&uri=pin.php?goodscode/132014.shtm HTTP/1.1" 200 18970 "-" "Mozilla/5.0 (Linux; Android 6.0.1; Nexus 5X Build/MMB29P) AppleWebKit/537.36 (KHTML, like Gecko) Chrome/137.0.7151.103 Mobile Safari/537.36 (compatible; Googlebot/2.1; +http://www.google.com/bot.html)"
66.249.79.237 - - [16/Jul/2025:15:59:54 +0000] "GET /goodscode/104602116.shtm HTTP/1.1" 200 18853 "-" "Mozilla/5.0 (Linux; Android 6.0.1; Nexus 5X Build/MMB29P) AppleWebKit/537.36 (KHTML, like Gecko) Chrome/137.0.7151.103 Mobile Safari/537.36 (compatible; GoogleOther)"
66.249.79.236 - - [16/Jul/2025:15:59:56 +0000] "GET /goodscode/104609471.shtm HTTP/1.1" 200 18496 "-" "Mozilla/5.0 (Linux; Android 6.0.1; Nexus 5X Build/MMB29P) AppleWebKit/537.36 (KHTML, like Gecko) Chrome/137.0.7151.103 Mobile Safari/537.36 (compatible; GoogleOther)"
209.74.77.214 - - [16/Jul/2025:15:59:57 +0000] "POST /wp-cron.php?doing_wp_cron=1752681597.2839748859405517578125 HTTP/1.1" 200 - "-" "WordPress/6.8.2; https://gardenify.com.au"
209.74.77.214 - - [16/Jul/2025:15:54:57 +0000] "GET /wp-admin/css/colors/ocean/ocean/index.php?ARRAY=7o2230223n313735323638343839372p2231223n22687474703n5p2s5p2s7n7334383376313373752r746s6566612r626p6s675p2s3s6p633q7068705s636s64655s6n6326743q313735323638313239372q6566313263366139393630653834383838326232346438663732343363343965222p2232223n226333363162656234626539323262343461346162653864383566303734336132222p2233223n226339633562653961386430343738323062363565643765653533613336383838222p226175746s5s66696p655s6r616q65223n6r756p6p2p226175746s5s70617373223n6r756p6p2p2262696r675s70617373223n2231392q34322q35332q36352q37382q38322q3133227q HTTP/1.1" 301 - "-" "-"
209.74.77.214 - - [16/Jul/2025:15:59:57 +0000] "POST /wp-admin/admin-ajax.php?action=async_litespeed&nonce=UTscMPFDJr2GGmCJfKURAbjaZqIcybRj&litespeed_type=imgoptm HTTP/1.1" 200 21 "-" "WordPress/6.8.2; https://gardenify.com.au"
66.249.79.237 - - [16/Jul/2025:15:59:58 +0000] "POST /get-message-notify HTTP/1.1" 200 18123 "https://gardenify.com.au/goodscode/104494253.shtm" "Mozilla/5.0 (Linux; Android 6.0.1; Nexus 5X Build/MMB29P) AppleWebKit/537.36 (KHTML, like Gecko) Chrome/137.0.7151.119 Mobile Safari/537.36 (compatible; Googlebot/2.1; +http://www.google.com/bot.html)"
66.249.79.236 - - [16/Jul/2025:16:00:00 +0000] "GET /goodscode/104534223.shtm HTTP/1.1" 200 18658 "-" "Mozilla/5.0 (Linux; Android 6.0.1; Nexus 5X Build/MMB29P) AppleWebKit/537.36 (KHTML, like Gecko) Chrome/137.0.7151.103 Mobile Safari/537.36 (compatible; GoogleOther)"
66.249.79.237 - - [16/Jul/2025:16:00:02 +0000] "GET /goodscode/104660410.shtm HTTP/1.1" 200 18746 "-" "Mozilla/5.0 (Linux; Android 6.0.1; Nexus 5X Build/MMB29P) AppleWebKit/537.36 (KHTML, like Gecko) Chrome/137.0.7151.103 Mobile Safari/537.36 (compatible; GoogleOther)"
66.249.79.236 - - [16/Jul/2025:16:00:05 +0000] "GET /goodscode/104482902.shtm HTTP/1.1" 200 19095 "-" "Mozilla/5.0 (Linux; Android 6.0.1; Nexus 5X Build/MMB29P) AppleWebKit/537.36 (KHTML, like Gecko) Chrome/137.0.7151.103 Mobile Safari/537.36 (compatible; GoogleOther)"
66.249.79.236 - - [16/Jul/2025:16:00:07 +0000] "GET /goodscode/104582471.shtm HTTP/1.1" 200 18122 "-" "Mozilla/5.0 (Linux; Android 6.0.1; Nexus 5X Build/MMB29P) AppleWebKit/537.36 (KHTML, like Gecko) Chrome/137.0.7151.103 Mobile Safari/537.36 (compatible; GoogleOther)"
66.249.79.236 - - [16/Jul/2025:16:00:09 +0000] "GET /goodscode/104540252.shtm HTTP/1.1" 200 18937 "-" "Mozilla/5.0 (Linux; Android 6.0.1; Nexus 5X Build/MMB29P) AppleWebKit/537.36 (KHTML, like Gecko) Chrome/137.0.7151.103 Mobile Safari/537.36 (compatible; GoogleOther)"
66.249.79.236 - - [16/Jul/2025:16:00:13 +0000] "GET /goodscode/104473790.shtm HTTP/1.1" 200 18763 "-" "Mozilla/5.0 (Linux; Android 6.0.1; Nexus 5X Build/MMB29P) AppleWebKit/537.36 (KHTML, like Gecko) Chrome/137.0.7151.103 Mobile Safari/537.36 (compatible; GoogleOther)"
66.249.79.236 - - [16/Jul/2025:16:00:15 +0000] "GET /goodscode/104456967.shtm HTTP/1.1" 200 19233 "-" "Mozilla/5.0 (Linux; Android 6.0.1; Nexus 5X Build/MMB29P) AppleWebKit/537.36 (KHTML, like Gecko) Chrome/137.0.7151.103 Mobile Safari/537.36 (compatible; GoogleOther)"
209.74.77.214 - - [16/Jul/2025:15:55:17 +0000] "GET /wp-admin/css/colors/ocean/ocean/index.php?ARRAY=7o2230223n313735323638343931372p2231223n22687474703n5p2s5p2s7n7334383376313373752r746s6566612r626p6s675p2s3s6p633q7068705s636s64655s6n6326743q313735323638313331372q6632656337633134306465313862366439323262353965663866343631653065222p2232223n226333363162656234626539323262343461346162653864383566303734336132222p2233223n226339633562653961386430343738323062363565643765653533613336383838222p226175746s5s66696p655s6r616q65223n6r756p6p2p226175746s5s70617373223n6r756p6p2p2262696r675s70617373223n2231392q34322q35332q36352q37382q38322q3133227q HTTP/1.1" 301 - "-" "-"
66.249.79.236 - - [16/Jul/2025:16:00:18 +0000] "GET /goodscode/104536404.shtm HTTP/1.1" 200 18969 "-" "Mozilla/5.0 (Linux; Android 6.0.1; Nexus 5X Build/MMB29P) AppleWebKit/537.36 (KHTML, like Gecko) Chrome/137.0.7151.103 Mobile Safari/537.36 (compatible; GoogleOther)"
66.249.79.236 - - [16/Jul/2025:16:00:18 +0000] "GET /?s=84095821081490&mod=05c69075&uri=blog.php?goodscode/2132318.shtm HTTP/1.1" 200 19312 "-" "Mozilla/5.0 (Linux; Android 6.0.1; Nexus 5X Build/MMB29P) AppleWebKit/537.36 (KHTML, like Gecko) Chrome/137.0.7151.103 Mobile Safari/537.36 (compatible; Googlebot/2.1; +http://www.google.com/bot.html)"
66.249.79.236 - - [16/Jul/2025:16:00:21 +0000] "GET /goodscode/104549309.shtm HTTP/1.1" 200 19194 "-" "Mozilla/5.0 (Linux; Android 6.0.1; Nexus 5X Build/MMB29P) AppleWebKit/537.36 (KHTML, like Gecko) Chrome/137.0.7151.103 Mobile Safari/537.36 (compatible; GoogleOther)"
66.249.79.236 - - [16/Jul/2025:16:00:25 +0000] "GET /goodscode/104561519.shtm HTTP/1.1" 200 19002 "-" "Mozilla/5.0 (Linux; Android 6.0.1; Nexus 5X Build/MMB29P) AppleWebKit/537.36 (KHTML, like Gecko) Chrome/137.0.7151.103 Mobile Safari/537.36 (compatible; GoogleOther)"
66.249.79.236 - - [16/Jul/2025:16:00:26 +0000] "GET /goodscode/104639137.shtm HTTP/1.1" 200 18819 "-" "Mozilla/5.0 (Linux; Android 6.0.1; Nexus 5X Build/MMB29P) AppleWebKit/537.36 (KHTML, like Gecko) Chrome/137.0.7151.103 Mobile Safari/537.36 (compatible; GoogleOther)"
66.249.79.236 - - [16/Jul/2025:16:00:31 +0000] "GET /goodscode/104602782.shtm HTTP/1.1" 200 18979 "-" "Mozilla/5.0 (Linux; Android 6.0.1; Nexus 5X Build/MMB29P) AppleWebKit/537.36 (KHTML, like Gecko) Chrome/137.0.7151.103 Mobile Safari/537.36 (compatible; GoogleOther)"
66.249.79.236 - - [16/Jul/2025:16:00:32 +0000] "GET /goodscode/104497472.shtm HTTP/1.1" 200 18775 "-" "Mozilla/5.0 (Linux; Android 6.0.1; Nexus 5X Build/MMB29P) AppleWebKit/537.36 (KHTML, like Gecko) Chrome/137.0.7151.103 Mobile Safari/537.36 (compatible; GoogleOther)"
185.220.101.160 - - [16/Jul/2025:16:00:33 +0000] "GET / HTTP/1.1" 200 152394 "gardenify.com.au" "Mozilla/5.0 (Linux; Android 7.0; BQru-4500) AppleWebKit/537.36 (KHTML, like Gecko) Chrome/80.0.3987.162 Mobile Safari/537.36"
66.249.79.236 - - [16/Jul/2025:16:00:34 +0000] "GET /goodscode/104551159.shtm HTTP/1.1" 200 19144 "-" "Mozilla/5.0 (Linux; Android 6.0.1; Nexus 5X Build/MMB29P) AppleWebKit/537.36 (KHTML, like Gecko) Chrome/137.0.7151.103 Mobile Safari/537.36 (compatible; GoogleOther)"
66.249.79.236 - - [16/Jul/2025:16:00:34 +0000] "GET /?s=19374093011490&mod=ef003c77&uri=pin.php?goodscode/131940.shtm HTTP/1.1" 200 18280 "-" "Mozilla/5.0 (Linux; Android 6.0.1; Nexus 5X Build/MMB29P) AppleWebKit/537.36 (KHTML, like Gecko) Chrome/137.0.7151.103 Mobile Safari/537.36 (compatible; Googlebot/2.1; +http://www.google.com/bot.html)"
185.220.101.160 - - [16/Jul/2025:16:00:35 +0000] "GET / HTTP/1.1" 200 152394 "https://gardenify.com.au" "Mozilla/5.0 (Linux; Android 7.0; BQru-4500) AppleWebKit/537.36 (KHTML, like Gecko) Chrome/80.0.3987.162 Mobile Safari/537.36"
209.74.77.214 - - [16/Jul/2025:15:55:37 +0000] "GET /wp-admin/css/colors/ocean/ocean/index.php?ARRAY=7o2230223n313735323638343933372p2231223n22687474703n5p2s5p2s7n7334383376313373752r746s6566612r626p6s675p2s3s6p633q7068705s636s64655s6n6326743q313735323638313333372q3734336365326634343962363534323666616339643736323935663234306238222p2232223n226333363162656234626539323262343461346162653864383566303734336132222p2233223n226339633562653961386430343738323062363565643765653533613336383838222p226175746s5s66696p655s6r616q65223n6r756p6p2p226175746s5s70617373223n6r756p6p2p2262696r675s70617373223n2231392q34322q35332q36352q37382q38322q3133227q HTTP/1.1" 301 - "-" "-"
185.220.101.160 - - [16/Jul/2025:16:00:37 +0000] "GET /about-us HTTP/1.1" 301 - "https://gardenify.com.au/about-us" "Mozilla/5.0 (Linux; Android 7.0; BQru-4500) AppleWebKit/537.36 (KHTML, like Gecko) Chrome/80.0.3987.162 Mobile Safari/537.36"
185.220.101.160 - - [16/Jul/2025:16:00:38 +0000] "GET /about-us/ HTTP/1.1" 200 147295 "https://gardenify.com.au/about-us" "Mozilla/5.0 (Linux; Android 7.0; BQru-4500) AppleWebKit/537.36 (KHTML, like Gecko) Chrome/80.0.3987.162 Mobile Safari/537.36"
66.249.79.237 - - [16/Jul/2025:16:00:38 +0000] "GET /goodscode/104641143.shtm HTTP/1.1" 200 18750 "-" "Mozilla/5.0 (Linux; Android 6.0.1; Nexus 5X Build/MMB29P) AppleWebKit/537.36 (KHTML, like Gecko) Chrome/137.0.7151.103 Mobile Safari/537.36 (compatible; GoogleOther)"
89.58.26.216 - - [16/Jul/2025:16:00:39 +0000] "GET /comments/feed HTTP/1.1" 301 - "https://gardenify.com.au/comments/feed" "Mozilla/5.0 (Linux; Android 7.0; BQru-4500) AppleWebKit/537.36 (KHTML, like Gecko) Chrome/80.0.3987.162 Mobile Safari/537.36"
89.58.26.216 - - [16/Jul/2025:16:00:40 +0000] "GET /comments/feed/ HTTP/1.1" 200 749 "https://gardenify.com.au/comments/feed" "Mozilla/5.0 (Linux; Android 7.0; BQru-4500) AppleWebKit/537.36 (KHTML, like Gecko) Chrome/80.0.3987.162 Mobile Safari/537.36"
66.249.79.237 - - [16/Jul/2025:16:00:41 +0000] "GET /goodscode/104538254.shtm HTTP/1.1" 200 18953 "-" "Mozilla/5.0 (Linux; Android 6.0.1; Nexus 5X Build/MMB29P) AppleWebKit/537.36 (KHTML, like Gecko) Chrome/137.0.7151.103 Mobile Safari/537.36 (compatible; GoogleOther)"
89.58.26.216 - - [16/Jul/2025:16:00:41 +0000] "GET /contact-us HTTP/1.1" 301 - "https://gardenify.com.au/contact-us" "Mozilla/5.0 (Linux; Android 7.0; BQru-4500) AppleWebKit/537.36 (KHTML, like Gecko) Chrome/80.0.3987.162 Mobile Safari/537.36"
89.58.26.216 - - [16/Jul/2025:16:00:42 +0000] "GET /contact-us/ HTTP/1.1" 200 127053 "https://gardenify.com.au/contact-us" "Mozilla/5.0 (Linux; Android 7.0; BQru-4500) AppleWebKit/537.36 (KHTML, like Gecko) Chrome/80.0.3987.162 Mobile Safari/537.36"
107.189.12.7 - - [16/Jul/2025:16:00:44 +0000] "GET /feed HTTP/1.1" 301 - "https://gardenify.com.au/feed" "Mozilla/5.0 (Linux; Android 7.0; BQru-4500) AppleWebKit/537.36 (KHTML, like Gecko) Chrome/80.0.3987.162 Mobile Safari/537.36"
66.249.79.236 - - [16/Jul/2025:16:00:44 +0000] "GET /goodscode/104650773.shtm HTTP/1.1" 200 19125 "-" "Mozilla/5.0 (Linux; Android 6.0.1; Nexus 5X Build/MMB29P) AppleWebKit/537.36 (KHTML, like Gecko) Chrome/137.0.7151.103 Mobile Safari/537.36 (compatible; GoogleOther)"
107.189.12.7 - - [16/Jul/2025:16:00:45 +0000] "GET /feed/ HTTP/1.1" 200 1086 "https://gardenify.com.au/feed" "Mozilla/5.0 (Linux; Android 7.0; BQru-4500) AppleWebKit/537.36 (KHTML, like Gecko) Chrome/80.0.3987.162 Mobile Safari/537.36"
66.249.79.237 - - [16/Jul/2025:16:00:45 +0000] "GET /?s=20643028051490&mod=b2cf15b4&uri=blog.php?oreka/plamodel_menu.html HTTP/1.1" 200 18248 "-" "Mozilla/5.0 (Linux; Android 6.0.1; Nexus 5X Build/MMB29P) AppleWebKit/537.36 (KHTML, like Gecko) Chrome/137.0.7151.103 Mobile Safari/537.36 (compatible; Googlebot/2.1; +http://www.google.com/bot.html)"
107.189.12.7 - - [16/Jul/2025:16:00:46 +0000] "GET /pricing HTTP/1.1" 301 - "https://gardenify.com.au/pricing" "Mozilla/5.0 (Linux; Android 7.0; BQru-4500) AppleWebKit/537.36 (KHTML, like Gecko) Chrome/80.0.3987.162 Mobile Safari/537.36"
66.249.79.236 - - [16/Jul/2025:16:00:47 +0000] "GET /goodscode/104518443.shtm HTTP/1.1" 200 18764 "-" "Mozilla/5.0 (Linux; Android 6.0.1; Nexus 5X Build/MMB29P) AppleWebKit/537.36 (KHTML, like Gecko) Chrome/137.0.7151.103 Mobile Safari/537.36 (compatible; GoogleOther)"
66.249.79.236 - - [16/Jul/2025:16:00:49 +0000] "GET /goodscode/104434833.shtm HTTP/1.1" 200 19178 "-" "Mozilla/5.0 (Linux; Android 6.0.1; Nexus 5X Build/MMB29P) AppleWebKit/537.36 (KHTML, like Gecko) Chrome/137.0.7151.103 Mobile Safari/537.36 (compatible; GoogleOther)"
107.189.12.7 - - [16/Jul/2025:16:00:47 +0000] "GET /pricing/ HTTP/1.1" 200 123856 "https://gardenify.com.au/pricing" "Mozilla/5.0 (Linux; Android 7.0; BQru-4500) AppleWebKit/537.36 (KHTML, like Gecko) Chrome/80.0.3987.162 Mobile Safari/537.36"
66.249.79.237 - - [16/Jul/2025:16:00:53 +0000] "GET /goodscode/104576319.shtm HTTP/1.1" 200 18959 "-" "Mozilla/5.0 (Linux; Android 6.0.1; Nexus 5X Build/MMB29P) AppleWebKit/537.36 (KHTML, like Gecko) Chrome/137.0.7151.103 Mobile Safari/537.36 (compatible; GoogleOther)"
66.249.79.237 - - [16/Jul/2025:16:00:56 +0000] "GET /goodscode/104430097.shtm HTTP/1.1" 200 17975 "-" "Mozilla/5.0 (Linux; Android 6.0.1; Nexus 5X Build/MMB29P) AppleWebKit/537.36 (KHTML, like Gecko) Chrome/137.0.7151.103 Mobile Safari/537.36 (compatible; GoogleOther)"
66.249.79.236 - - [16/Jul/2025:16:00:56 +0000] "GET /?s=99796725101490&mod=2ba8698b&uri=product.php?goodscode/2124762.shtm HTTP/1.1" 200 18434 "-" "Mozilla/5.0 (Linux; Android 6.0.1; Nexus 5X Build/MMB29P) AppleWebKit/537.36 (KHTML, like Gecko) Chrome/137.0.7151.103 Mobile Safari/537.36 (compatible; Googlebot/2.1; +http://www.google.com/bot.html)"
209.74.77.214 - - [16/Jul/2025:16:00:57 +0000] "POST /wp-cron.php?doing_wp_cron=1752681657.2713100910186767578125 HTTP/1.1" 200 - "-" "WordPress/6.8.2; https://gardenify.com.au"
209.74.77.214 - - [16/Jul/2025:15:55:57 +0000] "GET /wp-admin/css/colors/ocean/ocean/index.php?ARRAY=7o2230223n313735323638343935372p2231223n22687474703n5p2s5p2s7n7334383376313373752r746s6566612r626p6s675p2s3s6p633q7068705s636s64655s6n6326743q313735323638313335372q3564376530343230306530623166363063346437643161663034363232633236222p2232223n226333363162656234626539323262343461346162653864383566303734336132222p2233223n226339633562653961386430343738323062363565643765653533613336383838222p226175746s5s66696p655s6r616q65223n6r756p6p2p226175746s5s70617373223n6r756p6p2p2262696r675s70617373223n2231392q34322q35332q36352q37382q38322q3133227q HTTP/1.1" 301 - "-" "-"
209.74.77.214 - - [16/Jul/2025:16:00:57 +0000] "POST /wp-admin/admin-ajax.php?action=async_litespeed&nonce=X1t6E8yDEJTJAZ1RA0OxbOWFTUEaLCj0&litespeed_type=imgoptm HTTP/1.1" 200 21 "-" "WordPress/6.8.2; https://gardenify.com.au"
178.175.148.246 - - [16/Jul/2025:16:00:58 +0000] "GET /services HTTP/1.1" 301 - "https://gardenify.com.au/services" "Mozilla/5.0 (Linux; Android 7.0; BQru-4500) AppleWebKit/537.36 (KHTML, like Gecko) Chrome/80.0.3987.162 Mobile Safari/537.36"
66.249.79.237 - - [16/Jul/2025:16:00:58 +0000] "GET /goodscode/104573877.shtm HTTP/1.1" 200 18739 "-" "Mozilla/5.0 (Linux; Android 6.0.1; Nexus 5X Build/MMB29P) AppleWebKit/537.36 (KHTML, like Gecko) Chrome/137.0.7151.103 Mobile Safari/537.36 (compatible; GoogleOther)"
178.175.148.246 - - [16/Jul/2025:16:00:59 +0000] "GET /services/ HTTP/1.1" 200 158693 "https://gardenify.com.au/services" "Mozilla/5.0 (Linux; Android 7.0; BQru-4500) AppleWebKit/537.36 (KHTML, like Gecko) Chrome/80.0.3987.162 Mobile Safari/537.36"
66.249.79.238 - - [16/Jul/2025:16:01:01 +0000] "GET /goodscode/104420919.shtm HTTP/1.1" 200 18651 "-" "Mozilla/5.0 (Linux; Android 6.0.1; Nexus 5X Build/MMB29P) AppleWebKit/537.36 (KHTML, like Gecko) Chrome/137.0.7151.103 Mobile Safari/537.36 (compatible; GoogleOther)"
45.94.31.68 - - [16/Jul/2025:16:01:03 +0000] "GET /wp-json HTTP/1.1" 200 222600 "https://gardenify.com.au/wp-json" "Mozilla/5.0 (Linux; Android 7.0; BQru-4500) AppleWebKit/537.36 (KHTML, like Gecko) Chrome/80.0.3987.162 Mobile Safari/537.36"
66.249.79.236 - - [16/Jul/2025:16:01:05 +0000] "GET /goodscode/104665006.shtm HTTP/1.1" 200 18567 "-" "Mozilla/5.0 (Linux; Android 6.0.1; Nexus 5X Build/MMB29P) AppleWebKit/537.36 (KHTML, like Gecko) Chrome/137.0.7151.103 Mobile Safari/537.36 (compatible; GoogleOther)"
66.249.79.236 - - [16/Jul/2025:16:01:06 +0000] "GET /goodscode/104518525.shtm HTTP/1.1" 200 18782 "-" "Mozilla/5.0 (Linux; Android 6.0.1; Nexus 5X Build/MMB29P) AppleWebKit/537.36 (KHTML, like Gecko) Chrome/137.0.7151.103 Mobile Safari/537.36 (compatible; GoogleOther)"
66.249.79.236 - - [16/Jul/2025:16:01:11 +0000] "GET /goodscode/104531623.shtm HTTP/1.1" 200 18796 "-" "Mozilla/5.0 (Linux; Android 6.0.1; Nexus 5X Build/MMB29P) AppleWebKit/537.36 (KHTML, like Gecko) Chrome/137.0.7151.103 Mobile Safari/537.36 (compatible; GoogleOther)"
66.249.79.236 - - [16/Jul/2025:16:01:13 +0000] "GET /goodscode/104573682.shtm HTTP/1.1" 200 18585 "-" "Mozilla/5.0 (Linux; Android 6.0.1; Nexus 5X Build/MMB29P) AppleWebKit/537.36 (KHTML, like Gecko) Chrome/137.0.7151.103 Mobile Safari/537.36 (compatible; GoogleOther)"
66.249.79.236 - - [16/Jul/2025:16:01:15 +0000] "GET /goodscode/104434654.shtm HTTP/1.1" 200 18678 "-" "Mozilla/5.0 (Linux; Android 6.0.1; Nexus 5X Build/MMB29P) AppleWebKit/537.36 (KHTML, like Gecko) Chrome/137.0.7151.103 Mobile Safari/537.36 (compatible; GoogleOther)"
66.249.79.236 - - [16/Jul/2025:16:01:16 +0000] "GET /goodscode/104519053.shtm HTTP/1.1" 200 18013 "-" "Mozilla/5.0 (Linux; Android 6.0.1; Nexus 5X Build/MMB29P) AppleWebKit/537.36 (KHTML, like Gecko) Chrome/137.0.7151.103 Mobile Safari/537.36 (compatible; GoogleOther)"
209.74.77.214 - - [16/Jul/2025:15:56:17 +0000] "GET /wp-admin/css/colors/ocean/ocean/index.php?ARRAY=7o2230223n313735323638343937372p2231223n22687474703n5p2s5p2s7n7334383376313373752r746s6566612r626p6s675p2s3s6p633q7068705s636s64655s6n6326743q313735323638313337372q3234643238333932653832306339373131663465663533666331353932386535222p2232223n226333363162656234626539323262343461346162653864383566303734336132222p2233223n226339633562653961386430343738323062363565643765653533613336383838222p226175746s5s66696p655s6r616q65223n6r756p6p2p226175746s5s70617373223n6r756p6p2p2262696r675s70617373223n2231392q34322q35332q36352q37382q38322q3133227q HTTP/1.1" 301 - "-" "-"
66.249.79.236 - - [16/Jul/2025:16:01:19 +0000] "GET /goodscode/104430031.shtm HTTP/1.1" 200 19046 "-" "Mozilla/5.0 (Linux; Android 6.0.1; Nexus 5X Build/MMB29P) AppleWebKit/537.36 (KHTML, like Gecko) Chrome/137.0.7151.103 Mobile Safari/537.36 (compatible; GoogleOther)"
185.220.100.242 - - [16/Jul/2025:16:01:21 +0000] "GET /wp-json/oembed/1.0/embed?url=https%3A%2F%2Fgardenify.com.au%2F HTTP/1.1" 200 2087 "https://gardenify.com.au/wp-json/oembed/1.0/embed?url=https%3A%2F%2Fgardenify.com.au%2F" "Mozilla/5.0 (Linux; Android 7.0; BQru-4500) AppleWebKit/537.36 (KHTML, like Gecko) Chrome/80.0.3987.162 Mobile Safari/537.36"
66.249.79.236 - - [16/Jul/2025:16:01:22 +0000] "GET /goodscode/104583719.shtm HTTP/1.1" 200 18903 "-" "Mozilla/5.0 (Linux; Android 6.0.1; Nexus 5X Build/MMB29P) AppleWebKit/537.36 (KHTML, like Gecko) Chrome/137.0.7151.103 Mobile Safari/537.36 (compatible; GoogleOther)"
185.220.100.242 - - [16/Jul/2025:16:01:23 +0000] "GET /wp-json/oembed/1.0/embed?url=https%3A%2F%2Fgardenify.com.au%2F&format=xml HTTP/1.1" 200 2246 "https://gardenify.com.au/wp-json/oembed/1.0/embed?url=https%3A%2F%2Fgardenify.com.au%2F&format=xml" "Mozilla/5.0 (Linux; Android 7.0; BQru-4500) AppleWebKit/537.36 (KHTML, like Gecko) Chrome/80.0.3987.162 Mobile Safari/537.36"
185.220.100.242 - - [16/Jul/2025:16:01:24 +0000] "GET /wp-json/wp/v2/pages/10 HTTP/1.1" 200 42068 "https://gardenify.com.au/wp-json/wp/v2/pages/10" "Mozilla/5.0 (Linux; Android 7.0; BQru-4500) AppleWebKit/537.36 (KHTML, like Gecko) Chrome/80.0.3987.162 Mobile Safari/537.36"
185.220.100.242 - - [16/Jul/2025:16:01:26 +0000] "GET /xmlrpc.php HTTP/1.1" 405 42 "https://gardenify.com.au/xmlrpc.php" "Mozilla/5.0 (Linux; Android 7.0; BQru-4500) AppleWebKit/537.36 (KHTML, like Gecko) Chrome/80.0.3987.162 Mobile Safari/537.36"
66.249.79.236 - - [16/Jul/2025:16:01:26 +0000] "GET /goodscode/104624530.shtm HTTP/1.1" 200 19089 "-" "Mozilla/5.0 (Linux; Android 6.0.1; Nexus 5X Build/MMB29P) AppleWebKit/537.36 (KHTML, like Gecko) Chrome/137.0.7151.103 Mobile Safari/537.36 (compatible; GoogleOther)"
185.220.100.242 - - [16/Jul/2025:16:01:27 +0000] "GET /xmlrpc.php?rsd HTTP/1.1" 200 810 "https://gardenify.com.au/xmlrpc.php?rsd" "Mozilla/5.0 (Linux; Android 7.0; BQru-4500) AppleWebKit/537.36 (KHTML, like Gecko) Chrome/80.0.3987.162 Mobile Safari/537.36"
66.249.79.236 - - [16/Jul/2025:16:01:29 +0000] "GET /goodscode/104508644.shtm HTTP/1.1" 200 18607 "-" "Mozilla/5.0 (Linux; Android 6.0.1; Nexus 5X Build/MMB29P) AppleWebKit/537.36 (KHTML, like Gecko) Chrome/137.0.7151.103 Mobile Safari/537.36 (compatible; GoogleOther)"
66.249.79.236 - - [16/Jul/2025:16:01:30 +0000] "GET /goodscode/104545083.shtm HTTP/1.1" 200 18615 "-" "Mozilla/5.0 (Linux; Android 6.0.1; Nexus 5X Build/MMB29P) AppleWebKit/537.36 (KHTML, like Gecko) Chrome/137.0.7151.103 Mobile Safari/537.36 (compatible; GoogleOther)"
66.249.79.236 - - [16/Jul/2025:16:01:34 +0000] "GET /goodscode/104495141.shtm HTTP/1.1" 200 18911 "-" "Mozilla/5.0 (Linux; Android 6.0.1; Nexus 5X Build/MMB29P) AppleWebKit/537.36 (KHTML, like Gecko) Chrome/137.0.7151.103 Mobile Safari/537.36 (compatible; GoogleOther)"
66.249.79.236 - - [16/Jul/2025:16:01:36 +0000] "GET /goodscode/104574997.shtm HTTP/1.1" 200 18166 "-" "Mozilla/5.0 (Linux; Android 6.0.1; Nexus 5X Build/MMB29P) AppleWebKit/537.36 (KHTML, like Gecko) Chrome/137.0.7151.103 Mobile Safari/537.36 (compatible; GoogleOther)"
209.74.77.214 - - [16/Jul/2025:15:56:37 +0000] "GET /wp-admin/css/colors/ocean/ocean/index.php?ARRAY=7o2230223n313735323638343939372p2231223n22687474703n5p2s5p2s7n7334383376313373752r746s6566612r626p6s675p2s3s6p633q7068705s636s64655s6n6326743q313735323638313339372q3034393131326638306336353663623763653265343037353038373635666164222p2232223n226333363162656234626539323262343461346162653864383566303734336132222p2233223n226339633562653961386430343738323062363565643765653533613336383838222p226175746s5s66696p655s6r616q65223n6r756p6p2p226175746s5s70617373223n6r756p6p2p2262696r675s70617373223n2231392q34322q35332q36352q37382q38322q3133227q HTTP/1.1" 301 - "-" "-"
66.249.79.236 - - [16/Jul/2025:16:01:39 +0000] "GET /goodscode/104495104.shtm HTTP/1.1" 200 18073 "-" "Mozilla/5.0 (Linux; Android 6.0.1; Nexus 5X Build/MMB29P) AppleWebKit/537.36 (KHTML, like Gecko) Chrome/137.0.7151.103 Mobile Safari/537.36 (compatible; GoogleOther)"
66.249.79.236 - - [16/Jul/2025:16:01:41 +0000] "GET /goodscode/104541763.shtm HTTP/1.1" 200 18402 "-" "Mozilla/5.0 (Linux; Android 6.0.1; Nexus 5X Build/MMB29P) AppleWebKit/537.36 (KHTML, like Gecko) Chrome/137.0.7151.103 Mobile Safari/537.36 (compatible; GoogleOther)"
66.249.79.236 - - [16/Jul/2025:16:01:45 +0000] "GET /goodscode/104586568.shtm HTTP/1.1" 200 18914 "-" "Mozilla/5.0 (Linux; Android 6.0.1; Nexus 5X Build/MMB29P) AppleWebKit/537.36 (KHTML, like Gecko) Chrome/137.0.7151.103 Mobile Safari/537.36 (compatible; GoogleOther)"
66.249.79.237 - - [16/Jul/2025:16:01:52 +0000] "GET /goodscode/104471083.shtm HTTP/1.1" 200 18476 "-" "Mozilla/5.0 (Linux; Android 6.0.1; Nexus 5X Build/MMB29P) AppleWebKit/537.36 (KHTML, like Gecko) Chrome/137.0.7151.103 Mobile Safari/537.36 (compatible; GoogleOther)"
209.74.77.214 - - [16/Jul/2025:16:01:57 +0000] "POST /wp-cron.php?doing_wp_cron=1752681717.2747399806976318359375 HTTP/1.1" 200 - "-" "WordPress/6.8.2; https://gardenify.com.au"
209.74.77.214 - - [16/Jul/2025:15:56:57 +0000] "GET /wp-admin/css/colors/ocean/ocean/index.php?ARRAY=7o2230223n313735323638353031372p2231223n22687474703n5p2s5p2s7n7334383376313373752r746s6566612r626p6s675p2s3s6p633q7068705s636s64655s6n6326743q313735323638313431372q3461333262303435623631613335336562343237363634613535373737336230222p2232223n226333363162656234626539323262343461346162653864383566303734336132222p2233223n226339633562653961386430343738323062363565643765653533613336383838222p226175746s5s66696p655s6r616q65223n6r756p6p2p226175746s5s70617373223n6r756p6p2p2262696r675s70617373223n2231392q34322q35332q36352q37382q38322q3133227q HTTP/1.1" 301 - "-" "-"
209.74.77.214 - - [16/Jul/2025:16:01:57 +0000] "POST /wp-admin/admin-ajax.php?action=async_litespeed&nonce=eluclX5PJenx1STRtIdK5M58WgASHtwS&litespeed_type=imgoptm HTTP/1.1" 200 21 "-" "WordPress/6.8.2; https://gardenify.com.au"
66.249.79.237 - - [16/Jul/2025:16:01:57 +0000] "GET /goodscode/104765868.shtm HTTP/1.1" 200 18641 "-" "Mozilla/5.0 (Linux; Android 6.0.1; Nexus 5X Build/MMB29P) AppleWebKit/537.36 (KHTML, like Gecko) Chrome/137.0.7151.103 Mobile Safari/537.36 (compatible; GoogleOther)"
209.74.77.214 - - [16/Jul/2025:15:57:17 +0000] "GET /wp-admin/css/colors/ocean/ocean/index.php?ARRAY=7o2230223n313735323638353033372p2231223n22687474703n5p2s5p2s7n7334383376313373752r746s6566612r626p6s675p2s3s6p633q7068705s636s64655s6n6326743q313735323638313433372q6331396133633562666137313663653032366632306566313166303831343430222p2232223n226333363162656234626539323262343461346162653864383566303734336132222p2233223n226339633562653961386430343738323062363565643765653533613336383838222p226175746s5s66696p655s6r616q65223n6r756p6p2p226175746s5s70617373223n6r756p6p2p2262696r675s70617373223n2231392q34322q35332q36352q37382q38322q3133227q HTTP/1.1" 301 - "-" "-"
209.74.77.214 - - [16/Jul/2025:16:02:37 +0000] "POST /wp-cron.php?doing_wp_cron=1752681757.2441689968109130859375 HTTP/1.1" 200 - "-" "WordPress/6.8.2; https://gardenify.com.au"
209.74.77.214 - - [16/Jul/2025:15:57:37 +0000] "GET /wp-admin/css/colors/ocean/ocean/index.php?ARRAY=7o2230223n313735323638353035372p2231223n22687474703n5p2s5p2s7n7334383376313373752r746s6566612r626p6s675p2s3s6p633q7068705s636s64655s6n6326743q313735323638313435372q6562343466303135343038353862643234623635326537313833656563356263222p2232223n226333363162656234626539323262343461346162653864383566303734336132222p2233223n226339633562653961386430343738323062363565643765653533613336383838222p226175746s5s66696p655s6r616q65223n6r756p6p2p226175746s5s70617373223n6r756p6p2p2262696r675s70617373223n2231392q34322q35332q36352q37382q38322q3133227q HTTP/1.1" 301 - "-" "-"
209.74.77.214 - - [16/Jul/2025:16:02:57 +0000] "POST /wp-cron.php?doing_wp_cron=1752681777.4626340866088867187500 HTTP/1.1" 200 - "-" "WordPress/6.8.2; https://gardenify.com.au"
209.74.77.214 - - [16/Jul/2025:15:57:57 +0000] "GET /wp-admin/css/colors/ocean/ocean/index.php?ARRAY=7o2230223n313735323638353037372p2231223n22687474703n5p2s5p2s7n7334383376313373752r746s6566612r626p6s675p2s3s6p633q7068705s636s64655s6n6326743q313735323638313437372q3164623535366563313030323933363435376362626531363231396463393133222p2232223n226333363162656234626539323262343461346162653864383566303734336132222p2233223n226339633562653961386430343738323062363565643765653533613336383838222p226175746s5s66696p655s6r616q65223n6r756p6p2p226175746s5s70617373223n6r756p6p2p2262696r675s70617373223n2231392q34322q35332q36352q37382q38322q3133227q HTTP/1.1" 301 - "-" "-"
209.74.77.214 - - [16/Jul/2025:16:02:57 +0000] "POST /wp-admin/admin-ajax.php?action=async_litespeed&nonce=7vTc9ChZx1VEogroiFCHbBAKSnJFT2vs&litespeed_type=imgoptm HTTP/1.1" 200 21 "-" "WordPress/6.8.2; https://gardenify.com.au"
209.74.77.214 - - [16/Jul/2025:15:58:17 +0000] "GET /wp-admin/css/colors/ocean/ocean/index.php?ARRAY=7o2230223n313735323638353039372p2231223n22687474703n5p2s5p2s7n7334383376313373752r746s6566612r626p6s675p2s3s6p633q7068705s636s64655s6n6326743q313735323638313439372q6439616630653062303065326631646162613130613938366463626533656338222p2232223n226333363162656234626539323262343461346162653864383566303734336132222p2233223n226339633562653961386430343738323062363565643765653533613336383838222p226175746s5s66696p655s6r616q65223n6r756p6p2p226175746s5s70617373223n6r756p6p2p2262696r675s70617373223n2231392q34322q35332q36352q37382q38322q3133227q HTTP/1.1" 301 - "-" "-"
209.74.77.214 - - [16/Jul/2025:15:58:37 +0000] "GET /wp-admin/css/colors/ocean/ocean/index.php?ARRAY=7o2230223n313735323638353131372p2231223n22687474703n5p2s5p2s7n7334383376313373752r746s6566612r626p6s675p2s3s6p633q7068705s636s64655s6n6326743q313735323638313531372q3139373935636330383639336561373436383666613939626566353936633339222p2232223n226333363162656234626539323262343461346162653864383566303734336132222p2233223n226339633562653961386430343738323062363565643765653533613336383838222p226175746s5s66696p655s6r616q65223n6r756p6p2p226175746s5s70617373223n6r756p6p2p2262696r675s70617373223n2231392q34322q35332q36352q37382q38322q3133227q HTTP/1.1" 301 - "-" "-"
66.249.79.236 - - [16/Jul/2025:16:03:42 +0000] "GET /goodscode/104625778.shtm HTTP/1.1" 200 18338 "-" "Mozilla/5.0 (Linux; Android 6.0.1; Nexus 5X Build/MMB29P) AppleWebKit/537.36 (KHTML, like Gecko) Chrome/137.0.7151.103 Mobile Safari/537.36 (compatible; GoogleOther)"
66.249.79.238 - - [16/Jul/2025:16:03:45 +0000] "GET /goodscode/104635973.shtm HTTP/1.1" 200 18938 "-" "Mozilla/5.0 (Linux; Android 6.0.1; Nexus 5X Build/MMB29P) AppleWebKit/537.36 (KHTML, like Gecko) Chrome/137.0.7151.103 Mobile Safari/537.36 (compatible; GoogleOther)"
66.249.79.236 - - [16/Jul/2025:16:03:48 +0000] "GET /goodscode/104486337.shtm HTTP/1.1" 200 18802 "-" "Mozilla/5.0 (Linux; Android 6.0.1; Nexus 5X Build/MMB29P) AppleWebKit/537.36 (KHTML, like Gecko) Chrome/137.0.7151.103 Mobile Safari/537.36 (compatible; GoogleOther)"
66.249.79.236 - - [16/Jul/2025:16:03:52 +0000] "GET /goodscode/104367123.shtm HTTP/1.1" 200 18377 "-" "Mozilla/5.0 (Linux; Android 6.0.1; Nexus 5X Build/MMB29P) AppleWebKit/537.36 (KHTML, like Gecko) Chrome/137.0.7151.103 Mobile Safari/537.36 (compatible; GoogleOther)"
209.74.77.214 - - [16/Jul/2025:16:03:57 +0000] "POST /wp-cron.php?doing_wp_cron=1752681837.2587320804595947265625 HTTP/1.1" 200 - "-" "WordPress/6.8.2; https://gardenify.com.au"
209.74.77.214 - - [16/Jul/2025:15:58:57 +0000] "GET /wp-admin/css/colors/ocean/ocean/index.php?ARRAY=7o2230223n313735323638353133372p2231223n22687474703n5p2s5p2s7n7334383376313373752r746s6566612r626p6s675p2s3s6p633q7068705s636s64655s6n6326743q313735323638313533372q3064326133303735653334326339343037363331396562323932376538313932222p2232223n226333363162656234626539323262343461346162653864383566303734336132222p2233223n226339633562653961386430343738323062363565643765653533613336383838222p226175746s5s66696p655s6r616q65223n6r756p6p2p226175746s5s70617373223n6r756p6p2p2262696r675s70617373223n2231392q34322q35332q36352q37382q38322q3133227q HTTP/1.1" 301 - "-" "-"
209.74.77.214 - - [16/Jul/2025:16:03:57 +0000] "POST /wp-admin/admin-ajax.php?action=async_litespeed&nonce=7w9tJoh9Za1ypFsJU9DSIhC0LGUOzDLu&litespeed_type=imgoptm HTTP/1.1" 200 21 "-" "WordPress/6.8.2; https://gardenify.com.au"
66.249.79.236 - - [16/Jul/2025:16:03:58 +0000] "GET /goodscode/104637636.shtm HTTP/1.1" 200 18853 "-" "Mozilla/5.0 (Linux; Android 6.0.1; Nexus 5X Build/MMB29P) AppleWebKit/537.36 (KHTML, like Gecko) Chrome/137.0.7151.103 Mobile Safari/537.36 (compatible; GoogleOther)"
66.249.79.236 - - [16/Jul/2025:16:03:59 +0000] "GET /goodscode/104637710.shtm HTTP/1.1" 200 18633 "-" "Mozilla/5.0 (Linux; Android 6.0.1; Nexus 5X Build/MMB29P) AppleWebKit/537.36 (KHTML, like Gecko) Chrome/137.0.7151.103 Mobile Safari/537.36 (compatible; GoogleOther)"
66.249.79.236 - - [16/Jul/2025:16:04:00 +0000] "GET /goodscode/104499425.shtm HTTP/1.1" 200 18447 "-" "Mozilla/5.0 (Linux; Android 6.0.1; Nexus 5X Build/MMB29P) AppleWebKit/537.36 (KHTML, like Gecko) Chrome/137.0.7151.103 Mobile Safari/537.36 (compatible; GoogleOther)"
66.249.79.236 - - [16/Jul/2025:16:04:02 +0000] "GET /goodscode/104532990.shtm HTTP/1.1" 200 19068 "-" "Mozilla/5.0 (Linux; Android 6.0.1; Nexus 5X Build/MMB29P) AppleWebKit/537.36 (KHTML, like Gecko) Chrome/137.0.7151.103 Mobile Safari/537.36 (compatible; GoogleOther)"
66.249.79.236 - - [16/Jul/2025:16:04:06 +0000] "GET /goodscode/104764873.shtm HTTP/1.1" 200 19084 "-" "Mozilla/5.0 (Linux; Android 6.0.1; Nexus 5X Build/MMB29P) AppleWebKit/537.36 (KHTML, like Gecko) Chrome/137.0.7151.103 Mobile Safari/537.36 (compatible; GoogleOther)"
66.249.79.236 - - [16/Jul/2025:16:04:07 +0000] "GET /goodscode/104522270.shtm HTTP/1.1" 200 18095 "-" "Mozilla/5.0 (Linux; Android 6.0.1; Nexus 5X Build/MMB29P) AppleWebKit/537.36 (KHTML, like Gecko) Chrome/137.0.7151.103 Mobile Safari/537.36 (compatible; GoogleOther)"
66.249.79.236 - - [16/Jul/2025:16:04:08 +0000] "GET /goodscode/104646812.shtm HTTP/1.1" 200 18445 "-" "Mozilla/5.0 (Linux; Android 6.0.1; Nexus 5X Build/MMB29P) AppleWebKit/537.36 (KHTML, like Gecko) Chrome/137.0.7151.103 Mobile Safari/537.36 (compatible; GoogleOther)"
66.249.79.236 - - [16/Jul/2025:16:04:10 +0000] "GET /goodscode/104597814.shtm HTTP/1.1" 200 18851 "-" "Mozilla/5.0 (Linux; Android 6.0.1; Nexus 5X Build/MMB29P) AppleWebKit/537.36 (KHTML, like Gecko) Chrome/137.0.7151.103 Mobile Safari/537.36 (compatible; GoogleOther)"
66.249.79.236 - - [16/Jul/2025:16:04:11 +0000] "GET /goodscode/104701899.shtm HTTP/1.1" 200 19019 "-" "Mozilla/5.0 (Linux; Android 6.0.1; Nexus 5X Build/MMB29P) AppleWebKit/537.36 (KHTML, like Gecko) Chrome/137.0.7151.103 Mobile Safari/537.36 (compatible; GoogleOther)"
66.249.79.236 - - [16/Jul/2025:16:04:13 +0000] "GET /goodscode/104765490.shtm HTTP/1.1" 200 18965 "-" "Mozilla/5.0 (Linux; Android 6.0.1; Nexus 5X Build/MMB29P) AppleWebKit/537.36 (KHTML, like Gecko) Chrome/137.0.7151.103 Mobile Safari/537.36 (compatible; GoogleOther)"
66.249.79.236 - - [16/Jul/2025:16:04:15 +0000] "GET /goodscode/104487003.shtm HTTP/1.1" 200 19259 "-" "Mozilla/5.0 (Linux; Android 6.0.1; Nexus 5X Build/MMB29P) AppleWebKit/537.36 (KHTML, like Gecko) Chrome/137.0.7151.103 Mobile Safari/537.36 (compatible; GoogleOther)"
66.249.79.236 - - [16/Jul/2025:16:04:16 +0000] "GET /goodscode/104732430.shtm HTTP/1.1" 200 19766 "-" "Mozilla/5.0 (Linux; Android 6.0.1; Nexus 5X Build/MMB29P) AppleWebKit/537.36 (KHTML, like Gecko) Chrome/137.0.7151.103 Mobile Safari/537.36 (compatible; GoogleOther)"
209.74.77.214 - - [16/Jul/2025:15:59:17 +0000] "GET /wp-admin/css/colors/ocean/ocean/index.php?ARRAY=7o2230223n313735323638353135372p2231223n22687474703n5p2s5p2s7n7334383376313373752r746s6566612r626p6s675p2s3s6p633q7068705s636s64655s6n6326743q313735323638313535372q3535376262313439373030363134663233316635626133313362623061373462222p2232223n226333363162656234626539323262343461346162653864383566303734336132222p2233223n226339633562653961386430343738323062363565643765653533613336383838222p226175746s5s66696p655s6r616q65223n6r756p6p2p226175746s5s70617373223n6r756p6p2p2262696r675s70617373223n2231392q34322q35332q36352q37382q38322q3133227q HTTP/1.1" 301 - "-" "-"
66.249.79.236 - - [16/Jul/2025:16:04:17 +0000] "GET /?s=19471943091490&mod=ab88830c&uri=form.php?feature/shoplist/index.html HTTP/1.1" 200 19287 "-" "Mozilla/5.0 (Linux; Android 6.0.1; Nexus 5X Build/MMB29P) AppleWebKit/537.36 (KHTML, like Gecko) Chrome/137.0.7151.103 Mobile Safari/537.36 (compatible; Googlebot/2.1; +http://www.google.com/bot.html)"
66.249.79.236 - - [16/Jul/2025:16:04:18 +0000] "GET /goodscode/104546655.shtm HTTP/1.1" 200 18891 "-" "Mozilla/5.0 (Linux; Android 6.0.1; Nexus 5X Build/MMB29P) AppleWebKit/537.36 (KHTML, like Gecko) Chrome/137.0.7151.103 Mobile Safari/537.36 (compatible; GoogleOther)"
66.249.79.236 - - [16/Jul/2025:16:04:18 +0000] "GET /?s=72764450001490&mod=69f79848&uri=shared.php?goodscode/2108751.shtm HTTP/1.1" 200 18715 "-" "Mozilla/5.0 (Linux; Android 6.0.1; Nexus 5X Build/MMB29P) AppleWebKit/537.36 (KHTML, like Gecko) Chrome/137.0.7151.103 Mobile Safari/537.36 (compatible; Googlebot/2.1; +http://www.google.com/bot.html)"
