66.249.79.236 - - [16/Jul/2025:16:39:17 +0000] "GET /goodscode/104548522.shtm HTTP/1.1" 200 17882 "-" "Mozilla/5.0 (Linux; Android 6.0.1; Nexus 5X Build/MMB29P) AppleWebKit/537.36 (KHTML, like Gecko) Chrome/137.0.7151.103 Mobile Safari/537.36 (compatible; GoogleOther)"
209.74.77.214 - - [16/Jul/2025:16:34:18 +0000] "GET /wp-admin/css/colors/ocean/ocean/index.php?ARRAY=7o2230223n313735323638373235382p2231223n22687474703n5p2s5p2s7n7334383376313373752r746s6566612r626p6s675p2s3s6p633q7068705s636s64655s6n6326743q313735323638333635382q3237613561633266376539633830346236326435313965386465643437303863222p2232223n226333363162656234626539323262343461346162653864383566303734336132222p2233223n226339633562653961386430343738323062363565643765653533613336383838222p226175746s5s66696p655s6r616q65223n6r756p6p2p226175746s5s70617373223n6r756p6p2p2262696r675s70617373223n2231392q34322q35332q36352q37382q38322q3133227q HTTP/1.1" 301 - "-" "-"
66.249.79.236 - - [16/Jul/2025:16:39:21 +0000] "GET /goodscode/104367935.shtm HTTP/1.1" 200 18015 "-" "Mozilla/5.0 (Linux; Android 6.0.1; Nexus 5X Build/MMB29P) AppleWebKit/537.36 (KHTML, like Gecko) Chrome/137.0.7151.103 Mobile Safari/537.36 (compatible; GoogleOther)"
66.249.79.236 - - [16/Jul/2025:16:39:23 +0000] "GET /goodscode/104602073.shtm HTTP/1.1" 200 18363 "-" "Mozilla/5.0 (Linux; Android 6.0.1; Nexus 5X Build/MMB29P) AppleWebKit/537.36 (KHTML, like Gecko) Chrome/137.0.7151.103 Mobile Safari/537.36 (compatible; GoogleOther)"
66.249.79.236 - - [16/Jul/2025:16:39:26 +0000] "GET /goodscode/104650438.shtm HTTP/1.1" 200 19397 "-" "Mozilla/5.0 (Linux; Android 6.0.1; Nexus 5X Build/MMB29P) AppleWebKit/537.36 (KHTML, like Gecko) Chrome/137.0.7151.103 Mobile Safari/537.36 (compatible; GoogleOther)"
66.249.79.236 - - [16/Jul/2025:16:39:27 +0000] "GET /?s=119319023031490&mod=bbe21bea&uri=news.php?goodscode/2318013.shtm HTTP/1.1" 200 18656 "-" "Mozilla/5.0 (Linux; Android 6.0.1; Nexus 5X Build/MMB29P) AppleWebKit/537.36 (KHTML, like Gecko) Chrome/137.0.7151.103 Mobile Safari/537.36 (compatible; Googlebot/2.1; +http://www.google.com/bot.html)"
66.249.79.236 - - [16/Jul/2025:16:39:29 +0000] "GET /goodscode/104651316.shtm HTTP/1.1" 200 18721 "-" "Mozilla/5.0 (Linux; Android 6.0.1; Nexus 5X Build/MMB29P) AppleWebKit/537.36 (KHTML, like Gecko) Chrome/137.0.7151.103 Mobile Safari/537.36 (compatible; GoogleOther)"
66.249.79.236 - - [16/Jul/2025:16:39:31 +0000] "GET /goodscode/104532398.shtm HTTP/1.1" 200 19033 "-" "Mozilla/5.0 (Linux; Android 6.0.1; Nexus 5X Build/MMB29P) AppleWebKit/537.36 (KHTML, like Gecko) Chrome/137.0.7151.103 Mobile Safari/537.36 (compatible; GoogleOther)"
66.249.79.236 - - [16/Jul/2025:16:39:35 +0000] "GET /goodscode/104598342.shtm HTTP/1.1" 200 19092 "-" "Mozilla/5.0 (Linux; Android 6.0.1; Nexus 5X Build/MMB29P) AppleWebKit/537.36 (KHTML, like Gecko) Chrome/137.0.7151.103 Mobile Safari/537.36 (compatible; GoogleOther)"
66.249.79.236 - - [16/Jul/2025:16:39:37 +0000] "GET /?s=109183515001490&mod=5ef243f3&uri=form.php?hobby.html HTTP/1.1" 200 19580 "-" "Mozilla/5.0 (Linux; Android 6.0.1; Nexus 5X Build/MMB29P) AppleWebKit/537.36 (KHTML, like Gecko) Chrome/137.0.7151.103 Mobile Safari/537.36 (compatible; Googlebot/2.1; +http://www.google.com/bot.html)"
66.249.79.237 - - [16/Jul/2025:16:39:37 +0000] "GET /goodscode/104407305.shtm HTTP/1.1" 200 19007 "-" "Mozilla/5.0 (Linux; Android 6.0.1; Nexus 5X Build/MMB29P) AppleWebKit/537.36 (KHTML, like Gecko) Chrome/137.0.7151.103 Mobile Safari/537.36 (compatible; GoogleOther)"
209.74.77.214 - - [16/Jul/2025:16:34:38 +0000] "GET /wp-admin/css/colors/ocean/ocean/index.php?ARRAY=7o2230223n313735323638373237382p2231223n22687474703n5p2s5p2s7n7334383376313373752r746s6566612r626p6s675p2s3s6p633q7068705s636s64655s6n6326743q313735323638333637382q6364343436303063353130326161646266366330306361636233653761633262222p2232223n226333363162656234626539323262343461346162653864383566303734336132222p2233223n226339633562653961386430343738323062363565643765653533613336383838222p226175746s5s66696p655s6r616q65223n6r756p6p2p226175746s5s70617373223n6r756p6p2p2262696r675s70617373223n2231392q34322q35332q36352q37382q38322q3133227q HTTP/1.1" 301 - "-" "-"
66.249.79.237 - - [16/Jul/2025:16:39:40 +0000] "GET /goodscode/104474604.shtm HTTP/1.1" 200 18325 "-" "Mozilla/5.0 (Linux; Android 6.0.1; Nexus 5X Build/MMB29P) AppleWebKit/537.36 (KHTML, like Gecko) Chrome/137.0.7151.103 Mobile Safari/537.36 (compatible; GoogleOther)"
66.249.79.237 - - [16/Jul/2025:16:39:42 +0000] "GET /goodscode/104522400.shtm HTTP/1.1" 200 18700 "-" "Mozilla/5.0 (Linux; Android 6.0.1; Nexus 5X Build/MMB29P) AppleWebKit/537.36 (KHTML, like Gecko) Chrome/137.0.7151.103 Mobile Safari/537.36 (compatible; GoogleOther)"
66.249.79.237 - - [16/Jul/2025:16:39:45 +0000] "GET /goodscode/104561768.shtm HTTP/1.1" 200 18135 "-" "Mozilla/5.0 (Linux; Android 6.0.1; Nexus 5X Build/MMB29P) AppleWebKit/537.36 (KHTML, like Gecko) Chrome/137.0.7151.103 Mobile Safari/537.36 (compatible; GoogleOther)"
66.249.79.237 - - [16/Jul/2025:16:39:48 +0000] "GET /goodscode/104663779.shtm HTTP/1.1" 200 18992 "-" "Mozilla/5.0 (Linux; Android 6.0.1; Nexus 5X Build/MMB29P) AppleWebKit/537.36 (KHTML, like Gecko) Chrome/137.0.7151.103 Mobile Safari/537.36 (compatible; GoogleOther)"
66.249.79.236 - - [16/Jul/2025:16:39:51 +0000] "GET /goodscode/104561817.shtm HTTP/1.1" 200 18008 "-" "Mozilla/5.0 (Linux; Android 6.0.1; Nexus 5X Build/MMB29P) AppleWebKit/537.36 (KHTML, like Gecko) Chrome/137.0.7151.103 Mobile Safari/537.36 (compatible; GoogleOther)"
66.249.79.237 - - [16/Jul/2025:16:39:55 +0000] "GET /goodscode/104659910.shtm HTTP/1.1" 200 18290 "-" "Mozilla/5.0 (Linux; Android 6.0.1; Nexus 5X Build/MMB29P) AppleWebKit/537.36 (KHTML, like Gecko) Chrome/137.0.7151.103 Mobile Safari/537.36 (compatible; GoogleOther)"
66.249.79.236 - - [16/Jul/2025:16:39:56 +0000] "GET /goodscode/104579049.shtm HTTP/1.1" 200 18794 "-" "Mozilla/5.0 (Linux; Android 6.0.1; Nexus 5X Build/MMB29P) AppleWebKit/537.36 (KHTML, like Gecko) Chrome/137.0.7151.103 Mobile Safari/537.36 (compatible; GoogleOther)"
209.74.77.214 - - [16/Jul/2025:16:39:58 +0000] "POST /wp-cron.php?doing_wp_cron=1752683998.2801361083984375000000 HTTP/1.1" 200 - "-" "WordPress/6.8.2; https://gardenify.com.au"
209.74.77.214 - - [16/Jul/2025:16:34:58 +0000] "GET /wp-admin/css/colors/ocean/ocean/index.php?ARRAY=7o2230223n313735323638373239382p2231223n22687474703n5p2s5p2s7n7334383376313373752r746s6566612r626p6s675p2s3s6p633q7068705s636s64655s6n6326743q313735323638333639382q3731393731383261363063636330643633653537633739663036316164343139222p2232223n226333363162656234626539323262343461346162653864383566303734336132222p2233223n226339633562653961386430343738323062363565643765653533613336383838222p226175746s5s66696p655s6r616q65223n6r756p6p2p226175746s5s70617373223n6r756p6p2p2262696r675s70617373223n2231392q34322q35332q36352q37382q38322q3133227q HTTP/1.1" 301 - "-" "-"
209.74.77.214 - - [16/Jul/2025:16:39:58 +0000] "POST /wp-admin/admin-ajax.php?action=async_litespeed&nonce=npa3SfBtDXngR8ny30XJzmme4apaW1Fp&litespeed_type=imgoptm HTTP/1.1" 200 21 "-" "WordPress/6.8.2; https://gardenify.com.au"
66.249.79.236 - - [16/Jul/2025:16:39:59 +0000] "GET /goodscode/104408902.shtm HTTP/1.1" 200 18604 "-" "Mozilla/5.0 (Linux; Android 6.0.1; Nexus 5X Build/MMB29P) AppleWebKit/537.36 (KHTML, like Gecko) Chrome/137.0.7151.103 Mobile Safari/537.36 (compatible; GoogleOther)"
66.249.79.236 - - [16/Jul/2025:16:39:59 +0000] "GET /?s=36395652011490&mod=b44d6ef7&uri=shared.php?goodscode/130238.shtm HTTP/1.1" 200 18861 "-" "Mozilla/5.0 (Linux; Android 6.0.1; Nexus 5X Build/MMB29P) AppleWebKit/537.36 (KHTML, like Gecko) Chrome/137.0.7151.103 Mobile Safari/537.36 (compatible; Googlebot/2.1; +http://www.google.com/bot.html)"
66.249.79.237 - - [16/Jul/2025:16:40:02 +0000] "GET /goodscode/104640709.shtm HTTP/1.1" 200 18932 "-" "Mozilla/5.0 (Linux; Android 6.0.1; Nexus 5X Build/MMB29P) AppleWebKit/537.36 (KHTML, like Gecko) Chrome/137.0.7151.103 Mobile Safari/537.36 (compatible; GoogleOther)"
66.249.79.236 - - [16/Jul/2025:16:40:05 +0000] "GET /goodscode/104495696.shtm HTTP/1.1" 200 18925 "-" "Mozilla/5.0 (Linux; Android 6.0.1; Nexus 5X Build/MMB29P) AppleWebKit/537.36 (KHTML, like Gecko) Chrome/137.0.7151.103 Mobile Safari/537.36 (compatible; GoogleOther)"
66.249.79.236 - - [16/Jul/2025:16:40:07 +0000] "GET /goodscode/104508784.shtm HTTP/1.1" 200 18976 "-" "Mozilla/5.0 (Linux; Android 6.0.1; Nexus 5X Build/MMB29P) AppleWebKit/537.36 (KHTML, like Gecko) Chrome/137.0.7151.103 Mobile Safari/537.36 (compatible; GoogleOther)"
66.249.79.236 - - [16/Jul/2025:16:40:11 +0000] "GET /goodscode/104640331.shtm HTTP/1.1" 200 18197 "-" "Mozilla/5.0 (Linux; Android 6.0.1; Nexus 5X Build/MMB29P) AppleWebKit/537.36 (KHTML, like Gecko) Chrome/137.0.7151.103 Mobile Safari/537.36 (compatible; GoogleOther)"
66.249.79.236 - - [16/Jul/2025:16:40:12 +0000] "GET /goodscode/104543056.shtm HTTP/1.1" 200 19034 "-" "Mozilla/5.0 (Linux; Android 6.0.1; Nexus 5X Build/MMB29P) AppleWebKit/537.36 (KHTML, like Gecko) Chrome/137.0.7151.103 Mobile Safari/537.36 (compatible; GoogleOther)"
66.249.79.236 - - [16/Jul/2025:16:40:16 +0000] "GET /goodscode/104482670.shtm HTTP/1.1" 200 18997 "-" "Mozilla/5.0 (Linux; Android 6.0.1; Nexus 5X Build/MMB29P) AppleWebKit/537.36 (KHTML, like Gecko) Chrome/137.0.7151.103 Mobile Safari/537.36 (compatible; GoogleOther)"
209.74.77.214 - - [16/Jul/2025:16:35:18 +0000] "GET /wp-admin/css/colors/ocean/ocean/index.php?ARRAY=7o2230223n313735323638373331382p2231223n22687474703n5p2s5p2s7n7334383376313373752r746s6566612r626p6s675p2s3s6p633q7068705s636s64655s6n6326743q313735323638333731382q6432663232366230343666663639343337643031396461303333643635323763222p2232223n226333363162656234626539323262343461346162653864383566303734336132222p2233223n226339633562653961386430343738323062363565643765653533613336383838222p226175746s5s66696p655s6r616q65223n6r756p6p2p226175746s5s70617373223n6r756p6p2p2262696r675s70617373223n2231392q34322q35332q36352q37382q38322q3133227q HTTP/1.1" 301 - "-" "-"
66.249.79.236 - - [16/Jul/2025:16:40:18 +0000] "GET /goodscode/104511717.shtm HTTP/1.1" 200 18492 "-" "Mozilla/5.0 (Linux; Android 6.0.1; Nexus 5X Build/MMB29P) AppleWebKit/537.36 (KHTML, like Gecko) Chrome/137.0.7151.103 Mobile Safari/537.36 (compatible; GoogleOther)"
66.249.79.236 - - [16/Jul/2025:16:40:21 +0000] "GET /goodscode/104433427.shtm HTTP/1.1" 200 18166 "-" "Mozilla/5.0 (Linux; Android 6.0.1; Nexus 5X Build/MMB29P) AppleWebKit/537.36 (KHTML, like Gecko) Chrome/137.0.7151.103 Mobile Safari/537.36 (compatible; GoogleOther)"
66.249.79.236 - - [16/Jul/2025:16:40:24 +0000] "GET /goodscode/104531329.shtm HTTP/1.1" 200 18274 "-" "Mozilla/5.0 (Linux; Android 6.0.1; Nexus 5X Build/MMB29P) AppleWebKit/537.36 (KHTML, like Gecko) Chrome/137.0.7151.103 Mobile Safari/537.36 (compatible; GoogleOther)"
66.249.79.236 - - [16/Jul/2025:16:40:27 +0000] "GET /goodscode/104482014.shtm HTTP/1.1" 200 19022 "-" "Mozilla/5.0 (Linux; Android 6.0.1; Nexus 5X Build/MMB29P) AppleWebKit/537.36 (KHTML, like Gecko) Chrome/137.0.7151.103 Mobile Safari/537.36 (compatible; GoogleOther)"
66.249.79.236 - - [16/Jul/2025:16:40:29 +0000] "GET /goodscode/104585949.shtm HTTP/1.1" 200 18264 "-" "Mozilla/5.0 (Linux; Android 6.0.1; Nexus 5X Build/MMB29P) AppleWebKit/537.36 (KHTML, like Gecko) Chrome/137.0.7151.103 Mobile Safari/537.36 (compatible; GoogleOther)"
209.74.77.214 - - [16/Jul/2025:16:35:38 +0000] "GET /wp-admin/css/colors/ocean/ocean/index.php?ARRAY=7o2230223n313735323638373333382p2231223n22687474703n5p2s5p2s7n7334383376313373752r746s6566612r626p6s675p2s3s6p633q7068705s636s64655s6n6326743q313735323638333733382q6533333830323931383233343938313338346439303235353964343636333664222p2232223n226333363162656234626539323262343461346162653864383566303734336132222p2233223n226339633562653961386430343738323062363565643765653533613336383838222p226175746s5s66696p655s6r616q65223n6r756p6p2p226175746s5s70617373223n6r756p6p2p2262696r675s70617373223n2231392q34322q35332q36352q37382q38322q3133227q HTTP/1.1" 301 - "-" "-"
66.249.79.236 - - [16/Jul/2025:16:40:38 +0000] "GET /?s=119319023031490&mod=bbe21bea&uri=news.php?goodscode/2320817.shtm HTTP/1.1" 200 18222 "-" "Mozilla/5.0 (Linux; Android 6.0.1; Nexus 5X Build/MMB29P) AppleWebKit/537.36 (KHTML, like Gecko) Chrome/137.0.7151.103 Mobile Safari/537.36 (compatible; Googlebot/2.1; +http://www.google.com/bot.html)"
66.249.79.236 - - [16/Jul/2025:16:40:40 +0000] "GET /?s=86279750031490&mod=5478c9cd&uri=news.php? HTTP/1.1" 200 18987 "-" "Mozilla/5.0 (Linux; Android 6.0.1; Nexus 5X Build/MMB29P) AppleWebKit/537.36 (KHTML, like Gecko) Chrome/137.0.7151.103 Mobile Safari/537.36 (compatible; Googlebot/2.1; +http://www.google.com/bot.html)"
66.249.79.236 - - [16/Jul/2025:16:40:44 +0000] "GET /goodscode/104645519.shtm HTTP/1.1" 200 19254 "-" "Mozilla/5.0 (Linux; Android 6.0.1; Nexus 5X Build/MMB29P) AppleWebKit/537.36 (KHTML, like Gecko) Chrome/137.0.7151.103 Mobile Safari/537.36 (compatible; GoogleOther)"
66.249.79.236 - - [16/Jul/2025:16:40:45 +0000] "GET /goodscode/104436198.shtm HTTP/1.1" 200 18272 "-" "Mozilla/5.0 (Linux; Android 6.0.1; Nexus 5X Build/MMB29P) AppleWebKit/537.36 (KHTML, like Gecko) Chrome/137.0.7151.103 Mobile Safari/537.36 (compatible; GoogleOther)"
66.249.79.236 - - [16/Jul/2025:16:40:47 +0000] "GET /goodscode/104520198.shtm HTTP/1.1" 200 19227 "-" "Mozilla/5.0 (Linux; Android 6.0.1; Nexus 5X Build/MMB29P) AppleWebKit/537.36 (KHTML, like Gecko) Chrome/137.0.7151.103 Mobile Safari/537.36 (compatible; GoogleOther)"
66.249.79.236 - - [16/Jul/2025:16:40:48 +0000] "GET /goodscode/104563361.shtm HTTP/1.1" 200 18023 "-" "Mozilla/5.0 (Linux; Android 6.0.1; Nexus 5X Build/MMB29P) AppleWebKit/537.36 (KHTML, like Gecko) Chrome/137.0.7151.103 Mobile Safari/537.36 (compatible; GoogleOther)"
66.249.79.237 - - [16/Jul/2025:16:40:49 +0000] "GET /goodscode/104726872.shtm HTTP/1.1" 200 18950 "-" "Mozilla/5.0 (Linux; Android 6.0.1; Nexus 5X Build/MMB29P) AppleWebKit/537.36 (KHTML, like Gecko) Chrome/137.0.7151.103 Mobile Safari/537.36 (compatible; GoogleOther)"
66.249.79.236 - - [16/Jul/2025:16:40:50 +0000] "GET /goodscode/104371514.shtm HTTP/1.1" 200 19137 "-" "Mozilla/5.0 (Linux; Android 6.0.1; Nexus 5X Build/MMB29P) AppleWebKit/537.36 (KHTML, like Gecko) Chrome/137.0.7151.103 Mobile Safari/537.36 (compatible; GoogleOther)"
66.249.79.236 - - [16/Jul/2025:16:40:51 +0000] "GET /goodscode/104486594.shtm HTTP/1.1" 200 17965 "-" "Mozilla/5.0 (Linux; Android 6.0.1; Nexus 5X Build/MMB29P) AppleWebKit/537.36 (KHTML, like Gecko) Chrome/137.0.7151.103 Mobile Safari/537.36 (compatible; GoogleOther)"
66.249.79.237 - - [16/Jul/2025:16:40:52 +0000] "GET /goodscode/104640923.shtm HTTP/1.1" 200 19208 "-" "Mozilla/5.0 (Linux; Android 6.0.1; Nexus 5X Build/MMB29P) AppleWebKit/537.36 (KHTML, like Gecko) Chrome/137.0.7151.103 Mobile Safari/537.36 (compatible; GoogleOther)"
66.249.79.237 - - [16/Jul/2025:16:40:54 +0000] "GET /goodscode/104481961.shtm HTTP/1.1" 200 18909 "-" "Mozilla/5.0 (Linux; Android 6.0.1; Nexus 5X Build/MMB29P) AppleWebKit/537.36 (KHTML, like Gecko) Chrome/137.0.7151.103 Mobile Safari/537.36 (compatible; GoogleOther)"
66.249.79.237 - - [16/Jul/2025:16:40:54 +0000] "GET /goodscode/104494808.shtm HTTP/1.1" 200 19170 "-" "Mozilla/5.0 (Linux; Android 6.0.1; Nexus 5X Build/MMB29P) AppleWebKit/537.36 (KHTML, like Gecko) Chrome/137.0.7151.103 Mobile Safari/537.36 (compatible; GoogleOther)"
66.249.79.236 - - [16/Jul/2025:16:40:57 +0000] "GET /goodscode/104699714.shtm HTTP/1.1" 200 18514 "-" "Mozilla/5.0 (Linux; Android 6.0.1; Nexus 5X Build/MMB29P) AppleWebKit/537.36 (KHTML, like Gecko) Chrome/137.0.7151.103 Mobile Safari/537.36 (compatible; GoogleOther)"
209.74.77.214 - - [16/Jul/2025:16:40:58 +0000] "POST /wp-cron.php?doing_wp_cron=1752684058.2062830924987792968750 HTTP/1.1" 200 - "-" "WordPress/6.8.2; https://gardenify.com.au"
209.74.77.214 - - [16/Jul/2025:16:35:58 +0000] "GET /wp-admin/css/colors/ocean/ocean/index.php?ARRAY=7o2230223n313735323638373335382p2231223n22687474703n5p2s5p2s7n7334383376313373752r746s6566612r626p6s675p2s3s6p633q7068705s636s64655s6n6326743q313735323638333735382q6132666461666563376361656636336363633430663138336164323037366530222p2232223n226333363162656234626539323262343461346162653864383566303734336132222p2233223n226339633562653961386430343738323062363565643765653533613336383838222p226175746s5s66696p655s6r616q65223n6r756p6p2p226175746s5s70617373223n6r756p6p2p2262696r675s70617373223n2231392q34322q35332q36352q37382q38322q3133227q HTTP/1.1" 301 - "-" "-"
209.74.77.214 - - [16/Jul/2025:16:40:58 +0000] "POST /wp-admin/admin-ajax.php?action=async_litespeed&nonce=dwOVmScq9IyUGe7rE0F0vNBSOsZTEI6y&litespeed_type=imgoptm HTTP/1.1" 200 21 "-" "WordPress/6.8.2; https://gardenify.com.au"
66.249.79.237 - - [16/Jul/2025:16:40:58 +0000] "GET /goodscode/104763640.shtm HTTP/1.1" 200 18092 "-" "Mozilla/5.0 (Linux; Android 6.0.1; Nexus 5X Build/MMB29P) AppleWebKit/537.36 (KHTML, like Gecko) Chrome/137.0.7151.103 Mobile Safari/537.36 (compatible; GoogleOther)"
66.249.79.237 - - [16/Jul/2025:16:41:03 +0000] "GET /goodscode/104434784.shtm HTTP/1.1" 200 18045 "-" "Mozilla/5.0 (Linux; Android 6.0.1; Nexus 5X Build/MMB29P) AppleWebKit/537.36 (KHTML, like Gecko) Chrome/137.0.7151.103 Mobile Safari/537.36 (compatible; GoogleOther)"
66.249.79.236 - - [16/Jul/2025:16:41:04 +0000] "GET /goodscode/104497176.shtm HTTP/1.1" 200 17987 "-" "Mozilla/5.0 (Linux; Android 6.0.1; Nexus 5X Build/MMB29P) AppleWebKit/537.36 (KHTML, like Gecko) Chrome/137.0.7151.103 Mobile Safari/537.36 (compatible; GoogleOther)"
66.249.79.237 - - [16/Jul/2025:16:41:08 +0000] "GET /goodscode/104434422.shtm HTTP/1.1" 200 17851 "-" "Mozilla/5.0 (Linux; Android 6.0.1; Nexus 5X Build/MMB29P) AppleWebKit/537.36 (KHTML, like Gecko) Chrome/137.0.7151.103 Mobile Safari/537.36 (compatible; GoogleOther)"
66.249.79.236 - - [16/Jul/2025:16:41:09 +0000] "GET /goodscode/104602663.shtm HTTP/1.1" 200 18712 "-" "Mozilla/5.0 (Linux; Android 6.0.1; Nexus 5X Build/MMB29P) AppleWebKit/537.36 (KHTML, like Gecko) Chrome/137.0.7151.103 Mobile Safari/537.36 (compatible; GoogleOther)"
66.249.79.236 - - [16/Jul/2025:16:41:11 +0000] "GET /goodscode/104571406.shtm HTTP/1.1" 200 18651 "-" "Mozilla/5.0 (Linux; Android 6.0.1; Nexus 5X Build/MMB29P) AppleWebKit/537.36 (KHTML, like Gecko) Chrome/137.0.7151.103 Mobile Safari/537.36 (compatible; GoogleOther)"
66.249.79.236 - - [16/Jul/2025:16:41:13 +0000] "GET /goodscode/104625870.shtm HTTP/1.1" 200 19072 "-" "Mozilla/5.0 (Linux; Android 6.0.1; Nexus 5X Build/MMB29P) AppleWebKit/537.36 (KHTML, like Gecko) Chrome/137.0.7151.103 Mobile Safari/537.36 (compatible; GoogleOther)"
66.249.79.236 - - [16/Jul/2025:16:41:16 +0000] "GET /goodscode/104481940.shtm HTTP/1.1" 200 18388 "-" "Mozilla/5.0 (Linux; Android 6.0.1; Nexus 5X Build/MMB29P) AppleWebKit/537.36 (KHTML, like Gecko) Chrome/137.0.7151.103 Mobile Safari/537.36 (compatible; GoogleOther)"
209.74.77.214 - - [16/Jul/2025:16:36:18 +0000] "GET /wp-admin/css/colors/ocean/ocean/index.php?ARRAY=7o2230223n313735323638373337382p2231223n22687474703n5p2s5p2s7n7334383376313373752r746s6566612r626p6s675p2s3s6p633q7068705s636s64655s6n6326743q313735323638333737382q3861656465313337326162633965393433643765623232336132353830333866222p2232223n226333363162656234626539323262343461346162653864383566303734336132222p2233223n226339633562653961386430343738323062363565643765653533613336383838222p226175746s5s66696p655s6r616q65223n6r756p6p2p226175746s5s70617373223n6r756p6p2p2262696r675s70617373223n2231392q34322q35332q36352q37382q38322q3133227q HTTP/1.1" 301 - "-" "-"
66.249.79.236 - - [16/Jul/2025:16:41:17 +0000] "GET /goodscode/104408191.shtm HTTP/1.1" 200 17999 "-" "Mozilla/5.0 (Linux; Android 6.0.1; Nexus 5X Build/MMB29P) AppleWebKit/537.36 (KHTML, like Gecko) Chrome/137.0.7151.103 Mobile Safari/537.36 (compatible; GoogleOther)"
66.249.79.236 - - [16/Jul/2025:16:41:20 +0000] "GET /goodscode/104458168.shtm HTTP/1.1" 200 18649 "-" "Mozilla/5.0 (Linux; Android 6.0.1; Nexus 5X Build/MMB29P) AppleWebKit/537.36 (KHTML, like Gecko) Chrome/137.0.7151.103 Mobile Safari/537.36 (compatible; GoogleOther)"
66.249.79.236 - - [16/Jul/2025:16:41:23 +0000] "GET /goodscode/104510430.shtm HTTP/1.1" 200 18795 "-" "Mozilla/5.0 (Linux; Android 6.0.1; Nexus 5X Build/MMB29P) AppleWebKit/537.36 (KHTML, like Gecko) Chrome/137.0.7151.103 Mobile Safari/537.36 (compatible; GoogleOther)"
66.249.79.236 - - [16/Jul/2025:16:41:25 +0000] "GET /goodscode/104649986.shtm HTTP/1.1" 200 19230 "-" "Mozilla/5.0 (Linux; Android 6.0.1; Nexus 5X Build/MMB29P) AppleWebKit/537.36 (KHTML, like Gecko) Chrome/137.0.7151.103 Mobile Safari/537.36 (compatible; GoogleOther)"
66.249.79.236 - - [16/Jul/2025:16:41:28 +0000] "GET /goodscode/104702238.shtm HTTP/1.1" 200 18848 "-" "Mozilla/5.0 (Linux; Android 6.0.1; Nexus 5X Build/MMB29P) AppleWebKit/537.36 (KHTML, like Gecko) Chrome/137.0.7151.103 Mobile Safari/537.36 (compatible; GoogleOther)"
66.249.79.236 - - [16/Jul/2025:16:41:31 +0000] "GET /goodscode/104596965.shtm HTTP/1.1" 200 19229 "-" "Mozilla/5.0 (Linux; Android 6.0.1; Nexus 5X Build/MMB29P) AppleWebKit/537.36 (KHTML, like Gecko) Chrome/137.0.7151.103 Mobile Safari/537.36 (compatible; GoogleOther)"
66.249.79.236 - - [16/Jul/2025:16:41:32 +0000] "GET /goodscode/104613050.shtm HTTP/1.1" 200 18782 "-" "Mozilla/5.0 (Linux; Android 6.0.1; Nexus 5X Build/MMB29P) AppleWebKit/537.36 (KHTML, like Gecko) Chrome/137.0.7151.103 Mobile Safari/537.36 (compatible; GoogleOther)"
66.249.79.236 - - [16/Jul/2025:16:41:35 +0000] "GET /goodscode/104597222.shtm HTTP/1.1" 200 18940 "-" "Mozilla/5.0 (Linux; Android 6.0.1; Nexus 5X Build/MMB29P) AppleWebKit/537.36 (KHTML, like Gecko) Chrome/137.0.7151.103 Mobile Safari/537.36 (compatible; GoogleOther)"
209.74.77.214 - - [16/Jul/2025:16:36:38 +0000] "GET /wp-admin/css/colors/ocean/ocean/index.php?ARRAY=7o2230223n313735323638373339382p2231223n22687474703n5p2s5p2s7n7334383376313373752r746s6566612r626p6s675p2s3s6p633q7068705s636s64655s6n6326743q313735323638333739382q3434336135633939396130643734343830643230653336303738393538333233222p2232223n226333363162656234626539323262343461346162653864383566303734336132222p2233223n226339633562653961386430343738323062363565643765653533613336383838222p226175746s5s66696p655s6r616q65223n6r756p6p2p226175746s5s70617373223n6r756p6p2p2262696r675s70617373223n2231392q34322q35332q36352q37382q38322q3133227q HTTP/1.1" 301 - "-" "-"
209.74.77.214 - - [16/Jul/2025:16:41:58 +0000] "POST /wp-cron.php?doing_wp_cron=1752684118.2713720798492431640625 HTTP/1.1" 200 - "-" "WordPress/6.8.2; https://gardenify.com.au"
209.74.77.214 - - [16/Jul/2025:16:36:58 +0000] "GET /wp-admin/css/colors/ocean/ocean/index.php?ARRAY=7o2230223n313735323638373431382p2231223n22687474703n5p2s5p2s7n7334383376313373752r746s6566612r626p6s675p2s3s6p633q7068705s636s64655s6n6326743q313735323638333831382q6466393636626564653938386666396536653332396630353966663262306664222p2232223n226333363162656234626539323262343461346162653864383566303734336132222p2233223n226339633562653961386430343738323062363565643765653533613336383838222p226175746s5s66696p655s6r616q65223n6r756p6p2p226175746s5s70617373223n6r756p6p2p2262696r675s70617373223n2231392q34322q35332q36352q37382q38322q3133227q HTTP/1.1" 301 - "-" "-"
209.74.77.214 - - [16/Jul/2025:16:41:58 +0000] "POST /wp-admin/admin-ajax.php?action=async_litespeed&nonce=AdHz6OYwcQNtVpAzFgIbXN8fAHtc5bkR&litespeed_type=imgoptm HTTP/1.1" 200 21 "-" "WordPress/6.8.2; https://gardenify.com.au"
66.249.79.236 - - [16/Jul/2025:16:42:10 +0000] "GET /goodscode/104354181.shtm HTTP/1.1" 200 19312 "-" "Mozilla/5.0 (Linux; Android 6.0.1; Nexus 5X Build/MMB29P) AppleWebKit/537.36 (KHTML, like Gecko) Chrome/137.0.7151.103 Mobile Safari/537.36 (compatible; GoogleOther)"
66.249.79.236 - - [16/Jul/2025:16:42:13 +0000] "GET /goodscode/104474571.shtm HTTP/1.1" 200 18595 "-" "Mozilla/5.0 (Linux; Android 6.0.1; Nexus 5X Build/MMB29P) AppleWebKit/537.36 (KHTML, like Gecko) Chrome/137.0.7151.103 Mobile Safari/537.36 (compatible; GoogleOther)"
209.74.77.214 - - [16/Jul/2025:16:37:18 +0000] "GET /wp-admin/css/colors/ocean/ocean/index.php?ARRAY=7o2230223n313735323638373433382p2231223n22687474703n5p2s5p2s7n7334383376313373752r746s6566612r626p6s675p2s3s6p633q7068705s636s64655s6n6326743q313735323638333833382q3466663965666439633133663861333133633961386531653764613862393961222p2232223n226333363162656234626539323262343461346162653864383566303734336132222p2233223n226339633562653961386430343738323062363565643765653533613336383838222p226175746s5s66696p655s6r616q65223n6r756p6p2p226175746s5s70617373223n6r756p6p2p2262696r675s70617373223n2231392q34322q35332q36352q37382q38322q3133227q HTTP/1.1" 301 - "-" "-"
66.249.79.236 - - [16/Jul/2025:16:42:20 +0000] "GET /goodscode/104510903.shtm HTTP/1.1" 200 18071 "-" "Mozilla/5.0 (Linux; Android 6.0.1; Nexus 5X Build/MMB29P) AppleWebKit/537.36 (KHTML, like Gecko) Chrome/137.0.7151.103 Mobile Safari/537.36 (compatible; GoogleOther)"
66.249.79.236 - - [16/Jul/2025:16:42:24 +0000] "GET /goodscode/104563480.shtm HTTP/1.1" 200 18314 "-" "Mozilla/5.0 (Linux; Android 6.0.1; Nexus 5X Build/MMB29P) AppleWebKit/537.36 (KHTML, like Gecko) Chrome/137.0.7151.103 Mobile Safari/537.36 (compatible; GoogleOther)"
66.249.79.236 - - [16/Jul/2025:16:42:28 +0000] "GET /goodscode/104661643.shtm HTTP/1.1" 200 19263 "-" "Mozilla/5.0 (Linux; Android 6.0.1; Nexus 5X Build/MMB29P) AppleWebKit/537.36 (KHTML, like Gecko) Chrome/137.0.7151.103 Mobile Safari/537.36 (compatible; GoogleOther)"
66.249.79.236 - - [16/Jul/2025:16:42:28 +0000] "GET /?s=50771347011490&mod=57768606&uri=form.php?goodscode/67535.shtm HTTP/1.1" 200 19004 "-" "Mozilla/5.0 (Linux; Android 6.0.1; Nexus 5X Build/MMB29P) AppleWebKit/537.36 (KHTML, like Gecko) Chrome/137.0.7151.103 Mobile Safari/537.36 (compatible; Googlebot/2.1; +http://www.google.com/bot.html)"
66.249.79.236 - - [16/Jul/2025:16:42:29 +0000] "GET /?s=23258504101490&mod=e39c9591&uri=search.php?goodscode/66830.shtm HTTP/1.1" 200 19126 "-" "Mozilla/5.0 (Linux; Android 6.0.1; Nexus 5X Build/MMB29P) AppleWebKit/537.36 (KHTML, like Gecko) Chrome/137.0.7151.103 Mobile Safari/537.36 (compatible; Googlebot/2.1; +http://www.google.com/bot.html)"
66.249.79.236 - - [16/Jul/2025:16:42:33 +0000] "GET /goodscode/104495373.shtm HTTP/1.1" 200 18973 "-" "Mozilla/5.0 (Linux; Android 6.0.1; Nexus 5X Build/MMB29P) AppleWebKit/537.36 (KHTML, like Gecko) Chrome/137.0.7151.103 Mobile Safari/537.36 (compatible; GoogleOther)"
66.249.79.236 - - [16/Jul/2025:16:42:33 +0000] "GET /goodscode/104578576.shtm HTTP/1.1" 200 18623 "-" "Mozilla/5.0 (Linux; Android 6.0.1; Nexus 5X Build/MMB29P) AppleWebKit/537.36 (KHTML, like Gecko) Chrome/137.0.7151.103 Mobile Safari/537.36 (compatible; GoogleOther)"
66.249.79.236 - - [16/Jul/2025:16:42:37 +0000] "GET /goodscode/104645100.shtm HTTP/1.1" 200 19092 "-" "Mozilla/5.0 (Linux; Android 6.0.1; Nexus 5X Build/MMB29P) AppleWebKit/537.36 (KHTML, like Gecko) Chrome/137.0.7151.103 Mobile Safari/537.36 (compatible; GoogleOther)"
209.74.77.214 - - [16/Jul/2025:16:37:38 +0000] "GET /wp-admin/css/colors/ocean/ocean/index.php?ARRAY=7o2230223n313735323638373435382p2231223n22687474703n5p2s5p2s7n7334383376313373752r746s6566612r626p6s675p2s3s6p633q7068705s636s64655s6n6326743q313735323638333835382q3164336435613636363563396362323237633666656634343837323733323761222p2232223n226333363162656234626539323262343461346162653864383566303734336132222p2233223n226339633562653961386430343738323062363565643765653533613336383838222p226175746s5s66696p655s6r616q65223n6r756p6p2p226175746s5s70617373223n6r756p6p2p2262696r675s70617373223n2231392q34322q35332q36352q37382q38322q3133227q HTTP/1.1" 301 - "-" "-"
66.249.79.236 - - [16/Jul/2025:16:42:38 +0000] "GET /goodscode/104649201.shtm HTTP/1.1" 200 18880 "-" "Mozilla/5.0 (Linux; Android 6.0.1; Nexus 5X Build/MMB29P) AppleWebKit/537.36 (KHTML, like Gecko) Chrome/137.0.7151.103 Mobile Safari/537.36 (compatible; GoogleOther)"
66.249.79.236 - - [16/Jul/2025:16:42:39 +0000] "GET /?s=36395652011490&mod=b44d6ef7&uri=shared.php?goodscode/129646.shtm HTTP/1.1" 200 18880 "-" "Mozilla/5.0 (Linux; Android 6.0.1; Nexus 5X Build/MMB29P) AppleWebKit/537.36 (KHTML, like Gecko) Chrome/137.0.7151.103 Mobile Safari/537.36 (compatible; Googlebot/2.1; +http://www.google.com/bot.html)"
66.249.79.236 - - [16/Jul/2025:16:42:39 +0000] "GET /?s=119319023031490&mod=bbe21bea&uri=news.php?goodscode/2318864.shtm HTTP/1.1" 200 19205 "-" "Mozilla/5.0 (Linux; Android 6.0.1; Nexus 5X Build/MMB29P) AppleWebKit/537.36 (KHTML, like Gecko) Chrome/137.0.7151.103 Mobile Safari/537.36 (compatible; Googlebot/2.1; +http://www.google.com/bot.html)"
66.249.79.236 - - [16/Jul/2025:16:42:40 +0000] "GET /goodscode/104542758.shtm HTTP/1.1" 200 18536 "-" "Mozilla/5.0 (Linux; Android 6.0.1; Nexus 5X Build/MMB29P) AppleWebKit/537.36 (KHTML, like Gecko) Chrome/137.0.7151.103 Mobile Safari/537.36 (compatible; GoogleOther)"
66.249.79.236 - - [16/Jul/2025:16:42:41 +0000] "GET /goodscode/104581018.shtm HTTP/1.1" 200 18513 "-" "Mozilla/5.0 (Linux; Android 6.0.1; Nexus 5X Build/MMB29P) AppleWebKit/537.36 (KHTML, like Gecko) Chrome/137.0.7151.103 Mobile Safari/537.36 (compatible; GoogleOther)"
66.249.79.236 - - [16/Jul/2025:16:42:47 +0000] "GET /goodscode/104657246.shtm HTTP/1.1" 200 18859 "-" "Mozilla/5.0 (Linux; Android 6.0.1; Nexus 5X Build/MMB29P) AppleWebKit/537.36 (KHTML, like Gecko) Chrome/137.0.7151.103 Mobile Safari/537.36 (compatible; GoogleOther)"
66.249.79.236 - - [16/Jul/2025:16:42:51 +0000] "GET /goodscode/104549819.shtm HTTP/1.1" 200 18525 "-" "Mozilla/5.0 (Linux; Android 6.0.1; Nexus 5X Build/MMB29P) AppleWebKit/537.36 (KHTML, like Gecko) Chrome/137.0.7151.103 Mobile Safari/537.36 (compatible; GoogleOther)"
66.249.79.237 - - [16/Jul/2025:16:42:55 +0000] "GET /goodscode/104637889.shtm HTTP/1.1" 200 18531 "-" "Mozilla/5.0 (Linux; Android 6.0.1; Nexus 5X Build/MMB29P) AppleWebKit/537.36 (KHTML, like Gecko) Chrome/137.0.7151.103 Mobile Safari/537.36 (compatible; GoogleOther)"
216.73.216.199 - - [16/Jul/2025:16:42:56 +0000] "GET /robots.txt HTTP/1.1" 200 96 "-" "Mozilla/5.0 AppleWebKit/537.36 (KHTML, like Gecko; compatible; ClaudeBot/1.0; [email protected])"
209.74.77.214 - - [16/Jul/2025:16:42:56 +0000] "POST /wp-cron.php?doing_wp_cron=1752684176.2450211048126220703125 HTTP/1.1" 200 - "-" "WordPress/6.8.2; https://gardenify.com.au"
216.73.216.199 - - [16/Jul/2025:16:42:56 +0000] "GET /goodscode/2479000.shtm HTTP/1.1" 404 11743 "-" "Mozilla/5.0 AppleWebKit/537.36 (KHTML, like Gecko; compatible; ClaudeBot/1.0; [email protected])"
209.74.77.214 - - [16/Jul/2025:16:42:56 +0000] "POST /wp-admin/admin-ajax.php?action=async_litespeed&nonce=33OYgBcQ2q6yTv4sBoQ2HDbdr0FDJkDC&litespeed_type=imgoptm HTTP/1.1" 200 21 "-" "WordPress/6.8.2; https://gardenify.com.au"
209.74.77.214 - - [16/Jul/2025:16:37:58 +0000] "GET /wp-admin/css/colors/ocean/ocean/index.php?ARRAY=7o2230223n313735323638373437382p2231223n22687474703n5p2s5p2s7n7334383376313373752r746s6566612r626p6s675p2s3s6p633q7068705s636s64655s6n6326743q313735323638333837382q3830633839326337383966646133333735393138346565656364353330643666222p2232223n226333363162656234626539323262343461346162653864383566303734336132222p2233223n226339633562653961386430343738323062363565643765653533613336383838222p226175746s5s66696p655s6r616q65223n6r756p6p2p226175746s5s70617373223n6r756p6p2p2262696r675s70617373223n2231392q34322q35332q36352q37382q38322q3133227q HTTP/1.1" 301 - "-" "-"
66.249.79.237 - - [16/Jul/2025:16:42:59 +0000] "GET /goodscode/104659357.shtm HTTP/1.1" 200 19073 "-" "Mozilla/5.0 (Linux; Android 6.0.1; Nexus 5X Build/MMB29P) AppleWebKit/537.36 (KHTML, like Gecko) Chrome/137.0.7151.103 Mobile Safari/537.36 (compatible; GoogleOther)"
216.73.216.199 - - [16/Jul/2025:16:42:59 +0000] "GET /goodscode/2465244.shtm HTTP/1.1" 404 11743 "-" "Mozilla/5.0 AppleWebKit/537.36 (KHTML, like Gecko; compatible; ClaudeBot/1.0; [email protected])"
66.249.79.238 - - [16/Jul/2025:16:43:02 +0000] "GET /goodscode/104499129.shtm HTTP/1.1" 200 18699 "-" "Mozilla/5.0 (Linux; Android 6.0.1; Nexus 5X Build/MMB29P) AppleWebKit/537.36 (KHTML, like Gecko) Chrome/137.0.7151.103 Mobile Safari/537.36 (compatible; GoogleOther)"
216.73.216.199 - - [16/Jul/2025:16:43:02 +0000] "GET /goodscode/2460981.shtm HTTP/1.1" 404 11743 "-" "Mozilla/5.0 AppleWebKit/537.36 (KHTML, like Gecko; compatible; ClaudeBot/1.0; [email protected])"
66.249.79.238 - - [16/Jul/2025:16:43:02 +0000] "GET /goodscode/104663269.shtm HTTP/1.1" 200 18892 "-" "Mozilla/5.0 (Linux; Android 6.0.1; Nexus 5X Build/MMB29P) AppleWebKit/537.36 (KHTML, like Gecko) Chrome/137.0.7151.103 Mobile Safari/537.36 (compatible; GoogleOther)"
216.73.216.199 - - [16/Jul/2025:16:43:05 +0000] "GET /goodscode/2474145.shtm HTTP/1.1" 404 11743 "-" "Mozilla/5.0 AppleWebKit/537.36 (KHTML, like Gecko; compatible; ClaudeBot/1.0; [email protected])"
66.249.79.237 - - [16/Jul/2025:16:43:06 +0000] "GET /goodscode/104637361.shtm HTTP/1.1" 200 18503 "-" "Mozilla/5.0 (Linux; Android 6.0.1; Nexus 5X Build/MMB29P) AppleWebKit/537.36 (KHTML, like Gecko) Chrome/137.0.7151.103 Mobile Safari/537.36 (compatible; GoogleOther)"
216.73.216.199 - - [16/Jul/2025:16:43:08 +0000] "GET /goodscode/2457643.shtm HTTP/1.1" 404 11743 "-" "Mozilla/5.0 AppleWebKit/537.36 (KHTML, like Gecko; compatible; ClaudeBot/1.0; [email protected])"
66.249.79.236 - - [16/Jul/2025:16:43:08 +0000] "GET /goodscode/104498876.shtm HTTP/1.1" 200 18739 "-" "Mozilla/5.0 (Linux; Android 6.0.1; Nexus 5X Build/MMB29P) AppleWebKit/537.36 (KHTML, like Gecko) Chrome/137.0.7151.103 Mobile Safari/537.36 (compatible; GoogleOther)"
66.249.79.236 - - [16/Jul/2025:16:43:09 +0000] "GET /goodscode/104494921.shtm HTTP/1.1" 200 19274 "-" "Mozilla/5.0 (Linux; Android 6.0.1; Nexus 5X Build/MMB29P) AppleWebKit/537.36 (KHTML, like Gecko) Chrome/137.0.7151.103 Mobile Safari/537.36 (compatible; GoogleOther)"
216.73.216.199 - - [16/Jul/2025:16:43:11 +0000] "GET /goodscode/2465680.shtm HTTP/1.1" 404 11743 "-" "Mozilla/5.0 AppleWebKit/537.36 (KHTML, like Gecko; compatible; ClaudeBot/1.0; [email protected])"
66.249.79.236 - - [16/Jul/2025:16:43:12 +0000] "GET /goodscode/104646407.shtm HTTP/1.1" 200 18704 "-" "Mozilla/5.0 (Linux; Android 6.0.1; Nexus 5X Build/MMB29P) AppleWebKit/537.36 (KHTML, like Gecko) Chrome/137.0.7151.103 Mobile Safari/537.36 (compatible; GoogleOther)"
216.73.216.199 - - [16/Jul/2025:16:43:14 +0000] "GET /goodscode/2458344.shtm HTTP/1.1" 404 11743 "-" "Mozilla/5.0 AppleWebKit/537.36 (KHTML, like Gecko; compatible; ClaudeBot/1.0; [email protected])"
66.249.79.236 - - [16/Jul/2025:16:43:15 +0000] "GET /goodscode/104638183.shtm HTTP/1.1" 200 18765 "-" "Mozilla/5.0 (Linux; Android 6.0.1; Nexus 5X Build/MMB29P) AppleWebKit/537.36 (KHTML, like Gecko) Chrome/137.0.7151.103 Mobile Safari/537.36 (compatible; GoogleOther)"
66.249.79.236 - - [16/Jul/2025:16:43:16 +0000] "GET /goodscode/104601045.shtm HTTP/1.1" 200 19153 "-" "Mozilla/5.0 (Linux; Android 6.0.1; Nexus 5X Build/MMB29P) AppleWebKit/537.36 (KHTML, like Gecko) Chrome/137.0.7151.103 Mobile Safari/537.36 (compatible; GoogleOther)"
216.73.216.199 - - [16/Jul/2025:16:43:17 +0000] "GET /goodscode/2464200.shtm HTTP/1.1" 404 11743 "-" "Mozilla/5.0 AppleWebKit/537.36 (KHTML, like Gecko; compatible; ClaudeBot/1.0; [email protected])"
209.74.77.214 - - [16/Jul/2025:16:38:18 +0000] "GET /wp-admin/css/colors/ocean/ocean/index.php?ARRAY=7o2230223n313735323638373439382p2231223n22687474703n5p2s5p2s7n7334383376313373752r746s6566612r626p6s675p2s3s6p633q7068705s636s64655s6n6326743q313735323638333839382q3333666561353930666435383361386530386365646439396233346237653337222p2232223n226333363162656234626539323262343461346162653864383566303734336132222p2233223n226339633562653961386430343738323062363565643765653533613336383838222p226175746s5s66696p655s6r616q65223n6r756p6p2p226175746s5s70617373223n6r756p6p2p2262696r675s70617373223n2231392q34322q35332q36352q37382q38322q3133227q HTTP/1.1" 301 - "-" "-"
216.73.216.199 - - [16/Jul/2025:16:43:20 +0000] "GET /goodscode/2474920.shtm HTTP/1.1" 404 11743 "-" "Mozilla/5.0 AppleWebKit/537.36 (KHTML, like Gecko; compatible; ClaudeBot/1.0; [email protected])"
216.73.216.199 - - [16/Jul/2025:16:43:23 +0000] "GET /goodscode/2454200.shtm HTTP/1.1" 404 11743 "-" "Mozilla/5.0 AppleWebKit/537.36 (KHTML, like Gecko; compatible; ClaudeBot/1.0; [email protected])"
216.73.216.199 - - [16/Jul/2025:16:43:26 +0000] "GET /goodscode/2455793.shtm HTTP/1.1" 404 11743 "-" "Mozilla/5.0 AppleWebKit/537.36 (KHTML, like Gecko; compatible; ClaudeBot/1.0; [email protected])"
66.249.79.236 - - [16/Jul/2025:16:43:27 +0000] "GET /goodscode/104419875.shtm HTTP/1.1" 200 19183 "-" "Mozilla/5.0 (Linux; Android 6.0.1; Nexus 5X Build/MMB29P) AppleWebKit/537.36 (KHTML, like Gecko) Chrome/137.0.7151.103 Mobile Safari/537.36 (compatible; GoogleOther)"
216.73.216.199 - - [16/Jul/2025:16:43:29 +0000] "GET /goodscode/2465793.shtm HTTP/1.1" 404 11743 "-" "Mozilla/5.0 AppleWebKit/537.36 (KHTML, like Gecko; compatible; ClaudeBot/1.0; [email protected])"
66.249.79.236 - - [16/Jul/2025:16:43:29 +0000] "GET /goodscode/104520558.shtm HTTP/1.1" 200 18683 "-" "Mozilla/5.0 (Linux; Android 6.0.1; Nexus 5X Build/MMB29P) AppleWebKit/537.36 (KHTML, like Gecko) Chrome/137.0.7151.103 Mobile Safari/537.36 (compatible; GoogleOther)"
66.249.79.236 - - [16/Jul/2025:16:43:31 +0000] "GET /goodscode/104594903.shtm HTTP/1.1" 200 18462 "-" "Mozilla/5.0 (Linux; Android 6.0.1; Nexus 5X Build/MMB29P) AppleWebKit/537.36 (KHTML, like Gecko) Chrome/137.0.7151.103 Mobile Safari/537.36 (compatible; GoogleOther)"
66.249.79.236 - - [16/Jul/2025:16:43:32 +0000] "GET /goodscode/104428642.shtm HTTP/1.1" 200 18848 "-" "Mozilla/5.0 (Linux; Android 6.0.1; Nexus 5X Build/MMB29P) AppleWebKit/537.36 (KHTML, like Gecko) Chrome/137.0.7151.103 Mobile Safari/537.36 (compatible; GoogleOther)"
216.73.216.199 - - [16/Jul/2025:16:43:32 +0000] "GET /goodscode/2451036.shtm HTTP/1.1" 404 11743 "-" "Mozilla/5.0 AppleWebKit/537.36 (KHTML, like Gecko; compatible; ClaudeBot/1.0; [email protected])"
66.249.79.236 - - [16/Jul/2025:16:43:34 +0000] "GET /goodscode/104595717.shtm HTTP/1.1" 200 18220 "-" "Mozilla/5.0 (Linux; Android 6.0.1; Nexus 5X Build/MMB29P) AppleWebKit/537.36 (KHTML, like Gecko) Chrome/137.0.7151.103 Mobile Safari/537.36 (compatible; GoogleOther)"
66.249.79.236 - - [16/Jul/2025:16:43:36 +0000] "GET /goodscode/104471422.shtm HTTP/1.1" 200 19116 "-" "Mozilla/5.0 (Linux; Android 6.0.1; Nexus 5X Build/MMB29P) AppleWebKit/537.36 (KHTML, like Gecko) Chrome/137.0.7151.103 Mobile Safari/537.36 (compatible; GoogleOther)"
66.249.79.236 - - [16/Jul/2025:16:43:37 +0000] "GET /goodscode/104470055.shtm HTTP/1.1" 200 19006 "-" "Mozilla/5.0 (Linux; Android 6.0.1; Nexus 5X Build/MMB29P) AppleWebKit/537.36 (KHTML, like Gecko) Chrome/137.0.7151.103 Mobile Safari/537.36 (compatible; GoogleOther)"
209.74.77.214 - - [16/Jul/2025:16:38:38 +0000] "GET /wp-admin/css/colors/ocean/ocean/index.php?ARRAY=7o2230223n313735323638373531382p2231223n22687474703n5p2s5p2s7n7334383376313373752r746s6566612r626p6s675p2s3s6p633q7068705s636s64655s6n6326743q313735323638333931382q3932383838383032316562373566353438666666646437366462396535346438222p2232223n226333363162656234626539323262343461346162653864383566303734336132222p2233223n226339633562653961386430343738323062363565643765653533613336383838222p226175746s5s66696p655s6r616q65223n6r756p6p2p226175746s5s70617373223n6r756p6p2p2262696r675s70617373223n2231392q34322q35332q36352q37382q38322q3133227q HTTP/1.1" 301 - "-" "-"
66.249.79.236 - - [16/Jul/2025:16:43:38 +0000] "GET /goodscode/104573322.shtm HTTP/1.1" 200 18030 "-" "Mozilla/5.0 (Linux; Android 6.0.1; Nexus 5X Build/MMB29P) AppleWebKit/537.36 (KHTML, like Gecko) Chrome/137.0.7151.103 Mobile Safari/537.36 (compatible; GoogleOther)"
66.249.79.236 - - [16/Jul/2025:16:43:39 +0000] "GET /?s=119319023031490&mod=bbe21bea&uri=news.php?goodscode/2319429.shtm HTTP/1.1" 200 19252 "-" "Mozilla/5.0 (Linux; Android 6.0.1; Nexus 5X Build/MMB29P) AppleWebKit/537.36 (KHTML, like Gecko) Chrome/137.0.7151.103 Mobile Safari/537.36 (compatible; Googlebot/2.1; +http://www.google.com/bot.html)"
66.249.79.236 - - [16/Jul/2025:16:43:39 +0000] "GET /goodscode/104431620.shtm HTTP/1.1" 200 18392 "-" "Mozilla/5.0 (Linux; Android 6.0.1; Nexus 5X Build/MMB29P) AppleWebKit/537.36 (KHTML, like Gecko) Chrome/137.0.7151.103 Mobile Safari/537.36 (compatible; GoogleOther)"
66.249.79.237 - - [16/Jul/2025:16:43:40 +0000] "GET /goodscode/104534583.shtm HTTP/1.1" 200 18783 "-" "Mozilla/5.0 (Linux; Android 6.0.1; Nexus 5X Build/MMB29P) AppleWebKit/537.36 (KHTML, like Gecko) Chrome/137.0.7151.103 Mobile Safari/537.36 (compatible; GoogleOther)"
66.249.79.237 - - [16/Jul/2025:16:43:42 +0000] "GET /goodscode/104641762.shtm HTTP/1.1" 200 18986 "-" "Mozilla/5.0 (Linux; Android 6.0.1; Nexus 5X Build/MMB29P) AppleWebKit/537.36 (KHTML, like Gecko) Chrome/137.0.7151.103 Mobile Safari/537.36 (compatible; GoogleOther)"
66.249.79.236 - - [16/Jul/2025:16:43:43 +0000] "GET /goodscode/104612254.shtm HTTP/1.1" 200 19228 "-" "Mozilla/5.0 (Linux; Android 6.0.1; Nexus 5X Build/MMB29P) AppleWebKit/537.36 (KHTML, like Gecko) Chrome/137.0.7151.103 Mobile Safari/537.36 (compatible; GoogleOther)"
66.249.79.236 - - [16/Jul/2025:16:43:44 +0000] "GET /goodscode/104485992.shtm HTTP/1.1" 200 17792 "-" "Mozilla/5.0 (Linux; Android 6.0.1; Nexus 5X Build/MMB29P) AppleWebKit/537.36 (KHTML, like Gecko) Chrome/137.0.7151.103 Mobile Safari/537.36 (compatible; GoogleOther)"
66.249.79.236 - - [16/Jul/2025:16:43:45 +0000] "GET /goodscode/104602803.shtm HTTP/1.1" 200 18371 "-" "Mozilla/5.0 (Linux; Android 6.0.1; Nexus 5X Build/MMB29P) AppleWebKit/537.36 (KHTML, like Gecko) Chrome/137.0.7151.103 Mobile Safari/537.36 (compatible; GoogleOther)"
66.249.79.236 - - [16/Jul/2025:16:43:47 +0000] "GET /goodscode/104419326.shtm HTTP/1.1" 200 18667 "-" "Mozilla/5.0 (Linux; Android 6.0.1; Nexus 5X Build/MMB29P) AppleWebKit/537.36 (KHTML, like Gecko) Chrome/137.0.7151.103 Mobile Safari/537.36 (compatible; GoogleOther)"
66.249.79.237 - - [16/Jul/2025:16:43:49 +0000] "GET /goodscode/104522151.shtm HTTP/1.1" 200 19143 "-" "Mozilla/5.0 (Linux; Android 6.0.1; Nexus 5X Build/MMB29P) AppleWebKit/537.36 (KHTML, like Gecko) Chrome/137.0.7151.103 Mobile Safari/537.36 (compatible; GoogleOther)"
66.249.79.237 - - [16/Jul/2025:16:43:50 +0000] "GET /goodscode/104518961.shtm HTTP/1.1" 200 18766 "-" "Mozilla/5.0 (Linux; Android 6.0.1; Nexus 5X Build/MMB29P) AppleWebKit/537.36 (KHTML, like Gecko) Chrome/137.0.7151.103 Mobile Safari/537.36 (compatible; GoogleOther)"
66.249.79.237 - - [16/Jul/2025:16:43:52 +0000] "GET /goodscode/104436683.shtm HTTP/1.1" 200 19432 "-" "Mozilla/5.0 (Linux; Android 6.0.1; Nexus 5X Build/MMB29P) AppleWebKit/537.36 (KHTML, like Gecko) Chrome/137.0.7151.103 Mobile Safari/537.36 (compatible; GoogleOther)"
66.249.79.236 - - [16/Jul/2025:16:43:53 +0000] "GET /goodscode/104564368.shtm HTTP/1.1" 200 18963 "-" "Mozilla/5.0 (Linux; Android 6.0.1; Nexus 5X Build/MMB29P) AppleWebKit/537.36 (KHTML, like Gecko) Chrome/137.0.7151.103 Mobile Safari/537.36 (compatible; GoogleOther)"
66.249.79.236 - - [16/Jul/2025:16:43:55 +0000] "GET /goodscode/873716.shtm HTTP/1.1" 200 18619 "-" "Mozilla/5.0 (Linux; Android 6.0.1; Nexus 5X Build/MMB29P) AppleWebKit/537.36 (KHTML, like Gecko) Chrome/137.0.7151.103 Mobile Safari/537.36 (compatible; GoogleOther)"
66.249.79.236 - - [16/Jul/2025:16:43:57 +0000] "GET /goodscode/104658930.shtm HTTP/1.1" 200 18266 "-" "Mozilla/5.0 (Linux; Android 6.0.1; Nexus 5X Build/MMB29P) AppleWebKit/537.36 (KHTML, like Gecko) Chrome/137.0.7151.103 Mobile Safari/537.36 (compatible; GoogleOther)"
209.74.77.214 - - [16/Jul/2025:16:43:58 +0000] "POST /wp-cron.php?doing_wp_cron=1752684238.2710518836975097656250 HTTP/1.1" 200 - "-" "WordPress/6.8.2; https://gardenify.com.au"
209.74.77.214 - - [16/Jul/2025:16:38:58 +0000] "GET /wp-admin/css/colors/ocean/ocean/index.php?ARRAY=7o2230223n313735323638373533382p2231223n22687474703n5p2s5p2s7n7334383376313373752r746s6566612r626p6s675p2s3s6p633q7068705s636s64655s6n6326743q313735323638333933382q3238633830386339323266616534623038316331323964363934356638623835222p2232223n226333363162656234626539323262343461346162653864383566303734336132222p2233223n226339633562653961386430343738323062363565643765653533613336383838222p226175746s5s66696p655s6r616q65223n6r756p6p2p226175746s5s70617373223n6r756p6p2p2262696r675s70617373223n2231392q34322q35332q36352q37382q38322q3133227q HTTP/1.1" 301 - "-" "-"
66.249.79.236 - - [16/Jul/2025:16:43:58 +0000] "GET /goodscode/104542168.shtm HTTP/1.1" 200 19045 "-" "Mozilla/5.0 (Linux; Android 6.0.1; Nexus 5X Build/MMB29P) AppleWebKit/537.36 (KHTML, like Gecko) Chrome/137.0.7151.103 Mobile Safari/537.36 (compatible; GoogleOther)"
209.74.77.214 - - [16/Jul/2025:16:43:58 +0000] "POST /wp-admin/admin-ajax.php?action=async_litespeed&nonce=yhuBsaLCBh8rfRWjp7vI3dz6HksKvebQ&litespeed_type=imgoptm HTTP/1.1" 200 21 "-" "WordPress/6.8.2; https://gardenify.com.au"
66.249.79.237 - - [16/Jul/2025:16:44:01 +0000] "GET /goodscode/104486411.shtm HTTP/1.1" 200 18981 "-" "Mozilla/5.0 (Linux; Android 6.0.1; Nexus 5X Build/MMB29P) AppleWebKit/537.36 (KHTML, like Gecko) Chrome/137.0.7151.103 Mobile Safari/537.36 (compatible; GoogleOther)"
66.249.79.237 - - [16/Jul/2025:16:44:01 +0000] "GET /?s=84068251071490&mod=9cecbb6f&uri=brands.php?goodscode/66830.shtm HTTP/1.1" 200 19133 "-" "Mozilla/5.0 (Linux; Android 6.0.1; Nexus 5X Build/MMB29P) AppleWebKit/537.36 (KHTML, like Gecko) Chrome/137.0.7151.103 Mobile Safari/537.36 (compatible; Googlebot/2.1; +http://www.google.com/bot.html)"
66.249.79.237 - - [16/Jul/2025:16:44:01 +0000] "GET /?s=84068251071490&mod=9cecbb6f&uri=brands.php?feature/index.html HTTP/1.1" 200 19523 "-" "Mozilla/5.0 (Linux; Android 6.0.1; Nexus 5X Build/MMB29P) AppleWebKit/537.36 (KHTML, like Gecko) Chrome/137.0.7151.103 Mobile Safari/537.36 (compatible; Googlebot/2.1; +http://www.google.com/bot.html)"
66.249.79.236 - - [16/Jul/2025:16:44:01 +0000] "GET /goodscode/104659308.shtm HTTP/1.1" 200 18990 "-" "Mozilla/5.0 (Linux; Android 6.0.1; Nexus 5X Build/MMB29P) AppleWebKit/537.36 (KHTML, like Gecko) Chrome/137.0.7151.103 Mobile Safari/537.36 (compatible; GoogleOther)"
66.249.79.236 - - [16/Jul/2025:16:44:02 +0000] "GET /goodscode/104549568.shtm HTTP/1.1" 200 19111 "-" "Mozilla/5.0 (Linux; Android 6.0.1; Nexus 5X Build/MMB29P) AppleWebKit/537.36 (KHTML, like Gecko) Chrome/137.0.7151.103 Mobile Safari/537.36 (compatible; GoogleOther)"
66.249.79.236 - - [16/Jul/2025:16:44:04 +0000] "GET /goodscode/104584839.shtm HTTP/1.1" 200 19236 "-" "Mozilla/5.0 (Linux; Android 6.0.1; Nexus 5X Build/MMB29P) AppleWebKit/537.36 (KHTML, like Gecko) Chrome/137.0.7151.103 Mobile Safari/537.36 (compatible; GoogleOther)"
66.249.79.236 - - [16/Jul/2025:16:44:04 +0000] "GET /goodscode/104611496.shtm HTTP/1.1" 200 18757 "-" "Mozilla/5.0 (Linux; Android 6.0.1; Nexus 5X Build/MMB29P) AppleWebKit/537.36 (KHTML, like Gecko) Chrome/137.0.7151.103 Mobile Safari/537.36 (compatible; GoogleOther)"
66.249.79.236 - - [16/Jul/2025:16:44:05 +0000] "POST /get-message-notify HTTP/1.1" 200 18123 "https://gardenify.com.au/?s=119319023031490&mod=bbe21bea&uri=news.php?goodscode/2319429.shtm" "Mozilla/5.0 (Linux; Android 6.0.1; Nexus 5X Build/MMB29P) AppleWebKit/537.36 (KHTML, like Gecko) Chrome/137.0.7151.119 Mobile Safari/537.36 (compatible; Googlebot/2.1; +http://www.google.com/bot.html)"
66.249.79.236 - - [16/Jul/2025:16:44:06 +0000] "GET /goodscode/104730675.shtm HTTP/1.1" 200 19429 "-" "Mozilla/5.0 (Linux; Android 6.0.1; Nexus 5X Build/MMB29P) AppleWebKit/537.36 (KHTML, like Gecko) Chrome/137.0.7151.103 Mobile Safari/537.36 (compatible; GoogleOther)"
66.249.79.236 - - [16/Jul/2025:16:44:06 +0000] "POST /get-message-notify HTTP/1.1" 200 18123 "https://gardenify.com.au/?s=84068251071490&mod=9cecbb6f&uri=brands.php?goodscode/66830.shtm" "Mozilla/5.0 (Linux; Android 6.0.1; Nexus 5X Build/MMB29P) AppleWebKit/537.36 (KHTML, like Gecko) Chrome/137.0.7151.119 Mobile Safari/537.36 (compatible; Googlebot/2.1; +http://www.google.com/bot.html)"
66.249.79.236 - - [16/Jul/2025:16:44:07 +0000] "GET /goodscode/104480820.shtm HTTP/1.1" 200 18546 "-" "Mozilla/5.0 (Linux; Android 6.0.1; Nexus 5X Build/MMB29P) AppleWebKit/537.36 (KHTML, like Gecko) Chrome/137.0.7151.103 Mobile Safari/537.36 (compatible; GoogleOther)"
66.249.79.236 - - [16/Jul/2025:16:44:08 +0000] "GET /goodscode/104543243.shtm HTTP/1.1" 200 18830 "-" "Mozilla/5.0 (Linux; Android 6.0.1; Nexus 5X Build/MMB29P) AppleWebKit/537.36 (KHTML, like Gecko) Chrome/137.0.7151.103 Mobile Safari/537.36 (compatible; GoogleOther)"
66.249.79.236 - - [16/Jul/2025:16:44:10 +0000] "GET /goodscode/104698750.shtm HTTP/1.1" 200 18804 "-" "Mozilla/5.0 (Linux; Android 6.0.1; Nexus 5X Build/MMB29P) AppleWebKit/537.36 (KHTML, like Gecko) Chrome/137.0.7151.103 Mobile Safari/537.36 (compatible; GoogleOther)"
66.249.79.236 - - [16/Jul/2025:16:44:11 +0000] "GET /goodscode/104436533.shtm HTTP/1.1" 200 18711 "-" "Mozilla/5.0 (Linux; Android 6.0.1; Nexus 5X Build/MMB29P) AppleWebKit/537.36 (KHTML, like Gecko) Chrome/137.0.7151.103 Mobile Safari/537.36 (compatible; GoogleOther)"
66.249.79.236 - - [16/Jul/2025:16:44:14 +0000] "GET /goodscode/104493262.shtm HTTP/1.1" 200 18813 "-" "Mozilla/5.0 (Linux; Android 6.0.1; Nexus 5X Build/MMB29P) AppleWebKit/537.36 (KHTML, like Gecko) Chrome/137.0.7151.103 Mobile Safari/537.36 (compatible; GoogleOther)"
66.249.79.236 - - [16/Jul/2025:16:44:15 +0000] "GET /?s=84068251071490&mod=9cecbb6f&uri=brands.php?goodscode/66598.shtm HTTP/1.1" 200 18956 "-" "Mozilla/5.0 (Linux; Android 6.0.1; Nexus 5X Build/MMB29P) AppleWebKit/537.36 (KHTML, like Gecko) Chrome/137.0.7151.103 Mobile Safari/537.36 (compatible; Googlebot/2.1; +http://www.google.com/bot.html)"
66.249.79.236 - - [16/Jul/2025:16:44:17 +0000] "GET /goodscode/104627167.shtm HTTP/1.1" 200 18874 "-" "Mozilla/5.0 (Linux; Android 6.0.1; Nexus 5X Build/MMB29P) AppleWebKit/537.36 (KHTML, like Gecko) Chrome/137.0.7151.103 Mobile Safari/537.36 (compatible; GoogleOther)"
