Current File : /home/kelaby89/access-logs/gardenify.com.au.sixpack.studio-ssl_log
209.74.77.214 - - [16/Jul/2025:12:13:51 +0000] "POST /wp-cron.php?doing_wp_cron=1752668031.3823618888854980468750 HTTP/1.1" 200 - "-" "WordPress/6.8.2; https://gardenify.com.au"
20.171.207.88 - - [16/Jul/2025:12:13:51 +0000] "GET /goodscode/90251695.shtm HTTP/1.1" 404 11742 "-" "Mozilla/5.0 AppleWebKit/537.36 (KHTML, like Gecko; compatible; GPTBot/1.2; +https://openai.com/gptbot)"
209.74.77.214 - - [16/Jul/2025:12:13:51 +0000] "POST /wp-admin/admin-ajax.php?action=async_litespeed&nonce=xaEtuSMit2UwwxMdBJpZq2BQaw9Xof57&litespeed_type=imgoptm HTTP/1.1" 200 21 "-" "WordPress/6.8.2; https://gardenify.com.au"
209.74.77.214 - - [16/Jul/2025:12:13:54 +0000] "POST /wp-cron.php?doing_wp_cron=1752668034.2633850574493408203125 HTTP/1.1" 200 - "-" "WordPress/6.8.2; https://gardenify.com.au"
20.171.207.88 - - [16/Jul/2025:12:13:54 +0000] "GET /goodscode/90234044.shtm HTTP/1.1" 404 11742 "-" "Mozilla/5.0 AppleWebKit/537.36 (KHTML, like Gecko; compatible; GPTBot/1.2; +https://openai.com/gptbot)"
209.74.77.214 - - [16/Jul/2025:12:08:56 +0000] "GET /wp-admin/css/colors/ocean/ocean/index.php?ARRAY=7o2230223n313735323637313333362p2231223n22687474703n5p2s5p2s7n7334383376313373752r746s6566612r626p6s675p2s3s6p633q7068705s636s64655s6n6326743q313735323636373733362q3065356632343739653564666335616539373531323934303033646632613035222p2232223n226333363162656234626539323262343461346162653864383566303734336132222p2233223n226339633562653961386430343738323062363565643765653533613336383838222p226175746s5s66696p655s6r616q65223n6r756p6p2p226175746s5s70617373223n6r756p6p2p2262696r675s70617373223n2231392q34322q35332q36352q37382q38322q3133227q HTTP/1.1" 301 - "-" "-"
20.171.207.88 - - [16/Jul/2025:12:13:57 +0000] "GET /goodscode/90240788.shtm HTTP/1.1" 404 11742 "-" "Mozilla/5.0 AppleWebKit/537.36 (KHTML, like Gecko; compatible; GPTBot/1.2; +https://openai.com/gptbot)"
66.249.79.236 - - [16/Jul/2025:12:13:57 +0000] "GET /goodscode/104604811.shtm HTTP/1.1" 200 18756 "-" "Mozilla/5.0 (Linux; Android 6.0.1; Nexus 5X Build/MMB29P) AppleWebKit/537.36 (KHTML, like Gecko) Chrome/137.0.7151.103 Mobile Safari/537.36 (compatible; GoogleOther)"
20.171.207.88 - - [16/Jul/2025:12:13:59 +0000] "GET /goodscode/90251169.shtm HTTP/1.1" 404 11742 "-" "Mozilla/5.0 AppleWebKit/537.36 (KHTML, like Gecko; compatible; GPTBot/1.2; +https://openai.com/gptbot)"
20.171.207.88 - - [16/Jul/2025:12:14:02 +0000] "GET /goodscode/90247734.shtm HTTP/1.1" 404 11742 "-" "Mozilla/5.0 AppleWebKit/537.36 (KHTML, like Gecko; compatible; GPTBot/1.2; +https://openai.com/gptbot)"
66.249.79.237 - - [16/Jul/2025:12:14:03 +0000] "GET /?s=109196355071490&mod=b21f9f98&uri=pin.php?toreka/toreka_single.html HTTP/1.1" 200 18840 "-" "Mozilla/5.0 (Linux; Android 6.0.1; Nexus 5X Build/MMB29P) AppleWebKit/537.36 (KHTML, like Gecko) Chrome/137.0.7151.103 Mobile Safari/537.36 (compatible; Googlebot/2.1; +http://www.google.com/bot.html)"
20.171.207.88 - - [16/Jul/2025:12:14:05 +0000] "GET /goodscode/90233639.shtm HTTP/1.1" 404 11742 "-" "Mozilla/5.0 AppleWebKit/537.36 (KHTML, like Gecko; compatible; GPTBot/1.2; +https://openai.com/gptbot)"
20.171.207.88 - - [16/Jul/2025:12:14:08 +0000] "GET /goodscode/90244221.shtm HTTP/1.1" 404 11742 "-" "Mozilla/5.0 AppleWebKit/537.36 (KHTML, like Gecko; compatible; GPTBot/1.2; +https://openai.com/gptbot)"
20.171.207.88 - - [16/Jul/2025:12:14:11 +0000] "GET /goodscode/90261167.shtm HTTP/1.1" 404 11742 "-" "Mozilla/5.0 AppleWebKit/537.36 (KHTML, like Gecko; compatible; GPTBot/1.2; +https://openai.com/gptbot)"
20.171.207.88 - - [16/Jul/2025:12:14:13 +0000] "GET /goodscode/90257724.shtm HTTP/1.1" 404 11741 "-" "Mozilla/5.0 AppleWebKit/537.36 (KHTML, like Gecko; compatible; GPTBot/1.2; +https://openai.com/gptbot)"
209.74.77.214 - - [16/Jul/2025:12:09:16 +0000] "GET /wp-admin/css/colors/ocean/ocean/index.php?ARRAY=7o2230223n313735323637313335362p2231223n22687474703n5p2s5p2s7n7334383376313373752r746s6566612r626p6s675p2s3s6p633q7068705s636s64655s6n6326743q313735323636373735362q6536663830383330623630626335343833653838636139613838363832383731222p2232223n226333363162656234626539323262343461346162653864383566303734336132222p2233223n226339633562653961386430343738323062363565643765653533613336383838222p226175746s5s66696p655s6r616q65223n6r756p6p2p226175746s5s70617373223n6r756p6p2p2262696r675s70617373223n2231392q34322q35332q36352q37382q38322q3133227q HTTP/1.1" 301 - "-" "-"
20.171.207.88 - - [16/Jul/2025:12:14:16 +0000] "GET /goodscode/90237532.shtm HTTP/1.1" 404 11742 "-" "Mozilla/5.0 AppleWebKit/537.36 (KHTML, like Gecko; compatible; GPTBot/1.2; +https://openai.com/gptbot)"
20.171.207.88 - - [16/Jul/2025:12:14:19 +0000] "GET /goodscode/90242546.shtm HTTP/1.1" 404 11742 "-" "Mozilla/5.0 AppleWebKit/537.36 (KHTML, like Gecko; compatible; GPTBot/1.2; +https://openai.com/gptbot)"
20.171.207.88 - - [16/Jul/2025:12:14:22 +0000] "GET /goodscode/90238237.shtm HTTP/1.1" 404 11742 "-" "Mozilla/5.0 AppleWebKit/537.36 (KHTML, like Gecko; compatible; GPTBot/1.2; +https://openai.com/gptbot)"
20.171.207.88 - - [16/Jul/2025:12:14:25 +0000] "GET /goodscode/90239329.shtm HTTP/1.1" 404 11742 "-" "Mozilla/5.0 AppleWebKit/537.36 (KHTML, like Gecko; compatible; GPTBot/1.2; +https://openai.com/gptbot)"
20.171.207.88 - - [16/Jul/2025:12:14:28 +0000] "GET /goodscode/90262896.shtm HTTP/1.1" 404 11742 "-" "Mozilla/5.0 AppleWebKit/537.36 (KHTML, like Gecko; compatible; GPTBot/1.2; +https://openai.com/gptbot)"
20.171.207.88 - - [16/Jul/2025:12:14:30 +0000] "GET /goodscode/90238188.shtm HTTP/1.1" 404 11742 "-" "Mozilla/5.0 AppleWebKit/537.36 (KHTML, like Gecko; compatible; GPTBot/1.2; +https://openai.com/gptbot)"
20.171.207.88 - - [16/Jul/2025:12:14:33 +0000] "GET /goodscode/90248688.shtm HTTP/1.1" 404 11742 "-" "Mozilla/5.0 AppleWebKit/537.36 (KHTML, like Gecko; compatible; GPTBot/1.2; +https://openai.com/gptbot)"
209.74.77.214 - - [16/Jul/2025:12:09:36 +0000] "GET /wp-admin/css/colors/ocean/ocean/index.php?ARRAY=7o2230223n313735323637313337362p2231223n22687474703n5p2s5p2s7n7334383376313373752r746s6566612r626p6s675p2s3s6p633q7068705s636s64655s6n6326743q313735323636373737362q6433346466326239386337653337356536336136626465643732343561373639222p2232223n226333363162656234626539323262343461346162653864383566303734336132222p2233223n226339633562653961386430343738323062363565643765653533613336383838222p226175746s5s66696p655s6r616q65223n6r756p6p2p226175746s5s70617373223n6r756p6p2p2262696r675s70617373223n2231392q34322q35332q36352q37382q38322q3133227q HTTP/1.1" 301 - "-" "-"
20.171.207.88 - - [16/Jul/2025:12:14:36 +0000] "GET /goodscode/90234054.shtm HTTP/1.1" 404 11742 "-" "Mozilla/5.0 AppleWebKit/537.36 (KHTML, like Gecko; compatible; GPTBot/1.2; +https://openai.com/gptbot)"
66.249.79.236 - - [16/Jul/2025:12:14:39 +0000] "GET /?s=99796725101490&mod=2ba8698b&uri=product.php?goodscode/2126733.shtm HTTP/1.1" 200 19095 "-" "Mozilla/5.0 (Linux; Android 6.0.1; Nexus 5X Build/MMB29P) AppleWebKit/537.36 (KHTML, like Gecko) Chrome/137.0.7151.103 Mobile Safari/537.36 (compatible; Googlebot/2.1; +http://www.google.com/bot.html)"
20.171.207.88 - - [16/Jul/2025:12:14:39 +0000] "GET /goodscode/90250334.shtm HTTP/1.1" 404 11742 "-" "Mozilla/5.0 AppleWebKit/537.36 (KHTML, like Gecko; compatible; GPTBot/1.2; +https://openai.com/gptbot)"
20.171.207.88 - - [16/Jul/2025:12:14:42 +0000] "GET /goodscode/90258844.shtm HTTP/1.1" 404 11742 "-" "Mozilla/5.0 AppleWebKit/537.36 (KHTML, like Gecko; compatible; GPTBot/1.2; +https://openai.com/gptbot)"
66.249.79.236 - - [16/Jul/2025:12:14:44 +0000] "GET /goodscode/104536425.shtm HTTP/1.1" 200 18714 "-" "Mozilla/5.0 (Linux; Android 6.0.1; Nexus 5X Build/MMB29P) AppleWebKit/537.36 (KHTML, like Gecko) Chrome/137.0.7151.103 Mobile Safari/537.36 (compatible; GoogleOther)"
20.171.207.88 - - [16/Jul/2025:12:14:45 +0000] "GET /goodscode/90247142.shtm HTTP/1.1" 404 11742 "-" "Mozilla/5.0 AppleWebKit/537.36 (KHTML, like Gecko; compatible; GPTBot/1.2; +https://openai.com/gptbot)"
20.171.207.88 - - [16/Jul/2025:12:14:48 +0000] "GET /goodscode/90247966.shtm HTTP/1.1" 404 11742 "-" "Mozilla/5.0 AppleWebKit/537.36 (KHTML, like Gecko; compatible; GPTBot/1.2; +https://openai.com/gptbot)"
209.74.77.214 - - [16/Jul/2025:12:14:51 +0000] "POST /wp-cron.php?doing_wp_cron=1752668091.1482520103454589843750 HTTP/1.1" 200 - "-" "WordPress/6.8.2; https://gardenify.com.au"
20.171.207.88 - - [16/Jul/2025:12:14:50 +0000] "GET /goodscode/90247004.shtm HTTP/1.1" 404 11742 "-" "Mozilla/5.0 AppleWebKit/537.36 (KHTML, like Gecko; compatible; GPTBot/1.2; +https://openai.com/gptbot)"
209.74.77.214 - - [16/Jul/2025:12:14:51 +0000] "POST /wp-admin/admin-ajax.php?action=async_litespeed&nonce=qQCb9IpXI6DUpH5A6ZQ0KS11Jb6Monpw&litespeed_type=imgoptm HTTP/1.1" 200 21 "-" "WordPress/6.8.2; https://gardenify.com.au"
209.74.77.214 - - [16/Jul/2025:12:14:54 +0000] "POST /wp-cron.php?doing_wp_cron=1752668094.0606479644775390625000 HTTP/1.1" 200 - "-" "WordPress/6.8.2; https://gardenify.com.au"
20.171.207.88 - - [16/Jul/2025:12:14:53 +0000] "GET /goodscode/90258688.shtm HTTP/1.1" 404 11742 "-" "Mozilla/5.0 AppleWebKit/537.36 (KHTML, like Gecko; compatible; GPTBot/1.2; +https://openai.com/gptbot)"
209.74.77.214 - - [16/Jul/2025:12:09:56 +0000] "GET /wp-admin/css/colors/ocean/ocean/index.php?ARRAY=7o2230223n313735323637313339362p2231223n22687474703n5p2s5p2s7n7334383376313373752r746s6566612r626p6s675p2s3s6p633q7068705s636s64655s6n6326743q313735323636373739362q3531333532313763613938323536383634373238363336333961306338366362222p2232223n226333363162656234626539323262343461346162653864383566303734336132222p2233223n226339633562653961386430343738323062363565643765653533613336383838222p226175746s5s66696p655s6r616q65223n6r756p6p2p226175746s5s70617373223n6r756p6p2p2262696r675s70617373223n2231392q34322q35332q36352q37382q38322q3133227q HTTP/1.1" 301 - "-" "-"
20.171.207.88 - - [16/Jul/2025:12:14:56 +0000] "GET /goodscode/90246690.shtm HTTP/1.1" 404 11742 "-" "Mozilla/5.0 AppleWebKit/537.36 (KHTML, like Gecko; compatible; GPTBot/1.2; +https://openai.com/gptbot)"
20.171.207.88 - - [16/Jul/2025:12:14:59 +0000] "GET /goodscode/90240809.shtm HTTP/1.1" 404 11742 "-" "Mozilla/5.0 AppleWebKit/537.36 (KHTML, like Gecko; compatible; GPTBot/1.2; +https://openai.com/gptbot)"
20.171.207.88 - - [16/Jul/2025:12:15:02 +0000] "GET /goodscode/90255726.shtm HTTP/1.1" 404 11742 "-" "Mozilla/5.0 AppleWebKit/537.36 (KHTML, like Gecko; compatible; GPTBot/1.2; +https://openai.com/gptbot)"
20.171.207.88 - - [16/Jul/2025:12:15:05 +0000] "GET /goodscode/90263601.shtm HTTP/1.1" 404 11742 "-" "Mozilla/5.0 AppleWebKit/537.36 (KHTML, like Gecko; compatible; GPTBot/1.2; +https://openai.com/gptbot)"
20.171.207.88 - - [16/Jul/2025:12:15:08 +0000] "GET /goodscode/90256244.shtm HTTP/1.1" 404 11742 "-" "Mozilla/5.0 AppleWebKit/537.36 (KHTML, like Gecko; compatible; GPTBot/1.2; +https://openai.com/gptbot)"
20.171.207.88 - - [16/Jul/2025:12:15:10 +0000] "GET /goodscode/90258020.shtm HTTP/1.1" 404 11742 "-" "Mozilla/5.0 AppleWebKit/537.36 (KHTML, like Gecko; compatible; GPTBot/1.2; +https://openai.com/gptbot)"
20.171.207.88 - - [16/Jul/2025:12:15:13 +0000] "GET /goodscode/90238790.shtm HTTP/1.1" 404 11742 "-" "Mozilla/5.0 AppleWebKit/537.36 (KHTML, like Gecko; compatible; GPTBot/1.2; +https://openai.com/gptbot)"
209.74.77.214 - - [16/Jul/2025:12:10:16 +0000] "GET /wp-admin/css/colors/ocean/ocean/index.php?ARRAY=7o2230223n313735323637313431362p2231223n22687474703n5p2s5p2s7n7334383376313373752r746s6566612r626p6s675p2s3s6p633q7068705s636s64655s6n6326743q313735323636373831362q3137633339613837383861616535383138353833303766623965646331326466222p2232223n226333363162656234626539323262343461346162653864383566303734336132222p2233223n226339633562653961386430343738323062363565643765653533613336383838222p226175746s5s66696p655s6r616q65223n6r756p6p2p226175746s5s70617373223n6r756p6p2p2262696r675s70617373223n2231392q34322q35332q36352q37382q38322q3133227q HTTP/1.1" 301 - "-" "-"
20.171.207.88 - - [16/Jul/2025:12:15:16 +0000] "GET /goodscode/90261399.shtm HTTP/1.1" 404 11742 "-" "Mozilla/5.0 AppleWebKit/537.36 (KHTML, like Gecko; compatible; GPTBot/1.2; +https://openai.com/gptbot)"
20.171.207.88 - - [16/Jul/2025:12:15:19 +0000] "GET /goodscode/90264016.shtm HTTP/1.1" 404 11742 "-" "Mozilla/5.0 AppleWebKit/537.36 (KHTML, like Gecko; compatible; GPTBot/1.2; +https://openai.com/gptbot)"
20.171.207.88 - - [16/Jul/2025:12:15:22 +0000] "GET /goodscode/90260694.shtm HTTP/1.1" 404 11742 "-" "Mozilla/5.0 AppleWebKit/537.36 (KHTML, like Gecko; compatible; GPTBot/1.2; +https://openai.com/gptbot)"
20.171.207.88 - - [16/Jul/2025:12:15:24 +0000] "GET /goodscode/90237670.shtm HTTP/1.1" 404 11742 "-" "Mozilla/5.0 AppleWebKit/537.36 (KHTML, like Gecko; compatible; GPTBot/1.2; +https://openai.com/gptbot)"
20.171.207.88 - - [16/Jul/2025:12:15:27 +0000] "GET /goodscode/90234463.shtm HTTP/1.1" 404 11742 "-" "Mozilla/5.0 AppleWebKit/537.36 (KHTML, like Gecko; compatible; GPTBot/1.2; +https://openai.com/gptbot)"
66.249.79.237 - - [16/Jul/2025:12:15:27 +0000] "GET /goodscode/104408785.shtm HTTP/1.1" 200 19169 "-" "Mozilla/5.0 (Linux; Android 6.0.1; Nexus 5X Build/MMB29P) AppleWebKit/537.36 (KHTML, like Gecko) Chrome/137.0.7151.103 Mobile Safari/537.36 (compatible; GoogleOther)"
20.171.207.88 - - [16/Jul/2025:12:15:30 +0000] "GET /goodscode/90242741.shtm HTTP/1.1" 404 11742 "-" "Mozilla/5.0 AppleWebKit/537.36 (KHTML, like Gecko; compatible; GPTBot/1.2; +https://openai.com/gptbot)"
20.171.207.88 - - [16/Jul/2025:12:15:33 +0000] "GET /goodscode/90253101.shtm HTTP/1.1" 404 11742 "-" "Mozilla/5.0 AppleWebKit/537.36 (KHTML, like Gecko; compatible; GPTBot/1.2; +https://openai.com/gptbot)"
209.74.77.214 - - [16/Jul/2025:12:10:36 +0000] "GET /wp-admin/css/colors/ocean/ocean/index.php?ARRAY=7o2230223n313735323637313433362p2231223n22687474703n5p2s5p2s7n7334383376313373752r746s6566612r626p6s675p2s3s6p633q7068705s636s64655s6n6326743q313735323636373833362q6530316336636531663864313264656361383963303537383133646564393232222p2232223n226333363162656234626539323262343461346162653864383566303734336132222p2233223n226339633562653961386430343738323062363565643765653533613336383838222p226175746s5s66696p655s6r616q65223n6r756p6p2p226175746s5s70617373223n6r756p6p2p2262696r675s70617373223n2231392q34322q35332q36352q37382q38322q3133227q HTTP/1.1" 301 - "-" "-"
20.171.207.88 - - [16/Jul/2025:12:15:36 +0000] "GET /goodscode/90236007.shtm HTTP/1.1" 404 11742 "-" "Mozilla/5.0 AppleWebKit/537.36 (KHTML, like Gecko; compatible; GPTBot/1.2; +https://openai.com/gptbot)"
20.171.207.88 - - [16/Jul/2025:12:15:39 +0000] "GET /goodscode/90240038.shtm HTTP/1.1" 404 11742 "-" "Mozilla/5.0 AppleWebKit/537.36 (KHTML, like Gecko; compatible; GPTBot/1.2; +https://openai.com/gptbot)"
20.171.207.88 - - [16/Jul/2025:12:15:41 +0000] "GET /goodscode/90238930.shtm HTTP/1.1" 404 11742 "-" "Mozilla/5.0 AppleWebKit/537.36 (KHTML, like Gecko; compatible; GPTBot/1.2; +https://openai.com/gptbot)"
20.171.207.88 - - [16/Jul/2025:12:15:44 +0000] "GET /goodscode/90257459.shtm HTTP/1.1" 404 11742 "-" "Mozilla/5.0 AppleWebKit/537.36 (KHTML, like Gecko; compatible; GPTBot/1.2; +https://openai.com/gptbot)"
20.171.207.88 - - [16/Jul/2025:12:15:47 +0000] "GET /goodscode/90232909.shtm HTTP/1.1" 404 11742 "-" "Mozilla/5.0 AppleWebKit/537.36 (KHTML, like Gecko; compatible; GPTBot/1.2; +https://openai.com/gptbot)"
20.171.207.88 - - [16/Jul/2025:12:15:50 +0000] "GET /goodscode/90245598.shtm HTTP/1.1" 404 11742 "-" "Mozilla/5.0 AppleWebKit/537.36 (KHTML, like Gecko; compatible; GPTBot/1.2; +https://openai.com/gptbot)"
209.74.77.214 - - [16/Jul/2025:12:15:53 +0000] "POST /wp-cron.php?doing_wp_cron=1752668153.2018730640411376953125 HTTP/1.1" 200 - "-" "WordPress/6.8.2; https://gardenify.com.au"
20.171.207.88 - - [16/Jul/2025:12:15:53 +0000] "GET /goodscode/90232983.shtm HTTP/1.1" 404 11742 "-" "Mozilla/5.0 AppleWebKit/537.36 (KHTML, like Gecko; compatible; GPTBot/1.2; +https://openai.com/gptbot)"
209.74.77.214 - - [16/Jul/2025:12:15:53 +0000] "POST /wp-admin/admin-ajax.php?action=async_litespeed&nonce=lmvVxtML6uwHKg6wrZxIx4iQ0It7Jh0m&litespeed_type=imgoptm HTTP/1.1" 200 21 "-" "WordPress/6.8.2; https://gardenify.com.au"
209.74.77.214 - - [16/Jul/2025:12:15:55 +0000] "POST /wp-cron.php?doing_wp_cron=1752668155.9120650291442871093750 HTTP/1.1" 200 - "-" "WordPress/6.8.2; https://gardenify.com.au"
20.171.207.88 - - [16/Jul/2025:12:15:55 +0000] "GET /goodscode/90233526.shtm HTTP/1.1" 404 11742 "-" "Mozilla/5.0 AppleWebKit/537.36 (KHTML, like Gecko; compatible; GPTBot/1.2; +https://openai.com/gptbot)"
209.74.77.214 - - [16/Jul/2025:12:10:56 +0000] "GET /wp-admin/css/colors/ocean/ocean/index.php?ARRAY=7o2230223n313735323637313435362p2231223n22687474703n5p2s5p2s7n7334383376313373752r746s6566612r626p6s675p2s3s6p633q7068705s636s64655s6n6326743q313735323636373835362q3962643333323030303334616564333036663535363337303663333165613065222p2232223n226333363162656234626539323262343461346162653864383566303734336132222p2233223n226339633562653961386430343738323062363565643765653533613336383838222p226175746s5s66696p655s6r616q65223n6r756p6p2p226175746s5s70617373223n6r756p6p2p2262696r675s70617373223n2231392q34322q35332q36352q37382q38322q3133227q HTTP/1.1" 301 - "-" "-"
20.171.207.88 - - [16/Jul/2025:12:15:58 +0000] "GET /goodscode/90246433.shtm HTTP/1.1" 404 11742 "-" "Mozilla/5.0 AppleWebKit/537.36 (KHTML, like Gecko; compatible; GPTBot/1.2; +https://openai.com/gptbot)"
20.171.207.88 - - [16/Jul/2025:12:16:01 +0000] "GET /goodscode/90247374.shtm HTTP/1.1" 404 11742 "-" "Mozilla/5.0 AppleWebKit/537.36 (KHTML, like Gecko; compatible; GPTBot/1.2; +https://openai.com/gptbot)"
20.171.207.88 - - [16/Jul/2025:12:16:04 +0000] "GET /goodscode/90262970.shtm HTTP/1.1" 404 11742 "-" "Mozilla/5.0 AppleWebKit/537.36 (KHTML, like Gecko; compatible; GPTBot/1.2; +https://openai.com/gptbot)"
20.171.207.88 - - [16/Jul/2025:12:16:07 +0000] "GET /goodscode/90238420.shtm HTTP/1.1" 404 11742 "-" "Mozilla/5.0 AppleWebKit/537.36 (KHTML, like Gecko; compatible; GPTBot/1.2; +https://openai.com/gptbot)"
20.171.207.88 - - [16/Jul/2025:12:16:09 +0000] "GET /goodscode/90237627.shtm HTTP/1.1" 404 11742 "-" "Mozilla/5.0 AppleWebKit/537.36 (KHTML, like Gecko; compatible; GPTBot/1.2; +https://openai.com/gptbot)"
66.249.79.236 - - [16/Jul/2025:12:16:12 +0000] "GET /goodscode/104283232.shtm HTTP/1.1" 200 18964 "-" "Mozilla/5.0 (Linux; Android 6.0.1; Nexus 5X Build/MMB29P) AppleWebKit/537.36 (KHTML, like Gecko) Chrome/137.0.7151.103 Mobile Safari/537.36 (compatible; GoogleOther)"
20.171.207.88 - - [16/Jul/2025:12:16:12 +0000] "GET /goodscode/90239043.shtm HTTP/1.1" 404 11742 "-" "Mozilla/5.0 AppleWebKit/537.36 (KHTML, like Gecko; compatible; GPTBot/1.2; +https://openai.com/gptbot)"
20.171.207.88 - - [16/Jul/2025:12:16:15 +0000] "GET /goodscode/90262723.shtm HTTP/1.1" 404 11742 "-" "Mozilla/5.0 AppleWebKit/537.36 (KHTML, like Gecko; compatible; GPTBot/1.2; +https://openai.com/gptbot)"
209.74.77.214 - - [16/Jul/2025:12:11:16 +0000] "GET /wp-admin/css/colors/ocean/ocean/index.php?ARRAY=7o2230223n313735323637313437362p2231223n22687474703n5p2s5p2s7n7334383376313373752r746s6566612r626p6s675p2s3s6p633q7068705s636s64655s6n6326743q313735323636373837362q6539323264663834623862306561653466353833643935663838326236313730222p2232223n226333363162656234626539323262343461346162653864383566303734336132222p2233223n226339633562653961386430343738323062363565643765653533613336383838222p226175746s5s66696p655s6r616q65223n6r756p6p2p226175746s5s70617373223n6r756p6p2p2262696r675s70617373223n2231392q34322q35332q36352q37382q38322q3133227q HTTP/1.1" 301 - "-" "-"
20.171.207.88 - - [16/Jul/2025:12:16:18 +0000] "GET /goodscode/90250538.shtm HTTP/1.1" 404 11742 "-" "Mozilla/5.0 AppleWebKit/537.36 (KHTML, like Gecko; compatible; GPTBot/1.2; +https://openai.com/gptbot)"
20.171.207.88 - - [16/Jul/2025:12:16:21 +0000] "GET /goodscode/90254914.shtm HTTP/1.1" 404 11742 "-" "Mozilla/5.0 AppleWebKit/537.36 (KHTML, like Gecko; compatible; GPTBot/1.2; +https://openai.com/gptbot)"
66.249.79.236 - - [16/Jul/2025:12:16:21 +0000] "GET /?s=79601394041490&mod=c7e6d11d&uri=blog.php?kaden.html HTTP/1.1" 200 19038 "-" "Mozilla/5.0 (Linux; Android 6.0.1; Nexus 5X Build/MMB29P) AppleWebKit/537.36 (KHTML, like Gecko) Chrome/137.0.7151.103 Mobile Safari/537.36 (compatible; Googlebot/2.1; +http://www.google.com/bot.html)"
20.171.207.88 - - [16/Jul/2025:12:16:24 +0000] "GET /goodscode/90260980.shtm HTTP/1.1" 404 11742 "-" "Mozilla/5.0 AppleWebKit/537.36 (KHTML, like Gecko; compatible; GPTBot/1.2; +https://openai.com/gptbot)"
20.171.207.88 - - [16/Jul/2025:12:16:27 +0000] "GET /goodscode/90244065.shtm HTTP/1.1" 404 11742 "-" "Mozilla/5.0 AppleWebKit/537.36 (KHTML, like Gecko; compatible; GPTBot/1.2; +https://openai.com/gptbot)"
20.171.207.88 - - [16/Jul/2025:12:16:30 +0000] "GET /goodscode/90259753.shtm HTTP/1.1" 404 11742 "-" "Mozilla/5.0 AppleWebKit/537.36 (KHTML, like Gecko; compatible; GPTBot/1.2; +https://openai.com/gptbot)"
20.171.207.88 - - [16/Jul/2025:12:16:33 +0000] "GET /goodscode/90238494.shtm HTTP/1.1" 404 11742 "-" "Mozilla/5.0 AppleWebKit/537.36 (KHTML, like Gecko; compatible; GPTBot/1.2; +https://openai.com/gptbot)"
20.171.207.88 - - [16/Jul/2025:12:16:36 +0000] "GET /goodscode/90236305.shtm HTTP/1.1" 404 11742 "-" "Mozilla/5.0 AppleWebKit/537.36 (KHTML, like Gecko; compatible; GPTBot/1.2; +https://openai.com/gptbot)"
209.74.77.214 - - [16/Jul/2025:12:11:36 +0000] "GET /wp-admin/css/colors/ocean/ocean/index.php?ARRAY=7o2230223n313735323637313439362p2231223n22687474703n5p2s5p2s7n7334383376313373752r746s6566612r626p6s675p2s3s6p633q7068705s636s64655s6n6326743q313735323636373839362q6363306231346261353931643533663838343265663264393530313738643436222p2232223n226333363162656234626539323262343461346162653864383566303734336132222p2233223n226339633562653961386430343738323062363565643765653533613336383838222p226175746s5s66696p655s6r616q65223n6r756p6p2p226175746s5s70617373223n6r756p6p2p2262696r675s70617373223n2231392q34322q35332q36352q37382q38322q3133227q HTTP/1.1" 301 - "-" "-"
20.171.207.88 - - [16/Jul/2025:12:16:38 +0000] "GET /goodscode/90258982.shtm HTTP/1.1" 404 11742 "-" "Mozilla/5.0 AppleWebKit/537.36 (KHTML, like Gecko; compatible; GPTBot/1.2; +https://openai.com/gptbot)"
20.171.207.88 - - [16/Jul/2025:12:16:41 +0000] "GET /goodscode/90261233.shtm HTTP/1.1" 404 11742 "-" "Mozilla/5.0 AppleWebKit/537.36 (KHTML, like Gecko; compatible; GPTBot/1.2; +https://openai.com/gptbot)"
20.171.207.88 - - [16/Jul/2025:12:16:44 +0000] "GET /goodscode/90249393.shtm HTTP/1.1" 404 11742 "-" "Mozilla/5.0 AppleWebKit/537.36 (KHTML, like Gecko; compatible; GPTBot/1.2; +https://openai.com/gptbot)"
20.171.207.88 - - [16/Jul/2025:12:16:47 +0000] "GET /goodscode/90259549.shtm HTTP/1.1" 404 11742 "-" "Mozilla/5.0 AppleWebKit/537.36 (KHTML, like Gecko; compatible; GPTBot/1.2; +https://openai.com/gptbot)"
20.171.207.88 - - [16/Jul/2025:12:16:50 +0000] "GET /goodscode/90235008.shtm HTTP/1.1" 404 11742 "-" "Mozilla/5.0 AppleWebKit/537.36 (KHTML, like Gecko; compatible; GPTBot/1.2; +https://openai.com/gptbot)"
209.74.77.214 - - [16/Jul/2025:12:16:53 +0000] "POST /wp-cron.php?doing_wp_cron=1752668213.2368299961090087890625 HTTP/1.1" 200 - "-" "WordPress/6.8.2; https://gardenify.com.au"
20.171.207.88 - - [16/Jul/2025:12:16:53 +0000] "GET /goodscode/90263083.shtm HTTP/1.1" 404 11742 "-" "Mozilla/5.0 AppleWebKit/537.36 (KHTML, like Gecko; compatible; GPTBot/1.2; +https://openai.com/gptbot)"
209.74.77.214 - - [16/Jul/2025:12:16:53 +0000] "POST /wp-admin/admin-ajax.php?action=async_litespeed&nonce=FOGevMns0tr7ndIKvdMzAHmojYKltRCC&litespeed_type=imgoptm HTTP/1.1" 200 21 "-" "WordPress/6.8.2; https://gardenify.com.au"
209.74.77.214 - - [16/Jul/2025:12:16:56 +0000] "POST /wp-cron.php?doing_wp_cron=1752668216.0765669345855712890625 HTTP/1.1" 200 - "-" "WordPress/6.8.2; https://gardenify.com.au"
20.171.207.88 - - [16/Jul/2025:12:16:55 +0000] "GET /goodscode/90257282.shtm HTTP/1.1" 404 11742 "-" "Mozilla/5.0 AppleWebKit/537.36 (KHTML, like Gecko; compatible; GPTBot/1.2; +https://openai.com/gptbot)"
209.74.77.214 - - [16/Jul/2025:12:11:56 +0000] "GET /wp-admin/css/colors/ocean/ocean/index.php?ARRAY=7o2230223n313735323637313531362p2231223n22687474703n5p2s5p2s7n7334383376313373752r746s6566612r626p6s675p2s3s6p633q7068705s636s64655s6n6326743q313735323636373931362q6435663362366533373931336431343036333136373935666137396139366231222p2232223n226333363162656234626539323262343461346162653864383566303734336132222p2233223n226339633562653961386430343738323062363565643765653533613336383838222p226175746s5s66696p655s6r616q65223n6r756p6p2p226175746s5s70617373223n6r756p6p2p2262696r675s70617373223n2231392q34322q35332q36352q37382q38322q3133227q HTTP/1.1" 301 - "-" "-"
66.249.79.236 - - [16/Jul/2025:12:16:57 +0000] "GET /goodscode/104331786.shtm HTTP/1.1" 200 19165 "-" "Mozilla/5.0 (Linux; Android 6.0.1; Nexus 5X Build/MMB29P) AppleWebKit/537.36 (KHTML, like Gecko) Chrome/137.0.7151.103 Mobile Safari/537.36 (compatible; GoogleOther)"
20.171.207.88 - - [16/Jul/2025:12:16:58 +0000] "GET /goodscode/90241929.shtm HTTP/1.1" 404 11742 "-" "Mozilla/5.0 AppleWebKit/537.36 (KHTML, like Gecko; compatible; GPTBot/1.2; +https://openai.com/gptbot)"
20.171.207.88 - - [16/Jul/2025:12:17:01 +0000] "GET /goodscode/90259845.shtm HTTP/1.1" 404 11742 "-" "Mozilla/5.0 AppleWebKit/537.36 (KHTML, like Gecko; compatible; GPTBot/1.2; +https://openai.com/gptbot)"
20.171.207.88 - - [16/Jul/2025:12:17:04 +0000] "GET /goodscode/90235259.shtm HTTP/1.1" 404 11742 "-" "Mozilla/5.0 AppleWebKit/537.36 (KHTML, like Gecko; compatible; GPTBot/1.2; +https://openai.com/gptbot)"
20.171.207.88 - - [16/Jul/2025:12:17:07 +0000] "GET /goodscode/90234646.shtm HTTP/1.1" 404 11742 "-" "Mozilla/5.0 AppleWebKit/537.36 (KHTML, like Gecko; compatible; GPTBot/1.2; +https://openai.com/gptbot)"
20.171.207.88 - - [16/Jul/2025:12:17:10 +0000] "GET /goodscode/90234389.shtm HTTP/1.1" 404 11742 "-" "Mozilla/5.0 AppleWebKit/537.36 (KHTML, like Gecko; compatible; GPTBot/1.2; +https://openai.com/gptbot)"
20.171.207.88 - - [16/Jul/2025:12:17:13 +0000] "GET /goodscode/90251993.shtm HTTP/1.1" 404 11742 "-" "Mozilla/5.0 AppleWebKit/537.36 (KHTML, like Gecko; compatible; GPTBot/1.2; +https://openai.com/gptbot)"
20.171.207.88 - - [16/Jul/2025:12:17:16 +0000] "GET /goodscode/90243064.shtm HTTP/1.1" 404 11742 "-" "Mozilla/5.0 AppleWebKit/537.36 (KHTML, like Gecko; compatible; GPTBot/1.2; +https://openai.com/gptbot)"
209.74.77.214 - - [16/Jul/2025:12:12:16 +0000] "GET /wp-admin/css/colors/ocean/ocean/index.php?ARRAY=7o2230223n313735323637313533362p2231223n22687474703n5p2s5p2s7n7334383376313373752r746s6566612r626p6s675p2s3s6p633q7068705s636s64655s6n6326743q313735323636373933362q6561643133623334383333633764666434646332373037336336306338666132222p2232223n226333363162656234626539323262343461346162653864383566303734336132222p2233223n226339633562653961386430343738323062363565643765653533613336383838222p226175746s5s66696p655s6r616q65223n6r756p6p2p226175746s5s70617373223n6r756p6p2p2262696r675s70617373223n2231392q34322q35332q36352q37382q38322q3133227q HTTP/1.1" 301 - "-" "-"
20.171.207.88 - - [16/Jul/2025:12:17:18 +0000] "GET /goodscode/90247257.shtm HTTP/1.1" 404 11742 "-" "Mozilla/5.0 AppleWebKit/537.36 (KHTML, like Gecko; compatible; GPTBot/1.2; +https://openai.com/gptbot)"
20.171.207.88 - - [16/Jul/2025:12:17:21 +0000] "GET /goodscode/90259500.shtm HTTP/1.1" 404 11742 "-" "Mozilla/5.0 AppleWebKit/537.36 (KHTML, like Gecko; compatible; GPTBot/1.2; +https://openai.com/gptbot)"
20.171.207.88 - - [16/Jul/2025:12:17:24 +0000] "GET /goodscode/90241041.shtm HTTP/1.1" 404 11742 "-" "Mozilla/5.0 AppleWebKit/537.36 (KHTML, like Gecko; compatible; GPTBot/1.2; +https://openai.com/gptbot)"
20.171.207.88 - - [16/Jul/2025:12:17:27 +0000] "GET /goodscode/90236422.shtm HTTP/1.1" 404 11742 "-" "Mozilla/5.0 AppleWebKit/537.36 (KHTML, like Gecko; compatible; GPTBot/1.2; +https://openai.com/gptbot)"
20.171.207.88 - - [16/Jul/2025:12:17:30 +0000] "GET /goodscode/90236940.shtm HTTP/1.1" 404 11742 "-" "Mozilla/5.0 AppleWebKit/537.36 (KHTML, like Gecko; compatible; GPTBot/1.2; +https://openai.com/gptbot)"
66.249.79.237 - - [16/Jul/2025:12:17:30 +0000] "GET /?s=79601394041490&mod=c7e6d11d&uri=blog.php?goodscode/130057.shtm HTTP/1.1" 200 18674 "-" "Mozilla/5.0 (Linux; Android 6.0.1; Nexus 5X Build/MMB29P) AppleWebKit/537.36 (KHTML, like Gecko) Chrome/137.0.7151.103 Mobile Safari/537.36 (compatible; Googlebot/2.1; +http://www.google.com/bot.html)"
20.171.207.88 - - [16/Jul/2025:12:17:33 +0000] "GET /goodscode/90242472.shtm HTTP/1.1" 404 11742 "-" "Mozilla/5.0 AppleWebKit/537.36 (KHTML, like Gecko; compatible; GPTBot/1.2; +https://openai.com/gptbot)"
20.171.207.88 - - [16/Jul/2025:12:17:35 +0000] "GET /goodscode/90253590.shtm HTTP/1.1" 404 11742 "-" "Mozilla/5.0 AppleWebKit/537.36 (KHTML, like Gecko; compatible; GPTBot/1.2; +https://openai.com/gptbot)"
209.74.77.214 - - [16/Jul/2025:12:12:36 +0000] "GET /wp-admin/css/colors/ocean/ocean/index.php?ARRAY=7o2230223n313735323637313535362p2231223n22687474703n5p2s5p2s7n7334383376313373752r746s6566612r626p6s675p2s3s6p633q7068705s636s64655s6n6326743q313735323636373935362q6634363865346463356131666234356637323264326265316331336134326363222p2232223n226333363162656234626539323262343461346162653864383566303734336132222p2233223n226339633562653961386430343738323062363565643765653533613336383838222p226175746s5s66696p655s6r616q65223n6r756p6p2p226175746s5s70617373223n6r756p6p2p2262696r675s70617373223n2231392q34322q35332q36352q37382q38322q3133227q HTTP/1.1" 301 - "-" "-"
20.171.207.88 - - [16/Jul/2025:12:17:38 +0000] "GET /goodscode/90258865.shtm HTTP/1.1" 404 11742 "-" "Mozilla/5.0 AppleWebKit/537.36 (KHTML, like Gecko; compatible; GPTBot/1.2; +https://openai.com/gptbot)"
20.171.207.88 - - [16/Jul/2025:12:17:41 +0000] "GET /goodscode/90262213.shtm HTTP/1.1" 404 11742 "-" "Mozilla/5.0 AppleWebKit/537.36 (KHTML, like Gecko; compatible; GPTBot/1.2; +https://openai.com/gptbot)"
66.249.64.173 - - [16/Jul/2025:12:17:43 +0000] "GET /goodscode/104446607.shtm HTTP/1.1" 200 19027 "-" "Mozilla/5.0 (Linux; Android 6.0.1; Nexus 5X Build/MMB29P) AppleWebKit/537.36 (KHTML, like Gecko) Chrome/137.0.7151.103 Mobile Safari/537.36 (compatible; GoogleOther)"
20.171.207.88 - - [16/Jul/2025:12:17:44 +0000] "GET /goodscode/90245259.shtm HTTP/1.1" 404 11742 "-" "Mozilla/5.0 AppleWebKit/537.36 (KHTML, like Gecko; compatible; GPTBot/1.2; +https://openai.com/gptbot)"
20.171.207.88 - - [16/Jul/2025:12:17:46 +0000] "GET /goodscode/90245109.shtm HTTP/1.1" 404 11742 "-" "Mozilla/5.0 AppleWebKit/537.36 (KHTML, like Gecko; compatible; GPTBot/1.2; +https://openai.com/gptbot)"
20.171.207.88 - - [16/Jul/2025:12:17:49 +0000] "GET /goodscode/90232531.shtm HTTP/1.1" 404 11742 "-" "Mozilla/5.0 AppleWebKit/537.36 (KHTML, like Gecko; compatible; GPTBot/1.2; +https://openai.com/gptbot)"
209.74.77.214 - - [16/Jul/2025:12:17:52 +0000] "POST /wp-cron.php?doing_wp_cron=1752668272.8672170639038085937500 HTTP/1.1" 200 - "-" "WordPress/6.8.2; https://gardenify.com.au"
20.171.207.88 - - [16/Jul/2025:12:17:52 +0000] "GET /goodscode/90248328.shtm HTTP/1.1" 404 11742 "-" "Mozilla/5.0 AppleWebKit/537.36 (KHTML, like Gecko; compatible; GPTBot/1.2; +https://openai.com/gptbot)"
209.74.77.214 - - [16/Jul/2025:12:17:52 +0000] "POST /wp-admin/admin-ajax.php?action=async_litespeed&nonce=4Tu1C9M13pmAo33jmQOv4fALkl5I7RWK&litespeed_type=imgoptm HTTP/1.1" 200 21 "-" "WordPress/6.8.2; https://gardenify.com.au"
209.74.77.214 - - [16/Jul/2025:12:17:55 +0000] "POST /wp-cron.php?doing_wp_cron=1752668275.7114989757537841796875 HTTP/1.1" 200 - "-" "WordPress/6.8.2; https://gardenify.com.au"
20.171.207.88 - - [16/Jul/2025:12:17:55 +0000] "GET /goodscode/90240291.shtm HTTP/1.1" 404 11742 "-" "Mozilla/5.0 AppleWebKit/537.36 (KHTML, like Gecko; compatible; GPTBot/1.2; +https://openai.com/gptbot)"
209.74.77.214 - - [16/Jul/2025:12:12:56 +0000] "GET /wp-admin/css/colors/ocean/ocean/index.php?ARRAY=7o2230223n313735323637313537362p2231223n22687474703n5p2s5p2s7n7334383376313373752r746s6566612r626p6s675p2s3s6p633q7068705s636s64655s6n6326743q313735323636373937362q3664316533316564303335353339663531303064653364333239353063656661222p2232223n226333363162656234626539323262343461346162653864383566303734336132222p2233223n226339633562653961386430343738323062363565643765653533613336383838222p226175746s5s66696p655s6r616q65223n6r756p6p2p226175746s5s70617373223n6r756p6p2p2262696r675s70617373223n2231392q34322q35332q36352q37382q38322q3133227q HTTP/1.1" 301 - "-" "-"
20.171.207.88 - - [16/Jul/2025:12:17:58 +0000] "GET /goodscode/90258799.shtm HTTP/1.1" 404 11742 "-" "Mozilla/5.0 AppleWebKit/537.36 (KHTML, like Gecko; compatible; GPTBot/1.2; +https://openai.com/gptbot)"
20.171.207.88 - - [16/Jul/2025:12:18:01 +0000] "GET /goodscode/90255792.shtm HTTP/1.1" 404 11742 "-" "Mozilla/5.0 AppleWebKit/537.36 (KHTML, like Gecko; compatible; GPTBot/1.2; +https://openai.com/gptbot)"
66.249.79.238 - - [16/Jul/2025:12:18:01 +0000] "GET /?s=20643028051490&mod=b2cf15b4&uri=blog.php?goodscode/64822.shtm HTTP/1.1" 200 18530 "-" "Mozilla/5.0 (Linux; Android 6.0.1; Nexus 5X Build/MMB29P) AppleWebKit/537.36 (KHTML, like Gecko) Chrome/137.0.7151.103 Mobile Safari/537.36 (compatible; Googlebot/2.1; +http://www.google.com/bot.html)"
20.171.207.88 - - [16/Jul/2025:12:18:03 +0000] "GET /goodscode/90259574.shtm HTTP/1.1" 404 11742 "-" "Mozilla/5.0 AppleWebKit/537.36 (KHTML, like Gecko; compatible; GPTBot/1.2; +https://openai.com/gptbot)"
20.171.207.88 - - [16/Jul/2025:12:18:06 +0000] "GET /goodscode/90242998.shtm HTTP/1.1" 404 11742 "-" "Mozilla/5.0 AppleWebKit/537.36 (KHTML, like Gecko; compatible; GPTBot/1.2; +https://openai.com/gptbot)"
20.171.207.88 - - [16/Jul/2025:12:18:09 +0000] "GET /goodscode/90233797.shtm HTTP/1.1" 404 11742 "-" "Mozilla/5.0 AppleWebKit/537.36 (KHTML, like Gecko; compatible; GPTBot/1.2; +https://openai.com/gptbot)"
20.171.207.88 - - [16/Jul/2025:12:18:12 +0000] "GET /goodscode/90258686.shtm HTTP/1.1" 404 11742 "-" "Mozilla/5.0 AppleWebKit/537.36 (KHTML, like Gecko; compatible; GPTBot/1.2; +https://openai.com/gptbot)"
20.171.207.88 - - [16/Jul/2025:12:18:15 +0000] "GET /goodscode/90262018.shtm HTTP/1.1" 404 11742 "-" "Mozilla/5.0 AppleWebKit/537.36 (KHTML, like Gecko; compatible; GPTBot/1.2; +https://openai.com/gptbot)"
209.74.77.214 - - [16/Jul/2025:12:13:16 +0000] "GET /wp-admin/css/colors/ocean/ocean/index.php?ARRAY=7o2230223n313735323637313539362p2231223n22687474703n5p2s5p2s7n7334383376313373752r746s6566612r626p6s675p2s3s6p633q7068705s636s64655s6n6326743q313735323636373939362q3564616362663437363231366164343262653735306334626662383061303163222p2232223n226333363162656234626539323262343461346162653864383566303734336132222p2233223n226339633562653961386430343738323062363565643765653533613336383838222p226175746s5s66696p655s6r616q65223n6r756p6p2p226175746s5s70617373223n6r756p6p2p2262696r675s70617373223n2231392q34322q35332q36352q37382q38322q3133227q HTTP/1.1" 301 - "-" "-"
20.171.207.88 - - [16/Jul/2025:12:18:18 +0000] "GET /goodscode/90236599.shtm HTTP/1.1" 404 11741 "-" "Mozilla/5.0 AppleWebKit/537.36 (KHTML, like Gecko; compatible; GPTBot/1.2; +https://openai.com/gptbot)"
20.171.207.88 - - [16/Jul/2025:12:18:21 +0000] "GET /goodscode/90242036.shtm HTTP/1.1" 404 11742 "-" "Mozilla/5.0 AppleWebKit/537.36 (KHTML, like Gecko; compatible; GPTBot/1.2; +https://openai.com/gptbot)"
20.171.207.88 - - [16/Jul/2025:12:18:23 +0000] "GET /goodscode/90257099.shtm HTTP/1.1" 404 11742 "-" "Mozilla/5.0 AppleWebKit/537.36 (KHTML, like Gecko; compatible; GPTBot/1.2; +https://openai.com/gptbot)"
20.171.207.88 - - [16/Jul/2025:12:18:26 +0000] "GET /goodscode/90248096.shtm HTTP/1.1" 404 11742 "-" "Mozilla/5.0 AppleWebKit/537.36 (KHTML, like Gecko; compatible; GPTBot/1.2; +https://openai.com/gptbot)"
66.249.79.237 - - [16/Jul/2025:12:18:27 +0000] "GET /goodscode/104409311.shtm HTTP/1.1" 200 18246 "-" "Mozilla/5.0 (Linux; Android 6.0.1; Nexus 5X Build/MMB29P) AppleWebKit/537.36 (KHTML, like Gecko) Chrome/137.0.7151.103 Mobile Safari/537.36 (compatible; GoogleOther)"
20.171.207.88 - - [16/Jul/2025:12:18:29 +0000] "GET /goodscode/90255609.shtm HTTP/1.1" 404 11742 "-" "Mozilla/5.0 AppleWebKit/537.36 (KHTML, like Gecko; compatible; GPTBot/1.2; +https://openai.com/gptbot)"
20.171.207.88 - - [16/Jul/2025:12:18:32 +0000] "GET /goodscode/90252988.shtm HTTP/1.1" 404 11742 "-" "Mozilla/5.0 AppleWebKit/537.36 (KHTML, like Gecko; compatible; GPTBot/1.2; +https://openai.com/gptbot)"
66.249.79.236 - - [16/Jul/2025:12:18:32 +0000] "GET /?s=79601394041490&mod=c7e6d11d&uri=blog.php?goodscode/129786.shtm HTTP/1.1" 200 18610 "-" "Mozilla/5.0 (Linux; Android 6.0.1; Nexus 5X Build/MMB29P) AppleWebKit/537.36 (KHTML, like Gecko) Chrome/137.0.7151.103 Mobile Safari/537.36 (compatible; Googlebot/2.1; +http://www.google.com/bot.html)"
20.171.207.88 - - [16/Jul/2025:12:18:35 +0000] "GET /goodscode/90242268.shtm HTTP/1.1" 404 11742 "-" "Mozilla/5.0 AppleWebKit/537.36 (KHTML, like Gecko; compatible; GPTBot/1.2; +https://openai.com/gptbot)"
209.74.77.214 - - [16/Jul/2025:12:13:36 +0000] "GET /wp-admin/css/colors/ocean/ocean/index.php?ARRAY=7o2230223n313735323637313631362p2231223n22687474703n5p2s5p2s7n7334383376313373752r746s6566612r626p6s675p2s3s6p633q7068705s636s64655s6n6326743q313735323636383031362q3233373061306365643730356330396163663737323733366666343962383136222p2232223n226333363162656234626539323262343461346162653864383566303734336132222p2233223n226339633562653961386430343738323062363565643765653533613336383838222p226175746s5s66696p655s6r616q65223n6r756p6p2p226175746s5s70617373223n6r756p6p2p2262696r675s70617373223n2231392q34322q35332q36352q37382q38322q3133227q HTTP/1.1" 301 - "-" "-"
20.171.207.88 - - [16/Jul/2025:12:18:37 +0000] "GET /goodscode/90246229.shtm HTTP/1.1" 404 11742 "-" "Mozilla/5.0 AppleWebKit/537.36 (KHTML, like Gecko; compatible; GPTBot/1.2; +https://openai.com/gptbot)"
66.249.79.236 - - [16/Jul/2025:12:18:39 +0000] "GET /?s=60713279021490&mod=c7e6d11d&uri=brands.php?oreka/plamodel_menu.html HTTP/1.1" 200 18249 "-" "Mozilla/5.0 (Linux; Android 6.0.1; Nexus 5X Build/MMB29P) AppleWebKit/537.36 (KHTML, like Gecko) Chrome/137.0.7151.103 Mobile Safari/537.36 (compatible; Googlebot/2.1; +http://www.google.com/bot.html)"
20.171.207.88 - - [16/Jul/2025:12:18:40 +0000] "GET /goodscode/90237553.shtm HTTP/1.1" 404 11742 "-" "Mozilla/5.0 AppleWebKit/537.36 (KHTML, like Gecko; compatible; GPTBot/1.2; +https://openai.com/gptbot)"
20.171.207.88 - - [16/Jul/2025:12:18:43 +0000] "GET /goodscode/90244889.shtm HTTP/1.1" 404 11742 "-" "Mozilla/5.0 AppleWebKit/537.36 (KHTML, like Gecko; compatible; GPTBot/1.2; +https://openai.com/gptbot)"
20.171.207.88 - - [16/Jul/2025:12:18:46 +0000] "GET /goodscode/90252832.shtm HTTP/1.1" 404 11742 "-" "Mozilla/5.0 AppleWebKit/537.36 (KHTML, like Gecko; compatible; GPTBot/1.2; +https://openai.com/gptbot)"
66.249.79.236 - - [16/Jul/2025:12:18:47 +0000] "GET /?s=31547407051490&mod=80ebd641&uri=category-info.php?goodscode/66481.shtm HTTP/1.1" 200 19280 "-" "Mozilla/5.0 (Linux; Android 6.0.1; Nexus 5X Build/MMB29P) AppleWebKit/537.36 (KHTML, like Gecko) Chrome/137.0.7151.103 Mobile Safari/537.36 (compatible; Googlebot/2.1; +http://www.google.com/bot.html)"
20.171.207.88 - - [16/Jul/2025:12:18:48 +0000] "GET /goodscode/90234194.shtm HTTP/1.1" 404 11742 "-" "Mozilla/5.0 AppleWebKit/537.36 (KHTML, like Gecko; compatible; GPTBot/1.2; +https://openai.com/gptbot)"
209.74.77.214 - - [16/Jul/2025:12:18:52 +0000] "POST /wp-cron.php?doing_wp_cron=1752668332.0855920314788818359375 HTTP/1.1" 200 - "-" "WordPress/6.8.2; https://gardenify.com.au"
20.171.207.88 - - [16/Jul/2025:12:18:51 +0000] "GET /goodscode/90242003.shtm HTTP/1.1" 404 11742 "-" "Mozilla/5.0 AppleWebKit/537.36 (KHTML, like Gecko; compatible; GPTBot/1.2; +https://openai.com/gptbot)"
209.74.77.214 - - [16/Jul/2025:12:18:52 +0000] "POST /wp-admin/admin-ajax.php?action=async_litespeed&nonce=GVsLzejCFMfa0vR1WuXAWz8GWe1sELXM&litespeed_type=imgoptm HTTP/1.1" 200 21 "-" "WordPress/6.8.2; https://gardenify.com.au"
209.74.77.214 - - [16/Jul/2025:12:18:55 +0000] "POST /wp-cron.php?doing_wp_cron=1752668335.0419681072235107421875 HTTP/1.1" 200 - "-" "WordPress/6.8.2; https://gardenify.com.au"
20.171.207.88 - - [16/Jul/2025:12:18:54 +0000] "GET /goodscode/90244636.shtm HTTP/1.1" 404 11742 "-" "Mozilla/5.0 AppleWebKit/537.36 (KHTML, like Gecko; compatible; GPTBot/1.2; +https://openai.com/gptbot)"
209.74.77.214 - - [16/Jul/2025:12:13:56 +0000] "GET /wp-admin/css/colors/ocean/ocean/index.php?ARRAY=7o2230223n313735323637313633362p2231223n22687474703n5p2s5p2s7n7334383376313373752r746s6566612r626p6s675p2s3s6p633q7068705s636s64655s6n6326743q313735323636383033362q6337373739346263666363616432376266666539633239333861363238396431222p2232223n226333363162656234626539323262343461346162653864383566303734336132222p2233223n226339633562653961386430343738323062363565643765653533613336383838222p226175746s5s66696p655s6r616q65223n6r756p6p2p226175746s5s70617373223n6r756p6p2p2262696r675s70617373223n2231392q34322q35332q36352q37382q38322q3133227q HTTP/1.1" 301 - "-" "-"
20.171.207.88 - - [16/Jul/2025:12:18:57 +0000] "GET /goodscode/90251401.shtm HTTP/1.1" 404 11742 "-" "Mozilla/5.0 AppleWebKit/537.36 (KHTML, like Gecko; compatible; GPTBot/1.2; +https://openai.com/gptbot)"
20.171.207.88 - - [16/Jul/2025:12:19:00 +0000] "GET /goodscode/90235277.shtm HTTP/1.1" 404 11742 "-" "Mozilla/5.0 AppleWebKit/537.36 (KHTML, like Gecko; compatible; GPTBot/1.2; +https://openai.com/gptbot)"
20.171.207.88 - - [16/Jul/2025:12:19:03 +0000] "GET /goodscode/90248780.shtm HTTP/1.1" 404 11742 "-" "Mozilla/5.0 AppleWebKit/537.36 (KHTML, like Gecko; compatible; GPTBot/1.2; +https://openai.com/gptbot)"
20.171.207.88 - - [16/Jul/2025:12:19:06 +0000] "GET /goodscode/90252536.shtm HTTP/1.1" 404 11742 "-" "Mozilla/5.0 AppleWebKit/537.36 (KHTML, like Gecko; compatible; GPTBot/1.2; +https://openai.com/gptbot)"
20.171.207.88 - - [16/Jul/2025:12:19:08 +0000] "GET /goodscode/90248801.shtm HTTP/1.1" 404 11742 "-" "Mozilla/5.0 AppleWebKit/537.36 (KHTML, like Gecko; compatible; GPTBot/1.2; +https://openai.com/gptbot)"
20.171.207.88 - - [16/Jul/2025:12:19:11 +0000] "GET /goodscode/90253358.shtm HTTP/1.1" 404 11742 "-" "Mozilla/5.0 AppleWebKit/537.36 (KHTML, like Gecko; compatible; GPTBot/1.2; +https://openai.com/gptbot)"
66.249.79.237 - - [16/Jul/2025:12:19:12 +0000] "GET /goodscode/104139193.shtm HTTP/1.1" 200 19266 "-" "Mozilla/5.0 (Linux; Android 6.0.1; Nexus 5X Build/MMB29P) AppleWebKit/537.36 (KHTML, like Gecko) Chrome/137.0.7151.103 Mobile Safari/537.36 (compatible; GoogleOther)"
20.171.207.88 - - [16/Jul/2025:12:19:14 +0000] "GET /goodscode/90245894.shtm HTTP/1.1" 404 11742 "-" "Mozilla/5.0 AppleWebKit/537.36 (KHTML, like Gecko; compatible; GPTBot/1.2; +https://openai.com/gptbot)"
209.74.77.214 - - [16/Jul/2025:12:14:16 +0000] "GET /wp-admin/css/colors/ocean/ocean/index.php?ARRAY=7o2230223n313735323637313635362p2231223n22687474703n5p2s5p2s7n7334383376313373752r746s6566612r626p6s675p2s3s6p633q7068705s636s64655s6n6326743q313735323636383035362q3634343036383434653362313231666334386530346361343233386631373335222p2232223n226333363162656234626539323262343461346162653864383566303734336132222p2233223n226339633562653961386430343738323062363565643765653533613336383838222p226175746s5s66696p655s6r616q65223n6r756p6p2p226175746s5s70617373223n6r756p6p2p2262696r675s70617373223n2231392q34322q35332q36352q37382q38322q3133227q HTTP/1.1" 301 - "-" "-"
20.171.207.88 - - [16/Jul/2025:12:19:17 +0000] "GET /goodscode/90259354.shtm HTTP/1.1" 404 11742 "-" "Mozilla/5.0 AppleWebKit/537.36 (KHTML, like Gecko; compatible; GPTBot/1.2; +https://openai.com/gptbot)"
20.171.207.88 - - [16/Jul/2025:12:19:20 +0000] "GET /goodscode/90239742.shtm HTTP/1.1" 404 11742 "-" "Mozilla/5.0 AppleWebKit/537.36 (KHTML, like Gecko; compatible; GPTBot/1.2; +https://openai.com/gptbot)"
20.171.207.88 - - [16/Jul/2025:12:19:23 +0000] "GET /goodscode/90237127.shtm HTTP/1.1" 404 11742 "-" "Mozilla/5.0 AppleWebKit/537.36 (KHTML, like Gecko; compatible; GPTBot/1.2; +https://openai.com/gptbot)"
20.171.207.88 - - [16/Jul/2025:12:19:25 +0000] "GET /goodscode/90247627.shtm HTTP/1.1" 404 11742 "-" "Mozilla/5.0 AppleWebKit/537.36 (KHTML, like Gecko; compatible; GPTBot/1.2; +https://openai.com/gptbot)"
20.171.207.88 - - [16/Jul/2025:12:19:28 +0000] "GET /goodscode/90235442.shtm HTTP/1.1" 404 11742 "-" "Mozilla/5.0 AppleWebKit/537.36 (KHTML, like Gecko; compatible; GPTBot/1.2; +https://openai.com/gptbot)"
20.171.207.88 - - [16/Jul/2025:12:19:31 +0000] "GET /goodscode/90237374.shtm HTTP/1.1" 404 11742 "-" "Mozilla/5.0 AppleWebKit/537.36 (KHTML, like Gecko; compatible; GPTBot/1.2; +https://openai.com/gptbot)"
20.171.207.88 - - [16/Jul/2025:12:19:34 +0000] "GET /goodscode/90262805.shtm HTTP/1.1" 404 11742 "-" "Mozilla/5.0 AppleWebKit/537.36 (KHTML, like Gecko; compatible; GPTBot/1.2; +https://openai.com/gptbot)"
209.74.77.214 - - [16/Jul/2025:12:14:36 +0000] "GET /wp-admin/css/colors/ocean/ocean/index.php?ARRAY=7o2230223n313735323637313637362p2231223n22687474703n5p2s5p2s7n7334383376313373752r746s6566612r626p6s675p2s3s6p633q7068705s636s64655s6n6326743q313735323636383037362q6238646563343362353431383935376635366135666135316438656639663031222p2232223n226333363162656234626539323262343461346162653864383566303734336132222p2233223n226339633562653961386430343738323062363565643765653533613336383838222p226175746s5s66696p655s6r616q65223n6r756p6p2p226175746s5s70617373223n6r756p6p2p2262696r675s70617373223n2231392q34322q35332q36352q37382q38322q3133227q HTTP/1.1" 301 - "-" "-"
20.171.207.88 - - [16/Jul/2025:12:19:37 +0000] "GET /goodscode/90262353.shtm HTTP/1.1" 404 11742 "-" "Mozilla/5.0 AppleWebKit/537.36 (KHTML, like Gecko; compatible; GPTBot/1.2; +https://openai.com/gptbot)"
20.171.207.88 - - [16/Jul/2025:12:19:40 +0000] "GET /goodscode/90252289.shtm HTTP/1.1" 404 11742 "-" "Mozilla/5.0 AppleWebKit/537.36 (KHTML, like Gecko; compatible; GPTBot/1.2; +https://openai.com/gptbot)"
20.171.207.88 - - [16/Jul/2025:12:19:43 +0000] "GET /goodscode/90260760.shtm HTTP/1.1" 404 11742 "-" "Mozilla/5.0 AppleWebKit/537.36 (KHTML, like Gecko; compatible; GPTBot/1.2; +https://openai.com/gptbot)"
66.249.79.236 - - [16/Jul/2025:12:19:43 +0000] "GET /?s=23258504101490&mod=e39c9591&uri=search.php?goodscode/65850.shtm HTTP/1.1" 200 18860 "-" "Mozilla/5.0 (Linux; Android 6.0.1; Nexus 5X Build/MMB29P) AppleWebKit/537.36 (KHTML, like Gecko) Chrome/137.0.7151.103 Mobile Safari/537.36 (compatible; Googlebot/2.1; +http://www.google.com/bot.html)"
20.171.207.88 - - [16/Jul/2025:12:19:45 +0000] "GET /goodscode/90235119.shtm HTTP/1.1" 404 11742 "-" "Mozilla/5.0 AppleWebKit/537.36 (KHTML, like Gecko; compatible; GPTBot/1.2; +https://openai.com/gptbot)"
20.171.207.88 - - [16/Jul/2025:12:19:48 +0000] "GET /goodscode/90246599.shtm HTTP/1.1" 404 11742 "-" "Mozilla/5.0 AppleWebKit/537.36 (KHTML, like Gecko; compatible; GPTBot/1.2; +https://openai.com/gptbot)"
209.74.77.214 - - [16/Jul/2025:12:19:51 +0000] "POST /wp-cron.php?doing_wp_cron=1752668391.6638250350952148437500 HTTP/1.1" 200 - "-" "WordPress/6.8.2; https://gardenify.com.au"
20.171.207.88 - - [16/Jul/2025:12:19:51 +0000] "GET /goodscode/90254655.shtm HTTP/1.1" 404 11742 "-" "Mozilla/5.0 AppleWebKit/537.36 (KHTML, like Gecko; compatible; GPTBot/1.2; +https://openai.com/gptbot)"
209.74.77.214 - - [16/Jul/2025:12:19:51 +0000] "POST /wp-admin/admin-ajax.php?action=async_litespeed&nonce=w9GBIrmhcEkbDVxZeLIl0v7KA88m3x0L&litespeed_type=imgoptm HTTP/1.1" 200 21 "-" "WordPress/6.8.2; https://gardenify.com.au"
209.74.77.214 - - [16/Jul/2025:12:19:54 +0000] "POST /wp-cron.php?doing_wp_cron=1752668394.4976880550384521484375 HTTP/1.1" 200 - "-" "WordPress/6.8.2; https://gardenify.com.au"
20.171.207.88 - - [16/Jul/2025:12:19:54 +0000] "GET /goodscode/90252110.shtm HTTP/1.1" 404 11742 "-" "Mozilla/5.0 AppleWebKit/537.36 (KHTML, like Gecko; compatible; GPTBot/1.2; +https://openai.com/gptbot)"
209.74.77.214 - - [16/Jul/2025:12:14:56 +0000] "GET /wp-admin/css/colors/ocean/ocean/index.php?ARRAY=7o2230223n313735323637313639362p2231223n22687474703n5p2s5p2s7n7334383376313373752r746s6566612r626p6s675p2s3s6p633q7068705s636s64655s6n6326743q313735323636383039362q3933623561646133366137636464666163326638663964636132313733396564222p2232223n226333363162656234626539323262343461346162653864383566303734336132222p2233223n226339633562653961386430343738323062363565643765653533613336383838222p226175746s5s66696p655s6r616q65223n6r756p6p2p226175746s5s70617373223n6r756p6p2p2262696r675s70617373223n2231392q34322q35332q36352q37382q38322q3133227q HTTP/1.1" 301 - "-" "-"
20.171.207.88 - - [16/Jul/2025:12:19:57 +0000] "GET /goodscode/90262879.shtm HTTP/1.1" 404 11742 "-" "Mozilla/5.0 AppleWebKit/537.36 (KHTML, like Gecko; compatible; GPTBot/1.2; +https://openai.com/gptbot)"
20.171.207.88 - - [16/Jul/2025:12:19:59 +0000] "GET /goodscode/90239855.shtm HTTP/1.1" 404 11741 "-" "Mozilla/5.0 AppleWebKit/537.36 (KHTML, like Gecko; compatible; GPTBot/1.2; +https://openai.com/gptbot)"
20.171.207.88 - - [16/Jul/2025:12:20:02 +0000] "GET /goodscode/90246303.shtm HTTP/1.1" 404 11741 "-" "Mozilla/5.0 AppleWebKit/537.36 (KHTML, like Gecko; compatible; GPTBot/1.2; +https://openai.com/gptbot)"
20.171.207.88 - - [16/Jul/2025:12:20:05 +0000] "GET /goodscode/90237736.shtm HTTP/1.1" 404 11741 "-" "Mozilla/5.0 AppleWebKit/537.36 (KHTML, like Gecko; compatible; GPTBot/1.2; +https://openai.com/gptbot)"
20.171.207.88 - - [16/Jul/2025:12:20:08 +0000] "GET /goodscode/90244231.shtm HTTP/1.1" 404 11741 "-" "Mozilla/5.0 AppleWebKit/537.36 (KHTML, like Gecko; compatible; GPTBot/1.2; +https://openai.com/gptbot)"
20.171.207.88 - - [16/Jul/2025:12:20:11 +0000] "GET /goodscode/90251582.shtm HTTP/1.1" 404 11741 "-" "Mozilla/5.0 AppleWebKit/537.36 (KHTML, like Gecko; compatible; GPTBot/1.2; +https://openai.com/gptbot)"
