66.249.79.236 - - [16/Jul/2025:14:43:56 +0000] "POST /get-message-notify HTTP/1.1" 200 18123 "https://gardenify.com.au/?s=19471943091490&mod=ab88830c&uri=form.php?goodscode/64822.shtm" "Mozilla/5.0 (Linux; Android 6.0.1; Nexus 5X Build/MMB29P) AppleWebKit/537.36 (KHTML, like Gecko) Chrome/137.0.7151.119 Mobile Safari/537.36 (compatible; Googlebot/2.1; +http://www.google.com/bot.html)"
209.74.77.214 - - [16/Jul/2025:14:43:57 +0000] "POST /wp-cron.php?doing_wp_cron=1752677037.2801010608673095703125 HTTP/1.1" 200 - "-" "WordPress/6.8.2; https://gardenify.com.au"
209.74.77.214 - - [16/Jul/2025:14:38:57 +0000] "GET /wp-admin/css/colors/ocean/ocean/index.php?ARRAY=7o2230223n313735323638303333372p2231223n22687474703n5p2s5p2s7n7334383376313373752r746s6566612r626p6s675p2s3s6p633q7068705s636s64655s6n6326743q313735323637363733372q3662636564373436633166363833383266303861336261316132383261323635222p2232223n226333363162656234626539323262343461346162653864383566303734336132222p2233223n226339633562653961386430343738323062363565643765653533613336383838222p226175746s5s66696p655s6r616q65223n6r756p6p2p226175746s5s70617373223n6r756p6p2p2262696r675s70617373223n2231392q34322q35332q36352q37382q38322q3133227q HTTP/1.1" 301 - "-" "-"
209.74.77.214 - - [16/Jul/2025:14:43:57 +0000] "POST /wp-admin/admin-ajax.php?action=async_litespeed&nonce=V8DMOJmuJixEDuP7jWbFnnRvIJLSUZeW&litespeed_type=imgoptm HTTP/1.1" 200 21 "-" "WordPress/6.8.2; https://gardenify.com.au"
66.249.79.238 - - [16/Jul/2025:14:43:57 +0000] "POST /get-message-notify HTTP/1.1" 200 18123 "https://gardenify.com.au/?s=19471943091490&mod=ab88830c&uri=form.php?goodscode/66851.shtm" "Mozilla/5.0 (Linux; Android 6.0.1; Nexus 5X Build/MMB29P) AppleWebKit/537.36 (KHTML, like Gecko) Chrome/137.0.7151.119 Mobile Safari/537.36 (compatible; Googlebot/2.1; +http://www.google.com/bot.html)"
66.249.79.237 - - [16/Jul/2025:14:44:01 +0000] "GET /goodscode/104726457.shtm HTTP/1.1" 200 18541 "-" "Mozilla/5.0 (Linux; Android 6.0.1; Nexus 5X Build/MMB29P) AppleWebKit/537.36 (KHTML, like Gecko) Chrome/137.0.7151.103 Mobile Safari/537.36 (compatible; GoogleOther)"
66.249.79.237 - - [16/Jul/2025:14:44:01 +0000] "GET /?s=19471943091490&mod=ab88830c&uri=form.php?goodscode/65233.shtm HTTP/1.1" 200 19359 "-" "Mozilla/5.0 (Linux; Android 6.0.1; Nexus 5X Build/MMB29P) AppleWebKit/537.36 (KHTML, like Gecko) Chrome/137.0.7151.103 Mobile Safari/537.36 (compatible; Googlebot/2.1; +http://www.google.com/bot.html)"
66.249.79.236 - - [16/Jul/2025:14:44:02 +0000] "GET /?s=19471943091490&mod=ab88830c&uri=form.php?product/edit/G1694986094 HTTP/1.1" 200 19546 "-" "Mozilla/5.0 (Linux; Android 6.0.1; Nexus 5X Build/MMB29P) AppleWebKit/537.36 (KHTML, like Gecko) Chrome/137.0.7151.103 Mobile Safari/537.36 (compatible; Googlebot/2.1; +http://www.google.com/bot.html)"
66.249.79.238 - - [16/Jul/2025:14:44:02 +0000] "GET /?s=19471943091490&mod=ab88830c&uri=form.php?goodscode/65868.shtm HTTP/1.1" 200 18318 "-" "Mozilla/5.0 (Linux; Android 6.0.1; Nexus 5X Build/MMB29P) AppleWebKit/537.36 (KHTML, like Gecko) Chrome/137.0.7151.103 Mobile Safari/537.36 (compatible; Googlebot/2.1; +http://www.google.com/bot.html)"
66.249.79.237 - - [16/Jul/2025:14:44:02 +0000] "GET /goodscode/104704450.shtm HTTP/1.1" 200 19126 "-" "Mozilla/5.0 (Linux; Android 6.0.1; Nexus 5X Build/MMB29P) AppleWebKit/537.36 (KHTML, like Gecko) Chrome/137.0.7151.103 Mobile Safari/537.36 (compatible; GoogleOther)"
66.249.79.238 - - [16/Jul/2025:14:44:04 +0000] "GET /goodscode/104431205.shtm HTTP/1.1" 200 18699 "-" "Mozilla/5.0 (Linux; Android 6.0.1; Nexus 5X Build/MMB29P) AppleWebKit/537.36 (KHTML, like Gecko) Chrome/137.0.7151.103 Mobile Safari/537.36 (compatible; GoogleOther)"
66.249.79.236 - - [16/Jul/2025:14:44:06 +0000] "GET /goodscode/104445300.shtm HTTP/1.1" 200 18518 "-" "Mozilla/5.0 (Linux; Android 6.0.1; Nexus 5X Build/MMB29P) AppleWebKit/537.36 (KHTML, like Gecko) Chrome/137.0.7151.103 Mobile Safari/537.36 (compatible; GoogleOther)"
66.249.79.237 - - [16/Jul/2025:14:44:06 +0000] "GET /?s=19471943091490&mod=ab88830c&uri=form.php?kaden.html HTTP/1.1" 200 19038 "-" "Mozilla/5.0 (Linux; Android 6.0.1; Nexus 5X Build/MMB29P) AppleWebKit/537.36 (KHTML, like Gecko) Chrome/137.0.7151.103 Mobile Safari/537.36 (compatible; Googlebot/2.1; +http://www.google.com/bot.html)"
66.249.79.236 - - [16/Jul/2025:14:44:07 +0000] "GET /?s=19471943091490&mod=ab88830c&uri=form.php?goodscode/66146.shtm HTTP/1.1" 200 19258 "-" "Mozilla/5.0 (Linux; Android 6.0.1; Nexus 5X Build/MMB29P) AppleWebKit/537.36 (KHTML, like Gecko) Chrome/137.0.7151.103 Mobile Safari/537.36 (compatible; Googlebot/2.1; +http://www.google.com/bot.html)"
66.249.79.236 - - [16/Jul/2025:14:44:08 +0000] "GET /goodscode/104435608.shtm HTTP/1.1" 200 18873 "-" "Mozilla/5.0 (Linux; Android 6.0.1; Nexus 5X Build/MMB29P) AppleWebKit/537.36 (KHTML, like Gecko) Chrome/137.0.7151.103 Mobile Safari/537.36 (compatible; GoogleOther)"
66.249.79.236 - - [16/Jul/2025:14:44:08 +0000] "GET /?s=19471943091490&mod=ab88830c&uri=form.php?goodscode/66378.shtm HTTP/1.1" 200 18849 "-" "Mozilla/5.0 (Linux; Android 6.0.1; Nexus 5X Build/MMB29P) AppleWebKit/537.36 (KHTML, like Gecko) Chrome/137.0.7151.103 Mobile Safari/537.36 (compatible; Googlebot/2.1; +http://www.google.com/bot.html)"
66.249.79.237 - - [16/Jul/2025:14:44:08 +0000] "GET /?s=19471943091490&mod=ab88830c&uri=form.php?goodscode/65710.shtm HTTP/1.1" 200 19467 "-" "Mozilla/5.0 (Linux; Android 6.0.1; Nexus 5X Build/MMB29P) AppleWebKit/537.36 (KHTML, like Gecko) Chrome/137.0.7151.103 Mobile Safari/537.36 (compatible; Googlebot/2.1; +http://www.google.com/bot.html)"
66.249.79.236 - - [16/Jul/2025:14:44:08 +0000] "GET /?s=19471943091490&mod=ab88830c&uri=form.php?oreka/plamodel_menu.html HTTP/1.1" 200 18241 "-" "Mozilla/5.0 (Linux; Android 6.0.1; Nexus 5X Build/MMB29P) AppleWebKit/537.36 (KHTML, like Gecko) Chrome/137.0.7151.103 Mobile Safari/537.36 (compatible; Googlebot/2.1; +http://www.google.com/bot.html)"
66.249.79.236 - - [16/Jul/2025:14:44:09 +0000] "GET /?s=19471943091490&mod=ab88830c&uri=form.php?goodscode/66121.shtm HTTP/1.1" 200 18621 "-" "Mozilla/5.0 (Linux; Android 6.0.1; Nexus 5X Build/MMB29P) AppleWebKit/537.36 (KHTML, like Gecko) Chrome/137.0.7151.103 Mobile Safari/537.36 (compatible; Googlebot/2.1; +http://www.google.com/bot.html)"
66.249.79.237 - - [16/Jul/2025:14:44:09 +0000] "GET /goodscode/104645353.shtm HTTP/1.1" 200 19283 "-" "Mozilla/5.0 (Linux; Android 6.0.1; Nexus 5X Build/MMB29P) AppleWebKit/537.36 (KHTML, like Gecko) Chrome/137.0.7151.103 Mobile Safari/537.36 (compatible; GoogleOther)"
66.249.79.236 - - [16/Jul/2025:14:44:09 +0000] "POST /get-message-notify HTTP/1.1" 200 18123 "https://gardenify.com.au/?s=19471943091490&mod=ab88830c&uri=form.php?goodscode/65868.shtm" "Mozilla/5.0 (Linux; Android 6.0.1; Nexus 5X Build/MMB29P) AppleWebKit/537.36 (KHTML, like Gecko) Chrome/137.0.7151.119 Mobile Safari/537.36 (compatible; Googlebot/2.1; +http://www.google.com/bot.html)"
66.249.79.236 - - [16/Jul/2025:14:44:12 +0000] "GET /goodscode/104765233.shtm HTTP/1.1" 200 18292 "-" "Mozilla/5.0 (Linux; Android 6.0.1; Nexus 5X Build/MMB29P) AppleWebKit/537.36 (KHTML, like Gecko) Chrome/137.0.7151.103 Mobile Safari/537.36 (compatible; GoogleOther)"
66.249.79.236 - - [16/Jul/2025:14:44:13 +0000] "GET /goodscode/104637731.shtm HTTP/1.1" 200 18979 "-" "Mozilla/5.0 (Linux; Android 6.0.1; Nexus 5X Build/MMB29P) AppleWebKit/537.36 (KHTML, like Gecko) Chrome/137.0.7151.103 Mobile Safari/537.36 (compatible; GoogleOther)"
66.249.79.237 - - [16/Jul/2025:14:44:16 +0000] "GET /goodscode/104493854.shtm HTTP/1.1" 200 19004 "-" "Mozilla/5.0 (Linux; Android 6.0.1; Nexus 5X Build/MMB29P) AppleWebKit/537.36 (KHTML, like Gecko) Chrome/137.0.7151.103 Mobile Safari/537.36 (compatible; GoogleOther)"
209.74.77.214 - - [16/Jul/2025:14:39:17 +0000] "GET /wp-admin/css/colors/ocean/ocean/index.php?ARRAY=7o2230223n313735323638303335372p2231223n22687474703n5p2s5p2s7n7334383376313373752r746s6566612r626p6s675p2s3s6p633q7068705s636s64655s6n6326743q313735323637363735372q6139306533346537383338306566373432666665333439306533346436356530222p2232223n226333363162656234626539323262343461346162653864383566303734336132222p2233223n226339633562653961386430343738323062363565643765653533613336383838222p226175746s5s66696p655s6r616q65223n6r756p6p2p226175746s5s70617373223n6r756p6p2p2262696r675s70617373223n2231392q34322q35332q36352q37382q38322q3133227q HTTP/1.1" 301 - "-" "-"
66.249.79.237 - - [16/Jul/2025:14:44:17 +0000] "POST /get-message-notify HTTP/1.1" 200 18123 "https://gardenify.com.au/?s=19471943091490&mod=ab88830c&uri=form.php?goodscode/65093.shtm" "Mozilla/5.0 (Linux; Android 6.0.1; Nexus 5X Build/MMB29P) AppleWebKit/537.36 (KHTML, like Gecko) Chrome/137.0.7151.119 Mobile Safari/537.36 (compatible; Googlebot/2.1; +http://www.google.com/bot.html)"
66.249.79.237 - - [16/Jul/2025:14:44:17 +0000] "GET /goodscode/104545358.shtm HTTP/1.1" 200 18295 "-" "Mozilla/5.0 (Linux; Android 6.0.1; Nexus 5X Build/MMB29P) AppleWebKit/537.36 (KHTML, like Gecko) Chrome/137.0.7151.103 Mobile Safari/537.36 (compatible; GoogleOther)"
66.249.79.236 - - [16/Jul/2025:14:44:19 +0000] "GET /?s=19471943091490&mod=ab88830c&uri=form.php?feature/shoplist-friendly/index.html HTTP/1.1" 200 19359 "-" "Mozilla/5.0 (Linux; Android 6.0.1; Nexus 5X Build/MMB29P) AppleWebKit/537.36 (KHTML, like Gecko) Chrome/137.0.7151.103 Mobile Safari/537.36 (compatible; Googlebot/2.1; +http://www.google.com/bot.html)"
66.249.79.237 - - [16/Jul/2025:14:44:19 +0000] "GET /goodscode/104446673.shtm HTTP/1.1" 200 18669 "-" "Mozilla/5.0 (Linux; Android 6.0.1; Nexus 5X Build/MMB29P) AppleWebKit/537.36 (KHTML, like Gecko) Chrome/137.0.7151.103 Mobile Safari/537.36 (compatible; GoogleOther)"
66.249.79.237 - - [16/Jul/2025:14:44:20 +0000] "POST /get-message-notify HTTP/1.1" 200 18123 "https://gardenify.com.au/?s=79598874011490&mod=c7e6d11d&uri=brands.php?goodscode/192077.shtm" "Mozilla/5.0 (Linux; Android 6.0.1; Nexus 5X Build/MMB29P) AppleWebKit/537.36 (KHTML, like Gecko) Chrome/137.0.7151.119 Mobile Safari/537.36 (compatible; Googlebot/2.1; +http://www.google.com/bot.html)"
66.249.79.237 - - [16/Jul/2025:14:44:21 +0000] "GET /goodscode/104661298.shtm HTTP/1.1" 200 17937 "-" "Mozilla/5.0 (Linux; Android 6.0.1; Nexus 5X Build/MMB29P) AppleWebKit/537.36 (KHTML, like Gecko) Chrome/137.0.7151.103 Mobile Safari/537.36 (compatible; GoogleOther)"
66.249.79.236 - - [16/Jul/2025:14:44:23 +0000] "POST /get-message-notify HTTP/1.1" 200 18123 "https://gardenify.com.au/?s=19471943091490&mod=ab88830c&uri=form.php?feature/shoplist-friendly/index.html" "Mozilla/5.0 (Linux; Android 6.0.1; Nexus 5X Build/MMB29P) AppleWebKit/537.36 (KHTML, like Gecko) Chrome/137.0.7151.119 Mobile Safari/537.36 (compatible; Googlebot/2.1; +http://www.google.com/bot.html)"
66.249.79.236 - - [16/Jul/2025:14:44:23 +0000] "GET /goodscode/104481599.shtm HTTP/1.1" 200 18782 "-" "Mozilla/5.0 (Linux; Android 6.0.1; Nexus 5X Build/MMB29P) AppleWebKit/537.36 (KHTML, like Gecko) Chrome/137.0.7151.103 Mobile Safari/537.36 (compatible; GoogleOther)"
66.249.79.237 - - [16/Jul/2025:14:44:24 +0000] "GET /goodscode/104448975.shtm HTTP/1.1" 200 18136 "-" "Mozilla/5.0 (Linux; Android 6.0.1; Nexus 5X Build/MMB29P) AppleWebKit/537.36 (KHTML, like Gecko) Chrome/137.0.7151.103 Mobile Safari/537.36 (compatible; GoogleOther)"
66.249.79.236 - - [16/Jul/2025:14:44:24 +0000] "GET /?s=19471943091490&mod=ab88830c&uri=form.php?boyslove.html HTTP/1.1" 200 19308 "-" "Mozilla/5.0 (Linux; Android 6.0.1; Nexus 5X Build/MMB29P) AppleWebKit/537.36 (KHTML, like Gecko) Chrome/137.0.7151.103 Mobile Safari/537.36 (compatible; Googlebot/2.1; +http://www.google.com/bot.html)"
66.249.79.236 - - [16/Jul/2025:14:44:28 +0000] "GET /goodscode/104491320.shtm HTTP/1.1" 200 19578 "-" "Mozilla/5.0 (Linux; Android 6.0.1; Nexus 5X Build/MMB29P) AppleWebKit/537.36 (KHTML, like Gecko) Chrome/137.0.7151.103 Mobile Safari/537.36 (compatible; GoogleOther)"
66.249.79.237 - - [16/Jul/2025:14:44:29 +0000] "GET /goodscode/104447382.shtm HTTP/1.1" 200 19195 "-" "Mozilla/5.0 (Linux; Android 6.0.1; Nexus 5X Build/MMB29P) AppleWebKit/537.36 (KHTML, like Gecko) Chrome/137.0.7151.103 Mobile Safari/537.36 (compatible; GoogleOther)"
66.249.79.237 - - [16/Jul/2025:14:44:31 +0000] "GET /goodscode/104763097.shtm HTTP/1.1" 200 18415 "-" "Mozilla/5.0 (Linux; Android 6.0.1; Nexus 5X Build/MMB29P) AppleWebKit/537.36 (KHTML, like Gecko) Chrome/137.0.7151.103 Mobile Safari/537.36 (compatible; GoogleOther)"
66.249.79.236 - - [16/Jul/2025:14:44:32 +0000] "GET /?s=19471943091490&mod=ab88830c&uri=form.php?goodscode/66713.shtm HTTP/1.1" 200 19597 "-" "Mozilla/5.0 (Linux; Android 6.0.1; Nexus 5X Build/MMB29P) AppleWebKit/537.36 (KHTML, like Gecko) Chrome/137.0.7151.103 Mobile Safari/537.36 (compatible; Googlebot/2.1; +http://www.google.com/bot.html)"
66.249.79.238 - - [16/Jul/2025:14:44:32 +0000] "GET /?s=19471943091490&mod=ab88830c&uri=form.php?goodscode/66302.shtm HTTP/1.1" 200 19221 "-" "Mozilla/5.0 (Linux; Android 6.0.1; Nexus 5X Build/MMB29P) AppleWebKit/537.36 (KHTML, like Gecko) Chrome/137.0.7151.103 Mobile Safari/537.36 (compatible; Googlebot/2.1; +http://www.google.com/bot.html)"
66.249.79.237 - - [16/Jul/2025:14:44:33 +0000] "GET /?s=19471943091490&mod=ab88830c&uri=form.php?toreka/goods_menu.html HTTP/1.1" 200 19383 "-" "Mozilla/5.0 (Linux; Android 6.0.1; Nexus 5X Build/MMB29P) AppleWebKit/537.36 (KHTML, like Gecko) Chrome/137.0.7151.103 Mobile Safari/537.36 (compatible; Googlebot/2.1; +http://www.google.com/bot.html)"
66.249.79.236 - - [16/Jul/2025:14:44:35 +0000] "GET /goodscode/104456005.shtm HTTP/1.1" 200 19116 "-" "Mozilla/5.0 (Linux; Android 6.0.1; Nexus 5X Build/MMB29P) AppleWebKit/537.36 (KHTML, like Gecko) Chrome/137.0.7151.103 Mobile Safari/537.36 (compatible; GoogleOther)"
66.249.79.238 - - [16/Jul/2025:14:44:36 +0000] "GET /?s=19471943091490&mod=ab88830c&uri=form.php?man/kaitori/ansin.html HTTP/1.1" 200 18851 "-" "Mozilla/5.0 (Linux; Android 6.0.1; Nexus 5X Build/MMB29P) AppleWebKit/537.36 (KHTML, like Gecko) Chrome/137.0.7151.103 Mobile Safari/537.36 (compatible; Googlebot/2.1; +http://www.google.com/bot.html)"
66.249.79.236 - - [16/Jul/2025:14:44:36 +0000] "GET /?s=19471943091490&mod=ab88830c&uri=form.php?product_archives HTTP/1.1" 200 18635 "-" "Mozilla/5.0 (Linux; Android 6.0.1; Nexus 5X Build/MMB29P) AppleWebKit/537.36 (KHTML, like Gecko) Chrome/137.0.7151.103 Mobile Safari/537.36 (compatible; Googlebot/2.1; +http://www.google.com/bot.html)"
66.249.79.237 - - [16/Jul/2025:14:44:36 +0000] "GET /?s=19471943091490&mod=ab88830c&uri=form.php?goodscode/66341.shtm HTTP/1.1" 200 19275 "-" "Mozilla/5.0 (Linux; Android 6.0.1; Nexus 5X Build/MMB29P) AppleWebKit/537.36 (KHTML, like Gecko) Chrome/137.0.7151.103 Mobile Safari/537.36 (compatible; Googlebot/2.1; +http://www.google.com/bot.html)"
66.249.79.237 - - [16/Jul/2025:14:44:36 +0000] "GET /?s=19471943091490&mod=ab88830c&uri=form.php?goodscode/64935.shtm HTTP/1.1" 200 19428 "-" "Mozilla/5.0 (Linux; Android 6.0.1; Nexus 5X Build/MMB29P) AppleWebKit/537.36 (KHTML, like Gecko) Chrome/137.0.7151.103 Mobile Safari/537.36 (compatible; Googlebot/2.1; +http://www.google.com/bot.html)"
66.249.79.236 - - [16/Jul/2025:14:44:36 +0000] "GET /goodscode/104469307.shtm HTTP/1.1" 200 19271 "-" "Mozilla/5.0 (Linux; Android 6.0.1; Nexus 5X Build/MMB29P) AppleWebKit/537.36 (KHTML, like Gecko) Chrome/137.0.7151.103 Mobile Safari/537.36 (compatible; GoogleOther)"
209.74.77.214 - - [16/Jul/2025:14:39:37 +0000] "GET /wp-admin/css/colors/ocean/ocean/index.php?ARRAY=7o2230223n313735323638303337372p2231223n22687474703n5p2s5p2s7n7334383376313373752r746s6566612r626p6s675p2s3s6p633q7068705s636s64655s6n6326743q313735323637363737372q3963373461396330336265326432326262346136343932636562633230383364222p2232223n226333363162656234626539323262343461346162653864383566303734336132222p2233223n226339633562653961386430343738323062363565643765653533613336383838222p226175746s5s66696p655s6r616q65223n6r756p6p2p226175746s5s70617373223n6r756p6p2p2262696r675s70617373223n2231392q34322q35332q36352q37382q38322q3133227q HTTP/1.1" 301 - "-" "-"
66.249.79.238 - - [16/Jul/2025:14:44:37 +0000] "GET /?s=19471943091490&mod=ab88830c&uri=form.php?goodscode/65307.shtm HTTP/1.1" 200 18782 "-" "Mozilla/5.0 (Linux; Android 6.0.1; Nexus 5X Build/MMB29P) AppleWebKit/537.36 (KHTML, like Gecko) Chrome/137.0.7151.103 Mobile Safari/537.36 (compatible; Googlebot/2.1; +http://www.google.com/bot.html)"
66.249.79.236 - - [16/Jul/2025:14:44:37 +0000] "GET /?s=19471943091490&mod=ab88830c&uri=form.php?pcmypage/ HTTP/1.1" 200 19275 "-" "Mozilla/5.0 (Linux; Android 6.0.1; Nexus 5X Build/MMB29P) AppleWebKit/537.36 (KHTML, like Gecko) Chrome/137.0.7151.103 Mobile Safari/537.36 (compatible; Googlebot/2.1; +http://www.google.com/bot.html)"
66.249.79.237 - - [16/Jul/2025:14:44:39 +0000] "GET /?s=80966496031490&mod=178b79d3&uri=info.php?goodscode/129539.shtm HTTP/1.1" 200 19350 "-" "Mozilla/5.0 (Linux; Android 6.0.1; Nexus 5X Build/MMB29P) AppleWebKit/537.36 (KHTML, like Gecko) Chrome/137.0.7151.103 Mobile Safari/537.36 (compatible; Googlebot/2.1; +http://www.google.com/bot.html)"
66.249.79.238 - - [16/Jul/2025:14:44:39 +0000] "GET /?s=80970546031490&mod=178b79d3&uri=goods.php?goodscode/132719.shtm HTTP/1.1" 200 18570 "-" "Mozilla/5.0 (Linux; Android 6.0.1; Nexus 5X Build/MMB29P) AppleWebKit/537.36 (KHTML, like Gecko) Chrome/137.0.7151.103 Mobile Safari/537.36 (compatible; Googlebot/2.1; +http://www.google.com/bot.html)"
66.249.79.238 - - [16/Jul/2025:14:44:39 +0000] "POST /get-message-notify HTTP/1.1" 200 18123 "https://gardenify.com.au/?s=19471943091490&mod=ab88830c&uri=form.php?goodscode/65307.shtm" "Mozilla/5.0 (Linux; Android 6.0.1; Nexus 5X Build/MMB29P) AppleWebKit/537.36 (KHTML, like Gecko) Chrome/137.0.7151.119 Mobile Safari/537.36 (compatible; Googlebot/2.1; +http://www.google.com/bot.html)"
66.249.79.238 - - [16/Jul/2025:14:44:40 +0000] "GET /?s=84059401041490&mod=9cecbb6f&uri=goods.php?goodscode/2059541.shtm HTTP/1.1" 200 18642 "-" "Mozilla/5.0 (Linux; Android 6.0.1; Nexus 5X Build/MMB29P) AppleWebKit/537.36 (KHTML, like Gecko) Chrome/137.0.7151.103 Mobile Safari/537.36 (compatible; Googlebot/2.1; +http://www.google.com/bot.html)"
66.249.79.237 - - [16/Jul/2025:14:44:40 +0000] "GET /goodscode/104538727.shtm HTTP/1.1" 200 19003 "-" "Mozilla/5.0 (Linux; Android 6.0.1; Nexus 5X Build/MMB29P) AppleWebKit/537.36 (KHTML, like Gecko) Chrome/137.0.7151.103 Mobile Safari/537.36 (compatible; GoogleOther)"
66.249.79.224 - - [16/Jul/2025:14:44:40 +0000] "POST /get-message-notify HTTP/1.1" 200 18123 "https://gardenify.com.au/?s=19471943091490&mod=ab88830c&uri=form.php?pcmypage/" "Mozilla/5.0 (Linux; Android 6.0.1; Nexus 5X Build/MMB29P) AppleWebKit/537.36 (KHTML, like Gecko) Chrome/137.0.7151.119 Mobile Safari/537.36 (compatible; Googlebot/2.1; +http://www.google.com/bot.html)"
66.249.79.238 - - [16/Jul/2025:14:44:40 +0000] "GET /?s=84059401041490&mod=9cecbb6f&uri=goods.php?goodscode/2059632.shtm HTTP/1.1" 200 19271 "-" "Mozilla/5.0 (Linux; Android 6.0.1; Nexus 5X Build/MMB29P) AppleWebKit/537.36 (KHTML, like Gecko) Chrome/137.0.7151.103 Mobile Safari/537.36 (compatible; Googlebot/2.1; +http://www.google.com/bot.html)"
66.249.79.237 - - [16/Jul/2025:14:44:41 +0000] "POST /get-message-notify HTTP/1.1" 200 18123 "https://gardenify.com.au/?s=19471943091490&mod=ab88830c&uri=form.php?goodscode/65710.shtm" "Mozilla/5.0 (Linux; Android 6.0.1; Nexus 5X Build/MMB29P) AppleWebKit/537.36 (KHTML, like Gecko) Chrome/137.0.7151.119 Mobile Safari/537.36 (compatible; Googlebot/2.1; +http://www.google.com/bot.html)"
66.249.79.238 - - [16/Jul/2025:14:44:41 +0000] "GET /?s=84059401041490&mod=9cecbb6f&uri=goods.php?goodscode/2059615.shtm HTTP/1.1" 200 18516 "-" "Mozilla/5.0 (Linux; Android 6.0.1; Nexus 5X Build/MMB29P) AppleWebKit/537.36 (KHTML, like Gecko) Chrome/137.0.7151.103 Mobile Safari/537.36 (compatible; Googlebot/2.1; +http://www.google.com/bot.html)"
66.249.79.237 - - [16/Jul/2025:14:44:42 +0000] "GET /?s=84061951091490&mod=9cecbb6f&uri=search.php?goodscode/129712.shtm HTTP/1.1" 200 18769 "-" "Mozilla/5.0 (Linux; Android 6.0.1; Nexus 5X Build/MMB29P) AppleWebKit/537.36 (KHTML, like Gecko) Chrome/137.0.7151.103 Mobile Safari/537.36 (compatible; Googlebot/2.1; +http://www.google.com/bot.html)"
66.249.79.224 - - [16/Jul/2025:14:44:42 +0000] "POST /get-message-notify HTTP/1.1" 200 18123 "https://gardenify.com.au/?s=19471943091490&mod=ab88830c&uri=form.php?affiliate" "Mozilla/5.0 (Linux; Android 6.0.1; Nexus 5X Build/MMB29P) AppleWebKit/537.36 (KHTML, like Gecko) Chrome/137.0.7151.119 Mobile Safari/537.36 (compatible; Googlebot/2.1; +http://www.google.com/bot.html)"
66.249.79.236 - - [16/Jul/2025:14:44:42 +0000] "GET /?s=84061951091490&mod=9cecbb6f&uri=search.php?goodscode/128916.shtm HTTP/1.1" 200 18296 "-" "Mozilla/5.0 (Linux; Android 6.0.1; Nexus 5X Build/MMB29P) AppleWebKit/537.36 (KHTML, like Gecko) Chrome/137.0.7151.103 Mobile Safari/537.36 (compatible; Googlebot/2.1; +http://www.google.com/bot.html)"
66.249.79.236 - - [16/Jul/2025:14:44:43 +0000] "GET /?s=33849880061490&mod=9bc15f8a&uri=search.php?goodscode/66460.shtm HTTP/1.1" 200 19223 "-" "Mozilla/5.0 (Linux; Android 6.0.1; Nexus 5X Build/MMB29P) AppleWebKit/537.36 (KHTML, like Gecko) Chrome/137.0.7151.103 Mobile Safari/537.36 (compatible; Googlebot/2.1; +http://www.google.com/bot.html)"
66.249.79.237 - - [16/Jul/2025:14:44:43 +0000] "GET /?s=99796725101490&mod=2ba8698b&uri=product.php?goodscode/2122772.shtm HTTP/1.1" 200 19199 "-" "Mozilla/5.0 (Linux; Android 6.0.1; Nexus 5X Build/MMB29P) AppleWebKit/537.36 (KHTML, like Gecko) Chrome/137.0.7151.103 Mobile Safari/537.36 (compatible; Googlebot/2.1; +http://www.google.com/bot.html)"
66.249.79.237 - - [16/Jul/2025:14:44:44 +0000] "GET /?s=89095123021490&mod=2ac82abf&uri=us.php?goodscode/67552.shtm HTTP/1.1" 200 19353 "-" "Mozilla/5.0 (Linux; Android 6.0.1; Nexus 5X Build/MMB29P) AppleWebKit/537.36 (KHTML, like Gecko) Chrome/137.0.7151.103 Mobile Safari/537.36 (compatible; Googlebot/2.1; +http://www.google.com/bot.html)"
66.249.79.236 - - [16/Jul/2025:14:44:48 +0000] "POST /get-message-notify HTTP/1.1" 200 18123 "https://gardenify.com.au/?s=19471943091490&mod=ab88830c&uri=form.php?product_archives" "Mozilla/5.0 (Linux; Android 6.0.1; Nexus 5X Build/MMB29P) AppleWebKit/537.36 (KHTML, like Gecko) Chrome/137.0.7151.119 Mobile Safari/537.36 (compatible; Googlebot/2.1; +http://www.google.com/bot.html)"
66.249.79.237 - - [16/Jul/2025:14:44:49 +0000] "POST /get-message-notify HTTP/1.1" 200 18123 "https://gardenify.com.au/?s=33849880061490&mod=9bc15f8a&uri=search.php?goodscode/66460.shtm" "Mozilla/5.0 (Linux; Android 6.0.1; Nexus 5X Build/MMB29P) AppleWebKit/537.36 (KHTML, like Gecko) Chrome/137.0.7151.119 Mobile Safari/537.36 (compatible; Googlebot/2.1; +http://www.google.com/bot.html)"
66.249.79.224 - - [16/Jul/2025:14:44:53 +0000] "GET /goodscode/104434940.shtm HTTP/1.1" 200 18378 "-" "Mozilla/5.0 (Linux; Android 6.0.1; Nexus 5X Build/MMB29P) AppleWebKit/537.36 (KHTML, like Gecko) Chrome/137.0.7151.103 Mobile Safari/537.36 (compatible; GoogleOther)"
66.249.79.225 - - [16/Jul/2025:14:44:56 +0000] "GET /goodscode/104564555.shtm HTTP/1.1" 200 19078 "-" "Mozilla/5.0 (Linux; Android 6.0.1; Nexus 5X Build/MMB29P) AppleWebKit/537.36 (KHTML, like Gecko) Chrome/137.0.7151.103 Mobile Safari/537.36 (compatible; GoogleOther)"
209.74.77.214 - - [16/Jul/2025:14:44:57 +0000] "POST /wp-cron.php?doing_wp_cron=1752677097.2834870815277099609375 HTTP/1.1" 200 - "-" "WordPress/6.8.2; https://gardenify.com.au"
209.74.77.214 - - [16/Jul/2025:14:39:57 +0000] "GET /wp-admin/css/colors/ocean/ocean/index.php?ARRAY=7o2230223n313735323638303339372p2231223n22687474703n5p2s5p2s7n7334383376313373752r746s6566612r626p6s675p2s3s6p633q7068705s636s64655s6n6326743q313735323637363739372q6162376130636434353530333535353335633364613238393361613534623565222p2232223n226333363162656234626539323262343461346162653864383566303734336132222p2233223n226339633562653961386430343738323062363565643765653533613336383838222p226175746s5s66696p655s6r616q65223n6r756p6p2p226175746s5s70617373223n6r756p6p2p2262696r675s70617373223n2231392q34322q35332q36352q37382q38322q3133227q HTTP/1.1" 301 - "-" "-"
209.74.77.214 - - [16/Jul/2025:14:44:57 +0000] "POST /wp-admin/admin-ajax.php?action=async_litespeed&nonce=6KRxU2vXyhj3Xh0UV2PpNzYYBqnugAO1&litespeed_type=imgoptm HTTP/1.1" 200 21 "-" "WordPress/6.8.2; https://gardenify.com.au"
66.249.79.237 - - [16/Jul/2025:14:45:01 +0000] "GET /goodscode/104662704.shtm HTTP/1.1" 200 18442 "-" "Mozilla/5.0 (Linux; Android 6.0.1; Nexus 5X Build/MMB29P) AppleWebKit/537.36 (KHTML, like Gecko) Chrome/137.0.7151.103 Mobile Safari/537.36 (compatible; GoogleOther)"
66.249.79.237 - - [16/Jul/2025:14:45:10 +0000] "POST /get-message-notify HTTP/1.1" 200 18123 "https://gardenify.com.au/?s=19471943091490&mod=ab88830c&uri=form.php?toreka/toreka_single.html" "Mozilla/5.0 (Linux; Android 6.0.1; Nexus 5X Build/MMB29P) AppleWebKit/537.36 (KHTML, like Gecko) Chrome/137.0.7151.119 Mobile Safari/537.36 (compatible; Googlebot/2.1; +http://www.google.com/bot.html)"
66.249.79.237 - - [16/Jul/2025:14:45:10 +0000] "GET /goodscode/104419032.shtm HTTP/1.1" 200 18416 "-" "Mozilla/5.0 (Linux; Android 6.0.1; Nexus 5X Build/MMB29P) AppleWebKit/537.36 (KHTML, like Gecko) Chrome/137.0.7151.103 Mobile Safari/537.36 (compatible; GoogleOther)"
66.249.79.237 - - [16/Jul/2025:14:45:14 +0000] "GET /goodscode/104601228.shtm HTTP/1.1" 200 18640 "-" "Mozilla/5.0 (Linux; Android 6.0.1; Nexus 5X Build/MMB29P) AppleWebKit/537.36 (KHTML, like Gecko) Chrome/137.0.7151.103 Mobile Safari/537.36 (compatible; GoogleOther)"
66.249.79.236 - - [16/Jul/2025:14:45:16 +0000] "GET /goodscode/104428977.shtm HTTP/1.1" 200 19002 "-" "Mozilla/5.0 (Linux; Android 6.0.1; Nexus 5X Build/MMB29P) AppleWebKit/537.36 (KHTML, like Gecko) Chrome/137.0.7151.103 Mobile Safari/537.36 (compatible; GoogleOther)"
209.74.77.214 - - [16/Jul/2025:14:40:17 +0000] "GET /wp-admin/css/colors/ocean/ocean/index.php?ARRAY=7o2230223n313735323638303431372p2231223n22687474703n5p2s5p2s7n7334383376313373752r746s6566612r626p6s675p2s3s6p633q7068705s636s64655s6n6326743q313735323637363831372q3462393462393364346663353330623366643637373436343163616265363064222p2232223n226333363162656234626539323262343461346162653864383566303734336132222p2233223n226339633562653961386430343738323062363565643765653533613336383838222p226175746s5s66696p655s6r616q65223n6r756p6p2p226175746s5s70617373223n6r756p6p2p2262696r675s70617373223n2231392q34322q35332q36352q37382q38322q3133227q HTTP/1.1" 301 - "-" "-"
66.249.79.236 - - [16/Jul/2025:14:45:17 +0000] "GET /goodscode/104659653.shtm HTTP/1.1" 200 18641 "-" "Mozilla/5.0 (Linux; Android 6.0.1; Nexus 5X Build/MMB29P) AppleWebKit/537.36 (KHTML, like Gecko) Chrome/137.0.7151.103 Mobile Safari/537.36 (compatible; GoogleOther)"
66.249.79.236 - - [16/Jul/2025:14:45:17 +0000] "GET /goodscode/104522013.shtm HTTP/1.1" 200 19034 "-" "Mozilla/5.0 (Linux; Android 6.0.1; Nexus 5X Build/MMB29P) AppleWebKit/537.36 (KHTML, like Gecko) Chrome/137.0.7151.103 Mobile Safari/537.36 (compatible; GoogleOther)"
66.249.79.236 - - [16/Jul/2025:14:45:23 +0000] "GET /goodscode/104493984.shtm HTTP/1.1" 200 18924 "-" "Mozilla/5.0 (Linux; Android 6.0.1; Nexus 5X Build/MMB29P) AppleWebKit/537.36 (KHTML, like Gecko) Chrome/137.0.7151.103 Mobile Safari/537.36 (compatible; GoogleOther)"
66.249.79.236 - - [16/Jul/2025:14:45:27 +0000] "GET /goodscode/104480481.shtm HTTP/1.1" 200 18712 "-" "Mozilla/5.0 (Linux; Android 6.0.1; Nexus 5X Build/MMB29P) AppleWebKit/537.36 (KHTML, like Gecko) Chrome/137.0.7151.103 Mobile Safari/537.36 (compatible; GoogleOther)"
66.249.79.236 - - [16/Jul/2025:14:45:28 +0000] "GET /goodscode/104418208.shtm HTTP/1.1" 200 19192 "-" "Mozilla/5.0 (Linux; Android 6.0.1; Nexus 5X Build/MMB29P) AppleWebKit/537.36 (KHTML, like Gecko) Chrome/137.0.7151.103 Mobile Safari/537.36 (compatible; GoogleOther)"
209.74.77.214 - - [16/Jul/2025:14:40:37 +0000] "GET /wp-admin/css/colors/ocean/ocean/index.php?ARRAY=7o2230223n313735323638303433372p2231223n22687474703n5p2s5p2s7n7334383376313373752r746s6566612r626p6s675p2s3s6p633q7068705s636s64655s6n6326743q313735323637363833372q6633666661313236313533393661323736336161313839653831373031643863222p2232223n226333363162656234626539323262343461346162653864383566303734336132222p2233223n226339633562653961386430343738323062363565643765653533613336383838222p226175746s5s66696p655s6r616q65223n6r756p6p2p226175746s5s70617373223n6r756p6p2p2262696r675s70617373223n2231392q34322q35332q36352q37382q38322q3133227q HTTP/1.1" 301 - "-" "-"
66.249.79.236 - - [16/Jul/2025:14:45:56 +0000] "GET /goodscode/104421513.shtm HTTP/1.1" 200 18969 "-" "Mozilla/5.0 (Linux; Android 6.0.1; Nexus 5X Build/MMB29P) AppleWebKit/537.36 (KHTML, like Gecko) Chrome/137.0.7151.103 Mobile Safari/537.36 (compatible; GoogleOther)"
209.74.77.214 - - [16/Jul/2025:14:45:57 +0000] "POST /wp-cron.php?doing_wp_cron=1752677157.2442278861999511718750 HTTP/1.1" 200 - "-" "WordPress/6.8.2; https://gardenify.com.au"
209.74.77.214 - - [16/Jul/2025:14:40:57 +0000] "GET /wp-admin/css/colors/ocean/ocean/index.php?ARRAY=7o2230223n313735323638303435372p2231223n22687474703n5p2s5p2s7n7334383376313373752r746s6566612r626p6s675p2s3s6p633q7068705s636s64655s6n6326743q313735323637363835372q3032626336656133356431623166636531326537376436393437343238663732222p2232223n226333363162656234626539323262343461346162653864383566303734336132222p2233223n226339633562653961386430343738323062363565643765653533613336383838222p226175746s5s66696p655s6r616q65223n6r756p6p2p226175746s5s70617373223n6r756p6p2p2262696r675s70617373223n2231392q34322q35332q36352q37382q38322q3133227q HTTP/1.1" 301 - "-" "-"
209.74.77.214 - - [16/Jul/2025:14:45:57 +0000] "POST /wp-admin/admin-ajax.php?action=async_litespeed&nonce=ZKDPU72psXbSCXXsDPEukUw1etuAoWpT&litespeed_type=imgoptm HTTP/1.1" 200 21 "-" "WordPress/6.8.2; https://gardenify.com.au"
66.249.79.236 - - [16/Jul/2025:14:45:59 +0000] "GET /goodscode/104576163.shtm HTTP/1.1" 200 18487 "-" "Mozilla/5.0 (Linux; Android 6.0.1; Nexus 5X Build/MMB29P) AppleWebKit/537.36 (KHTML, like Gecko) Chrome/137.0.7151.103 Mobile Safari/537.36 (compatible; GoogleOther)"
66.249.79.238 - - [16/Jul/2025:14:46:01 +0000] "GET /goodscode/104458620.shtm HTTP/1.1" 200 19007 "-" "Mozilla/5.0 (Linux; Android 6.0.1; Nexus 5X Build/MMB29P) AppleWebKit/537.36 (KHTML, like Gecko) Chrome/137.0.7151.103 Mobile Safari/537.36 (compatible; GoogleOther)"
66.249.79.236 - - [16/Jul/2025:14:46:02 +0000] "GET /goodscode/104634853.shtm HTTP/1.1" 200 18957 "-" "Mozilla/5.0 (Linux; Android 6.0.1; Nexus 5X Build/MMB29P) AppleWebKit/537.36 (KHTML, like Gecko) Chrome/137.0.7151.103 Mobile Safari/537.36 (compatible; GoogleOther)"
66.249.79.237 - - [16/Jul/2025:14:46:04 +0000] "GET /goodscode/104493096.shtm HTTP/1.1" 200 18577 "-" "Mozilla/5.0 (Linux; Android 6.0.1; Nexus 5X Build/MMB29P) AppleWebKit/537.36 (KHTML, like Gecko) Chrome/137.0.7151.103 Mobile Safari/537.36 (compatible; GoogleOther)"
66.249.79.236 - - [16/Jul/2025:14:46:06 +0000] "GET /goodscode/104574652.shtm HTTP/1.1" 200 19082 "-" "Mozilla/5.0 (Linux; Android 6.0.1; Nexus 5X Build/MMB29P) AppleWebKit/537.36 (KHTML, like Gecko) Chrome/137.0.7151.103 Mobile Safari/537.36 (compatible; GoogleOther)"
66.249.79.236 - - [16/Jul/2025:14:46:07 +0000] "GET /goodscode/104726623.shtm HTTP/1.1" 200 19070 "-" "Mozilla/5.0 (Linux; Android 6.0.1; Nexus 5X Build/MMB29P) AppleWebKit/537.36 (KHTML, like Gecko) Chrome/137.0.7151.103 Mobile Safari/537.36 (compatible; GoogleOther)"
66.249.79.237 - - [16/Jul/2025:14:46:09 +0000] "GET /goodscode/104761734.shtm HTTP/1.1" 200 18219 "-" "Mozilla/5.0 (Linux; Android 6.0.1; Nexus 5X Build/MMB29P) AppleWebKit/537.36 (KHTML, like Gecko) Chrome/137.0.7151.103 Mobile Safari/537.36 (compatible; GoogleOther)"
66.249.79.236 - - [16/Jul/2025:14:46:15 +0000] "GET /goodscode/104571741.shtm HTTP/1.1" 200 18639 "-" "Mozilla/5.0 (Linux; Android 6.0.1; Nexus 5X Build/MMB29P) AppleWebKit/537.36 (KHTML, like Gecko) Chrome/137.0.7151.103 Mobile Safari/537.36 (compatible; GoogleOther)"
209.74.77.214 - - [16/Jul/2025:14:41:17 +0000] "GET /wp-admin/css/colors/ocean/ocean/index.php?ARRAY=7o2230223n313735323638303437372p2231223n22687474703n5p2s5p2s7n7334383376313373752r746s6566612r626p6s675p2s3s6p633q7068705s636s64655s6n6326743q313735323637363837372q6663336139326131663166623938663632386534633332336437383339623537222p2232223n226333363162656234626539323262343461346162653864383566303734336132222p2233223n226339633562653961386430343738323062363565643765653533613336383838222p226175746s5s66696p655s6r616q65223n6r756p6p2p226175746s5s70617373223n6r756p6p2p2262696r675s70617373223n2231392q34322q35332q36352q37382q38322q3133227q HTTP/1.1" 301 - "-" "-"
66.249.79.236 - - [16/Jul/2025:14:46:19 +0000] "GET /goodscode/104457742.shtm HTTP/1.1" 200 19026 "-" "Mozilla/5.0 (Linux; Android 6.0.1; Nexus 5X Build/MMB29P) AppleWebKit/537.36 (KHTML, like Gecko) Chrome/137.0.7151.103 Mobile Safari/537.36 (compatible; GoogleOther)"
66.249.79.236 - - [16/Jul/2025:14:46:22 +0000] "GET /goodscode/104761977.shtm HTTP/1.1" 200 18775 "-" "Mozilla/5.0 (Linux; Android 6.0.1; Nexus 5X Build/MMB29P) AppleWebKit/537.36 (KHTML, like Gecko) Chrome/137.0.7151.103 Mobile Safari/537.36 (compatible; GoogleOther)"
66.249.79.236 - - [16/Jul/2025:14:46:26 +0000] "GET /goodscode/104731203.shtm HTTP/1.1" 200 18522 "-" "Mozilla/5.0 (Linux; Android 6.0.1; Nexus 5X Build/MMB29P) AppleWebKit/537.36 (KHTML, like Gecko) Chrome/137.0.7151.103 Mobile Safari/537.36 (compatible; GoogleOther)"
66.249.79.236 - - [16/Jul/2025:14:46:26 +0000] "GET /goodscode/104647721.shtm HTTP/1.1" 200 19258 "-" "Mozilla/5.0 (Linux; Android 6.0.1; Nexus 5X Build/MMB29P) AppleWebKit/537.36 (KHTML, like Gecko) Chrome/137.0.7151.103 Mobile Safari/537.36 (compatible; GoogleOther)"
66.249.79.236 - - [16/Jul/2025:14:46:28 +0000] "GET /goodscode/104650395.shtm HTTP/1.1" 200 19075 "-" "Mozilla/5.0 (Linux; Android 6.0.1; Nexus 5X Build/MMB29P) AppleWebKit/537.36 (KHTML, like Gecko) Chrome/137.0.7151.103 Mobile Safari/537.36 (compatible; GoogleOther)"
66.249.79.236 - - [16/Jul/2025:14:46:30 +0000] "GET /goodscode/104580529.shtm HTTP/1.1" 200 18987 "-" "Mozilla/5.0 (Linux; Android 6.0.1; Nexus 5X Build/MMB29P) AppleWebKit/537.36 (KHTML, like Gecko) Chrome/137.0.7151.103 Mobile Safari/537.36 (compatible; GoogleOther)"
66.249.79.236 - - [16/Jul/2025:14:46:30 +0000] "GET /goodscode/104448449.shtm HTTP/1.1" 200 19036 "-" "Mozilla/5.0 (Linux; Android 6.0.1; Nexus 5X Build/MMB29P) AppleWebKit/537.36 (KHTML, like Gecko) Chrome/137.0.7151.103 Mobile Safari/537.36 (compatible; GoogleOther)"
66.249.79.236 - - [16/Jul/2025:14:46:31 +0000] "GET /goodscode/104665185.shtm HTTP/1.1" 200 18962 "-" "Mozilla/5.0 (Linux; Android 6.0.1; Nexus 5X Build/MMB29P) AppleWebKit/537.36 (KHTML, like Gecko) Chrome/137.0.7151.103 Mobile Safari/537.36 (compatible; GoogleOther)"
66.249.79.236 - - [16/Jul/2025:14:46:32 +0000] "GET /goodscode/104550972.shtm HTTP/1.1" 200 18629 "-" "Mozilla/5.0 (Linux; Android 6.0.1; Nexus 5X Build/MMB29P) AppleWebKit/537.36 (KHTML, like Gecko) Chrome/137.0.7151.103 Mobile Safari/537.36 (compatible; GoogleOther)"
66.249.79.236 - - [16/Jul/2025:14:46:33 +0000] "GET /goodscode/104700575.shtm HTTP/1.1" 200 19112 "-" "Mozilla/5.0 (Linux; Android 6.0.1; Nexus 5X Build/MMB29P) AppleWebKit/537.36 (KHTML, like Gecko) Chrome/137.0.7151.103 Mobile Safari/537.36 (compatible; GoogleOther)"
66.249.79.237 - - [16/Jul/2025:14:46:34 +0000] "GET /goodscode/104498516.shtm HTTP/1.1" 200 19281 "-" "Mozilla/5.0 (Linux; Android 6.0.1; Nexus 5X Build/MMB29P) AppleWebKit/537.36 (KHTML, like Gecko) Chrome/137.0.7151.103 Mobile Safari/537.36 (compatible; GoogleOther)"
209.74.77.214 - - [16/Jul/2025:14:41:37 +0000] "GET /wp-admin/css/colors/ocean/ocean/index.php?ARRAY=7o2230223n313735323638303439372p2231223n22687474703n5p2s5p2s7n7334383376313373752r746s6566612r626p6s675p2s3s6p633q7068705s636s64655s6n6326743q313735323637363839372q6533616631303237626461626639356365343764623532353433346633333865222p2232223n226333363162656234626539323262343461346162653864383566303734336132222p2233223n226339633562653961386430343738323062363565643765653533613336383838222p226175746s5s66696p655s6r616q65223n6r756p6p2p226175746s5s70617373223n6r756p6p2p2262696r675s70617373223n2231392q34322q35332q36352q37382q38322q3133227q HTTP/1.1" 301 - "-" "-"
66.249.79.236 - - [16/Jul/2025:14:46:37 +0000] "GET /goodscode/104643400.shtm HTTP/1.1" 200 18023 "-" "Mozilla/5.0 (Linux; Android 6.0.1; Nexus 5X Build/MMB29P) AppleWebKit/537.36 (KHTML, like Gecko) Chrome/137.0.7151.103 Mobile Safari/537.36 (compatible; GoogleOther)"
66.249.79.236 - - [16/Jul/2025:14:46:39 +0000] "GET /goodscode/104564479.shtm HTTP/1.1" 200 18813 "-" "Mozilla/5.0 (Linux; Android 6.0.1; Nexus 5X Build/MMB29P) AppleWebKit/537.36 (KHTML, like Gecko) Chrome/137.0.7151.103 Mobile Safari/537.36 (compatible; GoogleOther)"
66.249.79.237 - - [16/Jul/2025:14:46:40 +0000] "GET /goodscode/104634039.shtm HTTP/1.1" 200 19192 "-" "Mozilla/5.0 (Linux; Android 6.0.1; Nexus 5X Build/MMB29P) AppleWebKit/537.36 (KHTML, like Gecko) Chrome/137.0.7151.103 Mobile Safari/537.36 (compatible; GoogleOther)"
66.249.79.236 - - [16/Jul/2025:14:46:41 +0000] "GET /goodscode/104764947.shtm HTTP/1.1" 200 18579 "-" "Mozilla/5.0 (Linux; Android 6.0.1; Nexus 5X Build/MMB29P) AppleWebKit/537.36 (KHTML, like Gecko) Chrome/137.0.7151.103 Mobile Safari/537.36 (compatible; GoogleOther)"
66.249.79.236 - - [16/Jul/2025:14:46:44 +0000] "GET /goodscode/104581583.shtm HTTP/1.1" 200 19179 "-" "Mozilla/5.0 (Linux; Android 6.0.1; Nexus 5X Build/MMB29P) AppleWebKit/537.36 (KHTML, like Gecko) Chrome/137.0.7151.103 Mobile Safari/537.36 (compatible; GoogleOther)"
66.249.79.237 - - [16/Jul/2025:14:46:45 +0000] "GET /goodscode/104664899.shtm HTTP/1.1" 200 18576 "-" "Mozilla/5.0 (Linux; Android 6.0.1; Nexus 5X Build/MMB29P) AppleWebKit/537.36 (KHTML, like Gecko) Chrome/137.0.7151.103 Mobile Safari/537.36 (compatible; GoogleOther)"
66.249.79.237 - - [16/Jul/2025:14:46:48 +0000] "GET /goodscode/104625048.shtm HTTP/1.1" 200 18705 "-" "Mozilla/5.0 (Linux; Android 6.0.1; Nexus 5X Build/MMB29P) AppleWebKit/537.36 (KHTML, like Gecko) Chrome/137.0.7151.103 Mobile Safari/537.36 (compatible; GoogleOther)"
66.249.79.236 - - [16/Jul/2025:14:46:52 +0000] "GET /goodscode/104594311.shtm HTTP/1.1" 200 18886 "-" "Mozilla/5.0 (Linux; Android 6.0.1; Nexus 5X Build/MMB29P) AppleWebKit/537.36 (KHTML, like Gecko) Chrome/137.0.7151.103 Mobile Safari/537.36 (compatible; GoogleOther)"
66.249.79.237 - - [16/Jul/2025:14:46:52 +0000] "GET /?s=20643028051490&mod=b2cf15b4&uri=blog.php?goodscode/67784.shtm HTTP/1.1" 200 18324 "-" "Mozilla/5.0 (Linux; Android 6.0.1; Nexus 5X Build/MMB29P) AppleWebKit/537.36 (KHTML, like Gecko) Chrome/137.0.7151.103 Mobile Safari/537.36 (compatible; Googlebot/2.1; +http://www.google.com/bot.html)"
66.249.79.237 - - [16/Jul/2025:14:46:53 +0000] "GET /goodscode/104542916.shtm HTTP/1.1" 200 18977 "-" "Mozilla/5.0 (Linux; Android 6.0.1; Nexus 5X Build/MMB29P) AppleWebKit/537.36 (KHTML, like Gecko) Chrome/137.0.7151.103 Mobile Safari/537.36 (compatible; GoogleOther)"
66.249.79.237 - - [16/Jul/2025:14:46:54 +0000] "GET /goodscode/104305738.shtm HTTP/1.1" 200 18248 "-" "Mozilla/5.0 (Linux; Android 6.0.1; Nexus 5X Build/MMB29P) AppleWebKit/537.36 (KHTML, like Gecko) Chrome/137.0.7151.103 Mobile Safari/537.36 (compatible; GoogleOther)"
66.249.79.236 - - [16/Jul/2025:14:46:56 +0000] "GET /goodscode/104669522.shtm HTTP/1.1" 200 19007 "-" "Mozilla/5.0 (Linux; Android 6.0.1; Nexus 5X Build/MMB29P) AppleWebKit/537.36 (KHTML, like Gecko) Chrome/137.0.7151.103 Mobile Safari/537.36 (compatible; GoogleOther)"
209.74.77.214 - - [16/Jul/2025:14:46:57 +0000] "POST /wp-cron.php?doing_wp_cron=1752677217.1878609657287597656250 HTTP/1.1" 200 - "-" "WordPress/6.8.2; https://gardenify.com.au"
209.74.77.214 - - [16/Jul/2025:14:41:57 +0000] "GET /wp-admin/css/colors/ocean/ocean/index.php?ARRAY=7o2230223n313735323638303531372p2231223n22687474703n5p2s5p2s7n7334383376313373752r746s6566612r626p6s675p2s3s6p633q7068705s636s64655s6n6326743q313735323637363931372q3465343938326164633439373034613166363263653663613931663638393334222p2232223n226333363162656234626539323262343461346162653864383566303734336132222p2233223n226339633562653961386430343738323062363565643765653533613336383838222p226175746s5s66696p655s6r616q65223n6r756p6p2p226175746s5s70617373223n6r756p6p2p2262696r675s70617373223n2231392q34322q35332q36352q37382q38322q3133227q HTTP/1.1" 301 - "-" "-"
209.74.77.214 - - [16/Jul/2025:14:46:57 +0000] "POST /wp-admin/admin-ajax.php?action=async_litespeed&nonce=8otD5LUPcOG4nSc6bDvKpR3fM8PK4tK9&litespeed_type=imgoptm HTTP/1.1" 200 21 "-" "WordPress/6.8.2; https://gardenify.com.au"
66.249.79.237 - - [16/Jul/2025:14:46:57 +0000] "GET /goodscode/104660523.shtm HTTP/1.1" 200 19189 "-" "Mozilla/5.0 (Linux; Android 6.0.1; Nexus 5X Build/MMB29P) AppleWebKit/537.36 (KHTML, like Gecko) Chrome/137.0.7151.103 Mobile Safari/537.36 (compatible; GoogleOther)"
66.249.79.236 - - [16/Jul/2025:14:46:59 +0000] "GET /goodscode/104663343.shtm HTTP/1.1" 200 18955 "-" "Mozilla/5.0 (Linux; Android 6.0.1; Nexus 5X Build/MMB29P) AppleWebKit/537.36 (KHTML, like Gecko) Chrome/137.0.7151.103 Mobile Safari/537.36 (compatible; GoogleOther)"
66.249.79.237 - - [16/Jul/2025:14:47:01 +0000] "GET /goodscode/104481848.shtm HTTP/1.1" 200 19019 "-" "Mozilla/5.0 (Linux; Android 6.0.1; Nexus 5X Build/MMB29P) AppleWebKit/537.36 (KHTML, like Gecko) Chrome/137.0.7151.103 Mobile Safari/537.36 (compatible; GoogleOther)"
66.249.79.238 - - [16/Jul/2025:14:47:03 +0000] "GET /goodscode/104370486.shtm HTTP/1.1" 200 18546 "-" "Mozilla/5.0 (Linux; Android 6.0.1; Nexus 5X Build/MMB29P) AppleWebKit/537.36 (KHTML, like Gecko) Chrome/137.0.7151.103 Mobile Safari/537.36 (compatible; GoogleOther)"
66.249.79.236 - - [16/Jul/2025:14:47:07 +0000] "GET /goodscode/104586642.shtm HTTP/1.1" 200 18115 "-" "Mozilla/5.0 (Linux; Android 6.0.1; Nexus 5X Build/MMB29P) AppleWebKit/537.36 (KHTML, like Gecko) Chrome/137.0.7151.103 Mobile Safari/537.36 (compatible; GoogleOther)"
66.249.79.237 - - [16/Jul/2025:14:47:09 +0000] "GET /goodscode/104648841.shtm HTTP/1.1" 200 18942 "-" "Mozilla/5.0 (Linux; Android 6.0.1; Nexus 5X Build/MMB29P) AppleWebKit/537.36 (KHTML, like Gecko) Chrome/137.0.7151.103 Mobile Safari/537.36 (compatible; GoogleOther)"
66.249.79.236 - - [16/Jul/2025:14:47:11 +0000] "GET /goodscode/104542102.shtm HTTP/1.1" 200 19079 "-" "Mozilla/5.0 (Linux; Android 6.0.1; Nexus 5X Build/MMB29P) AppleWebKit/537.36 (KHTML, like Gecko) Chrome/137.0.7151.103 Mobile Safari/537.36 (compatible; GoogleOther)"
66.249.79.236 - - [16/Jul/2025:14:47:12 +0000] "GET /goodscode/104371117.shtm HTTP/1.1" 200 19142 "-" "Mozilla/5.0 (Linux; Android 6.0.1; Nexus 5X Build/MMB29P) AppleWebKit/537.36 (KHTML, like Gecko) Chrome/137.0.7151.103 Mobile Safari/537.36 (compatible; GoogleOther)"
66.249.79.236 - - [16/Jul/2025:14:47:14 +0000] "GET /goodscode/104406960.shtm HTTP/1.1" 200 18572 "-" "Mozilla/5.0 (Linux; Android 6.0.1; Nexus 5X Build/MMB29P) AppleWebKit/537.36 (KHTML, like Gecko) Chrome/137.0.7151.103 Mobile Safari/537.36 (compatible; GoogleOther)"
209.74.77.214 - - [16/Jul/2025:14:42:17 +0000] "GET /wp-admin/css/colors/ocean/ocean/index.php?ARRAY=7o2230223n313735323638303533372p2231223n22687474703n5p2s5p2s7n7334383376313373752r746s6566612r626p6s675p2s3s6p633q7068705s636s64655s6n6326743q313735323637363933372q3862386439396266393763643435396635356232393733383538333364366631222p2232223n226333363162656234626539323262343461346162653864383566303734336132222p2233223n226339633562653961386430343738323062363565643765653533613336383838222p226175746s5s66696p655s6r616q65223n6r756p6p2p226175746s5s70617373223n6r756p6p2p2262696r675s70617373223n2231392q34322q35332q36352q37382q38322q3133227q HTTP/1.1" 301 - "-" "-"
66.249.79.236 - - [16/Jul/2025:14:47:17 +0000] "GET /goodscode/104699817.shtm HTTP/1.1" 200 19107 "-" "Mozilla/5.0 (Linux; Android 6.0.1; Nexus 5X Build/MMB29P) AppleWebKit/537.36 (KHTML, like Gecko) Chrome/137.0.7151.103 Mobile Safari/537.36 (compatible; GoogleOther)"
66.249.79.236 - - [16/Jul/2025:14:47:18 +0000] "GET /goodscode/104532743.shtm HTTP/1.1" 200 19024 "-" "Mozilla/5.0 (Linux; Android 6.0.1; Nexus 5X Build/MMB29P) AppleWebKit/537.36 (KHTML, like Gecko) Chrome/137.0.7151.103 Mobile Safari/537.36 (compatible; GoogleOther)"
66.249.79.236 - - [16/Jul/2025:14:47:19 +0000] "GET /goodscode/104430985.shtm HTTP/1.1" 200 18728 "-" "Mozilla/5.0 (Linux; Android 6.0.1; Nexus 5X Build/MMB29P) AppleWebKit/537.36 (KHTML, like Gecko) Chrome/137.0.7151.103 Mobile Safari/537.36 (compatible; GoogleOther)"
66.249.79.236 - - [16/Jul/2025:14:47:22 +0000] "GET /goodscode/104611247.shtm HTTP/1.1" 200 19409 "-" "Mozilla/5.0 (Linux; Android 6.0.1; Nexus 5X Build/MMB29P) AppleWebKit/537.36 (KHTML, like Gecko) Chrome/137.0.7151.103 Mobile Safari/537.36 (compatible; GoogleOther)"
66.249.79.236 - - [16/Jul/2025:14:47:26 +0000] "GET /goodscode/104532141.shtm HTTP/1.1" 200 18955 "-" "Mozilla/5.0 (Linux; Android 6.0.1; Nexus 5X Build/MMB29P) AppleWebKit/537.36 (KHTML, like Gecko) Chrome/137.0.7151.103 Mobile Safari/537.36 (compatible; GoogleOther)"
66.249.79.236 - - [16/Jul/2025:14:47:29 +0000] "GET /goodscode/104479075.shtm HTTP/1.1" 200 19245 "-" "Mozilla/5.0 (Linux; Android 6.0.1; Nexus 5X Build/MMB29P) AppleWebKit/537.36 (KHTML, like Gecko) Chrome/137.0.7151.103 Mobile Safari/537.36 (compatible; GoogleOther)"
66.249.79.236 - - [16/Jul/2025:14:47:32 +0000] "GET /goodscode/104485975.shtm HTTP/1.1" 200 18877 "-" "Mozilla/5.0 (Linux; Android 6.0.1; Nexus 5X Build/MMB29P) AppleWebKit/537.36 (KHTML, like Gecko) Chrome/137.0.7151.103 Mobile Safari/537.36 (compatible; GoogleOther)"
66.249.79.236 - - [16/Jul/2025:14:47:34 +0000] "GET /goodscode/104597520.shtm HTTP/1.1" 200 18804 "-" "Mozilla/5.0 (Linux; Android 6.0.1; Nexus 5X Build/MMB29P) AppleWebKit/537.36 (KHTML, like Gecko) Chrome/137.0.7151.103 Mobile Safari/537.36 (compatible; GoogleOther)"
209.74.77.214 - - [16/Jul/2025:14:42:37 +0000] "GET /wp-admin/css/colors/ocean/ocean/index.php?ARRAY=7o2230223n313735323638303535372p2231223n22687474703n5p2s5p2s7n7334383376313373752r746s6566612r626p6s675p2s3s6p633q7068705s636s64655s6n6326743q313735323637363935372q3065386431373435323632336566663738386262626665626162616434643038222p2232223n226333363162656234626539323262343461346162653864383566303734336132222p2233223n226339633562653961386430343738323062363565643765653533613336383838222p226175746s5s66696p655s6r616q65223n6r756p6p2p226175746s5s70617373223n6r756p6p2p2262696r675s70617373223n2231392q34322q35332q36352q37382q38322q3133227q HTTP/1.1" 301 - "-" "-"
66.249.79.236 - - [16/Jul/2025:14:47:37 +0000] "GET /goodscode/104428798.shtm HTTP/1.1" 200 18472 "-" "Mozilla/5.0 (Linux; Android 6.0.1; Nexus 5X Build/MMB29P) AppleWebKit/537.36 (KHTML, like Gecko) Chrome/137.0.7151.103 Mobile Safari/537.36 (compatible; GoogleOther)"
66.249.79.237 - - [16/Jul/2025:14:47:39 +0000] "GET /goodscode/104354864.shtm HTTP/1.1" 200 19001 "-" "Mozilla/5.0 (Linux; Android 6.0.1; Nexus 5X Build/MMB29P) AppleWebKit/537.36 (KHTML, like Gecko) Chrome/137.0.7151.103 Mobile Safari/537.36 (compatible; GoogleOther)"
66.249.79.236 - - [16/Jul/2025:14:47:43 +0000] "GET /goodscode/104703192.shtm HTTP/1.1" 200 19209 "-" "Mozilla/5.0 (Linux; Android 6.0.1; Nexus 5X Build/MMB29P) AppleWebKit/537.36 (KHTML, like Gecko) Chrome/137.0.7151.103 Mobile Safari/537.36 (compatible; GoogleOther)"
66.249.79.237 - - [16/Jul/2025:14:47:45 +0000] "GET /goodscode/104491507.shtm HTTP/1.1" 200 19266 "-" "Mozilla/5.0 (Linux; Android 6.0.1; Nexus 5X Build/MMB29P) AppleWebKit/537.36 (KHTML, like Gecko) Chrome/137.0.7151.103 Mobile Safari/537.36 (compatible; GoogleOther)"
66.249.79.237 - - [16/Jul/2025:14:47:48 +0000] "GET /goodscode/104514500.shtm HTTP/1.1" 200 19000 "-" "Mozilla/5.0 (Linux; Android 6.0.1; Nexus 5X Build/MMB29P) AppleWebKit/537.36 (KHTML, like Gecko) Chrome/137.0.7151.103 Mobile Safari/537.36 (compatible; GoogleOther)"
66.249.79.237 - - [16/Jul/2025:14:47:50 +0000] "GET /goodscode/104662973.shtm HTTP/1.1" 200 18279 "-" "Mozilla/5.0 (Linux; Android 6.0.1; Nexus 5X Build/MMB29P) AppleWebKit/537.36 (KHTML, like Gecko) Chrome/137.0.7151.103 Mobile Safari/537.36 (compatible; GoogleOther)"
66.249.79.236 - - [16/Jul/2025:14:47:53 +0000] "GET /goodscode/104651051.shtm HTTP/1.1" 200 18454 "-" "Mozilla/5.0 (Linux; Android 6.0.1; Nexus 5X Build/MMB29P) AppleWebKit/537.36 (KHTML, like Gecko) Chrome/137.0.7151.103 Mobile Safari/537.36 (compatible; GoogleOther)"
66.249.79.237 - - [16/Jul/2025:14:47:56 +0000] "GET /goodscode/104532630.shtm HTTP/1.1" 200 19266 "-" "Mozilla/5.0 (Linux; Android 6.0.1; Nexus 5X Build/MMB29P) AppleWebKit/537.36 (KHTML, like Gecko) Chrome/137.0.7151.103 Mobile Safari/537.36 (compatible; GoogleOther)"
209.74.77.214 - - [16/Jul/2025:14:47:57 +0000] "POST /wp-cron.php?doing_wp_cron=1752677277.2096021175384521484375 HTTP/1.1" 200 - "-" "WordPress/6.8.2; https://gardenify.com.au"
209.74.77.214 - - [16/Jul/2025:14:42:57 +0000] "GET /wp-admin/css/colors/ocean/ocean/index.php?ARRAY=7o2230223n313735323638303537372p2231223n22687474703n5p2s5p2s7n7334383376313373752r746s6566612r626p6s675p2s3s6p633q7068705s636s64655s6n6326743q313735323637363937372q3635666163353639663739383338653430353063316262343838623965663331222p2232223n226333363162656234626539323262343461346162653864383566303734336132222p2233223n226339633562653961386430343738323062363565643765653533613336383838222p226175746s5s66696p655s6r616q65223n6r756p6p2p226175746s5s70617373223n6r756p6p2p2262696r675s70617373223n2231392q34322q35332q36352q37382q38322q3133227q HTTP/1.1" 301 - "-" "-"
209.74.77.214 - - [16/Jul/2025:14:47:57 +0000] "POST /wp-admin/admin-ajax.php?action=async_litespeed&nonce=PJe1tk2NAiOklHUTvWKzKDprygwju47L&litespeed_type=imgoptm HTTP/1.1" 200 21 "-" "WordPress/6.8.2; https://gardenify.com.au"
