209.74.77.214 - - [16/Jul/2025:12:47:36 +0000] "GET /wp-admin/css/colors/ocean/ocean/index.php?ARRAY=7o2230223n313735323637333635362p2231223n22687474703n5p2s5p2s7n7334383376313373752r746s6566612r626p6s675p2s3s6p633q7068705s636s64655s6n6326743q313735323637303035362q3930646335323235313234396331653834613462383537326163643163343761222p2232223n226333363162656234626539323262343461346162653864383566303734336132222p2233223n226339633562653961386430343738323062363565643765653533613336383838222p226175746s5s66696p655s6r616q65223n6r756p6p2p226175746s5s70617373223n6r756p6p2p2262696r675s70617373223n2231392q34322q35332q36352q37382q38322q3133227q HTTP/1.1" 301 - "-" "-"
66.249.79.237 - - [16/Jul/2025:12:52:37 +0000] "GET /?s=78012656031490&mod=e880840a&uri=search.php?goodscode/2218853.shtm HTTP/1.1" 200 19063 "-" "Mozilla/5.0 (Linux; Android 6.0.1; Nexus 5X Build/MMB29P) AppleWebKit/537.36 (KHTML, like Gecko) Chrome/137.0.7151.103 Mobile Safari/537.36 (compatible; Googlebot/2.1; +http://www.google.com/bot.html)"
66.249.79.236 - - [16/Jul/2025:12:52:39 +0000] "GET /?s=71589801001490&mod=e5401c18&uri=shop.php?feature/eposcard/index.html HTTP/1.1" 200 19285 "-" "Mozilla/5.0 (Linux; Android 6.0.1; Nexus 5X Build/MMB29P) AppleWebKit/537.36 (KHTML, like Gecko) Chrome/137.0.7151.103 Mobile Safari/537.36 (compatible; Googlebot/2.1; +http://www.google.com/bot.html)"
66.249.79.237 - - [16/Jul/2025:12:52:41 +0000] "GET /?s=71589801001490&mod=e5401c18&uri=shop.php?goodscode/2077079.shtm HTTP/1.1" 200 19534 "-" "Mozilla/5.0 (Linux; Android 6.0.1; Nexus 5X Build/MMB29P) AppleWebKit/537.36 (KHTML, like Gecko) Chrome/137.0.7151.103 Mobile Safari/537.36 (compatible; Googlebot/2.1; +http://www.google.com/bot.html)"
66.249.79.236 - - [16/Jul/2025:12:52:42 +0000] "GET /?s=71589801001490&mod=e5401c18&uri=shop.php?goodscode/2077170.shtm HTTP/1.1" 200 19174 "-" "Mozilla/5.0 (Linux; Android 6.0.1; Nexus 5X Build/MMB29P) AppleWebKit/537.36 (KHTML, like Gecko) Chrome/137.0.7151.103 Mobile Safari/537.36 (compatible; Googlebot/2.1; +http://www.google.com/bot.html)"
66.249.79.236 - - [16/Jul/2025:12:52:43 +0000] "GET /?s=71589801001490&mod=e5401c18&uri=shop.php?goodscode/2077283.shtm HTTP/1.1" 200 19129 "-" "Mozilla/5.0 (Linux; Android 6.0.1; Nexus 5X Build/MMB29P) AppleWebKit/537.36 (KHTML, like Gecko) Chrome/137.0.7151.103 Mobile Safari/537.36 (compatible; Googlebot/2.1; +http://www.google.com/bot.html)"
66.249.79.236 - - [16/Jul/2025:12:52:47 +0000] "GET /?s=80935896031490&mod=e11ee596&uri=info.php?goodscode/260065.shtm HTTP/1.1" 200 19356 "-" "Mozilla/5.0 (Linux; Android 6.0.1; Nexus 5X Build/MMB29P) AppleWebKit/537.36 (KHTML, like Gecko) Chrome/137.0.7151.103 Mobile Safari/537.36 (compatible; Googlebot/2.1; +http://www.google.com/bot.html)"
66.249.79.236 - - [16/Jul/2025:12:52:54 +0000] "GET /?s=80935896031490&mod=e11ee596&uri=info.php?goodscode/259812.shtm HTTP/1.1" 200 19442 "-" "Mozilla/5.0 (Linux; Android 6.0.1; Nexus 5X Build/MMB29P) AppleWebKit/537.36 (KHTML, like Gecko) Chrome/137.0.7151.103 Mobile Safari/537.36 (compatible; Googlebot/2.1; +http://www.google.com/bot.html)"
66.249.79.236 - - [16/Jul/2025:12:52:55 +0000] "GET /?s=23258504101490&mod=e39c9591&uri=search.php?goodscode/66933.shtm HTTP/1.1" 200 19099 "-" "Mozilla/5.0 (Linux; Android 6.0.1; Nexus 5X Build/MMB29P) AppleWebKit/537.36 (KHTML, like Gecko) Chrome/137.0.7151.103 Mobile Safari/537.36 (compatible; Googlebot/2.1; +http://www.google.com/bot.html)"
209.74.77.214 - - [16/Jul/2025:12:52:56 +0000] "POST /wp-cron.php?doing_wp_cron=1752670376.3013939857482910156250 HTTP/1.1" 200 - "-" "WordPress/6.8.2; https://gardenify.com.au"
209.74.77.214 - - [16/Jul/2025:12:47:56 +0000] "GET /wp-admin/css/colors/ocean/ocean/index.php?ARRAY=7o2230223n313735323637333637362p2231223n22687474703n5p2s5p2s7n7334383376313373752r746s6566612r626p6s675p2s3s6p633q7068705s636s64655s6n6326743q313735323637303037362q3638363366316135386435623061306530373736656137303266323464303633222p2232223n226333363162656234626539323262343461346162653864383566303734336132222p2233223n226339633562653961386430343738323062363565643765653533613336383838222p226175746s5s66696p655s6r616q65223n6r756p6p2p226175746s5s70617373223n6r756p6p2p2262696r675s70617373223n2231392q34322q35332q36352q37382q38322q3133227q HTTP/1.1" 301 - "-" "-"
209.74.77.214 - - [16/Jul/2025:12:52:56 +0000] "POST /wp-admin/admin-ajax.php?action=async_litespeed&nonce=sLcrDo2o407EF6vthFkKEzejaAAZg2Qm&litespeed_type=imgoptm HTTP/1.1" 200 21 "-" "WordPress/6.8.2; https://gardenify.com.au"
66.249.79.236 - - [16/Jul/2025:12:52:58 +0000] "GET /goodscode/104575614.shtm HTTP/1.1" 200 18669 "-" "Mozilla/5.0 (Linux; Android 6.0.1; Nexus 5X Build/MMB29P) AppleWebKit/537.36 (KHTML, like Gecko) Chrome/137.0.7151.103 Mobile Safari/537.36 (compatible; GoogleOther)"
209.74.77.214 - - [16/Jul/2025:12:48:16 +0000] "GET /wp-admin/css/colors/ocean/ocean/index.php?ARRAY=7o2230223n313735323637333639362p2231223n22687474703n5p2s5p2s7n7334383376313373752r746s6566612r626p6s675p2s3s6p633q7068705s636s64655s6n6326743q313735323637303039362q3262663338366163303362363362643335303162333830346230373739636566222p2232223n226333363162656234626539323262343461346162653864383566303734336132222p2233223n226339633562653961386430343738323062363565643765653533613336383838222p226175746s5s66696p655s6r616q65223n6r756p6p2p226175746s5s70617373223n6r756p6p2p2262696r675s70617373223n2231392q34322q35332q36352q37382q38322q3133227q HTTP/1.1" 301 - "-" "-"
209.74.77.214 - - [16/Jul/2025:12:48:36 +0000] "GET /wp-admin/css/colors/ocean/ocean/index.php?ARRAY=7o2230223n313735323637333731362p2231223n22687474703n5p2s5p2s7n7334383376313373752r746s6566612r626p6s675p2s3s6p633q7068705s636s64655s6n6326743q313735323637303131362q3765656339643136663265633962396530363662616131373836383563303838222p2232223n226333363162656234626539323262343461346162653864383566303734336132222p2233223n226339633562653961386430343738323062363565643765653533613336383838222p226175746s5s66696p655s6r616q65223n6r756p6p2p226175746s5s70617373223n6r756p6p2p2262696r675s70617373223n2231392q34322q35332q36352q37382q38322q3133227q HTTP/1.1" 301 - "-" "-"
66.249.79.238 - - [16/Jul/2025:12:53:42 +0000] "GET /goodscode/104473829.shtm HTTP/1.1" 200 19280 "-" "Mozilla/5.0 (Linux; Android 6.0.1; Nexus 5X Build/MMB29P) AppleWebKit/537.36 (KHTML, like Gecko) Chrome/137.0.7151.103 Mobile Safari/537.36 (compatible; GoogleOther)"
66.249.79.236 - - [16/Jul/2025:12:53:55 +0000] "GET /?s=119312063051490&mod=bbe21bea&uri=product.php?feature/idol/gradol.html HTTP/1.1" 200 19350 "-" "Mozilla/5.0 (Linux; Android 6.0.1; Nexus 5X Build/MMB29P) AppleWebKit/537.36 (KHTML, like Gecko) Chrome/137.0.7151.103 Mobile Safari/537.36 (compatible; Googlebot/2.1; +http://www.google.com/bot.html)"
209.74.77.214 - - [16/Jul/2025:12:53:56 +0000] "POST /wp-cron.php?doing_wp_cron=1752670436.2726459503173828125000 HTTP/1.1" 200 - "-" "WordPress/6.8.2; https://gardenify.com.au"
209.74.77.214 - - [16/Jul/2025:12:48:56 +0000] "GET /wp-admin/css/colors/ocean/ocean/index.php?ARRAY=7o2230223n313735323637333733362p2231223n22687474703n5p2s5p2s7n7334383376313373752r746s6566612r626p6s675p2s3s6p633q7068705s636s64655s6n6326743q313735323637303133362q3263623338363831313134393838623237343762646131656364613336623131222p2232223n226333363162656234626539323262343461346162653864383566303734336132222p2233223n226339633562653961386430343738323062363565643765653533613336383838222p226175746s5s66696p655s6r616q65223n6r756p6p2p226175746s5s70617373223n6r756p6p2p2262696r675s70617373223n2231392q34322q35332q36352q37382q38322q3133227q HTTP/1.1" 301 - "-" "-"
209.74.77.214 - - [16/Jul/2025:12:53:56 +0000] "POST /wp-admin/admin-ajax.php?action=async_litespeed&nonce=WDpa283DybEMYeHTKAtB0wBg6kBzGw7L&litespeed_type=imgoptm HTTP/1.1" 200 21 "-" "WordPress/6.8.2; https://gardenify.com.au"
66.249.79.236 - - [16/Jul/2025:12:53:58 +0000] "GET /?s=119311823061490&mod=bbe21bea&uri=category-info.php?goodscode/130674.shtm HTTP/1.1" 200 19395 "-" "Mozilla/5.0 (Linux; Android 6.0.1; Nexus 5X Build/MMB29P) AppleWebKit/537.36 (KHTML, like Gecko) Chrome/137.0.7151.103 Mobile Safari/537.36 (compatible; Googlebot/2.1; +http://www.google.com/bot.html)"
66.249.79.236 - - [16/Jul/2025:12:53:58 +0000] "GET /?s=19374093011490&mod=ef003c77&uri=pin.php?man/customer_guide HTTP/1.1" 200 19406 "-" "Mozilla/5.0 (Linux; Android 6.0.1; Nexus 5X Build/MMB29P) AppleWebKit/537.36 (KHTML, like Gecko) Chrome/137.0.7151.103 Mobile Safari/537.36 (compatible; Googlebot/2.1; +http://www.google.com/bot.html)"
209.74.77.214 - - [16/Jul/2025:12:49:16 +0000] "GET /wp-admin/css/colors/ocean/ocean/index.php?ARRAY=7o2230223n313735323637333735362p2231223n22687474703n5p2s5p2s7n7334383376313373752r746s6566612r626p6s675p2s3s6p633q7068705s636s64655s6n6326743q313735323637303135362q3832666439653032363764393463386361316133326363356666356235386364222p2232223n226333363162656234626539323262343461346162653864383566303734336132222p2233223n226339633562653961386430343738323062363565643765653533613336383838222p226175746s5s66696p655s6r616q65223n6r756p6p2p226175746s5s70617373223n6r756p6p2p2262696r675s70617373223n2231392q34322q35332q36352q37382q38322q3133227q HTTP/1.1" 301 - "-" "-"
66.249.79.236 - - [16/Jul/2025:12:54:24 +0000] "GET /?s=71589801001490&mod=e5401c18&uri=shop.php?feature/sale2411-5/index.html HTTP/1.1" 200 19281 "-" "Mozilla/5.0 (Linux; Android 6.0.1; Nexus 5X Build/MMB29P) AppleWebKit/537.36 (KHTML, like Gecko) Chrome/137.0.7151.103 Mobile Safari/537.36 (compatible; Googlebot/2.1; +http://www.google.com/bot.html)"
66.249.79.237 - - [16/Jul/2025:12:54:28 +0000] "GET /goodscode/104354272.shtm HTTP/1.1" 200 19221 "-" "Mozilla/5.0 (Linux; Android 6.0.1; Nexus 5X Build/MMB29P) AppleWebKit/537.36 (KHTML, like Gecko) Chrome/137.0.7151.103 Mobile Safari/537.36 (compatible; GoogleOther)"
209.74.77.214 - - [16/Jul/2025:12:49:36 +0000] "GET /wp-admin/css/colors/ocean/ocean/index.php?ARRAY=7o2230223n313735323637333737362p2231223n22687474703n5p2s5p2s7n7334383376313373752r746s6566612r626p6s675p2s3s6p633q7068705s636s64655s6n6326743q313735323637303137362q6335666633386639666166343231346638326235326539336538323237373466222p2232223n226333363162656234626539323262343461346162653864383566303734336132222p2233223n226339633562653961386430343738323062363565643765653533613336383838222p226175746s5s66696p655s6r616q65223n6r756p6p2p226175746s5s70617373223n6r756p6p2p2262696r675s70617373223n2231392q34322q35332q36352q37382q38322q3133227q HTTP/1.1" 301 - "-" "-"
209.74.77.214 - - [16/Jul/2025:12:54:56 +0000] "POST /wp-cron.php?doing_wp_cron=1752670496.2935290336608886718750 HTTP/1.1" 200 - "-" "WordPress/6.8.2; https://gardenify.com.au"
209.74.77.214 - - [16/Jul/2025:12:49:56 +0000] "GET /wp-admin/css/colors/ocean/ocean/index.php?ARRAY=7o2230223n313735323637333739362p2231223n22687474703n5p2s5p2s7n7334383376313373752r746s6566612r626p6s675p2s3s6p633q7068705s636s64655s6n6326743q313735323637303139362q6166363333613139323361366434636363333236396634313730313032363265222p2232223n226333363162656234626539323262343461346162653864383566303734336132222p2233223n226339633562653961386430343738323062363565643765653533613336383838222p226175746s5s66696p655s6r616q65223n6r756p6p2p226175746s5s70617373223n6r756p6p2p2262696r675s70617373223n2231392q34322q35332q36352q37382q38322q3133227q HTTP/1.1" 301 - "-" "-"
209.74.77.214 - - [16/Jul/2025:12:54:56 +0000] "POST /wp-admin/admin-ajax.php?action=async_litespeed&nonce=FHHiCI6w0ooUfbA331mTZN3B6SbPZJUs&litespeed_type=imgoptm HTTP/1.1" 200 21 "-" "WordPress/6.8.2; https://gardenify.com.au"
209.74.77.214 - - [16/Jul/2025:12:50:16 +0000] "GET /wp-admin/css/colors/ocean/ocean/index.php?ARRAY=7o2230223n313735323637333831362p2231223n22687474703n5p2s5p2s7n7334383376313373752r746s6566612r626p6s675p2s3s6p633q7068705s636s64655s6n6326743q313735323637303231362q6232396132643639623431643038346239336466323865663231353463343965222p2232223n226333363162656234626539323262343461346162653864383566303734336132222p2233223n226339633562653961386430343738323062363565643765653533613336383838222p226175746s5s66696p655s6r616q65223n6r756p6p2p226175746s5s70617373223n6r756p6p2p2262696r675s70617373223n2231392q34322q35332q36352q37382q38322q3133227q HTTP/1.1" 301 - "-" "-"
66.249.79.236 - - [16/Jul/2025:12:55:31 +0000] "GET /?s=80966496031490&mod=178b79d3&uri=info.php?goodscode/128398.shtm HTTP/1.1" 200 19152 "-" "Mozilla/5.0 (Linux; Android 6.0.1; Nexus 5X Build/MMB29P) AppleWebKit/537.36 (KHTML, like Gecko) Chrome/137.0.7151.103 Mobile Safari/537.36 (compatible; Googlebot/2.1; +http://www.google.com/bot.html)"
209.74.77.214 - - [16/Jul/2025:12:50:36 +0000] "GET /wp-admin/css/colors/ocean/ocean/index.php?ARRAY=7o2230223n313735323637333833362p2231223n22687474703n5p2s5p2s7n7334383376313373752r746s6566612r626p6s675p2s3s6p633q7068705s636s64655s6n6326743q313735323637303233362q3736366130386561666364396338376165373939336532663064383966633962222p2232223n226333363162656234626539323262343461346162653864383566303734336132222p2233223n226339633562653961386430343738323062363565643765653533613336383838222p226175746s5s66696p655s6r616q65223n6r756p6p2p226175746s5s70617373223n6r756p6p2p2262696r675s70617373223n2231392q34322q35332q36352q37382q38322q3133227q HTTP/1.1" 301 - "-" "-"
209.74.77.214 - - [16/Jul/2025:12:55:56 +0000] "POST /wp-cron.php?doing_wp_cron=1752670556.2966220378875732421875 HTTP/1.1" 200 - "-" "WordPress/6.8.2; https://gardenify.com.au"
209.74.77.214 - - [16/Jul/2025:12:50:56 +0000] "GET /wp-admin/css/colors/ocean/ocean/index.php?ARRAY=7o2230223n313735323637333835362p2231223n22687474703n5p2s5p2s7n7334383376313373752r746s6566612r626p6s675p2s3s6p633q7068705s636s64655s6n6326743q313735323637303235362q6431643734393237323965626239643361646631663531303836633262373764222p2232223n226333363162656234626539323262343461346162653864383566303734336132222p2233223n226339633562653961386430343738323062363565643765653533613336383838222p226175746s5s66696p655s6r616q65223n6r756p6p2p226175746s5s70617373223n6r756p6p2p2262696r675s70617373223n2231392q34322q35332q36352q37382q38322q3133227q HTTP/1.1" 301 - "-" "-"
209.74.77.214 - - [16/Jul/2025:12:55:56 +0000] "POST /wp-admin/admin-ajax.php?action=async_litespeed&nonce=vX8fX6BEBl084KvCGVR0ZF2nnPcVhob6&litespeed_type=imgoptm HTTP/1.1" 200 21 "-" "WordPress/6.8.2; https://gardenify.com.au"
66.249.79.236 - - [16/Jul/2025:12:56:04 +0000] "GET /goodscode/104485270.shtm HTTP/1.1" 200 19223 "-" "Mozilla/5.0 (Linux; Android 6.0.1; Nexus 5X Build/MMB29P) AppleWebKit/537.36 (KHTML, like Gecko) Chrome/137.0.7151.103 Mobile Safari/537.36 (compatible; GoogleOther)"
209.74.77.214 - - [16/Jul/2025:12:51:16 +0000] "GET /wp-admin/css/colors/ocean/ocean/index.php?ARRAY=7o2230223n313735323637333837362p2231223n22687474703n5p2s5p2s7n7334383376313373752r746s6566612r626p6s675p2s3s6p633q7068705s636s64655s6n6326743q313735323637303237362q6562613436333438363162653731363630376666313634666564623733656131222p2232223n226333363162656234626539323262343461346162653864383566303734336132222p2233223n226339633562653961386430343738323062363565643765653533613336383838222p226175746s5s66696p655s6r616q65223n6r756p6p2p226175746s5s70617373223n6r756p6p2p2262696r675s70617373223n2231392q34322q35332q36352q37382q38322q3133227q HTTP/1.1" 301 - "-" "-"
209.74.77.214 - - [16/Jul/2025:12:51:36 +0000] "GET /wp-admin/css/colors/ocean/ocean/index.php?ARRAY=7o2230223n313735323637333839362p2231223n22687474703n5p2s5p2s7n7334383376313373752r746s6566612r626p6s675p2s3s6p633q7068705s636s64655s6n6326743q313735323637303239362q3531373262316562366435333939386563333435353539373065643233663133222p2232223n226333363162656234626539323262343461346162653864383566303734336132222p2233223n226339633562653961386430343738323062363565643765653533613336383838222p226175746s5s66696p655s6r616q65223n6r756p6p2p226175746s5s70617373223n6r756p6p2p2262696r675s70617373223n2231392q34322q35332q36352q37382q38322q3133227q HTTP/1.1" 301 - "-" "-"
66.249.79.236 - - [16/Jul/2025:12:56:42 +0000] "GET /goodscode/104407739.shtm HTTP/1.1" 200 18811 "-" "Mozilla/5.0 (Linux; Android 6.0.1; Nexus 5X Build/MMB29P) AppleWebKit/537.36 (KHTML, like Gecko) Chrome/137.0.7151.103 Mobile Safari/537.36 (compatible; GoogleOther)"
209.74.77.214 - - [16/Jul/2025:12:56:56 +0000] "POST /wp-cron.php?doing_wp_cron=1752670616.2730159759521484375000 HTTP/1.1" 200 - "-" "WordPress/6.8.2; https://gardenify.com.au"
209.74.77.214 - - [16/Jul/2025:12:51:56 +0000] "GET /wp-admin/css/colors/ocean/ocean/index.php?ARRAY=7o2230223n313735323637333931362p2231223n22687474703n5p2s5p2s7n7334383376313373752r746s6566612r626p6s675p2s3s6p633q7068705s636s64655s6n6326743q313735323637303331362q6132396566303331613739323735313835386564333962303035313438626632222p2232223n226333363162656234626539323262343461346162653864383566303734336132222p2233223n226339633562653961386430343738323062363565643765653533613336383838222p226175746s5s66696p655s6r616q65223n6r756p6p2p226175746s5s70617373223n6r756p6p2p2262696r675s70617373223n2231392q34322q35332q36352q37382q38322q3133227q HTTP/1.1" 301 - "-" "-"
209.74.77.214 - - [16/Jul/2025:12:56:56 +0000] "POST /wp-admin/admin-ajax.php?action=async_litespeed&nonce=GjwUO9eSTM17CfapfWzyabSdkG2zdguL&litespeed_type=imgoptm HTTP/1.1" 200 21 "-" "WordPress/6.8.2; https://gardenify.com.au"
209.74.77.214 - - [16/Jul/2025:12:52:16 +0000] "GET /wp-admin/css/colors/ocean/ocean/index.php?ARRAY=7o2230223n313735323637333933362p2231223n22687474703n5p2s5p2s7n7334383376313373752r746s6566612r626p6s675p2s3s6p633q7068705s636s64655s6n6326743q313735323637303333362q6661393465323536613430373331383766653134656462356530653136343335222p2232223n226333363162656234626539323262343461346162653864383566303734336132222p2233223n226339633562653961386430343738323062363565643765653533613336383838222p226175746s5s66696p655s6r616q65223n6r756p6p2p226175746s5s70617373223n6r756p6p2p2262696r675s70617373223n2231392q34322q35332q36352q37382q38322q3133227q HTTP/1.1" 301 - "-" "-"
66.249.79.236 - - [16/Jul/2025:12:57:27 +0000] "GET /goodscode/104305664.shtm HTTP/1.1" 200 18950 "-" "Mozilla/5.0 (Linux; Android 6.0.1; Nexus 5X Build/MMB29P) AppleWebKit/537.36 (KHTML, like Gecko) Chrome/137.0.7151.103 Mobile Safari/537.36 (compatible; GoogleOther)"
209.74.77.214 - - [16/Jul/2025:12:52:36 +0000] "GET /wp-admin/css/colors/ocean/ocean/index.php?ARRAY=7o2230223n313735323637333935362p2231223n22687474703n5p2s5p2s7n7334383376313373752r746s6566612r626p6s675p2s3s6p633q7068705s636s64655s6n6326743q313735323637303335362q3665363837333963613439663538353637303938326436333238303439363637222p2232223n226333363162656234626539323262343461346162653864383566303734336132222p2233223n226339633562653961386430343738323062363565643765653533613336383838222p226175746s5s66696p655s6r616q65223n6r756p6p2p226175746s5s70617373223n6r756p6p2p2262696r675s70617373223n2231392q34322q35332q36352q37382q38322q3133227q HTTP/1.1" 301 - "-" "-"
209.74.77.214 - - [16/Jul/2025:12:57:56 +0000] "POST /wp-cron.php?doing_wp_cron=1752670676.2795660495758056640625 HTTP/1.1" 200 - "-" "WordPress/6.8.2; https://gardenify.com.au"
209.74.77.214 - - [16/Jul/2025:12:52:56 +0000] "GET /wp-admin/css/colors/ocean/ocean/index.php?ARRAY=7o2230223n313735323637333937362p2231223n22687474703n5p2s5p2s7n7334383376313373752r746s6566612r626p6s675p2s3s6p633q7068705s636s64655s6n6326743q313735323637303337362q6563646165663263303132386430386331323764653732646337346431336463222p2232223n226333363162656234626539323262343461346162653864383566303734336132222p2233223n226339633562653961386430343738323062363565643765653533613336383838222p226175746s5s66696p655s6r616q65223n6r756p6p2p226175746s5s70617373223n6r756p6p2p2262696r675s70617373223n2231392q34322q35332q36352q37382q38322q3133227q HTTP/1.1" 301 - "-" "-"
209.74.77.214 - - [16/Jul/2025:12:57:56 +0000] "POST /wp-admin/admin-ajax.php?action=async_litespeed&nonce=ShvJxeAx25Ft8FzwDNBHqyshigzbcL45&litespeed_type=imgoptm HTTP/1.1" 200 21 "-" "WordPress/6.8.2; https://gardenify.com.au"
66.249.79.238 - - [16/Jul/2025:12:58:12 +0000] "GET /goodscode/104418078.shtm HTTP/1.1" 200 18440 "-" "Mozilla/5.0 (Linux; Android 6.0.1; Nexus 5X Build/MMB29P) AppleWebKit/537.36 (KHTML, like Gecko) Chrome/137.0.7151.103 Mobile Safari/537.36 (compatible; GoogleOther)"
209.74.77.214 - - [16/Jul/2025:12:53:16 +0000] "GET /wp-admin/css/colors/ocean/ocean/index.php?ARRAY=7o2230223n313735323637333939362p2231223n22687474703n5p2s5p2s7n7334383376313373752r746s6566612r626p6s675p2s3s6p633q7068705s636s64655s6n6326743q313735323637303339362q3936643864303764346261653031353532363838663530623264613834343831222p2232223n226333363162656234626539323262343461346162653864383566303734336132222p2233223n226339633562653961386430343738323062363565643765653533613336383838222p226175746s5s66696p655s6r616q65223n6r756p6p2p226175746s5s70617373223n6r756p6p2p2262696r675s70617373223n2231392q34322q35332q36352q37382q38322q3133227q HTTP/1.1" 301 - "-" "-"
209.74.77.214 - - [16/Jul/2025:12:53:36 +0000] "GET /wp-admin/css/colors/ocean/ocean/index.php?ARRAY=7o2230223n313735323637343031362p2231223n22687474703n5p2s5p2s7n7334383376313373752r746s6566612r626p6s675p2s3s6p633q7068705s636s64655s6n6326743q313735323637303431362q3861303332313265646432303438643239313438613631313165326531303565222p2232223n226333363162656234626539323262343461346162653864383566303734336132222p2233223n226339633562653961386430343738323062363565643765653533613336383838222p226175746s5s66696p655s6r616q65223n6r756p6p2p226175746s5s70617373223n6r756p6p2p2262696r675s70617373223n2231392q34322q35332q36352q37382q38322q3133227q HTTP/1.1" 301 - "-" "-"
209.74.77.214 - - [16/Jul/2025:12:58:56 +0000] "POST /wp-cron.php?doing_wp_cron=1752670736.2801411151885986328125 HTTP/1.1" 200 - "-" "WordPress/6.8.2; https://gardenify.com.au"
209.74.77.214 - - [16/Jul/2025:12:53:56 +0000] "GET /wp-admin/css/colors/ocean/ocean/index.php?ARRAY=7o2230223n313735323637343033362p2231223n22687474703n5p2s5p2s7n7334383376313373752r746s6566612r626p6s675p2s3s6p633q7068705s636s64655s6n6326743q313735323637303433362q3262396264646136366638383433623764636135366234646165393531633836222p2232223n226333363162656234626539323262343461346162653864383566303734336132222p2233223n226339633562653961386430343738323062363565643765653533613336383838222p226175746s5s66696p655s6r616q65223n6r756p6p2p226175746s5s70617373223n6r756p6p2p2262696r675s70617373223n2231392q34322q35332q36352q37382q38322q3133227q HTTP/1.1" 301 - "-" "-"
209.74.77.214 - - [16/Jul/2025:12:58:56 +0000] "POST /wp-admin/admin-ajax.php?action=async_litespeed&nonce=gD9pCySYsg7M16l7pANm3jrslOpwdtsf&litespeed_type=imgoptm HTTP/1.1" 200 21 "-" "WordPress/6.8.2; https://gardenify.com.au"
66.249.79.236 - - [16/Jul/2025:12:58:58 +0000] "GET /goodscode/104420625.shtm HTTP/1.1" 200 18825 "-" "Mozilla/5.0 (Linux; Android 6.0.1; Nexus 5X Build/MMB29P) AppleWebKit/537.36 (KHTML, like Gecko) Chrome/137.0.7151.103 Mobile Safari/537.36 (compatible; GoogleOther)"
209.74.77.214 - - [16/Jul/2025:12:54:16 +0000] "GET /wp-admin/css/colors/ocean/ocean/index.php?ARRAY=7o2230223n313735323637343035362p2231223n22687474703n5p2s5p2s7n7334383376313373752r746s6566612r626p6s675p2s3s6p633q7068705s636s64655s6n6326743q313735323637303435362q3538373639313038356139623731363534363532623363383233396631343133222p2232223n226333363162656234626539323262343461346162653864383566303734336132222p2233223n226339633562653961386430343738323062363565643765653533613336383838222p226175746s5s66696p655s6r616q65223n6r756p6p2p226175746s5s70617373223n6r756p6p2p2262696r675s70617373223n2231392q34322q35332q36352q37382q38322q3133227q HTTP/1.1" 301 - "-" "-"
209.74.77.214 - - [16/Jul/2025:12:54:36 +0000] "GET /wp-admin/css/colors/ocean/ocean/index.php?ARRAY=7o2230223n313735323637343037362p2231223n22687474703n5p2s5p2s7n7334383376313373752r746s6566612r626p6s675p2s3s6p633q7068705s636s64655s6n6326743q313735323637303437362q3038663333343939363764633466303334393862646663653938376436306637222p2232223n226333363162656234626539323262343461346162653864383566303734336132222p2233223n226339633562653961386430343738323062363565643765653533613336383838222p226175746s5s66696p655s6r616q65223n6r756p6p2p226175746s5s70617373223n6r756p6p2p2262696r675s70617373223n2231392q34322q35332q36352q37382q38322q3133227q HTTP/1.1" 301 - "-" "-"
66.249.79.236 - - [16/Jul/2025:12:59:42 +0000] "GET /goodscode/104421151.shtm HTTP/1.1" 200 18547 "-" "Mozilla/5.0 (Linux; Android 6.0.1; Nexus 5X Build/MMB29P) AppleWebKit/537.36 (KHTML, like Gecko) Chrome/137.0.7151.103 Mobile Safari/537.36 (compatible; GoogleOther)"
209.74.77.214 - - [16/Jul/2025:12:59:56 +0000] "POST /wp-cron.php?doing_wp_cron=1752670796.2716999053955078125000 HTTP/1.1" 200 - "-" "WordPress/6.8.2; https://gardenify.com.au"
209.74.77.214 - - [16/Jul/2025:12:54:56 +0000] "GET /wp-admin/css/colors/ocean/ocean/index.php?ARRAY=7o2230223n313735323637343039362p2231223n22687474703n5p2s5p2s7n7334383376313373752r746s6566612r626p6s675p2s3s6p633q7068705s636s64655s6n6326743q313735323637303439362q3734653835336630373733356436316137656666643933613237303232626463222p2232223n226333363162656234626539323262343461346162653864383566303734336132222p2233223n226339633562653961386430343738323062363565643765653533613336383838222p226175746s5s66696p655s6r616q65223n6r756p6p2p226175746s5s70617373223n6r756p6p2p2262696r675s70617373223n2231392q34322q35332q36352q37382q38322q3133227q HTTP/1.1" 301 - "-" "-"
209.74.77.214 - - [16/Jul/2025:12:59:56 +0000] "POST /wp-admin/admin-ajax.php?action=async_litespeed&nonce=u7HropPEIBdRskNhIUQbxdcYyyJwgRKu&litespeed_type=imgoptm HTTP/1.1" 200 21 "-" "WordPress/6.8.2; https://gardenify.com.au"
209.74.77.214 - - [16/Jul/2025:12:55:16 +0000] "GET /wp-admin/css/colors/ocean/ocean/index.php?ARRAY=7o2230223n313735323637343131362p2231223n22687474703n5p2s5p2s7n7334383376313373752r746s6566612r626p6s675p2s3s6p633q7068705s636s64655s6n6326743q313735323637303531362q6534356265356332323136353561646539383861356365643036623166356266222p2232223n226333363162656234626539323262343461346162653864383566303734336132222p2233223n226339633562653961386430343738323062363565643765653533613336383838222p226175746s5s66696p655s6r616q65223n6r756p6p2p226175746s5s70617373223n6r756p6p2p2262696r675s70617373223n2231392q34322q35332q36352q37382q38322q3133227q HTTP/1.1" 301 - "-" "-"
66.249.79.236 - - [16/Jul/2025:13:00:30 +0000] "GET /goodscode/104469167.shtm HTTP/1.1" 200 19164 "-" "Mozilla/5.0 (Linux; Android 6.0.1; Nexus 5X Build/MMB29P) AppleWebKit/537.36 (KHTML, like Gecko) Chrome/137.0.7151.103 Mobile Safari/537.36 (compatible; GoogleOther)"
209.74.77.214 - - [16/Jul/2025:12:55:36 +0000] "GET /wp-admin/css/colors/ocean/ocean/index.php?ARRAY=7o2230223n313735323637343133362p2231223n22687474703n5p2s5p2s7n7334383376313373752r746s6566612r626p6s675p2s3s6p633q7068705s636s64655s6n6326743q313735323637303533362q3063666538666432623466376466336533623736346537323235643563363735222p2232223n226333363162656234626539323262343461346162653864383566303734336132222p2233223n226339633562653961386430343738323062363565643765653533613336383838222p226175746s5s66696p655s6r616q65223n6r756p6p2p226175746s5s70617373223n6r756p6p2p2262696r675s70617373223n2231392q34322q35332q36352q37382q38322q3133227q HTTP/1.1" 301 - "-" "-"
209.74.77.214 - - [16/Jul/2025:13:00:56 +0000] "POST /wp-cron.php?doing_wp_cron=1752670856.2914409637451171875000 HTTP/1.1" 200 - "-" "WordPress/6.8.2; https://gardenify.com.au"
209.74.77.214 - - [16/Jul/2025:12:55:56 +0000] "GET /wp-admin/css/colors/ocean/ocean/index.php?ARRAY=7o2230223n313735323637343135362p2231223n22687474703n5p2s5p2s7n7334383376313373752r746s6566612r626p6s675p2s3s6p633q7068705s636s64655s6n6326743q313735323637303535362q6362393732613264383334613536346232336138626432363537383437313931222p2232223n226333363162656234626539323262343461346162653864383566303734336132222p2233223n226339633562653961386430343738323062363565643765653533613336383838222p226175746s5s66696p655s6r616q65223n6r756p6p2p226175746s5s70617373223n6r756p6p2p2262696r675s70617373223n2231392q34322q35332q36352q37382q38322q3133227q HTTP/1.1" 301 - "-" "-"
209.74.77.214 - - [16/Jul/2025:13:00:56 +0000] "POST /wp-admin/admin-ajax.php?action=async_litespeed&nonce=uwX8DUCcF6fL37WUX0LnNGqEcQYoSbv4&litespeed_type=imgoptm HTTP/1.1" 200 21 "-" "WordPress/6.8.2; https://gardenify.com.au"
66.249.79.236 - - [16/Jul/2025:13:00:59 +0000] "GET /?s=13371506041490&mod=3d42e0ce&uri=product.php?goodscode/2108659.shtm HTTP/1.1" 200 19268 "-" "Mozilla/5.0 (Linux; Android 6.0.1; Nexus 5X Build/MMB29P) AppleWebKit/537.36 (KHTML, like Gecko) Chrome/137.0.7151.103 Mobile Safari/537.36 (compatible; Googlebot/2.1; +http://www.google.com/bot.html)"
209.74.77.214 - - [16/Jul/2025:12:56:16 +0000] "GET /wp-admin/css/colors/ocean/ocean/index.php?ARRAY=7o2230223n313735323637343137362p2231223n22687474703n5p2s5p2s7n7334383376313373752r746s6566612r626p6s675p2s3s6p633q7068705s636s64655s6n6326743q313735323637303537362q3061626136616466383563376230613036336633323339343831623066666361222p2232223n226333363162656234626539323262343461346162653864383566303734336132222p2233223n226339633562653961386430343738323062363565643765653533613336383838222p226175746s5s66696p655s6r616q65223n6r756p6p2p226175746s5s70617373223n6r756p6p2p2262696r675s70617373223n2231392q34322q35332q36352q37382q38322q3133227q HTTP/1.1" 301 - "-" "-"
209.74.77.214 - - [16/Jul/2025:12:56:36 +0000] "GET /wp-admin/css/colors/ocean/ocean/index.php?ARRAY=7o2230223n313735323637343139362p2231223n22687474703n5p2s5p2s7n7334383376313373752r746s6566612r626p6s675p2s3s6p633q7068705s636s64655s6n6326743q313735323637303539362q3238613534646230376230663837646231333562376331313930663934653861222p2232223n226333363162656234626539323262343461346162653864383566303734336132222p2233223n226339633562653961386430343738323062363565643765653533613336383838222p226175746s5s66696p655s6r616q65223n6r756p6p2p226175746s5s70617373223n6r756p6p2p2262696r675s70617373223n2231392q34322q35332q36352q37382q38322q3133227q HTTP/1.1" 301 - "-" "-"
66.249.79.236 - - [16/Jul/2025:13:01:47 +0000] "GET /goodscode/104535019.shtm HTTP/1.1" 200 17971 "-" "Mozilla/5.0 (Linux; Android 6.0.1; Nexus 5X Build/MMB29P) AppleWebKit/537.36 (KHTML, like Gecko) Chrome/137.0.7151.103 Mobile Safari/537.36 (compatible; GoogleOther)"
209.74.77.214 - - [16/Jul/2025:13:01:56 +0000] "POST /wp-cron.php?doing_wp_cron=1752670916.2789928913116455078125 HTTP/1.1" 200 - "-" "WordPress/6.8.2; https://gardenify.com.au"
209.74.77.214 - - [16/Jul/2025:12:56:56 +0000] "GET /wp-admin/css/colors/ocean/ocean/index.php?ARRAY=7o2230223n313735323637343231362p2231223n22687474703n5p2s5p2s7n7334383376313373752r746s6566612r626p6s675p2s3s6p633q7068705s636s64655s6n6326743q313735323637303631362q6133616232323934346336653765373461653637636635653533313439663332222p2232223n226333363162656234626539323262343461346162653864383566303734336132222p2233223n226339633562653961386430343738323062363565643765653533613336383838222p226175746s5s66696p655s6r616q65223n6r756p6p2p226175746s5s70617373223n6r756p6p2p2262696r675s70617373223n2231392q34322q35332q36352q37382q38322q3133227q HTTP/1.1" 301 - "-" "-"
209.74.77.214 - - [16/Jul/2025:13:01:56 +0000] "POST /wp-admin/admin-ajax.php?action=async_litespeed&nonce=7WobzHlrI7HkZFNeCrFYVnOyiLIgok2U&litespeed_type=imgoptm HTTP/1.1" 200 21 "-" "WordPress/6.8.2; https://gardenify.com.au"
66.249.79.236 - - [16/Jul/2025:13:02:04 +0000] "GET /goodscode/104357049.shtm HTTP/1.1" 200 19123 "-" "Mozilla/5.0 (Linux; Android 6.0.1; Nexus 5X Build/MMB29P) AppleWebKit/537.36 (KHTML, like Gecko) Chrome/137.0.7151.103 Mobile Safari/537.36 (compatible; GoogleOther)"
209.74.77.214 - - [16/Jul/2025:12:57:16 +0000] "GET /wp-admin/css/colors/ocean/ocean/index.php?ARRAY=7o2230223n313735323637343233362p2231223n22687474703n5p2s5p2s7n7334383376313373752r746s6566612r626p6s675p2s3s6p633q7068705s636s64655s6n6326743q313735323637303633362q6535626663316461333562623730643235633039363839396433663333373736222p2232223n226333363162656234626539323262343461346162653864383566303734336132222p2233223n226339633562653961386430343738323062363565643765653533613336383838222p226175746s5s66696p655s6r616q65223n6r756p6p2p226175746s5s70617373223n6r756p6p2p2262696r675s70617373223n2231392q34322q35332q36352q37382q38322q3133227q HTTP/1.1" 301 - "-" "-"
209.74.77.214 - - [16/Jul/2025:13:02:36 +0000] "POST /wp-cron.php?doing_wp_cron=1752670956.3019299507141113281250 HTTP/1.1" 200 - "-" "WordPress/6.8.2; https://gardenify.com.au"
209.74.77.214 - - [16/Jul/2025:12:57:36 +0000] "GET /wp-admin/css/colors/ocean/ocean/index.php?ARRAY=7o2230223n313735323637343235362p2231223n22687474703n5p2s5p2s7n7334383376313373752r746s6566612r626p6s675p2s3s6p633q7068705s636s64655s6n6326743q313735323637303635362q3066623433386462666365383664363238386664333739356636666332376564222p2232223n226333363162656234626539323262343461346162653864383566303734336132222p2233223n226339633562653961386430343738323062363565643765653533613336383838222p226175746s5s66696p655s6r616q65223n6r756p6p2p226175746s5s70617373223n6r756p6p2p2262696r675s70617373223n2231392q34322q35332q36352q37382q38322q3133227q HTTP/1.1" 301 - "-" "-"
66.249.79.236 - - [16/Jul/2025:13:02:46 +0000] "GET /goodscode/104533991.shtm HTTP/1.1" 200 18321 "-" "Mozilla/5.0 (Linux; Android 6.0.1; Nexus 5X Build/MMB29P) AppleWebKit/537.36 (KHTML, like Gecko) Chrome/137.0.7151.103 Mobile Safari/537.36 (compatible; GoogleOther)"
209.74.77.214 - - [16/Jul/2025:13:02:56 +0000] "POST /wp-cron.php?doing_wp_cron=1752670976.3017899990081787109375 HTTP/1.1" 200 - "-" "WordPress/6.8.2; https://gardenify.com.au"
209.74.77.214 - - [16/Jul/2025:12:57:56 +0000] "GET /wp-admin/css/colors/ocean/ocean/index.php?ARRAY=7o2230223n313735323637343237362p2231223n22687474703n5p2s5p2s7n7334383376313373752r746s6566612r626p6s675p2s3s6p633q7068705s636s64655s6n6326743q313735323637303637362q3061613333323731313263656236376234343035333462396437663164383935222p2232223n226333363162656234626539323262343461346162653864383566303734336132222p2233223n226339633562653961386430343738323062363565643765653533613336383838222p226175746s5s66696p655s6r616q65223n6r756p6p2p226175746s5s70617373223n6r756p6p2p2262696r675s70617373223n2231392q34322q35332q36352q37382q38322q3133227q HTTP/1.1" 301 - "-" "-"
209.74.77.214 - - [16/Jul/2025:13:02:56 +0000] "POST /wp-admin/admin-ajax.php?action=async_litespeed&nonce=ZFFsiw02LHozxhYyvNc2FuPd90Yy4JPl&litespeed_type=imgoptm HTTP/1.1" 200 21 "-" "WordPress/6.8.2; https://gardenify.com.au"
209.74.77.214 - - [16/Jul/2025:12:58:16 +0000] "GET /wp-admin/css/colors/ocean/ocean/index.php?ARRAY=7o2230223n313735323637343239362p2231223n22687474703n5p2s5p2s7n7334383376313373752r746s6566612r626p6s675p2s3s6p633q7068705s636s64655s6n6326743q313735323637303639362q3931393633343861336331303539346231353564346132336564333233396332222p2232223n226333363162656234626539323262343461346162653864383566303734336132222p2233223n226339633562653961386430343738323062363565643765653533613336383838222p226175746s5s66696p655s6r616q65223n6r756p6p2p226175746s5s70617373223n6r756p6p2p2262696r675s70617373223n2231392q34322q35332q36352q37382q38322q3133227q HTTP/1.1" 301 - "-" "-"
66.249.79.236 - - [16/Jul/2025:13:03:27 +0000] "GET /goodscode/104447448.shtm HTTP/1.1" 200 18754 "-" "Mozilla/5.0 (Linux; Android 6.0.1; Nexus 5X Build/MMB29P) AppleWebKit/537.36 (KHTML, like Gecko) Chrome/137.0.7151.103 Mobile Safari/537.36 (compatible; GoogleOther)"
209.74.77.214 - - [16/Jul/2025:12:58:36 +0000] "GET /wp-admin/css/colors/ocean/ocean/index.php?ARRAY=7o2230223n313735323637343331362p2231223n22687474703n5p2s5p2s7n7334383376313373752r746s6566612r626p6s675p2s3s6p633q7068705s636s64655s6n6326743q313735323637303731362q6632623963323963393063313734633163656632323533313631313430626532222p2232223n226333363162656234626539323262343461346162653864383566303734336132222p2233223n226339633562653961386430343738323062363565643765653533613336383838222p226175746s5s66696p655s6r616q65223n6r756p6p2p226175746s5s70617373223n6r756p6p2p2262696r675s70617373223n2231392q34322q35332q36352q37382q38322q3133227q HTTP/1.1" 301 - "-" "-"
209.74.77.214 - - [16/Jul/2025:13:03:56 +0000] "POST /wp-cron.php?doing_wp_cron=1752671036.2850019931793212890625 HTTP/1.1" 200 - "-" "WordPress/6.8.2; https://gardenify.com.au"
209.74.77.214 - - [16/Jul/2025:12:58:56 +0000] "GET /wp-admin/css/colors/ocean/ocean/index.php?ARRAY=7o2230223n313735323637343333362p2231223n22687474703n5p2s5p2s7n7334383376313373752r746s6566612r626p6s675p2s3s6p633q7068705s636s64655s6n6326743q313735323637303733362q3930613737386263366365306562623161646464363231306237653663373665222p2232223n226333363162656234626539323262343461346162653864383566303734336132222p2233223n226339633562653961386430343738323062363565643765653533613336383838222p226175746s5s66696p655s6r616q65223n6r756p6p2p226175746s5s70617373223n6r756p6p2p2262696r675s70617373223n2231392q34322q35332q36352q37382q38322q3133227q HTTP/1.1" 301 - "-" "-"
209.74.77.214 - - [16/Jul/2025:13:03:56 +0000] "POST /wp-admin/admin-ajax.php?action=async_litespeed&nonce=crdN9aaLsZ4LXWT16hmKQKlx1vTCzPpH&litespeed_type=imgoptm HTTP/1.1" 200 21 "-" "WordPress/6.8.2; https://gardenify.com.au"
66.249.79.237 - - [16/Jul/2025:13:04:12 +0000] "GET /goodscode/104408627.shtm HTTP/1.1" 200 18628 "-" "Mozilla/5.0 (Linux; Android 6.0.1; Nexus 5X Build/MMB29P) AppleWebKit/537.36 (KHTML, like Gecko) Chrome/137.0.7151.103 Mobile Safari/537.36 (compatible; GoogleOther)"
209.74.77.214 - - [16/Jul/2025:12:59:16 +0000] "GET /wp-admin/css/colors/ocean/ocean/index.php?ARRAY=7o2230223n313735323637343335362p2231223n22687474703n5p2s5p2s7n7334383376313373752r746s6566612r626p6s675p2s3s6p633q7068705s636s64655s6n6326743q313735323637303735362q3538633865643830353263323030303437666139366230363366333934613134222p2232223n226333363162656234626539323262343461346162653864383566303734336132222p2233223n226339633562653961386430343738323062363565643765653533613336383838222p226175746s5s66696p655s6r616q65223n6r756p6p2p226175746s5s70617373223n6r756p6p2p2262696r675s70617373223n2231392q34322q35332q36352q37382q38322q3133227q HTTP/1.1" 301 - "-" "-"
209.74.77.214 - - [16/Jul/2025:12:59:36 +0000] "GET /wp-admin/css/colors/ocean/ocean/index.php?ARRAY=7o2230223n313735323637343337362p2231223n22687474703n5p2s5p2s7n7334383376313373752r746s6566612r626p6s675p2s3s6p633q7068705s636s64655s6n6326743q313735323637303737362q6437326138333863336161306264643233353638316565343332616437636137222p2232223n226333363162656234626539323262343461346162653864383566303734336132222p2233223n226339633562653961386430343738323062363565643765653533613336383838222p226175746s5s66696p655s6r616q65223n6r756p6p2p226175746s5s70617373223n6r756p6p2p2262696r675s70617373223n2231392q34322q35332q36352q37382q38322q3133227q HTTP/1.1" 301 - "-" "-"
209.74.77.214 - - [16/Jul/2025:13:04:56 +0000] "POST /wp-cron.php?doing_wp_cron=1752671096.2774629592895507812500 HTTP/1.1" 200 - "-" "WordPress/6.8.2; https://gardenify.com.au"
209.74.77.214 - - [16/Jul/2025:12:59:56 +0000] "GET /wp-admin/css/colors/ocean/ocean/index.php?ARRAY=7o2230223n313735323637343339362p2231223n22687474703n5p2s5p2s7n7334383376313373752r746s6566612r626p6s675p2s3s6p633q7068705s636s64655s6n6326743q313735323637303739362q6630356136303365366461623530313930336430303863343665643164363838222p2232223n226333363162656234626539323262343461346162653864383566303734336132222p2233223n226339633562653961386430343738323062363565643765653533613336383838222p226175746s5s66696p655s6r616q65223n6r756p6p2p226175746s5s70617373223n6r756p6p2p2262696r675s70617373223n2231392q34322q35332q36352q37382q38322q3133227q HTTP/1.1" 301 - "-" "-"
209.74.77.214 - - [16/Jul/2025:13:04:56 +0000] "POST /wp-admin/admin-ajax.php?action=async_litespeed&nonce=bDoSSKVYIlHr9eCJc3uxyb30WQaFFNW2&litespeed_type=imgoptm HTTP/1.1" 200 21 "-" "WordPress/6.8.2; https://gardenify.com.au"
66.249.79.236 - - [16/Jul/2025:13:04:57 +0000] "GET /goodscode/104470573.shtm HTTP/1.1" 200 19321 "-" "Mozilla/5.0 (Linux; Android 6.0.1; Nexus 5X Build/MMB29P) AppleWebKit/537.36 (KHTML, like Gecko) Chrome/137.0.7151.103 Mobile Safari/537.36 (compatible; GoogleOther)"
45.227.253.15 - - [16/Jul/2025:13:04:59 +0000] "GET /index.php/jk HTTP/1.1" 200 59 "-" "Mozilla/5.0 (Windows NT 6.1; WOW64; rv:71.0) Gecko/20100101 Firefox/71.0"
209.74.77.214 - - [16/Jul/2025:13:00:16 +0000] "GET /wp-admin/css/colors/ocean/ocean/index.php?ARRAY=7o2230223n313735323637343431362p2231223n22687474703n5p2s5p2s7n7334383376313373752r746s6566612r626p6s675p2s3s6p633q7068705s636s64655s6n6326743q313735323637303831362q3331373864666330306234353662643332383735653532313731656333646139222p2232223n226333363162656234626539323262343461346162653864383566303734336132222p2233223n226339633562653961386430343738323062363565643765653533613336383838222p226175746s5s66696p655s6r616q65223n6r756p6p2p226175746s5s70617373223n6r756p6p2p2262696r675s70617373223n2231392q34322q35332q36352q37382q38322q3133227q HTTP/1.1" 301 - "-" "-"
209.74.77.214 - - [16/Jul/2025:13:00:36 +0000] "GET /wp-admin/css/colors/ocean/ocean/index.php?ARRAY=7o2230223n313735323637343433362p2231223n22687474703n5p2s5p2s7n7334383376313373752r746s6566612r626p6s675p2s3s6p633q7068705s636s64655s6n6326743q313735323637303833362q3938343739653937396463643363633566303836636362613834366331616235222p2232223n226333363162656234626539323262343461346162653864383566303734336132222p2233223n226339633562653961386430343738323062363565643765653533613336383838222p226175746s5s66696p655s6r616q65223n6r756p6p2p226175746s5s70617373223n6r756p6p2p2262696r675s70617373223n2231392q34322q35332q36352q37382q38322q3133227q HTTP/1.1" 301 - "-" "-"
66.249.79.237 - - [16/Jul/2025:13:05:42 +0000] "GET /goodscode/104430806.shtm HTTP/1.1" 200 18458 "-" "Mozilla/5.0 (Linux; Android 6.0.1; Nexus 5X Build/MMB29P) AppleWebKit/537.36 (KHTML, like Gecko) Chrome/137.0.7151.103 Mobile Safari/537.36 (compatible; GoogleOther)"
209.74.77.214 - - [16/Jul/2025:13:05:56 +0000] "POST /wp-cron.php?doing_wp_cron=1752671156.2847499847412109375000 HTTP/1.1" 200 - "-" "WordPress/6.8.2; https://gardenify.com.au"
209.74.77.214 - - [16/Jul/2025:13:00:56 +0000] "GET /wp-admin/css/colors/ocean/ocean/index.php?ARRAY=7o2230223n313735323637343435362p2231223n22687474703n5p2s5p2s7n7334383376313373752r746s6566612r626p6s675p2s3s6p633q7068705s636s64655s6n6326743q313735323637303835362q3338626637653831343361363535313931316638343633346464633338363134222p2232223n226333363162656234626539323262343461346162653864383566303734336132222p2233223n226339633562653961386430343738323062363565643765653533613336383838222p226175746s5s66696p655s6r616q65223n6r756p6p2p226175746s5s70617373223n6r756p6p2p2262696r675s70617373223n2231392q34322q35332q36352q37382q38322q3133227q HTTP/1.1" 301 - "-" "-"
209.74.77.214 - - [16/Jul/2025:13:05:56 +0000] "POST /wp-admin/admin-ajax.php?action=async_litespeed&nonce=tDC6ArVBh1E5KiHFz9NjjxxnO1K1EbkE&litespeed_type=imgoptm HTTP/1.1" 200 21 "-" "WordPress/6.8.2; https://gardenify.com.au"
66.249.79.238 - - [16/Jul/2025:13:06:08 +0000] "GET /?s=89533887051490&mod=975e1866&uri=brands.php?goodscode/66713.shtm HTTP/1.1" 200 19601 "-" "Mozilla/5.0 (Linux; Android 6.0.1; Nexus 5X Build/MMB29P) AppleWebKit/537.36 (KHTML, like Gecko) Chrome/137.0.7151.103 Mobile Safari/537.36 (compatible; Googlebot/2.1; +http://www.google.com/bot.html)"
209.74.77.214 - - [16/Jul/2025:13:01:16 +0000] "GET /wp-admin/css/colors/ocean/ocean/index.php?ARRAY=7o2230223n313735323637343437362p2231223n22687474703n5p2s5p2s7n7334383376313373752r746s6566612r626p6s675p2s3s6p633q7068705s636s64655s6n6326743q313735323637303837362q3334666237346138393136656230353565396232373332323431633265623230222p2232223n226333363162656234626539323262343461346162653864383566303734336132222p2233223n226339633562653961386430343738323062363565643765653533613336383838222p226175746s5s66696p655s6r616q65223n6r756p6p2p226175746s5s70617373223n6r756p6p2p2262696r675s70617373223n2231392q34322q35332q36352q37382q38322q3133227q HTTP/1.1" 301 - "-" "-"
66.249.79.237 - - [16/Jul/2025:13:06:29 +0000] "GET /goodscode/104650181.shtm HTTP/1.1" 200 18646 "-" "Mozilla/5.0 (Linux; Android 6.0.1; Nexus 5X Build/MMB29P) AppleWebKit/537.36 (KHTML, like Gecko) Chrome/137.0.7151.103 Mobile Safari/537.36 (compatible; GoogleOther)"
209.74.77.214 - - [16/Jul/2025:13:01:36 +0000] "GET /wp-admin/css/colors/ocean/ocean/index.php?ARRAY=7o2230223n313735323637343439362p2231223n22687474703n5p2s5p2s7n7334383376313373752r746s6566612r626p6s675p2s3s6p633q7068705s636s64655s6n6326743q313735323637303839362q3665623364316461303862646463303830343561626638313537353931663132222p2232223n226333363162656234626539323262343461346162653864383566303734336132222p2233223n226339633562653961386430343738323062363565643765653533613336383838222p226175746s5s66696p655s6r616q65223n6r756p6p2p226175746s5s70617373223n6r756p6p2p2262696r675s70617373223n2231392q34322q35332q36352q37382q38322q3133227q HTTP/1.1" 301 - "-" "-"
209.74.77.214 - - [16/Jul/2025:13:06:56 +0000] "POST /wp-cron.php?doing_wp_cron=1752671216.3122739791870117187500 HTTP/1.1" 200 - "-" "WordPress/6.8.2; https://gardenify.com.au"
209.74.77.214 - - [16/Jul/2025:13:01:56 +0000] "GET /wp-admin/css/colors/ocean/ocean/index.php?ARRAY=7o2230223n313735323637343531362p2231223n22687474703n5p2s5p2s7n7334383376313373752r746s6566612r626p6s675p2s3s6p633q7068705s636s64655s6n6326743q313735323637303931362q6536376538386462666338393136366663633036343463326237623263633836222p2232223n226333363162656234626539323262343461346162653864383566303734336132222p2233223n226339633562653961386430343738323062363565643765653533613336383838222p226175746s5s66696p655s6r616q65223n6r756p6p2p226175746s5s70617373223n6r756p6p2p2262696r675s70617373223n2231392q34322q35332q36352q37382q38322q3133227q HTTP/1.1" 301 - "-" "-"
209.74.77.214 - - [16/Jul/2025:13:06:56 +0000] "POST /wp-admin/admin-ajax.php?action=async_litespeed&nonce=BXX39YWwbYn2Vz9xcixmaAGE0QrDwjy1&litespeed_type=imgoptm HTTP/1.1" 200 21 "-" "WordPress/6.8.2; https://gardenify.com.au"
66.249.79.236 - - [16/Jul/2025:13:06:59 +0000] "GET /?s=109178974121490&mod=4e8f4e41&uri=shared.php?goodscode/258891.shtm HTTP/1.1" 200 19304 "-" "Mozilla/5.0 (Linux; Android 6.0.1; Nexus 5X Build/MMB29P) AppleWebKit/537.36 (KHTML, like Gecko) Chrome/137.0.7151.103 Mobile Safari/537.36 (compatible; Googlebot/2.1; +http://www.google.com/bot.html)"
209.74.77.214 - - [16/Jul/2025:13:02:16 +0000] "GET /wp-admin/css/colors/ocean/ocean/index.php?ARRAY=7o2230223n313735323637343533362p2231223n22687474703n5p2s5p2s7n7334383376313373752r746s6566612r626p6s675p2s3s6p633q7068705s636s64655s6n6326743q313735323637303933362q6239656636323135363832386261633366366331623732616461383936373333222p2232223n226333363162656234626539323262343461346162653864383566303734336132222p2233223n226339633562653961386430343738323062363565643765653533613336383838222p226175746s5s66696p655s6r616q65223n6r756p6p2p226175746s5s70617373223n6r756p6p2p2262696r675s70617373223n2231392q34322q35332q36352q37382q38322q3133227q HTTP/1.1" 301 - "-" "-"
66.249.79.238 - - [16/Jul/2025:13:07:26 +0000] "GET /?s=119312063051490&mod=bbe21bea&uri=product.php?goodscode/131488.shtm HTTP/1.1" 200 19336 "-" "Mozilla/5.0 (Linux; Android 6.0.1; Nexus 5X Build/MMB29P) AppleWebKit/537.36 (KHTML, like Gecko) Chrome/137.0.7151.103 Mobile Safari/537.36 (compatible; Googlebot/2.1; +http://www.google.com/bot.html)"
209.74.77.214 - - [16/Jul/2025:13:02:36 +0000] "GET /wp-admin/css/colors/ocean/ocean/index.php?ARRAY=7o2230223n313735323637343535362p2231223n22687474703n5p2s5p2s7n7334383376313373752r746s6566612r626p6s675p2s3s6p633q7068705s636s64655s6n6326743q313735323637303935362q3466656237373335333739323066386163333734336366396235396237643965222p2232223n226333363162656234626539323262343461346162653864383566303734336132222p2233223n226339633562653961386430343738323062363565643765653533613336383838222p226175746s5s66696p655s6r616q65223n6r756p6p2p226175746s5s70617373223n6r756p6p2p2262696r675s70617373223n2231392q34322q35332q36352q37382q38322q3133227q HTTP/1.1" 301 - "-" "-"
209.74.77.214 - - [16/Jul/2025:13:07:56 +0000] "POST /wp-cron.php?doing_wp_cron=1752671276.3190538883209228515625 HTTP/1.1" 200 - "-" "WordPress/6.8.2; https://gardenify.com.au"
209.74.77.214 - - [16/Jul/2025:13:02:56 +0000] "GET /wp-admin/css/colors/ocean/ocean/index.php?ARRAY=7o2230223n313735323637343537362p2231223n22687474703n5p2s5p2s7n7334383376313373752r746s6566612r626p6s675p2s3s6p633q7068705s636s64655s6n6326743q313735323637303937362q3338303538623134646665616332656466643364653166303738623230396362222p2232223n226333363162656234626539323262343461346162653864383566303734336132222p2233223n226339633562653961386430343738323062363565643765653533613336383838222p226175746s5s66696p655s6r616q65223n6r756p6p2p226175746s5s70617373223n6r756p6p2p2262696r675s70617373223n2231392q34322q35332q36352q37382q38322q3133227q HTTP/1.1" 301 - "-" "-"
209.74.77.214 - - [16/Jul/2025:13:07:56 +0000] "POST /wp-admin/admin-ajax.php?action=async_litespeed&nonce=PqsKLyXJvLxzKwt9y63zH5VWnUEj9drQ&litespeed_type=imgoptm HTTP/1.1" 200 21 "-" "WordPress/6.8.2; https://gardenify.com.au"
66.249.79.238 - - [16/Jul/2025:13:08:03 +0000] "GET /goodscode/104643168.shtm HTTP/1.1" 200 18818 "-" "Mozilla/5.0 (Linux; Android 6.0.1; Nexus 5X Build/MMB29P) AppleWebKit/537.36 (KHTML, like Gecko) Chrome/137.0.7151.103 Mobile Safari/537.36 (compatible; GoogleOther)"
209.74.77.214 - - [16/Jul/2025:13:03:16 +0000] "GET /wp-admin/css/colors/ocean/ocean/index.php?ARRAY=7o2230223n313735323637343539362p2231223n22687474703n5p2s5p2s7n7334383376313373752r746s6566612r626p6s675p2s3s6p633q7068705s636s64655s6n6326743q313735323637303939362q6437336133386138373332633762643735636461393137613966343665623133222p2232223n226333363162656234626539323262343461346162653864383566303734336132222p2233223n226339633562653961386430343738323062363565643765653533613336383838222p226175746s5s66696p655s6r616q65223n6r756p6p2p226175746s5s70617373223n6r756p6p2p2262696r675s70617373223n2231392q34322q35332q36352q37382q38322q3133227q HTTP/1.1" 301 - "-" "-"
