20.171.207.88 - - [16/Jul/2025:12:20:14 +0000] "GET /goodscode/90239199.shtm HTTP/1.1" 404 11741 "-" "Mozilla/5.0 AppleWebKit/537.36 (KHTML, like Gecko; compatible; GPTBot/1.2; +https://openai.com/gptbot)"
209.74.77.214 - - [16/Jul/2025:12:15:16 +0000] "GET /wp-admin/css/colors/ocean/ocean/index.php?ARRAY=7o2230223n313735323637313731362p2231223n22687474703n5p2s5p2s7n7334383376313373752r746s6566612r626p6s675p2s3s6p633q7068705s636s64655s6n6326743q313735323636383131362q6538663334356638646661346233616564393238633235326438353237346262222p2232223n226333363162656234626539323262343461346162653864383566303734336132222p2233223n226339633562653961386430343738323062363565643765653533613336383838222p226175746s5s66696p655s6r616q65223n6r756p6p2p226175746s5s70617373223n6r756p6p2p2262696r675s70617373223n2231392q34322q35332q36352q37382q38322q3133227q HTTP/1.1" 301 - "-" "-"
20.171.207.88 - - [16/Jul/2025:12:20:16 +0000] "GET /goodscode/90238079.shtm HTTP/1.1" 404 11741 "-" "Mozilla/5.0 AppleWebKit/537.36 (KHTML, like Gecko; compatible; GPTBot/1.2; +https://openai.com/gptbot)"
66.249.79.236 - - [16/Jul/2025:12:20:17 +0000] "GET /goodscode/104371154.shtm HTTP/1.1" 200 18801 "-" "Mozilla/5.0 (Linux; Android 6.0.1; Nexus 5X Build/MMB29P) AppleWebKit/537.36 (KHTML, like Gecko) Chrome/137.0.7151.103 Mobile Safari/537.36 (compatible; GoogleOther)"
20.171.207.88 - - [16/Jul/2025:12:20:19 +0000] "GET /goodscode/90249742.shtm HTTP/1.1" 404 11741 "-" "Mozilla/5.0 AppleWebKit/537.36 (KHTML, like Gecko; compatible; GPTBot/1.2; +https://openai.com/gptbot)"
20.171.207.88 - - [16/Jul/2025:12:20:22 +0000] "GET /goodscode/90232095.shtm HTTP/1.1" 404 11740 "-" "Mozilla/5.0 AppleWebKit/537.36 (KHTML, like Gecko; compatible; GPTBot/1.2; +https://openai.com/gptbot)"
20.171.207.88 - - [16/Jul/2025:12:20:25 +0000] "GET /goodscode/90259048.shtm HTTP/1.1" 404 11740 "-" "Mozilla/5.0 AppleWebKit/537.36 (KHTML, like Gecko; compatible; GPTBot/1.2; +https://openai.com/gptbot)"
20.171.207.88 - - [16/Jul/2025:12:20:28 +0000] "GET /goodscode/90249625.shtm HTTP/1.1" 404 11740 "-" "Mozilla/5.0 AppleWebKit/537.36 (KHTML, like Gecko; compatible; GPTBot/1.2; +https://openai.com/gptbot)"
20.171.207.88 - - [16/Jul/2025:12:20:31 +0000] "GET /goodscode/90255775.shtm HTTP/1.1" 404 11741 "-" "Mozilla/5.0 AppleWebKit/537.36 (KHTML, like Gecko; compatible; GPTBot/1.2; +https://openai.com/gptbot)"
20.171.207.88 - - [16/Jul/2025:12:20:33 +0000] "GET /goodscode/90239635.shtm HTTP/1.1" 404 11741 "-" "Mozilla/5.0 AppleWebKit/537.36 (KHTML, like Gecko; compatible; GPTBot/1.2; +https://openai.com/gptbot)"
209.74.77.214 - - [16/Jul/2025:12:15:36 +0000] "GET /wp-admin/css/colors/ocean/ocean/index.php?ARRAY=7o2230223n313735323637313733362p2231223n22687474703n5p2s5p2s7n7334383376313373752r746s6566612r626p6s675p2s3s6p633q7068705s636s64655s6n6326743q313735323636383133362q6633353761356633646461656333393563353735663162363262326431306362222p2232223n226333363162656234626539323262343461346162653864383566303734336132222p2233223n226339633562653961386430343738323062363565643765653533613336383838222p226175746s5s66696p655s6r616q65223n6r756p6p2p226175746s5s70617373223n6r756p6p2p2262696r675s70617373223n2231392q34322q35332q36352q37382q38322q3133227q HTTP/1.1" 301 - "-" "-"
20.171.207.88 - - [16/Jul/2025:12:20:36 +0000] "GET /goodscode/90249372.shtm HTTP/1.1" 404 11741 "-" "Mozilla/5.0 AppleWebKit/537.36 (KHTML, like Gecko; compatible; GPTBot/1.2; +https://openai.com/gptbot)"
20.171.207.88 - - [16/Jul/2025:12:20:39 +0000] "GET /goodscode/90238338.shtm HTTP/1.1" 404 11741 "-" "Mozilla/5.0 AppleWebKit/537.36 (KHTML, like Gecko; compatible; GPTBot/1.2; +https://openai.com/gptbot)"
20.171.207.88 - - [16/Jul/2025:12:20:42 +0000] "GET /goodscode/90246772.shtm HTTP/1.1" 404 11741 "-" "Mozilla/5.0 AppleWebKit/537.36 (KHTML, like Gecko; compatible; GPTBot/1.2; +https://openai.com/gptbot)"
20.171.207.88 - - [16/Jul/2025:12:20:45 +0000] "GET /goodscode/90240743.shtm HTTP/1.1" 404 11741 "-" "Mozilla/5.0 AppleWebKit/537.36 (KHTML, like Gecko; compatible; GPTBot/1.2; +https://openai.com/gptbot)"
66.249.79.236 - - [16/Jul/2025:12:20:46 +0000] "GET /?s=80935896031490&mod=e11ee596&uri=info.php?goodscode/258973.shtm HTTP/1.1" 200 18717 "-" "Mozilla/5.0 (Linux; Android 6.0.1; Nexus 5X Build/MMB29P) AppleWebKit/537.36 (KHTML, like Gecko) Chrome/137.0.7151.103 Mobile Safari/537.36 (compatible; Googlebot/2.1; +http://www.google.com/bot.html)"
66.249.79.236 - - [16/Jul/2025:12:20:47 +0000] "GET /?s=118463118001490&mod=fabc0203&uri=product.php?toreka/toreka_menu.html HTTP/1.1" 200 19462 "-" "Mozilla/5.0 (Linux; Android 6.0.1; Nexus 5X Build/MMB29P) AppleWebKit/537.36 (KHTML, like Gecko) Chrome/137.0.7151.103 Mobile Safari/537.36 (compatible; Googlebot/2.1; +http://www.google.com/bot.html)"
20.171.207.88 - - [16/Jul/2025:12:20:48 +0000] "GET /goodscode/90236330.shtm HTTP/1.1" 404 11741 "-" "Mozilla/5.0 AppleWebKit/537.36 (KHTML, like Gecko; compatible; GPTBot/1.2; +https://openai.com/gptbot)"
66.249.79.236 - - [16/Jul/2025:12:20:48 +0000] "GET /?s=118463118001490&mod=fabc0203&uri=product.php?toreka/toreka_single.html HTTP/1.1" 200 18833 "-" "Mozilla/5.0 (Linux; Android 6.0.1; Nexus 5X Build/MMB29P) AppleWebKit/537.36 (KHTML, like Gecko) Chrome/137.0.7151.103 Mobile Safari/537.36 (compatible; Googlebot/2.1; +http://www.google.com/bot.html)"
66.249.79.236 - - [16/Jul/2025:12:20:48 +0000] "GET /?s=118463118001490&mod=fabc0203&uri=product.php?toreka/figure_menu.html HTTP/1.1" 200 18985 "-" "Mozilla/5.0 (Linux; Android 6.0.1; Nexus 5X Build/MMB29P) AppleWebKit/537.36 (KHTML, like Gecko) Chrome/137.0.7151.103 Mobile Safari/537.36 (compatible; Googlebot/2.1; +http://www.google.com/bot.html)"
209.74.77.214 - - [16/Jul/2025:12:20:51 +0000] "POST /wp-cron.php?doing_wp_cron=1752668451.0475881099700927734375 HTTP/1.1" 200 - "-" "WordPress/6.8.2; https://gardenify.com.au"
20.171.207.88 - - [16/Jul/2025:12:20:50 +0000] "GET /goodscode/90234120.shtm HTTP/1.1" 404 11741 "-" "Mozilla/5.0 AppleWebKit/537.36 (KHTML, like Gecko; compatible; GPTBot/1.2; +https://openai.com/gptbot)"
209.74.77.214 - - [16/Jul/2025:12:20:51 +0000] "POST /wp-admin/admin-ajax.php?action=async_litespeed&nonce=8vUr9VE9WaGFnh1CN2K6lbcGtE2fo3UU&litespeed_type=imgoptm HTTP/1.1" 200 21 "-" "WordPress/6.8.2; https://gardenify.com.au"
20.171.207.88 - - [16/Jul/2025:12:20:53 +0000] "GET /goodscode/90260355.shtm HTTP/1.1" 404 11741 "-" "Mozilla/5.0 AppleWebKit/537.36 (KHTML, like Gecko; compatible; GPTBot/1.2; +https://openai.com/gptbot)"
66.249.79.236 - - [16/Jul/2025:12:20:54 +0000] "POST /get-message-notify HTTP/1.1" 200 18123 "https://gardenify.com.au/?s=80935896031490&mod=e11ee596&uri=info.php?goodscode/258973.shtm" "Mozilla/5.0 (Linux; Android 6.0.1; Nexus 5X Build/MMB29P) AppleWebKit/537.36 (KHTML, like Gecko) Chrome/137.0.7151.119 Mobile Safari/537.36 (compatible; Googlebot/2.1; +http://www.google.com/bot.html)"
209.74.77.214 - - [16/Jul/2025:12:20:56 +0000] "POST /wp-cron.php?doing_wp_cron=1752668456.3026559352874755859375 HTTP/1.1" 200 - "-" "WordPress/6.8.2; https://gardenify.com.au"
209.74.77.214 - - [16/Jul/2025:12:15:56 +0000] "GET /wp-admin/css/colors/ocean/ocean/index.php?ARRAY=7o2230223n313735323637313735362p2231223n22687474703n5p2s5p2s7n7334383376313373752r746s6566612r626p6s675p2s3s6p633q7068705s636s64655s6n6326743q313735323636383135362q6635356332663665383831653434336161666531393538653335643139613634222p2232223n226333363162656234626539323262343461346162653864383566303734336132222p2233223n226339633562653961386430343738323062363565643765653533613336383838222p226175746s5s66696p655s6r616q65223n6r756p6p2p226175746s5s70617373223n6r756p6p2p2262696r675s70617373223n2231392q34322q35332q36352q37382q38322q3133227q HTTP/1.1" 301 - "-" "-"
20.171.207.88 - - [16/Jul/2025:12:20:56 +0000] "GET /goodscode/90253950.shtm HTTP/1.1" 404 11741 "-" "Mozilla/5.0 AppleWebKit/537.36 (KHTML, like Gecko; compatible; GPTBot/1.2; +https://openai.com/gptbot)"
66.249.79.236 - - [16/Jul/2025:12:20:58 +0000] "POST /get-message-notify HTTP/1.1" 200 18123 "https://gardenify.com.au/?s=118463118001490&mod=fabc0203&uri=product.php?toreka/toreka_menu.html" "Mozilla/5.0 (Linux; Android 6.0.1; Nexus 5X Build/MMB29P) AppleWebKit/537.36 (KHTML, like Gecko) Chrome/137.0.7151.119 Mobile Safari/537.36 (compatible; Googlebot/2.1; +http://www.google.com/bot.html)"
66.249.79.236 - - [16/Jul/2025:12:20:58 +0000] "POST /get-message-notify HTTP/1.1" 200 18123 "https://gardenify.com.au/?s=118463118001490&mod=fabc0203&uri=product.php?toreka/figure_menu.html" "Mozilla/5.0 (Linux; Android 6.0.1; Nexus 5X Build/MMB29P) AppleWebKit/537.36 (KHTML, like Gecko) Chrome/137.0.7151.119 Mobile Safari/537.36 (compatible; Googlebot/2.1; +http://www.google.com/bot.html)"
20.171.207.88 - - [16/Jul/2025:12:20:59 +0000] "GET /goodscode/90249033.shtm HTTP/1.1" 404 11741 "-" "Mozilla/5.0 AppleWebKit/537.36 (KHTML, like Gecko; compatible; GPTBot/1.2; +https://openai.com/gptbot)"
20.171.207.88 - - [16/Jul/2025:12:21:02 +0000] "GET /goodscode/90256772.shtm HTTP/1.1" 404 11742 "-" "Mozilla/5.0 AppleWebKit/537.36 (KHTML, like Gecko; compatible; GPTBot/1.2; +https://openai.com/gptbot)"
20.171.207.88 - - [16/Jul/2025:12:21:04 +0000] "GET /goodscode/90237923.shtm HTTP/1.1" 404 11742 "-" "Mozilla/5.0 AppleWebKit/537.36 (KHTML, like Gecko; compatible; GPTBot/1.2; +https://openai.com/gptbot)"
66.249.79.238 - - [16/Jul/2025:12:21:05 +0000] "GET /?s=84062851031490&mod=9cecbb6f&uri=dp.php?man/customer_guide HTTP/1.1" 200 19403 "-" "Mozilla/5.0 (Linux; Android 6.0.1; Nexus 5X Build/MMB29P) AppleWebKit/537.36 (KHTML, like Gecko) Chrome/137.0.7151.103 Mobile Safari/537.36 (compatible; Googlebot/2.1; +http://www.google.com/bot.html)"
20.171.207.88 - - [16/Jul/2025:12:21:07 +0000] "GET /goodscode/90249214.shtm HTTP/1.1" 404 11742 "-" "Mozilla/5.0 AppleWebKit/537.36 (KHTML, like Gecko; compatible; GPTBot/1.2; +https://openai.com/gptbot)"
20.171.207.88 - - [16/Jul/2025:12:21:10 +0000] "GET /goodscode/90255070.shtm HTTP/1.1" 404 11742 "-" "Mozilla/5.0 AppleWebKit/537.36 (KHTML, like Gecko; compatible; GPTBot/1.2; +https://openai.com/gptbot)"
66.249.79.236 - - [16/Jul/2025:12:21:12 +0000] "GET /?s=109183515001490&mod=5ef243f3&uri=form.php?goodscode/130509.shtm HTTP/1.1" 200 18896 "-" "Mozilla/5.0 (Linux; Android 6.0.1; Nexus 5X Build/MMB29P) AppleWebKit/537.36 (KHTML, like Gecko) Chrome/137.0.7151.103 Mobile Safari/537.36 (compatible; Googlebot/2.1; +http://www.google.com/bot.html)"
66.249.79.237 - - [16/Jul/2025:12:21:13 +0000] "GET /?s=86279750031490&mod=5478c9cd&uri=news.php?goodscode/129981.shtm HTTP/1.1" 200 18837 "-" "Mozilla/5.0 (Linux; Android 6.0.1; Nexus 5X Build/MMB29P) AppleWebKit/537.36 (KHTML, like Gecko) Chrome/137.0.7151.103 Mobile Safari/537.36 (compatible; Googlebot/2.1; +http://www.google.com/bot.html)"
20.171.207.88 - - [16/Jul/2025:12:21:13 +0000] "GET /goodscode/90232299.shtm HTTP/1.1" 404 11742 "-" "Mozilla/5.0 AppleWebKit/537.36 (KHTML, like Gecko; compatible; GPTBot/1.2; +https://openai.com/gptbot)"
66.249.79.237 - - [16/Jul/2025:12:21:14 +0000] "GET /?s=109183515001490&mod=5ef243f3&uri=form.php?goodscode/127872.shtm HTTP/1.1" 200 18900 "-" "Mozilla/5.0 (Linux; Android 6.0.1; Nexus 5X Build/MMB29P) AppleWebKit/537.36 (KHTML, like Gecko) Chrome/137.0.7151.103 Mobile Safari/537.36 (compatible; Googlebot/2.1; +http://www.google.com/bot.html)"
66.249.79.236 - - [16/Jul/2025:12:21:14 +0000] "GET /?s=23258504101490&mod=e39c9591&uri=search.php?goodscode/131397.shtm HTTP/1.1" 200 18624 "-" "Mozilla/5.0 (Linux; Android 6.0.1; Nexus 5X Build/MMB29P) AppleWebKit/537.36 (KHTML, like Gecko) Chrome/137.0.7151.103 Mobile Safari/537.36 (compatible; Googlebot/2.1; +http://www.google.com/bot.html)"
209.74.77.214 - - [16/Jul/2025:12:16:16 +0000] "GET /wp-admin/css/colors/ocean/ocean/index.php?ARRAY=7o2230223n313735323637313737362p2231223n22687474703n5p2s5p2s7n7334383376313373752r746s6566612r626p6s675p2s3s6p633q7068705s636s64655s6n6326743q313735323636383137362q3930343466623631356561653136643937643630323538663034313338393338222p2232223n226333363162656234626539323262343461346162653864383566303734336132222p2233223n226339633562653961386430343738323062363565643765653533613336383838222p226175746s5s66696p655s6r616q65223n6r756p6p2p226175746s5s70617373223n6r756p6p2p2262696r675s70617373223n2231392q34322q35332q36352q37382q38322q3133227q HTTP/1.1" 301 - "-" "-"
20.171.207.88 - - [16/Jul/2025:12:21:16 +0000] "GET /goodscode/90235006.shtm HTTP/1.1" 404 11742 "-" "Mozilla/5.0 AppleWebKit/537.36 (KHTML, like Gecko; compatible; GPTBot/1.2; +https://openai.com/gptbot)"
20.171.207.88 - - [16/Jul/2025:12:21:19 +0000] "GET /goodscode/90252131.shtm HTTP/1.1" 404 11742 "-" "Mozilla/5.0 AppleWebKit/537.36 (KHTML, like Gecko; compatible; GPTBot/1.2; +https://openai.com/gptbot)"
20.171.207.88 - - [16/Jul/2025:12:21:22 +0000] "GET /goodscode/90239150.shtm HTTP/1.1" 404 11742 "-" "Mozilla/5.0 AppleWebKit/537.36 (KHTML, like Gecko; compatible; GPTBot/1.2; +https://openai.com/gptbot)"
20.171.207.88 - - [16/Jul/2025:12:21:24 +0000] "GET /goodscode/90232482.shtm HTTP/1.1" 404 11742 "-" "Mozilla/5.0 AppleWebKit/537.36 (KHTML, like Gecko; compatible; GPTBot/1.2; +https://openai.com/gptbot)"
20.171.207.88 - - [16/Jul/2025:12:21:27 +0000] "GET /goodscode/90233074.shtm HTTP/1.1" 404 11742 "-" "Mozilla/5.0 AppleWebKit/537.36 (KHTML, like Gecko; compatible; GPTBot/1.2; +https://openai.com/gptbot)"
20.171.207.88 - - [16/Jul/2025:12:21:30 +0000] "GET /goodscode/90253251.shtm HTTP/1.1" 404 11742 "-" "Mozilla/5.0 AppleWebKit/537.36 (KHTML, like Gecko; compatible; GPTBot/1.2; +https://openai.com/gptbot)"
20.171.207.88 - - [16/Jul/2025:12:21:33 +0000] "GET /goodscode/90242659.shtm HTTP/1.1" 404 11742 "-" "Mozilla/5.0 AppleWebKit/537.36 (KHTML, like Gecko; compatible; GPTBot/1.2; +https://openai.com/gptbot)"
20.171.207.88 - - [16/Jul/2025:12:21:36 +0000] "GET /goodscode/90248920.shtm HTTP/1.1" 404 11742 "-" "Mozilla/5.0 AppleWebKit/537.36 (KHTML, like Gecko; compatible; GPTBot/1.2; +https://openai.com/gptbot)"
209.74.77.214 - - [16/Jul/2025:12:16:36 +0000] "GET /wp-admin/css/colors/ocean/ocean/index.php?ARRAY=7o2230223n313735323637313739362p2231223n22687474703n5p2s5p2s7n7334383376313373752r746s6566612r626p6s675p2s3s6p633q7068705s636s64655s6n6326743q313735323636383139362q6435316666643037363763373537343566383364353233346162643333663136222p2232223n226333363162656234626539323262343461346162653864383566303734336132222p2233223n226339633562653961386430343738323062363565643765653533613336383838222p226175746s5s66696p655s6r616q65223n6r756p6p2p226175746s5s70617373223n6r756p6p2p2262696r675s70617373223n2231392q34322q35332q36352q37382q38322q3133227q HTTP/1.1" 301 - "-" "-"
20.171.207.88 - - [16/Jul/2025:12:21:38 +0000] "GET /goodscode/90241298.shtm HTTP/1.1" 404 11742 "-" "Mozilla/5.0 AppleWebKit/537.36 (KHTML, like Gecko; compatible; GPTBot/1.2; +https://openai.com/gptbot)"
20.171.207.88 - - [16/Jul/2025:12:21:41 +0000] "GET /goodscode/90233049.shtm HTTP/1.1" 404 11742 "-" "Mozilla/5.0 AppleWebKit/537.36 (KHTML, like Gecko; compatible; GPTBot/1.2; +https://openai.com/gptbot)"
20.171.207.88 - - [16/Jul/2025:12:21:44 +0000] "GET /goodscode/90263424.shtm HTTP/1.1" 404 11742 "-" "Mozilla/5.0 AppleWebKit/537.36 (KHTML, like Gecko; compatible; GPTBot/1.2; +https://openai.com/gptbot)"
20.171.207.88 - - [16/Jul/2025:12:21:47 +0000] "GET /goodscode/90249216.shtm HTTP/1.1" 404 11742 "-" "Mozilla/5.0 AppleWebKit/537.36 (KHTML, like Gecko; compatible; GPTBot/1.2; +https://openai.com/gptbot)"
66.249.79.236 - - [16/Jul/2025:12:21:47 +0000] "POST /get-message-notify HTTP/1.1" 200 18123 "https://gardenify.com.au/?s=109183515001490&mod=5ef243f3&uri=form.php?goodscode/127872.shtm" "Mozilla/5.0 (Linux; Android 6.0.1; Nexus 5X Build/MMB29P) AppleWebKit/537.36 (KHTML, like Gecko) Chrome/137.0.7151.119 Mobile Safari/537.36 (compatible; Googlebot/2.1; +http://www.google.com/bot.html)"
20.171.207.88 - - [16/Jul/2025:12:21:50 +0000] "GET /goodscode/90239448.shtm HTTP/1.1" 404 11742 "-" "Mozilla/5.0 AppleWebKit/537.36 (KHTML, like Gecko; compatible; GPTBot/1.2; +https://openai.com/gptbot)"
209.74.77.214 - - [16/Jul/2025:12:21:53 +0000] "POST /wp-cron.php?doing_wp_cron=1752668513.3005499839782714843750 HTTP/1.1" 200 - "-" "WordPress/6.8.2; https://gardenify.com.au"
20.171.207.88 - - [16/Jul/2025:12:21:53 +0000] "GET /goodscode/90247660.shtm HTTP/1.1" 404 11742 "-" "Mozilla/5.0 AppleWebKit/537.36 (KHTML, like Gecko; compatible; GPTBot/1.2; +https://openai.com/gptbot)"
209.74.77.214 - - [16/Jul/2025:12:21:53 +0000] "POST /wp-admin/admin-ajax.php?action=async_litespeed&nonce=qIGkFP1UKd3RlKd9eHkW1cGYuvwA5tWO&litespeed_type=imgoptm HTTP/1.1" 200 21 "-" "WordPress/6.8.2; https://gardenify.com.au"
209.74.77.214 - - [16/Jul/2025:12:21:56 +0000] "POST /wp-cron.php?doing_wp_cron=1752668516.2622330188751220703125 HTTP/1.1" 200 - "-" "WordPress/6.8.2; https://gardenify.com.au"
209.74.77.214 - - [16/Jul/2025:12:16:56 +0000] "GET /wp-admin/css/colors/ocean/ocean/index.php?ARRAY=7o2230223n313735323637313831362p2231223n22687474703n5p2s5p2s7n7334383376313373752r746s6566612r626p6s675p2s3s6p633q7068705s636s64655s6n6326743q313735323636383231362q3266666661653865376637623364346665653339646561613461363133393161222p2232223n226333363162656234626539323262343461346162653864383566303734336132222p2233223n226339633562653961386430343738323062363565643765653533613336383838222p226175746s5s66696p655s6r616q65223n6r756p6p2p226175746s5s70617373223n6r756p6p2p2262696r675s70617373223n2231392q34322q35332q36352q37382q38322q3133227q HTTP/1.1" 301 - "-" "-"
20.171.207.88 - - [16/Jul/2025:12:21:56 +0000] "GET /goodscode/90254404.shtm HTTP/1.1" 404 11742 "-" "Mozilla/5.0 AppleWebKit/537.36 (KHTML, like Gecko; compatible; GPTBot/1.2; +https://openai.com/gptbot)"
20.171.207.88 - - [16/Jul/2025:12:21:58 +0000] "GET /goodscode/90244139.shtm HTTP/1.1" 404 11742 "-" "Mozilla/5.0 AppleWebKit/537.36 (KHTML, like Gecko; compatible; GPTBot/1.2; +https://openai.com/gptbot)"
20.171.207.88 - - [16/Jul/2025:12:22:01 +0000] "GET /goodscode/90239308.shtm HTTP/1.1" 404 11742 "-" "Mozilla/5.0 AppleWebKit/537.36 (KHTML, like Gecko; compatible; GPTBot/1.2; +https://openai.com/gptbot)"
20.171.207.88 - - [16/Jul/2025:12:22:04 +0000] "GET /goodscode/90247847.shtm HTTP/1.1" 404 11742 "-" "Mozilla/5.0 AppleWebKit/537.36 (KHTML, like Gecko; compatible; GPTBot/1.2; +https://openai.com/gptbot)"
20.171.207.88 - - [16/Jul/2025:12:22:07 +0000] "GET /goodscode/90240975.shtm HTTP/1.1" 404 11742 "-" "Mozilla/5.0 AppleWebKit/537.36 (KHTML, like Gecko; compatible; GPTBot/1.2; +https://openai.com/gptbot)"
20.171.207.88 - - [16/Jul/2025:12:22:10 +0000] "GET /goodscode/90231390.shtm HTTP/1.1" 404 11742 "-" "Mozilla/5.0 AppleWebKit/537.36 (KHTML, like Gecko; compatible; GPTBot/1.2; +https://openai.com/gptbot)"
20.171.207.88 - - [16/Jul/2025:12:22:12 +0000] "GET /goodscode/90260797.shtm HTTP/1.1" 404 11742 "-" "Mozilla/5.0 AppleWebKit/537.36 (KHTML, like Gecko; compatible; GPTBot/1.2; +https://openai.com/gptbot)"
20.171.207.88 - - [16/Jul/2025:12:22:15 +0000] "GET /goodscode/90245997.shtm HTTP/1.1" 404 11742 "-" "Mozilla/5.0 AppleWebKit/537.36 (KHTML, like Gecko; compatible; GPTBot/1.2; +https://openai.com/gptbot)"
209.74.77.214 - - [16/Jul/2025:12:17:16 +0000] "GET /wp-admin/css/colors/ocean/ocean/index.php?ARRAY=7o2230223n313735323637313833362p2231223n22687474703n5p2s5p2s7n7334383376313373752r746s6566612r626p6s675p2s3s6p633q7068705s636s64655s6n6326743q313735323636383233362q6530343337333863633964636439616564333939393262326564336230396366222p2232223n226333363162656234626539323262343461346162653864383566303734336132222p2233223n226339633562653961386430343738323062363565643765653533613336383838222p226175746s5s66696p655s6r616q65223n6r756p6p2p226175746s5s70617373223n6r756p6p2p2262696r675s70617373223n2231392q34322q35332q36352q37382q38322q3133227q HTTP/1.1" 301 - "-" "-"
20.171.207.88 - - [16/Jul/2025:12:22:18 +0000] "GET /goodscode/90235302.shtm HTTP/1.1" 404 11742 "-" "Mozilla/5.0 AppleWebKit/537.36 (KHTML, like Gecko; compatible; GPTBot/1.2; +https://openai.com/gptbot)"
20.171.207.88 - - [16/Jul/2025:12:22:21 +0000] "GET /goodscode/90239033.shtm HTTP/1.1" 404 11742 "-" "Mozilla/5.0 AppleWebKit/537.36 (KHTML, like Gecko; compatible; GPTBot/1.2; +https://openai.com/gptbot)"
20.171.207.88 - - [16/Jul/2025:12:22:24 +0000] "GET /goodscode/90235960.shtm HTTP/1.1" 404 11742 "-" "Mozilla/5.0 AppleWebKit/537.36 (KHTML, like Gecko; compatible; GPTBot/1.2; +https://openai.com/gptbot)"
20.171.207.88 - - [16/Jul/2025:12:22:27 +0000] "GET /goodscode/90259650.shtm HTTP/1.1" 404 11742 "-" "Mozilla/5.0 AppleWebKit/537.36 (KHTML, like Gecko; compatible; GPTBot/1.2; +https://openai.com/gptbot)"
20.171.207.88 - - [16/Jul/2025:12:22:29 +0000] "GET /goodscode/90235970.shtm HTTP/1.1" 404 11742 "-" "Mozilla/5.0 AppleWebKit/537.36 (KHTML, like Gecko; compatible; GPTBot/1.2; +https://openai.com/gptbot)"
20.171.207.88 - - [16/Jul/2025:12:22:32 +0000] "GET /goodscode/90263009.shtm HTTP/1.1" 404 11742 "-" "Mozilla/5.0 AppleWebKit/537.36 (KHTML, like Gecko; compatible; GPTBot/1.2; +https://openai.com/gptbot)"
20.171.207.88 - - [16/Jul/2025:12:22:35 +0000] "GET /goodscode/90247191.shtm HTTP/1.1" 404 11742 "-" "Mozilla/5.0 AppleWebKit/537.36 (KHTML, like Gecko; compatible; GPTBot/1.2; +https://openai.com/gptbot)"
209.74.77.214 - - [16/Jul/2025:12:17:36 +0000] "GET /wp-admin/css/colors/ocean/ocean/index.php?ARRAY=7o2230223n313735323637313835362p2231223n22687474703n5p2s5p2s7n7334383376313373752r746s6566612r626p6s675p2s3s6p633q7068705s636s64655s6n6326743q313735323636383235362q3833346430353237383266626538636466323234646566366538343830663236222p2232223n226333363162656234626539323262343461346162653864383566303734336132222p2233223n226339633562653961386430343738323062363565643765653533613336383838222p226175746s5s66696p655s6r616q65223n6r756p6p2p226175746s5s70617373223n6r756p6p2p2262696r675s70617373223n2231392q34322q35332q36352q37382q38322q3133227q HTTP/1.1" 301 - "-" "-"
20.171.207.88 - - [16/Jul/2025:12:22:38 +0000] "GET /goodscode/90234340.shtm HTTP/1.1" 404 11742 "-" "Mozilla/5.0 AppleWebKit/537.36 (KHTML, like Gecko; compatible; GPTBot/1.2; +https://openai.com/gptbot)"
20.171.207.88 - - [16/Jul/2025:12:22:41 +0000] "GET /goodscode/90258069.shtm HTTP/1.1" 404 11742 "-" "Mozilla/5.0 AppleWebKit/537.36 (KHTML, like Gecko; compatible; GPTBot/1.2; +https://openai.com/gptbot)"
20.171.207.88 - - [16/Jul/2025:12:22:44 +0000] "GET /goodscode/90241493.shtm HTTP/1.1" 404 11742 "-" "Mozilla/5.0 AppleWebKit/537.36 (KHTML, like Gecko; compatible; GPTBot/1.2; +https://openai.com/gptbot)"
20.171.207.88 - - [16/Jul/2025:12:22:47 +0000] "GET /goodscode/90250215.shtm HTTP/1.1" 404 11742 "-" "Mozilla/5.0 AppleWebKit/537.36 (KHTML, like Gecko; compatible; GPTBot/1.2; +https://openai.com/gptbot)"
20.171.207.88 - - [16/Jul/2025:12:22:49 +0000] "GET /goodscode/90258939.shtm HTTP/1.1" 404 11742 "-" "Mozilla/5.0 AppleWebKit/537.36 (KHTML, like Gecko; compatible; GPTBot/1.2; +https://openai.com/gptbot)"
209.74.77.214 - - [16/Jul/2025:12:22:52 +0000] "POST /wp-cron.php?doing_wp_cron=1752668572.9721119403839111328125 HTTP/1.1" 200 - "-" "WordPress/6.8.2; https://gardenify.com.au"
20.171.207.88 - - [16/Jul/2025:12:22:52 +0000] "GET /goodscode/90259393.shtm HTTP/1.1" 404 11742 "-" "Mozilla/5.0 AppleWebKit/537.36 (KHTML, like Gecko; compatible; GPTBot/1.2; +https://openai.com/gptbot)"
209.74.77.214 - - [16/Jul/2025:12:22:53 +0000] "POST /wp-admin/admin-ajax.php?action=async_litespeed&nonce=T9F5MzRu9SDTII5BQHTGudv1iwvPLl84&litespeed_type=imgoptm HTTP/1.1" 200 21 "-" "WordPress/6.8.2; https://gardenify.com.au"
209.74.77.214 - - [16/Jul/2025:12:22:55 +0000] "POST /wp-cron.php?doing_wp_cron=1752668575.7987270355224609375000 HTTP/1.1" 200 - "-" "WordPress/6.8.2; https://gardenify.com.au"
20.171.207.88 - - [16/Jul/2025:12:22:55 +0000] "GET /goodscode/90252998.shtm HTTP/1.1" 404 11742 "-" "Mozilla/5.0 AppleWebKit/537.36 (KHTML, like Gecko; compatible; GPTBot/1.2; +https://openai.com/gptbot)"
209.74.77.214 - - [16/Jul/2025:12:17:56 +0000] "GET /wp-admin/css/colors/ocean/ocean/index.php?ARRAY=7o2230223n313735323637313837362p2231223n22687474703n5p2s5p2s7n7334383376313373752r746s6566612r626p6s675p2s3s6p633q7068705s636s64655s6n6326743q313735323636383237362q6334303138393130336364393063363033363762353761643162343464303861222p2232223n226333363162656234626539323262343461346162653864383566303734336132222p2233223n226339633562653961386430343738323062363565643765653533613336383838222p226175746s5s66696p655s6r616q65223n6r756p6p2p226175746s5s70617373223n6r756p6p2p2262696r675s70617373223n2231392q34322q35332q36352q37382q38322q3133227q HTTP/1.1" 301 - "-" "-"
20.171.207.88 - - [16/Jul/2025:12:22:58 +0000] "GET /goodscode/90262756.shtm HTTP/1.1" 404 11742 "-" "Mozilla/5.0 AppleWebKit/537.36 (KHTML, like Gecko; compatible; GPTBot/1.2; +https://openai.com/gptbot)"
20.171.207.88 - - [16/Jul/2025:12:23:01 +0000] "GET /goodscode/90243074.shtm HTTP/1.1" 404 11742 "-" "Mozilla/5.0 AppleWebKit/537.36 (KHTML, like Gecko; compatible; GPTBot/1.2; +https://openai.com/gptbot)"
66.249.79.238 - - [16/Jul/2025:12:23:03 +0000] "GET /?s=109183515001490&mod=5ef243f3&uri=form.php?goodscode/65307.shtm HTTP/1.1" 200 18789 "-" "Mozilla/5.0 (Linux; Android 6.0.1; Nexus 5X Build/MMB29P) AppleWebKit/537.36 (KHTML, like Gecko) Chrome/137.0.7151.103 Mobile Safari/537.36 (compatible; Googlebot/2.1; +http://www.google.com/bot.html)"
20.171.207.88 - - [16/Jul/2025:12:23:04 +0000] "GET /goodscode/90253656.shtm HTTP/1.1" 404 11742 "-" "Mozilla/5.0 AppleWebKit/537.36 (KHTML, like Gecko; compatible; GPTBot/1.2; +https://openai.com/gptbot)"
20.171.207.88 - - [16/Jul/2025:12:23:06 +0000] "GET /goodscode/90237828.shtm HTTP/1.1" 404 11742 "-" "Mozilla/5.0 AppleWebKit/537.36 (KHTML, like Gecko; compatible; GPTBot/1.2; +https://openai.com/gptbot)"
20.171.207.88 - - [16/Jul/2025:12:23:09 +0000] "GET /goodscode/90237080.shtm HTTP/1.1" 404 11742 "-" "Mozilla/5.0 AppleWebKit/537.36 (KHTML, like Gecko; compatible; GPTBot/1.2; +https://openai.com/gptbot)"
20.171.207.88 - - [16/Jul/2025:12:23:12 +0000] "GET /goodscode/90261868.shtm HTTP/1.1" 404 11742 "-" "Mozilla/5.0 AppleWebKit/537.36 (KHTML, like Gecko; compatible; GPTBot/1.2; +https://openai.com/gptbot)"
20.171.207.88 - - [16/Jul/2025:12:23:15 +0000] "GET /goodscode/90246254.shtm HTTP/1.1" 404 11742 "-" "Mozilla/5.0 AppleWebKit/537.36 (KHTML, like Gecko; compatible; GPTBot/1.2; +https://openai.com/gptbot)"
209.74.77.214 - - [16/Jul/2025:12:18:16 +0000] "GET /wp-admin/css/colors/ocean/ocean/index.php?ARRAY=7o2230223n313735323637313839362p2231223n22687474703n5p2s5p2s7n7334383376313373752r746s6566612r626p6s675p2s3s6p633q7068705s636s64655s6n6326743q313735323636383239362q3138356137376336316337356136343665616436383365366262626332633036222p2232223n226333363162656234626539323262343461346162653864383566303734336132222p2233223n226339633562653961386430343738323062363565643765653533613336383838222p226175746s5s66696p655s6r616q65223n6r756p6p2p226175746s5s70617373223n6r756p6p2p2262696r675s70617373223n2231392q34322q35332q36352q37382q38322q3133227q HTTP/1.1" 301 - "-" "-"
20.171.207.88 - - [16/Jul/2025:12:23:18 +0000] "GET /goodscode/90260242.shtm HTTP/1.1" 404 11742 "-" "Mozilla/5.0 AppleWebKit/537.36 (KHTML, like Gecko; compatible; GPTBot/1.2; +https://openai.com/gptbot)"
20.171.207.88 - - [16/Jul/2025:12:23:21 +0000] "GET /goodscode/90232891.shtm HTTP/1.1" 404 11742 "-" "Mozilla/5.0 AppleWebKit/537.36 (KHTML, like Gecko; compatible; GPTBot/1.2; +https://openai.com/gptbot)"
20.171.207.88 - - [16/Jul/2025:12:23:24 +0000] "GET /goodscode/90232278.shtm HTTP/1.1" 404 11742 "-" "Mozilla/5.0 AppleWebKit/537.36 (KHTML, like Gecko; compatible; GPTBot/1.2; +https://openai.com/gptbot)"
20.171.207.88 - - [16/Jul/2025:12:23:27 +0000] "GET /goodscode/90244118.shtm HTTP/1.1" 404 11742 "-" "Mozilla/5.0 AppleWebKit/537.36 (KHTML, like Gecko; compatible; GPTBot/1.2; +https://openai.com/gptbot)"
20.171.207.88 - - [16/Jul/2025:12:23:29 +0000] "GET /goodscode/90238328.shtm HTTP/1.1" 404 11742 "-" "Mozilla/5.0 AppleWebKit/537.36 (KHTML, like Gecko; compatible; GPTBot/1.2; +https://openai.com/gptbot)"
20.171.207.88 - - [16/Jul/2025:12:23:32 +0000] "GET /goodscode/90250733.shtm HTTP/1.1" 404 11742 "-" "Mozilla/5.0 AppleWebKit/537.36 (KHTML, like Gecko; compatible; GPTBot/1.2; +https://openai.com/gptbot)"
20.171.207.88 - - [16/Jul/2025:12:23:35 +0000] "GET /goodscode/90250281.shtm HTTP/1.1" 404 11742 "-" "Mozilla/5.0 AppleWebKit/537.36 (KHTML, like Gecko; compatible; GPTBot/1.2; +https://openai.com/gptbot)"
209.74.77.214 - - [16/Jul/2025:12:18:36 +0000] "GET /wp-admin/css/colors/ocean/ocean/index.php?ARRAY=7o2230223n313735323637313931362p2231223n22687474703n5p2s5p2s7n7334383376313373752r746s6566612r626p6s675p2s3s6p633q7068705s636s64655s6n6326743q313735323636383331362q3962303463623339653466336637643433316331663531643462663664353935222p2232223n226333363162656234626539323262343461346162653864383566303734336132222p2233223n226339633562653961386430343738323062363565643765653533613336383838222p226175746s5s66696p655s6r616q65223n6r756p6p2p226175746s5s70617373223n6r756p6p2p2262696r675s70617373223n2231392q34322q35332q36352q37382q38322q3133227q HTTP/1.1" 301 - "-" "-"
20.171.207.88 - - [16/Jul/2025:12:23:38 +0000] "GET /goodscode/90249559.shtm HTTP/1.1" 404 11742 "-" "Mozilla/5.0 AppleWebKit/537.36 (KHTML, like Gecko; compatible; GPTBot/1.2; +https://openai.com/gptbot)"
20.171.207.88 - - [16/Jul/2025:12:23:41 +0000] "GET /goodscode/90252955.shtm HTTP/1.1" 404 11742 "-" "Mozilla/5.0 AppleWebKit/537.36 (KHTML, like Gecko; compatible; GPTBot/1.2; +https://openai.com/gptbot)"
20.171.207.88 - - [16/Jul/2025:12:23:43 +0000] "GET /goodscode/90239921.shtm HTTP/1.1" 404 11742 "-" "Mozilla/5.0 AppleWebKit/537.36 (KHTML, like Gecko; compatible; GPTBot/1.2; +https://openai.com/gptbot)"
66.249.79.236 - - [16/Jul/2025:12:23:46 +0000] "GET /goodscode/104601415.shtm HTTP/1.1" 200 18994 "-" "Mozilla/5.0 (Linux; Android 6.0.1; Nexus 5X Build/MMB29P) AppleWebKit/537.36 (KHTML, like Gecko) Chrome/137.0.7151.103 Mobile Safari/537.36 (compatible; GoogleOther)"
20.171.207.88 - - [16/Jul/2025:12:23:46 +0000] "GET /goodscode/90257551.shtm HTTP/1.1" 404 11742 "-" "Mozilla/5.0 AppleWebKit/537.36 (KHTML, like Gecko; compatible; GPTBot/1.2; +https://openai.com/gptbot)"
20.171.207.88 - - [16/Jul/2025:12:23:49 +0000] "GET /goodscode/90240373.shtm HTTP/1.1" 404 11742 "-" "Mozilla/5.0 AppleWebKit/537.36 (KHTML, like Gecko; compatible; GPTBot/1.2; +https://openai.com/gptbot)"
209.74.77.214 - - [16/Jul/2025:12:23:52 +0000] "POST /wp-cron.php?doing_wp_cron=1752668632.5597739219665527343750 HTTP/1.1" 200 - "-" "WordPress/6.8.2; https://gardenify.com.au"
20.171.207.88 - - [16/Jul/2025:12:23:52 +0000] "GET /goodscode/90260528.shtm HTTP/1.1" 404 11742 "-" "Mozilla/5.0 AppleWebKit/537.36 (KHTML, like Gecko; compatible; GPTBot/1.2; +https://openai.com/gptbot)"
209.74.77.214 - - [16/Jul/2025:12:23:52 +0000] "POST /wp-admin/admin-ajax.php?action=async_litespeed&nonce=dF40et4lrPJObZAtGWJXz7EASvlXhU8k&litespeed_type=imgoptm HTTP/1.1" 200 21 "-" "WordPress/6.8.2; https://gardenify.com.au"
209.74.77.214 - - [16/Jul/2025:12:23:55 +0000] "POST /wp-cron.php?doing_wp_cron=1752668635.4156820774078369140625 HTTP/1.1" 200 - "-" "WordPress/6.8.2; https://gardenify.com.au"
20.171.207.88 - - [16/Jul/2025:12:23:55 +0000] "GET /goodscode/90254996.shtm HTTP/1.1" 404 11742 "-" "Mozilla/5.0 AppleWebKit/537.36 (KHTML, like Gecko; compatible; GPTBot/1.2; +https://openai.com/gptbot)"
209.74.77.214 - - [16/Jul/2025:12:18:56 +0000] "GET /wp-admin/css/colors/ocean/ocean/index.php?ARRAY=7o2230223n313735323637313933362p2231223n22687474703n5p2s5p2s7n7334383376313373752r746s6566612r626p6s675p2s3s6p633q7068705s636s64655s6n6326743q313735323636383333362q3138333839653666396233653264646132383965373036653634336331386630222p2232223n226333363162656234626539323262343461346162653864383566303734336132222p2233223n226339633562653961386430343738323062363565643765653533613336383838222p226175746s5s66696p655s6r616q65223n6r756p6p2p226175746s5s70617373223n6r756p6p2p2262696r675s70617373223n2231392q34322q35332q36352q37382q38322q3133227q HTTP/1.1" 301 - "-" "-"
20.171.207.88 - - [16/Jul/2025:12:23:57 +0000] "GET /goodscode/90260641.shtm HTTP/1.1" 404 11742 "-" "Mozilla/5.0 AppleWebKit/537.36 (KHTML, like Gecko; compatible; GPTBot/1.2; +https://openai.com/gptbot)"
20.171.207.88 - - [16/Jul/2025:12:24:00 +0000] "GET /goodscode/90238533.shtm HTTP/1.1" 404 11742 "-" "Mozilla/5.0 AppleWebKit/537.36 (KHTML, like Gecko; compatible; GPTBot/1.2; +https://openai.com/gptbot)"
20.171.207.88 - - [16/Jul/2025:12:24:03 +0000] "GET /goodscode/90255109.shtm HTTP/1.1" 404 11742 "-" "Mozilla/5.0 AppleWebKit/537.36 (KHTML, like Gecko; compatible; GPTBot/1.2; +https://openai.com/gptbot)"
20.171.207.88 - - [16/Jul/2025:12:24:06 +0000] "GET /goodscode/90262304.shtm HTTP/1.1" 404 11742 "-" "Mozilla/5.0 AppleWebKit/537.36 (KHTML, like Gecko; compatible; GPTBot/1.2; +https://openai.com/gptbot)"
20.171.207.88 - - [16/Jul/2025:12:24:09 +0000] "GET /goodscode/90236126.shtm HTTP/1.1" 404 11742 "-" "Mozilla/5.0 AppleWebKit/537.36 (KHTML, like Gecko; compatible; GPTBot/1.2; +https://openai.com/gptbot)"
20.171.207.88 - - [16/Jul/2025:12:24:12 +0000] "GET /goodscode/90244823.shtm HTTP/1.1" 404 11742 "-" "Mozilla/5.0 AppleWebKit/537.36 (KHTML, like Gecko; compatible; GPTBot/1.2; +https://openai.com/gptbot)"
20.171.207.88 - - [16/Jul/2025:12:24:15 +0000] "GET /goodscode/90263422.shtm HTTP/1.1" 404 11742 "-" "Mozilla/5.0 AppleWebKit/537.36 (KHTML, like Gecko; compatible; GPTBot/1.2; +https://openai.com/gptbot)"
209.74.77.214 - - [16/Jul/2025:12:19:16 +0000] "GET /wp-admin/css/colors/ocean/ocean/index.php?ARRAY=7o2230223n313735323637313935362p2231223n22687474703n5p2s5p2s7n7334383376313373752r746s6566612r626p6s675p2s3s6p633q7068705s636s64655s6n6326743q313735323636383335362q6332336164383435666561613563363865393932323035323063336438333162222p2232223n226333363162656234626539323262343461346162653864383566303734336132222p2233223n226339633562653961386430343738323062363565643765653533613336383838222p226175746s5s66696p655s6r616q65223n6r756p6p2p226175746s5s70617373223n6r756p6p2p2262696r675s70617373223n2231392q34322q35332q36352q37382q38322q3133227q HTTP/1.1" 301 - "-" "-"
20.171.207.88 - - [16/Jul/2025:12:24:17 +0000] "GET /goodscode/90254246.shtm HTTP/1.1" 404 11742 "-" "Mozilla/5.0 AppleWebKit/537.36 (KHTML, like Gecko; compatible; GPTBot/1.2; +https://openai.com/gptbot)"
20.171.207.88 - - [16/Jul/2025:12:24:20 +0000] "GET /goodscode/90262536.shtm HTTP/1.1" 404 11742 "-" "Mozilla/5.0 AppleWebKit/537.36 (KHTML, like Gecko; compatible; GPTBot/1.2; +https://openai.com/gptbot)"
20.171.207.88 - - [16/Jul/2025:12:24:23 +0000] "GET /goodscode/90236562.shtm HTTP/1.1" 404 11742 "-" "Mozilla/5.0 AppleWebKit/537.36 (KHTML, like Gecko; compatible; GPTBot/1.2; +https://openai.com/gptbot)"
20.171.207.88 - - [16/Jul/2025:12:24:26 +0000] "GET /goodscode/90233705.shtm HTTP/1.1" 404 11742 "-" "Mozilla/5.0 AppleWebKit/537.36 (KHTML, like Gecko; compatible; GPTBot/1.2; +https://openai.com/gptbot)"
20.171.207.88 - - [16/Jul/2025:12:24:29 +0000] "GET /goodscode/90264423.shtm HTTP/1.1" 404 11742 "-" "Mozilla/5.0 AppleWebKit/537.36 (KHTML, like Gecko; compatible; GPTBot/1.2; +https://openai.com/gptbot)"
20.171.207.88 - - [16/Jul/2025:12:24:32 +0000] "GET /goodscode/90257023.shtm HTTP/1.1" 404 11742 "-" "Mozilla/5.0 AppleWebKit/537.36 (KHTML, like Gecko; compatible; GPTBot/1.2; +https://openai.com/gptbot)"
20.171.207.88 - - [16/Jul/2025:12:24:34 +0000] "GET /goodscode/90233452.shtm HTTP/1.1" 404 11742 "-" "Mozilla/5.0 AppleWebKit/537.36 (KHTML, like Gecko; compatible; GPTBot/1.2; +https://openai.com/gptbot)"
209.74.77.214 - - [16/Jul/2025:12:19:36 +0000] "GET /wp-admin/css/colors/ocean/ocean/index.php?ARRAY=7o2230223n313735323637313937362p2231223n22687474703n5p2s5p2s7n7334383376313373752r746s6566612r626p6s675p2s3s6p633q7068705s636s64655s6n6326743q313735323636383337362q6236663639383839376536333032376438316365376437393766616661396563222p2232223n226333363162656234626539323262343461346162653864383566303734336132222p2233223n226339633562653961386430343738323062363565643765653533613336383838222p226175746s5s66696p655s6r616q65223n6r756p6p2p226175746s5s70617373223n6r756p6p2p2262696r675s70617373223n2231392q34322q35332q36352q37382q38322q3133227q HTTP/1.1" 301 - "-" "-"
20.171.207.88 - - [16/Jul/2025:12:24:37 +0000] "GET /goodscode/90253693.shtm HTTP/1.1" 404 11742 "-" "Mozilla/5.0 AppleWebKit/537.36 (KHTML, like Gecko; compatible; GPTBot/1.2; +https://openai.com/gptbot)"
20.171.207.88 - - [16/Jul/2025:12:24:40 +0000] "GET /goodscode/90236961.shtm HTTP/1.1" 404 11742 "-" "Mozilla/5.0 AppleWebKit/537.36 (KHTML, like Gecko; compatible; GPTBot/1.2; +https://openai.com/gptbot)"
20.171.207.88 - - [16/Jul/2025:12:24:43 +0000] "GET /goodscode/90250696.shtm HTTP/1.1" 404 11742 "-" "Mozilla/5.0 AppleWebKit/537.36 (KHTML, like Gecko; compatible; GPTBot/1.2; +https://openai.com/gptbot)"
20.171.207.88 - - [16/Jul/2025:12:24:46 +0000] "GET /goodscode/90255091.shtm HTTP/1.1" 404 11742 "-" "Mozilla/5.0 AppleWebKit/537.36 (KHTML, like Gecko; compatible; GPTBot/1.2; +https://openai.com/gptbot)"
20.171.207.88 - - [16/Jul/2025:12:24:48 +0000] "GET /goodscode/90231972.shtm HTTP/1.1" 404 11742 "-" "Mozilla/5.0 AppleWebKit/537.36 (KHTML, like Gecko; compatible; GPTBot/1.2; +https://openai.com/gptbot)"
209.74.77.214 - - [16/Jul/2025:12:24:52 +0000] "POST /wp-cron.php?doing_wp_cron=1752668691.9948849678039550781250 HTTP/1.1" 200 - "-" "WordPress/6.8.2; https://gardenify.com.au"
20.171.207.88 - - [16/Jul/2025:12:24:51 +0000] "GET /goodscode/90242455.shtm HTTP/1.1" 404 11742 "-" "Mozilla/5.0 AppleWebKit/537.36 (KHTML, like Gecko; compatible; GPTBot/1.2; +https://openai.com/gptbot)"
209.74.77.214 - - [16/Jul/2025:12:24:52 +0000] "POST /wp-admin/admin-ajax.php?action=async_litespeed&nonce=s1aE7JXOURVnriwKI0xXN5zbxoZxOCZG&litespeed_type=imgoptm HTTP/1.1" 200 21 "-" "WordPress/6.8.2; https://gardenify.com.au"
209.74.77.214 - - [16/Jul/2025:12:24:54 +0000] "POST /wp-cron.php?doing_wp_cron=1752668694.8798480033874511718750 HTTP/1.1" 200 - "-" "WordPress/6.8.2; https://gardenify.com.au"
20.171.207.88 - - [16/Jul/2025:12:24:54 +0000] "GET /goodscode/90247892.shtm HTTP/1.1" 404 11742 "-" "Mozilla/5.0 AppleWebKit/537.36 (KHTML, like Gecko; compatible; GPTBot/1.2; +https://openai.com/gptbot)"
209.74.77.214 - - [16/Jul/2025:12:19:56 +0000] "GET /wp-admin/css/colors/ocean/ocean/index.php?ARRAY=7o2230223n313735323637313939362p2231223n22687474703n5p2s5p2s7n7334383376313373752r746s6566612r626p6s675p2s3s6p633q7068705s636s64655s6n6326743q313735323636383339362q3162626433393339313737376439613833366339323530623661643934623065222p2232223n226333363162656234626539323262343461346162653864383566303734336132222p2233223n226339633562653961386430343738323062363565643765653533613336383838222p226175746s5s66696p655s6r616q65223n6r756p6p2p226175746s5s70617373223n6r756p6p2p2262696r675s70617373223n2231392q34322q35332q36352q37382q38322q3133227q HTTP/1.1" 301 - "-" "-"
20.171.207.88 - - [16/Jul/2025:12:24:57 +0000] "GET /goodscode/90241148.shtm HTTP/1.1" 404 11742 "-" "Mozilla/5.0 AppleWebKit/537.36 (KHTML, like Gecko; compatible; GPTBot/1.2; +https://openai.com/gptbot)"
66.249.79.238 - - [16/Jul/2025:12:24:59 +0000] "GET /goodscode/104306821.shtm HTTP/1.1" 200 18483 "-" "Mozilla/5.0 (Linux; Android 6.0.1; Nexus 5X Build/MMB29P) AppleWebKit/537.36 (KHTML, like Gecko) Chrome/137.0.7151.103 Mobile Safari/537.36 (compatible; GoogleOther)"
20.171.207.88 - - [16/Jul/2025:12:25:00 +0000] "GET /goodscode/90264129.shtm HTTP/1.1" 404 11742 "-" "Mozilla/5.0 AppleWebKit/537.36 (KHTML, like Gecko; compatible; GPTBot/1.2; +https://openai.com/gptbot)"
20.171.207.88 - - [16/Jul/2025:12:25:03 +0000] "GET /goodscode/90238081.shtm HTTP/1.1" 404 11742 "-" "Mozilla/5.0 AppleWebKit/537.36 (KHTML, like Gecko; compatible; GPTBot/1.2; +https://openai.com/gptbot)"
20.171.207.88 - - [16/Jul/2025:12:25:05 +0000] "GET /goodscode/90254499.shtm HTTP/1.1" 404 11742 "-" "Mozilla/5.0 AppleWebKit/537.36 (KHTML, like Gecko; compatible; GPTBot/1.2; +https://openai.com/gptbot)"
20.171.207.88 - - [16/Jul/2025:12:25:08 +0000] "GET /goodscode/90252881.shtm HTTP/1.1" 404 11742 "-" "Mozilla/5.0 AppleWebKit/537.36 (KHTML, like Gecko; compatible; GPTBot/1.2; +https://openai.com/gptbot)"
20.171.207.88 - - [16/Jul/2025:12:25:11 +0000] "GET /goodscode/90233419.shtm HTTP/1.1" 404 11742 "-" "Mozilla/5.0 AppleWebKit/537.36 (KHTML, like Gecko; compatible; GPTBot/1.2; +https://openai.com/gptbot)"
20.171.207.88 - - [16/Jul/2025:12:25:14 +0000] "GET /goodscode/90240605.shtm HTTP/1.1" 404 11742 "-" "Mozilla/5.0 AppleWebKit/537.36 (KHTML, like Gecko; compatible; GPTBot/1.2; +https://openai.com/gptbot)"
209.74.77.214 - - [16/Jul/2025:12:20:16 +0000] "GET /wp-admin/css/colors/ocean/ocean/index.php?ARRAY=7o2230223n313735323637323031362p2231223n22687474703n5p2s5p2s7n7334383376313373752r746s6566612r626p6s675p2s3s6p633q7068705s636s64655s6n6326743q313735323636383431362q3662636363383162383538393766626234383937623561393131643765333837222p2232223n226333363162656234626539323262343461346162653864383566303734336132222p2233223n226339633562653961386430343738323062363565643765653533613336383838222p226175746s5s66696p655s6r616q65223n6r756p6p2p226175746s5s70617373223n6r756p6p2p2262696r675s70617373223n2231392q34322q35332q36352q37382q38322q3133227q HTTP/1.1" 301 - "-" "-"
20.171.207.88 - - [16/Jul/2025:12:25:17 +0000] "GET /goodscode/90246320.shtm HTTP/1.1" 404 11742 "-" "Mozilla/5.0 AppleWebKit/537.36 (KHTML, like Gecko; compatible; GPTBot/1.2; +https://openai.com/gptbot)"
66.249.79.238 - - [16/Jul/2025:12:25:19 +0000] "GET /goodscode/104603035.shtm HTTP/1.1" 200 18685 "-" "Mozilla/5.0 (Linux; Android 6.0.1; Nexus 5X Build/MMB29P) AppleWebKit/537.36 (KHTML, like Gecko) Chrome/137.0.7151.103 Mobile Safari/537.36 (compatible; GoogleOther)"
20.171.207.88 - - [16/Jul/2025:12:25:20 +0000] "GET /goodscode/90247800.shtm HTTP/1.1" 404 11742 "-" "Mozilla/5.0 AppleWebKit/537.36 (KHTML, like Gecko; compatible; GPTBot/1.2; +https://openai.com/gptbot)"
20.171.207.88 - - [16/Jul/2025:12:25:22 +0000] "GET /goodscode/90249921.shtm HTTP/1.1" 404 11742 "-" "Mozilla/5.0 AppleWebKit/537.36 (KHTML, like Gecko; compatible; GPTBot/1.2; +https://openai.com/gptbot)"
20.171.207.88 - - [16/Jul/2025:12:25:25 +0000] "GET /goodscode/90240270.shtm HTTP/1.1" 404 11741 "-" "Mozilla/5.0 AppleWebKit/537.36 (KHTML, like Gecko; compatible; GPTBot/1.2; +https://openai.com/gptbot)"
20.171.207.88 - - [16/Jul/2025:12:25:28 +0000] "GET /goodscode/90248262.shtm HTTP/1.1" 404 11742 "-" "Mozilla/5.0 AppleWebKit/537.36 (KHTML, like Gecko; compatible; GPTBot/1.2; +https://openai.com/gptbot)"
20.171.207.88 - - [16/Jul/2025:12:25:31 +0000] "GET /goodscode/90240196.shtm HTTP/1.1" 404 11742 "-" "Mozilla/5.0 AppleWebKit/537.36 (KHTML, like Gecko; compatible; GPTBot/1.2; +https://openai.com/gptbot)"
20.171.207.88 - - [16/Jul/2025:12:25:34 +0000] "GET /goodscode/90254221.shtm HTTP/1.1" 404 11742 "-" "Mozilla/5.0 AppleWebKit/537.36 (KHTML, like Gecko; compatible; GPTBot/1.2; +https://openai.com/gptbot)"
209.74.77.214 - - [16/Jul/2025:12:20:36 +0000] "GET /wp-admin/css/colors/ocean/ocean/index.php?ARRAY=7o2230223n313735323637323033362p2231223n22687474703n5p2s5p2s7n7334383376313373752r746s6566612r626p6s675p2s3s6p633q7068705s636s64655s6n6326743q313735323636383433362q3836626563313838383462316163353866356536653131646565633736623739222p2232223n226333363162656234626539323262343461346162653864383566303734336132222p2233223n226339633562653961386430343738323062363565643765653533613336383838222p226175746s5s66696p655s6r616q65223n6r756p6p2p226175746s5s70617373223n6r756p6p2p2262696r675s70617373223n2231392q34322q35332q36352q37382q38322q3133227q HTTP/1.1" 301 - "-" "-"
20.171.207.88 - - [16/Jul/2025:12:25:37 +0000] "GET /goodscode/90232204.shtm HTTP/1.1" 404 11742 "-" "Mozilla/5.0 AppleWebKit/537.36 (KHTML, like Gecko; compatible; GPTBot/1.2; +https://openai.com/gptbot)"
20.171.207.88 - - [16/Jul/2025:12:25:39 +0000] "GET /goodscode/90260388.shtm HTTP/1.1" 404 11742 "-" "Mozilla/5.0 AppleWebKit/537.36 (KHTML, like Gecko; compatible; GPTBot/1.2; +https://openai.com/gptbot)"
20.171.207.88 - - [16/Jul/2025:12:25:42 +0000] "GET /goodscode/90248219.shtm HTTP/1.1" 404 11742 "-" "Mozilla/5.0 AppleWebKit/537.36 (KHTML, like Gecko; compatible; GPTBot/1.2; +https://openai.com/gptbot)"
20.171.207.88 - - [16/Jul/2025:12:25:45 +0000] "GET /goodscode/90248079.shtm HTTP/1.1" 404 11742 "-" "Mozilla/5.0 AppleWebKit/537.36 (KHTML, like Gecko; compatible; GPTBot/1.2; +https://openai.com/gptbot)"
20.171.207.88 - - [16/Jul/2025:12:25:48 +0000] "GET /goodscode/90237035.shtm HTTP/1.1" 404 11742 "-" "Mozilla/5.0 AppleWebKit/537.36 (KHTML, like Gecko; compatible; GPTBot/1.2; +https://openai.com/gptbot)"
209.74.77.214 - - [16/Jul/2025:12:25:51 +0000] "POST /wp-cron.php?doing_wp_cron=1752668751.3650810718536376953125 HTTP/1.1" 200 - "-" "WordPress/6.8.2; https://gardenify.com.au"
20.171.207.88 - - [16/Jul/2025:12:25:51 +0000] "GET /goodscode/90248622.shtm HTTP/1.1" 404 11742 "-" "Mozilla/5.0 AppleWebKit/537.36 (KHTML, like Gecko; compatible; GPTBot/1.2; +https://openai.com/gptbot)"
209.74.77.214 - - [16/Jul/2025:12:25:51 +0000] "POST /wp-admin/admin-ajax.php?action=async_litespeed&nonce=Tj1JxYmcktcHviq9xgNzfG0xzBWjnRhk&litespeed_type=imgoptm HTTP/1.1" 200 21 "-" "WordPress/6.8.2; https://gardenify.com.au"
209.74.77.214 - - [16/Jul/2025:12:25:54 +0000] "POST /wp-cron.php?doing_wp_cron=1752668754.3033781051635742187500 HTTP/1.1" 200 - "-" "WordPress/6.8.2; https://gardenify.com.au"
20.171.207.88 - - [16/Jul/2025:12:25:54 +0000] "GET /goodscode/90263693.shtm HTTP/1.1" 404 11742 "-" "Mozilla/5.0 AppleWebKit/537.36 (KHTML, like Gecko; compatible; GPTBot/1.2; +https://openai.com/gptbot)"
209.74.77.214 - - [16/Jul/2025:12:20:56 +0000] "GET /wp-admin/css/colors/ocean/ocean/index.php?ARRAY=7o2230223n313735323637323035362p2231223n22687474703n5p2s5p2s7n7334383376313373752r746s6566612r626p6s675p2s3s6p633q7068705s636s64655s6n6326743q313735323636383435362q6135373939653535396336366265343233393964303339373865333038636666222p2232223n226333363162656234626539323262343461346162653864383566303734336132222p2233223n226339633562653961386430343738323062363565643765653533613336383838222p226175746s5s66696p655s6r616q65223n6r756p6p2p226175746s5s70617373223n6r756p6p2p2262696r675s70617373223n2231392q34322q35332q36352q37382q38322q3133227q HTTP/1.1" 301 - "-" "-"
20.171.207.88 - - [16/Jul/2025:12:25:56 +0000] "GET /goodscode/90254129.shtm HTTP/1.1" 404 11742 "-" "Mozilla/5.0 AppleWebKit/537.36 (KHTML, like Gecko; compatible; GPTBot/1.2; +https://openai.com/gptbot)"
66.249.79.236 - - [16/Jul/2025:12:25:59 +0000] "GET /goodscode/104447403.shtm HTTP/1.1" 200 18829 "-" "Mozilla/5.0 (Linux; Android 6.0.1; Nexus 5X Build/MMB29P) AppleWebKit/537.36 (KHTML, like Gecko) Chrome/137.0.7151.103 Mobile Safari/537.36 (compatible; GoogleOther)"
20.171.207.88 - - [16/Jul/2025:12:25:59 +0000] "GET /goodscode/90263266.shtm HTTP/1.1" 404 11742 "-" "Mozilla/5.0 AppleWebKit/537.36 (KHTML, like Gecko; compatible; GPTBot/1.2; +https://openai.com/gptbot)"
20.171.207.88 - - [16/Jul/2025:12:26:02 +0000] "GET /goodscode/90248402.shtm HTTP/1.1" 404 11742 "-" "Mozilla/5.0 AppleWebKit/537.36 (KHTML, like Gecko; compatible; GPTBot/1.2; +https://openai.com/gptbot)"
20.171.207.88 - - [16/Jul/2025:12:26:05 +0000] "GET /goodscode/90261942.shtm HTTP/1.1" 404 11742 "-" "Mozilla/5.0 AppleWebKit/537.36 (KHTML, like Gecko; compatible; GPTBot/1.2; +https://openai.com/gptbot)"
20.171.207.88 - - [16/Jul/2025:12:26:08 +0000] "GET /goodscode/90262610.shtm HTTP/1.1" 404 11742 "-" "Mozilla/5.0 AppleWebKit/537.36 (KHTML, like Gecko; compatible; GPTBot/1.2; +https://openai.com/gptbot)"
20.171.207.88 - - [16/Jul/2025:12:26:10 +0000] "GET /goodscode/90239818.shtm HTTP/1.1" 404 11742 "-" "Mozilla/5.0 AppleWebKit/537.36 (KHTML, like Gecko; compatible; GPTBot/1.2; +https://openai.com/gptbot)"
20.171.207.88 - - [16/Jul/2025:12:26:13 +0000] "GET /goodscode/90234932.shtm HTTP/1.1" 404 11742 "-" "Mozilla/5.0 AppleWebKit/537.36 (KHTML, like Gecko; compatible; GPTBot/1.2; +https://openai.com/gptbot)"
209.74.77.214 - - [16/Jul/2025:12:21:16 +0000] "GET /wp-admin/css/colors/ocean/ocean/index.php?ARRAY=7o2230223n313735323637323037362p2231223n22687474703n5p2s5p2s7n7334383376313373752r746s6566612r626p6s675p2s3s6p633q7068705s636s64655s6n6326743q313735323636383437362q3161356230626464643166343030643836323131636635326536393661326538222p2232223n226333363162656234626539323262343461346162653864383566303734336132222p2233223n226339633562653961386430343738323062363565643765653533613336383838222p226175746s5s66696p655s6r616q65223n6r756p6p2p226175746s5s70617373223n6r756p6p2p2262696r675s70617373223n2231392q34322q35332q36352q37382q38322q3133227q HTTP/1.1" 301 - "-" "-"
20.171.207.88 - - [16/Jul/2025:12:26:16 +0000] "GET /goodscode/90259936.shtm HTTP/1.1" 404 11742 "-" "Mozilla/5.0 AppleWebKit/537.36 (KHTML, like Gecko; compatible; GPTBot/1.2; +https://openai.com/gptbot)"
20.171.207.88 - - [16/Jul/2025:12:26:20 +0000] "GET /goodscode/90239125.shtm HTTP/1.1" 404 11742 "-" "Mozilla/5.0 AppleWebKit/537.36 (KHTML, like Gecko; compatible; GPTBot/1.2; +https://openai.com/gptbot)"
20.171.207.88 - - [16/Jul/2025:12:26:22 +0000] "GET /goodscode/90244184.shtm HTTP/1.1" 404 11742 "-" "Mozilla/5.0 AppleWebKit/537.36 (KHTML, like Gecko; compatible; GPTBot/1.2; +https://openai.com/gptbot)"
20.171.207.88 - - [16/Jul/2025:12:26:25 +0000] "GET /goodscode/90250965.shtm HTTP/1.1" 404 11742 "-" "Mozilla/5.0 AppleWebKit/537.36 (KHTML, like Gecko; compatible; GPTBot/1.2; +https://openai.com/gptbot)"
20.171.207.88 - - [16/Jul/2025:12:26:27 +0000] "GET /goodscode/90253703.shtm HTTP/1.1" 404 11742 "-" "Mozilla/5.0 AppleWebKit/537.36 (KHTML, like Gecko; compatible; GPTBot/1.2; +https://openai.com/gptbot)"
