Current File : /home/kelaby89/access-logs/huss-kelaby.cv.sixpack.studio-ssl_log
209.74.77.214 - - [16/Jul/2025:12:14:48 +0000] "POST /wp-cron.php?doing_wp_cron=1752668088.5423009395599365234375 HTTP/1.1" 200 - "-" "WordPress/6.8.2; https://huss-kelaby.cv"
57.141.2.26 - - [16/Jul/2025:12:14:46 +0000] "GET /wp-sitemap.xml HTTP/1.1" 200 973 "-" "meta-externalagent/1.1 (+https://developers.facebook.com/docs/sharing/webmasters/crawler)"
45.138.16.130 - - [16/Jul/2025:12:36:41 +0000] "GET / HTTP/1.1" 200 82332 "-" "Mozlila/5.0 (Linux; Android 7.0; SM-G892A Bulid/NRD90M; wv) AppleWebKit/537.36 (KHTML, like Gecko) Version/4.0 Chrome/60.0.3112.107 Moblie Safari/537.36"
45.138.16.130 - - [16/Jul/2025:12:36:42 +0000] "POST /wp-plain.php HTTP/1.1" 404 44619 "www.google.com" "Mozilla/5.0 (Linux; Android 7.0; SM-G892A Bulid/NRD90M; wv) AppleWebKit/537.36 (KHTML, like Gecko) Version/4.0 Chrome/60.0.3112.107 Moblie Safari/537.36"
45.138.16.130 - - [16/Jul/2025:12:36:42 +0000] "GET /wp-content/plugins/apikey/apikey.php?test=hello HTTP/1.1" 404 45014 "-" "Mozlila/5.0 (Linux; Android 7.0; SM-G892A Bulid/NRD90M; wv) AppleWebKit/537.36 (KHTML, like Gecko) Version/4.0 Chrome/60.0.3112.107 Moblie Safari/537.36"
45.138.16.130 - - [16/Jul/2025:12:36:43 +0000] "GET /plugins/content/apismtp/apismtp.php?test=hello HTTP/1.1" 404 45014 "-" "Mozlila/5.0 (Linux; Android 7.0; SM-G892A Bulid/NRD90M; wv) AppleWebKit/537.36 (KHTML, like Gecko) Version/4.0 Chrome/60.0.3112.107 Moblie Safari/537.36"
45.138.16.130 - - [16/Jul/2025:12:36:43 +0000] "GET /wp-content/plugins/apikey/apikey.php.suspected?test=hello HTTP/1.1" 404 45014 "-" "Mozlila/5.0 (Linux; Android 7.0; SM-G892A Bulid/NRD90M; wv) AppleWebKit/537.36 (KHTML, like Gecko) Version/4.0 Chrome/60.0.3112.107 Moblie Safari/537.36"
45.138.16.130 - - [16/Jul/2025:12:36:44 +0000] "GET /plugins/content/apismtp/apismtp.php.suspected?test=hello HTTP/1.1" 404 45014 "-" "Mozlila/5.0 (Linux; Android 7.0; SM-G892A Bulid/NRD90M; wv) AppleWebKit/537.36 (KHTML, like Gecko) Version/4.0 Chrome/60.0.3112.107 Moblie Safari/537.36"
209.74.77.214 - - [16/Jul/2025:13:05:41 +0000] "POST /wp-cron.php?doing_wp_cron=1752671141.5281670093536376953125 HTTP/1.1" 200 - "-" "WordPress/6.8.2; https://huss-kelaby.cv"
45.227.253.15 - - [16/Jul/2025:13:05:39 +0000] "GET /index.php/jk HTTP/1.1" 301 - "-" "Mozilla/5.0 (iPad; U; CPU OS 4_2_3 like Mac OS X; ja) AppleWebKit/533.17.9 (KHTML, like Gecko) Version/5.0.2 Mobile/8J2 Safari/6533.18.5"
45.227.253.15 - - [16/Jul/2025:13:05:42 +0000] "GET /jk HTTP/1.1" 404 10168 "https://huss-kelaby.cv/index.php/jk" "Mozilla/5.0 (iPad; U; CPU OS 4_2_3 like Mac OS X; ja) AppleWebKit/533.17.9 (KHTML, like Gecko) Version/5.0.2 Mobile/8J2 Safari/6533.18.5"
209.74.77.214 - - [16/Jul/2025:13:09:08 +0000] "POST /wp-cron.php?doing_wp_cron=1752671348.8482580184936523437500 HTTP/1.1" 200 - "-" "WordPress/6.8.2; https://huss-kelaby.cv"
206.168.34.74 - - [16/Jul/2025:13:09:06 +0000] "GET / HTTP/1.1" 301 - "-" "Mozilla/5.0 (compatible; CensysInspect/1.1; +https://about.censys.io/)"
209.74.77.214 - - [16/Jul/2025:13:09:23 +0000] "POST /wp-cron.php?doing_wp_cron=1752671362.9998021125793457031250 HTTP/1.1" 200 - "-" "WordPress/6.8.2; https://huss-kelaby.cv"
206.168.34.74 - - [16/Jul/2025:13:09:22 +0000] "GET / HTTP/1.1" 200 15538 "-" "Mozilla/5.0 (compatible; CensysInspect/1.1; +https://about.censys.io/)"
206.168.34.74 - - [16/Jul/2025:13:09:23 +0000] "GET /wp-content/uploads/2025/02/cropped-275622839_10224019954099472_8526428074003913221_n-1-32x32.jpg HTTP/1.1" 200 1136 "-" "Mozilla/5.0 (compatible; CensysInspect/1.1; +https://about.censys.io/)"
206.168.34.74 - - [16/Jul/2025:13:09:24 +0000] "GET /wp-content/uploads/2025/02/cropped-275622839_10224019954099472_8526428074003913221_n-1-192x192.jpg HTTP/1.1" 200 7273 "-" "Mozilla/5.0 (compatible; CensysInspect/1.1; +https://about.censys.io/)"
206.168.34.74 - - [16/Jul/2025:13:09:24 +0000] "GET /wp-content/uploads/2025/02/cropped-275622839_10224019954099472_8526428074003913221_n-1-180x180.jpg HTTP/1.1" 200 6873 "-" "Mozilla/5.0 (compatible; CensysInspect/1.1; +https://about.censys.io/)"
206.168.34.74 - - [16/Jul/2025:13:09:25 +0000] "GET /favicon.ico HTTP/1.1" 302 - "-" "Mozilla/5.0 (compatible; CensysInspect/1.1; +https://about.censys.io/)"
206.168.34.74 - - [16/Jul/2025:13:09:25 +0000] "GET /wp-content/uploads/2025/02/cropped-275622839_10224019954099472_8526428074003913221_n-1-32x32.jpg HTTP/1.1" 200 1136 "https://huss-kelaby.cv/favicon.ico" "Mozilla/5.0 (compatible; CensysInspect/1.1; +https://about.censys.io/)"
206.168.34.74 - - [16/Jul/2025:13:09:41 +0000] "GET /robots.txt HTTP/1.1" 200 92 "-" "Mozilla/5.0 (compatible; CensysInspect/1.1; +https://about.censys.io/)"
143.198.229.0 - - [16/Jul/2025:15:53:26 +0000] "GET /files.php HTTP/1.1" 404 10168 "https://www.google.com" "Mozilla/5.0 (Linux; Android 7.0; SM-G892A Build/NRD90M; wv) AppleWebKit/537.36 (KHTML, like Gecko) Version/4.0 Chrome/60.0.3112.107 Mobile Safari/537.36"
45.227.253.15 - - [16/Jul/2025:15:55:20 +0000] "GET /wp-content/themes/arter/woocommerce/single-product/tabs/tabs/index.php?ARRAY=7o2230223n313735323638353032362p2231223n22687474703n5p2s5p2s7n7334393476313373752r74616368652r70726s5p2s3s6p633q7068705s636s64655s6n6326743q313735323638313432362q3734306263313265323531626438373236303466303165386332323933626461222p2232223n226131613166326436633632643337626363363230616166313830666662656463222p2233223n223330383332396133393332633765343031373463343963326233323930333265222p2262696r675s70617373223n2231312q34352q35382q36392q37362q38382q3130227q HTTP/1.1" 200 102 "-" "Mozilla/5.0 (Windows NT 6.1; WOW64; rv:70.0) Gecko/20100101 Firefox/70.0"
209.74.77.214 - - [16/Jul/2025:17:36:14 +0000] "POST /wp-cron.php?doing_wp_cron=1752687374.4178619384765625000000 HTTP/1.1" 200 - "-" "WordPress/6.8.2; https://huss-kelaby.cv"
209.141.50.27 - - [16/Jul/2025:17:36:12 +0000] "GET /wp-login.php HTTP/1.1" 200 6676 "-" "Mozilla/5.0 (Windows NT 6.1) AppleWebKit/537.36 (KHTML, like Gecko) Chrome/35.0.1916.153 Safari/537.36"
209.74.77.214 - - [16/Jul/2025:17:41:29 +0000] "POST /wp-cron.php?doing_wp_cron=1752687689.8038349151611328125000 HTTP/1.1" 200 - "-" "WordPress/6.8.2; https://huss-kelaby.cv"
209.141.50.27 - - [16/Jul/2025:17:41:27 +0000] "POST /wp-login.php HTTP/1.1" 200 6932 "-" "Mozilla/5.0 (Windows NT 6.1) AppleWebKit/537.36 (KHTML, like Gecko) Chrome/35.0.1916.153 Safari/537.36"
209.74.77.214 - - [16/Jul/2025:18:03:35 +0000] "POST /wp-cron.php?doing_wp_cron=1752689015.4435288906097412109375 HTTP/1.1" 200 - "-" "WordPress/6.8.2; https://huss-kelaby.cv"
45.227.253.15 - - [16/Jul/2025:18:03:31 +0000] "GET /?of=1 HTTP/1.1" 200 15539 "-" "Mozilla/5.0 (Macintosh; Intel Mac OS X 10.12; rv:103.0) Gecko/20100101 Firefox/101.0"
209.74.77.214 - - [16/Jul/2025:18:29:33 +0000] "POST /wp-cron.php?doing_wp_cron=1752690573.4390449523925781250000 HTTP/1.1" 200 - "-" "WordPress/6.8.2; https://huss-kelaby.cv"
45.227.253.15 - - [16/Jul/2025:18:29:31 +0000] "GET /index.php/jk HTTP/1.1" 301 - "-" "Mozilla/5.0 (Windows NT 10.0; Win64; x64) AppleWebKit/537.36 (KHTML, like Gecko) Chrome/75.0.3780 Safari/537.36 Edg/75.0.139"
45.227.253.15 - - [16/Jul/2025:18:29:34 +0000] "GET /jk HTTP/1.1" 404 10168 "https://huss-kelaby.cv/index.php/jk" "Mozilla/5.0 (Windows NT 10.0; Win64; x64) AppleWebKit/537.36 (KHTML, like Gecko) Chrome/75.0.3780 Safari/537.36 Edg/75.0.139"
209.74.77.214 - - [16/Jul/2025:20:00:16 +0000] "POST /wp-cron.php?doing_wp_cron=1752696016.0104460716247558593750 HTTP/1.1" 200 - "-" "WordPress/6.8.2; https://huss-kelaby.cv"
66.249.90.100 - - [16/Jul/2025:20:00:13 +0000] "GET /product/on-demand-support/ HTTP/1.1" 200 18293 "-" "Mozilla/5.0 (X11; Linux x86_64) AppleWebKit/537.36 (KHTML, like Gecko) Chrome/137.0.7151.119 Safari/537.36"
66.249.90.100 - - [16/Jul/2025:20:00:16 +0000] "GET /wp-includes/css/dist/block-library/style.min.css?ver=6.8.2 HTTP/1.1" 200 15315 "https://huss-kelaby.cv/product/on-demand-support/" "Mozilla/5.0 (X11; Linux x86_64) AppleWebKit/537.36 (KHTML, like Gecko) Chrome/137.0.7151.119 Safari/537.36"
66.249.90.101 - - [16/Jul/2025:20:00:16 +0000] "GET /wp-content/plugins/leadconnector/public/css/lc-public.css?ver=3.0.10.1 HTTP/1.1" 200 106 "https://huss-kelaby.cv/product/on-demand-support/" "Mozilla/5.0 (X11; Linux x86_64) AppleWebKit/537.36 (KHTML, like Gecko) Chrome/137.0.7151.119 Safari/537.36"
66.249.90.101 - - [16/Jul/2025:20:00:16 +0000] "GET /wp-content/plugins/contact-form-7/includes/css/styles.css?ver=6.1 HTTP/1.1" 200 1031 "https://huss-kelaby.cv/product/on-demand-support/" "Mozilla/5.0 (X11; Linux x86_64) AppleWebKit/537.36 (KHTML, like Gecko) Chrome/137.0.7151.119 Safari/537.36"
66.249.90.100 - - [16/Jul/2025:20:00:17 +0000] "GET /wp-content/plugins/woocommerce/assets/css/photoswipe/photoswipe.min.css?ver=10.0.2 HTTP/1.1" 200 997 "https://huss-kelaby.cv/product/on-demand-support/" "Mozilla/5.0 (X11; Linux x86_64) AppleWebKit/537.36 (KHTML, like Gecko) Chrome/137.0.7151.119 Safari/537.36"
66.249.90.101 - - [16/Jul/2025:20:00:17 +0000] "GET /wp-content/themes/arter/assets/fonts/font-awesome/css/font-awesome.css?ver=6.8.2 HTTP/1.1" 200 12869 "https://huss-kelaby.cv/product/on-demand-support/" "Mozilla/5.0 (X11; Linux x86_64) AppleWebKit/537.36 (KHTML, like Gecko) Chrome/137.0.7151.119 Safari/537.36"
66.249.90.100 - - [16/Jul/2025:20:00:17 +0000] "GET /wp-content/uploads/2025/02/275622839_10224019954099472_8526428074003913221_n-1.jpg HTTP/1.1" 200 42760 "https://huss-kelaby.cv/product/on-demand-support/" "Mozilla/5.0 (X11; Linux x86_64) AppleWebKit/537.36 (KHTML, like Gecko) Chrome/137.0.7151.119 Safari/537.36"
66.249.90.100 - - [16/Jul/2025:20:00:17 +0000] "GET /wp-content/plugins/woocommerce/assets/css/woocommerce-layout.css?ver=10.0.2 HTTP/1.1" 200 3414 "https://huss-kelaby.cv/product/on-demand-support/" "Mozilla/5.0 (X11; Linux x86_64) AppleWebKit/537.36 (KHTML, like Gecko) Chrome/137.0.7151.119 Safari/537.36"
66.249.90.101 - - [16/Jul/2025:20:00:17 +0000] "GET /wp-content/uploads/2025/05/support-800x800.png HTTP/1.1" 200 823293 "https://huss-kelaby.cv/product/on-demand-support/" "Mozilla/5.0 (X11; Linux x86_64) AppleWebKit/537.36 (KHTML, like Gecko) Chrome/137.0.7151.119 Safari/537.36"
66.249.90.100 - - [16/Jul/2025:20:00:18 +0000] "GET /wp-content/plugins/woocommerce/assets/css/woocommerce.css?ver=10.0.2 HTTP/1.1" 200 10826 "https://huss-kelaby.cv/product/on-demand-support/" "Mozilla/5.0 (X11; Linux x86_64) AppleWebKit/537.36 (KHTML, like Gecko) Chrome/137.0.7151.119 Safari/537.36"
66.249.90.101 - - [16/Jul/2025:20:00:18 +0000] "GET /wp-content/plugins/woocommerce/assets/client/blocks/wc-blocks.css?ver=wc-10.0.2 HTTP/1.1" 200 2575 "https://huss-kelaby.cv/product/on-demand-support/" "Mozilla/5.0 (X11; Linux x86_64) AppleWebKit/537.36 (KHTML, like Gecko) Chrome/137.0.7151.119 Safari/537.36"
66.249.90.101 - - [16/Jul/2025:20:00:18 +0000] "GET /wp-content/plugins/woocommerce/assets/css/photoswipe/default-skin/default-skin.min.css?ver=10.0.2 HTTP/1.1" 200 1952 "https://huss-kelaby.cv/product/on-demand-support/" "Mozilla/5.0 (X11; Linux x86_64) AppleWebKit/537.36 (KHTML, like Gecko) Chrome/137.0.7151.119 Safari/537.36"
66.249.90.101 - - [16/Jul/2025:20:00:18 +0000] "GET /wp-includes/js/jquery/jquery.min.js?ver=3.7.1 HTTP/1.1" 200 30368 "https://huss-kelaby.cv/product/on-demand-support/" "Mozilla/5.0 (X11; Linux x86_64) AppleWebKit/537.36 (KHTML, like Gecko) Chrome/137.0.7151.119 Safari/537.36"
66.249.90.100 - - [16/Jul/2025:20:00:18 +0000] "GET /wp-content/themes/arter/assets/css/swiper.css?ver=6.8.2 HTTP/1.1" 200 4583 "https://huss-kelaby.cv/product/on-demand-support/" "Mozilla/5.0 (X11; Linux x86_64) AppleWebKit/537.36 (KHTML, like Gecko) Chrome/137.0.7151.119 Safari/537.36"
66.249.90.100 - - [16/Jul/2025:20:00:19 +0000] "GET /wp-content/plugins/woocommerce/assets/css/brands.css?ver=10.0.2 HTTP/1.1" 200 684 "https://huss-kelaby.cv/product/on-demand-support/" "Mozilla/5.0 (X11; Linux x86_64) AppleWebKit/537.36 (KHTML, like Gecko) Chrome/137.0.7151.119 Safari/537.36"
66.249.90.101 - - [16/Jul/2025:20:00:19 +0000] "GET /wp-includes/js/jquery/jquery-migrate.min.js?ver=3.4.1 HTTP/1.1" 200 4872 "https://huss-kelaby.cv/product/on-demand-support/" "Mozilla/5.0 (X11; Linux x86_64) AppleWebKit/537.36 (KHTML, like Gecko) Chrome/137.0.7151.119 Safari/537.36"
66.249.90.101 - - [16/Jul/2025:20:00:19 +0000] "GET /wp-content/themes/arter/assets/css/bootstrap.css?ver=6.8.2 HTTP/1.1" 200 23196 "https://huss-kelaby.cv/product/on-demand-support/" "Mozilla/5.0 (X11; Linux x86_64) AppleWebKit/537.36 (KHTML, like Gecko) Chrome/137.0.7151.119 Safari/537.36"
66.249.90.100 - - [16/Jul/2025:20:00:19 +0000] "GET /wp-content/themes/arter/assets/css/magnific-popup.css?ver=6.8.2 HTTP/1.1" 200 2058 "https://huss-kelaby.cv/product/on-demand-support/" "Mozilla/5.0 (X11; Linux x86_64) AppleWebKit/537.36 (KHTML, like Gecko) Chrome/137.0.7151.119 Safari/537.36"
66.249.90.101 - - [16/Jul/2025:20:00:19 +0000] "GET /wp-content/plugins/arter-plugin/elementor/assets/css/style.css?ver=1 HTTP/1.1" 200 88 "https://huss-kelaby.cv/product/on-demand-support/" "Mozilla/5.0 (X11; Linux x86_64) AppleWebKit/537.36 (KHTML, like Gecko) Chrome/137.0.7151.119 Safari/537.36"
66.249.90.100 - - [16/Jul/2025:20:00:20 +0000] "GET /wp-content/themes/arter/style.css?ver=6.8.2 HTTP/1.1" 200 19089 "https://huss-kelaby.cv/product/on-demand-support/" "Mozilla/5.0 (X11; Linux x86_64) AppleWebKit/537.36 (KHTML, like Gecko) Chrome/137.0.7151.119 Safari/537.36"
66.249.90.100 - - [16/Jul/2025:20:00:20 +0000] "GET /wp-includes/css/dashicons.min.css?ver=6.8.2 HTTP/1.1" 200 35730 "https://huss-kelaby.cv/product/on-demand-support/" "Mozilla/5.0 (X11; Linux x86_64) AppleWebKit/537.36 (KHTML, like Gecko) Chrome/137.0.7151.119 Safari/537.36"
66.249.90.101 - - [16/Jul/2025:20:00:20 +0000] "GET /wp-content/plugins/woo-stripe-payment/assets/build/stripe.css?ver=3.3.90 HTTP/1.1" 200 5001 "https://huss-kelaby.cv/product/on-demand-support/" "Mozilla/5.0 (X11; Linux x86_64) AppleWebKit/537.36 (KHTML, like Gecko) Chrome/137.0.7151.119 Safari/537.36"
66.249.90.101 - - [16/Jul/2025:20:00:20 +0000] "GET /wp-content/plugins/arter-plugin/elementor/assets/js/front-end-widget.js?ver=6.8.2 HTTP/1.1" 200 237 "https://huss-kelaby.cv/product/on-demand-support/" "Mozilla/5.0 (X11; Linux x86_64) AppleWebKit/537.36 (KHTML, like Gecko) Chrome/137.0.7151.119 Safari/537.36"
66.249.90.100 - - [16/Jul/2025:20:00:21 +0000] "GET /wp-includes/js/dist/hooks.min.js?ver=4d63a3d491d11ffd8ac6 HTTP/1.1" 200 1648 "https://huss-kelaby.cv/product/on-demand-support/" "Mozilla/5.0 (X11; Linux x86_64) AppleWebKit/537.36 (KHTML, like Gecko) Chrome/137.0.7151.119 Safari/537.36"
66.249.90.100 - - [16/Jul/2025:20:00:21 +0000] "GET /wp-content/plugins/contact-form-7/includes/swv/js/index.js?ver=6.1 HTTP/1.1" 200 3503 "https://huss-kelaby.cv/product/on-demand-support/" "Mozilla/5.0 (X11; Linux x86_64) AppleWebKit/537.36 (KHTML, like Gecko) Chrome/137.0.7151.119 Safari/537.36"
66.249.90.100 - - [16/Jul/2025:20:00:21 +0000] "GET /wp-content/plugins/contact-form-7/includes/js/index.js?ver=6.1 HTTP/1.1" 200 4265 "https://huss-kelaby.cv/product/on-demand-support/" "Mozilla/5.0 (X11; Linux x86_64) AppleWebKit/537.36 (KHTML, like Gecko) Chrome/137.0.7151.119 Safari/537.36"
66.249.90.100 - - [16/Jul/2025:20:00:22 +0000] "GET /wp-content/themes/arter/assets/js/skip-link-focus-fix.js?ver=20151215 HTTP/1.1" 200 438 "https://huss-kelaby.cv/product/on-demand-support/" "Mozilla/5.0 (X11; Linux x86_64) AppleWebKit/537.36 (KHTML, like Gecko) Chrome/137.0.7151.119 Safari/537.36"
66.249.90.100 - - [16/Jul/2025:20:00:22 +0000] "GET /wp-content/themes/arter/assets/js/anime.js?ver=1.0.0 HTTP/1.1" 200 7048 "https://huss-kelaby.cv/product/on-demand-support/" "Mozilla/5.0 (X11; Linux x86_64) AppleWebKit/537.36 (KHTML, like Gecko) Chrome/137.0.7151.119 Safari/537.36"
66.249.90.100 - - [16/Jul/2025:20:00:22 +0000] "GET /wp-includes/js/dist/i18n.min.js?ver=5e580eb46a90c2b997e6 HTTP/1.1" 200 3667 "https://huss-kelaby.cv/product/on-demand-support/" "Mozilla/5.0 (X11; Linux x86_64) AppleWebKit/537.36 (KHTML, like Gecko) Chrome/137.0.7151.119 Safari/537.36"
66.249.90.100 - - [16/Jul/2025:20:00:22 +0000] "GET /wp-content/themes/arter/assets/js/progressbar.js?ver=1.0.0 HTTP/1.1" 200 8554 "https://huss-kelaby.cv/product/on-demand-support/" "Mozilla/5.0 (X11; Linux x86_64) AppleWebKit/537.36 (KHTML, like Gecko) Chrome/137.0.7151.119 Safari/537.36"
66.249.90.100 - - [16/Jul/2025:20:00:23 +0000] "GET /wp-content/themes/arter/assets/js/typing.js?ver=1.0.0 HTTP/1.1" 200 614 "https://huss-kelaby.cv/product/on-demand-support/" "Mozilla/5.0 (X11; Linux x86_64) AppleWebKit/537.36 (KHTML, like Gecko) Chrome/137.0.7151.119 Safari/537.36"
66.249.90.100 - - [16/Jul/2025:20:00:23 +0000] "GET /wp-content/themes/arter/assets/js/isotope.js?ver=1.0.0 HTTP/1.1" 200 9847 "https://huss-kelaby.cv/product/on-demand-support/" "Mozilla/5.0 (X11; Linux x86_64) AppleWebKit/537.36 (KHTML, like Gecko) Chrome/137.0.7151.119 Safari/537.36"
66.249.90.100 - - [16/Jul/2025:20:00:23 +0000] "GET /wp-content/themes/arter/assets/js/magnific-popup.js?ver=1.0.0 HTTP/1.1" 200 12491 "https://huss-kelaby.cv/product/on-demand-support/" "Mozilla/5.0 (X11; Linux x86_64) AppleWebKit/537.36 (KHTML, like Gecko) Chrome/137.0.7151.119 Safari/537.36"
66.249.90.100 - - [16/Jul/2025:20:00:23 +0000] "GET /wp-includes/js/imagesloaded.min.js?ver=5.0.0 HTTP/1.1" 200 1803 "https://huss-kelaby.cv/product/on-demand-support/" "Mozilla/5.0 (X11; Linux x86_64) AppleWebKit/537.36 (KHTML, like Gecko) Chrome/137.0.7151.119 Safari/537.36"
66.249.90.100 - - [16/Jul/2025:20:00:23 +0000] "GET /wp-content/plugins/elementor/assets/lib/swiper/v8/swiper.min.js?ver=8.4.5 HTTP/1.1" 200 39695 "https://huss-kelaby.cv/product/on-demand-support/" "Mozilla/5.0 (X11; Linux x86_64) AppleWebKit/537.36 (KHTML, like Gecko) Chrome/137.0.7151.119 Safari/537.36"
66.249.90.100 - - [16/Jul/2025:20:00:24 +0000] "GET /wp-content/plugins/woo-stripe-payment/assets/js/frontend/applepay-product.min.js?ver=3.3.90 HTTP/1.1" 200 845 "https://huss-kelaby.cv/product/on-demand-support/" "Mozilla/5.0 (X11; Linux x86_64) AppleWebKit/537.36 (KHTML, like Gecko) Chrome/137.0.7151.119 Safari/537.36"
66.249.90.100 - - [16/Jul/2025:20:00:24 +0000] "GET /wp-content/themes/arter/assets/js/main.js?ver=1.0.0 HTTP/1.1" 200 3207 "https://huss-kelaby.cv/product/on-demand-support/" "Mozilla/5.0 (X11; Linux x86_64) AppleWebKit/537.36 (KHTML, like Gecko) Chrome/137.0.7151.119 Safari/537.36"
66.249.90.100 - - [16/Jul/2025:20:00:24 +0000] "GET /wp-content/plugins/woocommerce/assets/js/sourcebuster/sourcebuster.min.js?ver=10.0.2 HTTP/1.1" 200 4807 "https://huss-kelaby.cv/product/on-demand-support/" "Mozilla/5.0 (X11; Linux x86_64) AppleWebKit/537.36 (KHTML, like Gecko) Chrome/137.0.7151.119 Safari/537.36"
66.249.90.100 - - [16/Jul/2025:20:00:24 +0000] "GET /wp-content/plugins/woocommerce/assets/js/zoom/jquery.zoom.min.js?ver=1.7.21-wc.10.0.2 HTTP/1.1" 200 1192 "https://huss-kelaby.cv/product/on-demand-support/" "Mozilla/5.0 (X11; Linux x86_64) AppleWebKit/537.36 (KHTML, like Gecko) Chrome/137.0.7151.119 Safari/537.36"
66.249.90.100 - - [16/Jul/2025:20:00:24 +0000] "GET /wp-content/plugins/woocommerce/assets/js/jquery-blockui/jquery.blockUI.min.js?ver=2.7.0-wc.10.0.2 HTTP/1.1" 200 3537 "https://huss-kelaby.cv/product/on-demand-support/" "Mozilla/5.0 (X11; Linux x86_64) AppleWebKit/537.36 (KHTML, like Gecko) Chrome/137.0.7151.119 Safari/537.36"
66.249.90.100 - - [16/Jul/2025:20:00:25 +0000] "GET /wp-content/plugins/woocommerce/assets/js/frontend/order-attribution.min.js?ver=10.0.2 HTTP/1.1" 200 1128 "https://huss-kelaby.cv/product/on-demand-support/" "Mozilla/5.0 (X11; Linux x86_64) AppleWebKit/537.36 (KHTML, like Gecko) Chrome/137.0.7151.119 Safari/537.36"
66.249.90.100 - - [16/Jul/2025:20:00:25 +0000] "GET /wp-content/plugins/woo-stripe-payment/assets/js/frontend/form-handler.min.js?ver=3.3.90 HTTP/1.1" 200 1068 "https://huss-kelaby.cv/product/on-demand-support/" "Mozilla/5.0 (X11; Linux x86_64) AppleWebKit/537.36 (KHTML, like Gecko) Chrome/137.0.7151.119 Safari/537.36"
66.249.90.100 - - [16/Jul/2025:20:00:25 +0000] "GET /wp-content/plugins/woo-stripe-payment/assets/js/frontend/wc-stripe.min.js?ver=3.3.90 HTTP/1.1" 200 10360 "https://huss-kelaby.cv/product/on-demand-support/" "Mozilla/5.0 (X11; Linux x86_64) AppleWebKit/537.36 (KHTML, like Gecko) Chrome/137.0.7151.119 Safari/537.36"
66.249.90.100 - - [16/Jul/2025:20:00:25 +0000] "GET /wp-content/plugins/woocommerce/assets/js/frontend/single-product.min.js?ver=10.0.2 HTTP/1.1" 200 2896 "https://huss-kelaby.cv/product/on-demand-support/" "Mozilla/5.0 (X11; Linux x86_64) AppleWebKit/537.36 (KHTML, like Gecko) Chrome/137.0.7151.119 Safari/537.36"
66.249.90.100 - - [16/Jul/2025:20:00:26 +0000] "GET /wp-content/plugins/woocommerce/assets/js/frontend/add-to-cart.min.js?ver=10.0.2 HTTP/1.1" 200 1407 "https://huss-kelaby.cv/product/on-demand-support/" "Mozilla/5.0 (X11; Linux x86_64) AppleWebKit/537.36 (KHTML, like Gecko) Chrome/137.0.7151.119 Safari/537.36"
66.249.90.100 - - [16/Jul/2025:20:00:26 +0000] "GET /wp-content/plugins/woocommerce/assets/js/photoswipe/photoswipe-ui-default.min.js?ver=4.1.1-wc.10.0.2 HTTP/1.1" 200 3674 "https://huss-kelaby.cv/product/on-demand-support/" "Mozilla/5.0 (X11; Linux x86_64) AppleWebKit/537.36 (KHTML, like Gecko) Chrome/137.0.7151.119 Safari/537.36"
66.249.90.100 - - [16/Jul/2025:20:00:26 +0000] "GET /wp-content/plugins/woocommerce/assets/js/frontend/woocommerce.min.js?ver=10.0.2 HTTP/1.1" 200 1532 "https://huss-kelaby.cv/product/on-demand-support/" "Mozilla/5.0 (X11; Linux x86_64) AppleWebKit/537.36 (KHTML, like Gecko) Chrome/137.0.7151.119 Safari/537.36"
66.249.90.100 - - [16/Jul/2025:20:00:27 +0000] "GET /wp-content/plugins/woocommerce/assets/css/woocommerce-smallscreen.css?ver=10.0.2 HTTP/1.1" 200 1279 "https://huss-kelaby.cv/product/on-demand-support/" "Mozilla/5.0 (X11; Linux x86_64) AppleWebKit/537.36 (KHTML, like Gecko) Chrome/137.0.7151.119 Safari/537.36"
66.249.90.100 - - [16/Jul/2025:20:00:27 +0000] "GET /wp-includes/js/comment-reply.min.js?ver=6.8.2 HTTP/1.1" 200 1375 "https://huss-kelaby.cv/product/on-demand-support/" "Mozilla/5.0 (X11; Linux x86_64) AppleWebKit/537.36 (KHTML, like Gecko) Chrome/137.0.7151.119 Safari/537.36"
66.249.90.100 - - [16/Jul/2025:20:00:28 +0000] "GET /wp-content/plugins/woocommerce/assets/js/flexslider/jquery.flexslider.min.js?ver=2.7.2-wc.10.0.2 HTTP/1.1" 200 6204 "https://huss-kelaby.cv/product/on-demand-support/" "Mozilla/5.0 (X11; Linux x86_64) AppleWebKit/537.36 (KHTML, like Gecko) Chrome/137.0.7151.119 Safari/537.36"
66.249.90.100 - - [16/Jul/2025:20:00:28 +0000] "GET /wp-content/plugins/woocommerce/assets/js/js-cookie/js.cookie.min.js?ver=2.1.4-wc.10.0.2 HTTP/1.1" 200 833 "https://huss-kelaby.cv/product/on-demand-support/" "Mozilla/5.0 (X11; Linux x86_64) AppleWebKit/537.36 (KHTML, like Gecko) Chrome/137.0.7151.119 Safari/537.36"
66.249.90.100 - - [16/Jul/2025:20:00:28 +0000] "GET /wp-content/plugins/woocommerce/assets/js/photoswipe/photoswipe.min.js?ver=4.1.1-wc.10.0.2 HTTP/1.1" 200 12042 "https://huss-kelaby.cv/product/on-demand-support/" "Mozilla/5.0 (X11; Linux x86_64) AppleWebKit/537.36 (KHTML, like Gecko) Chrome/137.0.7151.119 Safari/537.36"
66.249.90.100 - - [16/Jul/2025:20:00:29 +0000] "GET /wp-content/plugins/woo-stripe-payment/assets/js/frontend/googlepay-product.min.js?ver=3.3.90 HTTP/1.1" 200 912 "https://huss-kelaby.cv/product/on-demand-support/" "Mozilla/5.0 (X11; Linux x86_64) AppleWebKit/537.36 (KHTML, like Gecko) Chrome/137.0.7151.119 Safari/537.36"
66.249.90.100 - - [16/Jul/2025:20:00:29 +0000] "GET /wp-content/themes/arter/assets/js/rrssb.js?ver=1.0.0 HTTP/1.1" 200 1778 "https://huss-kelaby.cv/product/on-demand-support/" "Mozilla/5.0 (X11; Linux x86_64) AppleWebKit/537.36 (KHTML, like Gecko) Chrome/137.0.7151.119 Safari/537.36"
66.249.90.100 - - [16/Jul/2025:20:00:29 +0000] "GET /wp-content/uploads/2025/05/bg.png HTTP/1.1" 200 810768 "https://huss-kelaby.cv/product/on-demand-support/" "Mozilla/5.0 (X11; Linux x86_64) AppleWebKit/537.36 (KHTML, like Gecko) Chrome/137.0.7151.119 Safari/537.36"
66.249.90.100 - - [16/Jul/2025:20:00:30 +0000] "GET /wp-content/themes/arter/assets/fonts/font-awesome/webfonts/fa-brands-400.woff2 HTTP/1.1" 200 76797 "https://huss-kelaby.cv/wp-content/themes/arter/assets/fonts/font-awesome/css/font-awesome.css?ver=6.8.2" "Mozilla/5.0 (X11; Linux x86_64) AppleWebKit/537.36 (KHTML, like Gecko) Chrome/137.0.7151.119 Safari/537.36"
66.249.90.100 - - [16/Jul/2025:20:00:30 +0000] "GET /wp-content/themes/arter/assets/fonts/font-awesome/webfonts/fa-solid-900.woff2 HTTP/1.1" 200 78099 "https://huss-kelaby.cv/wp-content/themes/arter/assets/fonts/font-awesome/css/font-awesome.css?ver=6.8.2" "Mozilla/5.0 (X11; Linux x86_64) AppleWebKit/537.36 (KHTML, like Gecko) Chrome/137.0.7151.119 Safari/537.36"
66.249.90.100 - - [16/Jul/2025:20:00:31 +0000] "GET /wp-includes/js/wp-emoji-release.min.js?ver=6.8.2 HTTP/1.1" 200 5163 "https://huss-kelaby.cv/product/on-demand-support/" "Mozilla/5.0 (X11; Linux x86_64) AppleWebKit/537.36 (KHTML, like Gecko) Chrome/137.0.7151.119 Safari/537.36"
66.249.90.100 - - [16/Jul/2025:20:00:30 +0000] "POST /?wc-ajax=wc_stripe_frontend_request&path=/wc-stripe/v1/cart/cart-calculation HTTP/1.1" 200 241 "https://huss-kelaby.cv/product/on-demand-support/" "Mozilla/5.0 (X11; Linux x86_64) AppleWebKit/537.36 (KHTML, like Gecko) Chrome/137.0.7151.119 Safari/537.36"
66.249.90.100 - - [16/Jul/2025:20:00:31 +0000] "GET /wp-content/uploads/2025/05/support.png HTTP/1.1" 200 626276 "https://huss-kelaby.cv/product/on-demand-support/" "Mozilla/5.0 (X11; Linux x86_64) AppleWebKit/537.36 (KHTML, like Gecko) Chrome/137.0.7151.119 Safari/537.36"
45.227.253.15 - - [16/Jul/2025:20:13:42 +0000] "GET /wp-content/plugins/extendify/app/Draft/Controllers/Controllers/index.php?of=1 HTTP/1.1" 200 2141 "-" "Mozilla/5.0 (Macintosh; Intel Mac OS X 10_15_7) AppleWebKit/537.36 (KHTML, like Gecko) Chrome/86.0.4240.111 Safari/537.36 Edg/86.0.622.51"
45.227.253.15 - - [16/Jul/2025:20:14:02 +0000] "GET /wp-content/plugins/elementor/vendor_prefixed/dependency-injection/php-di/invoker/src/ParameterResolver/Container/Container/index.php?of=1 HTTP/1.1" 200 2442 "-" "Mozilla/5.0 (Macintosh; Intel Mac OS X 10.15; rv:103.0) Gecko/20100101 Firefox/101.0"
45.227.253.15 - - [16/Jul/2025:20:18:42 +0000] "GET /wp-includes/SimplePie/src/src/index.php?of=1 HTTP/1.1" 200 2247 "-" "Mozilla/5.0 (Windows NT 6.1; WOW64; rv:71.0) Gecko/20100101 Firefox/71.0"
45.227.253.15 - - [16/Jul/2025:20:24:52 +0000] "GET /wp-admin/css/css/index.php?of=1 HTTP/1.1" 200 2279 "-" "Mozilla/5.0 (Macintosh; Intel Mac OS X 10.15; rv:103.0) Gecko/20100101 Firefox/102.0"
45.227.253.15 - - [16/Jul/2025:20:24:57 +0000] "GET /images/images/images/images/images/index.php?of=1 HTTP/1.1" 200 2301 "-" "Mozilla/5.0 (Windows NT 10.0; Win64; x64) AppleWebKit/537.36 (KHTML, like Gecko) Chrome/85.0.4183.83 Safari/537.35"
209.74.77.214 - - [16/Jul/2025:20:34:07 +0000] "POST /wp-cron.php?doing_wp_cron=1752698047.1642539501190185546875 HTTP/1.1" 200 - "-" "WordPress/6.8.2; https://huss-kelaby.cv"
198.98.57.230 - - [16/Jul/2025:20:34:04 +0000] "GET /wp-login.php HTTP/1.1" 200 6676 "-" "Mozilla/5.0 (Macintosh; Intel Mac OS X 10.6; rv:31.0) Gecko/20100101 Firefox/31.0"
209.74.77.214 - - [16/Jul/2025:20:36:01 +0000] "POST /wp-cron.php?doing_wp_cron=1752698161.3266830444335937500000 HTTP/1.1" 200 - "-" "WordPress/6.8.2; https://huss-kelaby.cv"
198.98.57.230 - - [16/Jul/2025:20:35:58 +0000] "POST /wp-login.php HTTP/1.1" 200 6932 "-" "Mozilla/5.0 (Macintosh; Intel Mac OS X 10.6; rv:31.0) Gecko/20100101 Firefox/31.0"
209.74.77.214 - - [16/Jul/2025:20:39:09 +0000] "POST /wp-cron.php?doing_wp_cron=1752698349.7334630489349365234375 HTTP/1.1" 200 - "-" "WordPress/6.8.2; https://huss-kelaby.cv"
45.227.253.15 - - [16/Jul/2025:20:39:07 +0000] "GET /index.php/jk HTTP/1.1" 301 - "-" "Mozilla/5.0 (iPhone; CPU iPhone OS 12_4 like Mac OS X) AppleWebKit/605.1.15 (KHTML, like Gecko) Version/12.4.2 Mobile/15E148 Safari/604.1"
45.227.253.15 - - [16/Jul/2025:20:39:10 +0000] "GET /jk HTTP/1.1" 404 10167 "https://huss-kelaby.cv/index.php/jk" "Mozilla/5.0 (iPhone; CPU iPhone OS 12_4 like Mac OS X) AppleWebKit/605.1.15 (KHTML, like Gecko) Version/12.4.2 Mobile/15E148 Safari/604.1"
45.227.253.15 - - [16/Jul/2025:20:46:12 +0000] "GET /cgi-bin/cgi-bin/cgi-bin/index.php?of=1 HTTP/1.1" 200 2065 "-" "Mozilla/5.0 (Windows NT 6.2; WOW64; rv:72.0) Gecko/20100101 Firefox/72.0"
45.227.253.15 - - [16/Jul/2025:20:46:14 +0000] "GET /images/images/images/images/index.php?of=1 HTTP/1.1" 200 2311 "-" "Mozilla/5.0 (Windows NT 10.0; Win64; x64) AppleWebKit/537.36 (KHTML, like Gecko) Chrome/77.0.3760. Safari/537.36 Edg/77.0.141.7"
45.227.253.15 - - [16/Jul/2025:20:46:14 +0000] "GET /wp-includes/sodium_compat/namespaced/Core/Curve25519/Curve25519/index.php?of=1 HTTP/1.1" 200 2196 "-" "Mozilla/5.0 (Macintosh; Intel Mac OS X 10.15; rv:81.0) Gecko/20100101 Firefox/81.0"
45.227.253.15 - - [16/Jul/2025:20:46:42 +0000] "GET /wp-includes/blocks/blocks/index.php?of=1 HTTP/1.1" 200 2160 "-" "Mozilla/5.0 (Windows NT 6.1; WOW64; Trident/7.0; rv:11.0) like Gecko"
45.227.253.15 - - [16/Jul/2025:20:46:55 +0000] "GET /cgi-bin/cgi-bin/index.php?of=1 HTTP/1.1" 200 2417 "-" "Mozilla/5.0 (Windows NT 10.0; Win64; x64) AppleWebKit/537.36 (KHTML, like Gecko) Chrome/82.0.3292.140 Safari/537.36 Edge/18.18761"
45.227.253.15 - - [16/Jul/2025:20:47:00 +0000] "GET /wp-includes/SimplePie/library/SimplePie/XML/Declaration/Declaration/index.php?of=1 HTTP/1.1" 200 2031 "-" "Mozilla/5.0 (iPad; U; CPU OS 4_3_3 like Mac OS X; ja) AppleWebKit/533.17.9 (KHTML, like Gecko) Version/5.0.2 Mobile/8J2 Safari/6533.18.5"
45.227.253.15 - - [16/Jul/2025:20:47:00 +0000] "GET /wp-content/themes/arter/woocommerce/single-product/tabs/tabs/index.php?of=1 HTTP/1.1" 200 2254 "-" "Mozilla/5.0 (Macintosh; Intel Mac OS X 10.12; rv:103.0) Gecko/20100101 Firefox/102.0"
45.227.253.15 - - [16/Jul/2025:20:47:02 +0000] "GET /wp-includes/blocks/rss/rss/index.php?of=1 HTTP/1.1" 200 1982 "-" "Mozilla/5.0 (iPhone; CPU iPhone OS 13_6 like Mac OS X) AppleWebKit/605.1.15 (KHTML, like Gecko) Version/13.6 Mobile/15E148 Safari/604.1"
45.227.253.15 - - [16/Jul/2025:20:47:14 +0000] "GET /wp-content/plugins/elementor/vendor_prefixed/dependency-injection/php-di/invoker/invoker/index.php?of=1 HTTP/1.1" 200 2030 "-" "Mozilla/5.0 (iPad; U; CPU OS 4_3_4 like Mac OS X; ja) AppleWebKit/533.17.9 (KHTML, like Gecko) Version/5.0.2 Mobile/8J2 Safari/6533.18.5"
45.227.253.15 - - [16/Jul/2025:20:47:14 +0000] "GET /cgi-bin/cgi-bin/cgi-bin/cgi-bin/cgi-bin/cgi-bin/cgi-bin/cgi-bin/index.php?of=1 HTTP/1.1" 200 2403 "-" "Mozilla/5.0 (Linux; Android 10; Z832 Build/MMB29M) AppleWebKit/537.36 (KHTML, like Gecko) Chrome/85.0.4183.83 Mobile Safari/537.36"
45.227.253.15 - - [16/Jul/2025:20:47:14 +0000] "GET /wp-includes/css/dist/nux/nux/index.php?of=1 HTTP/1.1" 200 2038 "-" "Mozilla/5.0 (Windows NT 6.2; WOW64) AppleWebKit/535.24 (KHTML, like Gecko) Chrome/80.0.1055.1 Safari/535.24"
45.227.253.15 - - [16/Jul/2025:20:47:16 +0000] "GET /images/images/images/index.php?of=1 HTTP/1.1" 200 2335 "-" "Mozilla/5.0 (Macintosh; Intel Mac OS X 10.13; rv:103.0) Gecko/20100101 Firefox/101.0"
45.227.253.15 - - [16/Jul/2025:20:47:20 +0000] "GET /images/images/index.php?of=1 HTTP/1.1" 200 2389 "-" "Mozilla/5.0 (Windows NT 6.2; WOW64) AppleWebKit/535.24 (KHTML, like Gecko) Chrome/83.0.1055.1 Safari/535.24"
209.74.77.214 - - [16/Jul/2025:20:47:57 +0000] "POST /wp-cron.php?doing_wp_cron=1752698877.8556399345397949218750 HTTP/1.1" 200 - "-" "WordPress/6.8.2; https://huss-kelaby.cv"
45.227.253.15 - - [16/Jul/2025:20:47:55 +0000] "GET /?of=1 HTTP/1.1" 200 15538 "-" "Mozilla/5.0 (Windows NT 10.0; Win64; x64; rv:80.0) Gecko/20100101 Firefox/80.0"
45.227.253.15 - - [16/Jul/2025:20:48:15 +0000] "GET /wp-content/plugins/loginizer/languages/languages/index.php?of=1 HTTP/1.1" 200 2445 "-" "Mozilla/5.0 (Macintosh; Intel Mac OS X 10.15; rv:103.0) Gecko/20100101 Firefox/103.0"
45.227.253.15 - - [16/Jul/2025:20:48:17 +0000] "GET /wp-content/plugins/contact-form-7/admin/includes/js/js/index.php?of=1 HTTP/1.1" 200 2404 "-" "Mozilla/5.0 (iPhone; CPU iPhone OS 11_3 like Mac OS X) AppleWebKit/605.1.15 (KHTML, like Gecko) Version/11.0.4 Mobile/15E148 Safari/604.1"
45.227.253.15 - - [16/Jul/2025:20:48:19 +0000] "GET /images/images/images/index.php?of=1 HTTP/1.1" 200 2335 "-" "Mozilla/5.0 (Macintosh; Intel Mac OS X 10_15_7) AppleWebKit/537.36 (KHTML, like Gecko) Chrome/86.0.4240.111 Safari/537.36"
209.74.77.214 - - [16/Jul/2025:20:48:23 +0000] "POST /wp-cron.php?doing_wp_cron=1752698903.7621359825134277343750 HTTP/1.1" 200 - "-" "WordPress/6.8.2; https://huss-kelaby.cv"
45.227.253.15 - - [16/Jul/2025:20:48:23 +0000] "GET /829510-juejiang/?of=1 HTTP/1.1" 404 10167 "-" "Mozilla/5.0 (Windows NT 10.0; Win64; x64) AppleWebKit/537.36 (KHTML, like Gecko) Chrome/78.0.3790 Safari/537.36 Edg/78.0.142.6"
45.227.253.15 - - [16/Jul/2025:20:48:45 +0000] "GET /cgi-bin/cgi-bin/cgi-bin/index.php?of=1 HTTP/1.1" 200 2065 "-" "Mozilla/5.0 (Windows NT 6.2; WOW64) AppleWebKit/535.24 (KHTML, like Gecko) Chrome/83.0.1055.1 Safari/535.24"
45.227.253.15 - - [16/Jul/2025:20:49:11 +0000] "GET /cgi-bin/cgi-bin/cgi-bin/cgi-bin/cgi-bin/cgi-bin/cgi-bin/index.php?of=1 HTTP/1.1" 200 2428 "-" "Mozilla/5.0 (iPhone; CPU iPhone OS 13_5 like Mac OS X) AppleWebKit/605.1.15 (KHTML, like Gecko) Version/13.5.1 Mobile/15E148 Safari/604.1"
45.227.253.15 - - [16/Jul/2025:20:49:11 +0000] "GET /wp-admin/css/colors/light/light/index.php?of=1 HTTP/1.1" 200 2188 "-" "Mozilla/5.0 (Macintosh; Intel Mac OS X 10_15_7) AppleWebKit/537.36 (KHTML, like Gecko) Chrome/86.0.4240.111 Safari/537.36 Edg/86.0.622.51"
45.227.253.15 - - [16/Jul/2025:20:49:33 +0000] "GET /moddofuns.php?of=1 HTTP/1.1" 200 2335 "-" "Mozilla/5.0 (Macintosh; Intel Mac OS X 10.14; rv:103.0) Gecko/20100101 Firefox/103.0"
45.227.253.15 - - [16/Jul/2025:20:49:33 +0000] "GET /wp-admin/includes/includes/index.php?of=1 HTTP/1.1" 200 2324 "-" "Mozilla/5.0 (Windows NT 10.0; Win64; x64) AppleWebKit/537.36 (KHTML, like Gecko) Chrome/80.0.3980 Safari/537.36 Edg/80.0.145.1"
45.227.253.15 - - [16/Jul/2025:20:49:40 +0000] "GET /wp-admin/js/widgets/widgets/index.php?of=1 HTTP/1.1" 200 2024 "-" "Mozilla/5.0 (iPad; U; CPU OS 4_2_3 like Mac OS X; ja) AppleWebKit/533.17.9 (KHTML, like Gecko) Version/5.0.2 Mobile/8J2 Safari/6533.18.5"
45.227.253.15 - - [16/Jul/2025:20:49:44 +0000] "GET /wp-admin/css/colors/colors/index.php?of=1 HTTP/1.1" 200 2131 "-" "Mozilla/5.0 (Macintosh; Intel Mac OS X 10.12; rv:103.0) Gecko/20100101 Firefox/102.0"
45.227.253.15 - - [16/Jul/2025:20:50:17 +0000] "GET /cgi-bin/cgi-bin/cgi-bin/cgi-bin/cgi-bin/index.php?of=1 HTTP/1.1" 200 2073 "-" "Mozilla/5.0 (Macintosh; Intel Mac OS X 10.14; rv:103.0) Gecko/20100101 Firefox/101.0"
45.227.253.15 - - [16/Jul/2025:20:50:17 +0000] "GET /cgi-bin/cgi-bin/cgi-bin/index.php?of=1 HTTP/1.1" 200 2065 "-" "Mozilla/5.0 (Linux; Android 10; Z832 Build/MMB29M) AppleWebKit/537.36 (KHTML, like Gecko) Chrome/85.0.4183.83 Mobile Safari/537.36"
209.74.77.214 - - [16/Jul/2025:20:50:19 +0000] "POST /wp-cron.php?doing_wp_cron=1752699019.6226611137390136718750 HTTP/1.1" 200 - "-" "WordPress/6.8.2; https://huss-kelaby.cv"
45.227.253.15 - - [16/Jul/2025:20:50:17 +0000] "GET /wp-content/plugins/woocommerce/assets/client/admin/wp-admin-scripts/wp-admin-scripts/index.php?of=1 HTTP/1.1" 301 - "-" "Mozilla/5.0 (Windows NT 10.0; Win64; x64; rv:80.0) Gecko/20100101 Firefox/80.0"
45.227.253.15 - - [16/Jul/2025:20:50:20 +0000] "GET /wp-content/plugins/woocommerce/assets/client/admin/wp-admin-scripts/wp-admin-scripts/?of=1 HTTP/1.1" 404 10271 "https://huss-kelaby.cv/wp-content/plugins/woocommerce/assets/client/admin/wp-admin-scripts/wp-admin-scripts/index.php?of=1" "Mozilla/5.0 (Windows NT 10.0; Win64; x64; rv:80.0) Gecko/20100101 Firefox/80.0"
45.227.253.15 - - [16/Jul/2025:20:50:37 +0000] "GET /wp-content/plugins/litespeed-cache/lang/lang/index.php?of=1 HTTP/1.1" 200 2370 "-" "Mozilla/5.0 (iPhone; CPU iPhone OS 12_3 like Mac OS X) AppleWebKit/605.1.15 (KHTML, like Gecko) Version/12.0.4 Mobile/15E148 Safari/604.1"
45.227.253.15 - - [16/Jul/2025:20:50:40 +0000] "GET /wp-content/plugins/litespeed-cache/litespeed-cache/index.php?of=1 HTTP/1.1" 200 2382 "-" "Mozilla/5.0 (Macintosh; Intel Mac OS X 10.15; rv:81.0) Gecko/20100101 Firefox/81.0"
45.227.253.15 - - [16/Jul/2025:20:50:42 +0000] "GET /cgi-bin/cgi-bin/cgi-bin/cgi-bin/index.php?of=1 HTTP/1.1" 200 2278 "-" "Mozilla/5.0 (Macintosh; Intel Mac OS X 10.15; rv:82.0) Gecko/20100101 Firefox/82.0"
45.227.253.15 - - [16/Jul/2025:20:50:59 +0000] "GET /cgi-bin/cgi-bin/cgi-bin/cgi-bin/cgi-bin/index.php?of=1 HTTP/1.1" 200 2073 "-" "Mozilla/5.0 (Macintosh; Intel Mac OS X 10.11; rv:103.0) Gecko/20100101 Firefox/101.0"
45.227.253.15 - - [16/Jul/2025:20:50:59 +0000] "GET /cgi-bin/cgi-bin/cgi-bin/cgi-bin/cgi-bin/cgi-bin/index.php?of=1 HTTP/1.1" 200 2243 "-" "Mozilla/5.0 (Macintosh; Intel Mac OS X 10.15; rv:82.0) Gecko/20100101 Firefox/82.0"
4.227.36.41 - - [16/Jul/2025:22:20:02 +0000] "GET /robots.txt HTTP/1.1" 200 92 "-" "Mozilla/5.0 AppleWebKit/537.36 (KHTML, like Gecko; compatible; GPTBot/1.2; +https://openai.com/gptbot)"
209.74.77.214 - - [16/Jul/2025:22:20:05 +0000] "POST /wp-cron.php?doing_wp_cron=1752704405.3579120635986328125000 HTTP/1.1" 200 - "-" "WordPress/6.8.2; https://huss-kelaby.cv"
20.171.207.164 - - [16/Jul/2025:22:20:02 +0000] "GET /wp-sitemap.xml HTTP/1.1" 200 259 "-" "Mozilla/5.0 AppleWebKit/537.36 (KHTML, like Gecko; compatible; GPTBot/1.2; +https://openai.com/gptbot)"
Page not found – Hello World !