66.249.79.226 - - [15/Jul/2025:15:28:32 +0000] "POST /get-message-notify HTTP/1.1" 200 19475 "http://www.kelaby.company/?h=42846410031960&mod=d10c3d8e&uri=info.php?detail/4569549" "Mozilla/5.0 (Linux; Android 6.0.1; Nexus 5X Build/MMB29P) AppleWebKit/537.36 (KHTML, like Gecko) Chrome/137.0.7151.119 Mobile Safari/537.36 (compatible; Googlebot/2.1; +http://www.google.com/bot.html)"
66.249.79.225 - - [15/Jul/2025:15:30:17 +0000] "GET /?h=42846410031960&mod=d10c3d8e&uri=info.php?detail/3574746 HTTP/1.1" 200 20705 "-" "Mozilla/5.0 (Linux; Android 6.0.1; Nexus 5X Build/MMB29P) AppleWebKit/537.36 (KHTML, like Gecko) Chrome/137.0.7151.103 Mobile Safari/537.36 (compatible; GoogleOther)"
66.249.79.226 - - [15/Jul/2025:15:31:09 +0000] "GET /?h=42846410031960&mod=d10c3d8e&uri=info.php?dozin.html HTTP/1.1" 200 20895 "-" "Mozilla/5.0 (Linux; Android 6.0.1; Nexus 5X Build/MMB29P) AppleWebKit/537.36 (KHTML, like Gecko) Chrome/137.0.7151.103 Mobile Safari/537.36 (compatible; GoogleOther)"
66.249.79.226 - - [15/Jul/2025:15:31:10 +0000] "GET /?h=106141153061960&mod=a86c3a36&uri=news.php?detail/4556830 HTTP/1.1" 200 21696 "-" "Mozilla/5.0 (Linux; Android 6.0.1; Nexus 5X Build/MMB29P) AppleWebKit/537.36 (KHTML, like Gecko) Chrome/137.0.7151.103 Mobile Safari/537.36 (compatible; GoogleOther)"
66.249.79.226 - - [15/Jul/2025:15:31:12 +0000] "GET /?h=9918715021960&mod=5731fc41&uri=article.php?detail/2592552 HTTP/1.1" 200 19678 "-" "Mozilla/5.0 (Linux; Android 6.0.1; Nexus 5X Build/MMB29P) AppleWebKit/537.36 (KHTML, like Gecko) Chrome/137.0.7151.103 Mobile Safari/537.36 (compatible; GoogleOther)"
66.249.79.225 - - [15/Jul/2025:15:31:13 +0000] "GET /?h=16781570011960&mod=34a91290&uri=blog.php?detail/35505700 HTTP/1.1" 200 21422 "-" "Mozilla/5.0 (Linux; Android 6.0.1; Nexus 5X Build/MMB29P) AppleWebKit/537.36 (KHTML, like Gecko) Chrome/137.0.7151.103 Mobile Safari/537.36 (compatible; GoogleOther)"
66.249.79.225 - - [15/Jul/2025:15:31:15 +0000] "GET /?h=9918715021960&mod=5731fc41&uri=article.php?detail/36474139 HTTP/1.1" 200 19343 "-" "Mozilla/5.0 (Linux; Android 6.0.1; Nexus 5X Build/MMB29P) AppleWebKit/537.36 (KHTML, like Gecko) Chrome/137.0.7151.103 Mobile Safari/537.36 (compatible; GoogleOther)"
66.249.79.225 - - [15/Jul/2025:15:31:16 +0000] "GET /?h=9918715021960&mod=5731fc41&uri=article.php?detail/36456059 HTTP/1.1" 200 20944 "-" "Mozilla/5.0 (Linux; Android 6.0.1; Nexus 5X Build/MMB29P) AppleWebKit/537.36 (KHTML, like Gecko) Chrome/137.0.7151.103 Mobile Safari/537.36 (compatible; GoogleOther)"
66.249.79.225 - - [15/Jul/2025:15:31:18 +0000] "GET /?h=64829404031960&mod=9ed3bcbd&uri=search.php?product/edit/K1915773599 HTTP/1.1" 200 20712 "-" "Mozilla/5.0 (Linux; Android 6.0.1; Nexus 5X Build/MMB29P) AppleWebKit/537.36 (KHTML, like Gecko) Chrome/137.0.7151.103 Mobile Safari/537.36 (compatible; GoogleOther)"
66.249.79.225 - - [15/Jul/2025:15:31:20 +0000] "GET /?h=33805873021960&mod=7f3fc6aa&uri=shared.php?detail/2581135 HTTP/1.1" 200 22239 "-" "Mozilla/5.0 (Linux; Android 6.0.1; Nexus 5X Build/MMB29P) AppleWebKit/537.36 (KHTML, like Gecko) Chrome/137.0.7151.103 Mobile Safari/537.36 (compatible; GoogleOther)"
66.249.79.225 - - [15/Jul/2025:15:31:21 +0000] "GET /?h=87640652001960&mod=2451a04b&uri=article.php?detail/35678383 HTTP/1.1" 200 19305 "-" "Mozilla/5.0 (Linux; Android 6.0.1; Nexus 5X Build/MMB29P) AppleWebKit/537.36 (KHTML, like Gecko) Chrome/137.0.7151.103 Mobile Safari/537.36 (compatible; GoogleOther)"
66.249.79.225 - - [15/Jul/2025:15:31:23 +0000] "GET /?h=58103098041960&mod=c05ca998&uri=shop.php?detail/1652716 HTTP/1.1" 200 20342 "-" "Mozilla/5.0 (Linux; Android 6.0.1; Nexus 5X Build/MMB29P) AppleWebKit/537.36 (KHTML, like Gecko) Chrome/137.0.7151.103 Mobile Safari/537.36 (compatible; GoogleOther)"
66.249.79.225 - - [15/Jul/2025:15:31:25 +0000] "GET /?h=16781570011960&mod=34a91290&uri=blog.php?detail/2640664 HTTP/1.1" 200 21950 "-" "Mozilla/5.0 (Linux; Android 6.0.1; Nexus 5X Build/MMB29P) AppleWebKit/537.36 (KHTML, like Gecko) Chrome/137.0.7151.103 Mobile Safari/537.36 (compatible; GoogleOther)"
66.249.79.225 - - [15/Jul/2025:15:31:26 +0000] "GET /?h=27197792041960&mod=ff13e208&uri=news.php?detail/2576958 HTTP/1.1" 200 19843 "-" "Mozilla/5.0 (Linux; Android 6.0.1; Nexus 5X Build/MMB29P) AppleWebKit/537.36 (KHTML, like Gecko) Chrome/137.0.7151.103 Mobile Safari/537.36 (compatible; GoogleOther)"
66.249.79.225 - - [15/Jul/2025:15:36:57 +0000] "GET /?h=9918715021960&mod=5731fc41&uri=article.php?detail/3603644 HTTP/1.1" 200 19810 "-" "Mozilla/5.0 (Linux; Android 6.0.1; Nexus 5X Build/MMB29P) AppleWebKit/537.36 (KHTML, like Gecko) Chrome/137.0.7151.103 Mobile Safari/537.36 (compatible; GoogleOther)"
157.230.44.64 - - [15/Jul/2025:15:40:06 +0000] "GET /wp-login.php HTTP/1.1" 302 - "" "Mozilla/5.0 (Windows NT 10.0; Win64; x64; rv:137.0) Gecko/20100101 Firefox/137.0"
66.249.79.226 - - [15/Jul/2025:15:40:11 +0000] "GET /?h=42846410031960&mod=d10c3d8e&uri=info.php?detail/2645051 HTTP/1.1" 200 20382 "-" "Mozilla/5.0 (Linux; Android 6.0.1; Nexus 5X Build/MMB29P) AppleWebKit/537.36 (KHTML, like Gecko) Chrome/137.0.7151.103 Mobile Safari/537.36 (compatible; GoogleOther)"
66.249.79.225 - - [15/Jul/2025:15:43:37 +0000] "GET /?h=27197792041960&mod=ff13e208&uri=news.php?detail/1652716 HTTP/1.1" 200 20342 "-" "Mozilla/5.0 (Linux; Android 6.0.1; Nexus 5X Build/MMB29P) AppleWebKit/537.36 (KHTML, like Gecko) Chrome/137.0.7151.103 Mobile Safari/537.36 (compatible; GoogleOther)"
205.210.31.120 - - [15/Jul/2025:15:44:05 +0000] "GET / HTTP/1.1" 301 - "-" "\"Xpanse-bot"
209.74.77.214 - - [15/Jul/2025:15:45:13 +0000] "POST /wp-cron.php?doing_wp_cron=1752594313.0192129611968994140625 HTTP/1.1" 200 - "-" "WordPress/6.8.1; https://kelaby.company"
34.72.176.129 - - [15/Jul/2025:15:45:12 +0000] "GET / HTTP/1.1" 301 - "-" "Mozilla/5.0 (X11; Linux x86_64) AppleWebKit/537.36 (KHTML, like Gecko) HeadlessChrome/117.0.5938.132 Safari/537.36"
209.74.77.214 - - [15/Jul/2025:15:45:19 +0000] "POST /wp-cron.php?doing_wp_cron=1752594319.2689859867095947265625 HTTP/1.1" 200 - "-" "WordPress/6.8.1; https://kelaby.company"
104.197.69.115 - - [15/Jul/2025:15:45:19 +0000] "GET / HTTP/1.1" 301 - "-" "Mozilla/5.0 (Macintosh; Intel Mac OS X 10_15_4) AppleWebKit/537.36 (KHTML, like Gecko) Chrome/83.0.4103.97 Safari/537.36"
205.169.39.25 - - [15/Jul/2025:15:45:42 +0000] "GET / HTTP/1.1" 301 - "-" "Mozilla/5.0 (Windows NT 10.0) AppleWebKit/537.36 (KHTML, like Gecko) Chrome/106.0.0.0 Safari/537.36"
66.249.79.227 - - [15/Jul/2025:15:50:17 +0000] "GET /?h=46026090101960&mod=7aba25c5&uri=news.php?detail/1652716 HTTP/1.1" 200 20342 "-" "Mozilla/5.0 (Linux; Android 6.0.1; Nexus 5X Build/MMB29P) AppleWebKit/537.36 (KHTML, like Gecko) Chrome/137.0.7151.103 Mobile Safari/537.36 (compatible; GoogleOther)"
66.249.79.236 - - [15/Jul/2025:15:56:57 +0000] "GET /?h=9918715021960&mod=5731fc41&uri=article.php?detail/3531298 HTTP/1.1" 200 20218 "-" "Mozilla/5.0 (Linux; Android 6.0.1; Nexus 5X Build/MMB29P) AppleWebKit/537.36 (KHTML, like Gecko) Chrome/137.0.7151.103 Mobile Safari/537.36 (compatible; GoogleOther)"
66.249.79.225 - - [15/Jul/2025:16:01:25 +0000] "GET /?h=9918715021960&mod=5731fc41&uri=article.php?detail/36465725 HTTP/1.1" 200 21106 "-" "Mozilla/5.0 (Linux; Android 6.0.1; Nexus 5X Build/MMB29P) AppleWebKit/537.36 (KHTML, like Gecko) Chrome/137.0.7151.103 Mobile Safari/537.36 (compatible; GoogleOther)"
66.249.79.225 - - [15/Jul/2025:16:02:45 +0000] "GET /?h=2946342061960&mod=923cac28&uri=blog.php?dozin.html HTTP/1.1" 200 20894 "-" "Mozilla/5.0 (Linux; Android 6.0.1; Nexus 5X Build/MMB29P) AppleWebKit/537.36 (KHTML, like Gecko) Chrome/137.0.7151.103 Mobile Safari/537.36 (compatible; GoogleOther)"
66.249.79.225 - - [15/Jul/2025:16:03:47 +0000] "GET /?h=83302648051960&mod=294579d0&uri=news.php?detail/2573658 HTTP/1.1" 200 19424 "-" "Mozilla/5.0 (Linux; Android 6.0.1; Nexus 5X Build/MMB29P) AppleWebKit/537.36 (KHTML, like Gecko) Chrome/137.0.7151.103 Mobile Safari/537.36 (compatible; GoogleOther)"
66.249.79.225 - - [15/Jul/2025:16:04:32 +0000] "GET /?h=22467876051960&mod=7bf2e899&uri=goods.php?detail/1667302 HTTP/1.1" 200 20948 "-" "Mozilla/5.0 (Linux; Android 6.0.1; Nexus 5X Build/MMB29P) AppleWebKit/537.36 (KHTML, like Gecko) Chrome/137.0.7151.103 Mobile Safari/537.36 (compatible; GoogleOther)"
66.249.79.226 - - [15/Jul/2025:16:05:15 +0000] "GET /?h=42846410031960&mod=d10c3d8e&uri=info.php?detail/4575980 HTTP/1.1" 200 19353 "-" "Mozilla/5.0 (Linux; Android 6.0.1; Nexus 5X Build/MMB29P) AppleWebKit/537.36 (KHTML, like Gecko) Chrome/137.0.7151.103 Mobile Safari/537.36 (compatible; GoogleOther)"
66.249.79.225 - - [15/Jul/2025:16:05:30 +0000] "GET /?h=9918715021960&mod=5731fc41&uri=article.php?detail/4523567 HTTP/1.1" 200 20184 "-" "Mozilla/5.0 (Linux; Android 6.0.1; Nexus 5X Build/MMB29P) AppleWebKit/537.36 (KHTML, like Gecko) Chrome/137.0.7151.103 Mobile Safari/537.36 (compatible; GoogleOther)"
66.249.79.225 - - [15/Jul/2025:16:06:11 +0000] "GET /?h=16781570011960&mod=34a91290&uri=blog.php?detail/2635385 HTTP/1.1" 200 20405 "-" "Mozilla/5.0 (Linux; Android 6.0.1; Nexus 5X Build/MMB29P) AppleWebKit/537.36 (KHTML, like Gecko) Chrome/137.0.7151.103 Mobile Safari/537.36 (compatible; GoogleOther)"
66.249.79.226 - - [15/Jul/2025:16:06:25 +0000] "GET /?h=9918715021960&mod=5731fc41&uri=article.php?detail/3530893 HTTP/1.1" 200 19373 "-" "Mozilla/5.0 (Linux; Android 6.0.1; Nexus 5X Build/MMB29P) AppleWebKit/537.36 (KHTML, like Gecko) Chrome/137.0.7151.103 Mobile Safari/537.36 (compatible; GoogleOther)"
66.249.79.225 - - [15/Jul/2025:16:06:39 +0000] "GET /?h=2946342061960&mod=923cac28&uri=blog.php?detail/2590292 HTTP/1.1" 200 21571 "-" "Mozilla/5.0 (Linux; Android 6.0.1; Nexus 5X Build/MMB29P) AppleWebKit/537.36 (KHTML, like Gecko) Chrome/137.0.7151.103 Mobile Safari/537.36 (compatible; GoogleOther)"
66.249.79.225 - - [15/Jul/2025:16:06:52 +0000] "GET /?h=74185158021960&mod=7d257809&uri=blog.php?detail/3539435 HTTP/1.1" 200 20431 "-" "Mozilla/5.0 (Linux; Android 6.0.1; Nexus 5X Build/MMB29P) AppleWebKit/537.36 (KHTML, like Gecko) Chrome/137.0.7151.103 Mobile Safari/537.36 (compatible; GoogleOther)"
66.249.79.227 - - [15/Jul/2025:16:07:05 +0000] "GET /?h=16781570011960&mod=34a91290&uri=blog.php?detail/2569421 HTTP/1.1" 200 20198 "-" "Mozilla/5.0 (Linux; Android 6.0.1; Nexus 5X Build/MMB29P) AppleWebKit/537.36 (KHTML, like Gecko) Chrome/137.0.7151.103 Mobile Safari/537.36 (compatible; GoogleOther)"
66.249.79.225 - - [15/Jul/2025:16:07:19 +0000] "GET /enc_auto/e712ed_86ece87d144a41049e2efad1a9d8c608~mv2_d_2432_3648_s_4_2.jpg HTTP/1.1" 301 - "-" "Googlebot-Image/1.0"
66.249.79.37 - - [15/Jul/2025:16:07:19 +0000] "GET /robots.txt HTTP/1.1" 200 92 "-" "Mozilla/5.0 (compatible; Googlebot/2.1; +http://www.google.com/bot.html)"
66.249.79.36 - - [15/Jul/2025:16:07:31 +0000] "GET /enc_auto/e712ed_86ece87d144a41049e2efad1a9d8c608~mv2_d_2432_3648_s_4_2.jpg HTTP/1.1" 404 16372 "-" "Googlebot-Image/1.0"
66.249.79.225 - - [15/Jul/2025:16:07:44 +0000] "GET /?h=84183358011960&mod=d91b9006&uri=blog.php?detail/38584182 HTTP/1.1" 200 19501 "-" "Mozilla/5.0 (Linux; Android 6.0.1; Nexus 5X Build/MMB29P) AppleWebKit/537.36 (KHTML, like Gecko) Chrome/137.0.7151.103 Mobile Safari/537.36 (compatible; GoogleOther)"
66.249.79.225 - - [15/Jul/2025:16:10:17 +0000] "GET /?h=9918715021960&mod=5731fc41&uri=article.php?detail/3598155 HTTP/1.1" 200 20373 "-" "Mozilla/5.0 (Linux; Android 6.0.1; Nexus 5X Build/MMB29P) AppleWebKit/537.36 (KHTML, like Gecko) Chrome/137.0.7151.103 Mobile Safari/537.36 (compatible; GoogleOther)"
66.249.79.225 - - [15/Jul/2025:16:13:51 +0000] "POST /get-message-notify HTTP/1.1" 200 19476 "http://www.kelaby.company/?h=19223947041960&mod=e9114242&uri=news.php?detail/1693778" "Mozilla/5.0 (Linux; Android 6.0.1; Nexus 5X Build/MMB29P) AppleWebKit/537.36 (KHTML, like Gecko) Chrome/137.0.7151.119 Mobile Safari/537.36 (compatible; Googlebot/2.1; +http://www.google.com/bot.html)"
66.249.79.225 - - [15/Jul/2025:16:16:09 +0000] "GET /?h=64829404031960&mod=9ed3bcbd&uri=search.php?detail/33998536 HTTP/1.1" 200 20021 "-" "Mozilla/5.0 (Linux; Android 6.0.1; Nexus 5X Build/MMB29P) AppleWebKit/537.36 (KHTML, like Gecko) Chrome/137.0.7151.103 Mobile Safari/537.36 (compatible; GoogleOther)"
66.249.79.227 - - [15/Jul/2025:16:17:00 +0000] "GET /?h=9918715021960&mod=5731fc41&uri=article.php?detail/4526293 HTTP/1.1" 200 19136 "-" "Mozilla/5.0 (Linux; Android 6.0.1; Nexus 5X Build/MMB29P) AppleWebKit/537.36 (KHTML, like Gecko) Chrome/137.0.7151.103 Mobile Safari/537.36 (compatible; GoogleOther)"
54.226.88.61 - - [15/Jul/2025:16:19:37 +0000] "HEAD / HTTP/1.1" 301 - "-" "-"
66.249.79.236 - - [15/Jul/2025:16:23:36 +0000] "POST /get-message-notify HTTP/1.1" 200 19476 "http://www.kelaby.company/?h=35715572031960&mod=9db8da9d&uri=article.php?detail/1692414" "Mozilla/5.0 (Linux; Android 6.0.1; Nexus 5X Build/MMB29P) AppleWebKit/537.36 (KHTML, like Gecko) Chrome/137.0.7151.119 Mobile Safari/537.36 (compatible; Googlebot/2.1; +http://www.google.com/bot.html)"
66.249.79.236 - - [15/Jul/2025:16:23:39 +0000] "GET /?h=9918715021960&mod=5731fc41&uri=article.php?detail/4534579 HTTP/1.1" 200 20378 "-" "Mozilla/5.0 (Linux; Android 6.0.1; Nexus 5X Build/MMB29P) AppleWebKit/537.36 (KHTML, like Gecko) Chrome/137.0.7151.103 Mobile Safari/537.36 (compatible; GoogleOther)"
66.249.79.237 - - [15/Jul/2025:16:25:06 +0000] "POST /get-message-notify HTTP/1.1" 200 19476 "http://www.kelaby.company/?h=106141153061960&mod=a86c3a36&uri=news.php?detail/3583715" "Mozilla/5.0 (Linux; Android 6.0.1; Nexus 5X Build/MMB29P) AppleWebKit/537.36 (KHTML, like Gecko) Chrome/137.0.7151.119 Mobile Safari/537.36 (compatible; Googlebot/2.1; +http://www.google.com/bot.html)"
66.249.79.237 - - [15/Jul/2025:16:25:20 +0000] "GET /?h=87640652001960&mod=2451a04b&uri=article.php?detail/38003794 HTTP/1.1" 200 20606 "-" "Mozilla/5.0 (Linux; Android 6.0.1; Nexus 5X Build/MMB29P) AppleWebKit/537.36 (KHTML, like Gecko) Chrome/137.0.7151.103 Mobile Safari/537.36 (compatible; GoogleOther)"
66.249.79.237 - - [15/Jul/2025:16:25:23 +0000] "GET /?h=87640652001960&mod=2451a04b&uri=article.php?detail/2627604 HTTP/1.1" 200 19888 "-" "Mozilla/5.0 (Linux; Android 6.0.1; Nexus 5X Build/MMB29P) AppleWebKit/537.36 (KHTML, like Gecko) Chrome/137.0.7151.103 Mobile Safari/537.36 (compatible; GoogleOther)"
66.249.79.236 - - [15/Jul/2025:16:27:33 +0000] "POST /get-message-notify HTTP/1.1" 200 19476 "http://www.kelaby.company/?h=75105889041960&mod=7e5e0505&uri=blog.php?man/customer_guide" "Mozilla/5.0 (Linux; Android 6.0.1; Nexus 5X Build/MMB29P) AppleWebKit/537.36 (KHTML, like Gecko) Chrome/137.0.7151.119 Mobile Safari/537.36 (compatible; Googlebot/2.1; +http://www.google.com/bot.html)"
20.171.207.127 - - [15/Jul/2025:16:29:27 +0000] "GET /sitemap.xml HTTP/1.1" 200 4441 "-" "Mozilla/5.0 AppleWebKit/537.36 (KHTML, like Gecko; compatible; GPTBot/1.2; +https://openai.com/gptbot)"
20.171.207.127 - - [15/Jul/2025:16:29:30 +0000] "GET /sitemap.xml HTTP/1.1" 200 4441 "-" "Mozilla/5.0 AppleWebKit/537.36 (KHTML, like Gecko; compatible; GPTBot/1.2; +https://openai.com/gptbot)"
66.249.79.226 - - [15/Jul/2025:16:30:17 +0000] "GET /?h=42846410031960&mod=d10c3d8e&uri=info.php?detail/3532660 HTTP/1.1" 200 19306 "-" "Mozilla/5.0 (Linux; Android 6.0.1; Nexus 5X Build/MMB29P) AppleWebKit/537.36 (KHTML, like Gecko) Chrome/137.0.7151.103 Mobile Safari/537.36 (compatible; GoogleOther)"
66.249.79.227 - - [15/Jul/2025:16:31:09 +0000] "GET /?h=9918715021960&mod=5731fc41&uri=article.php?detail/3612058 HTTP/1.1" 200 19331 "-" "Mozilla/5.0 (Linux; Android 6.0.1; Nexus 5X Build/MMB29P) AppleWebKit/537.36 (KHTML, like Gecko) Chrome/137.0.7151.103 Mobile Safari/537.36 (compatible; GoogleOther)"
66.249.79.226 - - [15/Jul/2025:16:31:10 +0000] "GET /?h=107492703141960&mod=f433f1e5&uri=blog.php?detail/3538265 HTTP/1.1" 200 19640 "-" "Mozilla/5.0 (Linux; Android 6.0.1; Nexus 5X Build/MMB29P) AppleWebKit/537.36 (KHTML, like Gecko) Chrome/137.0.7151.103 Mobile Safari/537.36 (compatible; GoogleOther)"
66.249.79.225 - - [15/Jul/2025:16:31:12 +0000] "GET /?h=46026090101960&mod=7aba25c5&uri=news.php?detail/2611912 HTTP/1.1" 200 21383 "-" "Mozilla/5.0 (Linux; Android 6.0.1; Nexus 5X Build/MMB29P) AppleWebKit/537.36 (KHTML, like Gecko) Chrome/137.0.7151.103 Mobile Safari/537.36 (compatible; GoogleOther)"
66.249.79.225 - - [15/Jul/2025:16:31:17 +0000] "GET /?h=87640652001960&mod=2451a04b&uri=article.php?detail/2631909 HTTP/1.1" 200 19251 "-" "Mozilla/5.0 (Linux; Android 6.0.1; Nexus 5X Build/MMB29P) AppleWebKit/537.36 (KHTML, like Gecko) Chrome/137.0.7151.103 Mobile Safari/537.36 (compatible; GoogleOther)"
66.249.79.225 - - [15/Jul/2025:16:31:32 +0000] "GET /?h=38699161061960&mod=330e1ecc&uri=news.php?detail/1650184 HTTP/1.1" 200 19303 "-" "Mozilla/5.0 (Linux; Android 6.0.1; Nexus 5X Build/MMB29P) AppleWebKit/537.36 (KHTML, like Gecko) Chrome/137.0.7151.103 Mobile Safari/537.36 (compatible; GoogleOther)"
66.249.79.225 - - [15/Jul/2025:16:31:41 +0000] "GET /?h=20658170001960&mod=23c3b10d&uri=article.php?detail/1650184 HTTP/1.1" 200 19317 "-" "Mozilla/5.0 (Linux; Android 6.0.1; Nexus 5X Build/MMB29P) AppleWebKit/537.36 (KHTML, like Gecko) Chrome/137.0.7151.103 Mobile Safari/537.36 (compatible; GoogleOther)"
66.249.79.225 - - [15/Jul/2025:16:31:46 +0000] "GET /?h=116125631041960&mod=cf970fb1&uri=blog.php?detail/1650949 HTTP/1.1" 200 19786 "-" "Mozilla/5.0 (Linux; Android 6.0.1; Nexus 5X Build/MMB29P) AppleWebKit/537.36 (KHTML, like Gecko) Chrome/137.0.7151.103 Mobile Safari/537.36 (compatible; GoogleOther)"
66.249.79.225 - - [15/Jul/2025:16:31:56 +0000] "GET /?h=42846410031960&mod=d10c3d8e&uri=info.php?detail/35916962 HTTP/1.1" 200 19900 "-" "Mozilla/5.0 (Linux; Android 6.0.1; Nexus 5X Build/MMB29P) AppleWebKit/537.36 (KHTML, like Gecko) Chrome/137.0.7151.103 Mobile Safari/537.36 (compatible; GoogleOther)"
66.249.79.225 - - [15/Jul/2025:16:32:01 +0000] "GET /?h=42846410031960&mod=d10c3d8e&uri=info.php?detail/35909782 HTTP/1.1" 200 19316 "-" "Mozilla/5.0 (Linux; Android 6.0.1; Nexus 5X Build/MMB29P) AppleWebKit/537.36 (KHTML, like Gecko) Chrome/137.0.7151.103 Mobile Safari/537.36 (compatible; GoogleOther)"
66.249.79.225 - - [15/Jul/2025:16:32:10 +0000] "GET /?h=2946342061960&mod=923cac28&uri=blog.php?detail/1665794 HTTP/1.1" 200 19513 "-" "Mozilla/5.0 (Linux; Android 6.0.1; Nexus 5X Build/MMB29P) AppleWebKit/537.36 (KHTML, like Gecko) Chrome/137.0.7151.103 Mobile Safari/537.36 (compatible; GoogleOther)"
209.74.77.214 - - [15/Jul/2025:16:35:10 +0000] "POST /wp-cron.php?doing_wp_cron=1752597310.8538839817047119140625 HTTP/1.1" 200 - "-" "WordPress/6.8.1; https://kelaby.company"
92.205.20.61 - - [15/Jul/2025:16:35:10 +0000] "GET /wp-login.php HTTP/1.1" 302 - "" "Mozilla/5.0 (Windows NT 10.0; Win64; x64; rv:137.0) Gecko/20100101 Firefox/137.0"
66.249.79.236 - - [15/Jul/2025:16:36:57 +0000] "GET /?h=42846410031960&mod=d10c3d8e&uri=info.php?kaden.html HTTP/1.1" 200 18816 "-" "Mozilla/5.0 (Linux; Android 6.0.1; Nexus 5X Build/MMB29P) AppleWebKit/537.36 (KHTML, like Gecko) Chrome/137.0.7151.103 Mobile Safari/537.36 (compatible; GoogleOther)"
209.74.77.214 - - [15/Jul/2025:16:37:03 +0000] "POST /wp-cron.php?doing_wp_cron=1752597423.3156449794769287109375 HTTP/1.1" 200 - "-" "WordPress/6.8.1; https://kelaby.company"
83.96.205.7 - - [15/Jul/2025:16:37:02 +0000] "GET /wp-login.php HTTP/1.1" 302 - "" "Mozilla/5.0 (Windows NT 10.0; Win64; x64; rv:137.0) Gecko/20100101 Firefox/137.0"
66.249.79.237 - - [15/Jul/2025:16:38:09 +0000] "POST /get-message-notify HTTP/1.1" 200 19476 "http://www.kelaby.company/-20_ZA506" "Mozilla/5.0 (Linux; Android 6.0.1; Nexus 5X Build/MMB29P) AppleWebKit/537.36 (KHTML, like Gecko) Chrome/137.0.7151.119 Mobile Safari/537.36 (compatible; Googlebot/2.1; +http://www.google.com/bot.html)"
66.249.79.225 - - [15/Jul/2025:16:42:54 +0000] "POST /get-message-notify HTTP/1.1" 200 19476 "http://www.kelaby.company/?h=33805873021960&mod=7f3fc6aa&uri=shared.php?detail/2581135" "Mozilla/5.0 (Linux; Android 6.0.1; Nexus 5X Build/MMB29P) AppleWebKit/537.36 (KHTML, like Gecko) Chrome/137.0.7151.119 Mobile Safari/537.36 (compatible; Googlebot/2.1; +http://www.google.com/bot.html)"
66.249.79.225 - - [15/Jul/2025:16:43:37 +0000] "GET /?h=2946342061960&mod=923cac28&uri=blog.php?detail/37713822 HTTP/1.1" 200 19731 "-" "Mozilla/5.0 (Linux; Android 6.0.1; Nexus 5X Build/MMB29P) AppleWebKit/537.36 (KHTML, like Gecko) Chrome/137.0.7151.103 Mobile Safari/537.36 (compatible; GoogleOther)"
209.74.77.214 - - [15/Jul/2025:16:47:03 +0000] "POST /wp-cron.php?doing_wp_cron=1752598023.2572560310363769531250 HTTP/1.1" 200 - "-" "WordPress/6.8.1; https://kelaby.company"
140.143.98.18 - - [15/Jul/2025:16:47:03 +0000] "GET / HTTP/1.1" 301 - "-" "Mozilla/5.0 (iPhone; CPU iPhone OS 13_2_3 like Mac OS X) AppleWebKit/605.1.15 (KHTML, like Gecko) Version/13.0.3 Mobile/15E148 Safari/604.1"
66.249.79.236 - - [15/Jul/2025:16:47:57 +0000] "GET /?h=64829404031960&mod=9ed3bcbd&uri=search.php?product/edit/K1915773599 HTTP/1.1" 200 20713 "-" "Mozilla/5.0 (Linux; Android 6.0.1; Nexus 5X Build/MMB29P) AppleWebKit/537.36 (KHTML, like Gecko) Chrome/137.0.7151.103 Mobile Safari/537.36 (compatible; Googlebot/2.1; +http://www.google.com/bot.html)"
66.249.79.237 - - [15/Jul/2025:16:49:28 +0000] "POST /get-message-notify HTTP/1.1" 200 19476 "http://www.kelaby.company/?h=16781570011960&mod=34a91290&uri=blog.php?detail/2640664" "Mozilla/5.0 (Linux; Android 6.0.1; Nexus 5X Build/MMB29P) AppleWebKit/537.36 (KHTML, like Gecko) Chrome/137.0.7151.119 Mobile Safari/537.36 (compatible; Googlebot/2.1; +http://www.google.com/bot.html)"
66.249.79.225 - - [15/Jul/2025:16:50:17 +0000] "GET /?h=11473491011960&mod=58f81aa3&uri=info.php?detail/39567893 HTTP/1.1" 200 21811 "-" "Mozilla/5.0 (Linux; Android 6.0.1; Nexus 5X Build/MMB29P) AppleWebKit/537.36 (KHTML, like Gecko) Chrome/137.0.7151.103 Mobile Safari/537.36 (compatible; GoogleOther)"
209.74.77.214 - - [15/Jul/2025:16:51:19 +0000] "POST /wp-cron.php?doing_wp_cron=1752598279.2305829524993896484375 HTTP/1.1" 200 - "-" "WordPress/6.8.1; https://kelaby.company"
206.168.34.119 - - [15/Jul/2025:16:51:18 +0000] "GET / HTTP/1.1" 301 - "-" "Mozilla/5.0 (compatible; CensysInspect/1.1; +https://about.censys.io/)"
66.249.79.225 - - [15/Jul/2025:16:51:20 +0000] "POST /get-message-notify HTTP/1.1" 200 19476 "http://www.kelaby.company/?h=16781570011960&mod=34a91290&uri=blog.php?detail/35505700" "Mozilla/5.0 (Linux; Android 6.0.1; Nexus 5X Build/MMB29P) AppleWebKit/537.36 (KHTML, like Gecko) Chrome/137.0.7151.119 Mobile Safari/537.36 (compatible; Googlebot/2.1; +http://www.google.com/bot.html)"
66.249.79.226 - - [15/Jul/2025:16:54:49 +0000] "POST /get-message-notify HTTP/1.1" 200 19476 "http://www.kelaby.company/?h=16781570011960&mod=34a91290&uri=blog.php?detail/2640664" "Mozilla/5.0 (Linux; Android 6.0.1; Nexus 5X Build/MMB29P) AppleWebKit/537.36 (KHTML, like Gecko) Chrome/137.0.7151.119 Mobile Safari/537.36 (compatible; Googlebot/2.1; +http://www.google.com/bot.html)"
66.249.79.225 - - [15/Jul/2025:16:56:57 +0000] "GET /?h=9918715021960&mod=5731fc41&uri=article.php?text/terms HTTP/1.1" 200 20190 "-" "Mozilla/5.0 (Linux; Android 6.0.1; Nexus 5X Build/MMB29P) AppleWebKit/537.36 (KHTML, like Gecko) Chrome/137.0.7151.103 Mobile Safari/537.36 (compatible; GoogleOther)"
66.249.79.236 - - [15/Jul/2025:17:01:09 +0000] "GET /?h=22717142041960&mod=a9f07f7d&uri=news.php?man/kaitori/kaitoritop.html HTTP/1.1" 200 20956 "-" "Mozilla/5.0 (Linux; Android 6.0.1; Nexus 5X Build/MMB29P) AppleWebKit/537.36 (KHTML, like Gecko) Chrome/137.0.7151.103 Mobile Safari/537.36 (compatible; GoogleOther)"
66.249.79.236 - - [15/Jul/2025:17:01:11 +0000] "GET /?h=42846410031960&mod=d10c3d8e&uri=info.php?detail/1646772 HTTP/1.1" 200 19072 "-" "Mozilla/5.0 (Linux; Android 6.0.1; Nexus 5X Build/MMB29P) AppleWebKit/537.36 (KHTML, like Gecko) Chrome/137.0.7151.103 Mobile Safari/537.36 (compatible; GoogleOther)"
66.249.79.236 - - [15/Jul/2025:17:01:13 +0000] "GET /?h=106141153061960&mod=a86c3a36&uri=news.php?detail/2570932 HTTP/1.1" 200 19306 "-" "Mozilla/5.0 (Linux; Android 6.0.1; Nexus 5X Build/MMB29P) AppleWebKit/537.36 (KHTML, like Gecko) Chrome/137.0.7151.103 Mobile Safari/537.36 (compatible; GoogleOther)"
66.249.79.236 - - [15/Jul/2025:17:01:15 +0000] "GET /?h=46026090101960&mod=7aba25c5&uri=news.php?detail/34223376 HTTP/1.1" 200 27328 "-" "Mozilla/5.0 (Linux; Android 6.0.1; Nexus 5X Build/MMB29P) AppleWebKit/537.36 (KHTML, like Gecko) Chrome/137.0.7151.103 Mobile Safari/537.36 (compatible; GoogleOther)"
66.249.79.236 - - [15/Jul/2025:17:01:18 +0000] "GET /?h=2946342061960&mod=923cac28&uri=blog.php?detail/42374250 HTTP/1.1" 200 23520 "-" "Mozilla/5.0 (Linux; Android 6.0.1; Nexus 5X Build/MMB29P) AppleWebKit/537.36 (KHTML, like Gecko) Chrome/137.0.7151.103 Mobile Safari/537.36 (compatible; GoogleOther)"
66.249.79.236 - - [15/Jul/2025:17:01:20 +0000] "GET /?h=16781570011960&mod=34a91290&uri=blog.php?detail/2591041 HTTP/1.1" 200 21467 "-" "Mozilla/5.0 (Linux; Android 6.0.1; Nexus 5X Build/MMB29P) AppleWebKit/537.36 (KHTML, like Gecko) Chrome/137.0.7151.103 Mobile Safari/537.36 (compatible; GoogleOther)"
66.249.79.236 - - [15/Jul/2025:17:01:22 +0000] "GET /?h=42846410031960&mod=d10c3d8e&uri=info.php?detail/3579410 HTTP/1.1" 200 19767 "-" "Mozilla/5.0 (Linux; Android 6.0.1; Nexus 5X Build/MMB29P) AppleWebKit/537.36 (KHTML, like Gecko) Chrome/137.0.7151.103 Mobile Safari/537.36 (compatible; GoogleOther)"
66.249.79.236 - - [15/Jul/2025:17:01:24 +0000] "GET /?h=57855630011960&mod=e95cb977&uri=news.php?detail/3503247 HTTP/1.1" 200 20366 "-" "Mozilla/5.0 (Linux; Android 6.0.1; Nexus 5X Build/MMB29P) AppleWebKit/537.36 (KHTML, like Gecko) Chrome/137.0.7151.103 Mobile Safari/537.36 (compatible; GoogleOther)"
66.249.79.236 - - [15/Jul/2025:17:01:25 +0000] "GET /?h=2946342061960&mod=923cac28&uri=blog.php?detail/1661212 HTTP/1.1" 200 19403 "-" "Mozilla/5.0 (Linux; Android 6.0.1; Nexus 5X Build/MMB29P) AppleWebKit/537.36 (KHTML, like Gecko) Chrome/137.0.7151.103 Mobile Safari/537.36 (compatible; GoogleOther)"
66.249.79.236 - - [15/Jul/2025:17:01:27 +0000] "GET /?h=110177660001960&mod=48af0e1c&uri=blog.php?detail/2662300 HTTP/1.1" 200 21646 "-" "Mozilla/5.0 (Linux; Android 6.0.1; Nexus 5X Build/MMB29P) AppleWebKit/537.36 (KHTML, like Gecko) Chrome/137.0.7151.103 Mobile Safari/537.36 (compatible; GoogleOther)"
66.249.79.236 - - [15/Jul/2025:17:01:29 +0000] "GET /?h=116125631041960&mod=cf970fb1&uri=blog.php?detail/2614188 HTTP/1.1" 200 20440 "-" "Mozilla/5.0 (Linux; Android 6.0.1; Nexus 5X Build/MMB29P) AppleWebKit/537.36 (KHTML, like Gecko) Chrome/137.0.7151.103 Mobile Safari/537.36 (compatible; GoogleOther)"
66.249.79.236 - - [15/Jul/2025:17:01:30 +0000] "GET /?h=87640652001960&mod=2451a04b&uri=article.php?detail/3622666 HTTP/1.1" 200 19351 "-" "Mozilla/5.0 (Linux; Android 6.0.1; Nexus 5X Build/MMB29P) AppleWebKit/537.36 (KHTML, like Gecko) Chrome/137.0.7151.103 Mobile Safari/537.36 (compatible; GoogleOther)"
66.249.79.236 - - [15/Jul/2025:17:02:41 +0000] "GET /?h=2855288021960&mod=86d73f9a&uri=article.php?detail/1647309 HTTP/1.1" 200 21376 "-" "Mozilla/5.0 (Linux; Android 6.0.1; Nexus 5X Build/MMB29P) AppleWebKit/537.36 (KHTML, like Gecko) Chrome/137.0.7151.103 Mobile Safari/537.36 (compatible; GoogleOther)"
66.249.79.236 - - [15/Jul/2025:17:02:42 +0000] "GET /?h=87640652001960&mod=2451a04b&uri=article.php?detail/2594341 HTTP/1.1" 200 19486 "-" "Mozilla/5.0 (Linux; Android 6.0.1; Nexus 5X Build/MMB29P) AppleWebKit/537.36 (KHTML, like Gecko) Chrome/137.0.7151.103 Mobile Safari/537.36 (compatible; GoogleOther)"
66.249.79.238 - - [15/Jul/2025:17:03:03 +0000] "GET /?h=2946342061960&mod=923cac28&uri=blog.php?detail/39621071 HTTP/1.1" 200 25396 "-" "Mozilla/5.0 (Linux; Android 6.0.1; Nexus 5X Build/MMB29P) AppleWebKit/537.36 (KHTML, like Gecko) Chrome/137.0.7151.103 Mobile Safari/537.36 (compatible; GoogleOther)"
66.249.79.236 - - [15/Jul/2025:17:03:25 +0000] "GET /?h=87640652001960&mod=2451a04b&uri=article.php?detail/2579346 HTTP/1.1" 200 21400 "-" "Mozilla/5.0 (Linux; Android 6.0.1; Nexus 5X Build/MMB29P) AppleWebKit/537.36 (KHTML, like Gecko) Chrome/137.0.7151.103 Mobile Safari/537.36 (compatible; GoogleOther)"
66.249.79.236 - - [15/Jul/2025:17:03:46 +0000] "GET /?h=42846410031960&mod=d10c3d8e&uri=info.php?detail/3528423 HTTP/1.1" 200 18763 "-" "Mozilla/5.0 (Linux; Android 6.0.1; Nexus 5X Build/MMB29P) AppleWebKit/537.36 (KHTML, like Gecko) Chrome/137.0.7151.103 Mobile Safari/537.36 (compatible; GoogleOther)"
66.249.79.236 - - [15/Jul/2025:17:04:08 +0000] "GET /?h=42846410031960&mod=d10c3d8e&uri=info.php?detail/3542863 HTTP/1.1" 200 19294 "-" "Mozilla/5.0 (Linux; Android 6.0.1; Nexus 5X Build/MMB29P) AppleWebKit/537.36 (KHTML, like Gecko) Chrome/137.0.7151.103 Mobile Safari/537.36 (compatible; GoogleOther)"
66.249.79.236 - - [15/Jul/2025:17:04:30 +0000] "GET /?h=16781570011960&mod=34a91290&uri=blog.php?detail/34550939 HTTP/1.1" 200 20437 "-" "Mozilla/5.0 (Linux; Android 6.0.1; Nexus 5X Build/MMB29P) AppleWebKit/537.36 (KHTML, like Gecko) Chrome/137.0.7151.103 Mobile Safari/537.36 (compatible; GoogleOther)"
66.249.79.236 - - [15/Jul/2025:17:04:52 +0000] "GET /?h=116125631041960&mod=cf970fb1&uri=blog.php?kaden.html HTTP/1.1" 200 18817 "-" "Mozilla/5.0 (Linux; Android 6.0.1; Nexus 5X Build/MMB29P) AppleWebKit/537.36 (KHTML, like Gecko) Chrome/137.0.7151.103 Mobile Safari/537.36 (compatible; GoogleOther)"
66.249.79.236 - - [15/Jul/2025:17:05:35 +0000] "GET /?h=2946342061960&mod=923cac28&uri=blog.php?detail/38576389 HTTP/1.1" 200 19324 "-" "Mozilla/5.0 (Linux; Android 6.0.1; Nexus 5X Build/MMB29P) AppleWebKit/537.36 (KHTML, like Gecko) Chrome/137.0.7151.103 Mobile Safari/537.36 (compatible; GoogleOther)"
66.249.79.237 - - [15/Jul/2025:17:06:19 +0000] "GET /?h=9918715021960&mod=5731fc41&uri=article.php?detail/4518903 HTTP/1.1" 200 20133 "-" "Mozilla/5.0 (Linux; Android 6.0.1; Nexus 5X Build/MMB29P) AppleWebKit/537.36 (KHTML, like Gecko) Chrome/137.0.7151.103 Mobile Safari/537.36 (compatible; GoogleOther)"
66.249.79.237 - - [15/Jul/2025:17:07:02 +0000] "GET /?h=16781570011960&mod=34a91290&uri=blog.php?detail/2604604 HTTP/1.1" 200 19891 "-" "Mozilla/5.0 (Linux; Android 6.0.1; Nexus 5X Build/MMB29P) AppleWebKit/537.36 (KHTML, like Gecko) Chrome/137.0.7151.103 Mobile Safari/537.36 (compatible; GoogleOther)"
66.249.79.236 - - [15/Jul/2025:17:07:46 +0000] "GET /?h=42846410031960&mod=d10c3d8e&uri=info.php?detail/3524867 HTTP/1.1" 200 21347 "-" "Mozilla/5.0 (Linux; Android 6.0.1; Nexus 5X Build/MMB29P) AppleWebKit/537.36 (KHTML, like Gecko) Chrome/137.0.7151.103 Mobile Safari/537.36 (compatible; GoogleOther)"
66.249.79.237 - - [15/Jul/2025:17:08:29 +0000] "GET /?h=107492703141960&mod=f433f1e5&uri=blog.php?detail/1671820 HTTP/1.1" 200 19886 "-" "Mozilla/5.0 (Linux; Android 6.0.1; Nexus 5X Build/MMB29P) AppleWebKit/537.36 (KHTML, like Gecko) Chrome/137.0.7151.103 Mobile Safari/537.36 (compatible; GoogleOther)"
66.249.79.236 - - [15/Jul/2025:17:09:13 +0000] "GET /?h=107492703141960&mod=f433f1e5&uri=blog.php?kaden.html HTTP/1.1" 200 18819 "-" "Mozilla/5.0 (Linux; Android 6.0.1; Nexus 5X Build/MMB29P) AppleWebKit/537.36 (KHTML, like Gecko) Chrome/137.0.7151.103 Mobile Safari/537.36 (compatible; GoogleOther)"
66.249.79.236 - - [15/Jul/2025:17:09:56 +0000] "GET /?h=2946342061960&mod=923cac28&uri=blog.php?detail/36766598 HTTP/1.1" 200 19887 "-" "Mozilla/5.0 (Linux; Android 6.0.1; Nexus 5X Build/MMB29P) AppleWebKit/537.36 (KHTML, like Gecko) Chrome/137.0.7151.103 Mobile Safari/537.36 (compatible; GoogleOther)"
66.249.79.238 - - [15/Jul/2025:17:10:09 +0000] "GET /?h=64829404031960&mod=9ed3bcbd&uri=search.php?detail/2646349 HTTP/1.1" 200 22370 "-" "Mozilla/5.0 (Linux; Android 6.0.1; Nexus 5X Build/MMB29P) AppleWebKit/537.36 (KHTML, like Gecko) Chrome/137.0.7151.103 Mobile Safari/537.36 (compatible; GoogleOther)"
66.249.79.236 - - [15/Jul/2025:17:10:40 +0000] "GET /?h=3294230031960&mod=e18b1ce9&uri=form.php?detail/2579346 HTTP/1.1" 200 21390 "-" "Mozilla/5.0 (Linux; Android 6.0.1; Nexus 5X Build/MMB29P) AppleWebKit/537.36 (KHTML, like Gecko) Chrome/137.0.7151.103 Mobile Safari/537.36 (compatible; GoogleOther)"
66.249.79.225 - - [15/Jul/2025:17:11:24 +0000] "GET /?h=106141153061960&mod=a86c3a36&uri=news.php?detail/3501867 HTTP/1.1" 200 19406 "-" "Mozilla/5.0 (Linux; Android 6.0.1; Nexus 5X Build/MMB29P) AppleWebKit/537.36 (KHTML, like Gecko) Chrome/137.0.7151.103 Mobile Safari/537.36 (compatible; GoogleOther)"
66.249.79.226 - - [15/Jul/2025:17:12:07 +0000] "GET /?h=87640652001960&mod=2451a04b&uri=article.php?detail/4594060 HTTP/1.1" 200 20511 "-" "Mozilla/5.0 (Linux; Android 6.0.1; Nexus 5X Build/MMB29P) AppleWebKit/537.36 (KHTML, like Gecko) Chrome/137.0.7151.103 Mobile Safari/537.36 (compatible; GoogleOther)"
66.249.79.225 - - [15/Jul/2025:17:12:51 +0000] "GET /?h=42846410031960&mod=d10c3d8e&uri=info.php?detail/1667647 HTTP/1.1" 200 19320 "-" "Mozilla/5.0 (Linux; Android 6.0.1; Nexus 5X Build/MMB29P) AppleWebKit/537.36 (KHTML, like Gecko) Chrome/137.0.7151.103 Mobile Safari/537.36 (compatible; GoogleOther)"
66.249.79.225 - - [15/Jul/2025:17:13:34 +0000] "GET /?h=64829404031960&mod=9ed3bcbd&uri=search.php?detail/39254898 HTTP/1.1" 200 19337 "-" "Mozilla/5.0 (Linux; Android 6.0.1; Nexus 5X Build/MMB29P) AppleWebKit/537.36 (KHTML, like Gecko) Chrome/137.0.7151.103 Mobile Safari/537.36 (compatible; GoogleOther)"
66.249.79.226 - - [15/Jul/2025:17:14:18 +0000] "GET /?h=9918715021960&mod=5731fc41&uri=article.php?detail/36482974 HTTP/1.1" 200 20997 "-" "Mozilla/5.0 (Linux; Android 6.0.1; Nexus 5X Build/MMB29P) AppleWebKit/537.36 (KHTML, like Gecko) Chrome/137.0.7151.103 Mobile Safari/537.36 (compatible; GoogleOther)"
66.249.79.227 - - [15/Jul/2025:17:15:01 +0000] "GET /?h=33805873021960&mod=7f3fc6aa&uri=shared.php?detail/2611912 HTTP/1.1" 200 21390 "-" "Mozilla/5.0 (Linux; Android 6.0.1; Nexus 5X Build/MMB29P) AppleWebKit/537.36 (KHTML, like Gecko) Chrome/137.0.7151.103 Mobile Safari/537.36 (compatible; GoogleOther)"
66.249.79.225 - - [15/Jul/2025:17:15:45 +0000] "GET /?h=9918715021960&mod=5731fc41&uri=article.php?detail/4460460 HTTP/1.1" 200 19186 "-" "Mozilla/5.0 (Linux; Android 6.0.1; Nexus 5X Build/MMB29P) AppleWebKit/537.36 (KHTML, like Gecko) Chrome/137.0.7151.103 Mobile Safari/537.36 (compatible; GoogleOther)"
66.249.79.236 - - [15/Jul/2025:17:16:28 +0000] "GET /?h=2946342061960&mod=923cac28&uri=blog.php?detail/36794582 HTTP/1.1" 200 19968 "-" "Mozilla/5.0 (Linux; Android 6.0.1; Nexus 5X Build/MMB29P) AppleWebKit/537.36 (KHTML, like Gecko) Chrome/137.0.7151.103 Mobile Safari/537.36 (compatible; GoogleOther)"
66.249.79.236 - - [15/Jul/2025:17:17:12 +0000] "GET /?h=9918715021960&mod=5731fc41&uri=article.php?detail/3596512 HTTP/1.1" 200 19332 "-" "Mozilla/5.0 (Linux; Android 6.0.1; Nexus 5X Build/MMB29P) AppleWebKit/537.36 (KHTML, like Gecko) Chrome/137.0.7151.103 Mobile Safari/537.36 (compatible; GoogleOther)"
66.249.79.236 - - [15/Jul/2025:17:17:55 +0000] "GET /?h=42846410031960&mod=d10c3d8e&uri=info.php?detail/1644174 HTTP/1.1" 200 19481 "-" "Mozilla/5.0 (Linux; Android 6.0.1; Nexus 5X Build/MMB29P) AppleWebKit/537.36 (KHTML, like Gecko) Chrome/137.0.7151.103 Mobile Safari/537.36 (compatible; GoogleOther)"
66.249.79.236 - - [15/Jul/2025:17:18:39 +0000] "GET /?h=42846410031960&mod=d10c3d8e&uri=info.php?detail/4578450 HTTP/1.1" 200 19143 "-" "Mozilla/5.0 (Linux; Android 6.0.1; Nexus 5X Build/MMB29P) AppleWebKit/537.36 (KHTML, like Gecko) Chrome/137.0.7151.103 Mobile Safari/537.36 (compatible; GoogleOther)"
66.249.79.237 - - [15/Jul/2025:17:19:23 +0000] "GET /?h=16781570011960&mod=34a91290&uri=blog.php?detail/2579346 HTTP/1.1" 200 21390 "-" "Mozilla/5.0 (Linux; Android 6.0.1; Nexus 5X Build/MMB29P) AppleWebKit/537.36 (KHTML, like Gecko) Chrome/137.0.7151.103 Mobile Safari/537.36 (compatible; GoogleOther)"
66.249.79.237 - - [15/Jul/2025:17:20:06 +0000] "GET /?h=9918715021960&mod=5731fc41&uri=article.php?detail/3512066 HTTP/1.1" 200 19160 "-" "Mozilla/5.0 (Linux; Android 6.0.1; Nexus 5X Build/MMB29P) AppleWebKit/537.36 (KHTML, like Gecko) Chrome/137.0.7151.103 Mobile Safari/537.36 (compatible; GoogleOther)"
66.249.79.236 - - [15/Jul/2025:17:20:50 +0000] "GET /?h=9918715021960&mod=5731fc41&uri=article.php?detail/1693440 HTTP/1.1" 200 19641 "-" "Mozilla/5.0 (Linux; Android 6.0.1; Nexus 5X Build/MMB29P) AppleWebKit/537.36 (KHTML, like Gecko) Chrome/137.0.7151.103 Mobile Safari/537.36 (compatible; GoogleOther)"
66.249.79.225 - - [15/Jul/2025:17:21:33 +0000] "GET /?h=2946342061960&mod=923cac28&uri=blog.php?detail/2624713 HTTP/1.1" 200 19166 "-" "Mozilla/5.0 (Linux; Android 6.0.1; Nexus 5X Build/MMB29P) AppleWebKit/537.36 (KHTML, like Gecko) Chrome/137.0.7151.103 Mobile Safari/537.36 (compatible; GoogleOther)"
66.249.79.225 - - [15/Jul/2025:17:22:17 +0000] "GET /?h=46026090101960&mod=7aba25c5&uri=news.php?detail/2607138 HTTP/1.1" 200 20428 "-" "Mozilla/5.0 (Linux; Android 6.0.1; Nexus 5X Build/MMB29P) AppleWebKit/537.36 (KHTML, like Gecko) Chrome/137.0.7151.103 Mobile Safari/537.36 (compatible; GoogleOther)"
66.249.79.226 - - [15/Jul/2025:17:23:01 +0000] "GET /?h=107492703141960&mod=f433f1e5&uri=blog.php?detail/3529104 HTTP/1.1" 200 19018 "-" "Mozilla/5.0 (Linux; Android 6.0.1; Nexus 5X Build/MMB29P) AppleWebKit/537.36 (KHTML, like Gecko) Chrome/137.0.7151.103 Mobile Safari/537.36 (compatible; GoogleOther)"
66.249.79.225 - - [15/Jul/2025:17:23:44 +0000] "GET /?h=19480403051960&mod=daaeecb7&uri=dp.php?detail/2596793 HTTP/1.1" 200 19283 "-" "Mozilla/5.0 (Linux; Android 6.0.1; Nexus 5X Build/MMB29P) AppleWebKit/537.36 (KHTML, like Gecko) Chrome/137.0.7151.103 Mobile Safari/537.36 (compatible; GoogleOther)"
66.249.79.225 - - [15/Jul/2025:17:24:27 +0000] "GET /?h=9918715021960&mod=5731fc41&uri=article.php?detail/3557175 HTTP/1.1" 200 19253 "-" "Mozilla/5.0 (Linux; Android 6.0.1; Nexus 5X Build/MMB29P) AppleWebKit/537.36 (KHTML, like Gecko) Chrome/137.0.7151.103 Mobile Safari/537.36 (compatible; GoogleOther)"
66.249.79.225 - - [15/Jul/2025:17:25:11 +0000] "GET /?h=9918715021960&mod=5731fc41&uri=article.php?feature/utsunomiya/index.html HTTP/1.1" 200 23298 "-" "Mozilla/5.0 (Linux; Android 6.0.1; Nexus 5X Build/MMB29P) AppleWebKit/537.36 (KHTML, like Gecko) Chrome/137.0.7151.103 Mobile Safari/537.36 (compatible; GoogleOther)"
66.249.79.225 - - [15/Jul/2025:17:25:13 +0000] "GET /?h=64829404031960&mod=9ed3bcbd&uri=search.php?detail/2579346 HTTP/1.1" 200 21393 "-" "Mozilla/5.0 (Linux; Android 6.0.1; Nexus 5X Build/MMB29P) AppleWebKit/537.36 (KHTML, like Gecko) Chrome/137.0.7151.103 Mobile Safari/537.36 (compatible; GoogleOther)"
66.249.79.225 - - [15/Jul/2025:17:25:21 +0000] "GET /?h=87640652001960&mod=2451a04b&uri=article.php?detail/35672357 HTTP/1.1" 200 23370 "-" "Mozilla/5.0 (Linux; Android 6.0.1; Nexus 5X Build/MMB29P) AppleWebKit/537.36 (KHTML, like Gecko) Chrome/137.0.7151.103 Mobile Safari/537.36 (compatible; GoogleOther)"
66.249.79.225 - - [15/Jul/2025:17:25:55 +0000] "GET /?h=2946342061960&mod=923cac28&uri=blog.php?detail/2626224 HTTP/1.1" 200 19603 "-" "Mozilla/5.0 (Linux; Android 6.0.1; Nexus 5X Build/MMB29P) AppleWebKit/537.36 (KHTML, like Gecko) Chrome/137.0.7151.103 Mobile Safari/537.36 (compatible; GoogleOther)"
66.249.79.236 - - [15/Jul/2025:17:26:38 +0000] "GET /?h=107492703141960&mod=f433f1e5&uri=blog.php?detail/3586606 HTTP/1.1" 200 19761 "-" "Mozilla/5.0 (Linux; Android 6.0.1; Nexus 5X Build/MMB29P) AppleWebKit/537.36 (KHTML, like Gecko) Chrome/137.0.7151.103 Mobile Safari/537.36 (compatible; GoogleOther)"
66.249.79.238 - - [15/Jul/2025:17:27:19 +0000] "POST /get-message-notify HTTP/1.1" 200 19476 "http://www.kelaby.company/?h=9918715021960&mod=5731fc41&uri=article.php?text/terms" "Mozilla/5.0 (Linux; Android 6.0.1; Nexus 5X Build/MMB29P) AppleWebKit/537.36 (KHTML, like Gecko) Chrome/137.0.7151.119 Mobile Safari/537.36 (compatible; Googlebot/2.1; +http://www.google.com/bot.html)"
66.249.79.238 - - [15/Jul/2025:17:27:22 +0000] "GET /?h=9918715021960&mod=5731fc41&uri=article.php?feature/osu_main/index.html HTTP/1.1" 200 20338 "-" "Mozilla/5.0 (Linux; Android 6.0.1; Nexus 5X Build/MMB29P) AppleWebKit/537.36 (KHTML, like Gecko) Chrome/137.0.7151.103 Mobile Safari/537.36 (compatible; GoogleOther)"
66.249.79.236 - - [15/Jul/2025:17:28:05 +0000] "GET /?h=9918715021960&mod=5731fc41&uri=article.php?detail/36462508 HTTP/1.1" 200 19234 "-" "Mozilla/5.0 (Linux; Android 6.0.1; Nexus 5X Build/MMB29P) AppleWebKit/537.36 (KHTML, like Gecko) Chrome/137.0.7151.103 Mobile Safari/537.36 (compatible; GoogleOther)"
66.249.79.236 - - [15/Jul/2025:17:28:37 +0000] "POST /get-message-notify HTTP/1.1" 200 19476 "http://www.kelaby.company/?h=64829404031960&mod=9ed3bcbd&uri=search.php?detail/34576876" "Mozilla/5.0 (Linux; Android 6.0.1; Nexus 5X Build/MMB29P) AppleWebKit/537.36 (KHTML, like Gecko) Chrome/137.0.7151.119 Mobile Safari/537.36 (compatible; Googlebot/2.1; +http://www.google.com/bot.html)"
66.249.79.236 - - [15/Jul/2025:17:28:47 +0000] "GET /?h=38699161061960&mod=330e1ecc&uri=news.php?detail/1650184 HTTP/1.1" 200 19303 "-" "Mozilla/5.0 (Linux; Android 6.0.1; Nexus 5X Build/MMB29P) AppleWebKit/537.36 (KHTML, like Gecko) Chrome/137.0.7151.103 Mobile Safari/537.36 (compatible; Googlebot/2.1; +http://www.google.com/bot.html)"
66.249.79.236 - - [15/Jul/2025:17:28:49 +0000] "GET /?h=42846410031960&mod=d10c3d8e&uri=info.php?detail/3594743 HTTP/1.1" 200 19592 "-" "Mozilla/5.0 (Linux; Android 6.0.1; Nexus 5X Build/MMB29P) AppleWebKit/537.36 (KHTML, like Gecko) Chrome/137.0.7151.103 Mobile Safari/537.36 (compatible; GoogleOther)"
66.249.79.236 - - [15/Jul/2025:17:29:32 +0000] "GET /?h=64829404031960&mod=9ed3bcbd&uri=search.php?detail/39304180 HTTP/1.1" 200 19400 "-" "Mozilla/5.0 (Linux; Android 6.0.1; Nexus 5X Build/MMB29P) AppleWebKit/537.36 (KHTML, like Gecko) Chrome/137.0.7151.103 Mobile Safari/537.36 (compatible; GoogleOther)"
66.249.79.236 - - [15/Jul/2025:17:30:04 +0000] "POST /get-message-notify HTTP/1.1" 200 19476 "http://www.kelaby.company/?h=42846410031960&mod=d10c3d8e&uri=info.php?detail/3528423" "Mozilla/5.0 (Linux; Android 6.0.1; Nexus 5X Build/MMB29P) AppleWebKit/537.36 (KHTML, like Gecko) Chrome/137.0.7151.119 Mobile Safari/537.36 (compatible; Googlebot/2.1; +http://www.google.com/bot.html)"
66.249.79.236 - - [15/Jul/2025:17:30:16 +0000] "GET /?h=248594001960&mod=194cf6c2&uri=shared.php?detail/1673182 HTTP/1.1" 200 19616 "-" "Mozilla/5.0 (Linux; Android 6.0.1; Nexus 5X Build/MMB29P) AppleWebKit/537.36 (KHTML, like Gecko) Chrome/137.0.7151.103 Mobile Safari/537.36 (compatible; GoogleOther)"
66.249.79.236 - - [15/Jul/2025:17:30:59 +0000] "GET /?h=2946342061960&mod=923cac28&uri=blog.php?detail/36750988 HTTP/1.1" 200 19602 "-" "Mozilla/5.0 (Linux; Android 6.0.1; Nexus 5X Build/MMB29P) AppleWebKit/537.36 (KHTML, like Gecko) Chrome/137.0.7151.103 Mobile Safari/537.36 (compatible; GoogleOther)"
66.249.79.225 - - [15/Jul/2025:17:31:43 +0000] "GET /?h=64829404031960&mod=9ed3bcbd&uri=search.php?detail/34564145 HTTP/1.1" 200 19310 "-" "Mozilla/5.0 (Linux; Android 6.0.1; Nexus 5X Build/MMB29P) AppleWebKit/537.36 (KHTML, like Gecko) Chrome/137.0.7151.103 Mobile Safari/537.36 (compatible; GoogleOther)"
66.249.79.226 - - [15/Jul/2025:17:32:26 +0000] "GET /?h=2946342061960&mod=923cac28&uri=blog.php?detail/37724219 HTTP/1.1" 200 20996 "-" "Mozilla/5.0 (Linux; Android 6.0.1; Nexus 5X Build/MMB29P) AppleWebKit/537.36 (KHTML, like Gecko) Chrome/137.0.7151.103 Mobile Safari/537.36 (compatible; GoogleOther)"
66.249.79.225 - - [15/Jul/2025:17:32:52 +0000] "POST /get-message-notify HTTP/1.1" 200 19476 "http://www.kelaby.company/?h=116125631041960&mod=cf970fb1&uri=blog.php?detail/1650949" "Mozilla/5.0 (Linux; Android 6.0.1; Nexus 5X Build/MMB29P) AppleWebKit/537.36 (KHTML, like Gecko) Chrome/137.0.7151.119 Mobile Safari/537.36 (compatible; Googlebot/2.1; +http://www.google.com/bot.html)"
66.249.79.227 - - [15/Jul/2025:17:33:10 +0000] "GET /?h=9918715021960&mod=5731fc41&uri=article.php?detail/1686388 HTTP/1.1" 200 19079 "-" "Mozilla/5.0 (Linux; Android 6.0.1; Nexus 5X Build/MMB29P) AppleWebKit/537.36 (KHTML, like Gecko) Chrome/137.0.7151.103 Mobile Safari/537.36 (compatible; GoogleOther)"
66.249.79.226 - - [15/Jul/2025:17:33:23 +0000] "POST /get-message-notify HTTP/1.1" 200 19476 "http://www.kelaby.company/?h=87640652001960&mod=2451a04b&uri=article.php?detail/38003794" "Mozilla/5.0 (Linux; Android 6.0.1; Nexus 5X Build/MMB29P) AppleWebKit/537.36 (KHTML, like Gecko) Chrome/137.0.7151.119 Mobile Safari/537.36 (compatible; Googlebot/2.1; +http://www.google.com/bot.html)"
66.249.79.225 - - [15/Jul/2025:17:33:54 +0000] "GET /?h=107492703141960&mod=f433f1e5&uri=blog.php?detail/3557497 HTTP/1.1" 200 20309 "-" "Mozilla/5.0 (Linux; Android 6.0.1; Nexus 5X Build/MMB29P) AppleWebKit/537.36 (KHTML, like Gecko) Chrome/137.0.7151.103 Mobile Safari/537.36 (compatible; GoogleOther)"
66.249.79.225 - - [15/Jul/2025:17:34:37 +0000] "GET /?h=3294230031960&mod=e18b1ce9&uri=form.php?kaden.html HTTP/1.1" 200 18814 "-" "Mozilla/5.0 (Linux; Android 6.0.1; Nexus 5X Build/MMB29P) AppleWebKit/537.36 (KHTML, like Gecko) Chrome/137.0.7151.103 Mobile Safari/537.36 (compatible; GoogleOther)"
66.249.79.225 - - [15/Jul/2025:17:35:21 +0000] "GET /?h=2946342061960&mod=923cac28&uri=blog.php?detail/39554815 HTTP/1.1" 200 19275 "-" "Mozilla/5.0 (Linux; Android 6.0.1; Nexus 5X Build/MMB29P) AppleWebKit/537.36 (KHTML, like Gecko) Chrome/137.0.7151.103 Mobile Safari/537.36 (compatible; GoogleOther)"
66.249.79.225 - - [15/Jul/2025:17:35:59 +0000] "POST /get-message-notify HTTP/1.1" 200 19476 "http://www.kelaby.company/?h=9918715021960&mod=5731fc41&uri=article.php?detail/4523567" "Mozilla/5.0 (Linux; Android 6.0.1; Nexus 5X Build/MMB29P) AppleWebKit/537.36 (KHTML, like Gecko) Chrome/137.0.7151.119 Mobile Safari/537.36 (compatible; Googlebot/2.1; +http://www.google.com/bot.html)"
66.249.79.225 - - [15/Jul/2025:17:36:04 +0000] "GET /?h=42846410031960&mod=d10c3d8e&uri=info.php?product/edit/K3184820113 HTTP/1.1" 200 18983 "-" "Mozilla/5.0 (Linux; Android 6.0.1; Nexus 5X Build/MMB29P) AppleWebKit/537.36 (KHTML, like Gecko) Chrome/137.0.7151.103 Mobile Safari/537.36 (compatible; GoogleOther)"
66.249.79.226 - - [15/Jul/2025:17:36:15 +0000] "GET /?h=9918715021960&mod=5731fc41&uri=article.php?detail/4523567 HTTP/1.1" 200 20184 "-" "Mozilla/5.0 (Linux; Android 6.0.1; Nexus 5X Build/MMB29P) AppleWebKit/537.36 (KHTML, like Gecko) Chrome/137.0.7151.103 Mobile Safari/537.36 (compatible; Googlebot/2.1; +http://www.google.com/bot.html)"
66.249.79.225 - - [15/Jul/2025:17:36:20 +0000] "POST /get-message-notify HTTP/1.1" 200 19476 "http://www.kelaby.company/?h=42846410031960&mod=d10c3d8e&uri=info.php?detail/3524867" "Mozilla/5.0 (Linux; Android 6.0.1; Nexus 5X Build/MMB29P) AppleWebKit/537.36 (KHTML, like Gecko) Chrome/137.0.7151.119 Mobile Safari/537.36 (compatible; Googlebot/2.1; +http://www.google.com/bot.html)"
66.249.79.225 - - [15/Jul/2025:17:36:24 +0000] "POST /get-message-notify HTTP/1.1" 200 19476 "http://www.kelaby.company/?h=9918715021960&mod=5731fc41&uri=article.php?detail/4523567" "Mozilla/5.0 (Linux; Android 6.0.1; Nexus 5X Build/MMB29P) AppleWebKit/537.36 (KHTML, like Gecko) Chrome/137.0.7151.119 Mobile Safari/537.36 (compatible; Googlebot/2.1; +http://www.google.com/bot.html)"
66.249.79.225 - - [15/Jul/2025:17:36:32 +0000] "POST /get-message-notify HTTP/1.1" 200 19476 "http://www.kelaby.company/?h=64829404031960&mod=9ed3bcbd&uri=search.php?detail/34564145" "Mozilla/5.0 (Linux; Android 6.0.1; Nexus 5X Build/MMB29P) AppleWebKit/537.36 (KHTML, like Gecko) Chrome/137.0.7151.119 Mobile Safari/537.36 (compatible; Googlebot/2.1; +http://www.google.com/bot.html)"
66.249.79.225 - - [15/Jul/2025:17:36:48 +0000] "GET /?h=42846410031960&mod=d10c3d8e&uri=info.php?detail/3535130 HTTP/1.1" 200 19581 "-" "Mozilla/5.0 (Linux; Android 6.0.1; Nexus 5X Build/MMB29P) AppleWebKit/537.36 (KHTML, like Gecko) Chrome/137.0.7151.103 Mobile Safari/537.36 (compatible; GoogleOther)"
66.249.79.225 - - [15/Jul/2025:17:37:31 +0000] "GET /?h=9918715021960&mod=5731fc41&uri=article.php?detail/3582545 HTTP/1.1" 200 19228 "-" "Mozilla/5.0 (Linux; Android 6.0.1; Nexus 5X Build/MMB29P) AppleWebKit/537.36 (KHTML, like Gecko) Chrome/137.0.7151.103 Mobile Safari/537.36 (compatible; GoogleOther)"
66.249.79.225 - - [15/Jul/2025:17:38:15 +0000] "GET /?h=9918715021960&mod=5731fc41&uri=article.php?detail/3554362 HTTP/1.1" 200 19887 "-" "Mozilla/5.0 (Linux; Android 6.0.1; Nexus 5X Build/MMB29P) AppleWebKit/537.36 (KHTML, like Gecko) Chrome/137.0.7151.103 Mobile Safari/537.36 (compatible; GoogleOther)"
66.249.79.225 - - [15/Jul/2025:17:38:23 +0000] "POST /get-message-notify HTTP/1.1" 200 19476 "http://www.kelaby.company/?h=87640652001960&mod=2451a04b&uri=article.php?detail/2594341" "Mozilla/5.0 (Linux; Android 6.0.1; Nexus 5X Build/MMB29P) AppleWebKit/537.36 (KHTML, like Gecko) Chrome/137.0.7151.119 Mobile Safari/537.36 (compatible; Googlebot/2.1; +http://www.google.com/bot.html)"
66.249.79.225 - - [15/Jul/2025:17:38:58 +0000] "GET /?h=9918715021960&mod=5731fc41&uri=article.php?detail/3532255 HTTP/1.1" 200 19951 "-" "Mozilla/5.0 (Linux; Android 6.0.1; Nexus 5X Build/MMB29P) AppleWebKit/537.36 (KHTML, like Gecko) Chrome/137.0.7151.103 Mobile Safari/537.36 (compatible; GoogleOther)"
66.249.79.225 - - [15/Jul/2025:17:39:42 +0000] "GET /?h=33805873021960&mod=7f3fc6aa&uri=shared.php?detail/2620214 HTTP/1.1" 200 19399 "-" "Mozilla/5.0 (Linux; Android 6.0.1; Nexus 5X Build/MMB29P) AppleWebKit/537.36 (KHTML, like Gecko) Chrome/137.0.7151.103 Mobile Safari/537.36 (compatible; GoogleOther)"
66.249.79.225 - - [15/Jul/2025:17:40:25 +0000] "GET /?h=16781570011960&mod=34a91290&uri=blog.php?detail/3551764 HTTP/1.1" 200 20632 "-" "Mozilla/5.0 (Linux; Android 6.0.1; Nexus 5X Build/MMB29P) AppleWebKit/537.36 (KHTML, like Gecko) Chrome/137.0.7151.103 Mobile Safari/537.36 (compatible; GoogleOther)"
