66.249.79.225 - - [15/Jul/2025:17:40:46 +0000] "POST /get-message-notify HTTP/1.1" 200 19476 "http://www.kelaby.company/?h=64829404031960&mod=9ed3bcbd&uri=search.php?detail/34564145" "Mozilla/5.0 (Linux; Android 6.0.1; Nexus 5X Build/MMB29P) AppleWebKit/537.36 (KHTML, like Gecko) Chrome/137.0.7151.119 Mobile Safari/537.36 (compatible; Googlebot/2.1; +http://www.google.com/bot.html)"
66.249.79.227 - - [15/Jul/2025:17:41:09 +0000] "GET /?h=42846410031960&mod=d10c3d8e&uri=info.php?detail/4579620 HTTP/1.1" 200 21068 "-" "Mozilla/5.0 (Linux; Android 6.0.1; Nexus 5X Build/MMB29P) AppleWebKit/537.36 (KHTML, like Gecko) Chrome/137.0.7151.103 Mobile Safari/537.36 (compatible; GoogleOther)"
66.249.79.225 - - [15/Jul/2025:17:41:49 +0000] "GET /?h=42846410031960&mod=d10c3d8e&uri=info.php?detail/3579410 HTTP/1.1" 200 19767 "-" "Mozilla/5.0 (Linux; Android 6.0.1; Nexus 5X Build/MMB29P) AppleWebKit/537.36 (KHTML, like Gecko) Chrome/137.0.7151.103 Mobile Safari/537.36 (compatible; Googlebot/2.1; +http://www.google.com/bot.html)"
66.249.79.225 - - [15/Jul/2025:17:41:52 +0000] "GET /?h=16781570011960&mod=34a91290&uri=blog.php?detail/36781769 HTTP/1.1" 200 19703 "-" "Mozilla/5.0 (Linux; Android 6.0.1; Nexus 5X Build/MMB29P) AppleWebKit/537.36 (KHTML, like Gecko) Chrome/137.0.7151.103 Mobile Safari/537.36 (compatible; GoogleOther)"
209.74.77.214 - - [15/Jul/2025:17:42:27 +0000] "POST /wp-cron.php?doing_wp_cron=1752601347.0169999599456787109375 HTTP/1.1" 200 - "-" "WordPress/6.8.1; https://kelaby.company"
159.65.181.206 - - [15/Jul/2025:17:42:26 +0000] "POST /xmlrpc.php HTTP/1.1" 200 225 "-" "Mozilla/5.0 (X11; Ubuntu; Linux x86_64; rv:85.0) Gecko/20100101 Firefox/91.0"
66.249.79.225 - - [15/Jul/2025:17:42:36 +0000] "GET /?h=16781570011960&mod=34a91290&uri=blog.php?detail/37671315 HTTP/1.1" 200 19436 "-" "Mozilla/5.0 (Linux; Android 6.0.1; Nexus 5X Build/MMB29P) AppleWebKit/537.36 (KHTML, like Gecko) Chrome/137.0.7151.103 Mobile Safari/537.36 (compatible; GoogleOther)"
66.249.79.225 - - [15/Jul/2025:17:43:20 +0000] "GET /?h=9918715021960&mod=5731fc41&uri=article.php?detail/4457651 HTTP/1.1" 200 20211 "-" "Mozilla/5.0 (Linux; Android 6.0.1; Nexus 5X Build/MMB29P) AppleWebKit/537.36 (KHTML, like Gecko) Chrome/137.0.7151.103 Mobile Safari/537.36 (compatible; GoogleOther)"
66.249.79.227 - - [15/Jul/2025:17:44:03 +0000] "GET /?h=19223947041960&mod=e9114242&uri=news.php?detail/1647309 HTTP/1.1" 200 21370 "-" "Mozilla/5.0 (Linux; Android 6.0.1; Nexus 5X Build/MMB29P) AppleWebKit/537.36 (KHTML, like Gecko) Chrome/137.0.7151.103 Mobile Safari/537.36 (compatible; GoogleOther)"
66.249.79.225 - - [15/Jul/2025:17:44:20 +0000] "POST /get-message-notify HTTP/1.1" 200 19476 "http://www.kelaby.company/?h=42846410031960&mod=d10c3d8e&uri=info.php?product/edit/K3184820113" "Mozilla/5.0 (Linux; Android 6.0.1; Nexus 5X Build/MMB29P) AppleWebKit/537.36 (KHTML, like Gecko) Chrome/137.0.7151.119 Mobile Safari/537.36 (compatible; Googlebot/2.1; +http://www.google.com/bot.html)"
66.249.79.225 - - [15/Jul/2025:17:44:47 +0000] "GET /?h=9918715021960&mod=5731fc41&uri=article.php?detail/3503652 HTTP/1.1" 200 19113 "-" "Mozilla/5.0 (Linux; Android 6.0.1; Nexus 5X Build/MMB29P) AppleWebKit/537.36 (KHTML, like Gecko) Chrome/137.0.7151.103 Mobile Safari/537.36 (compatible; GoogleOther)"
209.74.77.214 - - [15/Jul/2025:17:45:21 +0000] "POST /wp-cron.php?doing_wp_cron=1752601521.8439729213714599609375 HTTP/1.1" 200 - "-" "WordPress/6.8.1; https://kelaby.company"
43.128.149.102 - - [15/Jul/2025:17:45:21 +0000] "GET / HTTP/1.1" 301 - "-" "Mozilla/5.0 (iPhone; CPU iPhone OS 13_2_3 like Mac OS X) AppleWebKit/605.1.15 (KHTML, like Gecko) Version/13.0.3 Mobile/15E148 Safari/604.1"
66.249.79.225 - - [15/Jul/2025:17:45:30 +0000] "GET /?h=16781570011960&mod=34a91290&uri=blog.php?detail/3531298 HTTP/1.1" 200 20207 "-" "Mozilla/5.0 (Linux; Android 6.0.1; Nexus 5X Build/MMB29P) AppleWebKit/537.36 (KHTML, like Gecko) Chrome/137.0.7151.103 Mobile Safari/537.36 (compatible; GoogleOther)"
66.249.79.225 - - [15/Jul/2025:17:46:09 +0000] "GET /?h=2855288021960&mod=86d73f9a&uri=article.php?kaden.html HTTP/1.1" 200 18820 "-" "Mozilla/5.0 (Linux; Android 6.0.1; Nexus 5X Build/MMB29P) AppleWebKit/537.36 (KHTML, like Gecko) Chrome/137.0.7151.103 Mobile Safari/537.36 (compatible; GoogleOther)"
66.249.79.225 - - [15/Jul/2025:17:46:11 +0000] "GET /?h=35872595031960&mod=82e1587f&uri=info.php?detail/1647309 HTTP/1.1" 200 21364 "-" "Mozilla/5.0 (Linux; Android 6.0.1; Nexus 5X Build/MMB29P) AppleWebKit/537.36 (KHTML, like Gecko) Chrome/137.0.7151.103 Mobile Safari/537.36 (compatible; GoogleOther)"
66.249.79.225 - - [15/Jul/2025:17:46:13 +0000] "GET /?h=16781570011960&mod=34a91290&uri=blog.php?detail/34496801 HTTP/1.1" 200 20929 "-" "Mozilla/5.0 (Linux; Android 6.0.1; Nexus 5X Build/MMB29P) AppleWebKit/537.36 (KHTML, like Gecko) Chrome/137.0.7151.103 Mobile Safari/537.36 (compatible; GoogleOther)"
66.249.79.225 - - [15/Jul/2025:17:46:16 +0000] "GET /?h=58103098041960&mod=c05ca998&uri=shop.php?detail/36753586 HTTP/1.1" 200 19326 "-" "Mozilla/5.0 (Linux; Android 6.0.1; Nexus 5X Build/MMB29P) AppleWebKit/537.36 (KHTML, like Gecko) Chrome/137.0.7151.103 Mobile Safari/537.36 (compatible; GoogleOther)"
66.249.79.225 - - [15/Jul/2025:17:46:20 +0000] "GET /?h=33805873021960&mod=7f3fc6aa&uri=shared.php?detail/4569549 HTTP/1.1" 200 19287 "-" "Mozilla/5.0 (Linux; Android 6.0.1; Nexus 5X Build/MMB29P) AppleWebKit/537.36 (KHTML, like Gecko) Chrome/137.0.7151.103 Mobile Safari/537.36 (compatible; GoogleOther)"
66.249.79.225 - - [15/Jul/2025:17:46:23 +0000] "GET /?h=106141153061960&mod=a86c3a36&uri=news.php?detail/4500907 HTTP/1.1" 200 19721 "-" "Mozilla/5.0 (Linux; Android 6.0.1; Nexus 5X Build/MMB29P) AppleWebKit/537.36 (KHTML, like Gecko) Chrome/137.0.7151.103 Mobile Safari/537.36 (compatible; GoogleOther)"
66.249.79.225 - - [15/Jul/2025:17:46:25 +0000] "GET /?h=9918715021960&mod=5731fc41&uri=article.php?detail/1649569 HTTP/1.1" 200 19531 "-" "Mozilla/5.0 (Linux; Android 6.0.1; Nexus 5X Build/MMB29P) AppleWebKit/537.36 (KHTML, like Gecko) Chrome/137.0.7151.103 Mobile Safari/537.36 (compatible; GoogleOther)"
66.249.79.225 - - [15/Jul/2025:17:46:28 +0000] "GET /?h=87640652001960&mod=2451a04b&uri=article.php?detail/36614088 HTTP/1.1" 200 19971 "-" "Mozilla/5.0 (Linux; Android 6.0.1; Nexus 5X Build/MMB29P) AppleWebKit/537.36 (KHTML, like Gecko) Chrome/137.0.7151.103 Mobile Safari/537.36 (compatible; GoogleOther)"
66.249.79.225 - - [15/Jul/2025:17:46:30 +0000] "GET /?h=116125631041960&mod=cf970fb1&uri=blog.php?detail/2646349 HTTP/1.1" 200 22377 "-" "Mozilla/5.0 (Linux; Android 6.0.1; Nexus 5X Build/MMB29P) AppleWebKit/537.36 (KHTML, like Gecko) Chrome/137.0.7151.103 Mobile Safari/537.36 (compatible; GoogleOther)"
66.249.79.225 - - [15/Jul/2025:17:46:32 +0000] "GET /?h=114538208041960&mod=28b30720&uri=info.php?detail/2579346 HTTP/1.1" 200 21396 "-" "Mozilla/5.0 (Linux; Android 6.0.1; Nexus 5X Build/MMB29P) AppleWebKit/537.36 (KHTML, like Gecko) Chrome/137.0.7151.103 Mobile Safari/537.36 (compatible; GoogleOther)"
66.249.79.226 - - [15/Jul/2025:17:46:35 +0000] "GET /?h=9918715021960&mod=5731fc41&uri=article.php?detail/2652037 HTTP/1.1" 200 19310 "-" "Mozilla/5.0 (Linux; Android 6.0.1; Nexus 5X Build/MMB29P) AppleWebKit/537.36 (KHTML, like Gecko) Chrome/137.0.7151.103 Mobile Safari/537.36 (compatible; GoogleOther)"
66.249.79.237 - - [15/Jul/2025:17:46:57 +0000] "GET /?h=110354919001960&mod=a7f281aa&uri=dp.php?detail/1693778 HTTP/1.1" 200 20070 "-" "Mozilla/5.0 (Linux; Android 6.0.1; Nexus 5X Build/MMB29P) AppleWebKit/537.36 (KHTML, like Gecko) Chrome/137.0.7151.103 Mobile Safari/537.36 (compatible; GoogleOther)"
66.249.79.236 - - [15/Jul/2025:17:47:41 +0000] "GET /?h=9918715021960&mod=5731fc41&uri=article.php?detail/3535539 HTTP/1.1" 200 19136 "-" "Mozilla/5.0 (Linux; Android 6.0.1; Nexus 5X Build/MMB29P) AppleWebKit/537.36 (KHTML, like Gecko) Chrome/137.0.7151.103 Mobile Safari/537.36 (compatible; GoogleOther)"
66.249.79.236 - - [15/Jul/2025:17:47:43 +0000] "GET /?h=33805873021960&mod=7f3fc6aa&uri=shared.php?detail/3625264 HTTP/1.1" 200 19468 "-" "Mozilla/5.0 (Linux; Android 6.0.1; Nexus 5X Build/MMB29P) AppleWebKit/537.36 (KHTML, like Gecko) Chrome/137.0.7151.103 Mobile Safari/537.36 (compatible; GoogleOther)"
66.249.79.236 - - [15/Jul/2025:17:47:54 +0000] "POST /get-message-notify HTTP/1.1" 200 19476 "http://www.kelaby.company/?h=46026090101960&mod=7aba25c5&uri=news.php?detail/2607138" "Mozilla/5.0 (Linux; Android 6.0.1; Nexus 5X Build/MMB29P) AppleWebKit/537.36 (KHTML, like Gecko) Chrome/137.0.7151.119 Mobile Safari/537.36 (compatible; Googlebot/2.1; +http://www.google.com/bot.html)"
66.249.79.236 - - [15/Jul/2025:17:48:25 +0000] "GET /?h=248594001960&mod=194cf6c2&uri=shared.php?detail/1667302 HTTP/1.1" 200 20948 "-" "Mozilla/5.0 (Linux; Android 6.0.1; Nexus 5X Build/MMB29P) AppleWebKit/537.36 (KHTML, like Gecko) Chrome/137.0.7151.103 Mobile Safari/537.36 (compatible; GoogleOther)"
66.249.79.236 - - [15/Jul/2025:17:49:08 +0000] "GET /?h=42846410031960&mod=d10c3d8e&uri=info.php?detail/3617387 HTTP/1.1" 200 19636 "-" "Mozilla/5.0 (Linux; Android 6.0.1; Nexus 5X Build/MMB29P) AppleWebKit/537.36 (KHTML, like Gecko) Chrome/137.0.7151.103 Mobile Safari/537.36 (compatible; GoogleOther)"
66.249.79.236 - - [15/Jul/2025:17:49:51 +0000] "GET /?h=11473491011960&mod=58f81aa3&uri=info.php?detail/1647309 HTTP/1.1" 200 21368 "-" "Mozilla/5.0 (Linux; Android 6.0.1; Nexus 5X Build/MMB29P) AppleWebKit/537.36 (KHTML, like Gecko) Chrome/137.0.7151.103 Mobile Safari/537.36 (compatible; GoogleOther)"
66.249.79.236 - - [15/Jul/2025:17:50:35 +0000] "GET /?h=9918715021960&mod=5731fc41&uri=article.php?detail/36461338 HTTP/1.1" 200 20130 "-" "Mozilla/5.0 (Linux; Android 6.0.1; Nexus 5X Build/MMB29P) AppleWebKit/537.36 (KHTML, like Gecko) Chrome/137.0.7151.103 Mobile Safari/537.36 (compatible; GoogleOther)"
66.249.79.236 - - [15/Jul/2025:17:51:19 +0000] "GET /?h=16781570011960&mod=34a91290&uri=blog.php?detail/2573658 HTTP/1.1" 200 19429 "-" "Mozilla/5.0 (Linux; Android 6.0.1; Nexus 5X Build/MMB29P) AppleWebKit/537.36 (KHTML, like Gecko) Chrome/137.0.7151.103 Mobile Safari/537.36 (compatible; GoogleOther)"
66.249.79.236 - - [15/Jul/2025:17:52:02 +0000] "GET /?h=9918715021960&mod=5731fc41&uri=article.php?detail/3568866 HTTP/1.1" 200 19563 "-" "Mozilla/5.0 (Linux; Android 6.0.1; Nexus 5X Build/MMB29P) AppleWebKit/537.36 (KHTML, like Gecko) Chrome/137.0.7151.103 Mobile Safari/537.36 (compatible; GoogleOther)"
66.249.79.236 - - [15/Jul/2025:17:52:46 +0000] "GET /?h=2946342061960&mod=923cac28&uri=blog.php?detail/34523293 HTTP/1.1" 200 20238 "-" "Mozilla/5.0 (Linux; Android 6.0.1; Nexus 5X Build/MMB29P) AppleWebKit/537.36 (KHTML, like Gecko) Chrome/137.0.7151.103 Mobile Safari/537.36 (compatible; GoogleOther)"
66.249.79.236 - - [15/Jul/2025:17:53:29 +0000] "GET /?h=2946342061960&mod=923cac28&uri=blog.php?detail/40558437 HTTP/1.1" 200 20052 "-" "Mozilla/5.0 (Linux; Android 6.0.1; Nexus 5X Build/MMB29P) AppleWebKit/537.36 (KHTML, like Gecko) Chrome/137.0.7151.103 Mobile Safari/537.36 (compatible; GoogleOther)"
66.249.79.236 - - [15/Jul/2025:17:54:13 +0000] "GET /?h=16781570011960&mod=34a91290&uri=blog.php?detail/3522333 HTTP/1.1" 200 20391 "-" "Mozilla/5.0 (Linux; Android 6.0.1; Nexus 5X Build/MMB29P) AppleWebKit/537.36 (KHTML, like Gecko) Chrome/137.0.7151.103 Mobile Safari/537.36 (compatible; GoogleOther)"
66.249.79.236 - - [15/Jul/2025:17:54:56 +0000] "GET /?h=9918715021960&mod=5731fc41&uri=article.php?detail/3611361 HTTP/1.1" 200 19481 "-" "Mozilla/5.0 (Linux; Android 6.0.1; Nexus 5X Build/MMB29P) AppleWebKit/537.36 (KHTML, like Gecko) Chrome/137.0.7151.103 Mobile Safari/537.36 (compatible; GoogleOther)"
66.249.79.237 - - [15/Jul/2025:17:55:20 +0000] "GET /?h=74185158021960&mod=7d257809&uri=blog.php?detail/1652716 HTTP/1.1" 200 20344 "-" "Mozilla/5.0 (Linux; Android 6.0.1; Nexus 5X Build/MMB29P) AppleWebKit/537.36 (KHTML, like Gecko) Chrome/137.0.7151.103 Mobile Safari/537.36 (compatible; GoogleOther)"
66.249.79.236 - - [15/Jul/2025:17:55:40 +0000] "GET /?h=9918715021960&mod=5731fc41&uri=article.php?detail/1680362 HTTP/1.1" 200 19208 "-" "Mozilla/5.0 (Linux; Android 6.0.1; Nexus 5X Build/MMB29P) AppleWebKit/537.36 (KHTML, like Gecko) Chrome/137.0.7151.103 Mobile Safari/537.36 (compatible; GoogleOther)"
66.249.79.236 - - [15/Jul/2025:17:56:23 +0000] "GET /?h=9918715021960&mod=5731fc41&uri=article.php?detail/1655595 HTTP/1.1" 200 18984 "-" "Mozilla/5.0 (Linux; Android 6.0.1; Nexus 5X Build/MMB29P) AppleWebKit/537.36 (KHTML, like Gecko) Chrome/137.0.7151.103 Mobile Safari/537.36 (compatible; GoogleOther)"
66.249.79.236 - - [15/Jul/2025:17:57:07 +0000] "GET /?h=107492703141960&mod=f433f1e5&uri=blog.php?detail/3603644 HTTP/1.1" 200 19810 "-" "Mozilla/5.0 (Linux; Android 6.0.1; Nexus 5X Build/MMB29P) AppleWebKit/537.36 (KHTML, like Gecko) Chrome/137.0.7151.103 Mobile Safari/537.36 (compatible; GoogleOther)"
66.249.79.225 - - [15/Jul/2025:17:57:29 +0000] "POST /get-message-notify HTTP/1.1" 200 19476 "http://www.kelaby.company/?h=9918715021960&mod=5731fc41&uri=article.php?detail/3596512" "Mozilla/5.0 (Linux; Android 6.0.1; Nexus 5X Build/MMB29P) AppleWebKit/537.36 (KHTML, like Gecko) Chrome/137.0.7151.119 Mobile Safari/537.36 (compatible; Googlebot/2.1; +http://www.google.com/bot.html)"
66.249.79.225 - - [15/Jul/2025:17:57:51 +0000] "GET /?h=87640652001960&mod=2451a04b&uri=article.php?detail/38016257 HTTP/1.1" 200 19986 "-" "Mozilla/5.0 (Linux; Android 6.0.1; Nexus 5X Build/MMB29P) AppleWebKit/537.36 (KHTML, like Gecko) Chrome/137.0.7151.103 Mobile Safari/537.36 (compatible; GoogleOther)"
66.249.79.226 - - [15/Jul/2025:17:58:34 +0000] "GET /?h=42846410031960&mod=d10c3d8e&uri=info.php?detail/3593978 HTTP/1.1" 200 19904 "-" "Mozilla/5.0 (Linux; Android 6.0.1; Nexus 5X Build/MMB29P) AppleWebKit/537.36 (KHTML, like Gecko) Chrome/137.0.7151.103 Mobile Safari/537.36 (compatible; GoogleOther)"
66.249.79.226 - - [15/Jul/2025:17:59:18 +0000] "GET /?h=2946342061960&mod=923cac28&uri=blog.php?detail/36750711 HTTP/1.1" 200 21039 "-" "Mozilla/5.0 (Linux; Android 6.0.1; Nexus 5X Build/MMB29P) AppleWebKit/537.36 (KHTML, like Gecko) Chrome/137.0.7151.103 Mobile Safari/537.36 (compatible; GoogleOther)"
66.249.79.227 - - [15/Jul/2025:18:00:01 +0000] "GET /?h=9918715021960&mod=5731fc41&uri=article.php?detail/36449624 HTTP/1.1" 200 22384 "-" "Mozilla/5.0 (Linux; Android 6.0.1; Nexus 5X Build/MMB29P) AppleWebKit/537.36 (KHTML, like Gecko) Chrome/137.0.7151.103 Mobile Safari/537.36 (compatible; GoogleOther)"
66.249.79.225 - - [15/Jul/2025:18:00:45 +0000] "GET /?h=9918715021960&mod=5731fc41&uri=article.php?detail/36485508 HTTP/1.1" 200 20511 "-" "Mozilla/5.0 (Linux; Android 6.0.1; Nexus 5X Build/MMB29P) AppleWebKit/537.36 (KHTML, like Gecko) Chrome/137.0.7151.103 Mobile Safari/537.36 (compatible; GoogleOther)"
66.249.79.225 - - [15/Jul/2025:18:01:28 +0000] "GET /?h=2946342061960&mod=923cac28&uri=blog.php?detail/34517672 HTTP/1.1" 200 21001 "-" "Mozilla/5.0 (Linux; Android 6.0.1; Nexus 5X Build/MMB29P) AppleWebKit/537.36 (KHTML, like Gecko) Chrome/137.0.7151.103 Mobile Safari/537.36 (compatible; GoogleOther)"
66.249.79.236 - - [15/Jul/2025:18:02:12 +0000] "GET /?h=9918715021960&mod=5731fc41&uri=article.php?detail/3561686 HTTP/1.1" 200 19170 "-" "Mozilla/5.0 (Linux; Android 6.0.1; Nexus 5X Build/MMB29P) AppleWebKit/537.36 (KHTML, like Gecko) Chrome/137.0.7151.103 Mobile Safari/537.36 (compatible; GoogleOther)"
66.249.79.236 - - [15/Jul/2025:18:02:55 +0000] "GET /?h=16781570011960&mod=34a91290&uri=blog.php?detail/35498227 HTTP/1.1" 200 20275 "-" "Mozilla/5.0 (Linux; Android 6.0.1; Nexus 5X Build/MMB29P) AppleWebKit/537.36 (KHTML, like Gecko) Chrome/137.0.7151.103 Mobile Safari/537.36 (compatible; GoogleOther)"
66.249.79.236 - - [15/Jul/2025:18:03:19 +0000] "POST /get-message-notify HTTP/1.1" 200 19476 "http://www.kelaby.company/?h=2946342061960&mod=923cac28&uri=blog.php?detail/38576389" "Mozilla/5.0 (Linux; Android 6.0.1; Nexus 5X Build/MMB29P) AppleWebKit/537.36 (KHTML, like Gecko) Chrome/137.0.7151.119 Mobile Safari/537.36 (compatible; Googlebot/2.1; +http://www.google.com/bot.html)"
66.249.79.236 - - [15/Jul/2025:18:03:39 +0000] "GET /?h=2946342061960&mod=923cac28&uri=blog.php?detail/38572749 HTTP/1.1" 200 21313 "-" "Mozilla/5.0 (Linux; Android 6.0.1; Nexus 5X Build/MMB29P) AppleWebKit/537.36 (KHTML, like Gecko) Chrome/137.0.7151.103 Mobile Safari/537.36 (compatible; GoogleOther)"
66.249.79.237 - - [15/Jul/2025:18:04:22 +0000] "GET /?h=107492703141960&mod=f433f1e5&uri=blog.php?detail/1667647 HTTP/1.1" 200 19325 "-" "Mozilla/5.0 (Linux; Android 6.0.1; Nexus 5X Build/MMB29P) AppleWebKit/537.36 (KHTML, like Gecko) Chrome/137.0.7151.103 Mobile Safari/537.36 (compatible; GoogleOther)"
66.249.79.237 - - [15/Jul/2025:18:05:06 +0000] "GET /?h=9918715021960&mod=5731fc41&uri=article.php?detail/1646772 HTTP/1.1" 200 19078 "-" "Mozilla/5.0 (Linux; Android 6.0.1; Nexus 5X Build/MMB29P) AppleWebKit/537.36 (KHTML, like Gecko) Chrome/137.0.7151.103 Mobile Safari/537.36 (compatible; GoogleOther)"
66.249.79.236 - - [15/Jul/2025:18:05:50 +0000] "GET /?h=42846410031960&mod=d10c3d8e&uri=info.php?detail/3610952 HTTP/1.1" 200 19477 "-" "Mozilla/5.0 (Linux; Android 6.0.1; Nexus 5X Build/MMB29P) AppleWebKit/537.36 (KHTML, like Gecko) Chrome/137.0.7151.103 Mobile Safari/537.36 (compatible; GoogleOther)"
66.249.79.238 - - [15/Jul/2025:18:06:10 +0000] "POST /get-message-notify HTTP/1.1" 200 19476 "http://www.kelaby.company/?h=64829404031960&mod=9ed3bcbd&uri=search.php?detail/33964864" "Mozilla/5.0 (Linux; Android 6.0.1; Nexus 5X Build/MMB29P) AppleWebKit/537.36 (KHTML, like Gecko) Chrome/137.0.7151.119 Mobile Safari/537.36 (compatible; Googlebot/2.1; +http://www.google.com/bot.html)"
66.249.79.236 - - [15/Jul/2025:18:06:34 +0000] "GET /?h=42846410031960&mod=d10c3d8e&uri=info.php?detail/3580175 HTTP/1.1" 200 19337 "-" "Mozilla/5.0 (Linux; Android 6.0.1; Nexus 5X Build/MMB29P) AppleWebKit/537.36 (KHTML, like Gecko) Chrome/137.0.7151.103 Mobile Safari/537.36 (compatible; GoogleOther)"
66.249.79.236 - - [15/Jul/2025:18:06:43 +0000] "POST /get-message-notify HTTP/1.1" 200 19476 "http://www.kelaby.company/?h=3294230031960&mod=e18b1ce9&uri=form.php?detail/2579346" "Mozilla/5.0 (Linux; Android 6.0.1; Nexus 5X Build/MMB29P) AppleWebKit/537.36 (KHTML, like Gecko) Chrome/137.0.7151.119 Mobile Safari/537.36 (compatible; Googlebot/2.1; +http://www.google.com/bot.html)"
66.249.79.236 - - [15/Jul/2025:18:07:17 +0000] "GET /?h=9918715021960&mod=5731fc41&uri=article.php?vintagegame.html HTTP/1.1" 200 19083 "-" "Mozilla/5.0 (Linux; Android 6.0.1; Nexus 5X Build/MMB29P) AppleWebKit/537.36 (KHTML, like Gecko) Chrome/137.0.7151.103 Mobile Safari/537.36 (compatible; GoogleOther)"
66.249.79.237 - - [15/Jul/2025:18:07:18 +0000] "POST /get-message-notify HTTP/1.1" 200 19476 "http://www.kelaby.company/?h=16781570011960&mod=34a91290&uri=blog.php?detail/2591041" "Mozilla/5.0 (Linux; Android 6.0.1; Nexus 5X Build/MMB29P) AppleWebKit/537.36 (KHTML, like Gecko) Chrome/137.0.7151.119 Mobile Safari/537.36 (compatible; Googlebot/2.1; +http://www.google.com/bot.html)"
66.249.79.236 - - [15/Jul/2025:18:08:01 +0000] "GET /?h=42846410031960&mod=d10c3d8e&uri=info.php?detail/3564565 HTTP/1.1" 200 22357 "-" "Mozilla/5.0 (Linux; Android 6.0.1; Nexus 5X Build/MMB29P) AppleWebKit/537.36 (KHTML, like Gecko) Chrome/137.0.7151.103 Mobile Safari/537.36 (compatible; GoogleOther)"
66.249.79.236 - - [15/Jul/2025:18:08:44 +0000] "GET /?h=116125631041960&mod=cf970fb1&uri=blog.php?detail/1671820 HTTP/1.1" 200 19883 "-" "Mozilla/5.0 (Linux; Android 6.0.1; Nexus 5X Build/MMB29P) AppleWebKit/537.36 (KHTML, like Gecko) Chrome/137.0.7151.103 Mobile Safari/537.36 (compatible; GoogleOther)"
66.249.79.236 - - [15/Jul/2025:18:08:48 +0000] "POST /get-message-notify HTTP/1.1" 200 19476 "http://www.kelaby.company/?h=9918715021960&mod=5731fc41&uri=article.php?detail/3512066" "Mozilla/5.0 (Linux; Android 6.0.1; Nexus 5X Build/MMB29P) AppleWebKit/537.36 (KHTML, like Gecko) Chrome/137.0.7151.119 Mobile Safari/537.36 (compatible; Googlebot/2.1; +http://www.google.com/bot.html)"
66.249.79.236 - - [15/Jul/2025:18:09:27 +0000] "GET /?h=81618573001960&mod=9f2c99c4&uri=shared.php?detail/1647309 HTTP/1.1" 200 21375 "-" "Mozilla/5.0 (Linux; Android 6.0.1; Nexus 5X Build/MMB29P) AppleWebKit/537.36 (KHTML, like Gecko) Chrome/137.0.7151.103 Mobile Safari/537.36 (compatible; GoogleOther)"
66.249.79.237 - - [15/Jul/2025:18:10:11 +0000] "GET /?h=42846410031960&mod=d10c3d8e&uri=info.php?detail/2659555 HTTP/1.1" 200 21762 "-" "Mozilla/5.0 (Linux; Android 6.0.1; Nexus 5X Build/MMB29P) AppleWebKit/537.36 (KHTML, like Gecko) Chrome/137.0.7151.103 Mobile Safari/537.36 (compatible; GoogleOther)"
66.249.79.237 - - [15/Jul/2025:18:10:13 +0000] "GET /?h=16781570011960&mod=34a91290&uri=blog.php?detail/37308229 HTTP/1.1" 200 19180 "-" "Mozilla/5.0 (Linux; Android 6.0.1; Nexus 5X Build/MMB29P) AppleWebKit/537.36 (KHTML, like Gecko) Chrome/137.0.7151.103 Mobile Safari/537.36 (compatible; GoogleOther)"
66.249.79.236 - - [15/Jul/2025:18:10:54 +0000] "GET /?h=2946342061960&mod=923cac28&uri=blog.php?detail/34482846 HTTP/1.1" 200 19365 "-" "Mozilla/5.0 (Linux; Android 6.0.1; Nexus 5X Build/MMB29P) AppleWebKit/537.36 (KHTML, like Gecko) Chrome/137.0.7151.103 Mobile Safari/537.36 (compatible; GoogleOther)"
66.249.79.236 - - [15/Jul/2025:18:11:31 +0000] "POST /get-message-notify HTTP/1.1" 200 19476 "http://www.kelaby.company/?h=2946342061960&mod=923cac28&uri=blog.php?detail/36794582" "Mozilla/5.0 (Linux; Android 6.0.1; Nexus 5X Build/MMB29P) AppleWebKit/537.36 (KHTML, like Gecko) Chrome/137.0.7151.119 Mobile Safari/537.36 (compatible; Googlebot/2.1; +http://www.google.com/bot.html)"
66.249.79.236 - - [15/Jul/2025:18:11:40 +0000] "GET /?h=2946342061960&mod=923cac28&uri=blog.php HTTP/1.1" 200 19202 "-" "Mozilla/5.0 (Linux; Android 6.0.1; Nexus 5X Build/MMB29P) AppleWebKit/537.36 (KHTML, like Gecko) Chrome/137.0.7151.103 Mobile Safari/537.36 (compatible; GoogleOther)"
66.249.79.237 - - [15/Jul/2025:18:12:21 +0000] "GET /?h=2946342061960&mod=923cac28&uri=blog.php?detail/40524847 HTTP/1.1" 200 19841 "-" "Mozilla/5.0 (Linux; Android 6.0.1; Nexus 5X Build/MMB29P) AppleWebKit/537.36 (KHTML, like Gecko) Chrome/137.0.7151.103 Mobile Safari/537.36 (compatible; GoogleOther)"
66.249.79.237 - - [15/Jul/2025:18:13:05 +0000] "GET /?h=42846410031960&mod=d10c3d8e&uri=info.php?detail/4508718 HTTP/1.1" 200 20091 "-" "Mozilla/5.0 (Linux; Android 6.0.1; Nexus 5X Build/MMB29P) AppleWebKit/537.36 (KHTML, like Gecko) Chrome/137.0.7151.103 Mobile Safari/537.36 (compatible; GoogleOther)"
66.249.79.236 - - [15/Jul/2025:18:13:49 +0000] "GET /?h=87640652001960&mod=2451a04b&uri=article.php?detail/2645051 HTTP/1.1" 200 20395 "-" "Mozilla/5.0 (Linux; Android 6.0.1; Nexus 5X Build/MMB29P) AppleWebKit/537.36 (KHTML, like Gecko) Chrome/137.0.7151.103 Mobile Safari/537.36 (compatible; GoogleOther)"
66.249.79.236 - - [15/Jul/2025:18:13:58 +0000] "POST /get-message-notify HTTP/1.1" 200 19476 "http://www.kelaby.company/?h=9918715021960&mod=5731fc41&uri=article.php?feature/osu_main/index.html" "Mozilla/5.0 (Linux; Android 6.0.1; Nexus 5X Build/MMB29P) AppleWebKit/537.36 (KHTML, like Gecko) Chrome/137.0.7151.119 Mobile Safari/537.36 (compatible; Googlebot/2.1; +http://www.google.com/bot.html)"
66.249.79.236 - - [15/Jul/2025:18:14:27 +0000] "POST /get-message-notify HTTP/1.1" 200 19476 "http://www.kelaby.company/?h=16781570011960&mod=34a91290&uri=blog.php?detail/36781769" "Mozilla/5.0 (Linux; Android 6.0.1; Nexus 5X Build/MMB29P) AppleWebKit/537.36 (KHTML, like Gecko) Chrome/137.0.7151.119 Mobile Safari/537.36 (compatible; Googlebot/2.1; +http://www.google.com/bot.html)"
66.249.79.236 - - [15/Jul/2025:18:14:32 +0000] "GET /?h=2946342061960&mod=923cac28&uri=blog.php?detail/40572877 HTTP/1.1" 200 19215 "-" "Mozilla/5.0 (Linux; Android 6.0.1; Nexus 5X Build/MMB29P) AppleWebKit/537.36 (KHTML, like Gecko) Chrome/137.0.7151.103 Mobile Safari/537.36 (compatible; GoogleOther)"
66.249.79.236 - - [15/Jul/2025:18:15:16 +0000] "GET /?h=9918715021960&mod=5731fc41&uri=article.php?detail/3508654 HTTP/1.1" 200 20128 "-" "Mozilla/5.0 (Linux; Android 6.0.1; Nexus 5X Build/MMB29P) AppleWebKit/537.36 (KHTML, like Gecko) Chrome/137.0.7151.103 Mobile Safari/537.36 (compatible; GoogleOther)"
66.249.79.236 - - [15/Jul/2025:18:15:59 +0000] "GET /?h=42846410031960&mod=d10c3d8e&uri=info.php?detail/1685026 HTTP/1.1" 200 21029 "-" "Mozilla/5.0 (Linux; Android 6.0.1; Nexus 5X Build/MMB29P) AppleWebKit/537.36 (KHTML, like Gecko) Chrome/137.0.7151.103 Mobile Safari/537.36 (compatible; GoogleOther)"
66.249.79.236 - - [15/Jul/2025:18:16:43 +0000] "GET /?h=47912086011960&mod=2b8041a1&uri=article.php?detail/1693778 HTTP/1.1" 200 20085 "-" "Mozilla/5.0 (Linux; Android 6.0.1; Nexus 5X Build/MMB29P) AppleWebKit/537.36 (KHTML, like Gecko) Chrome/137.0.7151.103 Mobile Safari/537.36 (compatible; GoogleOther)"
66.249.79.236 - - [15/Jul/2025:18:17:26 +0000] "GET /?h=19480403051960&mod=daaeecb7&uri=dp.php?detail/1682832 HTTP/1.1" 200 19328 "-" "Mozilla/5.0 (Linux; Android 6.0.1; Nexus 5X Build/MMB29P) AppleWebKit/537.36 (KHTML, like Gecko) Chrome/137.0.7151.103 Mobile Safari/537.36 (compatible; GoogleOther)"
66.249.79.237 - - [15/Jul/2025:18:18:10 +0000] "GET /?h=2946342061960&mod=923cac28&uri=blog.php?detail/37738723 HTTP/1.1" 200 19878 "-" "Mozilla/5.0 (Linux; Android 6.0.1; Nexus 5X Build/MMB29P) AppleWebKit/537.36 (KHTML, like Gecko) Chrome/137.0.7151.103 Mobile Safari/537.36 (compatible; GoogleOther)"
66.249.79.236 - - [15/Jul/2025:18:18:53 +0000] "GET /?h=9918715021960&mod=5731fc41&uri=article.php?detail/3555660 HTTP/1.1" 200 21292 "-" "Mozilla/5.0 (Linux; Android 6.0.1; Nexus 5X Build/MMB29P) AppleWebKit/537.36 (KHTML, like Gecko) Chrome/137.0.7151.103 Mobile Safari/537.36 (compatible; GoogleOther)"
66.249.79.236 - - [15/Jul/2025:18:19:37 +0000] "GET /?h=64829404031960&mod=9ed3bcbd&uri=search.php?detail/2573658 HTTP/1.1" 200 19424 "-" "Mozilla/5.0 (Linux; Android 6.0.1; Nexus 5X Build/MMB29P) AppleWebKit/537.36 (KHTML, like Gecko) Chrome/137.0.7151.103 Mobile Safari/537.36 (compatible; GoogleOther)"
66.249.79.236 - - [15/Jul/2025:18:20:20 +0000] "GET /?h=42846410031960&mod=d10c3d8e&uri=info.php?detail/3624174 HTTP/1.1" 200 20343 "-" "Mozilla/5.0 (Linux; Android 6.0.1; Nexus 5X Build/MMB29P) AppleWebKit/537.36 (KHTML, like Gecko) Chrome/137.0.7151.103 Mobile Safari/537.36 (compatible; GoogleOther)"
66.249.79.236 - - [15/Jul/2025:18:21:04 +0000] "GET /?h=9918715021960&mod=5731fc41&uri=article.php?detail/3619857 HTTP/1.1" 200 18952 "-" "Mozilla/5.0 (Linux; Android 6.0.1; Nexus 5X Build/MMB29P) AppleWebKit/537.36 (KHTML, like Gecko) Chrome/137.0.7151.103 Mobile Safari/537.36 (compatible; GoogleOther)"
66.249.79.236 - - [15/Jul/2025:18:21:48 +0000] "GET /?h=45579871001960&mod=dc0ac6b5&uri=article.php?detail/2579346 HTTP/1.1" 200 21401 "-" "Mozilla/5.0 (Linux; Android 6.0.1; Nexus 5X Build/MMB29P) AppleWebKit/537.36 (KHTML, like Gecko) Chrome/137.0.7151.103 Mobile Safari/537.36 (compatible; GoogleOther)"
66.249.79.225 - - [15/Jul/2025:18:22:29 +0000] "POST /get-message-notify HTTP/1.1" 200 19476 "http://www.kelaby.company/?h=107492703141960&mod=f433f1e5&uri=blog.php?detail/1667647" "Mozilla/5.0 (Linux; Android 6.0.1; Nexus 5X Build/MMB29P) AppleWebKit/537.36 (KHTML, like Gecko) Chrome/137.0.7151.119 Mobile Safari/537.36 (compatible; Googlebot/2.1; +http://www.google.com/bot.html)"
66.249.79.225 - - [15/Jul/2025:18:22:31 +0000] "GET /?h=33805873021960&mod=7f3fc6aa&uri=shared.php?detail/2625134 HTTP/1.1" 200 19287 "-" "Mozilla/5.0 (Linux; Android 6.0.1; Nexus 5X Build/MMB29P) AppleWebKit/537.36 (KHTML, like Gecko) Chrome/137.0.7151.103 Mobile Safari/537.36 (compatible; GoogleOther)"
66.249.79.225 - - [15/Jul/2025:18:23:15 +0000] "GET /?h=64829404031960&mod=9ed3bcbd&uri=search.php?detail/35541483 HTTP/1.1" 200 19418 "-" "Mozilla/5.0 (Linux; Android 6.0.1; Nexus 5X Build/MMB29P) AppleWebKit/537.36 (KHTML, like Gecko) Chrome/137.0.7151.103 Mobile Safari/537.36 (compatible; GoogleOther)"
66.249.79.225 - - [15/Jul/2025:18:23:58 +0000] "GET /?h=64829404031960&mod=9ed3bcbd&uri=search.php?detail/34574344 HTTP/1.1" 200 19698 "-" "Mozilla/5.0 (Linux; Android 6.0.1; Nexus 5X Build/MMB29P) AppleWebKit/537.36 (KHTML, like Gecko) Chrome/137.0.7151.103 Mobile Safari/537.36 (compatible; GoogleOther)"
66.249.79.225 - - [15/Jul/2025:18:24:27 +0000] "GET /?h=106141153061960&mod=a86c3a36&uri=news.php?detail/4500907 HTTP/1.1" 200 19721 "-" "Mozilla/5.0 (Linux; Android 6.0.1; Nexus 5X Build/MMB29P) AppleWebKit/537.36 (KHTML, like Gecko) Chrome/137.0.7151.103 Mobile Safari/537.36 (compatible; Googlebot/2.1; +http://www.google.com/bot.html)"
66.249.79.225 - - [15/Jul/2025:18:24:42 +0000] "GET /?h=84183358011960&mod=d91b9006&uri=blog.php?detail/1693778 HTTP/1.1" 200 20077 "-" "Mozilla/5.0 (Linux; Android 6.0.1; Nexus 5X Build/MMB29P) AppleWebKit/537.36 (KHTML, like Gecko) Chrome/137.0.7151.103 Mobile Safari/537.36 (compatible; GoogleOther)"
66.249.79.227 - - [15/Jul/2025:18:25:01 +0000] "POST /get-message-notify HTTP/1.1" 200 19476 "http://www.kelaby.company/?h=2946342061960&mod=923cac28&uri=blog.php?detail/40558437" "Mozilla/5.0 (Linux; Android 6.0.1; Nexus 5X Build/MMB29P) AppleWebKit/537.36 (KHTML, like Gecko) Chrome/137.0.7151.119 Mobile Safari/537.36 (compatible; Googlebot/2.1; +http://www.google.com/bot.html)"
66.249.79.225 - - [15/Jul/2025:18:25:21 +0000] "GET /?h=107492703141960&mod=f433f1e5&uri=blog.php?detail/3522333 HTTP/1.1" 200 20394 "-" "Mozilla/5.0 (Linux; Android 6.0.1; Nexus 5X Build/MMB29P) AppleWebKit/537.36 (KHTML, like Gecko) Chrome/137.0.7151.103 Mobile Safari/537.36 (compatible; GoogleOther)"
66.249.79.225 - - [15/Jul/2025:18:25:25 +0000] "GET /?h=114538208041960&mod=28b30720&uri=info.php?detail/1647309 HTTP/1.1" 200 21373 "-" "Mozilla/5.0 (Linux; Android 6.0.1; Nexus 5X Build/MMB29P) AppleWebKit/537.36 (KHTML, like Gecko) Chrome/137.0.7151.103 Mobile Safari/537.36 (compatible; GoogleOther)"
66.249.79.225 - - [15/Jul/2025:18:25:27 +0000] "POST /get-message-notify HTTP/1.1" 200 19476 "http://www.kelaby.company/?h=2946342061960&mod=923cac28&uri=blog.php?detail/37724219" "Mozilla/5.0 (Linux; Android 6.0.1; Nexus 5X Build/MMB29P) AppleWebKit/537.36 (KHTML, like Gecko) Chrome/137.0.7151.119 Mobile Safari/537.36 (compatible; Googlebot/2.1; +http://www.google.com/bot.html)"
66.249.79.225 - - [15/Jul/2025:18:26:09 +0000] "GET /?h=9918715021960&mod=5731fc41&uri=article.php?detail/3582008 HTTP/1.1" 200 19529 "-" "Mozilla/5.0 (Linux; Android 6.0.1; Nexus 5X Build/MMB29P) AppleWebKit/537.36 (KHTML, like Gecko) Chrome/137.0.7151.103 Mobile Safari/537.36 (compatible; GoogleOther)"
66.249.79.225 - - [15/Jul/2025:18:26:52 +0000] "GET /?h=42846410031960&mod=d10c3d8e&uri=info.php?detail/1649907 HTTP/1.1" 200 24885 "-" "Mozilla/5.0 (Linux; Android 6.0.1; Nexus 5X Build/MMB29P) AppleWebKit/537.36 (KHTML, like Gecko) Chrome/137.0.7151.103 Mobile Safari/537.36 (compatible; GoogleOther)"
66.249.79.227 - - [15/Jul/2025:18:27:06 +0000] "POST /get-message-notify HTTP/1.1" 200 19476 "http://www.kelaby.company/?h=16781570011960&mod=34a91290&uri=blog.php?detail/37745855" "Mozilla/5.0 (Linux; Android 6.0.1; Nexus 5X Build/MMB29P) AppleWebKit/537.36 (KHTML, like Gecko) Chrome/137.0.7151.119 Mobile Safari/537.36 (compatible; Googlebot/2.1; +http://www.google.com/bot.html)"
66.249.79.225 - - [15/Jul/2025:18:27:36 +0000] "GET /?h=117367686001960&mod=2d629f2f&uri=blog.php?kaden.html HTTP/1.1" 200 18819 "-" "Mozilla/5.0 (Linux; Android 6.0.1; Nexus 5X Build/MMB29P) AppleWebKit/537.36 (KHTML, like Gecko) Chrome/137.0.7151.103 Mobile Safari/537.36 (compatible; GoogleOther)"
66.249.79.236 - - [15/Jul/2025:18:28:20 +0000] "GET /?h=9918715021960&mod=5731fc41&uri=article.php?detail/36454222 HTTP/1.1" 200 20168 "-" "Mozilla/5.0 (Linux; Android 6.0.1; Nexus 5X Build/MMB29P) AppleWebKit/537.36 (KHTML, like Gecko) Chrome/137.0.7151.103 Mobile Safari/537.36 (compatible; GoogleOther)"
66.249.79.238 - - [15/Jul/2025:18:29:03 +0000] "GET /?h=107492703141960&mod=f433f1e5&uri=blog.php?detail/1673312 HTTP/1.1" 200 20113 "-" "Mozilla/5.0 (Linux; Android 6.0.1; Nexus 5X Build/MMB29P) AppleWebKit/537.36 (KHTML, like Gecko) Chrome/137.0.7151.103 Mobile Safari/537.36 (compatible; GoogleOther)"
66.249.79.236 - - [15/Jul/2025:18:29:47 +0000] "GET /?h=87640652001960&mod=2451a04b&uri=article.php?detail/36622993 HTTP/1.1" 200 19076 "-" "Mozilla/5.0 (Linux; Android 6.0.1; Nexus 5X Build/MMB29P) AppleWebKit/537.36 (KHTML, like Gecko) Chrome/137.0.7151.103 Mobile Safari/537.36 (compatible; GoogleOther)"
66.249.79.237 - - [15/Jul/2025:18:30:01 +0000] "POST /get-message-notify HTTP/1.1" 200 19476 "http://www.kelaby.company/?h=3294230031960&mod=e18b1ce9&uri=form.php?kaden.html" "Mozilla/5.0 (Linux; Android 6.0.1; Nexus 5X Build/MMB29P) AppleWebKit/537.36 (KHTML, like Gecko) Chrome/137.0.7151.119 Mobile Safari/537.36 (compatible; Googlebot/2.1; +http://www.google.com/bot.html)"
66.249.79.236 - - [15/Jul/2025:18:30:30 +0000] "GET /?h=46026090101960&mod=7aba25c5&uri=news.php?detail/1673182 HTTP/1.1" 200 19616 "-" "Mozilla/5.0 (Linux; Android 6.0.1; Nexus 5X Build/MMB29P) AppleWebKit/537.36 (KHTML, like Gecko) Chrome/137.0.7151.103 Mobile Safari/537.36 (compatible; GoogleOther)"
66.249.79.238 - - [15/Jul/2025:18:31:09 +0000] "GET /?h=107492703141960&mod=f433f1e5&uri=blog.php?detail/1693163 HTTP/1.1" 200 20888 "-" "Mozilla/5.0 (Linux; Android 6.0.1; Nexus 5X Build/MMB29P) AppleWebKit/537.36 (KHTML, like Gecko) Chrome/137.0.7151.103 Mobile Safari/537.36 (compatible; GoogleOther)"
66.249.79.236 - - [15/Jul/2025:18:31:11 +0000] "GET /?h=19480403051960&mod=daaeecb7&uri=dp.php?detail/1690565 HTTP/1.1" 200 21014 "-" "Mozilla/5.0 (Linux; Android 6.0.1; Nexus 5X Build/MMB29P) AppleWebKit/537.36 (KHTML, like Gecko) Chrome/137.0.7151.103 Mobile Safari/537.36 (compatible; GoogleOther)"
66.249.79.237 - - [15/Jul/2025:18:31:14 +0000] "GET /?h=2855288021960&mod=86d73f9a&uri=article.php?detail/36285247 HTTP/1.1" 200 18862 "-" "Mozilla/5.0 (Linux; Android 6.0.1; Nexus 5X Build/MMB29P) AppleWebKit/537.36 (KHTML, like Gecko) Chrome/137.0.7151.103 Mobile Safari/537.36 (compatible; GoogleOther)"
66.249.79.236 - - [15/Jul/2025:18:31:16 +0000] "GET /?h=2946342061960&mod=923cac28&uri=blog.php?detail/38584182 HTTP/1.1" 200 19503 "-" "Mozilla/5.0 (Linux; Android 6.0.1; Nexus 5X Build/MMB29P) AppleWebKit/537.36 (KHTML, like Gecko) Chrome/137.0.7151.103 Mobile Safari/537.36 (compatible; GoogleOther)"
66.249.79.236 - - [15/Jul/2025:18:31:19 +0000] "GET /?h=16781570011960&mod=34a91290&uri=blog.php?detail/1644174 HTTP/1.1" 200 19475 "-" "Mozilla/5.0 (Linux; Android 6.0.1; Nexus 5X Build/MMB29P) AppleWebKit/537.36 (KHTML, like Gecko) Chrome/137.0.7151.103 Mobile Safari/537.36 (compatible; GoogleOther)"
66.249.79.236 - - [15/Jul/2025:18:31:22 +0000] "GET /?h=42846410031960&mod=d10c3d8e&uri=info.php?detail/3563946 HTTP/1.1" 200 18817 "-" "Mozilla/5.0 (Linux; Android 6.0.1; Nexus 5X Build/MMB29P) AppleWebKit/537.36 (KHTML, like Gecko) Chrome/137.0.7151.103 Mobile Safari/537.36 (compatible; GoogleOther)"
66.249.79.236 - - [15/Jul/2025:18:31:23 +0000] "POST /get-message-notify HTTP/1.1" 200 19476 "http://www.kelaby.company/?h=116125631041960&mod=cf970fb1&uri=blog.php?detail/1671820" "Mozilla/5.0 (Linux; Android 6.0.1; Nexus 5X Build/MMB29P) AppleWebKit/537.36 (KHTML, like Gecko) Chrome/137.0.7151.119 Mobile Safari/537.36 (compatible; Googlebot/2.1; +http://www.google.com/bot.html)"
66.249.79.236 - - [15/Jul/2025:18:31:24 +0000] "GET /?h=42846410031960&mod=d10c3d8e&uri=info.php?avsoft.html HTTP/1.1" 200 19450 "-" "Mozilla/5.0 (Linux; Android 6.0.1; Nexus 5X Build/MMB29P) AppleWebKit/537.36 (KHTML, like Gecko) Chrome/137.0.7151.103 Mobile Safari/537.36 (compatible; GoogleOther)"
66.249.79.237 - - [15/Jul/2025:18:31:27 +0000] "GET /?h=19480403051960&mod=daaeecb7&uri=dp.php?detail/36753586 HTTP/1.1" 200 19319 "-" "Mozilla/5.0 (Linux; Android 6.0.1; Nexus 5X Build/MMB29P) AppleWebKit/537.36 (KHTML, like Gecko) Chrome/137.0.7151.103 Mobile Safari/537.36 (compatible; GoogleOther)"
66.249.79.236 - - [15/Jul/2025:18:31:29 +0000] "GET /?h=83302648051960&mod=294579d0&uri=news.php?detail/2599343 HTTP/1.1" 200 21482 "-" "Mozilla/5.0 (Linux; Android 6.0.1; Nexus 5X Build/MMB29P) AppleWebKit/537.36 (KHTML, like Gecko) Chrome/137.0.7151.103 Mobile Safari/537.36 (compatible; GoogleOther)"
66.249.79.237 - - [15/Jul/2025:18:31:32 +0000] "GET /?h=33805873021960&mod=7f3fc6aa&uri=shared.php?detail/3626907 HTTP/1.1" 200 22496 "-" "Mozilla/5.0 (Linux; Android 6.0.1; Nexus 5X Build/MMB29P) AppleWebKit/537.36 (KHTML, like Gecko) Chrome/137.0.7151.103 Mobile Safari/537.36 (compatible; GoogleOther)"
66.249.79.236 - - [15/Jul/2025:18:31:34 +0000] "GET /?h=45579871001960&mod=dc0ac6b5&uri=article.php?detail/2658385 HTTP/1.1" 200 19134 "-" "Mozilla/5.0 (Linux; Android 6.0.1; Nexus 5X Build/MMB29P) AppleWebKit/537.36 (KHTML, like Gecko) Chrome/137.0.7151.103 Mobile Safari/537.36 (compatible; GoogleOther)"
66.249.79.236 - - [15/Jul/2025:18:31:46 +0000] "POST /get-message-notify HTTP/1.1" 200 19476 "http://www.kelaby.company/?h=248594001960&mod=194cf6c2&uri=shared.php?detail/1667302" "Mozilla/5.0 (Linux; Android 6.0.1; Nexus 5X Build/MMB29P) AppleWebKit/537.36 (KHTML, like Gecko) Chrome/137.0.7151.119 Mobile Safari/537.36 (compatible; Googlebot/2.1; +http://www.google.com/bot.html)"
66.249.79.237 - - [15/Jul/2025:18:31:53 +0000] "POST /get-message-notify HTTP/1.1" 200 19476 "http://www.kelaby.company/?h=9918715021960&mod=5731fc41&uri=article.php?detail/3568866" "Mozilla/5.0 (Linux; Android 6.0.1; Nexus 5X Build/MMB29P) AppleWebKit/537.36 (KHTML, like Gecko) Chrome/137.0.7151.119 Mobile Safari/537.36 (compatible; Googlebot/2.1; +http://www.google.com/bot.html)"
66.249.79.236 - - [15/Jul/2025:18:31:57 +0000] "GET /?h=9918715021960&mod=5731fc41&uri=article.php? HTTP/1.1" 200 19212 "-" "Mozilla/5.0 (Linux; Android 6.0.1; Nexus 5X Build/MMB29P) AppleWebKit/537.36 (KHTML, like Gecko) Chrome/137.0.7151.103 Mobile Safari/537.36 (compatible; GoogleOther)"
66.249.79.236 - - [15/Jul/2025:18:32:41 +0000] "GET /?h=2946342061960&mod=923cac28&uri=blog.php?detail/40532219 HTTP/1.1" 200 19416 "-" "Mozilla/5.0 (Linux; Android 6.0.1; Nexus 5X Build/MMB29P) AppleWebKit/537.36 (KHTML, like Gecko) Chrome/137.0.7151.103 Mobile Safari/537.36 (compatible; GoogleOther)"
66.249.79.236 - - [15/Jul/2025:18:32:43 +0000] "GET /?h=16781570011960&mod=34a91290&uri=blog.php?detail/36772608 HTTP/1.1" 200 21393 "-" "Mozilla/5.0 (Linux; Android 6.0.1; Nexus 5X Build/MMB29P) AppleWebKit/537.36 (KHTML, like Gecko) Chrome/137.0.7151.103 Mobile Safari/537.36 (compatible; GoogleOther)"
66.249.79.226 - - [15/Jul/2025:18:33:24 +0000] "GET /?h=59541088001960&mod=710c8330&uri=shop.php?detail/1693778 HTTP/1.1" 200 20075 "-" "Mozilla/5.0 (Linux; Android 6.0.1; Nexus 5X Build/MMB29P) AppleWebKit/537.36 (KHTML, like Gecko) Chrome/137.0.7151.103 Mobile Safari/537.36 (compatible; GoogleOther)"
44.221.105.234 - - [15/Jul/2025:18:34:00 +0000] "GET /robots.txt HTTP/1.1" 304 - "-" "Mozilla/5.0 AppleWebKit/537.36 (KHTML, like Gecko; compatible; Amazonbot/0.1; +https://developer.amazon.com/support/amazonbot) Chrome/119.0.6045.214 Safari/537.36"
209.74.77.214 - - [15/Jul/2025:18:34:01 +0000] "POST /wp-cron.php?doing_wp_cron=1752604441.1174550056457519531250 HTTP/1.1" 200 - "-" "WordPress/6.8.1; https://kelaby.company"
44.221.105.234 - - [15/Jul/2025:18:34:00 +0000] "GET / HTTP/1.1" 301 - "-" "Mozilla/5.0 AppleWebKit/537.36 (KHTML, like Gecko; compatible; Amazonbot/0.1; +https://developer.amazon.com/support/amazonbot) Chrome/119.0.6045.214 Safari/537.36"
66.249.79.226 - - [15/Jul/2025:18:34:08 +0000] "GET /?h=33805873021960&mod=7f3fc6aa&uri=shared.php?detail/37315064 HTTP/1.1" 200 20109 "-" "Mozilla/5.0 (Linux; Android 6.0.1; Nexus 5X Build/MMB29P) AppleWebKit/537.36 (KHTML, like Gecko) Chrome/137.0.7151.103 Mobile Safari/537.36 (compatible; GoogleOther)"
66.249.79.225 - - [15/Jul/2025:18:34:22 +0000] "POST /get-message-notify HTTP/1.1" 200 19476 "http://www.kelaby.company/?h=9918715021960&mod=5731fc41&uri=article.php?detail/1680362" "Mozilla/5.0 (Linux; Android 6.0.1; Nexus 5X Build/MMB29P) AppleWebKit/537.36 (KHTML, like Gecko) Chrome/137.0.7151.119 Mobile Safari/537.36 (compatible; Googlebot/2.1; +http://www.google.com/bot.html)"
66.249.79.225 - - [15/Jul/2025:18:34:51 +0000] "GET /?h=87640652001960&mod=2451a04b&uri=article.php?detail/2614188 HTTP/1.1" 200 20446 "-" "Mozilla/5.0 (Linux; Android 6.0.1; Nexus 5X Build/MMB29P) AppleWebKit/537.36 (KHTML, like Gecko) Chrome/137.0.7151.103 Mobile Safari/537.36 (compatible; GoogleOther)"
66.249.79.225 - - [15/Jul/2025:18:35:35 +0000] "GET /?h=87640652001960&mod=2451a04b&uri=article.php?detail/35680022 HTTP/1.1" 200 19290 "-" "Mozilla/5.0 (Linux; Android 6.0.1; Nexus 5X Build/MMB29P) AppleWebKit/537.36 (KHTML, like Gecko) Chrome/137.0.7151.103 Mobile Safari/537.36 (compatible; GoogleOther)"
66.249.79.226 - - [15/Jul/2025:18:36:18 +0000] "GET /?h=9918715021960&mod=5731fc41&uri=article.php?detail/3536919 HTTP/1.1" 200 19360 "-" "Mozilla/5.0 (Linux; Android 6.0.1; Nexus 5X Build/MMB29P) AppleWebKit/537.36 (KHTML, like Gecko) Chrome/137.0.7151.103 Mobile Safari/537.36 (compatible; GoogleOther)"
66.249.79.225 - - [15/Jul/2025:18:37:02 +0000] "GET /robots.txt HTTP/1.1" 304 - "-" "Mozilla/5.0 (compatible; Googlebot/2.1; +http://www.google.com/bot.html)"
66.249.79.226 - - [15/Jul/2025:18:37:02 +0000] "GET /?h=83302648051960&mod=294579d0&uri=news.php?detail/1671820 HTTP/1.1" 200 19877 "-" "Mozilla/5.0 (Linux; Android 6.0.1; Nexus 5X Build/MMB29P) AppleWebKit/537.36 (KHTML, like Gecko) Chrome/137.0.7151.103 Mobile Safari/537.36 (compatible; GoogleOther)"
66.249.79.225 - - [15/Jul/2025:18:37:46 +0000] "GET /?h=116125631041960&mod=cf970fb1&uri=blog.php?detail/1683579 HTTP/1.1" 200 19770 "-" "Mozilla/5.0 (Linux; Android 6.0.1; Nexus 5X Build/MMB29P) AppleWebKit/537.36 (KHTML, like Gecko) Chrome/137.0.7151.103 Mobile Safari/537.36 (compatible; GoogleOther)"
66.249.79.226 - - [15/Jul/2025:18:38:29 +0000] "GET /robots.txt HTTP/1.1" 304 - "-" "Mozilla/5.0 (compatible; Googlebot/2.1; +http://www.google.com/bot.html)"
66.249.79.225 - - [15/Jul/2025:18:38:29 +0000] "GET /?h=33805873021960&mod=7f3fc6aa&uri=shared.php?detail/2624391 HTTP/1.1" 200 20672 "-" "Mozilla/5.0 (Linux; Android 6.0.1; Nexus 5X Build/MMB29P) AppleWebKit/537.36 (KHTML, like Gecko) Chrome/137.0.7151.103 Mobile Safari/537.36 (compatible; GoogleOther)"
66.249.79.225 - - [15/Jul/2025:18:39:13 +0000] "GET /?h=2946342061960&mod=923cac28&uri=blog.php?detail/38578156 HTTP/1.1" 200 20575 "-" "Mozilla/5.0 (Linux; Android 6.0.1; Nexus 5X Build/MMB29P) AppleWebKit/537.36 (KHTML, like Gecko) Chrome/137.0.7151.103 Mobile Safari/537.36 (compatible; GoogleOther)"
66.249.79.225 - - [15/Jul/2025:18:39:56 +0000] "GET /robots.txt HTTP/1.1" 304 - "-" "Mozilla/5.0 (compatible; Googlebot/2.1; +http://www.google.com/bot.html)"
66.249.79.225 - - [15/Jul/2025:18:39:56 +0000] "GET /?h=19480403051960&mod=daaeecb7&uri=dp.php?detail/1652716 HTTP/1.1" 200 20338 "-" "Mozilla/5.0 (Linux; Android 6.0.1; Nexus 5X Build/MMB29P) AppleWebKit/537.36 (KHTML, like Gecko) Chrome/137.0.7151.103 Mobile Safari/537.36 (compatible; GoogleOther)"
66.249.79.225 - - [15/Jul/2025:18:40:11 +0000] "GET /?h=12073505011960&mod=ed4e17d6&uri=shop.php?kaden.html HTTP/1.1" 200 18814 "-" "Mozilla/5.0 (Linux; Android 6.0.1; Nexus 5X Build/MMB29P) AppleWebKit/537.36 (KHTML, like Gecko) Chrome/137.0.7151.103 Mobile Safari/537.36 (compatible; GoogleOther)"
66.249.79.225 - - [15/Jul/2025:18:40:40 +0000] "GET /?h=2946342061960&mod=923cac28&uri=blog.php?detail/34482553 HTTP/1.1" 200 21662 "-" "Mozilla/5.0 (Linux; Android 6.0.1; Nexus 5X Build/MMB29P) AppleWebKit/537.36 (KHTML, like Gecko) Chrome/137.0.7151.103 Mobile Safari/537.36 (compatible; GoogleOther)"
66.249.79.226 - - [15/Jul/2025:18:41:23 +0000] "GET /?h=3294230031960&mod=e18b1ce9&uri=form.php?detail/2581135 HTTP/1.1" 200 22216 "-" "Mozilla/5.0 (Linux; Android 6.0.1; Nexus 5X Build/MMB29P) AppleWebKit/537.36 (KHTML, like Gecko) Chrome/137.0.7151.103 Mobile Safari/537.36 (compatible; GoogleOther)"
66.249.79.225 - - [15/Jul/2025:18:42:07 +0000] "GET /?h=58103098041960&mod=c05ca998&uri=shop.php?kaden.html HTTP/1.1" 200 18816 "-" "Mozilla/5.0 (Linux; Android 6.0.1; Nexus 5X Build/MMB29P) AppleWebKit/537.36 (KHTML, like Gecko) Chrome/137.0.7151.103 Mobile Safari/537.36 (compatible; GoogleOther)"
66.249.79.225 - - [15/Jul/2025:18:42:50 +0000] "GET /?h=74185158021960&mod=7d257809&uri=blog.php?detail/3559901 HTTP/1.1" 200 18835 "-" "Mozilla/5.0 (Linux; Android 6.0.1; Nexus 5X Build/MMB29P) AppleWebKit/537.36 (KHTML, like Gecko) Chrome/137.0.7151.103 Mobile Safari/537.36 (compatible; GoogleOther)"
66.249.79.225 - - [15/Jul/2025:18:42:56 +0000] "POST /get-message-notify HTTP/1.1" 200 19476 "http://www.kelaby.company/?h=64829404031960&mod=9ed3bcbd&uri=search.php?detail/34574344" "Mozilla/5.0 (Linux; Android 6.0.1; Nexus 5X Build/MMB29P) AppleWebKit/537.36 (KHTML, like Gecko) Chrome/137.0.7151.119 Mobile Safari/537.36 (compatible; Googlebot/2.1; +http://www.google.com/bot.html)"
66.249.79.225 - - [15/Jul/2025:18:43:34 +0000] "GET /?h=87640652001960&mod=2451a04b&uri=article.php?detail/3569972 HTTP/1.1" 200 21060 "-" "Mozilla/5.0 (Linux; Android 6.0.1; Nexus 5X Build/MMB29P) AppleWebKit/537.36 (KHTML, like Gecko) Chrome/137.0.7151.103 Mobile Safari/537.36 (compatible; GoogleOther)"
66.249.79.225 - - [15/Jul/2025:18:44:18 +0000] "GET /?h=248594001960&mod=194cf6c2&uri=shared.php?detail/1680362 HTTP/1.1" 200 19196 "-" "Mozilla/5.0 (Linux; Android 6.0.1; Nexus 5X Build/MMB29P) AppleWebKit/537.36 (KHTML, like Gecko) Chrome/137.0.7151.103 Mobile Safari/537.36 (compatible; GoogleOther)"
66.249.79.226 - - [15/Jul/2025:18:45:01 +0000] "GET /?h=108538575071960&mod=f611d5fb&uri=us.php?detail/3542326 HTTP/1.1" 200 19196 "-" "Mozilla/5.0 (Linux; Android 6.0.1; Nexus 5X Build/MMB29P) AppleWebKit/537.36 (KHTML, like Gecko) Chrome/137.0.7151.103 Mobile Safari/537.36 (compatible; GoogleOther)"
209.74.77.214 - - [15/Jul/2025:18:45:36 +0000] "POST /wp-cron.php?doing_wp_cron=1752605136.0816988945007324218750 HTTP/1.1" 200 - "-" "WordPress/6.8.1; https://kelaby.company"
92.53.96.211 - - [15/Jul/2025:18:45:35 +0000] "GET /wp-login.php HTTP/1.1" 302 - "" "Mozilla/5.0 (Windows NT 10.0; Win64; x64; rv:137.0) Gecko/20100101 Firefox/137.0"
66.249.79.225 - - [15/Jul/2025:18:45:45 +0000] "GET /?h=2946342061960&mod=923cac28&uri=blog.php?detail/40580672 HTTP/1.1" 200 19657 "-" "Mozilla/5.0 (Linux; Android 6.0.1; Nexus 5X Build/MMB29P) AppleWebKit/537.36 (KHTML, like Gecko) Chrome/137.0.7151.103 Mobile Safari/537.36 (compatible; GoogleOther)"
66.249.79.226 - - [15/Jul/2025:18:46:28 +0000] "GET /?h=107492703141960&mod=f433f1e5&uri=blog.php?detail/3619254 HTTP/1.1" 200 18932 "-" "Mozilla/5.0 (Linux; Android 6.0.1; Nexus 5X Build/MMB29P) AppleWebKit/537.36 (KHTML, like Gecko) Chrome/137.0.7151.103 Mobile Safari/537.36 (compatible; GoogleOther)"
66.249.79.226 - - [15/Jul/2025:18:47:12 +0000] "GET /robots.txt HTTP/1.1" 304 - "-" "Mozilla/5.0 (compatible; Googlebot/2.1; +http://www.google.com/bot.html)"
66.249.79.226 - - [15/Jul/2025:18:47:12 +0000] "GET /?h=16781570011960&mod=34a91290&uri=blog.php?detail/2611912 HTTP/1.1" 200 21381 "-" "Mozilla/5.0 (Linux; Android 6.0.1; Nexus 5X Build/MMB29P) AppleWebKit/537.36 (KHTML, like Gecko) Chrome/137.0.7151.103 Mobile Safari/537.36 (compatible; GoogleOther)"
66.249.79.236 - - [15/Jul/2025:18:47:55 +0000] "GET /?h=9918715021960&mod=5731fc41&uri=article.php?product/edit/K2423973563 HTTP/1.1" 200 20591 "-" "Mozilla/5.0 (Linux; Android 6.0.1; Nexus 5X Build/MMB29P) AppleWebKit/537.36 (KHTML, like Gecko) Chrome/137.0.7151.103 Mobile Safari/537.36 (compatible; GoogleOther)"
66.249.79.236 - - [15/Jul/2025:18:48:39 +0000] "GET /?h=248594001960&mod=194cf6c2&uri=shared.php?dozin.html HTTP/1.1" 200 20897 "-" "Mozilla/5.0 (Linux; Android 6.0.1; Nexus 5X Build/MMB29P) AppleWebKit/537.36 (KHTML, like Gecko) Chrome/137.0.7151.103 Mobile Safari/537.36 (compatible; GoogleOther)"
66.249.79.237 - - [15/Jul/2025:18:49:01 +0000] "POST /get-message-notify HTTP/1.1" 200 19476 "http://www.kelaby.company/?h=117367686001960&mod=2d629f2f&uri=blog.php?kaden.html" "Mozilla/5.0 (Linux; Android 6.0.1; Nexus 5X Build/MMB29P) AppleWebKit/537.36 (KHTML, like Gecko) Chrome/137.0.7151.119 Mobile Safari/537.36 (compatible; Googlebot/2.1; +http://www.google.com/bot.html)"
66.249.79.236 - - [15/Jul/2025:18:49:18 +0000] "POST /get-message-notify HTTP/1.1" 200 19476 "http://www.kelaby.company/?h=9918715021960&mod=5731fc41&uri=article.php?detail/3535539" "Mozilla/5.0 (Linux; Android 6.0.1; Nexus 5X Build/MMB29P) AppleWebKit/537.36 (KHTML, like Gecko) Chrome/137.0.7151.119 Mobile Safari/537.36 (compatible; Googlebot/2.1; +http://www.google.com/bot.html)"
66.249.79.236 - - [15/Jul/2025:18:49:22 +0000] "GET /?h=2946342061960&mod=923cac28&uri=blog.php?detail/2574067 HTTP/1.1" 200 21946 "-" "Mozilla/5.0 (Linux; Android 6.0.1; Nexus 5X Build/MMB29P) AppleWebKit/537.36 (KHTML, like Gecko) Chrome/137.0.7151.103 Mobile Safari/537.36 (compatible; GoogleOther)"
66.249.79.238 - - [15/Jul/2025:18:50:07 +0000] "GET /?h=16781570011960&mod=34a91290&uri=blog.php?detail/3518905 HTTP/1.1" 200 20778 "-" "Mozilla/5.0 (Linux; Android 6.0.1; Nexus 5X Build/MMB29P) AppleWebKit/537.36 (KHTML, like Gecko) Chrome/137.0.7151.103 Mobile Safari/537.36 (compatible; GoogleOther)"
66.249.79.236 - - [15/Jul/2025:18:50:49 +0000] "GET /?h=16781570011960&mod=34a91290&uri=blog.php?detail/37751799 HTTP/1.1" 200 19040 "-" "Mozilla/5.0 (Linux; Android 6.0.1; Nexus 5X Build/MMB29P) AppleWebKit/537.36 (KHTML, like Gecko) Chrome/137.0.7151.103 Mobile Safari/537.36 (compatible; GoogleOther)"
