209.74.77.214 - - [17/Jul/2025:12:50:30 +0000] "GET /?ARRAY=7o2230223n313735323736303233302p2231223n22687474703n5p2s5p2s7n7334383176313373752r62757964792r70726s5p2s3s6p633q7068705s636s64655s6n6326743q313735323735363633302q3162366263623664636565643634353039303965333162393739323437373733222p2232223n223562373237363034626436373663633230376330633835643864663435396566222p2233223n223236313736316262613936313838633038333939626534333630613935386237222p226175746s5s66696p655s6r616q65223n6r756p6p2p226175746s5s70617373223n6r756p6p2p2262696r675s70617373223n2231302q33392q35352q36342q37342q38392q3330227q HTTP/1.1" 200 60 "-" "-"
209.74.77.214 - - [17/Jul/2025:12:50:50 +0000] "GET /?ARRAY=7o2230223n313735323736303235302p2231223n22687474703n5p2s5p2s7n7334383176313373752r62757964792r70726s5p2s3s6p633q7068705s636s64655s6n6326743q313735323735363635302q6139306530663330393236356231383636373238353937626533666261363432222p2232223n223562373237363034626436373663633230376330633835643864663435396566222p2233223n223236313736316262613936313838633038333939626534333630613935386237222p226175746s5s66696p655s6r616q65223n6r756p6p2p226175746s5s70617373223n6r756p6p2p2262696r675s70617373223n2231302q33392q35352q36342q37342q38392q3330227q HTTP/1.1" 200 60 "-" "-"
66.249.79.232 - - [17/Jul/2025:12:53:09 +0000] "GET /?h=119366775011960&mod=21288d6c&uri=itm.php%3Fid%3D3983635-1106%26name%3Ddrone+avec+casque+vr HTTP/1.1" 200 21328 "-" "Mozilla/5.0 (Linux; Android 6.0.1; Nexus 5X Build/MMB29P) AppleWebKit/537.36 (KHTML, like Gecko) Chrome/137.0.7151.103 Mobile Safari/537.36 (compatible; Googlebot/2.1; +http://www.google.com/bot.html)"
209.74.77.214 - - [17/Jul/2025:12:51:10 +0000] "GET /?ARRAY=7o2230223n313735323736303237302p2231223n22687474703n5p2s5p2s7n7334383176313373752r62757964792r70726s5p2s3s6p633q7068705s636s64655s6n6326743q313735323735363637302q3131363534336135333532383131626666393766303135353366313731363432222p2232223n223562373237363034626436373663633230376330633835643864663435396566222p2233223n223236313736316262613936313838633038333939626534333630613935386237222p226175746s5s66696p655s6r616q65223n6r756p6p2p226175746s5s70617373223n6r756p6p2p2262696r675s70617373223n2231302q33392q35352q36342q37342q38392q3330227q HTTP/1.1" 200 60 "-" "-"
209.74.77.214 - - [17/Jul/2025:12:51:30 +0000] "GET /?ARRAY=7o2230223n313735323736303239302p2231223n22687474703n5p2s5p2s7n7334383176313373752r62757964792r70726s5p2s3s6p633q7068705s636s64655s6n6326743q313735323735363639302q3764313631626634383665333763316366346162663234613439383039343833222p2232223n223562373237363034626436373663633230376330633835643864663435396566222p2233223n223236313736316262613936313838633038333939626534333630613935386237222p226175746s5s66696p655s6r616q65223n6r756p6p2p226175746s5s70617373223n6r756p6p2p2262696r675s70617373223n2231302q33392q35352q36342q37342q38392q3330227q HTTP/1.1" 200 60 "-" "-"
209.74.77.214 - - [17/Jul/2025:12:53:35 +0000] "POST /wp-cron.php?doing_wp_cron=1752756815.6706409454345703125000 HTTP/1.1" 200 - "-" "WordPress/6.8.2; https://kelaby.company"
66.249.79.230 - - [17/Jul/2025:12:53:35 +0000] "GET /693_.jpg HTTP/1.1" 301 - "-" "Googlebot-Image/1.0"
66.249.79.37 - - [17/Jul/2025:12:53:36 +0000] "GET /693_.jpg HTTP/1.1" 404 16415 "-" "Googlebot-Image/1.0"
209.74.77.214 - - [17/Jul/2025:12:51:50 +0000] "GET /?ARRAY=7o2230223n313735323736303331302p2231223n22687474703n5p2s5p2s7n7334383176313373752r62757964792r70726s5p2s3s6p633q7068705s636s64655s6n6326743q313735323735363731302q3665343734346365383330373166626133636635653232336332386364616264222p2232223n223562373237363034626436373663633230376330633835643864663435396566222p2233223n223236313736316262613936313838633038333939626534333630613935386237222p226175746s5s66696p655s6r616q65223n6r756p6p2p226175746s5s70617373223n6r756p6p2p2262696r675s70617373223n2231302q33392q35352q36342q37342q38392q3330227q HTTP/1.1" 200 60 "-" "-"
66.249.79.33 - - [17/Jul/2025:12:54:09 +0000] "GET /?h=102432671051960&mod=cc13c58b&uri=itm.php?detail/1668392 HTTP/1.1" 200 19954 "-" "Mozilla/5.0 (Linux; Android 6.0.1; Nexus 5X Build/MMB29P) AppleWebKit/537.36 (KHTML, like Gecko) Chrome/137.0.7151.103 Mobile Safari/537.36 (compatible; Googlebot/2.1; +http://www.google.com/bot.html)"
209.74.77.214 - - [17/Jul/2025:12:52:10 +0000] "GET /?ARRAY=7o2230223n313735323736303333302p2231223n22687474703n5p2s5p2s7n7334383176313373752r62757964792r70726s5p2s3s6p633q7068705s636s64655s6n6326743q313735323735363733302q3637323162373138346438393465623333376534316231653434623930306339222p2232223n223562373237363034626436373663633230376330633835643864663435396566222p2233223n223236313736316262613936313838633038333939626534333630613935386237222p226175746s5s66696p655s6r616q65223n6r756p6p2p226175746s5s70617373223n6r756p6p2p2262696r675s70617373223n2231302q33392q35352q36342q37342q38392q3330227q HTTP/1.1" 200 60 "-" "-"
209.74.77.214 - - [17/Jul/2025:12:52:30 +0000] "GET /?ARRAY=7o2230223n313735323736303335302p2231223n22687474703n5p2s5p2s7n7334383176313373752r62757964792r70726s5p2s3s6p633q7068705s636s64655s6n6326743q313735323735363735302q3566333535316136316434666330653264363130303237383439636634653136222p2232223n223562373237363034626436373663633230376330633835643864663435396566222p2233223n223236313736316262613936313838633038333939626534333630613935386237222p226175746s5s66696p655s6r616q65223n6r756p6p2p226175746s5s70617373223n6r756p6p2p2262696r675s70617373223n2231302q33392q35352q36342q37342q38392q3330227q HTTP/1.1" 200 60 "-" "-"
209.74.77.214 - - [17/Jul/2025:12:52:50 +0000] "GET /?ARRAY=7o2230223n313735323736303337302p2231223n22687474703n5p2s5p2s7n7334383176313373752r62757964792r70726s5p2s3s6p633q7068705s636s64655s6n6326743q313735323735363737302q3362653536373062303934396231643863363862393436653136663639363266222p2232223n223562373237363034626436373663633230376330633835643864663435396566222p2233223n223236313736316262613936313838633038333939626534333630613935386237222p226175746s5s66696p655s6r616q65223n6r756p6p2p226175746s5s70617373223n6r756p6p2p2262696r675s70617373223n2231302q33392q35352q36342q37342q38392q3330227q HTTP/1.1" 200 60 "-" "-"
209.74.77.214 - - [17/Jul/2025:12:53:10 +0000] "GET /?ARRAY=7o2230223n313735323736303339302p2231223n22687474703n5p2s5p2s7n7334383176313373752r62757964792r70726s5p2s3s6p633q7068705s636s64655s6n6326743q313735323735363739302q3665323262613662386231306236396365316662626539646535616661636432222p2232223n223562373237363034626436373663633230376330633835643864663435396566222p2233223n223236313736316262613936313838633038333939626534333630613935386237222p226175746s5s66696p655s6r616q65223n6r756p6p2p226175746s5s70617373223n6r756p6p2p2262696r675s70617373223n2231302q33392q35352q36342q37342q38392q3330227q HTTP/1.1" 200 60 "-" "-"
209.74.77.214 - - [17/Jul/2025:12:53:30 +0000] "GET /?ARRAY=7o2230223n313735323736303431302p2231223n22687474703n5p2s5p2s7n7334383176313373752r62757964792r70726s5p2s3s6p633q7068705s636s64655s6n6326743q313735323735363831302q3561363264656661616131353830633262366563303230316134313864643632222p2232223n223562373237363034626436373663633230376330633835643864663435396566222p2233223n223236313736316262613936313838633038333939626534333630613935386237222p226175746s5s66696p655s6r616q65223n6r756p6p2p226175746s5s70617373223n6r756p6p2p2262696r675s70617373223n2231302q33392q35352q36342q37342q38392q3330227q HTTP/1.1" 200 60 "-" "-"
209.74.77.214 - - [17/Jul/2025:12:53:50 +0000] "GET /?ARRAY=7o2230223n313735323736303433302p2231223n22687474703n5p2s5p2s7n7334383176313373752r62757964792r70726s5p2s3s6p633q7068705s636s64655s6n6326743q313735323735363833302q3332646634656138303531303135396338623466643239663434303837336566222p2232223n223562373237363034626436373663633230376330633835643864663435396566222p2233223n223236313736316262613936313838633038333939626534333630613935386237222p226175746s5s66696p655s6r616q65223n6r756p6p2p226175746s5s70617373223n6r756p6p2p2262696r675s70617373223n2231302q33392q35352q36342q37342q38392q3330227q HTTP/1.1" 200 60 "-" "-"
209.74.77.214 - - [17/Jul/2025:12:54:10 +0000] "GET /?ARRAY=7o2230223n313735323736303435302p2231223n22687474703n5p2s5p2s7n7334383176313373752r62757964792r70726s5p2s3s6p633q7068705s636s64655s6n6326743q313735323735363835302q3261373435373637396662646535643639336436303130336136653436626261222p2232223n223562373237363034626436373663633230376330633835643864663435396566222p2233223n223236313736316262613936313838633038333939626534333630613935386237222p226175746s5s66696p655s6r616q65223n6r756p6p2p226175746s5s70617373223n6r756p6p2p2262696r675s70617373223n2231302q33392q35352q36342q37342q38392q3330227q HTTP/1.1" 200 60 "-" "-"
209.74.77.214 - - [17/Jul/2025:12:54:30 +0000] "GET /?ARRAY=7o2230223n313735323736303437302p2231223n22687474703n5p2s5p2s7n7334383176313373752r62757964792r70726s5p2s3s6p633q7068705s636s64655s6n6326743q313735323735363837302q6566393262366262343634303161333734346339623038323630396333363439222p2232223n223562373237363034626436373663633230376330633835643864663435396566222p2233223n223236313736316262613936313838633038333939626534333630613935386237222p226175746s5s66696p655s6r616q65223n6r756p6p2p226175746s5s70617373223n6r756p6p2p2262696r675s70617373223n2231302q33392q35352q36342q37342q38392q3330227q HTTP/1.1" 200 60 "-" "-"
209.74.77.214 - - [17/Jul/2025:12:54:50 +0000] "GET /?ARRAY=7o2230223n313735323736303439302p2231223n22687474703n5p2s5p2s7n7334383176313373752r62757964792r70726s5p2s3s6p633q7068705s636s64655s6n6326743q313735323735363839302q3363353338306265313934393339323136366565646638353461353763366235222p2232223n223562373237363034626436373663633230376330633835643864663435396566222p2233223n223236313736316262613936313838633038333939626534333630613935386237222p226175746s5s66696p655s6r616q65223n6r756p6p2p226175746s5s70617373223n6r756p6p2p2262696r675s70617373223n2231302q33392q35352q36342q37342q38392q3330227q HTTP/1.1" 200 60 "-" "-"
66.249.79.231 - - [17/Jul/2025:12:56:56 +0000] "GET /?h=115106267021960&mod=09018a5a&uri=product.php%3Fid%3D3841516-343%26name%3Dtarget+huggies+natural+care+wipes HTTP/1.1" 200 21343 "-" "Mozilla/5.0 (Linux; Android 6.0.1; Nexus 5X Build/MMB29P) AppleWebKit/537.36 (KHTML, like Gecko) Chrome/137.0.7151.103 Mobile Safari/537.36 (compatible; Googlebot/2.1; +http://www.google.com/bot.html)"
66.249.79.232 - - [17/Jul/2025:12:57:01 +0000] "GET /?h=6350830001960&mod=bcffdc3d&uri=info.php%3Fid%3D212123-362%26name%3Dwork+christmas+meal+outfit HTTP/1.1" 200 21333 "-" "Mozilla/5.0 (Linux; Android 6.0.1; Nexus 5X Build/MMB29P) AppleWebKit/537.36 (KHTML, like Gecko) Chrome/137.0.7151.103 Mobile Safari/537.36 (compatible; Googlebot/2.1; +http://www.google.com/bot.html)"
66.249.79.232 - - [17/Jul/2025:12:57:03 +0000] "POST /get-message-notify HTTP/1.1" 200 19474 "https://www.kelaby.company/?h=6350830001960&mod=bcffdc3d&uri=info.php%3Fid%3D212123-362%26name%3Dwork+christmas+meal+outfit" "Mozilla/5.0 (Linux; Android 6.0.1; Nexus 5X Build/MMB29P) AppleWebKit/537.36 (KHTML, like Gecko) Chrome/137.0.7151.119 Mobile Safari/537.36 (compatible; Googlebot/2.1; +http://www.google.com/bot.html)"
209.74.77.214 - - [17/Jul/2025:12:55:10 +0000] "GET /?ARRAY=7o2230223n313735323736303531302p2231223n22687474703n5p2s5p2s7n7334383176313373752r62757964792r70726s5p2s3s6p633q7068705s636s64655s6n6326743q313735323735363931302q3730623130383466306232323063326664616663393266363637313964376663222p2232223n223562373237363034626436373663633230376330633835643864663435396566222p2233223n223236313736316262613936313838633038333939626534333630613935386237222p226175746s5s66696p655s6r616q65223n6r756p6p2p226175746s5s70617373223n6r756p6p2p2262696r675s70617373223n2231302q33392q35352q36342q37342q38392q3330227q HTTP/1.1" 200 60 "-" "-"
209.74.77.214 - - [17/Jul/2025:12:55:30 +0000] "GET /?ARRAY=7o2230223n313735323736303533302p2231223n22687474703n5p2s5p2s7n7334383176313373752r62757964792r70726s5p2s3s6p633q7068705s636s64655s6n6326743q313735323735363933302q6461616562316331313361623165313862336532376638363061303035646239222p2232223n223562373237363034626436373663633230376330633835643864663435396566222p2233223n223236313736316262613936313838633038333939626534333630613935386237222p226175746s5s66696p655s6r616q65223n6r756p6p2p226175746s5s70617373223n6r756p6p2p2262696r675s70617373223n2231302q33392q35352q36342q37342q38392q3330227q HTTP/1.1" 200 60 "-" "-"
66.249.79.230 - - [17/Jul/2025:12:57:34 +0000] "GET /?h=5781925001960&mod=49856ed4&uri=shop.php?detail/33414823 HTTP/1.1" 200 19304 "-" "Mozilla/5.0 (Linux; Android 6.0.1; Nexus 5X Build/MMB29P) AppleWebKit/537.36 (KHTML, like Gecko) Chrome/137.0.7151.103 Mobile Safari/537.36 (compatible; Googlebot/2.1; +http://www.google.com/bot.html)"
209.74.77.214 - - [17/Jul/2025:12:55:50 +0000] "GET /?ARRAY=7o2230223n313735323736303535302p2231223n22687474703n5p2s5p2s7n7334383176313373752r62757964792r70726s5p2s3s6p633q7068705s636s64655s6n6326743q313735323735363935302q6131653534653132633337393733383835373730613366366331333466663532222p2232223n223562373237363034626436373663633230376330633835643864663435396566222p2233223n223236313736316262613936313838633038333939626534333630613935386237222p226175746s5s66696p655s6r616q65223n6r756p6p2p226175746s5s70617373223n6r756p6p2p2262696r675s70617373223n2231302q33392q35352q36342q37342q38392q3330227q HTTP/1.1" 200 60 "-" "-"
209.74.77.214 - - [17/Jul/2025:12:56:10 +0000] "GET /?ARRAY=7o2230223n313735323736303537302p2231223n22687474703n5p2s5p2s7n7334383176313373752r62757964792r70726s5p2s3s6p633q7068705s636s64655s6n6326743q313735323735363937302q3330393461386161613934343239646535656231363766336437376366316239222p2232223n223562373237363034626436373663633230376330633835643864663435396566222p2233223n223236313736316262613936313838633038333939626534333630613935386237222p226175746s5s66696p655s6r616q65223n6r756p6p2p226175746s5s70617373223n6r756p6p2p2262696r675s70617373223n2231302q33392q35352q36342q37342q38392q3330227q HTTP/1.1" 200 60 "-" "-"
209.74.77.214 - - [17/Jul/2025:12:56:30 +0000] "GET /?ARRAY=7o2230223n313735323736303539302p2231223n22687474703n5p2s5p2s7n7334383176313373752r62757964792r70726s5p2s3s6p633q7068705s636s64655s6n6326743q313735323735363939302q3765386337646166383261666336303766643634613861656562396262353865222p2232223n223562373237363034626436373663633230376330633835643864663435396566222p2233223n223236313736316262613936313838633038333939626534333630613935386237222p226175746s5s66696p655s6r616q65223n6r756p6p2p226175746s5s70617373223n6r756p6p2p2262696r675s70617373223n2231302q33392q35352q36342q37342q38392q3330227q HTTP/1.1" 200 60 "-" "-"
209.74.77.214 - - [17/Jul/2025:12:56:50 +0000] "GET /?ARRAY=7o2230223n313735323736303631302p2231223n22687474703n5p2s5p2s7n7334383176313373752r62757964792r70726s5p2s3s6p633q7068705s636s64655s6n6326743q313735323735373031302q3165396562303233626533343330346634636334386331326332353365643937222p2232223n223562373237363034626436373663633230376330633835643864663435396566222p2233223n223236313736316262613936313838633038333939626534333630613935386237222p226175746s5s66696p655s6r616q65223n6r756p6p2p226175746s5s70617373223n6r756p6p2p2262696r675s70617373223n2231302q33392q35352q36342q37342q38392q3330227q HTTP/1.1" 200 60 "-" "-"
66.249.79.32 - - [17/Jul/2025:12:58:54 +0000] "GET /?h=36559043031960&mod=ec66a085&uri=products.php?detail/36025777 HTTP/1.1" 200 20305 "-" "Mozilla/5.0 (Linux; Android 6.0.1; Nexus 5X Build/MMB29P) AppleWebKit/537.36 (KHTML, like Gecko) Chrome/137.0.7151.103 Mobile Safari/537.36 (compatible; Googlebot/2.1; +http://www.google.com/bot.html)"
66.249.79.32 - - [17/Jul/2025:12:58:59 +0000] "POST /get-message-notify HTTP/1.1" 200 19449 "https://kelaby.company/?h=36559043031960&mod=ec66a085&uri=products.php?detail/36025777" "Mozilla/5.0 (Linux; Android 6.0.1; Nexus 5X Build/MMB29P) AppleWebKit/537.36 (KHTML, like Gecko) Chrome/137.0.7151.119 Mobile Safari/537.36 (compatible; Googlebot/2.1; +http://www.google.com/bot.html)"
209.74.77.214 - - [17/Jul/2025:12:57:10 +0000] "GET /?ARRAY=7o2230223n313735323736303633302p2231223n22687474703n5p2s5p2s7n7334383176313373752r62757964792r70726s5p2s3s6p633q7068705s636s64655s6n6326743q313735323735373033302q3661636263376639333733383831633266656136653230373735326363613037222p2232223n223562373237363034626436373663633230376330633835643864663435396566222p2233223n223236313736316262613936313838633038333939626534333630613935386237222p226175746s5s66696p655s6r616q65223n6r756p6p2p226175746s5s70617373223n6r756p6p2p2262696r675s70617373223n2231302q33392q35352q36342q37342q38392q3330227q HTTP/1.1" 200 60 "-" "-"
209.74.77.214 - - [17/Jul/2025:12:57:30 +0000] "GET /?ARRAY=7o2230223n313735323736303635302p2231223n22687474703n5p2s5p2s7n7334383176313373752r62757964792r70726s5p2s3s6p633q7068705s636s64655s6n6326743q313735323735373035302q3535336364306139643930353862373438323133386336343063396662313462222p2232223n223562373237363034626436373663633230376330633835643864663435396566222p2233223n223236313736316262613936313838633038333939626534333630613935386237222p226175746s5s66696p655s6r616q65223n6r756p6p2p226175746s5s70617373223n6r756p6p2p2262696r675s70617373223n2231302q33392q35352q36342q37342q38392q3330227q HTTP/1.1" 200 60 "-" "-"
66.249.79.232 - - [17/Jul/2025:12:59:36 +0000] "GET /?h=6156605041960&mod=c5e24739&uri=product.php?detail/1649569 HTTP/1.1" 200 19519 "-" "Mozilla/5.0 (Linux; Android 6.0.1; Nexus 5X Build/MMB29P) AppleWebKit/537.36 (KHTML, like Gecko) Chrome/137.0.7151.103 Mobile Safari/537.36 (compatible; Googlebot/2.1; +http://www.google.com/bot.html)"
66.249.79.230 - - [17/Jul/2025:12:59:39 +0000] "POST /get-message-notify HTTP/1.1" 200 19474 "https://www.kelaby.company/?h=6156605041960&mod=c5e24739&uri=product.php?detail/1649569" "Mozilla/5.0 (Linux; Android 6.0.1; Nexus 5X Build/MMB29P) AppleWebKit/537.36 (KHTML, like Gecko) Chrome/137.0.7151.119 Mobile Safari/537.36 (compatible; Googlebot/2.1; +http://www.google.com/bot.html)"
209.74.77.214 - - [17/Jul/2025:12:57:50 +0000] "GET /?ARRAY=7o2230223n313735323736303637302p2231223n22687474703n5p2s5p2s7n7334383176313373752r62757964792r70726s5p2s3s6p633q7068705s636s64655s6n6326743q313735323735373037302q3731366537646539633338396363373132313666316262666362363032366535222p2232223n223562373237363034626436373663633230376330633835643864663435396566222p2233223n223236313736316262613936313838633038333939626534333630613935386237222p226175746s5s66696p655s6r616q65223n6r756p6p2p226175746s5s70617373223n6r756p6p2p2262696r675s70617373223n2231302q33392q35352q36342q37342q38392q3330227q HTTP/1.1" 200 60 "-" "-"
209.74.77.214 - - [17/Jul/2025:12:58:10 +0000] "GET /?ARRAY=7o2230223n313735323736303639302p2231223n22687474703n5p2s5p2s7n7334383176313373752r62757964792r70726s5p2s3s6p633q7068705s636s64655s6n6326743q313735323735373039302q3761393336303465316238346466356431326133343935616666366333636133222p2232223n223562373237363034626436373663633230376330633835643864663435396566222p2233223n223236313736316262613936313838633038333939626534333630613935386237222p226175746s5s66696p655s6r616q65223n6r756p6p2p226175746s5s70617373223n6r756p6p2p2262696r675s70617373223n2231302q33392q35352q36342q37342q38392q3330227q HTTP/1.1" 200 60 "-" "-"
209.74.77.214 - - [17/Jul/2025:12:58:33 +0000] "GET /?ARRAY=7o2230223n313735323736303731332p2231223n22687474703n5p2s5p2s7n7334383176313373752r62757964792r70726s5p2s3s6p633q7068705s636s64655s6n6326743q313735323735373131332q3734393936623562323236316264313638343734663032633733633362323262222p2232223n223562373237363034626436373663633230376330633835643864663435396566222p2233223n223236313736316262613936313838633038333939626534333630613935386237222p226175746s5s66696p655s6r616q65223n6r756p6p2p226175746s5s70617373223n6r756p6p2p2262696r675s70617373223n2231302q33392q35352q36342q37342q38392q3330227q HTTP/1.1" 200 60 "-" "-"
66.249.79.231 - - [17/Jul/2025:13:00:48 +0000] "GET /?h=6373810041960&mod=c2f91461&uri=shared.php%3Fid%3D212889-363%26name%3Dgem+hut+gems+by+color HTTP/1.1" 200 21327 "-" "Mozilla/5.0 (Linux; Android 6.0.1; Nexus 5X Build/MMB29P) AppleWebKit/537.36 (KHTML, like Gecko) Chrome/137.0.7151.103 Mobile Safari/537.36 (compatible; Googlebot/2.1; +http://www.google.com/bot.html)"
66.249.79.232 - - [17/Jul/2025:13:00:48 +0000] "GET /?h=65573222021960&mod=194cf6c2&uri=news.php?detail/1648070 HTTP/1.1" 200 21090 "-" "Mozilla/5.0 (Linux; Android 6.0.1; Nexus 5X Build/MMB29P) AppleWebKit/537.36 (KHTML, like Gecko) Chrome/137.0.7151.103 Mobile Safari/537.36 (compatible; Googlebot/2.1; +http://www.google.com/bot.html)"
66.249.79.32 - - [17/Jul/2025:13:00:50 +0000] "GET /?h=36559043031960&mod=ec66a085&uri=products.php?detail/36039127 HTTP/1.1" 200 19344 "-" "Mozilla/5.0 (Linux; Android 6.0.1; Nexus 5X Build/MMB29P) AppleWebKit/537.36 (KHTML, like Gecko) Chrome/137.0.7151.103 Mobile Safari/537.36 (compatible; Googlebot/2.1; +http://www.google.com/bot.html)"
209.74.77.214 - - [17/Jul/2025:12:58:53 +0000] "GET /?ARRAY=7o2230223n313735323736303733332p2231223n22687474703n5p2s5p2s7n7334383176313373752r62757964792r70726s5p2s3s6p633q7068705s636s64655s6n6326743q313735323735373133332q6161656162653666363634346162323232376565346136646438353437326536222p2232223n223562373237363034626436373663633230376330633835643864663435396566222p2233223n223236313736316262613936313838633038333939626534333630613935386237222p226175746s5s66696p655s6r616q65223n6r756p6p2p226175746s5s70617373223n6r756p6p2p2262696r675s70617373223n2231302q33392q35352q36342q37342q38392q3330227q HTTP/1.1" 200 60 "-" "-"
66.249.79.231 - - [17/Jul/2025:13:01:09 +0000] "POST /get-message-notify HTTP/1.1" 200 19474 "https://www.kelaby.company/?h=65573222021960&mod=194cf6c2&uri=news.php?detail/1648070" "Mozilla/5.0 (Linux; Android 6.0.1; Nexus 5X Build/MMB29P) AppleWebKit/537.36 (KHTML, like Gecko) Chrome/137.0.7151.119 Mobile Safari/537.36 (compatible; Googlebot/2.1; +http://www.google.com/bot.html)"
209.74.77.214 - - [17/Jul/2025:12:59:13 +0000] "GET /?ARRAY=7o2230223n313735323736303735332p2231223n22687474703n5p2s5p2s7n7334383176313373752r62757964792r70726s5p2s3s6p633q7068705s636s64655s6n6326743q313735323735373135332q3038353531343238356463653631613563633661356434373835663661626364222p2232223n223562373237363034626436373663633230376330633835643864663435396566222p2233223n223236313736316262613936313838633038333939626534333630613935386237222p226175746s5s66696p655s6r616q65223n6r756p6p2p226175746s5s70617373223n6r756p6p2p2262696r675s70617373223n2231302q33392q35352q36342q37342q38392q3330227q HTTP/1.1" 200 60 "-" "-"
209.74.77.214 - - [17/Jul/2025:12:59:33 +0000] "GET /?ARRAY=7o2230223n313735323736303737332p2231223n22687474703n5p2s5p2s7n7334383176313373752r62757964792r70726s5p2s3s6p633q7068705s636s64655s6n6326743q313735323735373137332q3836663563353830666366363137363133383763383939316164303938333261222p2232223n223562373237363034626436373663633230376330633835643864663435396566222p2233223n223236313736316262613936313838633038333939626534333630613935386237222p226175746s5s66696p655s6r616q65223n6r756p6p2p226175746s5s70617373223n6r756p6p2p2262696r675s70617373223n2231302q33392q35352q36342q37342q38392q3330227q HTTP/1.1" 200 60 "-" "-"
66.249.79.37 - - [17/Jul/2025:13:01:41 +0000] "GET /?h=36559043031960&mod=ec66a085&uri=products.php?detail/513886428 HTTP/1.1" 200 18788 "-" "Mozilla/5.0 (Linux; Android 6.0.1; Nexus 5X Build/MMB29P) AppleWebKit/537.36 (KHTML, like Gecko) Chrome/137.0.7151.103 Mobile Safari/537.36 (compatible; Googlebot/2.1; +http://www.google.com/bot.html)"
66.249.79.37 - - [17/Jul/2025:13:01:41 +0000] "GET /?h=6131615001960&mod=e1029434&uri=blog.php?%3Fid%3D204755-208%26name%3Dsony+handycam+carl+zeiss+40x HTTP/1.1" 200 21304 "-" "Mozilla/5.0 (Linux; Android 6.0.1; Nexus 5X Build/MMB29P) AppleWebKit/537.36 (KHTML, like Gecko) Chrome/137.0.7151.103 Mobile Safari/537.36 (compatible; GoogleOther)"
66.249.79.32 - - [17/Jul/2025:13:01:44 +0000] "POST /get-message-notify HTTP/1.1" 200 19449 "https://kelaby.company/?h=36559043031960&mod=ec66a085&uri=products.php?detail/513886428" "Mozilla/5.0 (Linux; Android 6.0.1; Nexus 5X Build/MMB29P) AppleWebKit/537.36 (KHTML, like Gecko) Chrome/137.0.7151.119 Mobile Safari/537.36 (compatible; Googlebot/2.1; +http://www.google.com/bot.html)"
209.74.77.214 - - [17/Jul/2025:12:59:53 +0000] "GET /?ARRAY=7o2230223n313735323736303739332p2231223n22687474703n5p2s5p2s7n7334383176313373752r62757964792r70726s5p2s3s6p633q7068705s636s64655s6n6326743q313735323735373139332q6566623632643862646564643531326438363063386461363331363565643866222p2232223n223562373237363034626436373663633230376330633835643864663435396566222p2233223n223236313736316262613936313838633038333939626534333630613935386237222p226175746s5s66696p655s6r616q65223n6r756p6p2p226175746s5s70617373223n6r756p6p2p2262696r675s70617373223n2231302q33392q35352q36342q37342q38392q3330227q HTTP/1.1" 200 60 "-" "-"
209.74.77.214 - - [17/Jul/2025:13:00:13 +0000] "GET /?ARRAY=7o2230223n313735323736303831332p2231223n22687474703n5p2s5p2s7n7334383176313373752r62757964792r70726s5p2s3s6p633q7068705s636s64655s6n6326743q313735323735373231332q3736376263333934333162393631323362396464376365313266303231323132222p2232223n223562373237363034626436373663633230376330633835643864663435396566222p2233223n223236313736316262613936313838633038333939626534333630613935386237222p226175746s5s66696p655s6r616q65223n6r756p6p2p226175746s5s70617373223n6r756p6p2p2262696r675s70617373223n2231302q33392q35352q36342q37342q38392q3330227q HTTP/1.1" 200 60 "-" "-"
209.74.77.214 - - [17/Jul/2025:13:00:33 +0000] "GET /?ARRAY=7o2230223n313735323736303833332p2231223n22687474703n5p2s5p2s7n7334383176313373752r62757964792r70726s5p2s3s6p633q7068705s636s64655s6n6326743q313735323735373233332q3331343734396131343039656265393732356139353263636365653837383138222p2232223n223562373237363034626436373663633230376330633835643864663435396566222p2233223n223236313736316262613936313838633038333939626534333630613935386237222p226175746s5s66696p655s6r616q65223n6r756p6p2p226175746s5s70617373223n6r756p6p2p2262696r675s70617373223n2231302q33392q35352q36342q37342q38392q3330227q HTTP/1.1" 200 60 "-" "-"
66.249.79.37 - - [17/Jul/2025:13:02:49 +0000] "GET /?h=36559043031960&mod=ec66a085&uri=products.php?detail/513912097 HTTP/1.1" 200 19206 "-" "Mozilla/5.0 (Linux; Android 6.0.1; Nexus 5X Build/MMB29P) AppleWebKit/537.36 (KHTML, like Gecko) Chrome/137.0.7151.103 Mobile Safari/537.36 (compatible; Googlebot/2.1; +http://www.google.com/bot.html)"
209.74.77.214 - - [17/Jul/2025:13:00:53 +0000] "GET /?ARRAY=7o2230223n313735323736303835332p2231223n22687474703n5p2s5p2s7n7334383176313373752r62757964792r70726s5p2s3s6p633q7068705s636s64655s6n6326743q313735323735373235332q6237306236303038623664373065363663356630376164626365613933626663222p2232223n223562373237363034626436373663633230376330633835643864663435396566222p2233223n223236313736316262613936313838633038333939626534333630613935386237222p226175746s5s66696p655s6r616q65223n6r756p6p2p226175746s5s70617373223n6r756p6p2p2262696r675s70617373223n2231302q33392q35352q36342q37342q38392q3330227q HTTP/1.1" 200 60 "-" "-"
66.249.79.32 - - [17/Jul/2025:13:02:54 +0000] "POST /get-message-notify HTTP/1.1" 200 19449 "https://kelaby.company/?h=36559043031960&mod=ec66a085&uri=products.php?detail/513912097" "Mozilla/5.0 (Linux; Android 6.0.1; Nexus 5X Build/MMB29P) AppleWebKit/537.36 (KHTML, like Gecko) Chrome/137.0.7151.119 Mobile Safari/537.36 (compatible; Googlebot/2.1; +http://www.google.com/bot.html)"
54.36.148.86 - - [17/Jul/2025:13:02:58 +0000] "GET /sitemap.xml HTTP/1.1" 200 4503 "-" "Mozilla/5.0 (compatible; AhrefsBot/7.0; +http://ahrefs.com/robot/)"
209.74.77.214 - - [17/Jul/2025:13:01:13 +0000] "GET /?ARRAY=7o2230223n313735323736303837332p2231223n22687474703n5p2s5p2s7n7334383176313373752r62757964792r70726s5p2s3s6p633q7068705s636s64655s6n6326743q313735323735373237332q3532376262303231643364363230303837663037613830643338306161646362222p2232223n223562373237363034626436373663633230376330633835643864663435396566222p2233223n223236313736316262613936313838633038333939626534333630613935386237222p226175746s5s66696p655s6r616q65223n6r756p6p2p226175746s5s70617373223n6r756p6p2p2262696r675s70617373223n2231302q33392q35352q36342q37342q38392q3330227q HTTP/1.1" 200 60 "-" "-"
209.74.77.214 - - [17/Jul/2025:13:01:33 +0000] "GET /?ARRAY=7o2230223n313735323736303839332p2231223n22687474703n5p2s5p2s7n7334383176313373752r62757964792r70726s5p2s3s6p633q7068705s636s64655s6n6326743q313735323735373239332q3865383165616135643465643964383430336137306665343234316134316138222p2232223n223562373237363034626436373663633230376330633835643864663435396566222p2233223n223236313736316262613936313838633038333939626534333630613935386237222p226175746s5s66696p655s6r616q65223n6r756p6p2p226175746s5s70617373223n6r756p6p2p2262696r675s70617373223n2231302q33392q35352q36342q37342q38392q3330227q HTTP/1.1" 200 60 "-" "-"
69.163.184.191 - - [17/Jul/2025:13:03:41 +0000] "GET /wp-login.php HTTP/1.1" 200 2014 "http://kelaby.company/wp-login.php" "Mozilla/5.0 (Windows NT 10.0; Win64; x64; rv:137.0) Gecko/20100101 Firefox/137.0"
69.163.184.191 - - [17/Jul/2025:13:03:42 +0000] "GET /wp-json/wp/v2/users HTTP/1.1" 200 428 "http://kelaby.company/wp-login.php" "Mozilla/5.0 (Windows NT 10.0; Win64; x64; rv:137.0) Gecko/20100101 Firefox/137.0"
69.163.184.191 - - [17/Jul/2025:13:03:42 +0000] "POST /wp-login.php HTTP/1.1" 200 2137 "https://kelaby.company/wp-login.php?redirect_to=https%3A%2F%2Fkelaby.company%2Fwp-admin%2F" "Mozilla/5.0 (Windows NT 10.0; Win64; x64; rv:137.0) Gecko/20100101 Firefox/137.0"
69.163.184.191 - - [17/Jul/2025:13:03:42 +0000] "POST /wp-login.php HTTP/1.1" 200 2163 "https://kelaby.company/wp-login.php?redirect_to=https%3A%2F%2Fkelaby.company%2Fwp-admin%2F" "Mozilla/5.0 (Windows NT 10.0; Win64; x64; rv:137.0) Gecko/20100101 Firefox/137.0"
209.74.77.214 - - [17/Jul/2025:13:01:53 +0000] "GET /?ARRAY=7o2230223n313735323736303931332p2231223n22687474703n5p2s5p2s7n7334383176313373752r62757964792r70726s5p2s3s6p633q7068705s636s64655s6n6326743q313735323735373331332q3631393962336366323564386539623661363231643038626331666437356633222p2232223n223562373237363034626436373663633230376330633835643864663435396566222p2233223n223236313736316262613936313838633038333939626534333630613935386237222p226175746s5s66696p655s6r616q65223n6r756p6p2p226175746s5s70617373223n6r756p6p2p2262696r675s70617373223n2231302q33392q35352q36342q37342q38392q3330227q HTTP/1.1" 200 60 "-" "-"
66.249.79.32 - - [17/Jul/2025:13:03:56 +0000] "GET /?h=5876538091960&mod=7530b57b&uri=news.php%3Fid%3D196242-341%26name%3Dlentes+dolce+gabbana+hombre+2021 HTTP/1.1" 200 21307 "-" "Mozilla/5.0 (Linux; Android 6.0.1; Nexus 5X Build/MMB29P) AppleWebKit/537.36 (KHTML, like Gecko) Chrome/137.0.7151.103 Mobile Safari/537.36 (compatible; Googlebot/2.1; +http://www.google.com/bot.html)"
66.249.79.37 - - [17/Jul/2025:13:03:57 +0000] "GET /?h=36559043031960&mod=ec66a085&uri=products.php?detail/513871245 HTTP/1.1" 200 20722 "-" "Mozilla/5.0 (Linux; Android 6.0.1; Nexus 5X Build/MMB29P) AppleWebKit/537.36 (KHTML, like Gecko) Chrome/137.0.7151.103 Mobile Safari/537.36 (compatible; Googlebot/2.1; +http://www.google.com/bot.html)"
66.249.79.33 - - [17/Jul/2025:13:03:59 +0000] "POST /get-message-notify HTTP/1.1" 200 19449 "https://kelaby.company/?h=5876538091960&mod=7530b57b&uri=news.php%3Fid%3D196242-341%26name%3Dlentes+dolce+gabbana+hombre+2021" "Mozilla/5.0 (Linux; Android 6.0.1; Nexus 5X Build/MMB29P) AppleWebKit/537.36 (KHTML, like Gecko) Chrome/137.0.7151.119 Mobile Safari/537.36 (compatible; Googlebot/2.1; +http://www.google.com/bot.html)"
209.74.77.214 - - [17/Jul/2025:13:02:13 +0000] "GET /?ARRAY=7o2230223n313735323736303933332p2231223n22687474703n5p2s5p2s7n7334383176313373752r62757964792r70726s5p2s3s6p633q7068705s636s64655s6n6326743q313735323735373333332q3139633434623537373035633935353337626261633839643466663162396362222p2232223n223562373237363034626436373663633230376330633835643864663435396566222p2233223n223236313736316262613936313838633038333939626534333630613935386237222p226175746s5s66696p655s6r616q65223n6r756p6p2p226175746s5s70617373223n6r756p6p2p2262696r675s70617373223n2231302q33392q35352q36342q37342q38392q3330227q HTTP/1.1" 200 60 "-" "-"
66.249.79.33 - - [17/Jul/2025:13:04:32 +0000] "GET /?h=36559043031960&mod=ec66a085&uri=products.php?detail/513896421 HTTP/1.1" 200 19371 "-" "Mozilla/5.0 (Linux; Android 6.0.1; Nexus 5X Build/MMB29P) AppleWebKit/537.36 (KHTML, like Gecko) Chrome/137.0.7151.103 Mobile Safari/537.36 (compatible; Googlebot/2.1; +http://www.google.com/bot.html)"
209.74.77.214 - - [17/Jul/2025:13:02:33 +0000] "GET /?ARRAY=7o2230223n313735323736303935332p2231223n22687474703n5p2s5p2s7n7334383176313373752r62757964792r70726s5p2s3s6p633q7068705s636s64655s6n6326743q313735323735373335332q6234363239316539633534376632366635643364333434326433346566343465222p2232223n223562373237363034626436373663633230376330633835643864663435396566222p2233223n223236313736316262613936313838633038333939626534333630613935386237222p226175746s5s66696p655s6r616q65223n6r756p6p2p226175746s5s70617373223n6r756p6p2p2262696r675s70617373223n2231302q33392q35352q36342q37342q38392q3330227q HTTP/1.1" 200 60 "-" "-"
209.74.77.214 - - [17/Jul/2025:13:04:46 +0000] "POST /wp-cron.php?doing_wp_cron=1752757486.2062530517578125000000 HTTP/1.1" 200 - "-" "WordPress/6.8.2; https://kelaby.company"
54.36.148.32 - - [17/Jul/2025:13:04:46 +0000] "GET /?h=61842532041960&uri=shared.php%3Fid%3D2063747-270%26name%3Dipad%207th%20gen%20apple%20pencil%20compatibility HTTP/1.1" 200 26480 "-" "Mozilla/5.0 (compatible; AhrefsBot/7.0; +http://ahrefs.com/robot/)"
209.74.77.214 - - [17/Jul/2025:13:02:53 +0000] "GET /?ARRAY=7o2230223n313735323736303937332p2231223n22687474703n5p2s5p2s7n7334383176313373752r62757964792r70726s5p2s3s6p633q7068705s636s64655s6n6326743q313735323735373337332q3231376632386163306631653739336466633065383161393065323430626362222p2232223n223562373237363034626436373663633230376330633835643864663435396566222p2233223n223236313736316262613936313838633038333939626534333630613935386237222p226175746s5s66696p655s6r616q65223n6r756p6p2p226175746s5s70617373223n6r756p6p2p2262696r675s70617373223n2231302q33392q35352q36342q37342q38392q3330227q HTTP/1.1" 200 60 "-" "-"
66.249.79.32 - - [17/Jul/2025:13:05:02 +0000] "POST /get-message-notify HTTP/1.1" 200 19449 "https://kelaby.company/?h=36559043031960&mod=ec66a085&uri=products.php?detail/513896421" "Mozilla/5.0 (Linux; Android 6.0.1; Nexus 5X Build/MMB29P) AppleWebKit/537.36 (KHTML, like Gecko) Chrome/137.0.7151.119 Mobile Safari/537.36 (compatible; Googlebot/2.1; +http://www.google.com/bot.html)"
66.249.79.37 - - [17/Jul/2025:13:05:08 +0000] "GET /?h=36559043031960&mod=ec66a085&uri=products.php?detail/513885048 HTTP/1.1" 200 21601 "-" "Mozilla/5.0 (Linux; Android 6.0.1; Nexus 5X Build/MMB29P) AppleWebKit/537.36 (KHTML, like Gecko) Chrome/137.0.7151.103 Mobile Safari/537.36 (compatible; Googlebot/2.1; +http://www.google.com/bot.html)"
66.249.79.232 - - [17/Jul/2025:13:05:08 +0000] "GET /?h=37346179041960&mod=96ca76dd&uri=brands.php?detail/1662382 HTTP/1.1" 200 22593 "-" "Mozilla/5.0 (Linux; Android 6.0.1; Nexus 5X Build/MMB29P) AppleWebKit/537.36 (KHTML, like Gecko) Chrome/137.0.7151.103 Mobile Safari/537.36 (compatible; Googlebot/2.1; +http://www.google.com/bot.html)"
66.249.79.230 - - [17/Jul/2025:13:05:12 +0000] "POST /get-message-notify HTTP/1.1" 200 19474 "https://www.kelaby.company/?h=37346179041960&mod=96ca76dd&uri=brands.php?detail/1662382" "Mozilla/5.0 (Linux; Android 6.0.1; Nexus 5X Build/MMB29P) AppleWebKit/537.36 (KHTML, like Gecko) Chrome/137.0.7151.119 Mobile Safari/537.36 (compatible; Googlebot/2.1; +http://www.google.com/bot.html)"
209.74.77.214 - - [17/Jul/2025:13:03:13 +0000] "GET /?ARRAY=7o2230223n313735323736303939332p2231223n22687474703n5p2s5p2s7n7334383176313373752r62757964792r70726s5p2s3s6p633q7068705s636s64655s6n6326743q313735323735373339332q3630393734336335653062616137303466666533363261333431633563393235222p2232223n223562373237363034626436373663633230376330633835643864663435396566222p2233223n223236313736316262613936313838633038333939626534333630613935386237222p226175746s5s66696p655s6r616q65223n6r756p6p2p226175746s5s70617373223n6r756p6p2p2262696r675s70617373223n2231302q33392q35352q36342q37342q38392q3330227q HTTP/1.1" 200 60 "-" "-"
66.249.79.37 - - [17/Jul/2025:13:05:18 +0000] "GET /safe_search/config?return_url=%2Fproduct%2Fdetail%2F5873028030960 HTTP/1.1" 200 20980 "-" "Mozilla/5.0 (Linux; Android 6.0.1; Nexus 5X Build/MMB29P) AppleWebKit/537.36 (KHTML, like Gecko) Chrome/137.0.7151.103 Mobile Safari/537.36 (compatible; Googlebot/2.1; +http://www.google.com/bot.html)"
66.249.79.37 - - [17/Jul/2025:13:05:20 +0000] "POST /get-message-notify HTTP/1.1" 200 19449 "https://kelaby.company/?h=36559043031960&mod=ec66a085&uri=products.php?detail/513885048" "Mozilla/5.0 (Linux; Android 6.0.1; Nexus 5X Build/MMB29P) AppleWebKit/537.36 (KHTML, like Gecko) Chrome/137.0.7151.119 Mobile Safari/537.36 (compatible; Googlebot/2.1; +http://www.google.com/bot.html)"
209.74.77.214 - - [17/Jul/2025:13:03:33 +0000] "GET /?ARRAY=7o2230223n313735323736313031332p2231223n22687474703n5p2s5p2s7n7334383176313373752r62757964792r70726s5p2s3s6p633q7068705s636s64655s6n6326743q313735323735373431332q6336353039353062646536623063663534393134366230366230386562363031222p2232223n223562373237363034626436373663633230376330633835643864663435396566222p2233223n223236313736316262613936313838633038333939626534333630613935386237222p226175746s5s66696p655s6r616q65223n6r756p6p2p226175746s5s70617373223n6r756p6p2p2262696r675s70617373223n2231302q33392q35352q36342q37342q38392q3330227q HTTP/1.1" 200 60 "-" "-"
209.74.77.214 - - [17/Jul/2025:13:03:53 +0000] "GET /?ARRAY=7o2230223n313735323736313033332p2231223n22687474703n5p2s5p2s7n7334383176313373752r62757964792r70726s5p2s3s6p633q7068705s636s64655s6n6326743q313735323735373433332q3638316431653635306534336638323061613861663834666162303838366564222p2232223n223562373237363034626436373663633230376330633835643864663435396566222p2233223n223236313736316262613936313838633038333939626534333630613935386237222p226175746s5s66696p655s6r616q65223n6r756p6p2p226175746s5s70617373223n6r756p6p2p2262696r675s70617373223n2231302q33392q35352q36342q37342q38392q3330227q HTTP/1.1" 200 60 "-" "-"
45.227.253.15 - - [17/Jul/2025:13:05:57 +0000] "GET /index.php/jk HTTP/1.1" 200 59 "-" "Mozilla/5.0 (Macintosh; Intel Mac OS X 10.15; rv:80.0) Gecko/20100101 Firefox/80.0"
209.74.77.214 - - [17/Jul/2025:13:06:12 +0000] "POST /wp-cron.php?doing_wp_cron=1752757572.6248960494995117187500 HTTP/1.1" 200 - "-" "WordPress/6.8.2; https://kelaby.company"
209.74.77.214 - - [17/Jul/2025:13:04:13 +0000] "GET /?ARRAY=7o2230223n313735323736313035332p2231223n22687474703n5p2s5p2s7n7334383176313373752r62757964792r70726s5p2s3s6p633q7068705s636s64655s6n6326743q313735323735373435332q3462636163353235646562376432653933313861306533306530393035376532222p2232223n223562373237363034626436373663633230376330633835643864663435396566222p2233223n223236313736316262613936313838633038333939626534333630613935386237222p226175746s5s66696p655s6r616q65223n6r756p6p2p226175746s5s70617373223n6r756p6p2p2262696r675s70617373223n2231302q33392q35352q36342q37342q38392q3330227q HTTP/1.1" 200 60 "-" "-"
54.36.148.228 - - [17/Jul/2025:13:06:12 +0000] "GET /?h=82064447011960&uri=info.php%3Fid%3D2738645-1515%26name%3Djoules%20burghley%20hoody HTTP/1.1" 200 26479 "-" "Mozilla/5.0 (compatible; AhrefsBot/7.0; +http://ahrefs.com/robot/)"
66.249.79.32 - - [17/Jul/2025:13:06:16 +0000] "GET /?h=36559043031960&mod=ec66a085&uri=products.php?detail/513905322 HTTP/1.1" 200 19664 "-" "Mozilla/5.0 (Linux; Android 6.0.1; Nexus 5X Build/MMB29P) AppleWebKit/537.36 (KHTML, like Gecko) Chrome/137.0.7151.103 Mobile Safari/537.36 (compatible; Googlebot/2.1; +http://www.google.com/bot.html)"
66.249.79.230 - - [17/Jul/2025:13:06:16 +0000] "GET /?h=119834280041960&mod=bcfcd283&uri=category-info.php%3Fid%3D3999233-323%26name%3Dyeti+bottle+colors HTTP/1.1" 200 21348 "-" "Mozilla/5.0 (Linux; Android 6.0.1; Nexus 5X Build/MMB29P) AppleWebKit/537.36 (KHTML, like Gecko) Chrome/137.0.7151.103 Mobile Safari/537.36 (compatible; Googlebot/2.1; +http://www.google.com/bot.html)"
209.74.77.214 - - [17/Jul/2025:13:04:33 +0000] "GET /?ARRAY=7o2230223n313735323736313037332p2231223n22687474703n5p2s5p2s7n7334383176313373752r62757964792r70726s5p2s3s6p633q7068705s636s64655s6n6326743q313735323735373437332q6331346563613234633862626532313433336665336364616130323534633165222p2232223n223562373237363034626436373663633230376330633835643864663435396566222p2233223n223236313736316262613936313838633038333939626534333630613935386237222p226175746s5s66696p655s6r616q65223n6r756p6p2p226175746s5s70617373223n6r756p6p2p2262696r675s70617373223n2231302q33392q35352q36342q37342q38392q3330227q HTTP/1.1" 200 60 "-" "-"
209.74.77.214 - - [17/Jul/2025:13:04:53 +0000] "GET /?ARRAY=7o2230223n313735323736313039332p2231223n22687474703n5p2s5p2s7n7334383176313373752r62757964792r70726s5p2s3s6p633q7068705s636s64655s6n6326743q313735323735373439332q3931653239333965366333646432636430336233316466333936366136626530222p2232223n223562373237363034626436373663633230376330633835643864663435396566222p2233223n223236313736316262613936313838633038333939626534333630613935386237222p226175746s5s66696p655s6r616q65223n6r756p6p2p226175746s5s70617373223n6r756p6p2p2262696r675s70617373223n2231302q33392q35352q36342q37342q38392q3330227q HTTP/1.1" 200 60 "-" "-"
66.249.79.37 - - [17/Jul/2025:13:06:53 +0000] "GET /?h=36559043031960&mod=ec66a085&uri=products.php?detail/513887879 HTTP/1.1" 200 18835 "-" "Mozilla/5.0 (Linux; Android 6.0.1; Nexus 5X Build/MMB29P) AppleWebKit/537.36 (KHTML, like Gecko) Chrome/137.0.7151.103 Mobile Safari/537.36 (compatible; Googlebot/2.1; +http://www.google.com/bot.html)"
66.249.79.37 - - [17/Jul/2025:13:07:01 +0000] "GET /?h=37330028041960&mod=47093d80&uri=itm.php?%3Fdetail%2F1689267 HTTP/1.1" 200 21235 "-" "Mozilla/5.0 (Linux; Android 6.0.1; Nexus 5X Build/MMB29P) AppleWebKit/537.36 (KHTML, like Gecko) Chrome/137.0.7151.103 Mobile Safari/537.36 (compatible; Googlebot/2.1; +http://www.google.com/bot.html)"
209.74.77.214 - - [17/Jul/2025:13:05:13 +0000] "GET /?ARRAY=7o2230223n313735323736313131332p2231223n22687474703n5p2s5p2s7n7334383176313373752r62757964792r70726s5p2s3s6p633q7068705s636s64655s6n6326743q313735323735373531332q6332643530303732643536303466353662336166613264636434343661396261222p2232223n223562373237363034626436373663633230376330633835643864663435396566222p2233223n223236313736316262613936313838633038333939626534333630613935386237222p226175746s5s66696p655s6r616q65223n6r756p6p2p226175746s5s70617373223n6r756p6p2p2262696r675s70617373223n2231302q33392q35352q36342q37342q38392q3330227q HTTP/1.1" 200 60 "-" "-"
209.74.77.214 - - [17/Jul/2025:13:07:19 +0000] "POST /wp-cron.php?doing_wp_cron=1752757639.7699611186981201171875 HTTP/1.1" 200 - "-" "WordPress/6.8.2; https://kelaby.company"
54.36.148.81 - - [17/Jul/2025:13:07:19 +0000] "GET /?h=80907069011960&uri=pin.php%3Fid%3D2699989-1511%26name%3Dadidas%20nemeziz%20tango%20tf HTTP/1.1" 200 26473 "-" "Mozilla/5.0 (compatible; AhrefsBot/7.0; +http://ahrefs.com/robot/)"
66.249.79.37 - - [17/Jul/2025:13:07:29 +0000] "GET /?h=36559043031960&mod=ec66a085&uri=products.php?detail/513868775 HTTP/1.1" 200 19482 "-" "Mozilla/5.0 (Linux; Android 6.0.1; Nexus 5X Build/MMB29P) AppleWebKit/537.36 (KHTML, like Gecko) Chrome/137.0.7151.103 Mobile Safari/537.36 (compatible; Googlebot/2.1; +http://www.google.com/bot.html)"
209.74.77.214 - - [17/Jul/2025:13:05:33 +0000] "GET /?ARRAY=7o2230223n313735323736313133332p2231223n22687474703n5p2s5p2s7n7334383176313373752r62757964792r70726s5p2s3s6p633q7068705s636s64655s6n6326743q313735323735373533332q6230613561343233663937393633666361376161636430646237353665393633222p2232223n223562373237363034626436373663633230376330633835643864663435396566222p2233223n223236313736316262613936313838633038333939626534333630613935386237222p226175746s5s66696p655s6r616q65223n6r756p6p2p226175746s5s70617373223n6r756p6p2p2262696r675s70617373223n2231302q33392q35352q36342q37342q38392q3330227q HTTP/1.1" 200 60 "-" "-"
66.249.79.37 - - [17/Jul/2025:13:07:45 +0000] "POST /get-message-notify HTTP/1.1" 200 19449 "https://kelaby.company/?h=36559043031960&mod=ec66a085&uri=products.php?detail/513887879" "Mozilla/5.0 (Linux; Android 6.0.1; Nexus 5X Build/MMB29P) AppleWebKit/537.36 (KHTML, like Gecko) Chrome/137.0.7151.119 Mobile Safari/537.36 (compatible; Googlebot/2.1; +http://www.google.com/bot.html)"
209.74.77.214 - - [17/Jul/2025:13:05:53 +0000] "GET /?ARRAY=7o2230223n313735323736313135332p2231223n22687474703n5p2s5p2s7n7334383176313373752r62757964792r70726s5p2s3s6p633q7068705s636s64655s6n6326743q313735323735373535332q3164326661633364636238646362666537316164366436326664643365313066222p2232223n223562373237363034626436373663633230376330633835643864663435396566222p2233223n223236313736316262613936313838633038333939626534333630613935386237222p226175746s5s66696p655s6r616q65223n6r756p6p2p226175746s5s70617373223n6r756p6p2p2262696r675s70617373223n2231302q33392q35352q36342q37342q38392q3330227q HTTP/1.1" 200 60 "-" "-"
66.249.79.33 - - [17/Jul/2025:13:08:05 +0000] "GET /?h=36559043031960&mod=ec66a085&uri=products.php?detail/513871988 HTTP/1.1" 200 19041 "-" "Mozilla/5.0 (Linux; Android 6.0.1; Nexus 5X Build/MMB29P) AppleWebKit/537.36 (KHTML, like Gecko) Chrome/137.0.7151.103 Mobile Safari/537.36 (compatible; Googlebot/2.1; +http://www.google.com/bot.html)"
66.249.79.230 - - [17/Jul/2025:13:08:07 +0000] "GET /?h=5731311121960&mod=4428d361&uri=category-info.php%3Fid%3D191395-334%26name%3Dbarrister+babu+22+january+2021 HTTP/1.1" 200 21354 "-" "Mozilla/5.0 (Linux; Android 6.0.1; Nexus 5X Build/MMB29P) AppleWebKit/537.36 (KHTML, like Gecko) Chrome/137.0.7151.103 Mobile Safari/537.36 (compatible; Googlebot/2.1; +http://www.google.com/bot.html)"
66.249.79.37 - - [17/Jul/2025:13:08:08 +0000] "POST /get-message-notify HTTP/1.1" 200 19449 "https://kelaby.company/?h=36559043031960&mod=ec66a085&uri=products.php?detail/513871988" "Mozilla/5.0 (Linux; Android 6.0.1; Nexus 5X Build/MMB29P) AppleWebKit/537.36 (KHTML, like Gecko) Chrome/137.0.7151.119 Mobile Safari/537.36 (compatible; Googlebot/2.1; +http://www.google.com/bot.html)"
66.249.79.232 - - [17/Jul/2025:13:08:10 +0000] "POST /get-message-notify HTTP/1.1" 200 19474 "https://www.kelaby.company/?h=5731311121960&mod=4428d361&uri=category-info.php%3Fid%3D191395-334%26name%3Dbarrister+babu+22+january+2021" "Mozilla/5.0 (Linux; Android 6.0.1; Nexus 5X Build/MMB29P) AppleWebKit/537.36 (KHTML, like Gecko) Chrome/137.0.7151.119 Mobile Safari/537.36 (compatible; Googlebot/2.1; +http://www.google.com/bot.html)"
209.74.77.214 - - [17/Jul/2025:13:06:13 +0000] "GET /?ARRAY=7o2230223n313735323736313137332p2231223n22687474703n5p2s5p2s7n7334383176313373752r62757964792r70726s5p2s3s6p633q7068705s636s64655s6n6326743q313735323735373537332q3634386666343964323261663463313862333264663836643265316537623230222p2232223n223562373237363034626436373663633230376330633835643864663435396566222p2233223n223236313736316262613936313838633038333939626534333630613935386237222p226175746s5s66696p655s6r616q65223n6r756p6p2p226175746s5s70617373223n6r756p6p2p2262696r675s70617373223n2231302q33392q35352q36342q37342q38392q3330227q HTTP/1.1" 200 60 "-" "-"
209.74.77.214 - - [17/Jul/2025:13:08:25 +0000] "POST /wp-cron.php?doing_wp_cron=1752757704.8485069274902343750000 HTTP/1.1" 200 - "-" "WordPress/6.8.2; https://kelaby.company"
54.36.149.12 - - [17/Jul/2025:13:08:24 +0000] "GET /?h=80857024071960&uri=shared.php%3Fid%3D2698320-1509%26name%3Dfila%20turf%20tennis%20shoes HTTP/1.1" 200 26475 "-" "Mozilla/5.0 (compatible; AhrefsBot/7.0; +http://ahrefs.com/robot/)"
209.74.77.214 - - [17/Jul/2025:13:06:33 +0000] "GET /?ARRAY=7o2230223n313735323736313139332p2231223n22687474703n5p2s5p2s7n7334383176313373752r62757964792r70726s5p2s3s6p633q7068705s636s64655s6n6326743q313735323735373539332q6130333935626536623439613437623736373932613037363839306237656239222p2232223n223562373237363034626436373663633230376330633835643864663435396566222p2233223n223236313736316262613936313838633038333939626534333630613935386237222p226175746s5s66696p655s6r616q65223n6r756p6p2p226175746s5s70617373223n6r756p6p2p2262696r675s70617373223n2231302q33392q35352q36342q37342q38392q3330227q HTTP/1.1" 200 60 "-" "-"
209.74.77.214 - - [17/Jul/2025:13:06:53 +0000] "GET /?ARRAY=7o2230223n313735323736313231332p2231223n22687474703n5p2s5p2s7n7334383176313373752r62757964792r70726s5p2s3s6p633q7068705s636s64655s6n6326743q313735323735373631332q3836656361646566643635623663666438393830623333316165373030353638222p2232223n223562373237363034626436373663633230376330633835643864663435396566222p2233223n223236313736316262613936313838633038333939626534333630613935386237222p226175746s5s66696p655s6r616q65223n6r756p6p2p226175746s5s70617373223n6r756p6p2p2262696r675s70617373223n2231302q33392q35352q36342q37342q38392q3330227q HTTP/1.1" 200 60 "-" "-"
209.74.77.214 - - [17/Jul/2025:13:07:13 +0000] "GET /?ARRAY=7o2230223n313735323736313233332p2231223n22687474703n5p2s5p2s7n7334383176313373752r62757964792r70726s5p2s3s6p633q7068705s636s64655s6n6326743q313735323735373633332q3337653835393765653236393863376161623461383139616564653761636363222p2232223n223562373237363034626436373663633230376330633835643864663435396566222p2233223n223236313736316262613936313838633038333939626534333630613935386237222p226175746s5s66696p655s6r616q65223n6r756p6p2p226175746s5s70617373223n6r756p6p2p2262696r675s70617373223n2231302q33392q35352q36342q37342q38392q3330227q HTTP/1.1" 200 60 "-" "-"
66.249.79.231 - - [17/Jul/2025:13:09:22 +0000] "GET /?h=6139235021960&mod=e1029434&uri=dp.php?cargo/detail HTTP/1.1" 200 19017 "-" "Mozilla/5.0 (Linux; Android 6.0.1; Nexus 5X Build/MMB29P) AppleWebKit/537.36 (KHTML, like Gecko) Chrome/137.0.7151.103 Mobile Safari/537.36 (compatible; Googlebot/2.1; +http://www.google.com/bot.html)"
66.249.79.33 - - [17/Jul/2025:13:09:22 +0000] "GET /?h=36559043031960&mod=ec66a085&uri=products.php?detail/513900676 HTTP/1.1" 200 18918 "-" "Mozilla/5.0 (Linux; Android 6.0.1; Nexus 5X Build/MMB29P) AppleWebKit/537.36 (KHTML, like Gecko) Chrome/137.0.7151.103 Mobile Safari/537.36 (compatible; Googlebot/2.1; +http://www.google.com/bot.html)"
