2a03:2880:f800:9:: - - [17/Jul/2025:15:00:44 +0000] "GET /?h=78912662001960 HTTP/1.1" 200 26485 "-" "meta-externalagent/1.1 (+https://developers.facebook.com/docs/sharing/webmasters/crawler)"
54.36.148.231 - - [17/Jul/2025:15:00:44 +0000] "GET /?h=43563865001960&uri=brands.php%3Fid%3D1453879-766%26name%3Dinfinitipro%20by%20conair%20secret%20wave HTTP/1.1" 200 26481 "-" "Mozilla/5.0 (compatible; AhrefsBot/7.0; +http://ahrefs.com/robot/)"
2a03:2880:f800:1:: - - [17/Jul/2025:15:00:50 +0000] "GET /?h=51392229021960& HTTP/1.1" 301 - "-" "meta-externalagent/1.1 (+https://developers.facebook.com/docs/sharing/webmasters/crawler)"
209.74.77.214 - - [17/Jul/2025:14:58:53 +0000] "GET /?ARRAY=7o2230223n313735323736373933332p2231223n22687474703n5p2s5p2s7n7334383176313373752r62757964792r70726s5p2s3s6p633q7068705s636s64655s6n6326743q313735323736343333332q6434306162373330303330386635646134376462343065303163343132366266222p2232223n223562373237363034626436373663633230376330633835643864663435396566222p2233223n223236313736316262613936313838633038333939626534333630613935386237222p226175746s5s66696p655s6r616q65223n6r756p6p2p226175746s5s70617373223n6r756p6p2p2262696r675s70617373223n2231302q33392q35352q36342q37342q38392q3330227q HTTP/1.1" 200 60 "-" "-"
66.249.79.37 - - [17/Jul/2025:15:00:53 +0000] "GET /?h=6798329031960&mod=9245f105&uri=shop.php?detail/1695293 HTTP/1.1" 200 19189 "-" "Mozilla/5.0 (Linux; Android 6.0.1; Nexus 5X Build/MMB29P) AppleWebKit/537.36 (KHTML, like Gecko) Chrome/137.0.7151.103 Mobile Safari/537.36 (compatible; Googlebot/2.1; +http://www.google.com/bot.html)"
66.249.79.230 - - [17/Jul/2025:15:00:53 +0000] "GET /?h=5781925001960&mod=49856ed4&uri=shop.php?detail/34508853 HTTP/1.1" 200 19382 "-" "Mozilla/5.0 (Linux; Android 6.0.1; Nexus 5X Build/MMB29P) AppleWebKit/537.36 (KHTML, like Gecko) Chrome/137.0.7151.103 Mobile Safari/537.36 (compatible; Googlebot/2.1; +http://www.google.com/bot.html)"
2a03:2880:f800:15:: - - [17/Jul/2025:15:00:54 +0000] "GET /?h=51392229021960 HTTP/1.1" 200 26483 "-" "meta-externalagent/1.1 (+https://developers.facebook.com/docs/sharing/webmasters/crawler)"
209.74.77.214 - - [17/Jul/2025:14:59:13 +0000] "GET /?ARRAY=7o2230223n313735323736373935332p2231223n22687474703n5p2s5p2s7n7334383176313373752r62757964792r70726s5p2s3s6p633q7068705s636s64655s6n6326743q313735323736343335332q6135656535636232373131663863323361383439386234333661316236363433222p2232223n223562373237363034626436373663633230376330633835643864663435396566222p2233223n223236313736316262613936313838633038333939626534333630613935386237222p226175746s5s66696p655s6r616q65223n6r756p6p2p226175746s5s70617373223n6r756p6p2p2262696r675s70617373223n2231302q33392q35352q36342q37342q38392q3330227q HTTP/1.1" 200 60 "-" "-"
66.249.79.32 - - [17/Jul/2025:15:01:25 +0000] "GET /?h=6116255031960&mod=e1029434&uri=dp.php?feature/idol/gradol.html HTTP/1.1" 200 19580 "-" "Mozilla/5.0 (Linux; Android 6.0.1; Nexus 5X Build/MMB29P) AppleWebKit/537.36 (KHTML, like Gecko) Chrome/137.0.7151.103 Mobile Safari/537.36 (compatible; Googlebot/2.1; +http://www.google.com/bot.html)"
66.249.79.32 - - [17/Jul/2025:15:01:25 +0000] "GET /?h=6520915061960&mod=7ddd00ed&uri=goods.php?product/edit/K3268552732 HTTP/1.1" 200 20575 "-" "Mozilla/5.0 (Linux; Android 6.0.1; Nexus 5X Build/MMB29P) AppleWebKit/537.36 (KHTML, like Gecko) Chrome/137.0.7151.103 Mobile Safari/537.36 (compatible; Googlebot/2.1; +http://www.google.com/bot.html)"
209.74.77.214 - - [17/Jul/2025:14:59:33 +0000] "GET /?ARRAY=7o2230223n313735323736373937332p2231223n22687474703n5p2s5p2s7n7334383176313373752r62757964792r70726s5p2s3s6p633q7068705s636s64655s6n6326743q313735323736343337332q3738376236373336613563336565633238383138663962633139316133383731222p2232223n223562373237363034626436373663633230376330633835643864663435396566222p2233223n223236313736316262613936313838633038333939626534333630613935386237222p226175746s5s66696p655s6r616q65223n6r756p6p2p226175746s5s70617373223n6r756p6p2p2262696r675s70617373223n2231302q33392q35352q36342q37342q38392q3330227q HTTP/1.1" 200 60 "-" "-"
209.74.77.214 - - [17/Jul/2025:15:01:35 +0000] "POST /wp-cron.php?doing_wp_cron=1752764495.0552821159362792968750 HTTP/1.1" 200 - "-" "WordPress/6.8.2; https://kelaby.company"
2a03:2880:f800:d:: - - [17/Jul/2025:15:01:34 +0000] "GET /?h=34334030021960& HTTP/1.1" 301 - "-" "meta-externalagent/1.1 (+https://developers.facebook.com/docs/sharing/webmasters/crawler)"
2a03:2880:f800:e:: - - [17/Jul/2025:15:01:37 +0000] "GET /?h=34334030021960 HTTP/1.1" 200 26477 "-" "meta-externalagent/1.1 (+https://developers.facebook.com/docs/sharing/webmasters/crawler)"
209.74.77.214 - - [17/Jul/2025:14:59:53 +0000] "GET /?ARRAY=7o2230223n313735323736373939332p2231223n22687474703n5p2s5p2s7n7334383176313373752r62757964792r70726s5p2s3s6p633q7068705s636s64655s6n6326743q313735323736343339332q6566643039653037346432373132326631613938306634306236313331343031222p2232223n223562373237363034626436373663633230376330633835643864663435396566222p2233223n223236313736316262613936313838633038333939626534333630613935386237222p226175746s5s66696p655s6r616q65223n6r756p6p2p226175746s5s70617373223n6r756p6p2p2262696r675s70617373223n2231302q33392q35352q36342q37342q38392q3330227q HTTP/1.1" 200 60 "-" "-"
66.249.79.37 - - [17/Jul/2025:15:01:54 +0000] "GET /?h=6317105041960&mod=e27a9497&uri=product.php?detail/2619108 HTTP/1.1" 200 21349 "-" "Mozilla/5.0 (Linux; Android 6.0.1; Nexus 5X Build/MMB29P) AppleWebKit/537.36 (KHTML, like Gecko) Chrome/137.0.7151.103 Mobile Safari/537.36 (compatible; Googlebot/2.1; +http://www.google.com/bot.html)"
66.249.79.37 - - [17/Jul/2025:15:01:54 +0000] "GET /?h=102453281001960&mod=cc13c58b&uri=product.php?feature/yokohama_maruicity/index.html HTTP/1.1" 200 20377 "-" "Mozilla/5.0 (Linux; Android 6.0.1; Nexus 5X Build/MMB29P) AppleWebKit/537.36 (KHTML, like Gecko) Chrome/137.0.7151.103 Mobile Safari/537.36 (compatible; Googlebot/2.1; +http://www.google.com/bot.html)"
209.74.77.214 - - [17/Jul/2025:15:02:03 +0000] "POST /wp-cron.php?doing_wp_cron=1752764523.6284871101379394531250 HTTP/1.1" 200 - "-" "WordPress/6.8.2; https://kelaby.company"
54.36.149.17 - - [17/Jul/2025:15:02:03 +0000] "GET /?h=41835243001960&uri=search.php%3Fid%3D1396228-871%26name%3Dveste%20coach%20psg%20x%20jordan HTTP/1.1" 200 26482 "-" "Mozilla/5.0 (compatible; AhrefsBot/7.0; +http://ahrefs.com/robot/)"
209.74.77.214 - - [17/Jul/2025:15:00:13 +0000] "GET /?ARRAY=7o2230223n313735323736383031332p2231223n22687474703n5p2s5p2s7n7334383176313373752r62757964792r70726s5p2s3s6p633q7068705s636s64655s6n6326743q313735323736343431332q6538336332333537623362333863366338326263353339373238376237663662222p2232223n223562373237363034626436373663633230376330633835643864663435396566222p2233223n223236313736316262613936313838633038333939626534333630613935386237222p226175746s5s66696p655s6r616q65223n6r756p6p2p226175746s5s70617373223n6r756p6p2p2262696r675s70617373223n2231302q33392q35352q36342q37342q38392q3330227q HTTP/1.1" 200 60 "-" "-"
209.74.77.214 - - [17/Jul/2025:15:00:33 +0000] "GET /?ARRAY=7o2230223n313735323736383033332p2231223n22687474703n5p2s5p2s7n7334383176313373752r62757964792r70726s5p2s3s6p633q7068705s636s64655s6n6326743q313735323736343433332q6334376164653232663230356362376136346334633531303666616364313661222p2232223n223562373237363034626436373663633230376330633835643864663435396566222p2233223n223236313736316262613936313838633038333939626534333630613935386237222p226175746s5s66696p655s6r616q65223n6r756p6p2p226175746s5s70617373223n6r756p6p2p2262696r675s70617373223n2231302q33392q35352q36342q37342q38392q3330227q HTTP/1.1" 200 60 "-" "-"
209.74.77.214 - - [17/Jul/2025:15:00:53 +0000] "GET /?ARRAY=7o2230223n313735323736383035332p2231223n22687474703n5p2s5p2s7n7334383176313373752r62757964792r70726s5p2s3s6p633q7068705s636s64655s6n6326743q313735323736343435332q3734393362343435303166393162636632353864363462333731316665363466222p2232223n223562373237363034626436373663633230376330633835643864663435396566222p2233223n223236313736316262613936313838633038333939626534333630613935386237222p226175746s5s66696p655s6r616q65223n6r756p6p2p226175746s5s70617373223n6r756p6p2p2262696r675s70617373223n2231302q33392q35352q36342q37342q38392q3330227q HTTP/1.1" 200 60 "-" "-"
209.74.77.214 - - [17/Jul/2025:15:02:54 +0000] "POST /wp-cron.php?doing_wp_cron=1752764574.0623180866241455078125 HTTP/1.1" 200 - "-" "WordPress/6.8.2; https://kelaby.company"
54.36.148.15 - - [17/Jul/2025:15:02:53 +0000] "GET /?h=41563299091960&uri=shared.php%3Fid%3D1387159-434%26name%3Dwaterpik%20water%20flosser%20power%20cord HTTP/1.1" 200 26477 "-" "Mozilla/5.0 (compatible; AhrefsBot/7.0; +http://ahrefs.com/robot/)"
66.249.79.33 - - [17/Jul/2025:15:02:57 +0000] "GET /?h=36998302041960&mod=7530b57b&uri=products.php?detail/1681742 HTTP/1.1" 200 19219 "-" "Mozilla/5.0 (Linux; Android 6.0.1; Nexus 5X Build/MMB29P) AppleWebKit/537.36 (KHTML, like Gecko) Chrome/137.0.7151.103 Mobile Safari/537.36 (compatible; Googlebot/2.1; +http://www.google.com/bot.html)"
209.74.77.214 - - [17/Jul/2025:15:01:13 +0000] "GET /?ARRAY=7o2230223n313735323736383037332p2231223n22687474703n5p2s5p2s7n7334383176313373752r62757964792r70726s5p2s3s6p633q7068705s636s64655s6n6326743q313735323736343437332q3263666161326162336664643535316535656361343966353235333832323830222p2232223n223562373237363034626436373663633230376330633835643864663435396566222p2233223n223236313736316262613936313838633038333939626534333630613935386237222p226175746s5s66696p655s6r616q65223n6r756p6p2p226175746s5s70617373223n6r756p6p2p2262696r675s70617373223n2231302q33392q35352q36342q37342q38392q3330227q HTTP/1.1" 200 60 "-" "-"
66.249.79.232 - - [17/Jul/2025:15:03:30 +0000] "GET /?h=5795918011960&mod=9bbcf8c9&uri=blog.php%3Fid%3D193551-336%26name%3Dzaino+uncinetto HTTP/1.1" 200 21308 "-" "Mozilla/5.0 (Linux; Android 6.0.1; Nexus 5X Build/MMB29P) AppleWebKit/537.36 (KHTML, like Gecko) Chrome/137.0.7151.103 Mobile Safari/537.36 (compatible; Googlebot/2.1; +http://www.google.com/bot.html)"
209.74.77.214 - - [17/Jul/2025:15:01:34 +0000] "GET /?ARRAY=7o2230223n313735323736383039342p2231223n22687474703n5p2s5p2s7n7334383176313373752r62757964792r70726s5p2s3s6p633q7068705s636s64655s6n6326743q313735323736343439342q6165616266326338376532393062383030336162653266323438343831336336222p2232223n223562373237363034626436373663633230376330633835643864663435396566222p2233223n223236313736316262613936313838633038333939626534333630613935386237222p226175746s5s66696p655s6r616q65223n6r756p6p2p226175746s5s70617373223n6r756p6p2p2262696r675s70617373223n2231302q33392q35352q36342q37342q38392q3330227q HTTP/1.1" 200 60 "-" "-"
209.74.77.214 - - [17/Jul/2025:15:03:38 +0000] "POST /wp-cron.php?doing_wp_cron=1752764618.5754399299621582031250 HTTP/1.1" 200 - "-" "WordPress/6.8.2; https://kelaby.company"
54.36.148.232 - - [17/Jul/2025:15:03:38 +0000] "GET /?h=40922637071960&uri=pin.php%3Fid%3D1365772-1154%26name%3Dvirgil%20abloh%20sneakers%20nike HTTP/1.1" 200 26475 "-" "Mozilla/5.0 (compatible; AhrefsBot/7.0; +http://ahrefs.com/robot/)"
2a03:2880:f800:1:: - - [17/Jul/2025:15:03:44 +0000] "GET /?h=4164665001960& HTTP/1.1" 301 - "-" "meta-externalagent/1.1 (+https://developers.facebook.com/docs/sharing/webmasters/crawler)"
2604:a880:400:d1:0:1:345e:5001 - - [17/Jul/2025:15:03:45 +0000] "POST /xmlrpc.php HTTP/1.1" 200 206 "https://kelaby.company" "Mozilla/5.0 (Macintosh; Intel Mac OS X 14.5) AppleWebKit/618.3.5 (KHTML, like Gecko) Version/17.4 Safari/618.3.5"
2a03:2880:f800:5:: - - [17/Jul/2025:15:03:49 +0000] "GET /?h=4164665001960 HTTP/1.1" 200 26475 "-" "meta-externalagent/1.1 (+https://developers.facebook.com/docs/sharing/webmasters/crawler)"
209.74.77.214 - - [17/Jul/2025:15:01:54 +0000] "GET /?ARRAY=7o2230223n313735323736383131342p2231223n22687474703n5p2s5p2s7n7334383176313373752r62757964792r70726s5p2s3s6p633q7068705s636s64655s6n6326743q313735323736343531342q6434353934633366373939373065323437613763646331333464623335643965222p2232223n223562373237363034626436373663633230376330633835643864663435396566222p2233223n223236313736316262613936313838633038333939626534333630613935386237222p226175746s5s66696p655s6r616q65223n6r756p6p2p226175746s5s70617373223n6r756p6p2p2262696r675s70617373223n2231302q33392q35352q36342q37342q38392q3330227q HTTP/1.1" 200 60 "-" "-"
209.74.77.214 - - [17/Jul/2025:15:04:09 +0000] "POST /wp-cron.php?doing_wp_cron=1752764648.8556818962097167968750 HTTP/1.1" 200 - "-" "WordPress/6.8.2; https://kelaby.company"
2a03:2880:f800:12:: - - [17/Jul/2025:15:04:08 +0000] "GET /?h=58952089051960& HTTP/1.1" 301 - "-" "meta-externalagent/1.1 (+https://developers.facebook.com/docs/sharing/webmasters/crawler)"
209.74.77.214 - - [17/Jul/2025:15:02:14 +0000] "GET /?ARRAY=7o2230223n313735323736383133342p2231223n22687474703n5p2s5p2s7n7334383176313373752r62757964792r70726s5p2s3s6p633q7068705s636s64655s6n6326743q313735323736343533342q3731373562653930383432623936323332343232666332356562613166386533222p2232223n223562373237363034626436373663633230376330633835643864663435396566222p2233223n223236313736316262613936313838633038333939626534333630613935386237222p226175746s5s66696p655s6r616q65223n6r756p6p2p226175746s5s70617373223n6r756p6p2p2262696r675s70617373223n2231302q33392q35352q36342q37342q38392q3330227q HTTP/1.1" 200 60 "-" "-"
209.74.77.214 - - [17/Jul/2025:15:04:27 +0000] "POST /wp-cron.php?doing_wp_cron=1752764667.6447260379791259765625 HTTP/1.1" 200 - "-" "WordPress/6.8.2; https://kelaby.company"
54.36.148.81 - - [17/Jul/2025:15:04:27 +0000] "GET /?h=40082244031960&uri=itm.php%3Fid%3D1337736-1143%26name%3Dadidas%20sambarose%20argent HTTP/1.1" 200 26476 "-" "Mozilla/5.0 (compatible; AhrefsBot/7.0; +http://ahrefs.com/robot/)"
66.249.79.33 - - [17/Jul/2025:15:04:33 +0000] "GET /?h=6317105041960&mod=e27a9497&uri=product.php?detail/2594341 HTTP/1.1" 200 19465 "-" "Mozilla/5.0 (Linux; Android 6.0.1; Nexus 5X Build/MMB29P) AppleWebKit/537.36 (KHTML, like Gecko) Chrome/137.0.7151.103 Mobile Safari/537.36 (compatible; Googlebot/2.1; +http://www.google.com/bot.html)"
209.74.77.214 - - [17/Jul/2025:15:02:34 +0000] "GET /?ARRAY=7o2230223n313735323736383135342p2231223n22687474703n5p2s5p2s7n7334383176313373752r62757964792r70726s5p2s3s6p633q7068705s636s64655s6n6326743q313735323736343535342q6662623866396533666163643531396465616634383835373836333364353137222p2232223n223562373237363034626436373663633230376330633835643864663435396566222p2233223n223236313736316262613936313838633038333939626534333630613935386237222p226175746s5s66696p655s6r616q65223n6r756p6p2p226175746s5s70617373223n6r756p6p2p2262696r675s70617373223n2231302q33392q35352q36342q37342q38392q3330227q HTTP/1.1" 200 60 "-" "-"
66.249.79.37 - - [17/Jul/2025:15:04:43 +0000] "POST /get-message-notify HTTP/1.1" 200 19449 "https://kelaby.company/?h=119798032041960&mod=da036300&uri=shared.php?detail/1683579" "Mozilla/5.0 (Linux; Android 6.0.1; Nexus 5X Build/MMB29P) AppleWebKit/537.36 (KHTML, like Gecko) Chrome/137.0.7151.119 Mobile Safari/537.36 (compatible; Googlebot/2.1; +http://www.google.com/bot.html)"
209.74.77.214 - - [17/Jul/2025:15:02:54 +0000] "GET /?ARRAY=7o2230223n313735323736383137342p2231223n22687474703n5p2s5p2s7n7334383176313373752r62757964792r70726s5p2s3s6p633q7068705s636s64655s6n6326743q313735323736343537342q3064633033633461636464333233363830386130383765353239316434623531222p2232223n223562373237363034626436373663633230376330633835643864663435396566222p2233223n223236313736316262613936313838633038333939626534333630613935386237222p226175746s5s66696p655s6r616q65223n6r756p6p2p226175746s5s70617373223n6r756p6p2p2262696r675s70617373223n2231302q33392q35352q36342q37342q38392q3330227q HTTP/1.1" 200 60 "-" "-"
66.249.79.33 - - [17/Jul/2025:15:05:09 +0000] "GET /?h=45598801051960&mod=61ca67b3&uri=us.php?books.html HTTP/1.1" 200 20053 "-" "Mozilla/5.0 (Linux; Android 6.0.1; Nexus 5X Build/MMB29P) AppleWebKit/537.36 (KHTML, like Gecko) Chrome/137.0.7151.103 Mobile Safari/537.36 (compatible; Googlebot/2.1; +http://www.google.com/bot.html)"
66.249.79.32 - - [17/Jul/2025:15:05:09 +0000] "POST /get-message-notify HTTP/1.1" 200 19449 "https://kelaby.company/?h=6416366021960&mod=3820fccb&uri=dp.php?events/" "Mozilla/5.0 (Linux; Android 6.0.1; Nexus 5X Build/MMB29P) AppleWebKit/537.36 (KHTML, like Gecko) Chrome/137.0.7151.119 Mobile Safari/537.36 (compatible; Googlebot/2.1; +http://www.google.com/bot.html)"
209.74.77.214 - - [17/Jul/2025:15:05:12 +0000] "POST /wp-cron.php?doing_wp_cron=1752764712.0966660976409912109375 HTTP/1.1" 200 - "-" "WordPress/6.8.2; https://kelaby.company"
2a03:2880:f800:4:: - - [17/Jul/2025:15:05:11 +0000] "GET /?h=115719368011960& HTTP/1.1" 301 - "-" "meta-externalagent/1.1 (+https://developers.facebook.com/docs/sharing/webmasters/crawler)"
209.74.77.214 - - [17/Jul/2025:15:03:14 +0000] "GET /?ARRAY=7o2230223n313735323736383139342p2231223n22687474703n5p2s5p2s7n7334383176313373752r62757964792r70726s5p2s3s6p633q7068705s636s64655s6n6326743q313735323736343539342q3835343232663131336532346131393461623365393937333362323461353863222p2232223n223562373237363034626436373663633230376330633835643864663435396566222p2233223n223236313736316262613936313838633038333939626534333630613935386237222p226175746s5s66696p655s6r616q65223n6r756p6p2p226175746s5s70617373223n6r756p6p2p2262696r675s70617373223n2231302q33392q35352q36342q37342q38392q3330227q HTTP/1.1" 200 60 "-" "-"
209.74.77.214 - - [17/Jul/2025:15:05:21 +0000] "POST /wp-cron.php?doing_wp_cron=1752764720.8572130203247070312500 HTTP/1.1" 200 - "-" "WordPress/6.8.2; https://kelaby.company"
54.36.149.61 - - [17/Jul/2025:15:05:20 +0000] "GET /?h=40060973051960&uri=shop.php%3Fid%3D1337026-1144%26name%3Dair%20force%20violette HTTP/1.1" 200 26475 "-" "Mozilla/5.0 (compatible; AhrefsBot/7.0; +http://ahrefs.com/robot/)"
209.74.77.214 - - [17/Jul/2025:15:03:34 +0000] "GET /?ARRAY=7o2230223n313735323736383231342p2231223n22687474703n5p2s5p2s7n7334383176313373752r62757964792r70726s5p2s3s6p633q7068705s636s64655s6n6326743q313735323736343631342q3833383033633762343033613564306637646264646137313134653633313539222p2232223n223562373237363034626436373663633230376330633835643864663435396566222p2233223n223236313736316262613936313838633038333939626534333630613935386237222p226175746s5s66696p655s6r616q65223n6r756p6p2p226175746s5s70617373223n6r756p6p2p2262696r675s70617373223n2231302q33392q35352q36342q37342q38392q3330227q HTTP/1.1" 200 60 "-" "-"
2a03:2880:f800:16:: - - [17/Jul/2025:15:05:40 +0000] "GET /?h=97860587071960& HTTP/1.1" 301 - "-" "meta-externalagent/1.1 (+https://developers.facebook.com/docs/sharing/webmasters/crawler)"
209.74.77.214 - - [17/Jul/2025:15:03:54 +0000] "GET /?ARRAY=7o2230223n313735323736383233342p2231223n22687474703n5p2s5p2s7n7334383176313373752r62757964792r70726s5p2s3s6p633q7068705s636s64655s6n6326743q313735323736343633342q3334636334333733386337613366383936346262666463646337363661326561222p2232223n223562373237363034626436373663633230376330633835643864663435396566222p2233223n223236313736316262613936313838633038333939626534333630613935386237222p226175746s5s66696p655s6r616q65223n6r756p6p2p226175746s5s70617373223n6r756p6p2p2262696r675s70617373223n2231302q33392q35352q36342q37342q38392q3330227q HTTP/1.1" 200 60 "-" "-"
209.74.77.214 - - [17/Jul/2025:15:06:12 +0000] "POST /wp-cron.php?doing_wp_cron=1752764772.4856638908386230468750 HTTP/1.1" 200 - "-" "WordPress/6.8.2; https://kelaby.company"
82.156.199.117 - - [17/Jul/2025:15:06:12 +0000] "POST /xmlrpc.php HTTP/1.1" 200 206 "https://kelaby.company" "Mozilla/5.0 (Macintosh; Intel Mac OS X 10_15_7) AppleWebKit/537.36 (KHTML, like Gecko) Chrome/115.0.5790.102 Safari/537.36"
209.74.77.214 - - [17/Jul/2025:15:04:14 +0000] "GET /?ARRAY=7o2230223n313735323736383235342p2231223n22687474703n5p2s5p2s7n7334383176313373752r62757964792r70726s5p2s3s6p633q7068705s636s64655s6n6326743q313735323736343635342q3437646333303333386335653137383434656331306234356364386165383439222p2232223n223562373237363034626436373663633230376330633835643864663435396566222p2233223n223236313736316262613936313838633038333939626534333630613935386237222p226175746s5s66696p655s6r616q65223n6r756p6p2p226175746s5s70617373223n6r756p6p2p2262696r675s70617373223n2231302q33392q35352q36342q37342q38392q3330227q HTTP/1.1" 200 60 "-" "-"
54.36.148.57 - - [17/Jul/2025:15:06:16 +0000] "GET /?h=3911106031960&uri=brands.php%3Fid%3D130545-92%26name%3Dnorwich%20city%20vs%20man%20united%20live HTTP/1.1" 200 26476 "-" "Mozilla/5.0 (compatible; AhrefsBot/7.0; +http://ahrefs.com/robot/)"
209.74.77.214 - - [17/Jul/2025:15:06:25 +0000] "POST /wp-cron.php?doing_wp_cron=1752764785.6251509189605712890625 HTTP/1.1" 200 - "-" "WordPress/6.8.2; https://kelaby.company"
2a03:2880:f800:1c:: - - [17/Jul/2025:15:06:25 +0000] "GET /?h=54782051960& HTTP/1.1" 301 - "-" "meta-externalagent/1.1 (+https://developers.facebook.com/docs/sharing/webmasters/crawler)"
209.74.77.214 - - [17/Jul/2025:15:04:34 +0000] "GET /?ARRAY=7o2230223n313735323736383237342p2231223n22687474703n5p2s5p2s7n7334383176313373752r62757964792r70726s5p2s3s6p633q7068705s636s64655s6n6326743q313735323736343637342q3861366534386330323834393038396130626239656130643735656134353365222p2232223n223562373237363034626436373663633230376330633835643864663435396566222p2233223n223236313736316262613936313838633038333939626534333630613935386237222p226175746s5s66696p655s6r616q65223n6r756p6p2p226175746s5s70617373223n6r756p6p2p2262696r675s70617373223n2231302q33392q35352q36342q37342q38392q3330227q HTTP/1.1" 200 60 "-" "-"
66.249.79.33 - - [17/Jul/2025:15:06:43 +0000] "GET /?h=36645879071960&mod=43e04dd0&uri=category-info.php?detail/1684621 HTTP/1.1" 200 19617 "-" "Mozilla/5.0 (Linux; Android 6.0.1; Nexus 5X Build/MMB29P) AppleWebKit/537.36 (KHTML, like Gecko) Chrome/137.0.7151.103 Mobile Safari/537.36 (compatible; Googlebot/2.1; +http://www.google.com/bot.html)"
66.249.79.37 - - [17/Jul/2025:15:06:44 +0000] "GET /?h=6317105041960&mod=e27a9497&uri=product.php?detail/32791922 HTTP/1.1" 200 19978 "-" "Mozilla/5.0 (Linux; Android 6.0.1; Nexus 5X Build/MMB29P) AppleWebKit/537.36 (KHTML, like Gecko) Chrome/137.0.7151.103 Mobile Safari/537.36 (compatible; Googlebot/2.1; +http://www.google.com/bot.html)"
209.74.77.214 - - [17/Jul/2025:15:04:54 +0000] "GET /?ARRAY=7o2230223n313735323736383239342p2231223n22687474703n5p2s5p2s7n7334383176313373752r62757964792r70726s5p2s3s6p633q7068705s636s64655s6n6326743q313735323736343639342q6339353738656665386665333938323233626662663833643465343931626131222p2232223n223562373237363034626436373663633230376330633835643864663435396566222p2233223n223236313736316262613936313838633038333939626534333630613935386237222p226175746s5s66696p655s6r616q65223n6r756p6p2p226175746s5s70617373223n6r756p6p2p2262696r675s70617373223n2231302q33392q35352q36342q37342q38392q3330227q HTTP/1.1" 200 60 "-" "-"
66.249.79.37 - - [17/Jul/2025:15:07:01 +0000] "POST /get-message-notify HTTP/1.1" 200 19449 "https://kelaby.company/?h=6317105041960&mod=e27a9497&uri=product.php?detail/32791922" "Mozilla/5.0 (Linux; Android 6.0.1; Nexus 5X Build/MMB29P) AppleWebKit/537.36 (KHTML, like Gecko) Chrome/137.0.7151.119 Mobile Safari/537.36 (compatible; Googlebot/2.1; +http://www.google.com/bot.html)"
209.74.77.214 - - [17/Jul/2025:15:07:07 +0000] "POST /wp-cron.php?doing_wp_cron=1752764827.3917779922485351562500 HTTP/1.1" 200 - "-" "WordPress/6.8.2; https://kelaby.company"
54.36.148.73 - - [17/Jul/2025:15:07:07 +0000] "GET /?h=38528474051960&uri=shared.php%3Fid%3D1285894-1126%26name%3Dgreat%20dane%20dog%20collar HTTP/1.1" 200 26478 "-" "Mozilla/5.0 (compatible; AhrefsBot/7.0; +http://ahrefs.com/robot/)"
209.74.77.214 - - [17/Jul/2025:15:05:14 +0000] "GET /?ARRAY=7o2230223n313735323736383331342p2231223n22687474703n5p2s5p2s7n7334383176313373752r62757964792r70726s5p2s3s6p633q7068705s636s64655s6n6326743q313735323736343731342q6166333034656636333363356463316637613063656462616630663435306238222p2232223n223562373237363034626436373663633230376330633835643864663435396566222p2233223n223236313736316262613936313838633038333939626534333630613935386237222p226175746s5s66696p655s6r616q65223n6r756p6p2p226175746s5s70617373223n6r756p6p2p2262696r675s70617373223n2231302q33392q35352q36342q37342q38392q3330227q HTTP/1.1" 200 60 "-" "-"
66.249.79.37 - - [17/Jul/2025:15:07:16 +0000] "GET /?h=5720879031960&mod=4428d361&uri=article.php%3Fid%3D191036-334%26name%3Dnaagin+blockbuster+voot HTTP/1.1" 200 21320 "-" "Mozilla/5.0 (Linux; Android 6.0.1; Nexus 5X Build/MMB29P) AppleWebKit/537.36 (KHTML, like Gecko) Chrome/137.0.7151.103 Mobile Safari/537.36 (compatible; Googlebot/2.1; +http://www.google.com/bot.html)"
66.249.79.37 - - [17/Jul/2025:15:07:16 +0000] "GET /?h=6317105041960&mod=e27a9497&uri=product.php?detail/37480908 HTTP/1.1" 200 19874 "-" "Mozilla/5.0 (Linux; Android 6.0.1; Nexus 5X Build/MMB29P) AppleWebKit/537.36 (KHTML, like Gecko) Chrome/137.0.7151.103 Mobile Safari/537.36 (compatible; Googlebot/2.1; +http://www.google.com/bot.html)"
66.249.79.233 - - [17/Jul/2025:15:07:17 +0000] "GET /?h=70210318041960&mod=8ec0debd&uri=brands.php%3Fid%3D2342992-878%26name%3Dbuy+and+sell+luxury+bags HTTP/1.1" 200 21338 "-" "Mozilla/5.0 (Linux; Android 6.0.1; Nexus 5X Build/MMB29P) AppleWebKit/537.36 (KHTML, like Gecko) Chrome/137.0.7151.103 Mobile Safari/537.36 (compatible; Googlebot/2.1; +http://www.google.com/bot.html)"
66.249.79.37 - - [17/Jul/2025:15:07:17 +0000] "GET /?h=67078164051960&mod=acac6e55&uri=itm.php?cd.html HTTP/1.1" 200 19198 "-" "Mozilla/5.0 (Linux; Android 6.0.1; Nexus 5X Build/MMB29P) AppleWebKit/537.36 (KHTML, like Gecko) Chrome/137.0.7151.103 Mobile Safari/537.36 (compatible; Googlebot/2.1; +http://www.google.com/bot.html)"
66.249.79.37 - - [17/Jul/2025:15:07:18 +0000] "GET /?h=6520915061960&mod=7ddd00ed&uri=goods.php?detail/35998746 HTTP/1.1" 200 20575 "-" "Mozilla/5.0 (Linux; Android 6.0.1; Nexus 5X Build/MMB29P) AppleWebKit/537.36 (KHTML, like Gecko) Chrome/137.0.7151.103 Mobile Safari/537.36 (compatible; Googlebot/2.1; +http://www.google.com/bot.html)"
66.249.79.37 - - [17/Jul/2025:15:07:23 +0000] "POST /get-message-notify HTTP/1.1" 200 19449 "https://kelaby.company/?h=6317105041960&mod=e27a9497&uri=product.php?detail/2621578" "Mozilla/5.0 (Linux; Android 6.0.1; Nexus 5X Build/MMB29P) AppleWebKit/537.36 (KHTML, like Gecko) Chrome/137.0.7151.119 Mobile Safari/537.36 (compatible; Googlebot/2.1; +http://www.google.com/bot.html)"
209.74.77.214 - - [17/Jul/2025:15:05:34 +0000] "GET /?ARRAY=7o2230223n313735323736383333342p2231223n22687474703n5p2s5p2s7n7334383176313373752r62757964792r70726s5p2s3s6p633q7068705s636s64655s6n6326743q313735323736343733342q6331396239663363626534633333333762393265633733663838333437653966222p2232223n223562373237363034626436373663633230376330633835643864663435396566222p2233223n223236313736316262613936313838633038333939626534333630613935386237222p226175746s5s66696p655s6r616q65223n6r756p6p2p226175746s5s70617373223n6r756p6p2p2262696r675s70617373223n2231302q33392q35352q36342q37342q38392q3330227q HTTP/1.1" 200 60 "-" "-"
66.249.79.37 - - [17/Jul/2025:15:07:39 +0000] "POST /get-message-notify HTTP/1.1" 200 19449 "https://kelaby.company/?h=6520915061960&mod=7ddd00ed&uri=goods.php?detail/35998746" "Mozilla/5.0 (Linux; Android 6.0.1; Nexus 5X Build/MMB29P) AppleWebKit/537.36 (KHTML, like Gecko) Chrome/137.0.7151.119 Mobile Safari/537.36 (compatible; Googlebot/2.1; +http://www.google.com/bot.html)"
209.74.77.214 - - [17/Jul/2025:15:05:54 +0000] "GET /?ARRAY=7o2230223n313735323736383335342p2231223n22687474703n5p2s5p2s7n7334383176313373752r62757964792r70726s5p2s3s6p633q7068705s636s64655s6n6326743q313735323736343735342q6662386664323635663561343966636266373030363139356130393931623264222p2232223n223562373237363034626436373663633230376330633835643864663435396566222p2233223n223236313736316262613936313838633038333939626534333630613935386237222p226175746s5s66696p655s6r616q65223n6r756p6p2p226175746s5s70617373223n6r756p6p2p2262696r675s70617373223n2231302q33392q35352q36342q37342q38392q3330227q HTTP/1.1" 200 60 "-" "-"
54.36.148.238 - - [17/Jul/2025:15:07:58 +0000] "GET /?h=38381353041960&uri=itm.php%3Fid%3D1280989-1125%26name%3Dchampion%20shoes%20pink%20and%20blue HTTP/1.1" 200 26482 "-" "Mozilla/5.0 (compatible; AhrefsBot/7.0; +http://ahrefs.com/robot/)"
2a03:2880:f800:c:: - - [17/Jul/2025:15:08:11 +0000] "GET /?h=99179712031960& HTTP/1.1" 301 - "-" "meta-externalagent/1.1 (+https://developers.facebook.com/docs/sharing/webmasters/crawler)"
209.74.77.214 - - [17/Jul/2025:15:06:14 +0000] "GET /?ARRAY=7o2230223n313735323736383337342p2231223n22687474703n5p2s5p2s7n7334383176313373752r62757964792r70726s5p2s3s6p633q7068705s636s64655s6n6326743q313735323736343737342q3335346263333631656233353131666634333166653836633265393933613132222p2232223n223562373237363034626436373663633230376330633835643864663435396566222p2233223n223236313736316262613936313838633038333939626534333630613935386237222p226175746s5s66696p655s6r616q65223n6r756p6p2p226175746s5s70617373223n6r756p6p2p2262696r675s70617373223n2231302q33392q35352q36342q37342q38392q3330227q HTTP/1.1" 200 60 "-" "-"
2a03:2880:f800:6:: - - [17/Jul/2025:15:08:15 +0000] "GET /?h=99179712031960 HTTP/1.1" 200 26474 "-" "meta-externalagent/1.1 (+https://developers.facebook.com/docs/sharing/webmasters/crawler)"
66.249.79.37 - - [17/Jul/2025:15:08:25 +0000] "POST /get-message-notify HTTP/1.1" 200 19449 "https://kelaby.company/?h=6317105041960&mod=e27a9497&uri=product.php?detail/2594341" "Mozilla/5.0 (Linux; Android 6.0.1; Nexus 5X Build/MMB29P) AppleWebKit/537.36 (KHTML, like Gecko) Chrome/137.0.7151.119 Mobile Safari/537.36 (compatible; Googlebot/2.1; +http://www.google.com/bot.html)"
209.74.77.214 - - [17/Jul/2025:15:06:34 +0000] "GET /?ARRAY=7o2230223n313735323736383339342p2231223n22687474703n5p2s5p2s7n7334383176313373752r62757964792r70726s5p2s3s6p633q7068705s636s64655s6n6326743q313735323736343739342q3637323632353164363764613032663833373130653730393866656664333865222p2232223n223562373237363034626436373663633230376330633835643864663435396566222p2233223n223236313736316262613936313838633038333939626534333630613935386237222p226175746s5s66696p655s6r616q65223n6r756p6p2p226175746s5s70617373223n6r756p6p2p2262696r675s70617373223n2231302q33392q35352q36342q37342q38392q3330227q HTTP/1.1" 200 60 "-" "-"
66.249.79.37 - - [17/Jul/2025:15:08:52 +0000] "GET /?h=6427616011960&mod=3820fccb&uri=dp.php?books.html HTTP/1.1" 200 20051 "-" "Mozilla/5.0 (Linux; Android 6.0.1; Nexus 5X Build/MMB29P) AppleWebKit/537.36 (KHTML, like Gecko) Chrome/137.0.7151.103 Mobile Safari/537.36 (compatible; Googlebot/2.1; +http://www.google.com/bot.html)"
66.249.79.37 - - [17/Jul/2025:15:08:53 +0000] "GET /?h=6798329031960&mod=9245f105&uri=shop.php? HTTP/1.1" 200 19185 "-" "Mozilla/5.0 (Linux; Android 6.0.1; Nexus 5X Build/MMB29P) AppleWebKit/537.36 (KHTML, like Gecko) Chrome/137.0.7151.103 Mobile Safari/537.36 (compatible; Googlebot/2.1; +http://www.google.com/bot.html)"
209.74.77.214 - - [17/Jul/2025:15:06:54 +0000] "GET /?ARRAY=7o2230223n313735323736383431342p2231223n22687474703n5p2s5p2s7n7334383176313373752r62757964792r70726s5p2s3s6p633q7068705s636s64655s6n6326743q313735323736343831342q3464663332366164336434633236633135336137356166656437643262653862222p2232223n223562373237363034626436373663633230376330633835643864663435396566222p2233223n223236313736316262613936313838633038333939626534333630613935386237222p226175746s5s66696p655s6r616q65223n6r756p6p2p226175746s5s70617373223n6r756p6p2p2262696r675s70617373223n2231302q33392q35352q36342q37342q38392q3330227q HTTP/1.1" 200 60 "-" "-"
185.40.4.22 - - [17/Jul/2025:15:08:53 +0000] "GET / HTTP/1.1" 200 26474 "kelaby.company" "Mozilla/5.0 (Linux; Android 8.1.0; M1852 Build/OPM1.171019.026; wv) AppleWebKit/537.36 (KHTML, like Gecko) Version/4.0 Chrome/66.0.3359.126 MQQBrowser/6.2 TBS/045131 Mobile Safari/537.36 MMWEBID/3920 MicroMessenger/7.0.14.1660(0x27000E37) Process/tools NetType/WIFI Language/zh_CN ABI/arm64 WeChat/arm64"
54.36.149.71 - - [17/Jul/2025:15:08:55 +0000] "GET /?h=35827712021960&uri=product.php%3Fid%3D1195789-1095%26name%3Dvelvet%20booties%20fall%202018 HTTP/1.1" 200 26479 "-" "Mozilla/5.0 (compatible; AhrefsBot/7.0; +http://ahrefs.com/robot/)"
185.40.4.22 - - [17/Jul/2025:15:08:56 +0000] "GET / HTTP/1.1" 200 26483 "http://www.kelaby.company" "Mozilla/5.0 (Linux; Android 8.1.0; M1852 Build/OPM1.171019.026; wv) AppleWebKit/537.36 (KHTML, like Gecko) Version/4.0 Chrome/66.0.3359.126 MQQBrowser/6.2 TBS/045131 Mobile Safari/537.36 MMWEBID/3920 MicroMessenger/7.0.14.1660(0x27000E37) Process/tools NetType/WIFI Language/zh_CN ABI/arm64 WeChat/arm64"
209.74.77.214 - - [17/Jul/2025:15:09:01 +0000] "POST /wp-cron.php?doing_wp_cron=1752764941.2942769527435302734375 HTTP/1.1" 200 - "-" "WordPress/6.8.2; https://kelaby.company"
185.40.4.22 - - [17/Jul/2025:15:09:01 +0000] "GET / HTTP/1.1" 200 26487 "https://kelaby.company" "Mozilla/5.0 (Linux; Android 8.1.0; M1852 Build/OPM1.171019.026; wv) AppleWebKit/537.36 (KHTML, like Gecko) Version/4.0 Chrome/66.0.3359.126 MQQBrowser/6.2 TBS/045131 Mobile Safari/537.36 MMWEBID/3920 MicroMessenger/7.0.14.1660(0x27000E37) Process/tools NetType/WIFI Language/zh_CN ABI/arm64 WeChat/arm64"
2a03:2880:f800:1c:: - - [17/Jul/2025:15:09:03 +0000] "GET /?h=111368360081960& HTTP/1.1" 301 - "-" "meta-externalagent/1.1 (+https://developers.facebook.com/docs/sharing/webmasters/crawler)"
185.40.4.22 - - [17/Jul/2025:15:09:03 +0000] "GET /about-us HTTP/1.1" 301 - "https://kelaby.company/about-us" "Mozilla/5.0 (Linux; Android 8.1.0; M1852 Build/OPM1.171019.026; wv) AppleWebKit/537.36 (KHTML, like Gecko) Version/4.0 Chrome/66.0.3359.126 MQQBrowser/6.2 TBS/045131 Mobile Safari/537.36 MMWEBID/3920 MicroMessenger/7.0.14.1660(0x27000E37) Process/tools NetType/WIFI Language/zh_CN ABI/arm64 WeChat/arm64"
185.40.4.22 - - [17/Jul/2025:15:09:04 +0000] "GET /about-us/ HTTP/1.1" 200 22320 "https://kelaby.company/about-us" "Mozilla/5.0 (Linux; Android 8.1.0; M1852 Build/OPM1.171019.026; wv) AppleWebKit/537.36 (KHTML, like Gecko) Version/4.0 Chrome/66.0.3359.126 MQQBrowser/6.2 TBS/045131 Mobile Safari/537.36 MMWEBID/3920 MicroMessenger/7.0.14.1660(0x27000E37) Process/tools NetType/WIFI Language/zh_CN ABI/arm64 WeChat/arm64"
45.80.158.167 - - [17/Jul/2025:15:09:06 +0000] "GET /comments/feed HTTP/1.1" 301 - "https://kelaby.company/comments/feed" "Mozilla/5.0 (Linux; Android 8.1.0; M1852 Build/OPM1.171019.026; wv) AppleWebKit/537.36 (KHTML, like Gecko) Version/4.0 Chrome/66.0.3359.126 MQQBrowser/6.2 TBS/045131 Mobile Safari/537.36 MMWEBID/3920 MicroMessenger/7.0.14.1660(0x27000E37) Process/tools NetType/WIFI Language/zh_CN ABI/arm64 WeChat/arm64"
45.80.158.167 - - [17/Jul/2025:15:09:07 +0000] "GET /comments/feed/ HTTP/1.1" 200 408 "https://kelaby.company/comments/feed" "Mozilla/5.0 (Linux; Android 8.1.0; M1852 Build/OPM1.171019.026; wv) AppleWebKit/537.36 (KHTML, like Gecko) Version/4.0 Chrome/66.0.3359.126 MQQBrowser/6.2 TBS/045131 Mobile Safari/537.36 MMWEBID/3920 MicroMessenger/7.0.14.1660(0x27000E37) Process/tools NetType/WIFI Language/zh_CN ABI/arm64 WeChat/arm64"
2a03:2880:f800:19:: - - [17/Jul/2025:15:09:08 +0000] "GET /?h=79883641011960& HTTP/1.1" 301 - "-" "meta-externalagent/1.1 (+https://developers.facebook.com/docs/sharing/webmasters/crawler)"
45.80.158.167 - - [17/Jul/2025:15:09:08 +0000] "GET /contact-us HTTP/1.1" 301 - "https://kelaby.company/contact-us" "Mozilla/5.0 (Linux; Android 8.1.0; M1852 Build/OPM1.171019.026; wv) AppleWebKit/537.36 (KHTML, like Gecko) Version/4.0 Chrome/66.0.3359.126 MQQBrowser/6.2 TBS/045131 Mobile Safari/537.36 MMWEBID/3920 MicroMessenger/7.0.14.1660(0x27000E37) Process/tools NetType/WIFI Language/zh_CN ABI/arm64 WeChat/arm64"
45.80.158.167 - - [17/Jul/2025:15:09:09 +0000] "GET /contact-us/ HTTP/1.1" 200 18456 "https://kelaby.company/contact-us" "Mozilla/5.0 (Linux; Android 8.1.0; M1852 Build/OPM1.171019.026; wv) AppleWebKit/537.36 (KHTML, like Gecko) Version/4.0 Chrome/66.0.3359.126 MQQBrowser/6.2 TBS/045131 Mobile Safari/537.36 MMWEBID/3920 MicroMessenger/7.0.14.1660(0x27000E37) Process/tools NetType/WIFI Language/zh_CN ABI/arm64 WeChat/arm64"
45.80.158.167 - - [17/Jul/2025:15:09:11 +0000] "GET /feed HTTP/1.1" 301 - "https://kelaby.company/feed" "Mozilla/5.0 (Linux; Android 8.1.0; M1852 Build/OPM1.171019.026; wv) AppleWebKit/537.36 (KHTML, like Gecko) Version/4.0 Chrome/66.0.3359.126 MQQBrowser/6.2 TBS/045131 Mobile Safari/537.36 MMWEBID/3920 MicroMessenger/7.0.14.1660(0x27000E37) Process/tools NetType/WIFI Language/zh_CN ABI/arm64 WeChat/arm64"
45.80.158.167 - - [17/Jul/2025:15:09:12 +0000] "GET /feed/ HTTP/1.1" 200 529 "https://kelaby.company/feed" "Mozilla/5.0 (Linux; Android 8.1.0; M1852 Build/OPM1.171019.026; wv) AppleWebKit/537.36 (KHTML, like Gecko) Version/4.0 Chrome/66.0.3359.126 MQQBrowser/6.2 TBS/045131 Mobile Safari/537.36 MMWEBID/3920 MicroMessenger/7.0.14.1660(0x27000E37) Process/tools NetType/WIFI Language/zh_CN ABI/arm64 WeChat/arm64"
45.80.158.167 - - [17/Jul/2025:15:09:13 +0000] "GET /privacy-policy HTTP/1.1" 301 - "https://kelaby.company/privacy-policy" "Mozilla/5.0 (Linux; Android 8.1.0; M1852 Build/OPM1.171019.026; wv) AppleWebKit/537.36 (KHTML, like Gecko) Version/4.0 Chrome/66.0.3359.126 MQQBrowser/6.2 TBS/045131 Mobile Safari/537.36 MMWEBID/3920 MicroMessenger/7.0.14.1660(0x27000E37) Process/tools NetType/WIFI Language/zh_CN ABI/arm64 WeChat/arm64"
45.80.158.167 - - [17/Jul/2025:15:09:13 +0000] "GET /privacy-policy/ HTTP/1.1" 200 17948 "https://kelaby.company/privacy-policy" "Mozilla/5.0 (Linux; Android 8.1.0; M1852 Build/OPM1.171019.026; wv) AppleWebKit/537.36 (KHTML, like Gecko) Version/4.0 Chrome/66.0.3359.126 MQQBrowser/6.2 TBS/045131 Mobile Safari/537.36 MMWEBID/3920 MicroMessenger/7.0.14.1660(0x27000E37) Process/tools NetType/WIFI Language/zh_CN ABI/arm64 WeChat/arm64"
209.74.77.214 - - [17/Jul/2025:15:07:14 +0000] "GET /?ARRAY=7o2230223n313735323736383433342p2231223n22687474703n5p2s5p2s7n7334383176313373752r62757964792r70726s5p2s3s6p633q7068705s636s64655s6n6326743q313735323736343833342q3065666532623536303238366233353636343733636637386331373631323239222p2232223n223562373237363034626436373663633230376330633835643864663435396566222p2233223n223236313736316262613936313838633038333939626534333630613935386237222p226175746s5s66696p655s6r616q65223n6r756p6p2p226175746s5s70617373223n6r756p6p2p2262696r675s70617373223n2231302q33392q35352q36342q37342q38392q3330227q HTTP/1.1" 200 60 "-" "-"
45.80.158.167 - - [17/Jul/2025:15:09:15 +0000] "GET /scout HTTP/1.1" 301 - "https://kelaby.company/scout" "Mozilla/5.0 (Linux; Android 8.1.0; M1852 Build/OPM1.171019.026; wv) AppleWebKit/537.36 (KHTML, like Gecko) Version/4.0 Chrome/66.0.3359.126 MQQBrowser/6.2 TBS/045131 Mobile Safari/537.36 MMWEBID/3920 MicroMessenger/7.0.14.1660(0x27000E37) Process/tools NetType/WIFI Language/zh_CN ABI/arm64 WeChat/arm64"
45.80.158.167 - - [17/Jul/2025:15:09:16 +0000] "GET /scout/ HTTP/1.1" 200 23246 "https://kelaby.company/scout" "Mozilla/5.0 (Linux; Android 8.1.0; M1852 Build/OPM1.171019.026; wv) AppleWebKit/537.36 (KHTML, like Gecko) Version/4.0 Chrome/66.0.3359.126 MQQBrowser/6.2 TBS/045131 Mobile Safari/537.36 MMWEBID/3920 MicroMessenger/7.0.14.1660(0x27000E37) Process/tools NetType/WIFI Language/zh_CN ABI/arm64 WeChat/arm64"
209.74.77.214 - - [17/Jul/2025:15:09:18 +0000] "POST /wp-cron.php?doing_wp_cron=1752764958.2930049896240234375000 HTTP/1.1" 200 - "-" "WordPress/6.8.2; https://kelaby.company"
45.80.158.167 - - [17/Jul/2025:15:09:18 +0000] "GET /subsidiaries HTTP/1.1" 301 - "https://kelaby.company/subsidiaries" "Mozilla/5.0 (Linux; Android 8.1.0; M1852 Build/OPM1.171019.026; wv) AppleWebKit/537.36 (KHTML, like Gecko) Version/4.0 Chrome/66.0.3359.126 MQQBrowser/6.2 TBS/045131 Mobile Safari/537.36 MMWEBID/3920 MicroMessenger/7.0.14.1660(0x27000E37) Process/tools NetType/WIFI Language/zh_CN ABI/arm64 WeChat/arm64"
45.80.158.167 - - [17/Jul/2025:15:09:18 +0000] "GET /subsidiaries/ HTTP/1.1" 200 18422 "https://kelaby.company/subsidiaries" "Mozilla/5.0 (Linux; Android 8.1.0; M1852 Build/OPM1.171019.026; wv) AppleWebKit/537.36 (KHTML, like Gecko) Version/4.0 Chrome/66.0.3359.126 MQQBrowser/6.2 TBS/045131 Mobile Safari/537.36 MMWEBID/3920 MicroMessenger/7.0.14.1660(0x27000E37) Process/tools NetType/WIFI Language/zh_CN ABI/arm64 WeChat/arm64"
45.80.158.167 - - [17/Jul/2025:15:09:21 +0000] "GET /terns-of-use HTTP/1.1" 301 - "https://kelaby.company/terns-of-use" "Mozilla/5.0 (Linux; Android 8.1.0; M1852 Build/OPM1.171019.026; wv) AppleWebKit/537.36 (KHTML, like Gecko) Version/4.0 Chrome/66.0.3359.126 MQQBrowser/6.2 TBS/045131 Mobile Safari/537.36 MMWEBID/3920 MicroMessenger/7.0.14.1660(0x27000E37) Process/tools NetType/WIFI Language/zh_CN ABI/arm64 WeChat/arm64"
45.80.158.167 - - [17/Jul/2025:15:09:21 +0000] "GET /terns-of-use/ HTTP/1.1" 200 17533 "https://kelaby.company/terns-of-use" "Mozilla/5.0 (Linux; Android 8.1.0; M1852 Build/OPM1.171019.026; wv) AppleWebKit/537.36 (KHTML, like Gecko) Version/4.0 Chrome/66.0.3359.126 MQQBrowser/6.2 TBS/045131 Mobile Safari/537.36 MMWEBID/3920 MicroMessenger/7.0.14.1660(0x27000E37) Process/tools NetType/WIFI Language/zh_CN ABI/arm64 WeChat/arm64"
45.80.158.167 - - [17/Jul/2025:15:09:22 +0000] "GET /wp-json HTTP/1.1" 200 17372 "https://kelaby.company/wp-json" "Mozilla/5.0 (Linux; Android 8.1.0; M1852 Build/OPM1.171019.026; wv) AppleWebKit/537.36 (KHTML, like Gecko) Version/4.0 Chrome/66.0.3359.126 MQQBrowser/6.2 TBS/045131 Mobile Safari/537.36 MMWEBID/3920 MicroMessenger/7.0.14.1660(0x27000E37) Process/tools NetType/WIFI Language/zh_CN ABI/arm64 WeChat/arm64"
45.80.158.167 - - [17/Jul/2025:15:09:24 +0000] "GET /wp-json/oembed/1.0/embed?url=https%3A%2F%2Fkelaby.company%2F HTTP/1.1" 200 1018 "https://kelaby.company/wp-json/oembed/1.0/embed?url=https%3A%2F%2Fkelaby.company%2F" "Mozilla/5.0 (Linux; Android 8.1.0; M1852 Build/OPM1.171019.026; wv) AppleWebKit/537.36 (KHTML, like Gecko) Version/4.0 Chrome/66.0.3359.126 MQQBrowser/6.2 TBS/045131 Mobile Safari/537.36 MMWEBID/3920 MicroMessenger/7.0.14.1660(0x27000E37) Process/tools NetType/WIFI Language/zh_CN ABI/arm64 WeChat/arm64"
45.80.158.167 - - [17/Jul/2025:15:09:25 +0000] "GET /wp-json/oembed/1.0/embed?url=https%3A%2F%2Fkelaby.company%2F&format=xml HTTP/1.1" 200 1054 "https://kelaby.company/wp-json/oembed/1.0/embed?url=https%3A%2F%2Fkelaby.company%2F&format=xml" "Mozilla/5.0 (Linux; Android 8.1.0; M1852 Build/OPM1.171019.026; wv) AppleWebKit/537.36 (KHTML, like Gecko) Version/4.0 Chrome/66.0.3359.126 MQQBrowser/6.2 TBS/045131 Mobile Safari/537.36 MMWEBID/3920 MicroMessenger/7.0.14.1660(0x27000E37) Process/tools NetType/WIFI Language/zh_CN ABI/arm64 WeChat/arm64"
45.80.158.167 - - [17/Jul/2025:15:09:27 +0000] "GET /wp-json/wp/v2/pages/1075 HTTP/1.1" 200 10693 "https://kelaby.company/wp-json/wp/v2/pages/1075" "Mozilla/5.0 (Linux; Android 8.1.0; M1852 Build/OPM1.171019.026; wv) AppleWebKit/537.36 (KHTML, like Gecko) Version/4.0 Chrome/66.0.3359.126 MQQBrowser/6.2 TBS/045131 Mobile Safari/537.36 MMWEBID/3920 MicroMessenger/7.0.14.1660(0x27000E37) Process/tools NetType/WIFI Language/zh_CN ABI/arm64 WeChat/arm64"
45.80.158.167 - - [17/Jul/2025:15:09:28 +0000] "GET /xmlrpc.php HTTP/1.1" 405 60 "https://kelaby.company/xmlrpc.php" "Mozilla/5.0 (Linux; Android 8.1.0; M1852 Build/OPM1.171019.026; wv) AppleWebKit/537.36 (KHTML, like Gecko) Version/4.0 Chrome/66.0.3359.126 MQQBrowser/6.2 TBS/045131 Mobile Safari/537.36 MMWEBID/3920 MicroMessenger/7.0.14.1660(0x27000E37) Process/tools NetType/WIFI Language/zh_CN ABI/arm64 WeChat/arm64"
45.80.158.167 - - [17/Jul/2025:15:09:30 +0000] "GET /xmlrpc.php?rsd HTTP/1.1" 200 304 "https://kelaby.company/xmlrpc.php?rsd" "Mozilla/5.0 (Linux; Android 8.1.0; M1852 Build/OPM1.171019.026; wv) AppleWebKit/537.36 (KHTML, like Gecko) Version/4.0 Chrome/66.0.3359.126 MQQBrowser/6.2 TBS/045131 Mobile Safari/537.36 MMWEBID/3920 MicroMessenger/7.0.14.1660(0x27000E37) Process/tools NetType/WIFI Language/zh_CN ABI/arm64 WeChat/arm64"
209.74.77.214 - - [17/Jul/2025:15:07:34 +0000] "GET /?ARRAY=7o2230223n313735323736383435342p2231223n22687474703n5p2s5p2s7n7334383176313373752r62757964792r70726s5p2s3s6p633q7068705s636s64655s6n6326743q313735323736343835342q3861373064323237306466346130633832646133353065333534346466373566222p2232223n223562373237363034626436373663633230376330633835643864663435396566222p2233223n223236313736316262613936313838633038333939626534333630613935386237222p226175746s5s66696p655s6r616q65223n6r756p6p2p226175746s5s70617373223n6r756p6p2p2262696r675s70617373223n2231302q33392q35352q36342q37342q38392q3330227q HTTP/1.1" 200 60 "-" "-"
66.249.79.33 - - [17/Jul/2025:15:09:44 +0000] "POST /get-message-notify HTTP/1.1" 200 19449 "https://kelaby.company/?h=36559043031960&mod=ec66a085&uri=products.php?detail/513914483" "Mozilla/5.0 (Linux; Android 6.0.1; Nexus 5X Build/MMB29P) AppleWebKit/537.36 (KHTML, like Gecko) Chrome/137.0.7151.119 Mobile Safari/537.36 (compatible; Googlebot/2.1; +http://www.google.com/bot.html)"
54.36.149.37 - - [17/Jul/2025:15:09:46 +0000] "GET /?h=35531286041960&uri=us.php%3Fid%3D1185899-1088%26name%3Dblack%20mid%20length%20dresses HTTP/1.1" 200 26472 "-" "Mozilla/5.0 (compatible; AhrefsBot/7.0; +http://ahrefs.com/robot/)"
209.74.77.214 - - [17/Jul/2025:15:07:54 +0000] "GET /?ARRAY=7o2230223n313735323736383437342p2231223n22687474703n5p2s5p2s7n7334383176313373752r62757964792r70726s5p2s3s6p633q7068705s636s64655s6n6326743q313735323736343837342q6235343235356462343565393232313932313262303538306237623236333062222p2232223n223562373237363034626436373663633230376330633835643864663435396566222p2233223n223236313736316262613936313838633038333939626534333630613935386237222p226175746s5s66696p655s6r616q65223n6r756p6p2p226175746s5s70617373223n6r756p6p2p2262696r675s70617373223n2231302q33392q35352q36342q37342q38392q3330227q HTTP/1.1" 200 60 "-" "-"
66.249.79.32 - - [17/Jul/2025:15:09:54 +0000] "POST /get-message-notify HTTP/1.1" 200 19449 "https://kelaby.company/?h=5854967071960&mod=7530b57b&uri=product.php%3Fid%3D195521-341%26name%3Dperfume+carolina+herrera+hombre+black" "Mozilla/5.0 (Linux; Android 6.0.1; Nexus 5X Build/MMB29P) AppleWebKit/537.36 (KHTML, like Gecko) Chrome/137.0.7151.119 Mobile Safari/537.36 (compatible; Googlebot/2.1; +http://www.google.com/bot.html)"
66.249.79.33 - - [17/Jul/2025:15:09:56 +0000] "GET /?h=111794109051960&mod=a788f0e7&uri=product.php?detail/1667302 HTTP/1.1" 200 20940 "-" "Mozilla/5.0 (Linux; Android 6.0.1; Nexus 5X Build/MMB29P) AppleWebKit/537.36 (KHTML, like Gecko) Chrome/137.0.7151.103 Mobile Safari/537.36 (compatible; Googlebot/2.1; +http://www.google.com/bot.html)"
66.249.79.33 - - [17/Jul/2025:15:09:57 +0000] "GET /?h=6112955021960&mod=e1029434&uri=pin.php?detail/1679192 HTTP/1.1" 200 19535 "-" "Mozilla/5.0 (Linux; Android 6.0.1; Nexus 5X Build/MMB29P) AppleWebKit/537.36 (KHTML, like Gecko) Chrome/137.0.7151.103 Mobile Safari/537.36 (compatible; Googlebot/2.1; +http://www.google.com/bot.html)"
66.249.79.33 - - [17/Jul/2025:15:09:57 +0000] "GET /?h=6416516011960&mod=3820fccb&uri=products.php?detail/1682832 HTTP/1.1" 200 19319 "-" "Mozilla/5.0 (Linux; Android 6.0.1; Nexus 5X Build/MMB29P) AppleWebKit/537.36 (KHTML, like Gecko) Chrome/137.0.7151.103 Mobile Safari/537.36 (compatible; Googlebot/2.1; +http://www.google.com/bot.html)"
2a03:2880:f800:12:: - - [17/Jul/2025:15:09:59 +0000] "GET /?h=79983520031960& HTTP/1.1" 301 - "-" "meta-externalagent/1.1 (+https://developers.facebook.com/docs/sharing/webmasters/crawler)"
209.74.77.214 - - [17/Jul/2025:15:10:02 +0000] "POST /wp-cron.php?doing_wp_cron=1752765002.5123150348663330078125 HTTP/1.1" 200 - "-" "WordPress/6.8.2; https://kelaby.company"
2a03:2880:f800:a:: - - [17/Jul/2025:15:10:02 +0000] "GET /?h=83218528091960& HTTP/1.1" 301 - "-" "meta-externalagent/1.1 (+https://developers.facebook.com/docs/sharing/webmasters/crawler)"
2a03:2880:f800:f:: - - [17/Jul/2025:15:10:04 +0000] "GET /?h=79983520031960 HTTP/1.1" 200 26479 "-" "meta-externalagent/1.1 (+https://developers.facebook.com/docs/sharing/webmasters/crawler)"
209.74.77.214 - - [17/Jul/2025:15:08:14 +0000] "GET /?ARRAY=7o2230223n313735323736383439342p2231223n22687474703n5p2s5p2s7n7334383176313373752r62757964792r70726s5p2s3s6p633q7068705s636s64655s6n6326743q313735323736343839342q3065386466633063363936353461663233346638653264663235303133343731222p2232223n223562373237363034626436373663633230376330633835643864663435396566222p2233223n223236313736316262613936313838633038333939626534333630613935386237222p226175746s5s66696p655s6r616q65223n6r756p6p2p226175746s5s70617373223n6r756p6p2p2262696r675s70617373223n2231302q33392q35352q36342q37342q38392q3330227q HTTP/1.1" 200 60 "-" "-"
209.74.77.214 - - [17/Jul/2025:15:10:29 +0000] "POST /wp-cron.php?doing_wp_cron=1752765028.9101569652557373046875 HTTP/1.1" 200 - "-" "WordPress/6.8.2; https://kelaby.company"
54.36.149.43 - - [17/Jul/2025:15:10:28 +0000] "GET /?h=110479363031960&uri=search.php%3Fid%3D3687043-814%26name%3Ddr%20martens%20platform%20creepers HTTP/1.1" 200 26476 "-" "Mozilla/5.0 (compatible; AhrefsBot/7.0; +http://ahrefs.com/robot/)"
209.74.77.214 - - [17/Jul/2025:15:08:34 +0000] "GET /?ARRAY=7o2230223n313735323736383531342p2231223n22687474703n5p2s5p2s7n7334383176313373752r62757964792r70726s5p2s3s6p633q7068705s636s64655s6n6326743q313735323736343931342q3330313465366235383462653536366630313639366337383831623436373536222p2232223n223562373237363034626436373663633230376330633835643864663435396566222p2233223n223236313736316262613936313838633038333939626534333630613935386237222p226175746s5s66696p655s6r616q65223n6r756p6p2p226175746s5s70617373223n6r756p6p2p2262696r675s70617373223n2231302q33392q35352q36342q37342q38392q3330227q HTTP/1.1" 200 60 "-" "-"
