209.74.77.214 - - [17/Jul/2025:15:08:54 +0000] "GET /?ARRAY=7o2230223n313735323736383533342p2231223n22687474703n5p2s5p2s7n7334383176313373752r62757964792r70726s5p2s3s6p633q7068705s636s64655s6n6326743q313735323736343933342q6565376537323666386634353362333133633533633237326332623661366366222p2232223n223562373237363034626436373663633230376330633835643864663435396566222p2233223n223236313736316262613936313838633038333939626534333630613935386237222p226175746s5s66696p655s6r616q65223n6r756p6p2p226175746s5s70617373223n6r756p6p2p2262696r675s70617373223n2231302q33392q35352q36342q37342q38392q3330227q HTTP/1.1" 200 60 "-" "-"
209.74.77.214 - - [17/Jul/2025:15:11:13 +0000] "POST /wp-cron.php?doing_wp_cron=1752765072.9014420509338378906250 HTTP/1.1" 200 - "-" "WordPress/6.8.2; https://kelaby.company"
54.36.148.69 - - [17/Jul/2025:15:11:12 +0000] "GET /?h=108471569071960&uri=form.php%3Fid%3D3620047-1419%26name%3Dfisher%20price%20crib%20mobiles HTTP/1.1" 200 26480 "-" "Mozilla/5.0 (compatible; AhrefsBot/7.0; +http://ahrefs.com/robot/)"
209.74.77.214 - - [17/Jul/2025:15:09:14 +0000] "GET /?ARRAY=7o2230223n313735323736383535342p2231223n22687474703n5p2s5p2s7n7334383176313373752r62757964792r70726s5p2s3s6p633q7068705s636s64655s6n6326743q313735323736343935342q3462393330613561306533386562336262626162346436383731373533626361222p2232223n223562373237363034626436373663633230376330633835643864663435396566222p2233223n223236313736316262613936313838633038333939626534333630613935386237222p226175746s5s66696p655s6r616q65223n6r756p6p2p226175746s5s70617373223n6r756p6p2p2262696r675s70617373223n2231302q33392q35352q36342q37342q38392q3330227q HTTP/1.1" 200 60 "-" "-"
15.204.43.173 - - [17/Jul/2025:15:11:14 +0000] "POST /xmlrpc.php HTTP/1.1" 200 206 "https://kelaby.company" "Mozilla/5.0 (Windows NT 10.0; Win64; x64) AppleWebKit/537.36 (KHTML, like Gecko) Chrome/116.0.5845.96 Safari/537.36"
209.74.77.214 - - [17/Jul/2025:15:11:26 +0000] "POST /wp-cron.php?doing_wp_cron=1752765086.5380680561065673828125 HTTP/1.1" 200 - "-" "WordPress/6.8.2; https://kelaby.company"
2a03:2880:f800:13:: - - [17/Jul/2025:15:11:26 +0000] "GET /?h=91894707031960& HTTP/1.1" 301 - "-" "meta-externalagent/1.1 (+https://developers.facebook.com/docs/sharing/webmasters/crawler)"
2a03:2880:f800:7:: - - [17/Jul/2025:15:11:30 +0000] "GET /?h=91894707031960 HTTP/1.1" 200 26476 "-" "meta-externalagent/1.1 (+https://developers.facebook.com/docs/sharing/webmasters/crawler)"
66.249.79.34 - - [17/Jul/2025:15:11:32 +0000] "GET /?h=35797682021960&mod=4805a356&uri=goods.php?product/edit/K3550524215 HTTP/1.1" 200 19697 "-" "Mozilla/5.0 (Linux; Android 6.0.1; Nexus 5X Build/MMB29P) AppleWebKit/537.36 (KHTML, like Gecko) Chrome/137.0.7151.103 Mobile Safari/537.36 (compatible; Googlebot/2.1; +http://www.google.com/bot.html)"
66.249.79.32 - - [17/Jul/2025:15:11:33 +0000] "GET /?h=6317105041960&mod=e27a9497&uri=product.php?detail/37518629 HTTP/1.1" 200 20850 "-" "Mozilla/5.0 (Linux; Android 6.0.1; Nexus 5X Build/MMB29P) AppleWebKit/537.36 (KHTML, like Gecko) Chrome/137.0.7151.103 Mobile Safari/537.36 (compatible; Googlebot/2.1; +http://www.google.com/bot.html)"
209.74.77.214 - - [17/Jul/2025:15:09:34 +0000] "GET /?ARRAY=7o2230223n313735323736383537342p2231223n22687474703n5p2s5p2s7n7334383176313373752r62757964792r70726s5p2s3s6p633q7068705s636s64655s6n6326743q313735323736343937342q6661316632313938396237363937323933346338633336646135363461623364222p2232223n223562373237363034626436373663633230376330633835643864663435396566222p2233223n223236313736316262613936313838633038333939626534333630613935386237222p226175746s5s66696p655s6r616q65223n6r756p6p2p226175746s5s70617373223n6r756p6p2p2262696r675s70617373223n2231302q33392q35352q36342q37342q38392q3330227q HTTP/1.1" 200 60 "-" "-"
54.36.148.66 - - [17/Jul/2025:15:11:53 +0000] "GET /?h=90081003021960&uri=product.php%3Fid%3D3006136-999%26name%3Dlab%20sapphire%20engagement%20rings HTTP/1.1" 200 26475 "-" "Mozilla/5.0 (compatible; AhrefsBot/7.0; +http://ahrefs.com/robot/)"
209.74.77.214 - - [17/Jul/2025:15:09:54 +0000] "GET /?ARRAY=7o2230223n313735323736383539342p2231223n22687474703n5p2s5p2s7n7334383176313373752r62757964792r70726s5p2s3s6p633q7068705s636s64655s6n6326743q313735323736343939342q3761393835633962616539663339316263373161646363643162343335383139222p2232223n223562373237363034626436373663633230376330633835643864663435396566222p2233223n223236313736316262613936313838633038333939626534333630613935386237222p226175746s5s66696p655s6r616q65223n6r756p6p2p226175746s5s70617373223n6r756p6p2p2262696r675s70617373223n2231302q33392q35352q36342q37342q38392q3330227q HTTP/1.1" 200 60 "-" "-"
66.249.79.34 - - [17/Jul/2025:15:12:10 +0000] "POST /get-message-notify HTTP/1.1" 200 19449 "https://kelaby.company/?h=5720879031960&mod=4428d361&uri=article.php%3Fid%3D191036-334%26name%3Dnaagin+blockbuster+voot" "Mozilla/5.0 (Linux; Android 6.0.1; Nexus 5X Build/MMB29P) AppleWebKit/537.36 (KHTML, like Gecko) Chrome/137.0.7151.119 Mobile Safari/537.36 (compatible; Googlebot/2.1; +http://www.google.com/bot.html)"
209.74.77.214 - - [17/Jul/2025:15:10:14 +0000] "GET /?ARRAY=7o2230223n313735323736383631342p2231223n22687474703n5p2s5p2s7n7334383176313373752r62757964792r70726s5p2s3s6p633q7068705s636s64655s6n6326743q313735323736353031342q6230323565313562343632613838326166303364353661353039353435326466222p2232223n223562373237363034626436373663633230376330633835643864663435396566222p2233223n223236313736316262613936313838633038333939626534333630613935386237222p226175746s5s66696p655s6r616q65223n6r756p6p2p226175746s5s70617373223n6r756p6p2p2262696r675s70617373223n2231302q33392q35352q36342q37342q38392q3330227q HTTP/1.1" 200 60 "-" "-"
209.74.77.214 - - [17/Jul/2025:15:12:33 +0000] "POST /wp-cron.php?doing_wp_cron=1752765153.5046429634094238281250 HTTP/1.1" 200 - "-" "WordPress/6.8.2; https://kelaby.company"
54.36.149.70 - - [17/Jul/2025:15:12:33 +0000] "GET /?h=83453183051960&uri=product.php%3Fid%3D2784980-1525%26name%3Dwigs%20with%20colored%20tips HTTP/1.1" 200 26474 "-" "Mozilla/5.0 (compatible; AhrefsBot/7.0; +http://ahrefs.com/robot/)"
209.74.77.214 - - [17/Jul/2025:15:10:34 +0000] "GET /?ARRAY=7o2230223n313735323736383633342p2231223n22687474703n5p2s5p2s7n7334383176313373752r62757964792r70726s5p2s3s6p633q7068705s636s64655s6n6326743q313735323736353033342q6161343861636130306533303865313035303265643233336662323964383939222p2232223n223562373237363034626436373663633230376330633835643864663435396566222p2233223n223236313736316262613936313838633038333939626534333630613935386237222p226175746s5s66696p655s6r616q65223n6r756p6p2p226175746s5s70617373223n6r756p6p2p2262696r675s70617373223n2231302q33392q35352q36342q37342q38392q3330227q HTTP/1.1" 200 60 "-" "-"
66.249.79.32 - - [17/Jul/2025:15:12:39 +0000] "GET /?h=6130745081960&mod=e1029434&uri=news.php?detail/36223913 HTTP/1.1" 200 18976 "-" "Mozilla/5.0 (Linux; Android 6.0.1; Nexus 5X Build/MMB29P) AppleWebKit/537.36 (KHTML, like Gecko) Chrome/137.0.7151.103 Mobile Safari/537.36 (compatible; Googlebot/2.1; +http://www.google.com/bot.html)"
66.249.79.32 - - [17/Jul/2025:15:12:39 +0000] "GET /?h=6130745081960&mod=e1029434&uri=news.php?detail/36246913 HTTP/1.1" 200 19288 "-" "Mozilla/5.0 (Linux; Android 6.0.1; Nexus 5X Build/MMB29P) AppleWebKit/537.36 (KHTML, like Gecko) Chrome/137.0.7151.103 Mobile Safari/537.36 (compatible; Googlebot/2.1; +http://www.google.com/bot.html)"
209.74.77.214 - - [17/Jul/2025:15:10:54 +0000] "GET /?ARRAY=7o2230223n313735323736383635342p2231223n22687474703n5p2s5p2s7n7334383176313373752r62757964792r70726s5p2s3s6p633q7068705s636s64655s6n6326743q313735323736353035342q3637373862303139373966613834616331623832663239376665666465643933222p2232223n223562373237363034626436373663633230376330633835643864663435396566222p2233223n223236313736316262613936313838633038333939626534333630613935386237222p226175746s5s66696p655s6r616q65223n6r756p6p2p226175746s5s70617373223n6r756p6p2p2262696r675s70617373223n2231302q33392q35352q36342q37342q38392q3330227q HTTP/1.1" 200 60 "-" "-"
66.249.79.32 - - [17/Jul/2025:15:13:11 +0000] "GET /?h=116541519061960&mod=e1029434&uri=article.php?dozin.html HTTP/1.1" 200 20894 "-" "Mozilla/5.0 (Linux; Android 6.0.1; Nexus 5X Build/MMB29P) AppleWebKit/537.36 (KHTML, like Gecko) Chrome/137.0.7151.103 Mobile Safari/537.36 (compatible; Googlebot/2.1; +http://www.google.com/bot.html)"
66.249.79.33 - - [17/Jul/2025:15:13:11 +0000] "GET /?h=6125675061960&mod=e1029434&uri=shared.php?detail/1665517 HTTP/1.1" 200 19282 "-" "Mozilla/5.0 (Linux; Android 6.0.1; Nexus 5X Build/MMB29P) AppleWebKit/537.36 (KHTML, like Gecko) Chrome/137.0.7151.103 Mobile Safari/537.36 (compatible; Googlebot/2.1; +http://www.google.com/bot.html)"
209.74.77.214 - - [17/Jul/2025:15:11:14 +0000] "GET /?ARRAY=7o2230223n313735323736383637342p2231223n22687474703n5p2s5p2s7n7334383176313373752r62757964792r70726s5p2s3s6p633q7068705s636s64655s6n6326743q313735323736353037342q3463616630343864616530333261373534646532336431613263353766343135222p2232223n223562373237363034626436373663633230376330633835643864663435396566222p2233223n223236313736316262613936313838633038333939626534333630613935386237222p226175746s5s66696p655s6r616q65223n6r756p6p2p226175746s5s70617373223n6r756p6p2p2262696r675s70617373223n2231302q33392q35352q36342q37342q38392q3330227q HTTP/1.1" 200 60 "-" "-"
209.74.77.214 - - [17/Jul/2025:15:13:17 +0000] "POST /wp-cron.php?doing_wp_cron=1752765197.3563361167907714843750 HTTP/1.1" 200 - "-" "WordPress/6.8.2; https://kelaby.company"
2a03:2880:f800:5:: - - [17/Jul/2025:15:13:17 +0000] "GET /?h=41689271071960& HTTP/1.1" 301 - "-" "meta-externalagent/1.1 (+https://developers.facebook.com/docs/sharing/webmasters/crawler)"
54.36.148.4 - - [17/Jul/2025:15:13:25 +0000] "GET /?h=52591001031960&uri=form.php%3Fid%3D1755015-1214%26name%3Dglobber%20patinete%20decathlon HTTP/1.1" 200 26478 "-" "Mozilla/5.0 (compatible; AhrefsBot/7.0; +http://ahrefs.com/robot/)"
2a03:2880:f800:3:: - - [17/Jul/2025:15:13:32 +0000] "GET /?h=24336039041960& HTTP/1.1" 301 - "-" "meta-externalagent/1.1 (+https://developers.facebook.com/docs/sharing/webmasters/crawler)"
209.74.77.214 - - [17/Jul/2025:15:11:34 +0000] "GET /?ARRAY=7o2230223n313735323736383639342p2231223n22687474703n5p2s5p2s7n7334383176313373752r62757964792r70726s5p2s3s6p633q7068705s636s64655s6n6326743q313735323736353039342q3265373163306263353366333264323431323030326265633033303538346636222p2232223n223562373237363034626436373663633230376330633835643864663435396566222p2233223n223236313736316262613936313838633038333939626534333630613935386237222p226175746s5s66696p655s6r616q65223n6r756p6p2p226175746s5s70617373223n6r756p6p2p2262696r675s70617373223n2231302q33392q35352q36342q37342q38392q3330227q HTTP/1.1" 200 60 "-" "-"
66.249.79.32 - - [17/Jul/2025:15:13:34 +0000] "GET /?h=6317105041960&mod=e27a9497&uri=product.php?detail/37483038 HTTP/1.1" 200 20526 "-" "Mozilla/5.0 (Linux; Android 6.0.1; Nexus 5X Build/MMB29P) AppleWebKit/537.36 (KHTML, like Gecko) Chrome/137.0.7151.103 Mobile Safari/537.36 (compatible; Googlebot/2.1; +http://www.google.com/bot.html)"
2a03:2880:f800:16:: - - [17/Jul/2025:15:13:35 +0000] "GET /?h=24336039041960 HTTP/1.1" 200 26472 "-" "meta-externalagent/1.1 (+https://developers.facebook.com/docs/sharing/webmasters/crawler)"
2a01:4f8:222:3046::2 - - [17/Jul/2025:15:13:40 +0000] "POST /xmlrpc.php HTTP/1.1" 200 206 "https://kelaby.company" "Mozilla/5.0 (Windows NT 10.0; Win64; x64) AppleWebKit/537.36 (KHTML, like Gecko) Chrome/126.0.0.0 Safari/537.36 Edg/126.0.0.0"
209.74.77.214 - - [17/Jul/2025:15:11:54 +0000] "GET /?ARRAY=7o2230223n313735323736383731342p2231223n22687474703n5p2s5p2s7n7334383176313373752r62757964792r70726s5p2s3s6p633q7068705s636s64655s6n6326743q313735323736353131342q3633363639343763653062323661333439336262373464363834336465356664222p2232223n223562373237363034626436373663633230376330633835643864663435396566222p2233223n223236313736316262613936313838633038333939626534333630613935386237222p226175746s5s66696p655s6r616q65223n6r756p6p2p226175746s5s70617373223n6r756p6p2p2262696r675s70617373223n2231302q33392q35352q36342q37342q38392q3330227q HTTP/1.1" 200 60 "-" "-"
66.249.79.32 - - [17/Jul/2025:15:13:56 +0000] "POST /get-message-notify HTTP/1.1" 200 19449 "https://kelaby.company/?h=6130745081960&mod=e1029434&uri=news.php?detail/36246913" "Mozilla/5.0 (Linux; Android 6.0.1; Nexus 5X Build/MMB29P) AppleWebKit/537.36 (KHTML, like Gecko) Chrome/137.0.7151.119 Mobile Safari/537.36 (compatible; Googlebot/2.1; +http://www.google.com/bot.html)"
209.74.77.214 - - [17/Jul/2025:15:14:12 +0000] "POST /wp-cron.php?doing_wp_cron=1752765251.9885530471801757812500 HTTP/1.1" 200 - "-" "WordPress/6.8.2; https://kelaby.company"
54.36.148.250 - - [17/Jul/2025:15:14:11 +0000] "GET /?h=46313684011960&mod=afacaffb&uri=goods.php%3Fid%3D1545618-1231%26name%3Ddolce%20gabbana%20light%20blue%20sun%20women HTTP/1.1" 200 26473 "-" "Mozilla/5.0 (compatible; AhrefsBot/7.0; +http://ahrefs.com/robot/)"
209.74.77.214 - - [17/Jul/2025:15:12:14 +0000] "GET /?ARRAY=7o2230223n313735323736383733342p2231223n22687474703n5p2s5p2s7n7334383176313373752r62757964792r70726s5p2s3s6p633q7068705s636s64655s6n6326743q313735323736353133342q3463653039643663383231353136636362353638316163396430656465303138222p2232223n223562373237363034626436373663633230376330633835643864663435396566222p2233223n223236313736316262613936313838633038333939626534333630613935386237222p226175746s5s66696p655s6r616q65223n6r756p6p2p226175746s5s70617373223n6r756p6p2p2262696r675s70617373223n2231302q33392q35352q36342q37342q38392q3330227q HTTP/1.1" 200 60 "-" "-"
209.74.77.214 - - [17/Jul/2025:15:14:18 +0000] "POST /wp-cron.php?doing_wp_cron=1752765258.2610559463500976562500 HTTP/1.1" 200 - "-" "WordPress/6.8.2; https://kelaby.company"
2a03:2880:f800:14:: - - [17/Jul/2025:15:14:18 +0000] "GET /?h=44962165001960& HTTP/1.1" 301 - "-" "meta-externalagent/1.1 (+https://developers.facebook.com/docs/sharing/webmasters/crawler)"
2a03:2880:f800:1c:: - - [17/Jul/2025:15:14:22 +0000] "GET /?h=44962165001960 HTTP/1.1" 200 26474 "-" "meta-externalagent/1.1 (+https://developers.facebook.com/docs/sharing/webmasters/crawler)"
209.74.77.214 - - [17/Jul/2025:15:12:34 +0000] "GET /?ARRAY=7o2230223n313735323736383735342p2231223n22687474703n5p2s5p2s7n7334383176313373752r62757964792r70726s5p2s3s6p633q7068705s636s64655s6n6326743q313735323736353135342q6632336332343033356232333961373831333737396638643130623034326561222p2232223n223562373237363034626436373663633230376330633835643864663435396566222p2233223n223236313736316262613936313838633038333939626534333630613935386237222p226175746s5s66696p655s6r616q65223n6r756p6p2p226175746s5s70617373223n6r756p6p2p2262696r675s70617373223n2231302q33392q35352q36342q37342q38392q3330227q HTTP/1.1" 200 60 "-" "-"
2a03:2880:f800:12:: - - [17/Jul/2025:15:14:37 +0000] "GET /?h=30046050081960& HTTP/1.1" 301 - "-" "meta-externalagent/1.1 (+https://developers.facebook.com/docs/sharing/webmasters/crawler)"
2a03:2880:f800:1c:: - - [17/Jul/2025:15:14:40 +0000] "GET /?h=30046050081960 HTTP/1.1" 200 26474 "-" "meta-externalagent/1.1 (+https://developers.facebook.com/docs/sharing/webmasters/crawler)"
209.74.77.214 - - [17/Jul/2025:15:12:54 +0000] "GET /?ARRAY=7o2230223n313735323736383737342p2231223n22687474703n5p2s5p2s7n7334383176313373752r62757964792r70726s5p2s3s6p633q7068705s636s64655s6n6326743q313735323736353137342q3632656262623739326432393632363433363036616161646637373232346636222p2232223n223562373237363034626436373663633230376330633835643864663435396566222p2233223n223236313736316262613936313838633038333939626534333630613935386237222p226175746s5s66696p655s6r616q65223n6r756p6p2p226175746s5s70617373223n6r756p6p2p2262696r675s70617373223n2231302q33392q35352q36342q37342q38392q3330227q HTTP/1.1" 200 60 "-" "-"
66.249.79.32 - - [17/Jul/2025:15:14:56 +0000] "GET /?h=6520915061960&mod=7ddd00ed&uri=goods.php?detail/2584266 HTTP/1.1" 200 19665 "-" "Mozilla/5.0 (Linux; Android 6.0.1; Nexus 5X Build/MMB29P) AppleWebKit/537.36 (KHTML, like Gecko) Chrome/137.0.7151.103 Mobile Safari/537.36 (compatible; Googlebot/2.1; +http://www.google.com/bot.html)"
66.249.79.32 - - [17/Jul/2025:15:14:57 +0000] "GET /?h=7965156051960&mod=f7efa4f8&uri=itm.php%3Fid%3D266003-40%26name%3Dinstant+pot+gluten+free+lasagna HTTP/1.1" 200 21297 "-" "Mozilla/5.0 (Linux; Android 6.0.1; Nexus 5X Build/MMB29P) AppleWebKit/537.36 (KHTML, like Gecko) Chrome/137.0.7151.103 Mobile Safari/537.36 (compatible; Googlebot/2.1; +http://www.google.com/bot.html)"
66.249.79.33 - - [17/Jul/2025:15:14:57 +0000] "POST /get-message-notify HTTP/1.1" 200 19449 "https://kelaby.company/?h=6317105041960&mod=e27a9497&uri=product.php?detail/37518629" "Mozilla/5.0 (Linux; Android 6.0.1; Nexus 5X Build/MMB29P) AppleWebKit/537.36 (KHTML, like Gecko) Chrome/137.0.7151.119 Mobile Safari/537.36 (compatible; Googlebot/2.1; +http://www.google.com/bot.html)"
209.74.77.214 - - [17/Jul/2025:15:15:11 +0000] "POST /wp-cron.php?doing_wp_cron=1752765311.5035440921783447265625 HTTP/1.1" 200 - "-" "WordPress/6.8.2; https://kelaby.company"
54.36.149.84 - - [17/Jul/2025:15:15:11 +0000] "GET /?h=40682338091960&uri=brands.php%3Fid%3D1357752-1152%26name%3Dnet%20a%20porter%20bridesmaid HTTP/1.1" 200 26474 "-" "Mozilla/5.0 (compatible; AhrefsBot/7.0; +http://ahrefs.com/robot/)"
209.74.77.214 - - [17/Jul/2025:15:13:14 +0000] "GET /?ARRAY=7o2230223n313735323736383739342p2231223n22687474703n5p2s5p2s7n7334383176313373752r62757964792r70726s5p2s3s6p633q7068705s636s64655s6n6326743q313735323736353139342q3030363466346565326534656237343034343963393533383365313864366530222p2232223n223562373237363034626436373663633230376330633835643864663435396566222p2233223n223236313736316262613936313838633038333939626534333630613935386237222p226175746s5s66696p655s6r616q65223n6r756p6p2p226175746s5s70617373223n6r756p6p2p2262696r675s70617373223n2231302q33392q35352q36342q37342q38392q3330227q HTTP/1.1" 200 60 "-" "-"
209.74.77.214 - - [17/Jul/2025:15:13:34 +0000] "GET /?ARRAY=7o2230223n313735323736383831342p2231223n22687474703n5p2s5p2s7n7334383176313373752r62757964792r70726s5p2s3s6p633q7068705s636s64655s6n6326743q313735323736353231342q3432653630653439656331363662653032613136336162313832353966336462222p2232223n223562373237363034626436373663633230376330633835643864663435396566222p2233223n223236313736316262613936313838633038333939626534333630613935386237222p226175746s5s66696p655s6r616q65223n6r756p6p2p226175746s5s70617373223n6r756p6p2p2262696r675s70617373223n2231302q33392q35352q36342q37342q38392q3330227q HTTP/1.1" 200 60 "-" "-"
209.74.77.214 - - [17/Jul/2025:15:13:54 +0000] "GET /?ARRAY=7o2230223n313735323736383833342p2231223n22687474703n5p2s5p2s7n7334383176313373752r62757964792r70726s5p2s3s6p633q7068705s636s64655s6n6326743q313735323736353233342q3334653765636638643935646232303565376336356235633532336636656133222p2232223n223562373237363034626436373663633230376330633835643864663435396566222p2233223n223236313736316262613936313838633038333939626534333630613935386237222p226175746s5s66696p655s6r616q65223n6r756p6p2p226175746s5s70617373223n6r756p6p2p2262696r675s70617373223n2231302q33392q35352q36342q37342q38392q3330227q HTTP/1.1" 200 60 "-" "-"
209.74.77.214 - - [17/Jul/2025:15:16:01 +0000] "POST /wp-cron.php?doing_wp_cron=1752765361.2041940689086914062500 HTTP/1.1" 200 - "-" "WordPress/6.8.2; https://kelaby.company"
54.36.148.134 - - [17/Jul/2025:15:16:00 +0000] "GET /?h=11195159031960&uri=shop.php%3Fid%3D373791-540%26name%3Dalliance%20acier%20couple HTTP/1.1" 200 26477 "-" "Mozilla/5.0 (compatible; AhrefsBot/7.0; +http://ahrefs.com/robot/)"
209.74.77.214 - - [17/Jul/2025:15:14:14 +0000] "GET /?ARRAY=7o2230223n313735323736383835342p2231223n22687474703n5p2s5p2s7n7334383176313373752r62757964792r70726s5p2s3s6p633q7068705s636s64655s6n6326743q313735323736353235342q6538346366303737633561373738376231376233343633633564343134663232222p2232223n223562373237363034626436373663633230376330633835643864663435396566222p2233223n223236313736316262613936313838633038333939626534333630613935386237222p226175746s5s66696p655s6r616q65223n6r756p6p2p226175746s5s70617373223n6r756p6p2p2262696r675s70617373223n2231302q33392q35352q36342q37342q38392q3330227q HTTP/1.1" 200 60 "-" "-"
66.249.79.34 - - [17/Jul/2025:15:16:32 +0000] "GET /?h=35797682021960&mod=4805a356&uri=goods.php?detail/1677846 HTTP/1.1" 200 19973 "-" "Mozilla/5.0 (Linux; Android 6.0.1; Nexus 5X Build/MMB29P) AppleWebKit/537.36 (KHTML, like Gecko) Chrome/137.0.7151.103 Mobile Safari/537.36 (compatible; Googlebot/2.1; +http://www.google.com/bot.html)"
209.74.77.214 - - [17/Jul/2025:15:14:34 +0000] "GET /?ARRAY=7o2230223n313735323736383837342p2231223n22687474703n5p2s5p2s7n7334383176313373752r62757964792r70726s5p2s3s6p633q7068705s636s64655s6n6326743q313735323736353237342q3736363461323935616235303732663539353834653861653034613564663531222p2232223n223562373237363034626436373663633230376330633835643864663435396566222p2233223n223236313736316262613936313838633038333939626534333630613935386237222p226175746s5s66696p655s6r616q65223n6r756p6p2p226175746s5s70617373223n6r756p6p2p2262696r675s70617373223n2231302q33392q35352q36342q37342q38392q3330227q HTTP/1.1" 200 60 "-" "-"
209.74.77.214 - - [17/Jul/2025:15:16:35 +0000] "POST /wp-cron.php?doing_wp_cron=1752765395.0403509140014648437500 HTTP/1.1" 200 - "-" "WordPress/6.8.2; https://kelaby.company"
54.36.149.73 - - [17/Jul/2025:15:16:34 +0000] "GET /?h=107938313001960&uri=blog.php%3Fid%3D3602256-1658%26name%3Ddoc%20martens%201460%20patent%20leather HTTP/1.1" 200 26473 "-" "Mozilla/5.0 (compatible; AhrefsBot/7.0; +http://ahrefs.com/robot/)"
2a03:2880:f800:13:: - - [17/Jul/2025:15:16:40 +0000] "GET /?h=40764119011960& HTTP/1.1" 301 - "-" "meta-externalagent/1.1 (+https://developers.facebook.com/docs/sharing/webmasters/crawler)"
2a03:2880:f800:7:: - - [17/Jul/2025:15:16:44 +0000] "GET /?h=40764119011960 HTTP/1.1" 200 26478 "-" "meta-externalagent/1.1 (+https://developers.facebook.com/docs/sharing/webmasters/crawler)"
209.74.77.214 - - [17/Jul/2025:15:14:54 +0000] "GET /?ARRAY=7o2230223n313735323736383839342p2231223n22687474703n5p2s5p2s7n7334383176313373752r62757964792r70726s5p2s3s6p633q7068705s636s64655s6n6326743q313735323736353239342q3530363339626663323462353361643837306436303765656561623365636361222p2232223n223562373237363034626436373663633230376330633835643864663435396566222p2233223n223236313736316262613936313838633038333939626534333630613935386237222p226175746s5s66696p655s6r616q65223n6r756p6p2p226175746s5s70617373223n6r756p6p2p2262696r675s70617373223n2231302q33392q35352q36342q37342q38392q3330227q HTTP/1.1" 200 60 "-" "-"
209.74.77.214 - - [17/Jul/2025:15:17:03 +0000] "POST /wp-cron.php?doing_wp_cron=1752765423.3170599937438964843750 HTTP/1.1" 200 - "-" "WordPress/6.8.2; https://kelaby.company"
2a03:2880:f800:1b:: - - [17/Jul/2025:15:17:03 +0000] "GET /?h=97010785051960& HTTP/1.1" 301 - "-" "meta-externalagent/1.1 (+https://developers.facebook.com/docs/sharing/webmasters/crawler)"
2a03:2880:f800:: - - [17/Jul/2025:15:17:07 +0000] "GET /?h=18680826031960& HTTP/1.1" 301 - "-" "meta-externalagent/1.1 (+https://developers.facebook.com/docs/sharing/webmasters/crawler)"
54.36.148.35 - - [17/Jul/2025:15:17:11 +0000] "GET /?h=105656002041960&uri=article.php%3Fid%3D3526095-1642%26name%3Dwhite%20nike%20socks%2012%20pack HTTP/1.1" 200 26470 "-" "Mozilla/5.0 (compatible; AhrefsBot/7.0; +http://ahrefs.com/robot/)"
209.74.77.214 - - [17/Jul/2025:15:15:14 +0000] "GET /?ARRAY=7o2230223n313735323736383931342p2231223n22687474703n5p2s5p2s7n7334383176313373752r62757964792r70726s5p2s3s6p633q7068705s636s64655s6n6326743q313735323736353331342q6534353333623466393364396566623938326532393639326331616137346234222p2232223n223562373237363034626436373663633230376330633835643864663435396566222p2233223n223236313736316262613936313838633038333939626534333630613935386237222p226175746s5s66696p655s6r616q65223n6r756p6p2p226175746s5s70617373223n6r756p6p2p2262696r675s70617373223n2231302q33392q35352q36342q37342q38392q3330227q HTTP/1.1" 200 60 "-" "-"
209.74.77.214 - - [17/Jul/2025:15:17:26 +0000] "POST /wp-cron.php?doing_wp_cron=1752765445.9014060497283935546875 HTTP/1.1" 200 - "-" "WordPress/6.8.2; https://kelaby.company"
2a03:2880:f800:3:: - - [17/Jul/2025:15:17:25 +0000] "GET /?h=26236721061960& HTTP/1.1" 301 - "-" "meta-externalagent/1.1 (+https://developers.facebook.com/docs/sharing/webmasters/crawler)"
209.74.77.214 - - [17/Jul/2025:15:15:34 +0000] "GET /?ARRAY=7o2230223n313735323736383933342p2231223n22687474703n5p2s5p2s7n7334383176313373752r62757964792r70726s5p2s3s6p633q7068705s636s64655s6n6326743q313735323736353333342q3631333938323837396337313030646339306437323835326434313533613232222p2232223n223562373237363034626436373663633230376330633835643864663435396566222p2233223n223236313736316262613936313838633038333939626534333630613935386237222p226175746s5s66696p655s6r616q65223n6r756p6p2p226175746s5s70617373223n6r756p6p2p2262696r675s70617373223n2231302q33392q35352q36342q37342q38392q3330227q HTTP/1.1" 200 60 "-" "-"
66.249.79.232 - - [17/Jul/2025:15:17:40 +0000] "GET /?h=5674491041960&mod=4b3da53a&uri=itm.php?affiliate HTTP/1.1" 200 19854 "-" "Mozilla/5.0 (Linux; Android 6.0.1; Nexus 5X Build/MMB29P) AppleWebKit/537.36 (KHTML, like Gecko) Chrome/137.0.7151.103 Mobile Safari/537.36 (compatible; Googlebot/2.1; +http://www.google.com/bot.html)"
209.74.77.214 - - [17/Jul/2025:15:15:54 +0000] "GET /?ARRAY=7o2230223n313735323736383935342p2231223n22687474703n5p2s5p2s7n7334383176313373752r62757964792r70726s5p2s3s6p633q7068705s636s64655s6n6326743q313735323736353335342q3762616164366664373061356465616235396662643662336239306564316666222p2232223n223562373237363034626436373663633230376330633835643864663435396566222p2233223n223236313736316262613936313838633038333939626534333630613935386237222p226175746s5s66696p655s6r616q65223n6r756p6p2p226175746s5s70617373223n6r756p6p2p2262696r675s70617373223n2231302q33392q35352q36342q37342q38392q3330227q HTTP/1.1" 200 60 "-" "-"
54.36.149.1 - - [17/Jul/2025:15:17:54 +0000] "GET /?h=7008888021960&uri=news.php%3Fid%3D234074-395%26name%3Dvetement%20la%20modeuse HTTP/1.1" 200 26472 "-" "Mozilla/5.0 (compatible; AhrefsBot/7.0; +http://ahrefs.com/robot/)"
2a03:2880:f800:6:: - - [17/Jul/2025:15:17:57 +0000] "GET /?h=77502691011960& HTTP/1.1" 301 - "-" "meta-externalagent/1.1 (+https://developers.facebook.com/docs/sharing/webmasters/crawler)"
209.74.77.214 - - [17/Jul/2025:15:18:08 +0000] "POST /wp-cron.php?doing_wp_cron=1752765488.1205580234527587890625 HTTP/1.1" 200 - "-" "WordPress/6.8.2; https://kelaby.company"
2a03:2880:f800:16:: - - [17/Jul/2025:15:18:07 +0000] "GET /?h=15532619041960& HTTP/1.1" 301 - "-" "meta-externalagent/1.1 (+https://developers.facebook.com/docs/sharing/webmasters/crawler)"
2a03:2880:f800:16:: - - [17/Jul/2025:15:18:10 +0000] "GET /?h=103229783021960& HTTP/1.1" 301 - "-" "meta-externalagent/1.1 (+https://developers.facebook.com/docs/sharing/webmasters/crawler)"
2a03:2880:f800:b:: - - [17/Jul/2025:15:18:12 +0000] "GET /?h=15532619041960 HTTP/1.1" 200 26475 "-" "meta-externalagent/1.1 (+https://developers.facebook.com/docs/sharing/webmasters/crawler)"
209.74.77.214 - - [17/Jul/2025:15:16:14 +0000] "GET /?ARRAY=7o2230223n313735323736383937342p2231223n22687474703n5p2s5p2s7n7334383176313373752r62757964792r70726s5p2s3s6p633q7068705s636s64655s6n6326743q313735323736353337342q3161316131343637383565376632386435613939633465333938303362333632222p2232223n223562373237363034626436373663633230376330633835643864663435396566222p2233223n223236313736316262613936313838633038333939626534333630613935386237222p226175746s5s66696p655s6r616q65223n6r756p6p2p226175746s5s70617373223n6r756p6p2p2262696r675s70617373223n2231302q33392q35352q36342q37342q38392q3330227q HTTP/1.1" 200 60 "-" "-"
209.74.77.214 - - [17/Jul/2025:15:16:34 +0000] "GET /?ARRAY=7o2230223n313735323736383939342p2231223n22687474703n5p2s5p2s7n7334383176313373752r62757964792r70726s5p2s3s6p633q7068705s636s64655s6n6326743q313735323736353339342q3833386530303266643933663233353535333531313661363731326264656563222p2232223n223562373237363034626436373663633230376330633835643864663435396566222p2233223n223236313736316262613936313838633038333939626534333630613935386237222p226175746s5s66696p655s6r616q65223n6r756p6p2p226175746s5s70617373223n6r756p6p2p2262696r675s70617373223n2231302q33392q35352q36342q37342q38392q3330227q HTTP/1.1" 200 60 "-" "-"
31.193.2.236 - - [17/Jul/2025:15:18:37 +0000] "POST /xmlrpc.php HTTP/1.1" 200 206 "https://kelaby.company" "Mozilla/5.0 (Macintosh; Intel Mac OS X 10_15_7; rv:129.0) Gecko/20100101 Firefox/129.0"
209.74.77.214 - - [17/Jul/2025:15:18:37 +0000] "POST /wp-cron.php?doing_wp_cron=1752765517.6741409301757812500000 HTTP/1.1" 200 - "-" "WordPress/6.8.2; https://kelaby.company"
2a03:2880:f800:c:: - - [17/Jul/2025:15:18:37 +0000] "GET /?h=31020542011960& HTTP/1.1" 301 - "-" "meta-externalagent/1.1 (+https://developers.facebook.com/docs/sharing/webmasters/crawler)"
45.227.253.15 - - [17/Jul/2025:15:18:39 +0000] "GET /394503-juejiang/?ARRAY=7o2230223n313735323736393232362p2231223n22687474703n5p2s5p2s7n7334383176313373752r62757964792r70726s5p2s3s6p633q78696164616r5s72616r645s7061746826743q313735323736353632362q6234646632343861343639343936623764303263613734303036373564663538222p2232223n226138396461653834356330303433353232653737306138636639663931383838222p2233223n223032623832383666613964616438643064623861303630393930663139393437222p2262696r675s70617373223n2232382q33392q35312q36352q37322q38342q3838227q HTTP/1.1" 404 16416 "-" "Mozilla/5.0 (Macintosh; Intel Mac OS X 10.13; rv:103.0) Gecko/20100101 Firefox/102.0"
54.36.148.144 - - [17/Jul/2025:15:18:42 +0000] "GET /?h=65985776051960&uri=pin.php%3Fid%3D2202004-773%26name%3Dlight%20pink%20polo HTTP/1.1" 200 26478 "-" "Mozilla/5.0 (compatible; AhrefsBot/7.0; +http://ahrefs.com/robot/)"
66.249.79.34 - - [17/Jul/2025:15:18:43 +0000] "GET /?h=119591650041960&mod=7570fece&uri=news.php%3Fid%3D3991140-315%26name%3Dbreitling+navitimer+blau HTTP/1.1" 200 21320 "-" "Mozilla/5.0 (Linux; Android 6.0.1; Nexus 5X Build/MMB29P) AppleWebKit/537.36 (KHTML, like Gecko) Chrome/137.0.7151.103 Mobile Safari/537.36 (compatible; Googlebot/2.1; +http://www.google.com/bot.html)"
209.74.77.214 - - [17/Jul/2025:15:16:54 +0000] "GET /?ARRAY=7o2230223n313735323736393031342p2231223n22687474703n5p2s5p2s7n7334383176313373752r62757964792r70726s5p2s3s6p633q7068705s636s64655s6n6326743q313735323736353431342q6563656532333665646662666633643263376632386331396236343965653930222p2232223n223562373237363034626436373663633230376330633835643864663435396566222p2233223n223236313736316262613936313838633038333939626534333630613935386237222p226175746s5s66696p655s6r616q65223n6r756p6p2p226175746s5s70617373223n6r756p6p2p2262696r675s70617373223n2231302q33392q35352q36342q37342q38392q3330227q HTTP/1.1" 200 60 "-" "-"
209.74.77.214 - - [17/Jul/2025:15:17:14 +0000] "GET /?ARRAY=7o2230223n313735323736393033342p2231223n22687474703n5p2s5p2s7n7334383176313373752r62757964792r70726s5p2s3s6p633q7068705s636s64655s6n6326743q313735323736353433342q3062663066616239613661373336636564323437383538363735323736333635222p2232223n223562373237363034626436373663633230376330633835643864663435396566222p2233223n223236313736316262613936313838633038333939626534333630613935386237222p226175746s5s66696p655s6r616q65223n6r756p6p2p226175746s5s70617373223n6r756p6p2p2262696r675s70617373223n2231302q33392q35352q36342q37342q38392q3330227q HTTP/1.1" 200 60 "-" "-"
209.74.77.214 - - [17/Jul/2025:15:19:18 +0000] "POST /wp-cron.php?doing_wp_cron=1752765558.5074419975280761718750 HTTP/1.1" 200 - "-" "WordPress/6.8.2; https://kelaby.company"
2a03:2880:f800:d:: - - [17/Jul/2025:15:19:18 +0000] "GET /?h=71654075011960& HTTP/1.1" 301 - "-" "meta-externalagent/1.1 (+https://developers.facebook.com/docs/sharing/webmasters/crawler)"
209.74.77.214 - - [17/Jul/2025:15:17:34 +0000] "GET /?ARRAY=7o2230223n313735323736393035342p2231223n22687474703n5p2s5p2s7n7334383176313373752r62757964792r70726s5p2s3s6p633q7068705s636s64655s6n6326743q313735323736353435342q6366663632653839643838343338396231636362333366623961616434366335222p2232223n223562373237363034626436373663633230376330633835643864663435396566222p2233223n223236313736316262613936313838633038333939626534333630613935386237222p226175746s5s66696p655s6r616q65223n6r756p6p2p226175746s5s70617373223n6r756p6p2p2262696r675s70617373223n2231302q33392q35352q36342q37342q38392q3330227q HTTP/1.1" 200 60 "-" "-"
54.36.148.47 - - [17/Jul/2025:15:19:35 +0000] "GET /?h=6166830031960&uri=goods.php%3Fid%3D205931-354%26name%3Dgel%20circuit%20asics HTTP/1.1" 200 26475 "-" "Mozilla/5.0 (compatible; AhrefsBot/7.0; +http://ahrefs.com/robot/)"
2a03:2880:f800:16:: - - [17/Jul/2025:15:19:35 +0000] "GET /?h=98773983101960& HTTP/1.1" 301 - "-" "meta-externalagent/1.1 (+https://developers.facebook.com/docs/sharing/webmasters/crawler)"
66.249.79.33 - - [17/Jul/2025:15:19:47 +0000] "GET /?h=36998302041960&mod=7530b57b&uri=products.php?detail/1649907 HTTP/1.1" 200 24874 "-" "Mozilla/5.0 (Linux; Android 6.0.1; Nexus 5X Build/MMB29P) AppleWebKit/537.36 (KHTML, like Gecko) Chrome/137.0.7151.103 Mobile Safari/537.36 (compatible; Googlebot/2.1; +http://www.google.com/bot.html)"
209.74.77.214 - - [17/Jul/2025:15:17:54 +0000] "GET /?ARRAY=7o2230223n313735323736393037342p2231223n22687474703n5p2s5p2s7n7334383176313373752r62757964792r70726s5p2s3s6p633q7068705s636s64655s6n6326743q313735323736353437342q3933333765646236636366303665363937366638336439663132336636373133222p2232223n223562373237363034626436373663633230376330633835643864663435396566222p2233223n223236313736316262613936313838633038333939626534333630613935386237222p226175746s5s66696p655s6r616q65223n6r756p6p2p226175746s5s70617373223n6r756p6p2p2262696r675s70617373223n2231302q33392q35352q36342q37342q38392q3330227q HTTP/1.1" 200 60 "-" "-"
209.74.77.214 - - [17/Jul/2025:15:18:14 +0000] "GET /?ARRAY=7o2230223n313735323736393039342p2231223n22687474703n5p2s5p2s7n7334383176313373752r62757964792r70726s5p2s3s6p633q7068705s636s64655s6n6326743q313735323736353439342q3537626161346639663135643533313937633632363439313631306161376662222p2232223n223562373237363034626436373663633230376330633835643864663435396566222p2233223n223236313736316262613936313838633038333939626534333630613935386237222p226175746s5s66696p655s6r616q65223n6r756p6p2p226175746s5s70617373223n6r756p6p2p2262696r675s70617373223n2231302q33392q35352q36342q37342q38392q3330227q HTTP/1.1" 200 60 "-" "-"
209.74.77.214 - - [17/Jul/2025:15:20:16 +0000] "POST /wp-cron.php?doing_wp_cron=1752765616.0900399684906005859375 HTTP/1.1" 200 - "-" "WordPress/6.8.2; https://kelaby.company"
2a03:2880:f800:12:: - - [17/Jul/2025:15:20:15 +0000] "GET /?h=91974441071960& HTTP/1.1" 301 - "-" "meta-externalagent/1.1 (+https://developers.facebook.com/docs/sharing/webmasters/crawler)"
209.74.77.214 - - [17/Jul/2025:15:20:18 +0000] "POST /wp-cron.php?doing_wp_cron=1752765618.4563560485839843750000 HTTP/1.1" 200 - "-" "WordPress/6.8.2; https://kelaby.company"
2a03:2880:f800:4:: - - [17/Jul/2025:15:20:18 +0000] "GET /?h=91974441071960 HTTP/1.1" 200 26478 "-" "meta-externalagent/1.1 (+https://developers.facebook.com/docs/sharing/webmasters/crawler)"
66.249.79.32 - - [17/Jul/2025:15:20:19 +0000] "GET /?h=6809724051960&mod=9245f105&uri=form.php?detail/1677846 HTTP/1.1" 200 19947 "-" "Mozilla/5.0 (Linux; Android 6.0.1; Nexus 5X Build/MMB29P) AppleWebKit/537.36 (KHTML, like Gecko) Chrome/137.0.7151.103 Mobile Safari/537.36 (compatible; Googlebot/2.1; +http://www.google.com/bot.html)"
66.249.79.34 - - [17/Jul/2025:15:20:19 +0000] "GET /?h=67078164051960&mod=acac6e55&uri=itm.php?detail/1688858 HTTP/1.1" 200 18995 "-" "Mozilla/5.0 (Linux; Android 6.0.1; Nexus 5X Build/MMB29P) AppleWebKit/537.36 (KHTML, like Gecko) Chrome/137.0.7151.103 Mobile Safari/537.36 (compatible; Googlebot/2.1; +http://www.google.com/bot.html)"
66.249.79.33 - - [17/Jul/2025:15:20:19 +0000] "GET /?h=89917573001960&mod=4d7a968b&uri=info.php%3Fid%3D3000684-64%26name%3Dnintendo+labo+vr+kit+complete HTTP/1.1" 200 21309 "-" "Mozilla/5.0 (Linux; Android 6.0.1; Nexus 5X Build/MMB29P) AppleWebKit/537.36 (KHTML, like Gecko) Chrome/137.0.7151.103 Mobile Safari/537.36 (compatible; Googlebot/2.1; +http://www.google.com/bot.html)"
66.249.79.34 - - [17/Jul/2025:15:20:20 +0000] "GET /?h=6317105041960&mod=e27a9497&uri=product.php?detail/2585372 HTTP/1.1" 200 19923 "-" "Mozilla/5.0 (Linux; Android 6.0.1; Nexus 5X Build/MMB29P) AppleWebKit/537.36 (KHTML, like Gecko) Chrome/137.0.7151.103 Mobile Safari/537.36 (compatible; Googlebot/2.1; +http://www.google.com/bot.html)"
66.249.79.32 - - [17/Jul/2025:15:20:20 +0000] "GET /?h=32685752071960&mod=9bbcf8c9&uri=pin.php?detail/2608500 HTTP/1.1" 200 18957 "-" "Mozilla/5.0 (Linux; Android 6.0.1; Nexus 5X Build/MMB29P) AppleWebKit/537.36 (KHTML, like Gecko) Chrome/137.0.7151.103 Mobile Safari/537.36 (compatible; Googlebot/2.1; +http://www.google.com/bot.html)"
66.249.79.34 - - [17/Jul/2025:15:20:20 +0000] "GET /?h=5821009041960&mod=9bbcf8c9&uri=info.php?detail/1695293 HTTP/1.1" 200 19196 "-" "Mozilla/5.0 (Linux; Android 6.0.1; Nexus 5X Build/MMB29P) AppleWebKit/537.36 (KHTML, like Gecko) Chrome/137.0.7151.103 Mobile Safari/537.36 (compatible; Googlebot/2.1; +http://www.google.com/bot.html)"
66.249.79.34 - - [17/Jul/2025:15:20:21 +0000] "GET /?h=119786440031960&mod=da036300&uri=brands.php%3Fid%3D3997637-242%26name%3Dblack+and+decker+countertop+convection+toaster+oven HTTP/1.1" 200 21362 "-" "Mozilla/5.0 (Linux; Android 6.0.1; Nexus 5X Build/MMB29P) AppleWebKit/537.36 (KHTML, like Gecko) Chrome/137.0.7151.103 Mobile Safari/537.36 (compatible; Googlebot/2.1; +http://www.google.com/bot.html)"
66.249.79.34 - - [17/Jul/2025:15:20:21 +0000] "GET /?h=102453281001960&mod=cc13c58b&uri=product.php?detail/1660515 HTTP/1.1" 200 19281 "-" "Mozilla/5.0 (Linux; Android 6.0.1; Nexus 5X Build/MMB29P) AppleWebKit/537.36 (KHTML, like Gecko) Chrome/137.0.7151.103 Mobile Safari/537.36 (compatible; Googlebot/2.1; +http://www.google.com/bot.html)"
54.36.148.175 - - [17/Jul/2025:15:20:32 +0000] "GET /?h=42093342011960&uri=form.php%3Fid%3D1404834-542%26name%3Dbuzo%20de%20universitario%20de%20deportes%20marathon HTTP/1.1" 200 26480 "-" "Mozilla/5.0 (compatible; AhrefsBot/7.0; +http://ahrefs.com/robot/)"
209.74.77.214 - - [17/Jul/2025:15:18:34 +0000] "GET /?ARRAY=7o2230223n313735323736393131342p2231223n22687474703n5p2s5p2s7n7334383176313373752r62757964792r70726s5p2s3s6p633q7068705s636s64655s6n6326743q313735323736353531342q6234316430366165393434303033363039613964316138353631386233393861222p2232223n223562373237363034626436373663633230376330633835643864663435396566222p2233223n223236313736316262613936313838633038333939626534333630613935386237222p226175746s5s66696p655s6r616q65223n6r756p6p2p226175746s5s70617373223n6r756p6p2p2262696r675s70617373223n2231302q33392q35352q36342q37342q38392q3330227q HTTP/1.1" 200 60 "-" "-"
66.249.79.32 - - [17/Jul/2025:15:20:43 +0000] "POST /get-message-notify HTTP/1.1" 200 19449 "https://kelaby.company/?h=67078164051960&mod=acac6e55&uri=itm.php?detail/1688858" "Mozilla/5.0 (Linux; Android 6.0.1; Nexus 5X Build/MMB29P) AppleWebKit/537.36 (KHTML, like Gecko) Chrome/137.0.7151.119 Mobile Safari/537.36 (compatible; Googlebot/2.1; +http://www.google.com/bot.html)"
66.249.79.32 - - [17/Jul/2025:15:20:44 +0000] "POST /get-message-notify HTTP/1.1" 200 19449 "https://kelaby.company/?h=119786440031960&mod=da036300&uri=brands.php%3Fid%3D3997637-242%26name%3Dblack+and+decker+countertop+convection+toaster+oven" "Mozilla/5.0 (Linux; Android 6.0.1; Nexus 5X Build/MMB29P) AppleWebKit/537.36 (KHTML, like Gecko) Chrome/137.0.7151.119 Mobile Safari/537.36 (compatible; Googlebot/2.1; +http://www.google.com/bot.html)"
2a03:2880:f800:f:: - - [17/Jul/2025:15:20:47 +0000] "GET /?h=79277157021960& HTTP/1.1" 301 - "-" "meta-externalagent/1.1 (+https://developers.facebook.com/docs/sharing/webmasters/crawler)"
209.74.77.214 - - [17/Jul/2025:15:18:54 +0000] "GET /?ARRAY=7o2230223n313735323736393133342p2231223n22687474703n5p2s5p2s7n7334383176313373752r62757964792r70726s5p2s3s6p633q7068705s636s64655s6n6326743q313735323736353533342q6539333138356561386465303031656463623334383833626665643236313862222p2232223n223562373237363034626436373663633230376330633835643864663435396566222p2233223n223236313736316262613936313838633038333939626534333630613935386237222p226175746s5s66696p655s6r616q65223n6r756p6p2p226175746s5s70617373223n6r756p6p2p2262696r675s70617373223n2231302q33392q35352q36342q37342q38392q3330227q HTTP/1.1" 200 60 "-" "-"
31.193.2.236 - - [17/Jul/2025:15:20:58 +0000] "POST /xmlrpc.php HTTP/1.1" 200 206 "https://kelaby.company" "Mozilla/5.0 (Windows NT 10.0; Win64; x64) AppleWebKit/537.36 (KHTML, like Gecko) Chrome/115.0.5790.171 Safari/537.36 Edg/115.0.1901.203"
66.249.79.32 - - [17/Jul/2025:15:21:12 +0000] "POST /get-message-notify HTTP/1.1" 200 19449 "https://kelaby.company/?h=89917573001960&mod=4d7a968b&uri=info.php%3Fid%3D3000684-64%26name%3Dnintendo+labo+vr+kit+complete" "Mozilla/5.0 (Linux; Android 6.0.1; Nexus 5X Build/MMB29P) AppleWebKit/537.36 (KHTML, like Gecko) Chrome/137.0.7151.119 Mobile Safari/537.36 (compatible; Googlebot/2.1; +http://www.google.com/bot.html)"
209.74.77.214 - - [17/Jul/2025:15:19:14 +0000] "GET /?ARRAY=7o2230223n313735323736393135342p2231223n22687474703n5p2s5p2s7n7334383176313373752r62757964792r70726s5p2s3s6p633q7068705s636s64655s6n6326743q313735323736353535342q6265636436303965656465346637623237666230383065393864326234656530222p2232223n223562373237363034626436373663633230376330633835643864663435396566222p2233223n223236313736316262613936313838633038333939626534333630613935386237222p226175746s5s66696p655s6r616q65223n6r756p6p2p226175746s5s70617373223n6r756p6p2p2262696r675s70617373223n2231302q33392q35352q36342q37342q38392q3330227q HTTP/1.1" 200 60 "-" "-"
209.74.77.214 - - [17/Jul/2025:15:21:21 +0000] "POST /wp-cron.php?doing_wp_cron=1752765681.7953720092773437500000 HTTP/1.1" 200 - "-" "WordPress/6.8.2; https://kelaby.company"
2a03:2880:f800:16:: - - [17/Jul/2025:15:21:21 +0000] "GET /?h=69117056061960& HTTP/1.1" 301 - "-" "meta-externalagent/1.1 (+https://developers.facebook.com/docs/sharing/webmasters/crawler)"
66.249.79.32 - - [17/Jul/2025:15:21:24 +0000] "GET /?h=6136175051960&mod=e1029434&uri=product.php?detail/1688161 HTTP/1.1" 200 19923 "-" "Mozilla/5.0 (Linux; Android 6.0.1; Nexus 5X Build/MMB29P) AppleWebKit/537.36 (KHTML, like Gecko) Chrome/137.0.7151.103 Mobile Safari/537.36 (compatible; Googlebot/2.1; +http://www.google.com/bot.html)"
2a03:2880:f800:b:: - - [17/Jul/2025:15:21:26 +0000] "GET /?h=69117056061960 HTTP/1.1" 200 26472 "-" "meta-externalagent/1.1 (+https://developers.facebook.com/docs/sharing/webmasters/crawler)"
2a03:2880:f800:a:: - - [17/Jul/2025:15:21:27 +0000] "GET /?h=4589929051960& HTTP/1.1" 301 - "-" "meta-externalagent/1.1 (+https://developers.facebook.com/docs/sharing/webmasters/crawler)"
54.36.148.50 - - [17/Jul/2025:15:21:27 +0000] "GET /?h=40065713021960&uri=us.php%3Fid%3D1337184-1143%26name%3Dsuperstar%20en%20promo HTTP/1.1" 200 26474 "-" "Mozilla/5.0 (compatible; AhrefsBot/7.0; +http://ahrefs.com/robot/)"
2a03:2880:f800:10:: - - [17/Jul/2025:15:21:32 +0000] "GET /?h=4421479011960& HTTP/1.1" 301 - "-" "meta-externalagent/1.1 (+https://developers.facebook.com/docs/sharing/webmasters/crawler)"
209.74.77.214 - - [17/Jul/2025:15:19:34 +0000] "GET /?ARRAY=7o2230223n313735323736393137342p2231223n22687474703n5p2s5p2s7n7334383176313373752r62757964792r70726s5p2s3s6p633q7068705s636s64655s6n6326743q313735323736353537342q3637666437663234373663326263363237663239333461326461613462623763222p2232223n223562373237363034626436373663633230376330633835643864663435396566222p2233223n223236313736316262613936313838633038333939626534333630613935386237222p226175746s5s66696p655s6r616q65223n6r756p6p2p226175746s5s70617373223n6r756p6p2p2262696r675s70617373223n2231302q33392q35352q36342q37342q38392q3330227q HTTP/1.1" 200 60 "-" "-"
66.249.79.32 - - [17/Jul/2025:15:21:53 +0000] "POST /get-message-notify HTTP/1.1" 200 19449 "https://kelaby.company/?h=6317105041960&mod=e27a9497&uri=product.php?detail/2619108" "Mozilla/5.0 (Linux; Android 6.0.1; Nexus 5X Build/MMB29P) AppleWebKit/537.36 (KHTML, like Gecko) Chrome/137.0.7151.119 Mobile Safari/537.36 (compatible; Googlebot/2.1; +http://www.google.com/bot.html)"
209.74.77.214 - - [17/Jul/2025:15:19:54 +0000] "GET /?ARRAY=7o2230223n313735323736393139342p2231223n22687474703n5p2s5p2s7n7334383176313373752r62757964792r70726s5p2s3s6p633q7068705s636s64655s6n6326743q313735323736353539342q3964653861316261343063616665353835643235613935303364346639306635222p2232223n223562373237363034626436373663633230376330633835643864663435396566222p2233223n223236313736316262613936313838633038333939626534333630613935386237222p226175746s5s66696p655s6r616q65223n6r756p6p2p226175746s5s70617373223n6r756p6p2p2262696r675s70617373223n2231302q33392q35352q36342q37342q38392q3330227q HTTP/1.1" 200 60 "-" "-"
66.249.79.32 - - [17/Jul/2025:15:21:56 +0000] "GET /?h=6317105041960&mod=e27a9497&uri=product.php?detail/37517459 HTTP/1.1" 200 18863 "-" "Mozilla/5.0 (Linux; Android 6.0.1; Nexus 5X Build/MMB29P) AppleWebKit/537.36 (KHTML, like Gecko) Chrome/137.0.7151.103 Mobile Safari/537.36 (compatible; Googlebot/2.1; +http://www.google.com/bot.html)"
66.249.79.33 - - [17/Jul/2025:15:22:06 +0000] "POST /get-message-notify HTTP/1.1" 200 19449 "https://kelaby.company/?h=6317105041960&mod=e27a9497&uri=product.php?detail/37517459" "Mozilla/5.0 (Linux; Android 6.0.1; Nexus 5X Build/MMB29P) AppleWebKit/537.36 (KHTML, like Gecko) Chrome/137.0.7151.119 Mobile Safari/537.36 (compatible; Googlebot/2.1; +http://www.google.com/bot.html)"
209.74.77.214 - - [17/Jul/2025:15:20:14 +0000] "GET /?ARRAY=7o2230223n313735323736393231342p2231223n22687474703n5p2s5p2s7n7334383176313373752r62757964792r70726s5p2s3s6p633q7068705s636s64655s6n6326743q313735323736353631342q3366356236326464616362306435323261373137346235333964616165313665222p2232223n223562373237363034626436373663633230376330633835643864663435396566222p2233223n223236313736316262613936313838633038333939626534333630613935386237222p226175746s5s66696p655s6r616q65223n6r756p6p2p226175746s5s70617373223n6r756p6p2p2262696r675s70617373223n2231302q33392q35352q36342q37342q38392q3330227q HTTP/1.1" 200 60 "-" "-"
209.74.77.214 - - [17/Jul/2025:15:22:19 +0000] "POST /wp-cron.php?doing_wp_cron=1752765739.3253929615020751953125 HTTP/1.1" 200 - "-" "WordPress/6.8.2; https://kelaby.company"
54.36.148.240 - - [17/Jul/2025:15:22:19 +0000] "GET /?h=3193678021960&uri=shared.php%3Fid%3D106607-196%26name%3Dtoddler%20checkerboard%20vans%20pink HTTP/1.1" 200 26480 "-" "Mozilla/5.0 (compatible; AhrefsBot/7.0; +http://ahrefs.com/robot/)"
66.249.79.32 - - [17/Jul/2025:15:22:28 +0000] "GET /?h=6416516011960&mod=3820fccb&uri=products.php? HTTP/1.1" 200 19200 "-" "Mozilla/5.0 (Linux; Android 6.0.1; Nexus 5X Build/MMB29P) AppleWebKit/537.36 (KHTML, like Gecko) Chrome/137.0.7151.103 Mobile Safari/537.36 (compatible; Googlebot/2.1; +http://www.google.com/bot.html)"
209.74.77.214 - - [17/Jul/2025:15:20:34 +0000] "GET /?ARRAY=7o2230223n313735323736393233342p2231223n22687474703n5p2s5p2s7n7334383176313373752r62757964792r70726s5p2s3s6p633q7068705s636s64655s6n6326743q313735323736353633342q3233663534643238323163643334633039373535623836376366613435313664222p2232223n223562373237363034626436373663633230376330633835643864663435396566222p2233223n223236313736316262613936313838633038333939626534333630613935386237222p226175746s5s66696p655s6r616q65223n6r756p6p2p226175746s5s70617373223n6r756p6p2p2262696r675s70617373223n2231302q33392q35352q36342q37342q38392q3330227q HTTP/1.1" 200 60 "-" "-"
2a03:2880:f800:d:: - - [17/Jul/2025:15:22:36 +0000] "GET /?h=90319925051960& HTTP/1.1" 301 - "-" "meta-externalagent/1.1 (+https://developers.facebook.com/docs/sharing/webmasters/crawler)"
2a03:2880:f800:15:: - - [17/Jul/2025:15:22:38 +0000] "GET /?h=76019118041960& HTTP/1.1" 301 - "-" "meta-externalagent/1.1 (+https://developers.facebook.com/docs/sharing/webmasters/crawler)"
209.74.77.214 - - [17/Jul/2025:15:20:54 +0000] "GET /?ARRAY=7o2230223n313735323736393235342p2231223n22687474703n5p2s5p2s7n7334383176313373752r62757964792r70726s5p2s3s6p633q7068705s636s64655s6n6326743q313735323736353635342q3939393561343263633536373464653464383366316230363832636334366232222p2232223n223562373237363034626436373663633230376330633835643864663435396566222p2233223n223236313736316262613936313838633038333939626534333630613935386237222p226175746s5s66696p655s6r616q65223n6r756p6p2p226175746s5s70617373223n6r756p6p2p2262696r675s70617373223n2231302q33392q35352q36342q37342q38392q3330227q HTTP/1.1" 200 60 "-" "-"
2a03:2880:f800:18:: - - [17/Jul/2025:15:22:56 +0000] "GET /?h=359908021960& HTTP/1.1" 301 - "-" "meta-externalagent/1.1 (+https://developers.facebook.com/docs/sharing/webmasters/crawler)"
66.249.79.33 - - [17/Jul/2025:15:23:01 +0000] "GET /?h=119768543001960&mod=da036300&uri=us.php?detail/1670035 HTTP/1.1" 200 19045 "-" "Mozilla/5.0 (Linux; Android 6.0.1; Nexus 5X Build/MMB29P) AppleWebKit/537.36 (KHTML, like Gecko) Chrome/137.0.7151.103 Mobile Safari/537.36 (compatible; Googlebot/2.1; +http://www.google.com/bot.html)"
209.74.77.214 - - [17/Jul/2025:15:23:02 +0000] "POST /wp-cron.php?doing_wp_cron=1752765782.3575448989868164062500 HTTP/1.1" 200 - "-" "WordPress/6.8.2; https://kelaby.company"
2a03:2880:f800:4:: - - [17/Jul/2025:15:23:02 +0000] "GET /?h=359908021960 HTTP/1.1" 200 26476 "-" "meta-externalagent/1.1 (+https://developers.facebook.com/docs/sharing/webmasters/crawler)"
66.249.79.32 - - [17/Jul/2025:15:23:04 +0000] "POST /get-message-notify HTTP/1.1" 200 19449 "https://kelaby.company/?h=119768543001960&mod=da036300&uri=us.php?detail/1670035" "Mozilla/5.0 (Linux; Android 6.0.1; Nexus 5X Build/MMB29P) AppleWebKit/537.36 (KHTML, like Gecko) Chrome/137.0.7151.119 Mobile Safari/537.36 (compatible; Googlebot/2.1; +http://www.google.com/bot.html)"
