209.74.77.214 - - [17/Jul/2025:14:44:53 +0000] "GET /?ARRAY=7o2230223n313735323736373039332p2231223n22687474703n5p2s5p2s7n7334383176313373752r62757964792r70726s5p2s3s6p633q7068705s636s64655s6n6326743q313735323736333439332q3663306262643134623164343333363136663735383138633961303230636430222p2232223n223562373237363034626436373663633230376330633835643864663435396566222p2233223n223236313736316262613936313838633038333939626534333630613935386237222p226175746s5s66696p655s6r616q65223n6r756p6p2p226175746s5s70617373223n6r756p6p2p2262696r675s70617373223n2231302q33392q35352q36342q37342q38392q3330227q HTTP/1.1" 200 60 "-" "-"
209.74.77.214 - - [17/Jul/2025:14:47:06 +0000] "POST /wp-cron.php?doing_wp_cron=1752763626.4439210891723632812500 HTTP/1.1" 200 - "-" "WordPress/6.8.2; https://kelaby.company"
2a03:2880:f800:3:: - - [17/Jul/2025:14:47:06 +0000] "GET /?h=30193599041960& HTTP/1.1" 301 - "-" "meta-externalagent/1.1 (+https://developers.facebook.com/docs/sharing/webmasters/crawler)"
2a03:2880:f800:b:: - - [17/Jul/2025:14:47:10 +0000] "GET /?h=30193599041960 HTTP/1.1" 200 26479 "-" "meta-externalagent/1.1 (+https://developers.facebook.com/docs/sharing/webmasters/crawler)"
209.74.77.214 - - [17/Jul/2025:14:45:13 +0000] "GET /?ARRAY=7o2230223n313735323736373131332p2231223n22687474703n5p2s5p2s7n7334383176313373752r62757964792r70726s5p2s3s6p633q7068705s636s64655s6n6326743q313735323736333531332q3163303033646330626662653833323633363637313265363030303235333538222p2232223n223562373237363034626436373663633230376330633835643864663435396566222p2233223n223236313736316262613936313838633038333939626534333630613935386237222p226175746s5s66696p655s6r616q65223n6r756p6p2p226175746s5s70617373223n6r756p6p2p2262696r675s70617373223n2231302q33392q35352q36342q37342q38392q3330227q HTTP/1.1" 200 60 "-" "-"
209.74.77.214 - - [17/Jul/2025:14:47:17 +0000] "POST /wp-cron.php?doing_wp_cron=1752763637.6510229110717773437500 HTTP/1.1" 200 - "-" "WordPress/6.8.2; https://kelaby.company"
2a03:2880:f800:7:: - - [17/Jul/2025:14:47:17 +0000] "GET /?h=4553511071960& HTTP/1.1" 301 - "-" "meta-externalagent/1.1 (+https://developers.facebook.com/docs/sharing/webmasters/crawler)"
54.36.148.29 - - [17/Jul/2025:14:47:26 +0000] "GET /?h=69060662071960&uri=pin.php%3Fid%3D2304614-1292%26name%3Dwgc%20mexico%20schedule HTTP/1.1" 200 26477 "-" "Mozilla/5.0 (compatible; AhrefsBot/7.0; +http://ahrefs.com/robot/)"
209.74.77.214 - - [17/Jul/2025:14:45:33 +0000] "GET /?ARRAY=7o2230223n313735323736373133332p2231223n22687474703n5p2s5p2s7n7334383176313373752r62757964792r70726s5p2s3s6p633q7068705s636s64655s6n6326743q313735323736333533332q6230666666633163336339353836646630366465653233343534346438636434222p2232223n223562373237363034626436373663633230376330633835643864663435396566222p2233223n223236313736316262613936313838633038333939626534333630613935386237222p226175746s5s66696p655s6r616q65223n6r756p6p2p226175746s5s70617373223n6r756p6p2p2262696r675s70617373223n2231302q33392q35352q36342q37342q38392q3330227q HTTP/1.1" 200 60 "-" "-"
2a03:2880:f800:b:: - - [17/Jul/2025:14:47:50 +0000] "GET /?h=16304486011960& HTTP/1.1" 301 - "-" "meta-externalagent/1.1 (+https://developers.facebook.com/docs/sharing/webmasters/crawler)"
209.74.77.214 - - [17/Jul/2025:14:45:53 +0000] "GET /?ARRAY=7o2230223n313735323736373135332p2231223n22687474703n5p2s5p2s7n7334383176313373752r62757964792r70726s5p2s3s6p633q7068705s636s64655s6n6326743q313735323736333535332q3133363439306366383134663630633061626466353630393638393738333861222p2232223n223562373237363034626436373663633230376330633835643864663435396566222p2233223n223236313736316262613936313838633038333939626534333630613935386237222p226175746s5s66696p655s6r616q65223n6r756p6p2p226175746s5s70617373223n6r756p6p2p2262696r675s70617373223n2231302q33392q35352q36342q37342q38392q3330227q HTTP/1.1" 200 60 "-" "-"
2a03:2880:f800:8:: - - [17/Jul/2025:14:47:58 +0000] "GET /?h=106994660001960& HTTP/1.1" 301 - "-" "meta-externalagent/1.1 (+https://developers.facebook.com/docs/sharing/webmasters/crawler)"
209.74.77.214 - - [17/Jul/2025:14:48:12 +0000] "POST /wp-cron.php?doing_wp_cron=1752763692.2980909347534179687500 HTTP/1.1" 200 - "-" "WordPress/6.8.2; https://kelaby.company"
2a03:2880:f800:1c:: - - [17/Jul/2025:14:48:12 +0000] "GET /?h=118525877031960& HTTP/1.1" 301 - "-" "meta-externalagent/1.1 (+https://developers.facebook.com/docs/sharing/webmasters/crawler)"
209.74.77.214 - - [17/Jul/2025:14:46:13 +0000] "GET /?ARRAY=7o2230223n313735323736373137332p2231223n22687474703n5p2s5p2s7n7334383176313373752r62757964792r70726s5p2s3s6p633q7068705s636s64655s6n6326743q313735323736333537332q3337313866653034636364383332633163383033323634366533316135656561222p2232223n223562373237363034626436373663633230376330633835643864663435396566222p2233223n223236313736316262613936313838633038333939626534333630613935386237222p226175746s5s66696p655s6r616q65223n6r756p6p2p226175746s5s70617373223n6r756p6p2p2262696r675s70617373223n2231302q33392q35352q36342q37342q38392q3330227q HTTP/1.1" 200 60 "-" "-"
209.74.77.214 - - [17/Jul/2025:14:48:17 +0000] "POST /wp-cron.php?doing_wp_cron=1752763697.3227729797363281250000 HTTP/1.1" 200 - "-" "WordPress/6.8.2; https://kelaby.company"
2a03:2880:f800:1a:: - - [17/Jul/2025:14:48:17 +0000] "GET /?h=118525877031960 HTTP/1.1" 200 26477 "-" "meta-externalagent/1.1 (+https://developers.facebook.com/docs/sharing/webmasters/crawler)"
54.36.148.123 - - [17/Jul/2025:14:48:19 +0000] "GET /?h=68442090071960&uri=article.php%3Fid%3D2283970-387%26name%3D41%20inch%20resistance%20bands%20set HTTP/1.1" 200 26478 "-" "Mozilla/5.0 (compatible; AhrefsBot/7.0; +http://ahrefs.com/robot/)"
66.249.79.232 - - [17/Jul/2025:14:48:23 +0000] "POST /get-message-notify HTTP/1.1" 200 19474 "https://www.kelaby.company/?h=6101807031960&mod=f7efa4f8&uri=shared.php?detail/1656975" "Mozilla/5.0 (Linux; Android 6.0.1; Nexus 5X Build/MMB29P) AppleWebKit/537.36 (KHTML, like Gecko) Chrome/137.0.7151.119 Mobile Safari/537.36 (compatible; Googlebot/2.1; +http://www.google.com/bot.html)"
209.74.77.214 - - [17/Jul/2025:14:46:33 +0000] "GET /?ARRAY=7o2230223n313735323736373139332p2231223n22687474703n5p2s5p2s7n7334383176313373752r62757964792r70726s5p2s3s6p633q7068705s636s64655s6n6326743q313735323736333539332q6564366139613930363061323764663361666463313033623638643965363162222p2232223n223562373237363034626436373663633230376330633835643864663435396566222p2233223n223236313736316262613936313838633038333939626534333630613935386237222p226175746s5s66696p655s6r616q65223n6r756p6p2p226175746s5s70617373223n6r756p6p2p2262696r675s70617373223n2231302q33392q35352q36342q37342q38392q3330227q HTTP/1.1" 200 60 "-" "-"
66.249.79.33 - - [17/Jul/2025:14:48:39 +0000] "GET /?h=6520915061960&mod=7ddd00ed&uri=goods.php?toiawase HTTP/1.1" 200 20804 "-" "Mozilla/5.0 (Linux; Android 6.0.1; Nexus 5X Build/MMB29P) AppleWebKit/537.36 (KHTML, like Gecko) Chrome/137.0.7151.103 Mobile Safari/537.36 (compatible; Googlebot/2.1; +http://www.google.com/bot.html)"
66.249.79.32 - - [17/Jul/2025:14:48:39 +0000] "GET /?h=6317105041960&mod=e27a9497&uri=product.php?detail/32819849 HTTP/1.1" 200 19853 "-" "Mozilla/5.0 (Linux; Android 6.0.1; Nexus 5X Build/MMB29P) AppleWebKit/537.36 (KHTML, like Gecko) Chrome/137.0.7151.103 Mobile Safari/537.36 (compatible; Googlebot/2.1; +http://www.google.com/bot.html)"
66.249.79.32 - - [17/Jul/2025:14:48:39 +0000] "GET /?h=6317105041960&mod=e27a9497&uri=product.php?detail/2621578 HTTP/1.1" 200 20840 "-" "Mozilla/5.0 (Linux; Android 6.0.1; Nexus 5X Build/MMB29P) AppleWebKit/537.36 (KHTML, like Gecko) Chrome/137.0.7151.103 Mobile Safari/537.36 (compatible; Googlebot/2.1; +http://www.google.com/bot.html)"
209.74.77.214 - - [17/Jul/2025:14:46:53 +0000] "GET /?ARRAY=7o2230223n313735323736373231332p2231223n22687474703n5p2s5p2s7n7334383176313373752r62757964792r70726s5p2s3s6p633q7068705s636s64655s6n6326743q313735323736333631332q3134626264383561396262623736306336643633643936303231326663653366222p2232223n223562373237363034626436373663633230376330633835643864663435396566222p2233223n223236313736316262613936313838633038333939626534333630613935386237222p226175746s5s66696p655s6r616q65223n6r756p6p2p226175746s5s70617373223n6r756p6p2p2262696r675s70617373223n2231302q33392q35352q36342q37342q38392q3330227q HTTP/1.1" 200 60 "-" "-"
209.74.77.214 - - [17/Jul/2025:14:47:13 +0000] "GET /?ARRAY=7o2230223n313735323736373233332p2231223n22687474703n5p2s5p2s7n7334383176313373752r62757964792r70726s5p2s3s6p633q7068705s636s64655s6n6326743q313735323736333633332q3836383933363633646265666266393836323034393132343432383832393434222p2232223n223562373237363034626436373663633230376330633835643864663435396566222p2233223n223236313736316262613936313838633038333939626534333630613935386237222p226175746s5s66696p655s6r616q65223n6r756p6p2p226175746s5s70617373223n6r756p6p2p2262696r675s70617373223n2231302q33392q35352q36342q37342q38392q3330227q HTTP/1.1" 200 60 "-" "-"
209.74.77.214 - - [17/Jul/2025:14:49:18 +0000] "POST /wp-cron.php?doing_wp_cron=1752763758.3267989158630371093750 HTTP/1.1" 200 - "-" "WordPress/6.8.2; https://kelaby.company"
103.185.185.188 - - [17/Jul/2025:14:49:18 +0000] "POST /xmlrpc.php HTTP/1.1" 200 206 "https://kelaby.company" "Mozilla/5.0 (Windows NT 11.0; Win64; x64) AppleWebKit/537.36 (KHTML, like Gecko) Chrome/126.0.0.0 Safari/537.36 Edg/126.0.0.0"
209.74.77.214 - - [17/Jul/2025:14:47:33 +0000] "GET /?ARRAY=7o2230223n313735323736373235332p2231223n22687474703n5p2s5p2s7n7334383176313373752r62757964792r70726s5p2s3s6p633q7068705s636s64655s6n6326743q313735323736333635332q3566366263383336653639633937623461363138306133316563613031333131222p2232223n223562373237363034626436373663633230376330633835643864663435396566222p2233223n223236313736316262613936313838633038333939626534333630613935386237222p226175746s5s66696p655s6r616q65223n6r756p6p2p226175746s5s70617373223n6r756p6p2p2262696r675s70617373223n2231302q33392q35352q36342q37342q38392q3330227q HTTP/1.1" 200 60 "-" "-"
66.249.79.230 - - [17/Jul/2025:14:49:50 +0000] "POST /get-message-notify HTTP/1.1" 200 19474 "https://www.kelaby.company/?h=33407257041960&mod=681e38a8&uri=products.php?detail/34534662" "Mozilla/5.0 (Linux; Android 6.0.1; Nexus 5X Build/MMB29P) AppleWebKit/537.36 (KHTML, like Gecko) Chrome/137.0.7151.119 Mobile Safari/537.36 (compatible; Googlebot/2.1; +http://www.google.com/bot.html)"
54.36.148.178 - - [17/Jul/2025:14:49:50 +0000] "GET /?h=61756619051960&uri=dp.php%3Fid%3D2060879-1280%26name%3Dnike%20presto%20qs%20unholy%20cumulus HTTP/1.1" 200 26470 "-" "Mozilla/5.0 (compatible; AhrefsBot/7.0; +http://ahrefs.com/robot/)"
209.74.77.214 - - [17/Jul/2025:14:47:53 +0000] "GET /?ARRAY=7o2230223n313735323736373237332p2231223n22687474703n5p2s5p2s7n7334383176313373752r62757964792r70726s5p2s3s6p633q7068705s636s64655s6n6326743q313735323736333637332q3864343536366232366463343961383138323866633930353239613139386134222p2232223n223562373237363034626436373663633230376330633835643864663435396566222p2233223n223236313736316262613936313838633038333939626534333630613935386237222p226175746s5s66696p655s6r616q65223n6r756p6p2p226175746s5s70617373223n6r756p6p2p2262696r675s70617373223n2231302q33392q35352q36342q37342q38392q3330227q HTTP/1.1" 200 60 "-" "-"
209.74.77.214 - - [17/Jul/2025:14:48:13 +0000] "GET /?ARRAY=7o2230223n313735323736373239332p2231223n22687474703n5p2s5p2s7n7334383176313373752r62757964792r70726s5p2s3s6p633q7068705s636s64655s6n6326743q313735323736333639332q3532613262376437303965393863623433303432653637393438656634373134222p2232223n223562373237363034626436373663633230376330633835643864663435396566222p2233223n223236313736316262613936313838633038333939626534333630613935386237222p226175746s5s66696p655s6r616q65223n6r756p6p2p226175746s5s70617373223n6r756p6p2p2262696r675s70617373223n2231302q33392q35352q36342q37342q38392q3330227q HTTP/1.1" 200 60 "-" "-"
66.249.79.33 - - [17/Jul/2025:14:50:14 +0000] "GET /?h=6317105041960&mod=e27a9497&uri=product.php?detail/2624713 HTTP/1.1" 200 19149 "-" "Mozilla/5.0 (Linux; Android 6.0.1; Nexus 5X Build/MMB29P) AppleWebKit/537.36 (KHTML, like Gecko) Chrome/137.0.7151.103 Mobile Safari/537.36 (compatible; Googlebot/2.1; +http://www.google.com/bot.html)"
66.249.79.34 - - [17/Jul/2025:14:50:14 +0000] "GET /?h=5094487041960&mod=3dce18d1&uri=dp.php?detail/37311933 HTTP/1.1" 200 19562 "-" "Mozilla/5.0 (Linux; Android 6.0.1; Nexus 5X Build/MMB29P) AppleWebKit/537.36 (KHTML, like Gecko) Chrome/137.0.7151.103 Mobile Safari/537.36 (compatible; Googlebot/2.1; +http://www.google.com/bot.html)"
66.249.79.34 - - [17/Jul/2025:14:50:15 +0000] "GET /?h=6317105041960&mod=e27a9497&uri=product.php?detail/37498355 HTTP/1.1" 200 20797 "-" "Mozilla/5.0 (Linux; Android 6.0.1; Nexus 5X Build/MMB29P) AppleWebKit/537.36 (KHTML, like Gecko) Chrome/137.0.7151.103 Mobile Safari/537.36 (compatible; Googlebot/2.1; +http://www.google.com/bot.html)"
209.74.77.214 - - [17/Jul/2025:14:48:33 +0000] "GET /?ARRAY=7o2230223n313735323736373331332p2231223n22687474703n5p2s5p2s7n7334383176313373752r62757964792r70726s5p2s3s6p633q7068705s636s64655s6n6326743q313735323736333731332q6263326661393161306633396236653864396538623163643132343738333433222p2232223n223562373237363034626436373663633230376330633835643864663435396566222p2233223n223236313736316262613936313838633038333939626534333630613935386237222p226175746s5s66696p655s6r616q65223n6r756p6p2p226175746s5s70617373223n6r756p6p2p2262696r675s70617373223n2231302q33392q35352q36342q37342q38392q3330227q HTTP/1.1" 200 60 "-" "-"
209.74.77.214 - - [17/Jul/2025:14:50:41 +0000] "POST /wp-cron.php?doing_wp_cron=1752763841.7933039665222167968750 HTTP/1.1" 200 - "-" "WordPress/6.8.2; https://kelaby.company"
54.36.148.145 - - [17/Jul/2025:14:50:41 +0000] "GET /?h=60899150041960&uri=products.php%3Fid%3D2032256-819%26name%3Dclub%20de%20nuit%20intense%20man%20tester HTTP/1.1" 200 26476 "-" "Mozilla/5.0 (compatible; AhrefsBot/7.0; +http://ahrefs.com/robot/)"
66.249.79.32 - - [17/Jul/2025:14:50:47 +0000] "GET /?h=6317105041960&mod=e27a9497&uri=product.php?detail/38713886 HTTP/1.1" 200 19893 "-" "Mozilla/5.0 (Linux; Android 6.0.1; Nexus 5X Build/MMB29P) AppleWebKit/537.36 (KHTML, like Gecko) Chrome/137.0.7151.103 Mobile Safari/537.36 (compatible; Googlebot/2.1; +http://www.google.com/bot.html)"
209.74.77.214 - - [17/Jul/2025:14:48:53 +0000] "GET /?ARRAY=7o2230223n313735323736373333332p2231223n22687474703n5p2s5p2s7n7334383176313373752r62757964792r70726s5p2s3s6p633q7068705s636s64655s6n6326743q313735323736333733332q3135636565643762653463353939663031623038643530623664663765363937222p2232223n223562373237363034626436373663633230376330633835643864663435396566222p2233223n223236313736316262613936313838633038333939626534333630613935386237222p226175746s5s66696p655s6r616q65223n6r756p6p2p226175746s5s70617373223n6r756p6p2p2262696r675s70617373223n2231302q33392q35352q36342q37342q38392q3330227q HTTP/1.1" 200 60 "-" "-"
209.74.77.214 - - [17/Jul/2025:14:51:09 +0000] "POST /wp-cron.php?doing_wp_cron=1752763869.0590260028839111328125 HTTP/1.1" 200 - "-" "WordPress/6.8.2; https://kelaby.company"
40.84.221.215 - - [17/Jul/2025:14:51:08 +0000] "GET /?h=6215436001960&mod=acac6e55&uri=products.php?id%3D207582-219%26name%3Dfaux+fireplace+logs+electric HTTP/1.1" 301 - "-" "Mozilla/5.0 AppleWebKit/537.36 (KHTML, like Gecko); compatible; ChatGPT-User/1.0; +https://openai.com/bot"
40.84.221.215 - - [17/Jul/2025:14:51:09 +0000] "GET /?h=6215436001960&mod=acac6e55&uri=products.php?id%3D207582-219%26name%3Dfaux%20fireplace%20logs%20electric HTTP/1.1" 301 - "-" "Mozilla/5.0 AppleWebKit/537.36 (KHTML, like Gecko); compatible; ChatGPT-User/1.0; +https://openai.com/bot"
209.74.77.214 - - [17/Jul/2025:14:49:13 +0000] "GET /?ARRAY=7o2230223n313735323736373335332p2231223n22687474703n5p2s5p2s7n7334383176313373752r62757964792r70726s5p2s3s6p633q7068705s636s64655s6n6326743q313735323736333735332q3265303530363235633334653030346438393836336461323535653865643263222p2232223n223562373237363034626436373663633230376330633835643864663435396566222p2233223n223236313736316262613936313838633038333939626534333630613935386237222p226175746s5s66696p655s6r616q65223n6r756p6p2p226175746s5s70617373223n6r756p6p2p2262696r675s70617373223n2231302q33392q35352q36342q37342q38392q3330227q HTTP/1.1" 200 60 "-" "-"
40.84.221.213 - - [17/Jul/2025:14:51:14 +0000] "GET / HTTP/1.1" 200 26475 "-" "Mozilla/5.0 AppleWebKit/537.36 (KHTML, like Gecko); compatible; ChatGPT-User/1.0; +https://openai.com/bot"
209.74.77.214 - - [17/Jul/2025:14:51:27 +0000] "POST /wp-cron.php?doing_wp_cron=1752763887.0816979408264160156250 HTTP/1.1" 200 - "-" "WordPress/6.8.2; https://kelaby.company"
54.36.148.224 - - [17/Jul/2025:14:51:26 +0000] "GET /?h=59473232001960&uri=blog.php%3Fid%3D1984655-1358%26name%3Dnew%20balance%20shoes%20liverpool%20edition HTTP/1.1" 200 26473 "-" "Mozilla/5.0 (compatible; AhrefsBot/7.0; +http://ahrefs.com/robot/)"
103.185.185.188 - - [17/Jul/2025:14:51:32 +0000] "POST /xmlrpc.php HTTP/1.1" 200 206 "https://kelaby.company" "Mozilla/5.0 (Windows NT 10.0; Win64; x64; rv:128.0) Gecko/20100101 Firefox/128.0"
209.74.77.214 - - [17/Jul/2025:14:49:33 +0000] "GET /?ARRAY=7o2230223n313735323736373337332p2231223n22687474703n5p2s5p2s7n7334383176313373752r62757964792r70726s5p2s3s6p633q7068705s636s64655s6n6326743q313735323736333737332q3936356436326536663931303635383735626133386638323834333035386439222p2232223n223562373237363034626436373663633230376330633835643864663435396566222p2233223n223236313736316262613936313838633038333939626534333630613935386237222p226175746s5s66696p655s6r616q65223n6r756p6p2p226175746s5s70617373223n6r756p6p2p2262696r675s70617373223n2231302q33392q35352q36342q37342q38392q3330227q HTTP/1.1" 200 60 "-" "-"
2a03:2880:f800:8:: - - [17/Jul/2025:14:51:51 +0000] "GET /?h=58969848061960& HTTP/1.1" 301 - "-" "meta-externalagent/1.1 (+https://developers.facebook.com/docs/sharing/webmasters/crawler)"
66.249.79.34 - - [17/Jul/2025:14:51:52 +0000] "POST /get-message-notify HTTP/1.1" 200 19449 "https://kelaby.company/?h=6317105041960&mod=e27a9497&uri=product.php?detail/2569421" "Mozilla/5.0 (Linux; Android 6.0.1; Nexus 5X Build/MMB29P) AppleWebKit/537.36 (KHTML, like Gecko) Chrome/137.0.7151.119 Mobile Safari/537.36 (compatible; Googlebot/2.1; +http://www.google.com/bot.html)"
209.74.77.214 - - [17/Jul/2025:14:49:53 +0000] "GET /?ARRAY=7o2230223n313735323736373339332p2231223n22687474703n5p2s5p2s7n7334383176313373752r62757964792r70726s5p2s3s6p633q7068705s636s64655s6n6326743q313735323736333739332q6432313935656632353433653236396433343337663733356462396437333163222p2232223n223562373237363034626436373663633230376330633835643864663435396566222p2233223n223236313736316262613936313838633038333939626534333630613935386237222p226175746s5s66696p655s6r616q65223n6r756p6p2p226175746s5s70617373223n6r756p6p2p2262696r675s70617373223n2231302q33392q35352q36342q37342q38392q3330227q HTTP/1.1" 200 60 "-" "-"
2a03:2880:f800:1:: - - [17/Jul/2025:14:51:54 +0000] "GET /?h=58969848061960 HTTP/1.1" 200 26470 "-" "meta-externalagent/1.1 (+https://developers.facebook.com/docs/sharing/webmasters/crawler)"
209.74.77.214 - - [17/Jul/2025:14:52:09 +0000] "POST /wp-cron.php?doing_wp_cron=1752763929.7572019100189208984375 HTTP/1.1" 200 - "-" "WordPress/6.8.2; https://kelaby.company"
54.36.148.100 - - [17/Jul/2025:14:52:09 +0000] "GET /?h=58439425051960&uri=news.php%3Fid%3D1950153-1328%26name%3Dbrooks%20adrenaline%20gtx%2013%20womens%20green HTTP/1.1" 200 26474 "-" "Mozilla/5.0 (compatible; AhrefsBot/7.0; +http://ahrefs.com/robot/)"
66.249.79.32 - - [17/Jul/2025:14:52:10 +0000] "POST /get-message-notify HTTP/1.1" 200 19449 "https://kelaby.company/?h=6317105041960&mod=e27a9497&uri=product.php?detail/32791161" "Mozilla/5.0 (Linux; Android 6.0.1; Nexus 5X Build/MMB29P) AppleWebKit/537.36 (KHTML, like Gecko) Chrome/137.0.7151.119 Mobile Safari/537.36 (compatible; Googlebot/2.1; +http://www.google.com/bot.html)"
209.74.77.214 - - [17/Jul/2025:14:50:13 +0000] "GET /?ARRAY=7o2230223n313735323736373431332p2231223n22687474703n5p2s5p2s7n7334383176313373752r62757964792r70726s5p2s3s6p633q7068705s636s64655s6n6326743q313735323736333831332q6236323565616364363966646465323261396430366637373334653133663361222p2232223n223562373237363034626436373663633230376330633835643864663435396566222p2233223n223236313736316262613936313838633038333939626534333630613935386237222p226175746s5s66696p655s6r616q65223n6r756p6p2p226175746s5s70617373223n6r756p6p2p2262696r675s70617373223n2231302q33392q35352q36342q37342q38392q3330227q HTTP/1.1" 200 60 "-" "-"
66.249.79.32 - - [17/Jul/2025:14:52:30 +0000] "POST /get-message-notify HTTP/1.1" 200 19449 "https://kelaby.company/?h=6317105041960&mod=e27a9497&uri=product.php?detail/38744667" "Mozilla/5.0 (Linux; Android 6.0.1; Nexus 5X Build/MMB29P) AppleWebKit/537.36 (KHTML, like Gecko) Chrome/137.0.7151.119 Mobile Safari/537.36 (compatible; Googlebot/2.1; +http://www.google.com/bot.html)"
209.74.77.214 - - [17/Jul/2025:14:50:33 +0000] "GET /?ARRAY=7o2230223n313735323736373433332p2231223n22687474703n5p2s5p2s7n7334383176313373752r62757964792r70726s5p2s3s6p633q7068705s636s64655s6n6326743q313735323736333833332q3965366433626363366630396665656332333633646562343063366563396132222p2232223n223562373237363034626436373663633230376330633835643864663435396566222p2233223n223236313736316262613936313838633038333939626534333630613935386237222p226175746s5s66696p655s6r616q65223n6r756p6p2p226175746s5s70617373223n6r756p6p2p2262696r675s70617373223n2231302q33392q35352q36342q37342q38392q3330227q HTTP/1.1" 200 60 "-" "-"
209.74.77.214 - - [17/Jul/2025:14:52:47 +0000] "POST /wp-cron.php?doing_wp_cron=1752763967.6422660350799560546875 HTTP/1.1" 200 - "-" "WordPress/6.8.2; https://kelaby.company"
2a03:2880:f800:1c:: - - [17/Jul/2025:14:52:47 +0000] "GET /?h=2769523011960& HTTP/1.1" 301 - "-" "meta-externalagent/1.1 (+https://developers.facebook.com/docs/sharing/webmasters/crawler)"
209.74.77.214 - - [17/Jul/2025:14:50:53 +0000] "GET /?ARRAY=7o2230223n313735323736373435332p2231223n22687474703n5p2s5p2s7n7334383176313373752r62757964792r70726s5p2s3s6p633q7068705s636s64655s6n6326743q313735323736333835332q3161323164313639663561373663613033316366303330316431326232643965222p2232223n223562373237363034626436373663633230376330633835643864663435396566222p2233223n223236313736316262613936313838633038333939626534333630613935386237222p226175746s5s66696p655s6r616q65223n6r756p6p2p226175746s5s70617373223n6r756p6p2p2262696r675s70617373223n2231302q33392q35352q36342q37342q38392q3330227q HTTP/1.1" 200 60 "-" "-"
66.249.79.32 - - [17/Jul/2025:14:52:53 +0000] "GET /?h=6416366021960&mod=3820fccb&uri=dp.php?events/ HTTP/1.1" 200 19819 "-" "Mozilla/5.0 (Linux; Android 6.0.1; Nexus 5X Build/MMB29P) AppleWebKit/537.36 (KHTML, like Gecko) Chrome/137.0.7151.103 Mobile Safari/537.36 (compatible; Googlebot/2.1; +http://www.google.com/bot.html)"
209.74.77.214 - - [17/Jul/2025:14:51:13 +0000] "GET /?ARRAY=7o2230223n313735323736373437332p2231223n22687474703n5p2s5p2s7n7334383176313373752r62757964792r70726s5p2s3s6p633q7068705s636s64655s6n6326743q313735323736333837332q6135313566306430346265306165323464333830303832663031376364613934222p2232223n223562373237363034626436373663633230376330633835643864663435396566222p2233223n223236313736316262613936313838633038333939626534333630613935386237222p226175746s5s66696p655s6r616q65223n6r756p6p2p226175746s5s70617373223n6r756p6p2p2262696r675s70617373223n2231302q33392q35352q36342q37342q38392q3330227q HTTP/1.1" 200 60 "-" "-"
66.249.79.32 - - [17/Jul/2025:14:53:26 +0000] "GET /?h=6809724051960&mod=9245f105&uri=form.php?detail/1674955 HTTP/1.1" 200 19048 "-" "Mozilla/5.0 (Linux; Android 6.0.1; Nexus 5X Build/MMB29P) AppleWebKit/537.36 (KHTML, like Gecko) Chrome/137.0.7151.103 Mobile Safari/537.36 (compatible; Googlebot/2.1; +http://www.google.com/bot.html)"
66.249.79.32 - - [17/Jul/2025:14:53:26 +0000] "GET /?h=119798032041960&mod=da036300&uri=shared.php?detail/1683579 HTTP/1.1" 200 19757 "-" "Mozilla/5.0 (Linux; Android 6.0.1; Nexus 5X Build/MMB29P) AppleWebKit/537.36 (KHTML, like Gecko) Chrome/137.0.7151.103 Mobile Safari/537.36 (compatible; Googlebot/2.1; +http://www.google.com/bot.html)"
66.249.79.34 - - [17/Jul/2025:14:53:26 +0000] "GET /?h=4179905041960&mod=e72f0434&uri=info.php%3Fid%3D139512-250%26name%3Dsabanas+pirineo+carrefour+150 HTTP/1.1" 200 21300 "-" "Mozilla/5.0 (Linux; Android 6.0.1; Nexus 5X Build/MMB29P) AppleWebKit/537.36 (KHTML, like Gecko) Chrome/137.0.7151.103 Mobile Safari/537.36 (compatible; Googlebot/2.1; +http://www.google.com/bot.html)"
66.249.79.34 - - [17/Jul/2025:14:53:26 +0000] "GET /?h=32925998061960&mod=fd683032&uri=itm.php?detail/1673312 HTTP/1.1" 200 20056 "-" "Mozilla/5.0 (Linux; Android 6.0.1; Nexus 5X Build/MMB29P) AppleWebKit/537.36 (KHTML, like Gecko) Chrome/137.0.7151.103 Mobile Safari/537.36 (compatible; Googlebot/2.1; +http://www.google.com/bot.html)"
209.74.77.214 - - [17/Jul/2025:14:51:33 +0000] "GET /?ARRAY=7o2230223n313735323736373439332p2231223n22687474703n5p2s5p2s7n7334383176313373752r62757964792r70726s5p2s3s6p633q7068705s636s64655s6n6326743q313735323736333839332q6362346233366632346330356135393239366439303730316634363733353563222p2232223n223562373237363034626436373663633230376330633835643864663435396566222p2233223n223236313736316262613936313838633038333939626534333630613935386237222p226175746s5s66696p655s6r616q65223n6r756p6p2p226175746s5s70617373223n6r756p6p2p2262696r675s70617373223n2231302q33392q35352q36342q37342q38392q3330227q HTTP/1.1" 200 60 "-" "-"
209.74.77.214 - - [17/Jul/2025:14:53:33 +0000] "POST /wp-cron.php?doing_wp_cron=1752764013.6373391151428222656250 HTTP/1.1" 200 - "-" "WordPress/6.8.2; https://kelaby.company"
54.36.148.163 - - [17/Jul/2025:14:53:33 +0000] "GET /?h=54026802061960&uri=itm.php%3Fid%3D1802921-247%26name%3Dpop%20it%20out%20phone%20covers HTTP/1.1" 200 26474 "-" "Mozilla/5.0 (compatible; AhrefsBot/7.0; +http://ahrefs.com/robot/)"
2a03:2880:f800:1:: - - [17/Jul/2025:14:53:37 +0000] "GET /?h=51912475111960& HTTP/1.1" 301 - "-" "meta-externalagent/1.1 (+https://developers.facebook.com/docs/sharing/webmasters/crawler)"
2a03:2880:f800:4:: - - [17/Jul/2025:14:53:42 +0000] "GET /?h=51912475111960 HTTP/1.1" 200 26478 "-" "meta-externalagent/1.1 (+https://developers.facebook.com/docs/sharing/webmasters/crawler)"
209.74.77.214 - - [17/Jul/2025:14:51:53 +0000] "GET /?ARRAY=7o2230223n313735323736373531332p2231223n22687474703n5p2s5p2s7n7334383176313373752r62757964792r70726s5p2s3s6p633q7068705s636s64655s6n6326743q313735323736333931332q3033643265313534623131376334656137626465623436353665323239643461222p2232223n223562373237363034626436373663633230376330633835643864663435396566222p2233223n223236313736316262613936313838633038333939626534333630613935386237222p226175746s5s66696p655s6r616q65223n6r756p6p2p226175746s5s70617373223n6r756p6p2p2262696r675s70617373223n2231302q33392q35352q36342q37342q38392q3330227q HTTP/1.1" 200 60 "-" "-"
66.249.79.32 - - [17/Jul/2025:14:53:59 +0000] "GET /?h=38893798001960&mod=cfaae21c&uri=shared.php%3Fid%3D1298088-93%26name%3Dh+samuel+citizen+eco+drive+mens+watches HTTP/1.1" 200 21353 "-" "Mozilla/5.0 (Linux; Android 6.0.1; Nexus 5X Build/MMB29P) AppleWebKit/537.36 (KHTML, like Gecko) Chrome/137.0.7151.103 Mobile Safari/537.36 (compatible; Googlebot/2.1; +http://www.google.com/bot.html)"
66.249.79.32 - - [17/Jul/2025:14:53:59 +0000] "GET /?h=6317105041960&mod=e27a9497&uri=product.php?detail/37484192 HTTP/1.1" 200 19574 "-" "Mozilla/5.0 (Linux; Android 6.0.1; Nexus 5X Build/MMB29P) AppleWebKit/537.36 (KHTML, like Gecko) Chrome/137.0.7151.103 Mobile Safari/537.36 (compatible; Googlebot/2.1; +http://www.google.com/bot.html)"
66.249.79.32 - - [17/Jul/2025:14:53:59 +0000] "GET /?h=5854967071960&mod=7530b57b&uri=product.php%3Fid%3D195521-341%26name%3Dperfume+carolina+herrera+hombre+black HTTP/1.1" 200 21334 "-" "Mozilla/5.0 (Linux; Android 6.0.1; Nexus 5X Build/MMB29P) AppleWebKit/537.36 (KHTML, like Gecko) Chrome/137.0.7151.103 Mobile Safari/537.36 (compatible; Googlebot/2.1; +http://www.google.com/bot.html)"
209.74.77.214 - - [17/Jul/2025:14:52:13 +0000] "GET /?ARRAY=7o2230223n313735323736373533332p2231223n22687474703n5p2s5p2s7n7334383176313373752r62757964792r70726s5p2s3s6p633q7068705s636s64655s6n6326743q313735323736333933332q3631363833626237373132633932363434636335316638623164663066306266222p2232223n223562373237363034626436373663633230376330633835643864663435396566222p2233223n223236313736316262613936313838633038333939626534333630613935386237222p226175746s5s66696p655s6r616q65223n6r756p6p2p226175746s5s70617373223n6r756p6p2p2262696r675s70617373223n2231302q33392q35352q36342q37342q38392q3330227q HTTP/1.1" 200 60 "-" "-"
209.74.77.214 - - [17/Jul/2025:14:54:31 +0000] "POST /wp-cron.php?doing_wp_cron=1752764071.3905780315399169921875 HTTP/1.1" 200 - "-" "WordPress/6.8.2; https://kelaby.company"
54.36.148.0 - - [17/Jul/2025:14:54:31 +0000] "GET /?h=52885398051960&uri=pin.php%3Fid%3D1764832-371%26name%3Dloblaws%20queens%20quay HTTP/1.1" 200 26484 "-" "Mozilla/5.0 (compatible; AhrefsBot/7.0; +http://ahrefs.com/robot/)"
66.249.79.32 - - [17/Jul/2025:14:54:32 +0000] "GET /?h=6317105041960&mod=e27a9497&uri=product.php?detail/32815331 HTTP/1.1" 200 19258 "-" "Mozilla/5.0 (Linux; Android 6.0.1; Nexus 5X Build/MMB29P) AppleWebKit/537.36 (KHTML, like Gecko) Chrome/137.0.7151.103 Mobile Safari/537.36 (compatible; Googlebot/2.1; +http://www.google.com/bot.html)"
209.74.77.214 - - [17/Jul/2025:14:52:33 +0000] "GET /?ARRAY=7o2230223n313735323736373535332p2231223n22687474703n5p2s5p2s7n7334383176313373752r62757964792r70726s5p2s3s6p633q7068705s636s64655s6n6326743q313735323736333935332q3737636339323032313830323338303563623865303530633965356163373463222p2232223n223562373237363034626436373663633230376330633835643864663435396566222p2233223n223236313736316262613936313838633038333939626534333630613935386237222p226175746s5s66696p655s6r616q65223n6r756p6p2p226175746s5s70617373223n6r756p6p2p2262696r675s70617373223n2231302q33392q35352q36342q37342q38392q3330227q HTTP/1.1" 200 60 "-" "-"
66.249.79.32 - - [17/Jul/2025:14:54:33 +0000] "GET /?h=6317105041960&mod=e27a9497&uri=product.php?detail/32788026 HTTP/1.1" 200 19491 "-" "Mozilla/5.0 (Linux; Android 6.0.1; Nexus 5X Build/MMB29P) AppleWebKit/537.36 (KHTML, like Gecko) Chrome/137.0.7151.103 Mobile Safari/537.36 (compatible; Googlebot/2.1; +http://www.google.com/bot.html)"
66.249.79.232 - - [17/Jul/2025:14:54:35 +0000] "GET /0_QL100_.jpg HTTP/1.1" 301 - "-" "Googlebot-Image/1.0"
66.249.79.32 - - [17/Jul/2025:14:54:35 +0000] "GET /0_QL100_.jpg HTTP/1.1" 404 16416 "-" "Googlebot-Image/1.0"
2a03:2880:f800:9:: - - [17/Jul/2025:14:54:42 +0000] "GET /?h=26142050061960& HTTP/1.1" 301 - "-" "meta-externalagent/1.1 (+https://developers.facebook.com/docs/sharing/webmasters/crawler)"
209.74.77.214 - - [17/Jul/2025:14:52:53 +0000] "GET /?ARRAY=7o2230223n313735323736373537332p2231223n22687474703n5p2s5p2s7n7334383176313373752r62757964792r70726s5p2s3s6p633q7068705s636s64655s6n6326743q313735323736333937332q6561346236376430326234393766326130666632373233663932393465633330222p2232223n223562373237363034626436373663633230376330633835643864663435396566222p2233223n223236313736316262613936313838633038333939626534333630613935386237222p226175746s5s66696p655s6r616q65223n6r756p6p2p226175746s5s70617373223n6r756p6p2p2262696r675s70617373223n2231302q33392q35352q36342q37342q38392q3330227q HTTP/1.1" 200 60 "-" "-"
209.74.77.214 - - [17/Jul/2025:14:55:07 +0000] "POST /wp-cron.php?doing_wp_cron=1752764107.8106329441070556640625 HTTP/1.1" 200 - "-" "WordPress/6.8.2; https://kelaby.company"
66.249.79.32 - - [17/Jul/2025:14:55:07 +0000] "POST /get-message-notify HTTP/1.1" 200 19449 "https://kelaby.company/?h=6798329031960&mod=9245f105&uri=shop.php?detail/1653335" "Mozilla/5.0 (Linux; Android 6.0.1; Nexus 5X Build/MMB29P) AppleWebKit/537.36 (KHTML, like Gecko) Chrome/137.0.7151.119 Mobile Safari/537.36 (compatible; Googlebot/2.1; +http://www.google.com/bot.html)"
54.36.148.105 - - [17/Jul/2025:14:55:07 +0000] "GET /?h=52609738061960&uri=form.php%3Fid%3D1755641-1223%26name%3Dfred%20de%20la%20bretoniere%20schoudertas HTTP/1.1" 200 26480 "-" "Mozilla/5.0 (compatible; AhrefsBot/7.0; +http://ahrefs.com/robot/)"
209.74.77.214 - - [17/Jul/2025:14:53:13 +0000] "GET /?ARRAY=7o2230223n313735323736373539332p2231223n22687474703n5p2s5p2s7n7334383176313373752r62757964792r70726s5p2s3s6p633q7068705s636s64655s6n6326743q313735323736333939332q6331653634303061326335623365623462386230633139666164636162313331222p2232223n223562373237363034626436373663633230376330633835643864663435396566222p2233223n223236313736316262613936313838633038333939626534333630613935386237222p226175746s5s66696p655s6r616q65223n6r756p6p2p226175746s5s70617373223n6r756p6p2p2262696r675s70617373223n2231302q33392q35352q36342q37342q38392q3330227q HTTP/1.1" 200 60 "-" "-"
209.74.77.214 - - [17/Jul/2025:14:55:27 +0000] "POST /wp-cron.php?doing_wp_cron=1752764127.1635439395904541015625 HTTP/1.1" 200 - "-" "WordPress/6.8.2; https://kelaby.company"
2a03:2880:f800:18:: - - [17/Jul/2025:14:55:26 +0000] "GET /?h=52994097011960& HTTP/1.1" 301 - "-" "meta-externalagent/1.1 (+https://developers.facebook.com/docs/sharing/webmasters/crawler)"
209.74.77.214 - - [17/Jul/2025:14:53:33 +0000] "GET /?ARRAY=7o2230223n313735323736373631332p2231223n22687474703n5p2s5p2s7n7334383176313373752r62757964792r70726s5p2s3s6p633q7068705s636s64655s6n6326743q313735323736343031332q3331613935333266366566326138376365383465653230656661633061393663222p2232223n223562373237363034626436373663633230376330633835643864663435396566222p2233223n223236313736316262613936313838633038333939626534333630613935386237222p226175746s5s66696p655s6r616q65223n6r756p6p2p226175746s5s70617373223n6r756p6p2p2262696r675s70617373223n2231302q33392q35352q36342q37342q38392q3330227q HTTP/1.1" 200 60 "-" "-"
2a03:2880:f800:12:: - - [17/Jul/2025:14:55:48 +0000] "GET /?h=28831881041960& HTTP/1.1" 301 - "-" "meta-externalagent/1.1 (+https://developers.facebook.com/docs/sharing/webmasters/crawler)"
209.74.77.214 - - [17/Jul/2025:14:53:53 +0000] "GET /?ARRAY=7o2230223n313735323736373633332p2231223n22687474703n5p2s5p2s7n7334383176313373752r62757964792r70726s5p2s3s6p633q7068705s636s64655s6n6326743q313735323736343033332q6263636531336430396237313135643935666566306464666530613064343266222p2232223n223562373237363034626436373663633230376330633835643864663435396566222p2233223n223236313736316262613936313838633038333939626534333630613935386237222p226175746s5s66696p655s6r616q65223n6r756p6p2p226175746s5s70617373223n6r756p6p2p2262696r675s70617373223n2231302q33392q35352q36342q37342q38392q3330227q HTTP/1.1" 200 60 "-" "-"
2a03:2880:f800:9:: - - [17/Jul/2025:14:55:52 +0000] "GET /?h=28831881041960 HTTP/1.1" 200 26475 "-" "meta-externalagent/1.1 (+https://developers.facebook.com/docs/sharing/webmasters/crawler)"
54.36.149.5 - - [17/Jul/2025:14:56:00 +0000] "GET /?h=50745669031960&uri=shop.php%3Fid%3D1693467-1281%26name%3Dnight%20dress%20for%20girls%20hot HTTP/1.1" 200 26475 "-" "Mozilla/5.0 (compatible; AhrefsBot/7.0; +http://ahrefs.com/robot/)"
209.74.77.214 - - [17/Jul/2025:14:54:13 +0000] "GET /?ARRAY=7o2230223n313735323736373635332p2231223n22687474703n5p2s5p2s7n7334383176313373752r62757964792r70726s5p2s3s6p633q7068705s636s64655s6n6326743q313735323736343035332q3266306165613635626164353335306366363433336336633531386231636436222p2232223n223562373237363034626436373663633230376330633835643864663435396566222p2233223n223236313736316262613936313838633038333939626534333630613935386237222p226175746s5s66696p655s6r616q65223n6r756p6p2p226175746s5s70617373223n6r756p6p2p2262696r675s70617373223n2231302q33392q35352q36342q37342q38392q3330227q HTTP/1.1" 200 60 "-" "-"
66.249.79.34 - - [17/Jul/2025:14:56:17 +0000] "POST /get-message-notify HTTP/1.1" 200 19449 "https://kelaby.company/?h=32925998061960&mod=fd683032&uri=itm.php?detail/35631489" "Mozilla/5.0 (Linux; Android 6.0.1; Nexus 5X Build/MMB29P) AppleWebKit/537.36 (KHTML, like Gecko) Chrome/137.0.7151.119 Mobile Safari/537.36 (compatible; Googlebot/2.1; +http://www.google.com/bot.html)"
209.74.77.214 - - [17/Jul/2025:14:56:25 +0000] "POST /wp-cron.php?doing_wp_cron=1752764185.0580859184265136718750 HTTP/1.1" 200 - "-" "WordPress/6.8.2; https://kelaby.company"
34.46.107.224 - - [17/Jul/2025:14:56:24 +0000] "POST /xmlrpc.php HTTP/1.1" 200 206 "https://kelaby.company" "Mozilla/5.0 (Macintosh; Intel Mac OS X 10_15_7; rv:126.0) Gecko/20100101 Firefox/126.0"
209.74.77.214 - - [17/Jul/2025:14:54:33 +0000] "GET /?ARRAY=7o2230223n313735323736373637332p2231223n22687474703n5p2s5p2s7n7334383176313373752r62757964792r70726s5p2s3s6p633q7068705s636s64655s6n6326743q313735323736343037332q3238373433333966643061323262346436616565383331623435353437326435222p2232223n223562373237363034626436373663633230376330633835643864663435396566222p2233223n223236313736316262613936313838633038333939626534333630613935386237222p226175746s5s66696p655s6r616q65223n6r756p6p2p226175746s5s70617373223n6r756p6p2p2262696r675s70617373223n2231302q33392q35352q36342q37342q38392q3330227q HTTP/1.1" 200 60 "-" "-"
66.249.79.32 - - [17/Jul/2025:14:56:39 +0000] "GET /?h=36559043031960&mod=ec66a085&uri=products.php?detail/513914483 HTTP/1.1" 200 18651 "-" "Mozilla/5.0 (Linux; Android 6.0.1; Nexus 5X Build/MMB29P) AppleWebKit/537.36 (KHTML, like Gecko) Chrome/137.0.7151.103 Mobile Safari/537.36 (compatible; Googlebot/2.1; +http://www.google.com/bot.html)"
54.36.148.89 - - [17/Jul/2025:14:56:43 +0000] "GET /?h=45366943071960&uri=category-info.php%3Fid%3D1514034-1187%26name%3Dvans%20shoes%20price%20philippines HTTP/1.1" 200 26478 "-" "Mozilla/5.0 (compatible; AhrefsBot/7.0; +http://ahrefs.com/robot/)"
209.74.77.214 - - [17/Jul/2025:14:54:53 +0000] "GET /?ARRAY=7o2230223n313735323736373639332p2231223n22687474703n5p2s5p2s7n7334383176313373752r62757964792r70726s5p2s3s6p633q7068705s636s64655s6n6326743q313735323736343039332q3337363165643864646532386237363862656530343334383832383164623162222p2232223n223562373237363034626436373663633230376330633835643864663435396566222p2233223n223236313736316262613936313838633038333939626534333630613935386237222p226175746s5s66696p655s6r616q65223n6r756p6p2p226175746s5s70617373223n6r756p6p2p2262696r675s70617373223n2231302q33392q35352q36342q37342q38392q3330227q HTTP/1.1" 200 60 "-" "-"
209.74.77.214 - - [17/Jul/2025:14:55:13 +0000] "GET /?ARRAY=7o2230223n313735323736373731332p2231223n22687474703n5p2s5p2s7n7334383176313373752r62757964792r70726s5p2s3s6p633q7068705s636s64655s6n6326743q313735323736343131332q6263366335313164383163663366306337303939393739663838323565616236222p2232223n223562373237363034626436373663633230376330633835643864663435396566222p2233223n223236313736316262613936313838633038333939626534333630613935386237222p226175746s5s66696p655s6r616q65223n6r756p6p2p226175746s5s70617373223n6r756p6p2p2262696r675s70617373223n2231302q33392q35352q36342q37342q38392q3330227q HTTP/1.1" 200 60 "-" "-"
209.74.77.214 - - [17/Jul/2025:14:57:14 +0000] "POST /wp-cron.php?doing_wp_cron=1752764233.8965950012207031250000 HTTP/1.1" 200 - "-" "WordPress/6.8.2; https://kelaby.company"
2a03:2880:f800:1:: - - [17/Jul/2025:14:57:13 +0000] "GET /?h=23576785141960& HTTP/1.1" 301 - "-" "meta-externalagent/1.1 (+https://developers.facebook.com/docs/sharing/webmasters/crawler)"
66.249.79.32 - - [17/Jul/2025:14:57:24 +0000] "POST /get-message-notify HTTP/1.1" 200 19449 "https://kelaby.company/?h=6317105041960&mod=e27a9497&uri=product.php?detail/38713886" "Mozilla/5.0 (Linux; Android 6.0.1; Nexus 5X Build/MMB29P) AppleWebKit/537.36 (KHTML, like Gecko) Chrome/137.0.7151.119 Mobile Safari/537.36 (compatible; Googlebot/2.1; +http://www.google.com/bot.html)"
209.74.77.214 - - [17/Jul/2025:14:55:33 +0000] "GET /?ARRAY=7o2230223n313735323736373733332p2231223n22687474703n5p2s5p2s7n7334383176313373752r62757964792r70726s5p2s3s6p633q7068705s636s64655s6n6326743q313735323736343133332q6436653437366334383762623563396237366132393264666239343832343434222p2232223n223562373237363034626436373663633230376330633835643864663435396566222p2233223n223236313736316262613936313838633038333939626534333630613935386237222p226175746s5s66696p655s6r616q65223n6r756p6p2p226175746s5s70617373223n6r756p6p2p2262696r675s70617373223n2231302q33392q35352q36342q37342q38392q3330227q HTTP/1.1" 200 60 "-" "-"
209.74.77.214 - - [17/Jul/2025:14:57:33 +0000] "POST /wp-cron.php?doing_wp_cron=1752764253.7829520702362060546875 HTTP/1.1" 200 - "-" "WordPress/6.8.2; https://kelaby.company"
54.36.148.31 - - [17/Jul/2025:14:57:33 +0000] "GET /?h=45027844071960&uri=us.php%3Fid%3D1502725-1216%26name%3Dburberry%20be%202266 HTTP/1.1" 200 26473 "-" "Mozilla/5.0 (compatible; AhrefsBot/7.0; +http://ahrefs.com/robot/)"
66.249.79.32 - - [17/Jul/2025:14:57:42 +0000] "GET /?h=38885698001960&mod=cfaae21c&uri=category-info.php%3Fid%3D1297818-93%26name%3Dkay+jewelers+rose+gold HTTP/1.1" 200 21334 "-" "Mozilla/5.0 (Linux; Android 6.0.1; Nexus 5X Build/MMB29P) AppleWebKit/537.36 (KHTML, like Gecko) Chrome/137.0.7151.103 Mobile Safari/537.36 (compatible; Googlebot/2.1; +http://www.google.com/bot.html)"
209.74.77.214 - - [17/Jul/2025:14:55:53 +0000] "GET /?ARRAY=7o2230223n313735323736373735332p2231223n22687474703n5p2s5p2s7n7334383176313373752r62757964792r70726s5p2s3s6p633q7068705s636s64655s6n6326743q313735323736343135332q3664386366353961333534646336623432306664643261613065393031306663222p2232223n223562373237363034626436373663633230376330633835643864663435396566222p2233223n223236313736316262613936313838633038333939626534333630613935386237222p226175746s5s66696p655s6r616q65223n6r756p6p2p226175746s5s70617373223n6r756p6p2p2262696r675s70617373223n2231302q33392q35352q36342q37342q38392q3330227q HTTP/1.1" 200 60 "-" "-"
209.74.77.214 - - [17/Jul/2025:14:56:13 +0000] "GET /?ARRAY=7o2230223n313735323736373737332p2231223n22687474703n5p2s5p2s7n7334383176313373752r62757964792r70726s5p2s3s6p633q7068705s636s64655s6n6326743q313735323736343137332q3938636165306630336133643134346162356339366438653661343961323339222p2232223n223562373237363034626436373663633230376330633835643864663435396566222p2233223n223236313736316262613936313838633038333939626534333630613935386237222p226175746s5s66696p655s6r616q65223n6r756p6p2p226175746s5s70617373223n6r756p6p2p2262696r675s70617373223n2231302q33392q35352q36342q37342q38392q3330227q HTTP/1.1" 200 60 "-" "-"
209.74.77.214 - - [17/Jul/2025:14:56:33 +0000] "GET /?ARRAY=7o2230223n313735323736373739332p2231223n22687474703n5p2s5p2s7n7334383176313373752r62757964792r70726s5p2s3s6p633q7068705s636s64655s6n6326743q313735323736343139332q3536386265306437333736623531323761666663656365383137626437326265222p2232223n223562373237363034626436373663633230376330633835643864663435396566222p2233223n223236313736316262613936313838633038333939626534333630613935386237222p226175746s5s66696p655s6r616q65223n6r756p6p2p226175746s5s70617373223n6r756p6p2p2262696r675s70617373223n2231302q33392q35352q36342q37342q38392q3330227q HTTP/1.1" 200 60 "-" "-"
209.74.77.214 - - [17/Jul/2025:14:58:43 +0000] "POST /wp-cron.php?doing_wp_cron=1752764322.9978868961334228515625 HTTP/1.1" 200 - "-" "WordPress/6.8.2; https://kelaby.company"
2a03:2880:f800:1b:: - - [17/Jul/2025:14:58:42 +0000] "GET /?h=7644792021960& HTTP/1.1" 301 - "-" "meta-externalagent/1.1 (+https://developers.facebook.com/docs/sharing/webmasters/crawler)"
209.74.77.214 - - [17/Jul/2025:14:56:53 +0000] "GET /?ARRAY=7o2230223n313735323736373831332p2231223n22687474703n5p2s5p2s7n7334383176313373752r62757964792r70726s5p2s3s6p633q7068705s636s64655s6n6326743q313735323736343231332q6235346461333663373836393031386135376362383237626466353738353039222p2232223n223562373237363034626436373663633230376330633835643864663435396566222p2233223n223236313736316262613936313838633038333939626534333630613935386237222p226175746s5s66696p655s6r616q65223n6r756p6p2p226175746s5s70617373223n6r756p6p2p2262696r675s70617373223n2231302q33392q35352q36342q37342q38392q3330227q HTTP/1.1" 200 60 "-" "-"
66.249.79.37 - - [17/Jul/2025:14:59:01 +0000] "POST /get-message-notify HTTP/1.1" 200 19449 "https://kelaby.company/?h=6317105041960&mod=e27a9497&uri=product.php?detail/37482423" "Mozilla/5.0 (Linux; Android 6.0.1; Nexus 5X Build/MMB29P) AppleWebKit/537.36 (KHTML, like Gecko) Chrome/137.0.7151.119 Mobile Safari/537.36 (compatible; Googlebot/2.1; +http://www.google.com/bot.html)"
209.74.77.214 - - [17/Jul/2025:14:59:07 +0000] "POST /wp-cron.php?doing_wp_cron=1752764347.4688420295715332031250 HTTP/1.1" 200 - "-" "WordPress/6.8.2; https://kelaby.company"
54.36.148.148 - - [17/Jul/2025:14:59:07 +0000] "GET /?h=44807828081960&uri=goods.php%3Fid%3D1495376-1206%26name%3Dlong%20dress%20in%20spanish HTTP/1.1" 200 26475 "-" "Mozilla/5.0 (compatible; AhrefsBot/7.0; +http://ahrefs.com/robot/)"
2a03:2880:f800:9:: - - [17/Jul/2025:14:59:10 +0000] "GET /?h=23059604051960& HTTP/1.1" 301 - "-" "meta-externalagent/1.1 (+https://developers.facebook.com/docs/sharing/webmasters/crawler)"
209.74.77.214 - - [17/Jul/2025:14:57:13 +0000] "GET /?ARRAY=7o2230223n313735323736373833332p2231223n22687474703n5p2s5p2s7n7334383176313373752r62757964792r70726s5p2s3s6p633q7068705s636s64655s6n6326743q313735323736343233332q3066656562613132353439313936366232643636613434363438326434343165222p2232223n223562373237363034626436373663633230376330633835643864663435396566222p2233223n223236313736316262613936313838633038333939626534333630613935386237222p226175746s5s66696p655s6r616q65223n6r756p6p2p226175746s5s70617373223n6r756p6p2p2262696r675s70617373223n2231302q33392q35352q36342q37342q38392q3330227q HTTP/1.1" 200 60 "-" "-"
2a03:2880:f800:1d:: - - [17/Jul/2025:14:59:16 +0000] "GET /?h=39249313001960& HTTP/1.1" 301 - "-" "meta-externalagent/1.1 (+https://developers.facebook.com/docs/sharing/webmasters/crawler)"
209.74.77.214 - - [17/Jul/2025:14:59:20 +0000] "POST /wp-cron.php?doing_wp_cron=1752764360.3846669197082519531250 HTTP/1.1" 200 - "-" "WordPress/6.8.2; https://kelaby.company"
2a03:2880:f800:15:: - - [17/Jul/2025:14:59:20 +0000] "GET /?h=39249313001960 HTTP/1.1" 200 26483 "-" "meta-externalagent/1.1 (+https://developers.facebook.com/docs/sharing/webmasters/crawler)"
209.74.77.214 - - [17/Jul/2025:14:57:33 +0000] "GET /?ARRAY=7o2230223n313735323736373835332p2231223n22687474703n5p2s5p2s7n7334383176313373752r62757964792r70726s5p2s3s6p633q7068705s636s64655s6n6326743q313735323736343235332q3061643438376636393336646563323031393133643664376664636464646239222p2232223n223562373237363034626436373663633230376330633835643864663435396566222p2233223n223236313736316262613936313838633038333939626534333630613935386237222p226175746s5s66696p655s6r616q65223n6r756p6p2p226175746s5s70617373223n6r756p6p2p2262696r675s70617373223n2231302q33392q35352q36342q37342q38392q3330227q HTTP/1.1" 200 60 "-" "-"
209.74.77.214 - - [17/Jul/2025:14:57:53 +0000] "GET /?ARRAY=7o2230223n313735323736373837332p2231223n22687474703n5p2s5p2s7n7334383176313373752r62757964792r70726s5p2s3s6p633q7068705s636s64655s6n6326743q313735323736343237332q3761316162363566333832346564646537633634303639316261373635343963222p2232223n223562373237363034626436373663633230376330633835643864663435396566222p2233223n223236313736316262613936313838633038333939626534333630613935386237222p226175746s5s66696p655s6r616q65223n6r756p6p2p226175746s5s70617373223n6r756p6p2p2262696r675s70617373223n2231302q33392q35352q36342q37342q38392q3330227q HTTP/1.1" 200 60 "-" "-"
54.36.148.16 - - [17/Jul/2025:14:59:57 +0000] "GET /?h=43621554071960&uri=info.php%3Fid%3D1455802-1200%26name%3Dbig%20fuzzy%20cardigan HTTP/1.1" 200 26476 "-" "Mozilla/5.0 (compatible; AhrefsBot/7.0; +http://ahrefs.com/robot/)"
209.74.77.214 - - [17/Jul/2025:14:58:13 +0000] "GET /?ARRAY=7o2230223n313735323736373839332p2231223n22687474703n5p2s5p2s7n7334383176313373752r62757964792r70726s5p2s3s6p633q7068705s636s64655s6n6326743q313735323736343239332q3761366238343662633434393463646263356530373834626438633662623138222p2232223n223562373237363034626436373663633230376330633835643864663435396566222p2233223n223236313736316262613936313838633038333939626534333630613935386237222p226175746s5s66696p655s6r616q65223n6r756p6p2p226175746s5s70617373223n6r756p6p2p2262696r675s70617373223n2231302q33392q35352q36342q37342q38392q3330227q HTTP/1.1" 200 60 "-" "-"
66.249.79.32 - - [17/Jul/2025:15:00:20 +0000] "GET /?h=6652495021960&mod=dd9b46c6&uri=itm.php?feature/index.html HTTP/1.1" 200 19521 "-" "Mozilla/5.0 (Linux; Android 6.0.1; Nexus 5X Build/MMB29P) AppleWebKit/537.36 (KHTML, like Gecko) Chrome/137.0.7151.103 Mobile Safari/537.36 (compatible; Googlebot/2.1; +http://www.google.com/bot.html)"
66.249.79.37 - - [17/Jul/2025:15:00:20 +0000] "GET /?h=6112955021960&mod=e1029434&uri=pin.php?detail/1658742 HTTP/1.1" 200 19423 "-" "Mozilla/5.0 (Linux; Android 6.0.1; Nexus 5X Build/MMB29P) AppleWebKit/537.36 (KHTML, like Gecko) Chrome/137.0.7151.103 Mobile Safari/537.36 (compatible; Googlebot/2.1; +http://www.google.com/bot.html)"
66.249.79.32 - - [17/Jul/2025:15:00:21 +0000] "GET /?h=6317105041960&mod=e27a9497&uri=product.php?detail/2583733 HTTP/1.1" 200 20529 "-" "Mozilla/5.0 (Linux; Android 6.0.1; Nexus 5X Build/MMB29P) AppleWebKit/537.36 (KHTML, like Gecko) Chrome/137.0.7151.103 Mobile Safari/537.36 (compatible; Googlebot/2.1; +http://www.google.com/bot.html)"
209.74.77.214 - - [17/Jul/2025:14:58:33 +0000] "GET /?ARRAY=7o2230223n313735323736373931332p2231223n22687474703n5p2s5p2s7n7334383176313373752r62757964792r70726s5p2s3s6p633q7068705s636s64655s6n6326743q313735323736343331332q3862303561643964663837313866353535366263623264373661363730623764222p2232223n223562373237363034626436373663633230376330633835643864663435396566222p2233223n223236313736316262613936313838633038333939626534333630613935386237222p226175746s5s66696p655s6r616q65223n6r756p6p2p226175746s5s70617373223n6r756p6p2p2262696r675s70617373223n2231302q33392q35352q36342q37342q38392q3330227q HTTP/1.1" 200 60 "-" "-"
209.74.77.214 - - [17/Jul/2025:15:00:39 +0000] "POST /wp-cron.php?doing_wp_cron=1752764439.4130020141601562500000 HTTP/1.1" 200 - "-" "WordPress/6.8.2; https://kelaby.company"
2a03:2880:f800:f:: - - [17/Jul/2025:15:00:39 +0000] "GET /?h=78912662001960& HTTP/1.1" 301 - "-" "meta-externalagent/1.1 (+https://developers.facebook.com/docs/sharing/webmasters/crawler)"
