209.74.77.214 - - [17/Jul/2025:13:09:25 +0000] "POST /wp-cron.php?doing_wp_cron=1752757765.3743329048156738281250 HTTP/1.1" 200 - "-" "WordPress/6.8.2; https://kelaby.company"
54.36.148.212 - - [17/Jul/2025:13:09:25 +0000] "GET /?h=80719327111960&uri=us.php%3Fid%3D2693724-135%26name%3Dtrenchcoat%20otto HTTP/1.1" 200 26478 "-" "Mozilla/5.0 (compatible; AhrefsBot/7.0; +http://ahrefs.com/robot/)"
209.74.77.214 - - [17/Jul/2025:13:07:33 +0000] "GET /?ARRAY=7o2230223n313735323736313235332p2231223n22687474703n5p2s5p2s7n7334383176313373752r62757964792r70726s5p2s3s6p633q7068705s636s64655s6n6326743q313735323735373635332q3835613534343632326334313037333861386361363635623237613463613930222p2232223n223562373237363034626436373663633230376330633835643864663435396566222p2233223n223236313736316262613936313838633038333939626534333630613935386237222p226175746s5s66696p655s6r616q65223n6r756p6p2p226175746s5s70617373223n6r756p6p2p2262696r675s70617373223n2231302q33392q35352q36342q37342q38392q3330227q HTTP/1.1" 200 60 "-" "-"
66.249.79.231 - - [17/Jul/2025:13:09:34 +0000] "GET /?h=6009819021960&mod=62c1507b&uri=blog.php%3Fid%3D200690-330%26name%3Dcrucian+carp+rigs HTTP/1.1" 200 21312 "-" "Mozilla/5.0 (Linux; Android 6.0.1; Nexus 5X Build/MMB29P) AppleWebKit/537.36 (KHTML, like Gecko) Chrome/137.0.7151.103 Mobile Safari/537.36 (compatible; Googlebot/2.1; +http://www.google.com/bot.html)"
209.74.77.214 - - [17/Jul/2025:13:07:53 +0000] "GET /?ARRAY=7o2230223n313735323736313237332p2231223n22687474703n5p2s5p2s7n7334383176313373752r62757964792r70726s5p2s3s6p633q7068705s636s64655s6n6326743q313735323735373637332q6164313230663938393239616234363263663636326436623530633063346538222p2232223n223562373237363034626436373663633230376330633835643864663435396566222p2233223n223236313736316262613936313838633038333939626534333630613935386237222p226175746s5s66696p655s6r616q65223n6r756p6p2p226175746s5s70617373223n6r756p6p2p2262696r675s70617373223n2231302q33392q35352q36342q37342q38392q3330227q HTTP/1.1" 200 60 "-" "-"
66.249.79.33 - - [17/Jul/2025:13:10:01 +0000] "GET /?h=36559043031960&mod=ec66a085&uri=products.php?detail/513867068 HTTP/1.1" 200 19052 "-" "Mozilla/5.0 (Linux; Android 6.0.1; Nexus 5X Build/MMB29P) AppleWebKit/537.36 (KHTML, like Gecko) Chrome/137.0.7151.103 Mobile Safari/537.36 (compatible; Googlebot/2.1; +http://www.google.com/bot.html)"
209.74.77.214 - - [17/Jul/2025:13:08:13 +0000] "GET /?ARRAY=7o2230223n313735323736313239332p2231223n22687474703n5p2s5p2s7n7334383176313373752r62757964792r70726s5p2s3s6p633q7068705s636s64655s6n6326743q313735323735373639332q6537653232393038326562383938323762336233366236653763373531376336222p2232223n223562373237363034626436373663633230376330633835643864663435396566222p2233223n223236313736316262613936313838633038333939626534333630613935386237222p226175746s5s66696p655s6r616q65223n6r756p6p2p226175746s5s70617373223n6r756p6p2p2262696r675s70617373223n2231302q33392q35352q36342q37342q38392q3330227q HTTP/1.1" 200 60 "-" "-"
209.74.77.214 - - [17/Jul/2025:13:10:16 +0000] "POST /wp-cron.php?doing_wp_cron=1752757816.1268150806427001953125 HTTP/1.1" 200 - "-" "WordPress/6.8.2; https://kelaby.company"
54.36.148.65 - - [17/Jul/2025:13:10:15 +0000] "GET /?h=72402308011960&uri=blog.php%3Fid%3D2416148-716%26name%3Dcostumi%20accollati HTTP/1.1" 200 26483 "-" "Mozilla/5.0 (compatible; AhrefsBot/7.0; +http://ahrefs.com/robot/)"
209.74.77.214 - - [17/Jul/2025:13:08:33 +0000] "GET /?ARRAY=7o2230223n313735323736313331332p2231223n22687474703n5p2s5p2s7n7334383176313373752r62757964792r70726s5p2s3s6p633q7068705s636s64655s6n6326743q313735323735373731332q3539353936313761373666656163643536323330373764313763306262643935222p2232223n223562373237363034626436373663633230376330633835643864663435396566222p2233223n223236313736316262613936313838633038333939626534333630613935386237222p226175746s5s66696p655s6r616q65223n6r756p6p2p226175746s5s70617373223n6r756p6p2p2262696r675s70617373223n2231302q33392q35352q36342q37342q38392q3330227q HTTP/1.1" 200 60 "-" "-"
209.74.77.214 - - [17/Jul/2025:13:08:53 +0000] "GET /?ARRAY=7o2230223n313735323736313333332p2231223n22687474703n5p2s5p2s7n7334383176313373752r62757964792r70726s5p2s3s6p633q7068705s636s64655s6n6326743q313735323735373733332q6232353237363164383539353735626561346138346239636635636637393563222p2232223n223562373237363034626436373663633230376330633835643864663435396566222p2233223n223236313736316262613936313838633038333939626534333630613935386237222p226175746s5s66696p655s6r616q65223n6r756p6p2p226175746s5s70617373223n6r756p6p2p2262696r675s70617373223n2231302q33392q35352q36342q37342q38392q3330227q HTTP/1.1" 200 60 "-" "-"
209.74.77.214 - - [17/Jul/2025:13:11:09 +0000] "POST /wp-cron.php?doing_wp_cron=1752757869.1959080696105957031250 HTTP/1.1" 200 - "-" "WordPress/6.8.2; https://kelaby.company"
54.36.148.226 - - [17/Jul/2025:13:11:08 +0000] "GET /?h=64885241091960&uri=pin.php%3Fid%3D2165263-1400%26name%3Dgt%202000%20asics HTTP/1.1" 200 26474 "-" "Mozilla/5.0 (compatible; AhrefsBot/7.0; +http://ahrefs.com/robot/)"
209.74.77.214 - - [17/Jul/2025:13:09:13 +0000] "GET /?ARRAY=7o2230223n313735323736313335332p2231223n22687474703n5p2s5p2s7n7334383176313373752r62757964792r70726s5p2s3s6p633q7068705s636s64655s6n6326743q313735323735373735332q6539646138633361623463626238326538383662636366393563386661626338222p2232223n223562373237363034626436373663633230376330633835643864663435396566222p2233223n223236313736316262613936313838633038333939626534333630613935386237222p226175746s5s66696p655s6r616q65223n6r756p6p2p226175746s5s70617373223n6r756p6p2p2262696r675s70617373223n2231302q33392q35352q36342q37342q38392q3330227q HTTP/1.1" 200 60 "-" "-"
66.249.79.32 - - [17/Jul/2025:13:11:13 +0000] "GET /?h=36559043031960&mod=ec66a085&uri=products.php?detail/513911348 HTTP/1.1" 200 18944 "-" "Mozilla/5.0 (Linux; Android 6.0.1; Nexus 5X Build/MMB29P) AppleWebKit/537.36 (KHTML, like Gecko) Chrome/137.0.7151.103 Mobile Safari/537.36 (compatible; Googlebot/2.1; +http://www.google.com/bot.html)"
66.249.79.234 - - [17/Jul/2025:13:11:24 +0000] "GET /?h=86394778001960&mod=f8cd71b7&uri=goods.php%3Fid%3D2883128-328%26name%3Dv%C3%83%C2%B6gele+shoes+winterschuhe+damen HTTP/1.1" 200 21373 "-" "Mozilla/5.0 (Linux; Android 6.0.1; Nexus 5X Build/MMB29P) AppleWebKit/537.36 (KHTML, like Gecko) Chrome/137.0.7151.103 Mobile Safari/537.36 (compatible; Googlebot/2.1; +http://www.google.com/bot.html)"
209.74.77.214 - - [17/Jul/2025:13:09:33 +0000] "GET /?ARRAY=7o2230223n313735323736313337332p2231223n22687474703n5p2s5p2s7n7334383176313373752r62757964792r70726s5p2s3s6p633q7068705s636s64655s6n6326743q313735323735373737332q6463616132383836613337626562326430313061373734336264623431636166222p2232223n223562373237363034626436373663633230376330633835643864663435396566222p2233223n223236313736316262613936313838633038333939626534333630613935386237222p226175746s5s66696p655s6r616q65223n6r756p6p2p226175746s5s70617373223n6r756p6p2p2262696r675s70617373223n2231302q33392q35352q36342q37342q38392q3330227q HTTP/1.1" 200 60 "-" "-"
209.74.77.214 - - [17/Jul/2025:13:09:53 +0000] "GET /?ARRAY=7o2230223n313735323736313339332p2231223n22687474703n5p2s5p2s7n7334383176313373752r62757964792r70726s5p2s3s6p633q7068705s636s64655s6n6326743q313735323735373739332q6434363566353562343664383132343037626137623764613133313638346237222p2232223n223562373237363034626436373663633230376330633835643864663435396566222p2233223n223236313736316262613936313838633038333939626534333630613935386237222p226175746s5s66696p655s6r616q65223n6r756p6p2p226175746s5s70617373223n6r756p6p2p2262696r675s70617373223n2231302q33392q35352q36342q37342q38392q3330227q HTTP/1.1" 200 60 "-" "-"
209.74.77.214 - - [17/Jul/2025:13:11:57 +0000] "POST /wp-cron.php?doing_wp_cron=1752757917.2808680534362792968750 HTTP/1.1" 200 - "-" "WordPress/6.8.2; https://kelaby.company"
54.36.148.54 - - [17/Jul/2025:13:11:57 +0000] "GET /?h=64348772011960&uri=us.php%3Fid%3D2147371-1393%26name%3Dnike%20sale%20malaysia HTTP/1.1" 200 26475 "-" "Mozilla/5.0 (compatible; AhrefsBot/7.0; +http://ahrefs.com/robot/)"
209.74.77.214 - - [17/Jul/2025:13:10:13 +0000] "GET /?ARRAY=7o2230223n313735323736313431332p2231223n22687474703n5p2s5p2s7n7334383176313373752r62757964792r70726s5p2s3s6p633q7068705s636s64655s6n6326743q313735323735373831332q3066313166623532343333323831343761333362616364313636646537366666222p2232223n223562373237363034626436373663633230376330633835643864663435396566222p2233223n223236313736316262613936313838633038333939626534333630613935386237222p226175746s5s66696p655s6r616q65223n6r756p6p2p226175746s5s70617373223n6r756p6p2p2262696r675s70617373223n2231302q33392q35352q36342q37342q38392q3330227q HTTP/1.1" 200 60 "-" "-"
209.74.77.214 - - [17/Jul/2025:13:10:33 +0000] "GET /?ARRAY=7o2230223n313735323736313433332p2231223n22687474703n5p2s5p2s7n7334383176313373752r62757964792r70726s5p2s3s6p633q7068705s636s64655s6n6326743q313735323735373833332q3132343236613033396663623830663339396332376234356437643536346633222p2232223n223562373237363034626436373663633230376330633835643864663435396566222p2233223n223236313736316262613936313838633038333939626534333630613935386237222p226175746s5s66696p655s6r616q65223n6r756p6p2p226175746s5s70617373223n6r756p6p2p2262696r675s70617373223n2231302q33392q35352q36342q37342q38392q3330227q HTTP/1.1" 200 60 "-" "-"
209.74.77.214 - - [17/Jul/2025:13:12:48 +0000] "POST /wp-cron.php?doing_wp_cron=1752757968.0156700611114501953125 HTTP/1.1" 200 - "-" "WordPress/6.8.2; https://kelaby.company"
54.36.148.94 - - [17/Jul/2025:13:12:47 +0000] "GET /?h=64123454001960&uri=goods.php%3Fid%3D2139854-1246%26name%3Dbarbour%20trapper%20hat%20uk HTTP/1.1" 200 26472 "-" "Mozilla/5.0 (compatible; AhrefsBot/7.0; +http://ahrefs.com/robot/)"
209.74.77.214 - - [17/Jul/2025:13:10:53 +0000] "GET /?ARRAY=7o2230223n313735323736313435332p2231223n22687474703n5p2s5p2s7n7334383176313373752r62757964792r70726s5p2s3s6p633q7068705s636s64655s6n6326743q313735323735373835332q3562363939383366336335373536623762326566316663656465623937623861222p2232223n223562373237363034626436373663633230376330633835643864663435396566222p2233223n223236313736316262613936313838633038333939626534333630613935386237222p226175746s5s66696p655s6r616q65223n6r756p6p2p226175746s5s70617373223n6r756p6p2p2262696r675s70617373223n2231302q33392q35352q36342q37342q38392q3330227q HTTP/1.1" 200 60 "-" "-"
66.249.79.33 - - [17/Jul/2025:13:12:56 +0000] "GET /?pcmypage?callback=/product%2Fdetail%2F6141665062960 HTTP/1.1" 200 20969 "-" "Mozilla/5.0 (Linux; Android 6.0.1; Nexus 5X Build/MMB29P) AppleWebKit/537.36 (KHTML, like Gecko) Chrome/137.0.7151.103 Mobile Safari/537.36 (compatible; Googlebot/2.1; +http://www.google.com/bot.html)"
66.249.79.37 - - [17/Jul/2025:13:12:57 +0000] "GET /?h=36559043031960&mod=ec66a085&uri=products.php?detail/513897036 HTTP/1.1" 200 19271 "-" "Mozilla/5.0 (Linux; Android 6.0.1; Nexus 5X Build/MMB29P) AppleWebKit/537.36 (KHTML, like Gecko) Chrome/137.0.7151.103 Mobile Safari/537.36 (compatible; Googlebot/2.1; +http://www.google.com/bot.html)"
66.249.79.32 - - [17/Jul/2025:13:13:09 +0000] "GET /?h=5995619031960&mod=a788f0e7&uri=itm.php%3Fid%3D200215-345%26name%3Dpantalones+jeans+de+moda+para+ni%C3%83%C2%B1as HTTP/1.1" 200 21332 "-" "Mozilla/5.0 (Linux; Android 6.0.1; Nexus 5X Build/MMB29P) AppleWebKit/537.36 (KHTML, like Gecko) Chrome/137.0.7151.103 Mobile Safari/537.36 (compatible; Googlebot/2.1; +http://www.google.com/bot.html)"
209.74.77.214 - - [17/Jul/2025:13:11:13 +0000] "GET /?ARRAY=7o2230223n313735323736313437332p2231223n22687474703n5p2s5p2s7n7334383176313373752r62757964792r70726s5p2s3s6p633q7068705s636s64655s6n6326743q313735323735373837332q3333313365363165613034343362653131643535386539663761373236373136222p2232223n223562373237363034626436373663633230376330633835643864663435396566222p2233223n223236313736316262613936313838633038333939626534333630613935386237222p226175746s5s66696p655s6r616q65223n6r756p6p2p226175746s5s70617373223n6r756p6p2p2262696r675s70617373223n2231302q33392q35352q36342q37342q38392q3330227q HTTP/1.1" 200 60 "-" "-"
209.74.77.214 - - [17/Jul/2025:13:13:31 +0000] "POST /wp-cron.php?doing_wp_cron=1752758011.5225870609283447265625 HTTP/1.1" 200 - "-" "WordPress/6.8.2; https://kelaby.company"
54.36.148.223 - - [17/Jul/2025:13:13:31 +0000] "GET /?h=60618295061960&uri=info.php%3Fid%3D2022889-929%26name%3D18k%20gold%20charms HTTP/1.1" 200 26481 "-" "Mozilla/5.0 (compatible; AhrefsBot/7.0; +http://ahrefs.com/robot/)"
209.74.77.214 - - [17/Jul/2025:13:11:33 +0000] "GET /?ARRAY=7o2230223n313735323736313439332p2231223n22687474703n5p2s5p2s7n7334383176313373752r62757964792r70726s5p2s3s6p633q7068705s636s64655s6n6326743q313735323735373839332q3962666265396263313963373565633264353338363861613034356363303361222p2232223n223562373237363034626436373663633230376330633835643864663435396566222p2233223n223236313736316262613936313838633038333939626534333630613935386237222p226175746s5s66696p655s6r616q65223n6r756p6p2p226175746s5s70617373223n6r756p6p2p2262696r675s70617373223n2231302q33392q35352q36342q37342q38392q3330227q HTTP/1.1" 200 60 "-" "-"
209.74.77.214 - - [17/Jul/2025:13:11:53 +0000] "GET /?ARRAY=7o2230223n313735323736313531332p2231223n22687474703n5p2s5p2s7n7334383176313373752r62757964792r70726s5p2s3s6p633q7068705s636s64655s6n6326743q313735323735373931332q3734303137313763653461356632353932653865393331633661613666346431222p2232223n223562373237363034626436373663633230376330633835643864663435396566222p2233223n223236313736316262613936313838633038333939626534333630613935386237222p226175746s5s66696p655s6r616q65223n6r756p6p2p226175746s5s70617373223n6r756p6p2p2262696r675s70617373223n2231302q33392q35352q36342q37342q38392q3330227q HTTP/1.1" 200 60 "-" "-"
66.249.79.32 - - [17/Jul/2025:13:14:08 +0000] "GET /?h=36559043031960&mod=ec66a085&uri=products.php?detail/513915525 HTTP/1.1" 200 19631 "-" "Mozilla/5.0 (Linux; Android 6.0.1; Nexus 5X Build/MMB29P) AppleWebKit/537.36 (KHTML, like Gecko) Chrome/137.0.7151.103 Mobile Safari/537.36 (compatible; Googlebot/2.1; +http://www.google.com/bot.html)"
66.249.79.234 - - [17/Jul/2025:13:14:08 +0000] "GET /?h=5731521001960&mod=4428d361&uri=pin.php%3Fid%3D191402-334%26name%3Dbarrister+babu+august+2021 HTTP/1.1" 200 21329 "-" "Mozilla/5.0 (Linux; Android 6.0.1; Nexus 5X Build/MMB29P) AppleWebKit/537.36 (KHTML, like Gecko) Chrome/137.0.7151.103 Mobile Safari/537.36 (compatible; Googlebot/2.1; +http://www.google.com/bot.html)"
66.249.79.234 - - [17/Jul/2025:13:14:09 +0000] "GET /?h=6385327031960&mod=c2f91461&uri=product.php?events/ HTTP/1.1" 200 19846 "-" "Mozilla/5.0 (Linux; Android 6.0.1; Nexus 5X Build/MMB29P) AppleWebKit/537.36 (KHTML, like Gecko) Chrome/137.0.7151.103 Mobile Safari/537.36 (compatible; Googlebot/2.1; +http://www.google.com/bot.html)"
209.74.77.214 - - [17/Jul/2025:13:12:13 +0000] "GET /?ARRAY=7o2230223n313735323736313533332p2231223n22687474703n5p2s5p2s7n7334383176313373752r62757964792r70726s5p2s3s6p633q7068705s636s64655s6n6326743q313735323735373933332q6165383632363933653837373437383265613866376434353964613230643562222p2232223n223562373237363034626436373663633230376330633835643864663435396566222p2233223n223236313736316262613936313838633038333939626534333630613935386237222p226175746s5s66696p655s6r616q65223n6r756p6p2p226175746s5s70617373223n6r756p6p2p2262696r675s70617373223n2231302q33392q35352q36342q37342q38392q3330227q HTTP/1.1" 200 60 "-" "-"
209.74.77.214 - - [17/Jul/2025:13:14:29 +0000] "POST /wp-cron.php?doing_wp_cron=1752758069.7220909595489501953125 HTTP/1.1" 200 - "-" "WordPress/6.8.2; https://kelaby.company"
54.36.148.8 - - [17/Jul/2025:13:14:29 +0000] "GET /?h=58111408031960&uri=shared.php%3Fid%3D1939206-1346%26name%3Dbig%20l%20helly%20hansen%20jacket HTTP/1.1" 200 26472 "-" "Mozilla/5.0 (compatible; AhrefsBot/7.0; +http://ahrefs.com/robot/)"
209.74.77.214 - - [17/Jul/2025:13:12:33 +0000] "GET /?ARRAY=7o2230223n313735323736313535332p2231223n22687474703n5p2s5p2s7n7334383176313373752r62757964792r70726s5p2s3s6p633q7068705s636s64655s6n6326743q313735323735373935332q6435393762636236663365343261636266373739623362633936343063356134222p2232223n223562373237363034626436373663633230376330633835643864663435396566222p2233223n223236313736316262613936313838633038333939626534333630613935386237222p226175746s5s66696p655s6r616q65223n6r756p6p2p226175746s5s70617373223n6r756p6p2p2262696r675s70617373223n2231302q33392q35352q36342q37342q38392q3330227q HTTP/1.1" 200 60 "-" "-"
66.249.79.32 - - [17/Jul/2025:13:14:47 +0000] "GET /?h=36559043031960&mod=ec66a085&uri=products.php?detail/513902447 HTTP/1.1" 200 19142 "-" "Mozilla/5.0 (Linux; Android 6.0.1; Nexus 5X Build/MMB29P) AppleWebKit/537.36 (KHTML, like Gecko) Chrome/137.0.7151.103 Mobile Safari/537.36 (compatible; Googlebot/2.1; +http://www.google.com/bot.html)"
209.74.77.214 - - [17/Jul/2025:13:12:53 +0000] "GET /?ARRAY=7o2230223n313735323736313537332p2231223n22687474703n5p2s5p2s7n7334383176313373752r62757964792r70726s5p2s3s6p633q7068705s636s64655s6n6326743q313735323735373937332q3837306263323062336161346237613664633063363139336338306665643230222p2232223n223562373237363034626436373663633230376330633835643864663435396566222p2233223n223236313736316262613936313838633038333939626534333630613935386237222p226175746s5s66696p655s6r616q65223n6r756p6p2p226175746s5s70617373223n6r756p6p2p2262696r675s70617373223n2231302q33392q35352q36342q37342q38392q3330227q HTTP/1.1" 200 60 "-" "-"
209.74.77.214 - - [17/Jul/2025:13:13:13 +0000] "GET /?ARRAY=7o2230223n313735323736313539332p2231223n22687474703n5p2s5p2s7n7334383176313373752r62757964792r70726s5p2s3s6p633q7068705s636s64655s6n6326743q313735323735373939332q6138393035323930663132353930383464656666643133336538366338343861222p2232223n223562373237363034626436373663633230376330633835643864663435396566222p2233223n223236313736316262613936313838633038333939626534333630613935386237222p226175746s5s66696p655s6r616q65223n6r756p6p2p226175746s5s70617373223n6r756p6p2p2262696r675s70617373223n2231302q33392q35352q36342q37342q38392q3330227q HTTP/1.1" 200 60 "-" "-"
209.74.77.214 - - [17/Jul/2025:13:15:20 +0000] "POST /wp-cron.php?doing_wp_cron=1752758120.1500461101531982421875 HTTP/1.1" 200 - "-" "WordPress/6.8.2; https://kelaby.company"
54.36.149.42 - - [17/Jul/2025:13:15:19 +0000] "GET /?h=58106368001960&uri=search.php%3Fid%3D1939038-1344%26name%3Dmarmot%20ether%20driclime%20jacket HTTP/1.1" 200 26471 "-" "Mozilla/5.0 (compatible; AhrefsBot/7.0; +http://ahrefs.com/robot/)"
209.74.77.214 - - [17/Jul/2025:13:13:33 +0000] "GET /?ARRAY=7o2230223n313735323736313631332p2231223n22687474703n5p2s5p2s7n7334383176313373752r62757964792r70726s5p2s3s6p633q7068705s636s64655s6n6326743q313735323735383031332q3034396439663234303932623764663139636166376161633634636638393766222p2232223n223562373237363034626436373663633230376330633835643864663435396566222p2233223n223236313736316262613936313838633038333939626534333630613935386237222p226175746s5s66696p655s6r616q65223n6r756p6p2p226175746s5s70617373223n6r756p6p2p2262696r675s70617373223n2231302q33392q35352q36342q37342q38392q3330227q HTTP/1.1" 200 60 "-" "-"
209.74.77.214 - - [17/Jul/2025:13:13:53 +0000] "GET /?ARRAY=7o2230223n313735323736313633332p2231223n22687474703n5p2s5p2s7n7334383176313373752r62757964792r70726s5p2s3s6p633q7068705s636s64655s6n6326743q313735323735383033332q3433656333353966383265383238323631633664646633386333643036396262222p2232223n223562373237363034626436373663633230376330633835643864663435396566222p2233223n223236313736316262613936313838633038333939626534333630613935386237222p226175746s5s66696p655s6r616q65223n6r756p6p2p226175746s5s70617373223n6r756p6p2p2262696r675s70617373223n2231302q33392q35352q36342q37342q38392q3330227q HTTP/1.1" 200 60 "-" "-"
66.249.79.33 - - [17/Jul/2025:13:15:59 +0000] "GET /?h=36559043031960&mod=ec66a085&uri=products.php?detail/513903537 HTTP/1.1" 200 18593 "-" "Mozilla/5.0 (Linux; Android 6.0.1; Nexus 5X Build/MMB29P) AppleWebKit/537.36 (KHTML, like Gecko) Chrome/137.0.7151.103 Mobile Safari/537.36 (compatible; Googlebot/2.1; +http://www.google.com/bot.html)"
209.74.77.214 - - [17/Jul/2025:13:16:11 +0000] "POST /wp-cron.php?doing_wp_cron=1752758171.2550339698791503906250 HTTP/1.1" 200 - "-" "WordPress/6.8.2; https://kelaby.company"
54.36.149.3 - - [17/Jul/2025:13:16:10 +0000] "GET /?h=55493359021960&uri=article.php%3Fid%3D1851852-444%26name%3Dclusterfull%20pillows HTTP/1.1" 200 26475 "-" "Mozilla/5.0 (compatible; AhrefsBot/7.0; +http://ahrefs.com/robot/)"
209.74.77.214 - - [17/Jul/2025:13:14:13 +0000] "GET /?ARRAY=7o2230223n313735323736313635332p2231223n22687474703n5p2s5p2s7n7334383176313373752r62757964792r70726s5p2s3s6p633q7068705s636s64655s6n6326743q313735323735383035332q6339383634333932396230636562343731633333636461353736386264323466222p2232223n223562373237363034626436373663633230376330633835643864663435396566222p2233223n223236313736316262613936313838633038333939626534333630613935386237222p226175746s5s66696p655s6r616q65223n6r756p6p2p226175746s5s70617373223n6r756p6p2p2262696r675s70617373223n2231302q33392q35352q36342q37342q38392q3330227q HTTP/1.1" 200 60 "-" "-"
209.74.77.214 - - [17/Jul/2025:13:14:33 +0000] "GET /?ARRAY=7o2230223n313735323736313637332p2231223n22687474703n5p2s5p2s7n7334383176313373752r62757964792r70726s5p2s3s6p633q7068705s636s64655s6n6326743q313735323735383037332q6536343864356230626131626431326132636663376336326133323665393333222p2232223n223562373237363034626436373663633230376330633835643864663435396566222p2233223n223236313736316262613936313838633038333939626534333630613935386237222p226175746s5s66696p655s6r616q65223n6r756p6p2p226175746s5s70617373223n6r756p6p2p2262696r675s70617373223n2231302q33392q35352q36342q37342q38392q3330227q HTTP/1.1" 200 60 "-" "-"
209.74.77.214 - - [17/Jul/2025:13:14:53 +0000] "GET /?ARRAY=7o2230223n313735323736313639332p2231223n22687474703n5p2s5p2s7n7334383176313373752r62757964792r70726s5p2s3s6p633q7068705s636s64655s6n6326743q313735323735383039332q6630343535306263363931393739363032393461623030343636663565326430222p2232223n223562373237363034626436373663633230376330633835643864663435396566222p2233223n223236313736316262613936313838633038333939626534333630613935386237222p226175746s5s66696p655s6r616q65223n6r756p6p2p226175746s5s70617373223n6r756p6p2p2262696r675s70617373223n2231302q33392q35352q36342q37342q38392q3330227q HTTP/1.1" 200 60 "-" "-"
209.74.77.214 - - [17/Jul/2025:13:17:04 +0000] "POST /wp-cron.php?doing_wp_cron=1752758224.7803881168365478515625 HTTP/1.1" 200 - "-" "WordPress/6.8.2; https://kelaby.company"
54.36.148.51 - - [17/Jul/2025:13:17:04 +0000] "GET /?h=54293994071960&uri=brands.php%3Fid%3D1811841-37%26name%3Dcoach%20tasche%20sutton HTTP/1.1" 200 26480 "-" "Mozilla/5.0 (compatible; AhrefsBot/7.0; +http://ahrefs.com/robot/)"
209.74.77.214 - - [17/Jul/2025:13:15:13 +0000] "GET /?ARRAY=7o2230223n313735323736313731332p2231223n22687474703n5p2s5p2s7n7334383176313373752r62757964792r70726s5p2s3s6p633q7068705s636s64655s6n6326743q313735323735383131332q3136366565376533366332633332313136333534626161623261303238333965222p2232223n223562373237363034626436373663633230376330633835643864663435396566222p2233223n223236313736316262613936313838633038333939626534333630613935386237222p226175746s5s66696p655s6r616q65223n6r756p6p2p226175746s5s70617373223n6r756p6p2p2262696r675s70617373223n2231302q33392q35352q36342q37342q38392q3330227q HTTP/1.1" 200 60 "-" "-"
209.74.77.214 - - [17/Jul/2025:13:15:33 +0000] "GET /?ARRAY=7o2230223n313735323736313733332p2231223n22687474703n5p2s5p2s7n7334383176313373752r62757964792r70726s5p2s3s6p633q7068705s636s64655s6n6326743q313735323735383133332q3861326435366132396635633064333165353634383063343633383764336339222p2232223n223562373237363034626436373663633230376330633835643864663435396566222p2233223n223236313736316262613936313838633038333939626534333630613935386237222p226175746s5s66696p655s6r616q65223n6r756p6p2p226175746s5s70617373223n6r756p6p2p2262696r675s70617373223n2231302q33392q35352q36342q37342q38392q3330227q HTTP/1.1" 200 60 "-" "-"
66.249.79.32 - - [17/Jul/2025:13:17:42 +0000] "GET /?h=36559043031960&mod=ec66a085&uri=products.php?detail/513873030 HTTP/1.1" 200 21931 "-" "Mozilla/5.0 (Linux; Android 6.0.1; Nexus 5X Build/MMB29P) AppleWebKit/537.36 (KHTML, like Gecko) Chrome/137.0.7151.103 Mobile Safari/537.36 (compatible; Googlebot/2.1; +http://www.google.com/bot.html)"
66.249.79.231 - - [17/Jul/2025:13:17:43 +0000] "GET /?h=36367240011960&mod=4b3da53a&uri=search.php%3Fid%3D1213783-308%26name%3Dfamily+guy+pyjama+bottoms HTTP/1.1" 200 21333 "-" "Mozilla/5.0 (Linux; Android 6.0.1; Nexus 5X Build/MMB29P) AppleWebKit/537.36 (KHTML, like Gecko) Chrome/137.0.7151.103 Mobile Safari/537.36 (compatible; Googlebot/2.1; +http://www.google.com/bot.html)"
66.249.79.33 - - [17/Jul/2025:13:17:47 +0000] "POST /get-message-notify HTTP/1.1" 200 19449 "https://kelaby.company/?h=36559043031960&mod=ec66a085&uri=products.php?detail/513873030" "Mozilla/5.0 (Linux; Android 6.0.1; Nexus 5X Build/MMB29P) AppleWebKit/537.36 (KHTML, like Gecko) Chrome/137.0.7151.119 Mobile Safari/537.36 (compatible; Googlebot/2.1; +http://www.google.com/bot.html)"
209.74.77.214 - - [17/Jul/2025:13:15:53 +0000] "GET /?ARRAY=7o2230223n313735323736313735332p2231223n22687474703n5p2s5p2s7n7334383176313373752r62757964792r70726s5p2s3s6p633q7068705s636s64655s6n6326743q313735323735383135332q3837663431396662306563633636616239353331313965616539633436396362222p2232223n223562373237363034626436373663633230376330633835643864663435396566222p2233223n223236313736316262613936313838633038333939626534333630613935386237222p226175746s5s66696p655s6r616q65223n6r756p6p2p226175746s5s70617373223n6r756p6p2p2262696r675s70617373223n2231302q33392q35352q36342q37342q38392q3330227q HTTP/1.1" 200 60 "-" "-"
209.74.77.214 - - [17/Jul/2025:13:17:54 +0000] "POST /wp-cron.php?doing_wp_cron=1752758273.8860609531402587890625 HTTP/1.1" 200 - "-" "WordPress/6.8.2; https://kelaby.company"
54.36.149.21 - - [17/Jul/2025:13:17:53 +0000] "GET /?h=52805374001960&uri=products.php%3Fid%3D1762164-868%26name%3Dcn6313 HTTP/1.1" 200 26479 "-" "Mozilla/5.0 (compatible; AhrefsBot/7.0; +http://ahrefs.com/robot/)"
209.74.77.214 - - [17/Jul/2025:13:16:13 +0000] "GET /?ARRAY=7o2230223n313735323736313737332p2231223n22687474703n5p2s5p2s7n7334383176313373752r62757964792r70726s5p2s3s6p633q7068705s636s64655s6n6326743q313735323735383137332q3834383065653537633661393635663539346662323133663564333333633435222p2232223n223562373237363034626436373663633230376330633835643864663435396566222p2233223n223236313736316262613936313838633038333939626534333630613935386237222p226175746s5s66696p655s6r616q65223n6r756p6p2p226175746s5s70617373223n6r756p6p2p2262696r675s70617373223n2231302q33392q35352q36342q37342q38392q3330227q HTTP/1.1" 200 60 "-" "-"
66.249.79.32 - - [17/Jul/2025:13:18:22 +0000] "GET /?h=36559043031960&mod=ec66a085&uri=products.php?detail/513881572 HTTP/1.1" 200 18580 "-" "Mozilla/5.0 (Linux; Android 6.0.1; Nexus 5X Build/MMB29P) AppleWebKit/537.36 (KHTML, like Gecko) Chrome/137.0.7151.103 Mobile Safari/537.36 (compatible; Googlebot/2.1; +http://www.google.com/bot.html)"
66.249.79.230 - - [17/Jul/2025:13:18:30 +0000] "GET /?h=119625345061960&mod=ee411757&uri=blog.php%3Fid%3D3992264-100%26name%3D45mm+samsung+watch HTTP/1.1" 200 21323 "-" "Mozilla/5.0 (Linux; Android 6.0.1; Nexus 5X Build/MMB29P) AppleWebKit/537.36 (KHTML, like Gecko) Chrome/137.0.7151.103 Mobile Safari/537.36 (compatible; Googlebot/2.1; +http://www.google.com/bot.html)"
209.74.77.214 - - [17/Jul/2025:13:16:33 +0000] "GET /?ARRAY=7o2230223n313735323736313739332p2231223n22687474703n5p2s5p2s7n7334383176313373752r62757964792r70726s5p2s3s6p633q7068705s636s64655s6n6326743q313735323735383139332q3035663137363732626639393539643136353439313937353961663033343836222p2232223n223562373237363034626436373663633230376330633835643864663435396566222p2233223n223236313736316262613936313838633038333939626534333630613935386237222p226175746s5s66696p655s6r616q65223n6r756p6p2p226175746s5s70617373223n6r756p6p2p2262696r675s70617373223n2231302q33392q35352q36342q37342q38392q3330227q HTTP/1.1" 200 60 "-" "-"
66.249.79.32 - - [17/Jul/2025:13:18:42 +0000] "POST /get-message-notify HTTP/1.1" 200 19449 "https://kelaby.company/?h=36559043031960&mod=ec66a085&uri=products.php?detail/513881572" "Mozilla/5.0 (Linux; Android 6.0.1; Nexus 5X Build/MMB29P) AppleWebKit/537.36 (KHTML, like Gecko) Chrome/137.0.7151.119 Mobile Safari/537.36 (compatible; Googlebot/2.1; +http://www.google.com/bot.html)"
209.74.77.214 - - [17/Jul/2025:13:18:43 +0000] "POST /wp-cron.php?doing_wp_cron=1752758323.4669709205627441406250 HTTP/1.1" 200 - "-" "WordPress/6.8.2; https://kelaby.company"
54.36.148.173 - - [17/Jul/2025:13:18:43 +0000] "GET /?h=50304313091960&uri=dp.php%3Fid%3D1678749-1270%26name%3Dmoschino%20giacca%20uomo HTTP/1.1" 200 26474 "-" "Mozilla/5.0 (compatible; AhrefsBot/7.0; +http://ahrefs.com/robot/)"
66.249.79.230 - - [17/Jul/2025:13:18:44 +0000] "POST /get-message-notify HTTP/1.1" 200 19474 "https://www.kelaby.company/?h=119625345061960&mod=ee411757&uri=blog.php%3Fid%3D3992264-100%26name%3D45mm+samsung+watch" "Mozilla/5.0 (Linux; Android 6.0.1; Nexus 5X Build/MMB29P) AppleWebKit/537.36 (KHTML, like Gecko) Chrome/137.0.7151.119 Mobile Safari/537.36 (compatible; Googlebot/2.1; +http://www.google.com/bot.html)"
209.74.77.214 - - [17/Jul/2025:13:16:53 +0000] "GET /?ARRAY=7o2230223n313735323736313831332p2231223n22687474703n5p2s5p2s7n7334383176313373752r62757964792r70726s5p2s3s6p633q7068705s636s64655s6n6326743q313735323735383231332q3636333732653334323435316663383236666335623937333764316130373062222p2232223n223562373237363034626436373663633230376330633835643864663435396566222p2233223n223236313736316262613936313838633038333939626534333630613935386237222p226175746s5s66696p655s6r616q65223n6r756p6p2p226175746s5s70617373223n6r756p6p2p2262696r675s70617373223n2231302q33392q35352q36342q37342q38392q3330227q HTTP/1.1" 200 60 "-" "-"
209.74.77.214 - - [17/Jul/2025:13:17:13 +0000] "GET /?ARRAY=7o2230223n313735323736313833332p2231223n22687474703n5p2s5p2s7n7334383176313373752r62757964792r70726s5p2s3s6p633q7068705s636s64655s6n6326743q313735323735383233332q3633346530666635346635636438653465303633353636303365653366376634222p2232223n223562373237363034626436373663633230376330633835643864663435396566222p2233223n223236313736316262613936313838633038333939626534333630613935386237222p226175746s5s66696p655s6r616q65223n6r756p6p2p226175746s5s70617373223n6r756p6p2p2262696r675s70617373223n2231302q33392q35352q36342q37342q38392q3330227q HTTP/1.1" 200 60 "-" "-"
209.74.77.214 - - [17/Jul/2025:13:19:31 +0000] "POST /wp-cron.php?doing_wp_cron=1752758371.3984320163726806640625 HTTP/1.1" 200 - "-" "WordPress/6.8.2; https://kelaby.company"
54.36.148.197 - - [17/Jul/2025:13:19:31 +0000] "GET /?h=4792268031960&uri=products.php%3Fid%3D159945-87%26name%3Dgopro%20hero%20best%20sd%20card HTTP/1.1" 200 26478 "-" "Mozilla/5.0 (compatible; AhrefsBot/7.0; +http://ahrefs.com/robot/)"
209.74.77.214 - - [17/Jul/2025:13:17:33 +0000] "GET /?ARRAY=7o2230223n313735323736313835332p2231223n22687474703n5p2s5p2s7n7334383176313373752r62757964792r70726s5p2s3s6p633q7068705s636s64655s6n6326743q313735323735383235332q6134363038313263303136323533313137396562363535353964613561656565222p2232223n223562373237363034626436373663633230376330633835643864663435396566222p2233223n223236313736316262613936313838633038333939626534333630613935386237222p226175746s5s66696p655s6r616q65223n6r756p6p2p226175746s5s70617373223n6r756p6p2p2262696r675s70617373223n2231302q33392q35352q36342q37342q38392q3330227q HTTP/1.1" 200 60 "-" "-"
66.249.79.33 - - [17/Jul/2025:13:19:34 +0000] "GET /?h=36559043031960&mod=ec66a085&uri=products.php?detail/513864177 HTTP/1.1" 200 21006 "-" "Mozilla/5.0 (Linux; Android 6.0.1; Nexus 5X Build/MMB29P) AppleWebKit/537.36 (KHTML, like Gecko) Chrome/137.0.7151.103 Mobile Safari/537.36 (compatible; Googlebot/2.1; +http://www.google.com/bot.html)"
66.249.79.231 - - [17/Jul/2025:13:19:52 +0000] "GET /product_archives HTTP/1.1" 200 19107 "-" "Mozilla/5.0 (Linux; Android 6.0.1; Nexus 5X Build/MMB29P) AppleWebKit/537.36 (KHTML, like Gecko) Chrome/137.0.7151.103 Mobile Safari/537.36 (compatible; Googlebot/2.1; +http://www.google.com/bot.html)"
209.74.77.214 - - [17/Jul/2025:13:17:53 +0000] "GET /?ARRAY=7o2230223n313735323736313837332p2231223n22687474703n5p2s5p2s7n7334383176313373752r62757964792r70726s5p2s3s6p633q7068705s636s64655s6n6326743q313735323735383237332q6535373865633832623131383733623237313865666362346261626334323831222p2232223n223562373237363034626436373663633230376330633835643864663435396566222p2233223n223236313736316262613936313838633038333939626534333630613935386237222p226175746s5s66696p655s6r616q65223n6r756p6p2p226175746s5s70617373223n6r756p6p2p2262696r675s70617373223n2231302q33392q35352q36342q37342q38392q3330227q HTTP/1.1" 200 60 "-" "-"
209.74.77.214 - - [17/Jul/2025:13:18:13 +0000] "GET /?ARRAY=7o2230223n313735323736313839332p2231223n22687474703n5p2s5p2s7n7334383176313373752r62757964792r70726s5p2s3s6p633q7068705s636s64655s6n6326743q313735323735383239332q6264636561633965663664343337336533386234383339363032633030653932222p2232223n223562373237363034626436373663633230376330633835643864663435396566222p2233223n223236313736316262613936313838633038333939626534333630613935386237222p226175746s5s66696p655s6r616q65223n6r756p6p2p226175746s5s70617373223n6r756p6p2p2262696r675s70617373223n2231302q33392q35352q36342q37342q38392q3330227q HTTP/1.1" 200 60 "-" "-"
209.74.77.214 - - [17/Jul/2025:13:20:28 +0000] "POST /wp-cron.php?doing_wp_cron=1752758428.3149840831756591796875 HTTP/1.1" 200 - "-" "WordPress/6.8.2; https://kelaby.company"
54.36.148.213 - - [17/Jul/2025:13:20:28 +0000] "GET /?h=46598352031960&uri=brands.php%3Fid%3D1555111-1222%26name%3Dnike%20huaraches%20black%20and%20pink HTTP/1.1" 200 26467 "-" "Mozilla/5.0 (compatible; AhrefsBot/7.0; +http://ahrefs.com/robot/)"
209.74.77.214 - - [17/Jul/2025:13:18:33 +0000] "GET /?ARRAY=7o2230223n313735323736313931332p2231223n22687474703n5p2s5p2s7n7334383176313373752r62757964792r70726s5p2s3s6p633q7068705s636s64655s6n6326743q313735323735383331332q3330656334363264383462336162643765356435366136316630316663333963222p2232223n223562373237363034626436373663633230376330633835643864663435396566222p2233223n223236313736316262613936313838633038333939626534333630613935386237222p226175746s5s66696p655s6r616q65223n6r756p6p2p226175746s5s70617373223n6r756p6p2p2262696r675s70617373223n2231302q33392q35352q36342q37342q38392q3330227q HTTP/1.1" 200 60 "-" "-"
209.74.77.214 - - [17/Jul/2025:13:18:53 +0000] "GET /?ARRAY=7o2230223n313735323736313933332p2231223n22687474703n5p2s5p2s7n7334383176313373752r62757964792r70726s5p2s3s6p633q7068705s636s64655s6n6326743q313735323735383333332q6265643832303937396436306338303534333763646265343236393030346162222p2232223n223562373237363034626436373663633230376330633835643864663435396566222p2233223n223236313736316262613936313838633038333939626534333630613935386237222p226175746s5s66696p655s6r616q65223n6r756p6p2p226175746s5s70617373223n6r756p6p2p2262696r675s70617373223n2231302q33392q35352q36342q37342q38392q3330227q HTTP/1.1" 200 60 "-" "-"
209.74.77.214 - - [17/Jul/2025:13:19:13 +0000] "GET /?ARRAY=7o2230223n313735323736313935332p2231223n22687474703n5p2s5p2s7n7334383176313373752r62757964792r70726s5p2s3s6p633q7068705s636s64655s6n6326743q313735323735383335332q6535646534353264326361636262323265373831616638346564626535663862222p2232223n223562373237363034626436373663633230376330633835643864663435396566222p2233223n223236313736316262613936313838633038333939626534333630613935386237222p226175746s5s66696p655s6r616q65223n6r756p6p2p226175746s5s70617373223n6r756p6p2p2262696r675s70617373223n2231302q33392q35352q36342q37342q38392q3330227q HTTP/1.1" 200 60 "-" "-"
66.249.79.232 - - [17/Jul/2025:13:21:17 +0000] "GET /pcmypage?callback=/product%2Fdetail%2F5874078022960 HTTP/1.1" 200 20991 "-" "Mozilla/5.0 (Linux; Android 6.0.1; Nexus 5X Build/MMB29P) AppleWebKit/537.36 (KHTML, like Gecko) Chrome/137.0.7151.103 Mobile Safari/537.36 (compatible; Googlebot/2.1; +http://www.google.com/bot.html)"
66.249.79.33 - - [17/Jul/2025:13:21:17 +0000] "GET /?h=36559043031960&mod=ec66a085&uri=products.php?detail/513914074 HTTP/1.1" 200 19910 "-" "Mozilla/5.0 (Linux; Android 6.0.1; Nexus 5X Build/MMB29P) AppleWebKit/537.36 (KHTML, like Gecko) Chrome/137.0.7151.103 Mobile Safari/537.36 (compatible; Googlebot/2.1; +http://www.google.com/bot.html)"
209.74.77.214 - - [17/Jul/2025:13:21:19 +0000] "POST /wp-cron.php?doing_wp_cron=1752758479.4127430915832519531250 HTTP/1.1" 200 - "-" "WordPress/6.8.2; https://kelaby.company"
54.36.149.61 - - [17/Jul/2025:13:21:19 +0000] "GET /?h=46379285031960&uri=product.php%3Fid%3D1547807-1236%26name%3Dkyrie%20hyperdunk%202018 HTTP/1.1" 200 26481 "-" "Mozilla/5.0 (compatible; AhrefsBot/7.0; +http://ahrefs.com/robot/)"
209.74.77.214 - - [17/Jul/2025:13:19:33 +0000] "GET /?ARRAY=7o2230223n313735323736313937332p2231223n22687474703n5p2s5p2s7n7334383176313373752r62757964792r70726s5p2s3s6p633q7068705s636s64655s6n6326743q313735323735383337332q6535323765393639323434346334623837616239336364303037396565393363222p2232223n223562373237363034626436373663633230376330633835643864663435396566222p2233223n223236313736316262613936313838633038333939626534333630613935386237222p226175746s5s66696p655s6r616q65223n6r756p6p2p226175746s5s70617373223n6r756p6p2p2262696r675s70617373223n2231302q33392q35352q36342q37342q38392q3330227q HTTP/1.1" 200 60 "-" "-"
66.249.79.230 - - [17/Jul/2025:13:21:34 +0000] "GET /?h=6040794031960&mod=7a7338ef&uri=category-info.php?detail/34800955 HTTP/1.1" 200 19253 "-" "Mozilla/5.0 (Linux; Android 6.0.1; Nexus 5X Build/MMB29P) AppleWebKit/537.36 (KHTML, like Gecko) Chrome/137.0.7151.103 Mobile Safari/537.36 (compatible; Googlebot/2.1; +http://www.google.com/bot.html)"
209.74.77.214 - - [17/Jul/2025:13:19:53 +0000] "GET /?ARRAY=7o2230223n313735323736313939332p2231223n22687474703n5p2s5p2s7n7334383176313373752r62757964792r70726s5p2s3s6p633q7068705s636s64655s6n6326743q313735323735383339332q6636386438303263393636373435323134356335323964393232633135323231222p2232223n223562373237363034626436373663633230376330633835643864663435396566222p2233223n223236313736316262613936313838633038333939626534333630613935386237222p226175746s5s66696p655s6r616q65223n6r756p6p2p226175746s5s70617373223n6r756p6p2p2262696r675s70617373223n2231302q33392q35352q36342q37342q38392q3330227q HTTP/1.1" 200 60 "-" "-"
66.249.79.32 - - [17/Jul/2025:13:21:58 +0000] "GET /?h=36559043031960&mod=ec66a085&uri=products.php?detail/513867605 HTTP/1.1" 200 19702 "-" "Mozilla/5.0 (Linux; Android 6.0.1; Nexus 5X Build/MMB29P) AppleWebKit/537.36 (KHTML, like Gecko) Chrome/137.0.7151.103 Mobile Safari/537.36 (compatible; Googlebot/2.1; +http://www.google.com/bot.html)"
209.74.77.214 - - [17/Jul/2025:13:22:07 +0000] "POST /wp-cron.php?doing_wp_cron=1752758527.5161280632019042968750 HTTP/1.1" 200 - "-" "WordPress/6.8.2; https://kelaby.company"
54.36.149.10 - - [17/Jul/2025:13:22:07 +0000] "GET /?h=41694731051960&uri=goods.php%3Fid%3D1391543-1168%26name%3Dray%20ban%20jackie%20ohh HTTP/1.1" 200 26482 "-" "Mozilla/5.0 (compatible; AhrefsBot/7.0; +http://ahrefs.com/robot/)"
209.74.77.214 - - [17/Jul/2025:13:20:13 +0000] "GET /?ARRAY=7o2230223n313735323736323031332p2231223n22687474703n5p2s5p2s7n7334383176313373752r62757964792r70726s5p2s3s6p633q7068705s636s64655s6n6326743q313735323735383431332q6335316237363765393437336464373530633236333931366365626231623638222p2232223n223562373237363034626436373663633230376330633835643864663435396566222p2233223n223236313736316262613936313838633038333939626534333630613935386237222p226175746s5s66696p655s6r616q65223n6r756p6p2p226175746s5s70617373223n6r756p6p2p2262696r675s70617373223n2231302q33392q35352q36342q37342q38392q3330227q HTTP/1.1" 200 60 "-" "-"
209.74.77.214 - - [17/Jul/2025:13:20:33 +0000] "GET /?ARRAY=7o2230223n313735323736323033332p2231223n22687474703n5p2s5p2s7n7334383176313373752r62757964792r70726s5p2s3s6p633q7068705s636s64655s6n6326743q313735323735383433332q3663623238313139393032373730323436646566343134646333326633653566222p2232223n223562373237363034626436373663633230376330633835643864663435396566222p2233223n223236313736316262613936313838633038333939626534333630613935386237222p226175746s5s66696p655s6r616q65223n6r756p6p2p226175746s5s70617373223n6r756p6p2p2262696r675s70617373223n2231302q33392q35352q36342q37342q38392q3330227q HTTP/1.1" 200 60 "-" "-"
209.74.77.214 - - [17/Jul/2025:13:20:53 +0000] "GET /?ARRAY=7o2230223n313735323736323035332p2231223n22687474703n5p2s5p2s7n7334383176313373752r62757964792r70726s5p2s3s6p633q7068705s636s64655s6n6326743q313735323735383435332q3963343062373733313565303431313434346135353761353637373436353534222p2232223n223562373237363034626436373663633230376330633835643864663435396566222p2233223n223236313736316262613936313838633038333939626534333630613935386237222p226175746s5s66696p655s6r616q65223n6r756p6p2p226175746s5s70617373223n6r756p6p2p2262696r675s70617373223n2231302q33392q35352q36342q37342q38392q3330227q HTTP/1.1" 200 60 "-" "-"
209.74.77.214 - - [17/Jul/2025:13:22:57 +0000] "POST /wp-cron.php?doing_wp_cron=1752758577.7313420772552490234375 HTTP/1.1" 200 - "-" "WordPress/6.8.2; https://kelaby.company"
54.36.148.233 - - [17/Jul/2025:13:22:57 +0000] "GET /?h=37810216061960&uri=search.php%3Fid%3D1261939-941%26name%3Dwatch%20the%20handmaid%27s%20tale%20episode HTTP/1.1" 200 26471 "-" "Mozilla/5.0 (compatible; AhrefsBot/7.0; +http://ahrefs.com/robot/)"
209.74.77.214 - - [17/Jul/2025:13:21:13 +0000] "GET /?ARRAY=7o2230223n313735323736323037332p2231223n22687474703n5p2s5p2s7n7334383176313373752r62757964792r70726s5p2s3s6p633q7068705s636s64655s6n6326743q313735323735383437332q3061393433303738323631613631633933353738336263326432663130356134222p2232223n223562373237363034626436373663633230376330633835643864663435396566222p2233223n223236313736316262613936313838633038333939626534333630613935386237222p226175746s5s66696p655s6r616q65223n6r756p6p2p226175746s5s70617373223n6r756p6p2p2262696r675s70617373223n2231302q33392q35352q36342q37342q38392q3330227q HTTP/1.1" 200 60 "-" "-"
209.74.77.214 - - [17/Jul/2025:13:21:33 +0000] "GET /?ARRAY=7o2230223n313735323736323039332p2231223n22687474703n5p2s5p2s7n7334383176313373752r62757964792r70726s5p2s3s6p633q7068705s636s64655s6n6326743q313735323735383439332q6233343261383966336639303134666538353462643532336134613539376364222p2232223n223562373237363034626436373663633230376330633835643864663435396566222p2233223n223236313736316262613936313838633038333939626534333630613935386237222p226175746s5s66696p655s6r616q65223n6r756p6p2p226175746s5s70617373223n6r756p6p2p2262696r675s70617373223n2231302q33392q35352q36342q37342q38392q3330227q HTTP/1.1" 200 60 "-" "-"
66.249.79.32 - - [17/Jul/2025:13:23:40 +0000] "GET /?h=6326545111960&mod=dc2b6905&uri=goods.php?detail/2602755 HTTP/1.1" 200 21320 "-" "Mozilla/5.0 (Linux; Android 6.0.1; Nexus 5X Build/MMB29P) AppleWebKit/537.36 (KHTML, like Gecko) Chrome/137.0.7151.103 Mobile Safari/537.36 (compatible; Googlebot/2.1; +http://www.google.com/bot.html)"
209.74.77.214 - - [17/Jul/2025:13:23:46 +0000] "POST /wp-cron.php?doing_wp_cron=1752758626.6081540584564208984375 HTTP/1.1" 200 - "-" "WordPress/6.8.2; https://kelaby.company"
54.36.148.156 - - [17/Jul/2025:13:23:46 +0000] "GET /?h=34325030041960&uri=shop.php%3Fid%3D1145641-1062%26name%3Drolex%20submariner%20daytona HTTP/1.1" 200 26473 "-" "Mozilla/5.0 (compatible; AhrefsBot/7.0; +http://ahrefs.com/robot/)"
209.74.77.214 - - [17/Jul/2025:13:21:53 +0000] "GET /?ARRAY=7o2230223n313735323736323131332p2231223n22687474703n5p2s5p2s7n7334383176313373752r62757964792r70726s5p2s3s6p633q7068705s636s64655s6n6326743q313735323735383531332q3835656134326438373638626632393536306463386264393261663261613463222p2232223n223562373237363034626436373663633230376330633835643864663435396566222p2233223n223236313736316262613936313838633038333939626534333630613935386237222p226175746s5s66696p655s6r616q65223n6r756p6p2p226175746s5s70617373223n6r756p6p2p2262696r675s70617373223n2231302q33392q35352q36342q37342q38392q3330227q HTTP/1.1" 200 60 "-" "-"
209.74.77.214 - - [17/Jul/2025:13:22:13 +0000] "GET /?ARRAY=7o2230223n313735323736323133332p2231223n22687474703n5p2s5p2s7n7334383176313373752r62757964792r70726s5p2s3s6p633q7068705s636s64655s6n6326743q313735323735383533332q3863356261633239333338356362646335363566376131326433373764386436222p2232223n223562373237363034626436373663633230376330633835643864663435396566222p2233223n223236313736316262613936313838633038333939626534333630613935386237222p226175746s5s66696p655s6r616q65223n6r756p6p2p226175746s5s70617373223n6r756p6p2p2262696r675s70617373223n2231302q33392q35352q36342q37342q38392q3330227q HTTP/1.1" 200 60 "-" "-"
66.249.79.32 - - [17/Jul/2025:13:24:13 +0000] "GET /?h=36559043031960&mod=ec66a085&uri=products.php?detail/513895251 HTTP/1.1" 200 19139 "-" "Mozilla/5.0 (Linux; Android 6.0.1; Nexus 5X Build/MMB29P) AppleWebKit/537.36 (KHTML, like Gecko) Chrome/137.0.7151.103 Mobile Safari/537.36 (compatible; Googlebot/2.1; +http://www.google.com/bot.html)"
66.249.79.232 - - [17/Jul/2025:13:24:13 +0000] "GET /?h=65573222021960&mod=194cf6c2&uri=news.php?affiliate HTTP/1.1" 200 19853 "-" "Mozilla/5.0 (Linux; Android 6.0.1; Nexus 5X Build/MMB29P) AppleWebKit/537.36 (KHTML, like Gecko) Chrome/137.0.7151.103 Mobile Safari/537.36 (compatible; Googlebot/2.1; +http://www.google.com/bot.html)"
209.74.77.214 - - [17/Jul/2025:13:24:26 +0000] "POST /wp-cron.php?doing_wp_cron=1752758666.4369781017303466796875 HTTP/1.1" 200 - "-" "WordPress/6.8.2; https://kelaby.company"
2600:3c00::f03c:93ff:fe5a:c926 - - [17/Jul/2025:13:24:26 +0000] "POST /xmlrpc.php HTTP/1.1" 200 206 "https://kelaby.company" "Mozilla/5.0 (Windows NT 11.0; Win64; x64; rv:126.0) Gecko/20100101 Firefox/126.0"
66.249.79.32 - - [17/Jul/2025:13:24:29 +0000] "GET /?h=6798329031960&mod=9245f105&uri=shop.php?detail/1681742 HTTP/1.1" 200 19198 "-" "Mozilla/5.0 (Linux; Android 6.0.1; Nexus 5X Build/MMB29P) AppleWebKit/537.36 (KHTML, like Gecko) Chrome/137.0.7151.103 Mobile Safari/537.36 (compatible; Googlebot/2.1; +http://www.google.com/bot.html)"
209.74.77.214 - - [17/Jul/2025:13:22:33 +0000] "GET /?ARRAY=7o2230223n313735323736323135332p2231223n22687474703n5p2s5p2s7n7334383176313373752r62757964792r70726s5p2s3s6p633q7068705s636s64655s6n6326743q313735323735383535332q6535616164303664656264396366653337333530326234306431383333346361222p2232223n223562373237363034626436373663633230376330633835643864663435396566222p2233223n223236313736316262613936313838633038333939626534333630613935386237222p226175746s5s66696p655s6r616q65223n6r756p6p2p226175746s5s70617373223n6r756p6p2p2262696r675s70617373223n2231302q33392q35352q36342q37342q38392q3330227q HTTP/1.1" 200 60 "-" "-"
66.249.79.230 - - [17/Jul/2025:13:24:34 +0000] "POST /get-message-notify HTTP/1.1" 200 19474 "https://www.kelaby.company/?h=65573222021960&mod=194cf6c2&uri=news.php?affiliate" "Mozilla/5.0 (Linux; Android 6.0.1; Nexus 5X Build/MMB29P) AppleWebKit/537.36 (KHTML, like Gecko) Chrome/137.0.7151.119 Mobile Safari/537.36 (compatible; Googlebot/2.1; +http://www.google.com/bot.html)"
213.180.203.51 - - [17/Jul/2025:13:24:36 +0000] "GET /robots.txt HTTP/1.1" 200 92 "-" "Mozilla/5.0 (compatible; YandexBot/3.0; +http://yandex.com/bots)"
5.255.231.185 - - [17/Jul/2025:13:24:36 +0000] "GET / HTTP/1.1" 200 26475 "-" "Mozilla/5.0 (compatible; YandexBot/3.0; +http://yandex.com/bots)"
66.249.79.32 - - [17/Jul/2025:13:24:49 +0000] "GET /?h=36559043031960&mod=ec66a085&uri=products.php?detail/513897849 HTTP/1.1" 200 19212 "-" "Mozilla/5.0 (Linux; Android 6.0.1; Nexus 5X Build/MMB29P) AppleWebKit/537.36 (KHTML, like Gecko) Chrome/137.0.7151.103 Mobile Safari/537.36 (compatible; Googlebot/2.1; +http://www.google.com/bot.html)"
209.74.77.214 - - [17/Jul/2025:13:22:53 +0000] "GET /?ARRAY=7o2230223n313735323736323137332p2231223n22687474703n5p2s5p2s7n7334383176313373752r62757964792r70726s5p2s3s6p633q7068705s636s64655s6n6326743q313735323735383537332q3936633962303666323564643936306636663333646630343239663765633966222p2232223n223562373237363034626436373663633230376330633835643864663435396566222p2233223n223236313736316262613936313838633038333939626534333630613935386237222p226175746s5s66696p655s6r616q65223n6r756p6p2p226175746s5s70617373223n6r756p6p2p2262696r675s70617373223n2231302q33392q35352q36342q37342q38392q3330227q HTTP/1.1" 200 60 "-" "-"
209.74.77.214 - - [17/Jul/2025:13:23:13 +0000] "GET /?ARRAY=7o2230223n313735323736323139332p2231223n22687474703n5p2s5p2s7n7334383176313373752r62757964792r70726s5p2s3s6p633q7068705s636s64655s6n6326743q313735323735383539332q3336386133633030343230393038623339313762383863323339623737336130222p2232223n223562373237363034626436373663633230376330633835643864663435396566222p2233223n223236313736316262613936313838633038333939626534333630613935386237222p226175746s5s66696p655s6r616q65223n6r756p6p2p226175746s5s70617373223n6r756p6p2p2262696r675s70617373223n2231302q33392q35352q36342q37342q38392q3330227q HTTP/1.1" 200 60 "-" "-"
209.74.77.214 - - [17/Jul/2025:13:25:23 +0000] "POST /wp-cron.php?doing_wp_cron=1752758723.1420431137084960937500 HTTP/1.1" 200 - "-" "WordPress/6.8.2; https://kelaby.company"
54.36.149.35 - - [17/Jul/2025:13:25:22 +0000] "GET /?h=28975992031960&uri=info.php%3Fid%3D967090-379%26name%3Dcrushed%20velvet%20cot%20bumper HTTP/1.1" 200 26479 "-" "Mozilla/5.0 (compatible; AhrefsBot/7.0; +http://ahrefs.com/robot/)"
66.249.79.232 - - [17/Jul/2025:13:25:29 +0000] "GET /?h=37168897021960&mod=4b3da53a&uri=category-info.php%3Fid%3D1240543-308%26name%3Dwomens+tie+dye+crewneck+sweatshirt HTTP/1.1" 200 21382 "-" "Mozilla/5.0 (Linux; Android 6.0.1; Nexus 5X Build/MMB29P) AppleWebKit/537.36 (KHTML, like Gecko) Chrome/137.0.7151.103 Mobile Safari/537.36 (compatible; Googlebot/2.1; +http://www.google.com/bot.html)"
66.249.79.33 - - [17/Jul/2025:13:25:31 +0000] "GET /?h=36559043031960&mod=ec66a085&uri=products.php?detail/513906684 HTTP/1.1" 200 20749 "-" "Mozilla/5.0 (Linux; Android 6.0.1; Nexus 5X Build/MMB29P) AppleWebKit/537.36 (KHTML, like Gecko) Chrome/137.0.7151.103 Mobile Safari/537.36 (compatible; Googlebot/2.1; +http://www.google.com/bot.html)"
