66.249.65.35 - - [15/Jul/2025:14:36:28 +0000] "GET /?x=34925733011800&mod=e88f243b&uri=brands.php%3Fid%3D1165697-481%26name%3Diron+man+iphone+11+pro+case HTTP/1.1" 200 18446 "-" "Mozilla/5.0 (Linux; Android 6.0.1; Nexus 5X Build/MMB29P) AppleWebKit/537.36 (KHTML, like Gecko) Chrome/137.0.7151.103 Mobile Safari/537.36 (compatible; Googlebot/2.1; +http://www.google.com/bot.html)"
66.249.65.35 - - [15/Jul/2025:14:36:31 +0000] "GET /?x=34925703001800&mod=e88f243b&uri=news.php%3Fid%3D1165696-481%26name%3Dvivo+v11pro+case HTTP/1.1" 200 18424 "-" "Mozilla/5.0 (Linux; Android 6.0.1; Nexus 5X Build/MMB29P) AppleWebKit/537.36 (KHTML, like Gecko) Chrome/137.0.7151.103 Mobile Safari/537.36 (compatible; Googlebot/2.1; +http://www.google.com/bot.html)"
66.249.65.35 - - [15/Jul/2025:14:36:34 +0000] "GET /?x=34926213031800&mod=e88f243b&uri=form.php%3Fid%3D1165713-481%26name%3Dvivo+y20g+back+cover+price HTTP/1.1" 200 18434 "-" "Mozilla/5.0 (Linux; Android 6.0.1; Nexus 5X Build/MMB29P) AppleWebKit/537.36 (KHTML, like Gecko) Chrome/137.0.7151.103 Mobile Safari/537.36 (compatible; Googlebot/2.1; +http://www.google.com/bot.html)"
66.249.65.36 - - [15/Jul/2025:14:36:37 +0000] "GET /?x=35070792031800&mod=9854d7af&uri=category-info.php%3Fid%3D1170539-387%26name%3Ddumbbell+hip+workout HTTP/1.1" 200 18462 "-" "Mozilla/5.0 (Linux; Android 6.0.1; Nexus 5X Build/MMB29P) AppleWebKit/537.36 (KHTML, like Gecko) Chrome/137.0.7151.103 Mobile Safari/537.36 (compatible; Googlebot/2.1; +http://www.google.com/bot.html)"
66.249.65.35 - - [15/Jul/2025:14:36:40 +0000] "GET /?x=119646643031800&mod=1587965f&uri=shop.php%3Fid%3D3992975-100%26name%3Dapple+watch+with+android+phone HTTP/1.1" 200 18438 "-" "Mozilla/5.0 (Linux; Android 6.0.1; Nexus 5X Build/MMB29P) AppleWebKit/537.36 (KHTML, like Gecko) Chrome/137.0.7151.103 Mobile Safari/537.36 (compatible; Googlebot/2.1; +http://www.google.com/bot.html)"
66.249.65.35 - - [15/Jul/2025:14:36:42 +0000] "GET /?x=35065542141800&mod=9854d7af&uri=article.php%3Fid%3D1170364-387%26name%3Dab+conditioning+boxing HTTP/1.1" 200 18430 "-" "Mozilla/5.0 (Linux; Android 6.0.1; Nexus 5X Build/MMB29P) AppleWebKit/537.36 (KHTML, like Gecko) Chrome/137.0.7151.103 Mobile Safari/537.36 (compatible; Googlebot/2.1; +http://www.google.com/bot.html)"
66.249.65.36 - - [15/Jul/2025:14:36:48 +0000] "GET /?x=34926843001800&mod=0e9fa1f3&uri=blog.php%3Fid%3D1165734-128%26name%3Dquick+pork+rib+tips+recipe HTTP/1.1" 200 18439 "-" "Mozilla/5.0 (Linux; Android 6.0.1; Nexus 5X Build/MMB29P) AppleWebKit/537.36 (KHTML, like Gecko) Chrome/137.0.7151.103 Mobile Safari/537.36 (compatible; Googlebot/2.1; +http://www.google.com/bot.html)"
66.249.65.35 - - [15/Jul/2025:14:36:50 +0000] "GET /?x=5506594031800&mod=b98249b3&uri=products.php%3Fid%3D183833-328%26name%3Dgabor+pius+damen HTTP/1.1" 200 18424 "-" "Mozilla/5.0 (Linux; Android 6.0.1; Nexus 5X Build/MMB29P) AppleWebKit/537.36 (KHTML, like Gecko) Chrome/137.0.7151.103 Mobile Safari/537.36 (compatible; Googlebot/2.1; +http://www.google.com/bot.html)"
66.249.65.35 - - [15/Jul/2025:14:36:52 +0000] "POST /get-message-notify HTTP/1.1" 200 18196 "https://kraft-court.cafe/?x=5506594031800&mod=b98249b3&uri=products.php%3Fid%3D183833-328%26name%3Dgabor+pius+damen" "Mozilla/5.0 (Linux; Android 6.0.1; Nexus 5X Build/MMB29P) AppleWebKit/537.36 (KHTML, like Gecko) Chrome/137.0.7151.119 Mobile Safari/537.36 (compatible; Googlebot/2.1; +http://www.google.com/bot.html)"
66.249.65.35 - - [15/Jul/2025:14:36:54 +0000] "POST /get-message-notify HTTP/1.1" 200 18196 "https://kraft-court.cafe/?x=34925703001800&mod=e88f243b&uri=news.php%3Fid%3D1165696-481%26name%3Dvivo+v11pro+case" "Mozilla/5.0 (Linux; Android 6.0.1; Nexus 5X Build/MMB29P) AppleWebKit/537.36 (KHTML, like Gecko) Chrome/137.0.7151.119 Mobile Safari/537.36 (compatible; Googlebot/2.1; +http://www.google.com/bot.html)"
66.249.65.36 - - [15/Jul/2025:14:36:54 +0000] "GET /?x=34926633091800&mod=e88f243b&uri=itm.php%3Fid%3D1165727-481%26name%3Dvivo+y12+mobile+case HTTP/1.1" 200 18428 "-" "Mozilla/5.0 (Linux; Android 6.0.1; Nexus 5X Build/MMB29P) AppleWebKit/537.36 (KHTML, like Gecko) Chrome/137.0.7151.103 Mobile Safari/537.36 (compatible; Googlebot/2.1; +http://www.google.com/bot.html)"
66.249.65.36 - - [15/Jul/2025:14:36:58 +0000] "GET /?x=35062392031800&mod=9854d7af&uri=goods.php%3Fid%3D1170259-387%26name%3Dkathy+smith+step HTTP/1.1" 200 18425 "-" "Mozilla/5.0 (Linux; Android 6.0.1; Nexus 5X Build/MMB29P) AppleWebKit/537.36 (KHTML, like Gecko) Chrome/137.0.7151.103 Mobile Safari/537.36 (compatible; Googlebot/2.1; +http://www.google.com/bot.html)"
66.249.65.35 - - [15/Jul/2025:14:36:59 +0000] "GET /?x=34927203041800&mod=a0872cc5&uri=form.php%3Fid%3D1165746-130%26name%3Dare+iphone+x+and+iphone+11+cases+the+same HTTP/1.1" 200 18449 "-" "Mozilla/5.0 (Linux; Android 6.0.1; Nexus 5X Build/MMB29P) AppleWebKit/537.36 (KHTML, like Gecko) Chrome/137.0.7151.103 Mobile Safari/537.36 (compatible; Googlebot/2.1; +http://www.google.com/bot.html)"
66.249.65.35 - - [15/Jul/2025:14:37:01 +0000] "GET /?x=35065752031800&mod=9854d7af&uri=form.php%3Fid%3D1170371-387%26name%3Ddaily+morning+exercise+routine HTTP/1.1" 200 18439 "-" "Mozilla/5.0 (Linux; Android 6.0.1; Nexus 5X Build/MMB29P) AppleWebKit/537.36 (KHTML, like Gecko) Chrome/137.0.7151.103 Mobile Safari/537.36 (compatible; Googlebot/2.1; +http://www.google.com/bot.html)"
66.249.65.35 - - [15/Jul/2025:14:37:04 +0000] "GET /?x=35059462031800&mod=9854d7af&uri=us.php%3Fid%3D1170161-387%26name%3Dles+mills+dance+hip+hop HTTP/1.1" 200 18430 "-" "Mozilla/5.0 (Linux; Android 6.0.1; Nexus 5X Build/MMB29P) AppleWebKit/537.36 (KHTML, like Gecko) Chrome/137.0.7151.103 Mobile Safari/537.36 (compatible; Googlebot/2.1; +http://www.google.com/bot.html)"
66.249.65.35 - - [15/Jul/2025:14:37:04 +0000] "POST /get-message-notify HTTP/1.1" 200 18196 "https://kraft-court.cafe/?x=35065542141800&mod=9854d7af&uri=article.php%3Fid%3D1170364-387%26name%3Dab+conditioning+boxing" "Mozilla/5.0 (Linux; Android 6.0.1; Nexus 5X Build/MMB29P) AppleWebKit/537.36 (KHTML, like Gecko) Chrome/137.0.7151.119 Mobile Safari/537.36 (compatible; Googlebot/2.1; +http://www.google.com/bot.html)"
66.249.65.35 - - [15/Jul/2025:14:37:07 +0000] "GET /?x=35060507021800&mod=9854d7af&uri=us.php%3Fid%3D1170196-387%26name%3D15+minutes+exercise+daily HTTP/1.1" 200 18425 "-" "Mozilla/5.0 (Linux; Android 6.0.1; Nexus 5X Build/MMB29P) AppleWebKit/537.36 (KHTML, like Gecko) Chrome/137.0.7151.103 Mobile Safari/537.36 (compatible; Googlebot/2.1; +http://www.google.com/bot.html)"
66.249.65.35 - - [15/Jul/2025:14:37:08 +0000] "POST /get-message-notify HTTP/1.1" 200 18196 "https://kraft-court.cafe/?x=34926843001800&mod=0e9fa1f3&uri=blog.php%3Fid%3D1165734-128%26name%3Dquick+pork+rib+tips+recipe" "Mozilla/5.0 (Linux; Android 6.0.1; Nexus 5X Build/MMB29P) AppleWebKit/537.36 (KHTML, like Gecko) Chrome/137.0.7151.119 Mobile Safari/537.36 (compatible; Googlebot/2.1; +http://www.google.com/bot.html)"
66.249.65.35 - - [15/Jul/2025:14:37:09 +0000] "GET /?x=34927443041800&mod=0e9fa1f3&uri=info.php%3Fid%3D1165754-128%26name%3Dair+fry+pork+loin+ribs HTTP/1.1" 200 18434 "-" "Mozilla/5.0 (Linux; Android 6.0.1; Nexus 5X Build/MMB29P) AppleWebKit/537.36 (KHTML, like Gecko) Chrome/137.0.7151.103 Mobile Safari/537.36 (compatible; Googlebot/2.1; +http://www.google.com/bot.html)"
66.249.65.35 - - [15/Jul/2025:14:37:12 +0000] "GET /?x=35066382121800&mod=9854d7af&uri=shared.php%3Fid%3D1170392-387%26name%3Dcable+pushdown+chest HTTP/1.1" 200 18425 "-" "Mozilla/5.0 (Linux; Android 6.0.1; Nexus 5X Build/MMB29P) AppleWebKit/537.36 (KHTML, like Gecko) Chrome/137.0.7151.103 Mobile Safari/537.36 (compatible; Googlebot/2.1; +http://www.google.com/bot.html)"
66.249.65.35 - - [15/Jul/2025:14:37:19 +0000] "GET /?x=35068482071800&mod=9854d7af&uri=pin.php%3Fid%3D1170462-387%26name%3Dhiit+step+step HTTP/1.1" 200 18410 "-" "Mozilla/5.0 (Linux; Android 6.0.1; Nexus 5X Build/MMB29P) AppleWebKit/537.36 (KHTML, like Gecko) Chrome/137.0.7151.103 Mobile Safari/537.36 (compatible; Googlebot/2.1; +http://www.google.com/bot.html)"
66.249.65.35 - - [15/Jul/2025:14:37:20 +0000] "GET /?x=39220843041800&mod=55d99a37&uri=us.php%3Fid%3D1308999-315%26name%3Duhr+von+alexander+gerst HTTP/1.1" 200 18428 "-" "Mozilla/5.0 (Linux; Android 6.0.1; Nexus 5X Build/MMB29P) AppleWebKit/537.36 (KHTML, like Gecko) Chrome/137.0.7151.103 Mobile Safari/537.36 (compatible; Googlebot/2.1; +http://www.google.com/bot.html)"
66.249.65.35 - - [15/Jul/2025:14:37:22 +0000] "GET /?x=5699727121800&mod=2de7cf20&uri=form.php%3Fid%3D190312-333%26name%3Dsea+glass+jewelry+near+me HTTP/1.1" 200 18436 "-" "Mozilla/5.0 (Linux; Android 6.0.1; Nexus 5X Build/MMB29P) AppleWebKit/537.36 (KHTML, like Gecko) Chrome/137.0.7151.103 Mobile Safari/537.36 (compatible; Googlebot/2.1; +http://www.google.com/bot.html)"
66.249.65.35 - - [15/Jul/2025:14:37:23 +0000] "POST /get-message-notify HTTP/1.1" 200 18196 "https://kraft-court.cafe/?x=35060507021800&mod=9854d7af&uri=us.php%3Fid%3D1170196-387%26name%3D15+minutes+exercise+daily" "Mozilla/5.0 (Linux; Android 6.0.1; Nexus 5X Build/MMB29P) AppleWebKit/537.36 (KHTML, like Gecko) Chrome/137.0.7151.119 Mobile Safari/537.36 (compatible; Googlebot/2.1; +http://www.google.com/bot.html)"
66.249.65.35 - - [15/Jul/2025:14:37:23 +0000] "GET /?x=39213793041800&mod=55d99a37&uri=news.php%3Fid%3D1308764-315%26name%3Dgro%C3%83%C2%9Fe+armbanduhren HTTP/1.1" 200 18447 "-" "Mozilla/5.0 (Linux; Android 6.0.1; Nexus 5X Build/MMB29P) AppleWebKit/537.36 (KHTML, like Gecko) Chrome/137.0.7151.103 Mobile Safari/537.36 (compatible; Googlebot/2.1; +http://www.google.com/bot.html)"
66.249.65.35 - - [15/Jul/2025:14:37:29 +0000] "GET /?x=39202382071800&mod=55d99a37&uri=info.php%3Fid%3D1308381-315%26name%3Darmbanduhr+mit+wecker HTTP/1.1" 200 18430 "-" "Mozilla/5.0 (Linux; Android 6.0.1; Nexus 5X Build/MMB29P) AppleWebKit/537.36 (KHTML, like Gecko) Chrome/137.0.7151.103 Mobile Safari/537.36 (compatible; Googlebot/2.1; +http://www.google.com/bot.html)"
66.249.65.35 - - [15/Jul/2025:14:37:30 +0000] "GET /?x=28545963041800&mod=55d99a37&uri=form.php%3Fid%3D952736-315%26name%3Dseamaster+oder+submariner HTTP/1.1" 200 18424 "-" "Mozilla/5.0 (Linux; Android 6.0.1; Nexus 5X Build/MMB29P) AppleWebKit/537.36 (KHTML, like Gecko) Chrome/137.0.7151.103 Mobile Safari/537.36 (compatible; Googlebot/2.1; +http://www.google.com/bot.html)"
66.249.65.35 - - [15/Jul/2025:14:37:32 +0000] "GET /?x=28517877091800&mod=55d99a37&uri=itm.php%3Fid%3D951799-315%26name%3Dbildschirm+uhr+app HTTP/1.1" 200 18418 "-" "Mozilla/5.0 (Linux; Android 6.0.1; Nexus 5X Build/MMB29P) AppleWebKit/537.36 (KHTML, like Gecko) Chrome/137.0.7151.103 Mobile Safari/537.36 (compatible; Googlebot/2.1; +http://www.google.com/bot.html)"
66.249.65.35 - - [15/Jul/2025:14:37:33 +0000] "POST /get-message-notify HTTP/1.1" 200 18196 "https://kraft-court.cafe/?x=28545963041800&mod=55d99a37&uri=form.php%3Fid%3D952736-315%26name%3Dseamaster+oder+submariner" "Mozilla/5.0 (Linux; Android 6.0.1; Nexus 5X Build/MMB29P) AppleWebKit/537.36 (KHTML, like Gecko) Chrome/137.0.7151.119 Mobile Safari/537.36 (compatible; Googlebot/2.1; +http://www.google.com/bot.html)"
66.249.65.36 - - [15/Jul/2025:14:37:34 +0000] "POST /get-message-notify HTTP/1.1" 200 18196 "https://kraft-court.cafe/?x=35068482071800&mod=9854d7af&uri=pin.php%3Fid%3D1170462-387%26name%3Dhiit+step+step" "Mozilla/5.0 (Linux; Android 6.0.1; Nexus 5X Build/MMB29P) AppleWebKit/537.36 (KHTML, like Gecko) Chrome/137.0.7151.119 Mobile Safari/537.36 (compatible; Googlebot/2.1; +http://www.google.com/bot.html)"
66.249.65.36 - - [15/Jul/2025:14:37:35 +0000] "GET /?x=39208407021800&mod=55d99a37&uri=dp.php%3Fid%3D1308584-315%26name%3Duhrenmarke+dw HTTP/1.1" 200 18409 "-" "Mozilla/5.0 (Linux; Android 6.0.1; Nexus 5X Build/MMB29P) AppleWebKit/537.36 (KHTML, like Gecko) Chrome/137.0.7151.103 Mobile Safari/537.36 (compatible; Googlebot/2.1; +http://www.google.com/bot.html)"
66.249.65.36 - - [15/Jul/2025:14:37:38 +0000] "GET /?x=39196292041800&mod=55d99a37&uri=products.php%3Fid%3D1308178-315%26name%3Duhr+mit+text+statt+zeiger HTTP/1.1" 200 18448 "-" "Mozilla/5.0 (Linux; Android 6.0.1; Nexus 5X Build/MMB29P) AppleWebKit/537.36 (KHTML, like Gecko) Chrome/137.0.7151.103 Mobile Safari/537.36 (compatible; Googlebot/2.1; +http://www.google.com/bot.html)"
66.249.65.36 - - [15/Jul/2025:14:37:41 +0000] "GET /?x=119521384031800&mod=0a3b5a7a&uri=us.php%3Fid%3D3988795-827%26name%3Dgrifos+noken+precios HTTP/1.1" 200 18426 "-" "Mozilla/5.0 (Linux; Android 6.0.1; Nexus 5X Build/MMB29P) AppleWebKit/537.36 (KHTML, like Gecko) Chrome/137.0.7151.103 Mobile Safari/537.36 (compatible; Googlebot/2.1; +http://www.google.com/bot.html)"
66.249.65.36 - - [15/Jul/2025:14:37:44 +0000] "POST /get-message-notify HTTP/1.1" 200 18196 "https://kraft-court.cafe/?x=119521384031800&mod=0a3b5a7a&uri=us.php%3Fid%3D3988795-827%26name%3Dgrifos+noken+precios" "Mozilla/5.0 (Linux; Android 6.0.1; Nexus 5X Build/MMB29P) AppleWebKit/537.36 (KHTML, like Gecko) Chrome/137.0.7151.119 Mobile Safari/537.36 (compatible; Googlebot/2.1; +http://www.google.com/bot.html)"
66.249.65.36 - - [15/Jul/2025:14:37:44 +0000] "GET /?x=5700687141800&mod=2de7cf20&uri=form.php%3Fid%3D190344-333%26name%3Dmens+gold+bracelet+argos HTTP/1.1" 200 18432 "-" "Mozilla/5.0 (Linux; Android 6.0.1; Nexus 5X Build/MMB29P) AppleWebKit/537.36 (KHTML, like Gecko) Chrome/137.0.7151.103 Mobile Safari/537.36 (compatible; Googlebot/2.1; +http://www.google.com/bot.html)"
66.249.65.36 - - [15/Jul/2025:14:37:50 +0000] "GET /?x=5684040021800&mod=55d99a37&uri=us.php%3Fid%3D189789-315%26name%3Ddufa+uhren+alt HTTP/1.1" 200 18405 "-" "Mozilla/5.0 (Linux; Android 6.0.1; Nexus 5X Build/MMB29P) AppleWebKit/537.36 (KHTML, like Gecko) Chrome/137.0.7151.103 Mobile Safari/537.36 (compatible; Googlebot/2.1; +http://www.google.com/bot.html)"
66.249.65.36 - - [15/Jul/2025:14:37:53 +0000] "GET /?x=5700417001800&mod=2de7cf20&uri=us.php%3Fid%3D190335-333%26name%3Djewelry+stores+in+willowbrook+mall HTTP/1.1" 200 18440 "-" "Mozilla/5.0 (Linux; Android 6.0.1; Nexus 5X Build/MMB29P) AppleWebKit/537.36 (KHTML, like Gecko) Chrome/137.0.7151.103 Mobile Safari/537.36 (compatible; Googlebot/2.1; +http://www.google.com/bot.html)"
66.249.65.35 - - [15/Jul/2025:14:37:56 +0000] "GET /?x=5701227021800&mod=2de7cf20&uri=products.php%3Fid%3D190362-333%26name%3Dspitalfields+jewellery HTTP/1.1" 200 18438 "-" "Mozilla/5.0 (Linux; Android 6.0.1; Nexus 5X Build/MMB29P) AppleWebKit/537.36 (KHTML, like Gecko) Chrome/137.0.7151.103 Mobile Safari/537.36 (compatible; Googlebot/2.1; +http://www.google.com/bot.html)"
66.249.65.35 - - [15/Jul/2025:14:37:59 +0000] "GET /?x=5701467101800&mod=2de7cf20&uri=product.php%3Fid%3D190370-333%26name%3Dargos+bracelet+safety+chain HTTP/1.1" 200 18435 "-" "Mozilla/5.0 (Linux; Android 6.0.1; Nexus 5X Build/MMB29P) AppleWebKit/537.36 (KHTML, like Gecko) Chrome/137.0.7151.103 Mobile Safari/537.36 (compatible; Googlebot/2.1; +http://www.google.com/bot.html)"
66.249.65.36 - - [15/Jul/2025:14:38:01 +0000] "POST /get-message-notify HTTP/1.1" 200 18196 "https://kraft-court.cafe/?x=34927203041800&mod=a0872cc5&uri=form.php%3Fid%3D1165746-130%26name%3Dare+iphone+x+and+iphone+11+cases+the+same" "Mozilla/5.0 (Linux; Android 6.0.1; Nexus 5X Build/MMB29P) AppleWebKit/537.36 (KHTML, like Gecko) Chrome/137.0.7151.119 Mobile Safari/537.36 (compatible; Googlebot/2.1; +http://www.google.com/bot.html)"
66.249.65.36 - - [15/Jul/2025:14:38:01 +0000] "GET /?x=5700867051800&mod=2de7cf20&uri=news.php%3Fid%3D190350-333%26name%3Djk+jewellers+near+me HTTP/1.1" 200 18428 "-" "Mozilla/5.0 (Linux; Android 6.0.1; Nexus 5X Build/MMB29P) AppleWebKit/537.36 (KHTML, like Gecko) Chrome/137.0.7151.103 Mobile Safari/537.36 (compatible; Googlebot/2.1; +http://www.google.com/bot.html)"
66.249.65.37 - - [15/Jul/2025:14:38:02 +0000] "POST /get-message-notify HTTP/1.1" 200 18196 "https://kraft-court.cafe/?x=5701467101800&mod=2de7cf20&uri=product.php%3Fid%3D190370-333%26name%3Dargos+bracelet+safety+chain" "Mozilla/5.0 (Linux; Android 6.0.1; Nexus 5X Build/MMB29P) AppleWebKit/537.36 (KHTML, like Gecko) Chrome/137.0.7151.119 Mobile Safari/537.36 (compatible; Googlebot/2.1; +http://www.google.com/bot.html)"
66.249.65.35 - - [15/Jul/2025:14:38:03 +0000] "GET /?x=5701407081800&mod=2de7cf20&uri=blog.php%3Fid%3D190368-333%26name%3Dpandora+barton+creek+mall HTTP/1.1" 200 18434 "-" "Mozilla/5.0 (Linux; Android 6.0.1; Nexus 5X Build/MMB29P) AppleWebKit/537.36 (KHTML, like Gecko) Chrome/137.0.7151.103 Mobile Safari/537.36 (compatible; Googlebot/2.1; +http://www.google.com/bot.html)"
66.249.65.36 - - [15/Jul/2025:14:38:05 +0000] "GET /?x=118572598001800&mod=c5bbd980&uri=category-info.php%3Fid%3D3957148-344%26name%3Dvalentino+vltn+pumps HTTP/1.1" 200 18457 "-" "Mozilla/5.0 (Linux; Android 6.0.1; Nexus 5X Build/MMB29P) AppleWebKit/537.36 (KHTML, like Gecko) Chrome/137.0.7151.103 Mobile Safari/537.36 (compatible; Googlebot/2.1; +http://www.google.com/bot.html)"
66.249.65.35 - - [15/Jul/2025:14:38:06 +0000] "POST /get-message-notify HTTP/1.1" 200 18196 "https://kraft-court.cafe/?x=5701407081800&mod=2de7cf20&uri=blog.php%3Fid%3D190368-333%26name%3Dpandora+barton+creek+mall" "Mozilla/5.0 (Linux; Android 6.0.1; Nexus 5X Build/MMB29P) AppleWebKit/537.36 (KHTML, like Gecko) Chrome/137.0.7151.119 Mobile Safari/537.36 (compatible; Googlebot/2.1; +http://www.google.com/bot.html)"
66.249.65.35 - - [15/Jul/2025:14:38:10 +0000] "GET /?x=118732392051800&mod=3f78fa1c&uri=shared.php%3Fid%3D3962479-679%26name%3Dscreen+protector+samsung+10 HTTP/1.1" 200 18448 "-" "Mozilla/5.0 (Linux; Android 6.0.1; Nexus 5X Build/MMB29P) AppleWebKit/537.36 (KHTML, like Gecko) Chrome/137.0.7151.103 Mobile Safari/537.36 (compatible; Googlebot/2.1; +http://www.google.com/bot.html)"
66.249.65.35 - - [15/Jul/2025:14:38:12 +0000] "GET /?x=118572598111800&mod=c5bbd980&uri=shop.php%3Fid%3D3957148-344%26name%3Dvalentino+vltn+pumps HTTP/1.1" 200 18426 "-" "Mozilla/5.0 (Linux; Android 6.0.1; Nexus 5X Build/MMB29P) AppleWebKit/537.36 (KHTML, like Gecko) Chrome/137.0.7151.103 Mobile Safari/537.36 (compatible; Googlebot/2.1; +http://www.google.com/bot.html)"
66.249.65.35 - - [15/Jul/2025:14:38:13 +0000] "GET /?x=118730592071800&mod=3f78fa1c&uri=products.php%3Fid%3D3962419-679%26name%3Ddesign+my+iphone+case HTTP/1.1" 200 18443 "-" "Mozilla/5.0 (Linux; Android 6.0.1; Nexus 5X Build/MMB29P) AppleWebKit/537.36 (KHTML, like Gecko) Chrome/137.0.7151.103 Mobile Safari/537.36 (compatible; Googlebot/2.1; +http://www.google.com/bot.html)"
66.249.65.35 - - [15/Jul/2025:14:38:18 +0000] "GET /?x=118648321021800&mod=5ef05993&uri=pin.php%3Fid%3D3959674-11%26name%3Dblackstone+sg28 HTTP/1.1" 200 18413 "-" "Mozilla/5.0 (Linux; Android 6.0.1; Nexus 5X Build/MMB29P) AppleWebKit/537.36 (KHTML, like Gecko) Chrome/137.0.7151.103 Mobile Safari/537.36 (compatible; Googlebot/2.1; +http://www.google.com/bot.html)"
66.249.65.35 - - [15/Jul/2025:14:38:21 +0000] "GET /?x=118730292071800&mod=3f78fa1c&uri=shared.php%3Fid%3D3962409-679%26name%3Dlava+z81+mobile+cover HTTP/1.1" 200 18437 "-" "Mozilla/5.0 (Linux; Android 6.0.1; Nexus 5X Build/MMB29P) AppleWebKit/537.36 (KHTML, like Gecko) Chrome/137.0.7151.103 Mobile Safari/537.36 (compatible; Googlebot/2.1; +http://www.google.com/bot.html)"
66.249.65.35 - - [15/Jul/2025:14:38:27 +0000] "GET /?x=111663899051800&mod=c5bbd980&uri=info.php%3Fid%3D3726599-344%26name%3Dhermes+oran+rose HTTP/1.1" 200 18425 "-" "Mozilla/5.0 (Linux; Android 6.0.1; Nexus 5X Build/MMB29P) AppleWebKit/537.36 (KHTML, like Gecko) Chrome/137.0.7151.103 Mobile Safari/537.36 (compatible; Googlebot/2.1; +http://www.google.com/bot.html)"
66.249.65.35 - - [15/Jul/2025:14:38:29 +0000] "POST /get-message-notify HTTP/1.1" 200 18196 "https://kraft-court.cafe/?x=118572598001800&mod=c5bbd980&uri=category-info.php%3Fid%3D3957148-344%26name%3Dvalentino+vltn+pumps" "Mozilla/5.0 (Linux; Android 6.0.1; Nexus 5X Build/MMB29P) AppleWebKit/537.36 (KHTML, like Gecko) Chrome/137.0.7151.119 Mobile Safari/537.36 (compatible; Googlebot/2.1; +http://www.google.com/bot.html)"
66.249.65.35 - - [15/Jul/2025:14:38:30 +0000] "GET /?x=118660951031800&mod=5ef05993&uri=goods.php%3Fid%3D3960095-11%26name%3Dbulls+intro+song+90s HTTP/1.1" 200 18427 "-" "Mozilla/5.0 (Linux; Android 6.0.1; Nexus 5X Build/MMB29P) AppleWebKit/537.36 (KHTML, like Gecko) Chrome/137.0.7151.103 Mobile Safari/537.36 (compatible; Googlebot/2.1; +http://www.google.com/bot.html)"
66.249.65.35 - - [15/Jul/2025:14:38:33 +0000] "GET /?x=118572658131800&mod=c5bbd980&uri=shared.php%3Fid%3D3957150-344%26name%3Dchloe+glyn+wedge HTTP/1.1" 200 18433 "-" "Mozilla/5.0 (Linux; Android 6.0.1; Nexus 5X Build/MMB29P) AppleWebKit/537.36 (KHTML, like Gecko) Chrome/137.0.7151.103 Mobile Safari/537.36 (compatible; Googlebot/2.1; +http://www.google.com/bot.html)"
66.249.65.35 - - [15/Jul/2025:14:38:36 +0000] "GET /?x=118581388041800&mod=c5bbd980&uri=products.php%3Fid%3D3957441-344%26name%3Dtory+burch+elizabeth+pump+4mm HTTP/1.1" 200 18462 "-" "Mozilla/5.0 (Linux; Android 6.0.1; Nexus 5X Build/MMB29P) AppleWebKit/537.36 (KHTML, like Gecko) Chrome/137.0.7151.103 Mobile Safari/537.36 (compatible; Googlebot/2.1; +http://www.google.com/bot.html)"
66.249.65.36 - - [15/Jul/2025:14:38:39 +0000] "POST /get-message-notify HTTP/1.1" 200 18196 "https://kraft-court.cafe/?x=118581388041800&mod=c5bbd980&uri=products.php%3Fid%3D3957441-344%26name%3Dtory+burch+elizabeth+pump+4mm" "Mozilla/5.0 (Linux; Android 6.0.1; Nexus 5X Build/MMB29P) AppleWebKit/537.36 (KHTML, like Gecko) Chrome/137.0.7151.119 Mobile Safari/537.36 (compatible; Googlebot/2.1; +http://www.google.com/bot.html)"
66.249.65.36 - - [15/Jul/2025:14:38:39 +0000] "GET /?x=118686142001800&mod=39e4973b&uri=shared.php%3Fid%3D3960937-124%26name%3Dmocasines+mujer+en+falabella HTTP/1.1" 200 18445 "-" "Mozilla/5.0 (Linux; Android 6.0.1; Nexus 5X Build/MMB29P) AppleWebKit/537.36 (KHTML, like Gecko) Chrome/137.0.7151.103 Mobile Safari/537.36 (compatible; Googlebot/2.1; +http://www.google.com/bot.html)"
66.249.65.35 - - [15/Jul/2025:14:38:42 +0000] "GET /?x=118731192051800&mod=3f78fa1c&uri=goods.php%3Fid%3D3962439-679%26name%3Dmoss+tempered+glass HTTP/1.1" 200 18427 "-" "Mozilla/5.0 (Linux; Android 6.0.1; Nexus 5X Build/MMB29P) AppleWebKit/537.36 (KHTML, like Gecko) Chrome/137.0.7151.103 Mobile Safari/537.36 (compatible; Googlebot/2.1; +http://www.google.com/bot.html)"
66.249.65.36 - - [15/Jul/2025:14:38:46 +0000] "GET /?x=118729392011800&mod=3f78fa1c&uri=us.php%3Fid%3D3962379-679%26name%3Dshield+tempered+glass+screen+protector HTTP/1.1" 200 18448 "-" "Mozilla/5.0 (Linux; Android 6.0.1; Nexus 5X Build/MMB29P) AppleWebKit/537.36 (KHTML, like Gecko) Chrome/137.0.7151.103 Mobile Safari/537.36 (compatible; Googlebot/2.1; +http://www.google.com/bot.html)"
66.249.65.35 - - [15/Jul/2025:14:38:49 +0000] "GET /?x=118635701011800&mod=b0a7a7f4&uri=shared.php%3Fid%3D3959253-886%26name%3Dlego+di+barche HTTP/1.1" 200 18428 "-" "Mozilla/5.0 (Linux; Android 6.0.1; Nexus 5X Build/MMB29P) AppleWebKit/537.36 (KHTML, like Gecko) Chrome/137.0.7151.103 Mobile Safari/537.36 (compatible; Googlebot/2.1; +http://www.google.com/bot.html)"
66.249.65.36 - - [15/Jul/2025:14:38:50 +0000] "GET /?x=119751965041800&mod=309928d4&uri=dp.php%3Fid%3D3996486-141%26name%3Dboudica+vestidos HTTP/1.1" 200 18420 "-" "Mozilla/5.0 (Linux; Android 6.0.1; Nexus 5X Build/MMB29P) AppleWebKit/537.36 (KHTML, like Gecko) Chrome/137.0.7151.103 Mobile Safari/537.36 (compatible; Googlebot/2.1; +http://www.google.com/bot.html)"
66.249.65.35 - - [15/Jul/2025:14:38:50 +0000] "POST /get-message-notify HTTP/1.1" 200 18196 "https://kraft-court.cafe/?x=118730592071800&mod=3f78fa1c&uri=products.php%3Fid%3D3962419-679%26name%3Ddesign+my+iphone+case" "Mozilla/5.0 (Linux; Android 6.0.1; Nexus 5X Build/MMB29P) AppleWebKit/537.36 (KHTML, like Gecko) Chrome/137.0.7151.119 Mobile Safari/537.36 (compatible; Googlebot/2.1; +http://www.google.com/bot.html)"
66.249.65.35 - - [15/Jul/2025:14:38:53 +0000] "POST /get-message-notify HTTP/1.1" 200 18196 "https://kraft-court.cafe/?x=118729392011800&mod=3f78fa1c&uri=us.php%3Fid%3D3962379-679%26name%3Dshield+tempered+glass+screen+protector" "Mozilla/5.0 (Linux; Android 6.0.1; Nexus 5X Build/MMB29P) AppleWebKit/537.36 (KHTML, like Gecko) Chrome/137.0.7151.119 Mobile Safari/537.36 (compatible; Googlebot/2.1; +http://www.google.com/bot.html)"
66.249.65.36 - - [15/Jul/2025:14:38:54 +0000] "GET /?x=118563658031800&mod=c5bbd980&uri=shop.php%3Fid%3D3956850-344%26name%3Dnike+35+sale HTTP/1.1" 200 18416 "-" "Mozilla/5.0 (Linux; Android 6.0.1; Nexus 5X Build/MMB29P) AppleWebKit/537.36 (KHTML, like Gecko) Chrome/137.0.7151.103 Mobile Safari/537.36 (compatible; Googlebot/2.1; +http://www.google.com/bot.html)"
66.249.65.35 - - [15/Jul/2025:14:38:56 +0000] "GET /?x=118673562041800&mod=39e4973b&uri=article.php%3Fid%3D3960516-124%26name%3Dnike+negras+mujer+air+force HTTP/1.1" 200 18459 "-" "Mozilla/5.0 (Linux; Android 6.0.1; Nexus 5X Build/MMB29P) AppleWebKit/537.36 (KHTML, like Gecko) Chrome/137.0.7151.103 Mobile Safari/537.36 (compatible; Googlebot/2.1; +http://www.google.com/bot.html)"
66.249.65.35 - - [15/Jul/2025:14:38:57 +0000] "GET /?x=118732092021800&mod=3f78fa1c&uri=form.php%3Fid%3D3962469-679%26name%3Dvivo+1016+back+cover HTTP/1.1" 200 18427 "-" "Mozilla/5.0 (Linux; Android 6.0.1; Nexus 5X Build/MMB29P) AppleWebKit/537.36 (KHTML, like Gecko) Chrome/137.0.7151.103 Mobile Safari/537.36 (compatible; Googlebot/2.1; +http://www.google.com/bot.html)"
66.249.65.35 - - [15/Jul/2025:14:38:59 +0000] "GET /?x=118729692021800&mod=3f78fa1c&uri=product.php%3Fid%3D3962389-679%26name%3Dvivo+y+15+ka+back+cover HTTP/1.1" 200 18441 "-" "Mozilla/5.0 (Linux; Android 6.0.1; Nexus 5X Build/MMB29P) AppleWebKit/537.36 (KHTML, like Gecko) Chrome/137.0.7151.103 Mobile Safari/537.36 (compatible; Googlebot/2.1; +http://www.google.com/bot.html)"
66.249.65.35 - - [15/Jul/2025:14:39:00 +0000] "GET /?x=118729992051800&mod=3f78fa1c&uri=blog.php%3Fid%3D3962399-679%26name%3Dremove+lifeproof+case+iphone+11 HTTP/1.1" 200 18450 "-" "Mozilla/5.0 (Linux; Android 6.0.1; Nexus 5X Build/MMB29P) AppleWebKit/537.36 (KHTML, like Gecko) Chrome/137.0.7151.103 Mobile Safari/537.36 (compatible; Googlebot/2.1; +http://www.google.com/bot.html)"
66.249.65.35 - - [15/Jul/2025:14:39:01 +0000] "POST /get-message-notify HTTP/1.1" 200 18196 "https://kraft-court.cafe/?x=118729692021800&mod=3f78fa1c&uri=product.php%3Fid%3D3962389-679%26name%3Dvivo+y+15+ka+back+cover" "Mozilla/5.0 (Linux; Android 6.0.1; Nexus 5X Build/MMB29P) AppleWebKit/537.36 (KHTML, like Gecko) Chrome/137.0.7151.119 Mobile Safari/537.36 (compatible; Googlebot/2.1; +http://www.google.com/bot.html)"
66.249.65.35 - - [15/Jul/2025:14:39:03 +0000] "GET /?x=118731792071800&mod=3f78fa1c&uri=search.php%3Fid%3D3962459-679%26name%3Dvivo+y50+cover+back HTTP/1.1" 200 18433 "-" "Mozilla/5.0 (Linux; Android 6.0.1; Nexus 5X Build/MMB29P) AppleWebKit/537.36 (KHTML, like Gecko) Chrome/137.0.7151.103 Mobile Safari/537.36 (compatible; Googlebot/2.1; +http://www.google.com/bot.html)"
66.249.65.35 - - [15/Jul/2025:14:39:09 +0000] "GET /?x=118572568051800&mod=c5bbd980&uri=dp.php%3Fid%3D3957147-344%26name%3Dadidas+womens+to+mens+size+chart HTTP/1.1" 200 18439 "-" "Mozilla/5.0 (Linux; Android 6.0.1; Nexus 5X Build/MMB29P) AppleWebKit/537.36 (KHTML, like Gecko) Chrome/137.0.7151.103 Mobile Safari/537.36 (compatible; Googlebot/2.1; +http://www.google.com/bot.html)"
66.249.65.35 - - [15/Jul/2025:14:39:10 +0000] "GET /?x=118623071001800&mod=b0a7a7f4&uri=brands.php%3Fid%3D3958832-886%26name%3Dcasetta+smoby+eurospin HTTP/1.1" 200 18439 "-" "Mozilla/5.0 (Linux; Android 6.0.1; Nexus 5X Build/MMB29P) AppleWebKit/537.36 (KHTML, like Gecko) Chrome/137.0.7151.103 Mobile Safari/537.36 (compatible; Googlebot/2.1; +http://www.google.com/bot.html)"
66.249.65.35 - - [15/Jul/2025:14:39:12 +0000] "GET /?x=118585228071800&mod=fd3ae753&uri=blog.php%3Fid%3D3957569-834%26name%3Dxtr+cleats+pedal HTTP/1.1" 200 18425 "-" "Mozilla/5.0 (Linux; Android 6.0.1; Nexus 5X Build/MMB29P) AppleWebKit/537.36 (KHTML, like Gecko) Chrome/137.0.7151.103 Mobile Safari/537.36 (compatible; Googlebot/2.1; +http://www.google.com/bot.html)"
66.249.65.35 - - [15/Jul/2025:14:39:15 +0000] "GET /?x=118731492071800&mod=3f78fa1c&uri=dp.php%3Fid%3D3962449-679%26name%3Dphoto+back+cover+photo HTTP/1.1" 200 18423 "-" "Mozilla/5.0 (Linux; Android 6.0.1; Nexus 5X Build/MMB29P) AppleWebKit/537.36 (KHTML, like Gecko) Chrome/137.0.7151.103 Mobile Safari/537.36 (compatible; Googlebot/2.1; +http://www.google.com/bot.html)"
66.249.65.35 - - [15/Jul/2025:14:39:15 +0000] "POST /get-message-notify HTTP/1.1" 200 18196 "https://kraft-court.cafe/?x=34925433011800&mod=a0872cc5&uri=products.php%3Fid%3D1165687-130%26name%3Dwhat+size+case+do+i+need+for+iphone+11" "Mozilla/5.0 (Linux; Android 6.0.1; Nexus 5X Build/MMB29P) AppleWebKit/537.36 (KHTML, like Gecko) Chrome/137.0.7151.119 Mobile Safari/537.36 (compatible; Googlebot/2.1; +http://www.google.com/bot.html)"
66.249.65.35 - - [15/Jul/2025:14:39:18 +0000] "GET /?x=118729092071800&mod=3f78fa1c&uri=goods.php%3Fid%3D3962369-679%26name%3Dy81i+back+cover HTTP/1.1" 200 18420 "-" "Mozilla/5.0 (Linux; Android 6.0.1; Nexus 5X Build/MMB29P) AppleWebKit/537.36 (KHTML, like Gecko) Chrome/137.0.7151.103 Mobile Safari/537.36 (compatible; Googlebot/2.1; +http://www.google.com/bot.html)"
66.249.65.35 - - [15/Jul/2025:14:39:18 +0000] "POST /get-message-notify HTTP/1.1" 200 18196 "https://kraft-court.cafe/?x=118731492071800&mod=3f78fa1c&uri=dp.php%3Fid%3D3962449-679%26name%3Dphoto+back+cover+photo" "Mozilla/5.0 (Linux; Android 6.0.1; Nexus 5X Build/MMB29P) AppleWebKit/537.36 (KHTML, like Gecko) Chrome/137.0.7151.119 Mobile Safari/537.36 (compatible; Googlebot/2.1; +http://www.google.com/bot.html)"
66.249.65.35 - - [15/Jul/2025:14:39:23 +0000] "GET /?x=118597858041800&mod=fd3ae753&uri=us.php%3Fid%3D3957990-834%26name%3Dmaxxis+assegai+maxxgrip HTTP/1.1" 200 18427 "-" "Mozilla/5.0 (Linux; Android 6.0.1; Nexus 5X Build/MMB29P) AppleWebKit/537.36 (KHTML, like Gecko) Chrome/137.0.7151.103 Mobile Safari/537.36 (compatible; Googlebot/2.1; +http://www.google.com/bot.html)"
66.249.65.35 - - [15/Jul/2025:14:39:25 +0000] "GET /?x=47563180001800&mod=b7b16ecf&uri=shared.php%3Fid%3D1587295-39%26name%3Dindie+desk+chair HTTP/1.1" 200 18424 "-" "Mozilla/5.0 (Linux; Android 6.0.1; Nexus 5X Build/MMB29P) AppleWebKit/537.36 (KHTML, like Gecko) Chrome/137.0.7151.103 Mobile Safari/537.36 (compatible; Googlebot/2.1; +http://www.google.com/bot.html)"
66.249.65.35 - - [15/Jul/2025:14:39:26 +0000] "POST /get-message-notify HTTP/1.1" 200 18196 "https://kraft-court.cafe/?x=118597858041800&mod=fd3ae753&uri=us.php%3Fid%3D3957990-834%26name%3Dmaxxis+assegai+maxxgrip" "Mozilla/5.0 (Linux; Android 6.0.1; Nexus 5X Build/MMB29P) AppleWebKit/537.36 (KHTML, like Gecko) Chrome/137.0.7151.119 Mobile Safari/537.36 (compatible; Googlebot/2.1; +http://www.google.com/bot.html)"
66.249.65.35 - - [15/Jul/2025:14:39:26 +0000] "GET /?x=47621890021800&mod=f0031c7a&uri=form.php%3Fid%3D1589252-311%26name%3Dknitted+barbie+doll+clothes+free+patterns HTTP/1.1" 200 18458 "-" "Mozilla/5.0 (Linux; Android 6.0.1; Nexus 5X Build/MMB29P) AppleWebKit/537.36 (KHTML, like Gecko) Chrome/137.0.7151.103 Mobile Safari/537.36 (compatible; Googlebot/2.1; +http://www.google.com/bot.html)"
66.249.65.35 - - [15/Jul/2025:14:39:28 +0000] "POST /get-message-notify HTTP/1.1" 200 18196 "https://kraft-court.cafe/?x=118730292071800&mod=3f78fa1c&uri=shared.php%3Fid%3D3962409-679%26name%3Dlava+z81+mobile+cover" "Mozilla/5.0 (Linux; Android 6.0.1; Nexus 5X Build/MMB29P) AppleWebKit/537.36 (KHTML, like Gecko) Chrome/137.0.7151.119 Mobile Safari/537.36 (compatible; Googlebot/2.1; +http://www.google.com/bot.html)"
66.249.65.35 - - [15/Jul/2025:14:39:29 +0000] "GET /?x=47561980001800&mod=b7b16ecf&uri=goods.php%3Fid%3D1587255-39%26name%3Dgtracing+high+back+gaming+chair HTTP/1.1" 200 18439 "-" "Mozilla/5.0 (Linux; Android 6.0.1; Nexus 5X Build/MMB29P) AppleWebKit/537.36 (KHTML, like Gecko) Chrome/137.0.7151.103 Mobile Safari/537.36 (compatible; Googlebot/2.1; +http://www.google.com/bot.html)"
66.249.65.35 - - [15/Jul/2025:14:39:30 +0000] "POST /get-message-notify HTTP/1.1" 200 18196 "https://kraft-court.cafe/?x=118585228071800&mod=fd3ae753&uri=blog.php%3Fid%3D3957569-834%26name%3Dxtr+cleats+pedal" "Mozilla/5.0 (Linux; Android 6.0.1; Nexus 5X Build/MMB29P) AppleWebKit/537.36 (KHTML, like Gecko) Chrome/137.0.7151.119 Mobile Safari/537.36 (compatible; Googlebot/2.1; +http://www.google.com/bot.html)"
66.249.65.36 - - [15/Jul/2025:14:39:32 +0000] "GET /?x=47562820031800&mod=b7b16ecf&uri=article.php%3Fid%3D1587283-39%26name%3Dnice+dressing+table+chair HTTP/1.1" 200 18448 "-" "Mozilla/5.0 (Linux; Android 6.0.1; Nexus 5X Build/MMB29P) AppleWebKit/537.36 (KHTML, like Gecko) Chrome/137.0.7151.103 Mobile Safari/537.36 (compatible; Googlebot/2.1; +http://www.google.com/bot.html)"
66.249.65.36 - - [15/Jul/2025:14:39:35 +0000] "GET /?x=47562460011800&mod=b7b16ecf&uri=goods.php%3Fid%3D1587271-39%26name%3Dergonomic+leather HTTP/1.1" 200 18421 "-" "Mozilla/5.0 (Linux; Android 6.0.1; Nexus 5X Build/MMB29P) AppleWebKit/537.36 (KHTML, like Gecko) Chrome/137.0.7151.103 Mobile Safari/537.36 (compatible; Googlebot/2.1; +http://www.google.com/bot.html)"
66.249.65.35 - - [15/Jul/2025:14:39:36 +0000] "POST /get-message-notify HTTP/1.1" 200 18196 "https://kraft-court.cafe/?x=118729092071800&mod=3f78fa1c&uri=goods.php%3Fid%3D3962369-679%26name%3Dy81i+back+cover" "Mozilla/5.0 (Linux; Android 6.0.1; Nexus 5X Build/MMB29P) AppleWebKit/537.36 (KHTML, like Gecko) Chrome/137.0.7151.119 Mobile Safari/537.36 (compatible; Googlebot/2.1; +http://www.google.com/bot.html)"
66.249.65.35 - - [15/Jul/2025:14:39:38 +0000] "GET /?x=47598850141800&mod=a8849b05&uri=shop.php%3Fid%3D1588484-57%26name%3Dcan+any+headphones+work+with+ps4 HTTP/1.1" 200 18432 "-" "Mozilla/5.0 (Linux; Android 6.0.1; Nexus 5X Build/MMB29P) AppleWebKit/537.36 (KHTML, like Gecko) Chrome/137.0.7151.103 Mobile Safari/537.36 (compatible; Googlebot/2.1; +http://www.google.com/bot.html)"
66.249.65.35 - - [15/Jul/2025:14:39:38 +0000] "POST /get-message-notify HTTP/1.1" 200 18196 "https://kraft-court.cafe/?x=47562460011800&mod=b7b16ecf&uri=goods.php%3Fid%3D1587271-39%26name%3Dergonomic+leather" "Mozilla/5.0 (Linux; Android 6.0.1; Nexus 5X Build/MMB29P) AppleWebKit/537.36 (KHTML, like Gecko) Chrome/137.0.7151.119 Mobile Safari/537.36 (compatible; Googlebot/2.1; +http://www.google.com/bot.html)"
66.249.65.35 - - [15/Jul/2025:14:39:39 +0000] "POST /get-message-notify HTTP/1.1" 200 18196 "https://kraft-court.cafe/?x=118623071001800&mod=b0a7a7f4&uri=brands.php%3Fid%3D3958832-886%26name%3Dcasetta+smoby+eurospin" "Mozilla/5.0 (Linux; Android 6.0.1; Nexus 5X Build/MMB29P) AppleWebKit/537.36 (KHTML, like Gecko) Chrome/137.0.7151.119 Mobile Safari/537.36 (compatible; Googlebot/2.1; +http://www.google.com/bot.html)"
66.249.65.36 - - [15/Jul/2025:14:39:41 +0000] "GET /?x=47529730051800&mod=0d2922ee&uri=info.php%3Fid%3D1586180-1246%26name%3Dgucci+embossed+leather HTTP/1.1" 200 18431 "-" "Mozilla/5.0 (Linux; Android 6.0.1; Nexus 5X Build/MMB29P) AppleWebKit/537.36 (KHTML, like Gecko) Chrome/137.0.7151.103 Mobile Safari/537.36 (compatible; Googlebot/2.1; +http://www.google.com/bot.html)"
66.249.65.36 - - [15/Jul/2025:14:39:44 +0000] "POST /get-message-notify HTTP/1.1" 200 18196 "https://kraft-court.cafe/?x=47529730051800&mod=0d2922ee&uri=info.php%3Fid%3D1586180-1246%26name%3Dgucci+embossed+leather" "Mozilla/5.0 (Linux; Android 6.0.1; Nexus 5X Build/MMB29P) AppleWebKit/537.36 (KHTML, like Gecko) Chrome/137.0.7151.119 Mobile Safari/537.36 (compatible; Googlebot/2.1; +http://www.google.com/bot.html)"
66.249.65.35 - - [15/Jul/2025:14:39:44 +0000] "GET /?x=47575810001800&mod=b7b16ecf&uri=shop.php%3Fid%3D1587716-39%26name%3Dgarden+armchair+set HTTP/1.1" 200 18424 "-" "Mozilla/5.0 (Linux; Android 6.0.1; Nexus 5X Build/MMB29P) AppleWebKit/537.36 (KHTML, like Gecko) Chrome/137.0.7151.103 Mobile Safari/537.36 (compatible; Googlebot/2.1; +http://www.google.com/bot.html)"
66.249.65.36 - - [15/Jul/2025:14:39:46 +0000] "POST /get-message-notify HTTP/1.1" 200 18196 "https://kraft-court.cafe/?x=47575810001800&mod=b7b16ecf&uri=shop.php%3Fid%3D1587716-39%26name%3Dgarden+armchair+set" "Mozilla/5.0 (Linux; Android 6.0.1; Nexus 5X Build/MMB29P) AppleWebKit/537.36 (KHTML, like Gecko) Chrome/137.0.7151.119 Mobile Safari/537.36 (compatible; Googlebot/2.1; +http://www.google.com/bot.html)"
66.249.65.35 - - [15/Jul/2025:14:39:47 +0000] "GET /?x=47564740051800&mod=b7b16ecf&uri=dp.php%3Fid%3D1587347-39%26name%3Dbest+executive+office HTTP/1.1" 200 18424 "-" "Mozilla/5.0 (Linux; Android 6.0.1; Nexus 5X Build/MMB29P) AppleWebKit/537.36 (KHTML, like Gecko) Chrome/137.0.7151.103 Mobile Safari/537.36 (compatible; Googlebot/2.1; +http://www.google.com/bot.html)"
66.249.65.35 - - [15/Jul/2025:14:39:50 +0000] "GET /?x=47563960061800&mod=b7b16ecf&uri=us.php%3Fid%3D1587321-39%26name%3Dbalcony+chair+and+table+set HTTP/1.1" 200 18432 "-" "Mozilla/5.0 (Linux; Android 6.0.1; Nexus 5X Build/MMB29P) AppleWebKit/537.36 (KHTML, like Gecko) Chrome/137.0.7151.103 Mobile Safari/537.36 (compatible; Googlebot/2.1; +http://www.google.com/bot.html)"
66.249.65.36 - - [15/Jul/2025:14:39:53 +0000] "GET /?x=47541250041800&mod=b7b16ecf&uri=form.php%3Fid%3D1586564-39%26name%3Dgaming+chair+sparco HTTP/1.1" 200 18423 "-" "Mozilla/5.0 (Linux; Android 6.0.1; Nexus 5X Build/MMB29P) AppleWebKit/537.36 (KHTML, like Gecko) Chrome/137.0.7151.103 Mobile Safari/537.36 (compatible; Googlebot/2.1; +http://www.google.com/bot.html)"
66.249.65.36 - - [15/Jul/2025:14:39:58 +0000] "GET /?x=47565100031800&mod=b7b16ecf&uri=search.php%3Fid%3D1587359-39%26name%3Dbest+study+chairs+for+students HTTP/1.1" 200 18434 "-" "Mozilla/5.0 (Linux; Android 6.0.1; Nexus 5X Build/MMB29P) AppleWebKit/537.36 (KHTML, like Gecko) Chrome/137.0.7151.103 Mobile Safari/537.36 (compatible; Googlebot/2.1; +http://www.google.com/bot.html)"
66.249.65.35 - - [15/Jul/2025:14:40:01 +0000] "GET /?x=47521055001800&mod=0d2922ee&uri=dp.php%3Fid%3D1585890-1246%26name%3Dplatform+converse+high+top+leather HTTP/1.1" 200 18444 "-" "Mozilla/5.0 (Linux; Android 6.0.1; Nexus 5X Build/MMB29P) AppleWebKit/537.36 (KHTML, like Gecko) Chrome/137.0.7151.103 Mobile Safari/537.36 (compatible; Googlebot/2.1; +http://www.google.com/bot.html)"
66.249.65.36 - - [15/Jul/2025:14:40:02 +0000] "GET /?x=47563600091800&mod=b7b16ecf&uri=dp.php%3Fid%3D1587309-39%26name%3Dcream+barrel+swivel+chair HTTP/1.1" 200 18430 "-" "Mozilla/5.0 (Linux; Android 6.0.1; Nexus 5X Build/MMB29P) AppleWebKit/537.36 (KHTML, like Gecko) Chrome/137.0.7151.103 Mobile Safari/537.36 (compatible; Googlebot/2.1; +http://www.google.com/bot.html)"
66.249.65.35 - - [15/Jul/2025:14:40:04 +0000] "POST /get-message-notify HTTP/1.1" 200 18196 "https://kraft-court.cafe/?x=47563600091800&mod=b7b16ecf&uri=dp.php%3Fid%3D1587309-39%26name%3Dcream+barrel+swivel+chair" "Mozilla/5.0 (Linux; Android 6.0.1; Nexus 5X Build/MMB29P) AppleWebKit/537.36 (KHTML, like Gecko) Chrome/137.0.7151.119 Mobile Safari/537.36 (compatible; Googlebot/2.1; +http://www.google.com/bot.html)"
66.249.65.35 - - [15/Jul/2025:14:40:05 +0000] "GET /?x=47562700091800&mod=b7b16ecf&uri=products.php%3Fid%3D1587279-39%26name%3Dportable+high+chair+target HTTP/1.1" 200 18441 "-" "Mozilla/5.0 (Linux; Android 6.0.1; Nexus 5X Build/MMB29P) AppleWebKit/537.36 (KHTML, like Gecko) Chrome/137.0.7151.103 Mobile Safari/537.36 (compatible; Googlebot/2.1; +http://www.google.com/bot.html)"
66.249.65.35 - - [15/Jul/2025:14:40:07 +0000] "GET /?x=47561320031800&mod=b7b16ecf&uri=product.php%3Fid%3D1587233-39%26name%3Dsmall+patio+chairs HTTP/1.1" 200 18428 "-" "Mozilla/5.0 (Linux; Android 6.0.1; Nexus 5X Build/MMB29P) AppleWebKit/537.36 (KHTML, like Gecko) Chrome/137.0.7151.103 Mobile Safari/537.36 (compatible; Googlebot/2.1; +http://www.google.com/bot.html)"
66.249.65.35 - - [15/Jul/2025:14:40:08 +0000] "POST /get-message-notify HTTP/1.1" 200 18196 "https://kraft-court.cafe/?x=47598850141800&mod=a8849b05&uri=shop.php%3Fid%3D1588484-57%26name%3Dcan+any+headphones+work+with+ps4" "Mozilla/5.0 (Linux; Android 6.0.1; Nexus 5X Build/MMB29P) AppleWebKit/537.36 (KHTML, like Gecko) Chrome/137.0.7151.119 Mobile Safari/537.36 (compatible; Googlebot/2.1; +http://www.google.com/bot.html)"
66.249.65.35 - - [15/Jul/2025:14:40:10 +0000] "GET /?x=49404959011800&mod=0d2922ee&uri=form.php%3Fid%3D1648736-1246%26name%3Djeans+jack+jones+glenn HTTP/1.1" 200 18434 "-" "Mozilla/5.0 (Linux; Android 6.0.1; Nexus 5X Build/MMB29P) AppleWebKit/537.36 (KHTML, like Gecko) Chrome/137.0.7151.103 Mobile Safari/537.36 (compatible; Googlebot/2.1; +http://www.google.com/bot.html)"
66.249.65.35 - - [15/Jul/2025:14:40:13 +0000] "POST /get-message-notify HTTP/1.1" 200 18196 "https://kraft-court.cafe/?x=47561320031800&mod=b7b16ecf&uri=product.php%3Fid%3D1587233-39%26name%3Dsmall+patio+chairs" "Mozilla/5.0 (Linux; Android 6.0.1; Nexus 5X Build/MMB29P) AppleWebKit/537.36 (KHTML, like Gecko) Chrome/137.0.7151.119 Mobile Safari/537.36 (compatible; Googlebot/2.1; +http://www.google.com/bot.html)"
66.249.65.35 - - [15/Jul/2025:14:40:13 +0000] "GET /?x=119683153041800&mod=3e9f0fc9&uri=itm.php%3Fid%3D3994192-484%26name%3Dargento+tankini HTTP/1.1" 200 18419 "-" "Mozilla/5.0 (Linux; Android 6.0.1; Nexus 5X Build/MMB29P) AppleWebKit/537.36 (KHTML, like Gecko) Chrome/137.0.7151.103 Mobile Safari/537.36 (compatible; Googlebot/2.1; +http://www.google.com/bot.html)"
66.249.65.35 - - [15/Jul/2025:14:40:14 +0000] "POST /get-message-notify HTTP/1.1" 200 18196 "https://kraft-court.cafe/?x=118635701011800&mod=b0a7a7f4&uri=shared.php%3Fid%3D3959253-886%26name%3Dlego+di+barche" "Mozilla/5.0 (Linux; Android 6.0.1; Nexus 5X Build/MMB29P) AppleWebKit/537.36 (KHTML, like Gecko) Chrome/137.0.7151.119 Mobile Safari/537.36 (compatible; Googlebot/2.1; +http://www.google.com/bot.html)"
66.249.65.35 - - [15/Jul/2025:14:40:16 +0000] "POST /get-message-notify HTTP/1.1" 200 18196 "https://kraft-court.cafe/?x=119683153041800&mod=3e9f0fc9&uri=itm.php%3Fid%3D3994192-484%26name%3Dargento+tankini" "Mozilla/5.0 (Linux; Android 6.0.1; Nexus 5X Build/MMB29P) AppleWebKit/537.36 (KHTML, like Gecko) Chrome/137.0.7151.119 Mobile Safari/537.36 (compatible; Googlebot/2.1; +http://www.google.com/bot.html)"
66.249.65.35 - - [15/Jul/2025:14:40:16 +0000] "GET /?x=47564920031800&mod=b7b16ecf&uri=products.php%3Fid%3D1587353-39%26name%3Dgarden+furniture+table+and+chairs HTTP/1.1" 200 18459 "-" "Mozilla/5.0 (Linux; Android 6.0.1; Nexus 5X Build/MMB29P) AppleWebKit/537.36 (KHTML, like Gecko) Chrome/137.0.7151.103 Mobile Safari/537.36 (compatible; Googlebot/2.1; +http://www.google.com/bot.html)"
66.249.65.35 - - [15/Jul/2025:14:40:22 +0000] "GET /?x=47561620031800&mod=b7b16ecf&uri=category-info.php%3Fid%3D1587243-39%26name%3Dtommy+bahama+beach+chair+with+canopy HTTP/1.1" 200 18498 "-" "Mozilla/5.0 (Linux; Android 6.0.1; Nexus 5X Build/MMB29P) AppleWebKit/537.36 (KHTML, like Gecko) Chrome/137.0.7151.103 Mobile Safari/537.36 (compatible; Googlebot/2.1; +http://www.google.com/bot.html)"
66.249.65.35 - - [15/Jul/2025:14:40:24 +0000] "GET /?x=47564500071800&mod=b7b16ecf&uri=shared.php%3Fid%3D1587339-39%26name%3Dglitzhome+high+back HTTP/1.1" 200 18426 "-" "Mozilla/5.0 (Linux; Android 6.0.1; Nexus 5X Build/MMB29P) AppleWebKit/537.36 (KHTML, like Gecko) Chrome/137.0.7151.103 Mobile Safari/537.36 (compatible; Googlebot/2.1; +http://www.google.com/bot.html)"
66.249.65.35 - - [15/Jul/2025:14:40:28 +0000] "POST /get-message-notify HTTP/1.1" 200 18196 "https://kraft-court.cafe/?x=47562700091800&mod=b7b16ecf&uri=products.php%3Fid%3D1587279-39%26name%3Dportable+high+chair+target" "Mozilla/5.0 (Linux; Android 6.0.1; Nexus 5X Build/MMB29P) AppleWebKit/537.36 (KHTML, like Gecko) Chrome/137.0.7151.119 Mobile Safari/537.36 (compatible; Googlebot/2.1; +http://www.google.com/bot.html)"
66.249.65.35 - - [15/Jul/2025:14:40:30 +0000] "GET /?x=47563480001800&mod=b7b16ecf&uri=products.php%3Fid%3D1587305-39%26name%3Dasda+outdoor+table+and+chairs HTTP/1.1" 200 18452 "-" "Mozilla/5.0 (Linux; Android 6.0.1; Nexus 5X Build/MMB29P) AppleWebKit/537.36 (KHTML, like Gecko) Chrome/137.0.7151.103 Mobile Safari/537.36 (compatible; Googlebot/2.1; +http://www.google.com/bot.html)"
66.249.65.35 - - [15/Jul/2025:14:40:32 +0000] "GET /?x=47564320011800&mod=b7b16ecf&uri=blog.php%3Fid%3D1587333-39%26name%3Dgaming+seats+for+sale HTTP/1.1" 200 18428 "-" "Mozilla/5.0 (Linux; Android 6.0.1; Nexus 5X Build/MMB29P) AppleWebKit/537.36 (KHTML, like Gecko) Chrome/137.0.7151.103 Mobile Safari/537.36 (compatible; Googlebot/2.1; +http://www.google.com/bot.html)"
66.249.65.36 - - [15/Jul/2025:14:40:33 +0000] "POST /get-message-notify HTTP/1.1" 200 18196 "https://kraft-court.cafe/?x=47563480001800&mod=b7b16ecf&uri=products.php%3Fid%3D1587305-39%26name%3Dasda+outdoor+table+and+chairs" "Mozilla/5.0 (Linux; Android 6.0.1; Nexus 5X Build/MMB29P) AppleWebKit/537.36 (KHTML, like Gecko) Chrome/137.0.7151.119 Mobile Safari/537.36 (compatible; Googlebot/2.1; +http://www.google.com/bot.html)"
66.249.65.35 - - [15/Jul/2025:14:40:33 +0000] "GET /?x=47564380051800&mod=b7b16ecf&uri=goods.php%3Fid%3D1587335-39%26name%3Dgaming+chair+best+value HTTP/1.1" 200 18429 "-" "Mozilla/5.0 (Linux; Android 6.0.1; Nexus 5X Build/MMB29P) AppleWebKit/537.36 (KHTML, like Gecko) Chrome/137.0.7151.103 Mobile Safari/537.36 (compatible; Googlebot/2.1; +http://www.google.com/bot.html)"
66.249.65.35 - - [15/Jul/2025:14:40:40 +0000] "GET /?x=64133917031800&mod=0d2922ee&uri=brands.php%3Fid%3D2140203-1246%26name%3Ddelora+vegan+leather+bodycon+midi+dress HTTP/1.1" 200 18461 "-" "Mozilla/5.0 (Linux; Android 6.0.1; Nexus 5X Build/MMB29P) AppleWebKit/537.36 (KHTML, like Gecko) Chrome/137.0.7151.103 Mobile Safari/537.36 (compatible; Googlebot/2.1; +http://www.google.com/bot.html)"
66.249.65.35 - - [15/Jul/2025:14:40:41 +0000] "GET /?x=47561440021800&mod=b7b16ecf&uri=info.php%3Fid%3D1587237-39%26name%3Dbest+secretary+chair HTTP/1.1" 200 18428 "-" "Mozilla/5.0 (Linux; Android 6.0.1; Nexus 5X Build/MMB29P) AppleWebKit/537.36 (KHTML, like Gecko) Chrome/137.0.7151.103 Mobile Safari/537.36 (compatible; Googlebot/2.1; +http://www.google.com/bot.html)"
66.249.65.36 - - [15/Jul/2025:14:40:43 +0000] "GET /?x=47529760011800&mod=0d2922ee&uri=product.php%3Fid%3D1586181-1246%26name%3Dfaux+fur+fabric+online HTTP/1.1" 200 18437 "-" "Mozilla/5.0 (Linux; Android 6.0.1; Nexus 5X Build/MMB29P) AppleWebKit/537.36 (KHTML, like Gecko) Chrome/137.0.7151.103 Mobile Safari/537.36 (compatible; Googlebot/2.1; +http://www.google.com/bot.html)"
66.249.65.36 - - [15/Jul/2025:14:40:47 +0000] "GET /?x=47564980051800&mod=b7b16ecf&uri=pin.php%3Fid%3D1587355-39%26name%3Dclatina+executive+chair HTTP/1.1" 200 18434 "-" "Mozilla/5.0 (Linux; Android 6.0.1; Nexus 5X Build/MMB29P) AppleWebKit/537.36 (KHTML, like Gecko) Chrome/137.0.7151.103 Mobile Safari/537.36 (compatible; Googlebot/2.1; +http://www.google.com/bot.html)"
66.249.65.36 - - [15/Jul/2025:14:40:49 +0000] "POST /get-message-notify HTTP/1.1" 200 18196 "https://kraft-court.cafe/?x=47564980051800&mod=b7b16ecf&uri=pin.php%3Fid%3D1587355-39%26name%3Dclatina+executive+chair" "Mozilla/5.0 (Linux; Android 6.0.1; Nexus 5X Build/MMB29P) AppleWebKit/537.36 (KHTML, like Gecko) Chrome/137.0.7151.119 Mobile Safari/537.36 (compatible; Googlebot/2.1; +http://www.google.com/bot.html)"
66.249.65.35 - - [15/Jul/2025:14:40:51 +0000] "GET /?x=47565460071800&mod=b7b16ecf&uri=us.php%3Fid%3D1587371-39%26name%3Dcompact+computer+desk+and+chair HTTP/1.1" 200 18437 "-" "Mozilla/5.0 (Linux; Android 6.0.1; Nexus 5X Build/MMB29P) AppleWebKit/537.36 (KHTML, like Gecko) Chrome/137.0.7151.103 Mobile Safari/537.36 (compatible; Googlebot/2.1; +http://www.google.com/bot.html)"
66.249.65.35 - - [15/Jul/2025:14:40:52 +0000] "GET /?x=47565580001800&mod=b7b16ecf&uri=info.php%3Fid%3D1587375-39%26name%3Dsynchro+tilt+task+chairs HTTP/1.1" 200 18435 "-" "Mozilla/5.0 (Linux; Android 6.0.1; Nexus 5X Build/MMB29P) AppleWebKit/537.36 (KHTML, like Gecko) Chrome/137.0.7151.103 Mobile Safari/537.36 (compatible; Googlebot/2.1; +http://www.google.com/bot.html)"
66.249.65.35 - - [15/Jul/2025:14:40:54 +0000] "GET /?x=47563000041800&mod=b7b16ecf&uri=us.php%3Fid%3D1587289-39%26name%3Dbarcalounger+electric+recliner HTTP/1.1" 200 18432 "-" "Mozilla/5.0 (Linux; Android 6.0.1; Nexus 5X Build/MMB29P) AppleWebKit/537.36 (KHTML, like Gecko) Chrome/137.0.7151.103 Mobile Safari/537.36 (compatible; Googlebot/2.1; +http://www.google.com/bot.html)"
66.249.65.36 - - [15/Jul/2025:14:40:55 +0000] "GET /?x=47562880001800&mod=b7b16ecf&uri=itm.php%3Fid%3D1587285-39%26name%3Dinfinity+aura+massage+chair+reviews HTTP/1.1" 200 18445 "-" "Mozilla/5.0 (Linux; Android 6.0.1; Nexus 5X Build/MMB29P) AppleWebKit/537.36 (KHTML, like Gecko) Chrome/137.0.7151.103 Mobile Safari/537.36 (compatible; Googlebot/2.1; +http://www.google.com/bot.html)"
66.249.65.35 - - [15/Jul/2025:14:40:57 +0000] "GET /?x=47565040021800&mod=b7b16ecf&uri=shop.php%3Fid%3D1587357-39%26name%3Dbaby+relax+mikayla+nursery+swivel+glider+recliner+chair HTTP/1.1" 200 18485 "-" "Mozilla/5.0 (Linux; Android 6.0.1; Nexus 5X Build/MMB29P) AppleWebKit/537.36 (KHTML, like Gecko) Chrome/137.0.7151.103 Mobile Safari/537.36 (compatible; Googlebot/2.1; +http://www.google.com/bot.html)"
66.249.65.36 - - [15/Jul/2025:14:41:00 +0000] "GET /?x=47564200141800&mod=b7b16ecf&uri=pin.php%3Fid%3D1587329-39%26name%3Dmodern+barrel+chairs HTTP/1.1" 200 18424 "-" "Mozilla/5.0 (Linux; Android 6.0.1; Nexus 5X Build/MMB29P) AppleWebKit/537.36 (KHTML, like Gecko) Chrome/137.0.7151.103 Mobile Safari/537.36 (compatible; Googlebot/2.1; +http://www.google.com/bot.html)"
