20.171.207.55 - - [15/Jul/2025:14:48:23 +0000] "GET /detail/1702175001.htm HTTP/1.1" 404 1868 "-" "Mozilla/5.0 AppleWebKit/537.36 (KHTML, like Gecko; compatible; GPTBot/1.2; +https://openai.com/gptbot)"
66.249.65.35 - - [15/Jul/2025:14:48:23 +0000] "GET /?x=6309795041800&mod=0d0fd7c6&uri=shared.php%3Fid%3D210750-40%26name%3Dbest+cordless+drill+set+for+home+use HTTP/1.1" 200 18453 "-" "Mozilla/5.0 (Linux; Android 6.0.1; Nexus 5X Build/MMB29P) AppleWebKit/537.36 (KHTML, like Gecko) Chrome/137.0.7151.103 Mobile Safari/537.36 (compatible; Googlebot/2.1; +http://www.google.com/bot.html)"
20.171.207.55 - - [15/Jul/2025:14:48:26 +0000] "GET /detail/1702177699.htm HTTP/1.1" 404 1871 "-" "Mozilla/5.0 AppleWebKit/537.36 (KHTML, like Gecko; compatible; GPTBot/1.2; +https://openai.com/gptbot)"
66.249.65.35 - - [15/Jul/2025:14:48:27 +0000] "GET /?x=6391076031800&mod=895daa40&uri=goods.php%3Fid%3D213465-363%26name%3Dwire+bracelets+design HTTP/1.1" 200 18427 "-" "Mozilla/5.0 (Linux; Android 6.0.1; Nexus 5X Build/MMB29P) AppleWebKit/537.36 (KHTML, like Gecko) Chrome/137.0.7151.103 Mobile Safari/537.36 (compatible; Googlebot/2.1; +http://www.google.com/bot.html)"
20.171.207.55 - - [15/Jul/2025:14:48:28 +0000] "GET /detail/1701798650.htm HTTP/1.1" 404 1868 "-" "Mozilla/5.0 AppleWebKit/537.36 (KHTML, like Gecko; compatible; GPTBot/1.2; +https://openai.com/gptbot)"
66.249.65.35 - - [15/Jul/2025:14:48:29 +0000] "GET /?x=40278572051800&mod=170f22f2&uri=article.php%3Fid%3D1344283-1146%26name%3Dmichael+michael+kors+camille+small+logo+and+leather+satchel HTTP/1.1" 200 18499 "-" "Mozilla/5.0 (Linux; Android 6.0.1; Nexus 5X Build/MMB29P) AppleWebKit/537.36 (KHTML, like Gecko) Chrome/137.0.7151.103 Mobile Safari/537.36 (compatible; Googlebot/2.1; +http://www.google.com/bot.html)"
66.249.65.35 - - [15/Jul/2025:14:48:30 +0000] "GET /?x=40275602011800&mod=170f22f2&uri=itm.php%3Fid%3D1344184-1146%26name%3Dcoach+f27580 HTTP/1.1" 200 18418 "-" "Mozilla/5.0 (Linux; Android 6.0.1; Nexus 5X Build/MMB29P) AppleWebKit/537.36 (KHTML, like Gecko) Chrome/137.0.7151.103 Mobile Safari/537.36 (compatible; Googlebot/2.1; +http://www.google.com/bot.html)"
20.171.207.55 - - [15/Jul/2025:14:48:31 +0000] "GET /detail/1701898936.htm HTTP/1.1" 404 1871 "-" "Mozilla/5.0 AppleWebKit/537.36 (KHTML, like Gecko; compatible; GPTBot/1.2; +https://openai.com/gptbot)"
66.249.65.35 - - [15/Jul/2025:14:48:32 +0000] "GET /?x=40273442001800&mod=170f22f2&uri=category-info.php%3Fid%3D1344112-1146%26name%3Dconsuela+makeup+bags HTTP/1.1" 200 18456 "-" "Mozilla/5.0 (Linux; Android 6.0.1; Nexus 5X Build/MMB29P) AppleWebKit/537.36 (KHTML, like Gecko) Chrome/137.0.7151.103 Mobile Safari/537.36 (compatible; Googlebot/2.1; +http://www.google.com/bot.html)"
66.249.65.35 - - [15/Jul/2025:14:48:33 +0000] "GET /?x=6381187011800&mod=895daa40&uri=category-info.php%3Fid%3D213135-363%26name%3Dyellow+sapphire+rings+for+women HTTP/1.1" 200 18471 "-" "Mozilla/5.0 (Linux; Android 6.0.1; Nexus 5X Build/MMB29P) AppleWebKit/537.36 (KHTML, like Gecko) Chrome/137.0.7151.103 Mobile Safari/537.36 (compatible; Googlebot/2.1; +http://www.google.com/bot.html)"
66.249.65.35 - - [15/Jul/2025:14:48:33 +0000] "POST /get-message-notify HTTP/1.1" 200 18196 "https://kraft-court.cafe/?x=6388676031800&mod=895daa40&uri=search.php%3Fid%3D213385-363%26name%3Dted%27s+jewelry+pulaski+new+york" "Mozilla/5.0 (Linux; Android 6.0.1; Nexus 5X Build/MMB29P) AppleWebKit/537.36 (KHTML, like Gecko) Chrome/137.0.7151.119 Mobile Safari/537.36 (compatible; Googlebot/2.1; +http://www.google.com/bot.html)"
66.249.65.35 - - [15/Jul/2025:14:48:34 +0000] "POST /get-message-notify HTTP/1.1" 200 18196 "https://kraft-court.cafe/?x=40275602011800&mod=170f22f2&uri=itm.php%3Fid%3D1344184-1146%26name%3Dcoach+f27580" "Mozilla/5.0 (Linux; Android 6.0.1; Nexus 5X Build/MMB29P) AppleWebKit/537.36 (KHTML, like Gecko) Chrome/137.0.7151.119 Mobile Safari/537.36 (compatible; Googlebot/2.1; +http://www.google.com/bot.html)"
209.74.77.214 - - [15/Jul/2025:14:48:34 +0000] "POST /wp-cron.php?doing_wp_cron=1752590914.8676741123199462890625 HTTP/1.1" 200 - "-" "WordPress/6.8.1; https://kraft-court.cafe"
20.171.207.55 - - [15/Jul/2025:14:48:34 +0000] "GET /detail/1701749970.htm HTTP/1.1" 404 1871 "-" "Mozilla/5.0 AppleWebKit/537.36 (KHTML, like Gecko; compatible; GPTBot/1.2; +https://openai.com/gptbot)"
66.249.65.35 - - [15/Jul/2025:14:48:34 +0000] "GET /?x=40283432071800&mod=490f0f7c&uri=category-info.php%3Fid%3D1344445-1034%26name%3Dpuma+high+cut HTTP/1.1" 200 18453 "-" "Mozilla/5.0 (Linux; Android 6.0.1; Nexus 5X Build/MMB29P) AppleWebKit/537.36 (KHTML, like Gecko) Chrome/137.0.7151.103 Mobile Safari/537.36 (compatible; Googlebot/2.1; +http://www.google.com/bot.html)"
20.171.207.55 - - [15/Jul/2025:14:48:37 +0000] "GET /detail/1702258670.htm HTTP/1.1" 404 1868 "-" "Mozilla/5.0 AppleWebKit/537.36 (KHTML, like Gecko; compatible; GPTBot/1.2; +https://openai.com/gptbot)"
66.249.65.36 - - [15/Jul/2025:14:48:39 +0000] "GET /?x=40284782021800&mod=170f22f2&uri=article.php%3Fid%3D1344490-1146%26name%3Dcute+white+backpacks+for+school HTTP/1.1" 200 18456 "-" "Mozilla/5.0 (Linux; Android 6.0.1; Nexus 5X Build/MMB29P) AppleWebKit/537.36 (KHTML, like Gecko) Chrome/137.0.7151.103 Mobile Safari/537.36 (compatible; Googlebot/2.1; +http://www.google.com/bot.html)"
20.171.207.55 - - [15/Jul/2025:14:48:40 +0000] "GET /detail/1701794393.htm HTTP/1.1" 404 1870 "-" "Mozilla/5.0 AppleWebKit/537.36 (KHTML, like Gecko; compatible; GPTBot/1.2; +https://openai.com/gptbot)"
66.249.65.35 - - [15/Jul/2025:14:48:40 +0000] "POST /get-message-notify HTTP/1.1" 200 18196 "https://kraft-court.cafe/?x=40283432071800&mod=490f0f7c&uri=category-info.php%3Fid%3D1344445-1034%26name%3Dpuma+high+cut" "Mozilla/5.0 (Linux; Android 6.0.1; Nexus 5X Build/MMB29P) AppleWebKit/537.36 (KHTML, like Gecko) Chrome/137.0.7151.119 Mobile Safari/537.36 (compatible; Googlebot/2.1; +http://www.google.com/bot.html)"
66.249.65.36 - - [15/Jul/2025:14:48:40 +0000] "GET /?x=40124754011800&mod=42a3ddf2&uri=article.php%3Fid%3D1339153-1145%26name%3Dfrankie+peasant+skirt+spell HTTP/1.1" 200 18453 "-" "Mozilla/5.0 (Linux; Android 6.0.1; Nexus 5X Build/MMB29P) AppleWebKit/537.36 (KHTML, like Gecko) Chrome/137.0.7151.103 Mobile Safari/537.36 (compatible; Googlebot/2.1; +http://www.google.com/bot.html)"
66.249.65.35 - - [15/Jul/2025:14:48:42 +0000] "GET /?x=40284242001800&mod=490f0f7c&uri=blog.php%3Fid%3D1344472-1034%26name%3Dcheap+gucci+ace+sneakers HTTP/1.1" 200 18438 "-" "Mozilla/5.0 (Linux; Android 6.0.1; Nexus 5X Build/MMB29P) AppleWebKit/537.36 (KHTML, like Gecko) Chrome/137.0.7151.103 Mobile Safari/537.36 (compatible; Googlebot/2.1; +http://www.google.com/bot.html)"
20.171.207.55 - - [15/Jul/2025:14:48:43 +0000] "GET /detail/1701769381.htm HTTP/1.1" 404 1869 "-" "Mozilla/5.0 AppleWebKit/537.36 (KHTML, like Gecko; compatible; GPTBot/1.2; +https://openai.com/gptbot)"
66.249.65.36 - - [15/Jul/2025:14:48:44 +0000] "POST /get-message-notify HTTP/1.1" 200 18196 "https://kraft-court.cafe/?x=6384187051800&mod=895daa40&uri=form.php%3Fid%3D213235-363%26name%3Dwhite+and+grey+crystals" "Mozilla/5.0 (Linux; Android 6.0.1; Nexus 5X Build/MMB29P) AppleWebKit/537.36 (KHTML, like Gecko) Chrome/137.0.7151.119 Mobile Safari/537.36 (compatible; Googlebot/2.1; +http://www.google.com/bot.html)"
66.249.65.35 - - [15/Jul/2025:14:48:45 +0000] "GET /?x=40275872001800&mod=170f22f2&uri=us.php%3Fid%3D1344193-1146%26name%3Drazer+blade+pro+17+sleeve HTTP/1.1" 200 18432 "-" "Mozilla/5.0 (Linux; Android 6.0.1; Nexus 5X Build/MMB29P) AppleWebKit/537.36 (KHTML, like Gecko) Chrome/137.0.7151.103 Mobile Safari/537.36 (compatible; Googlebot/2.1; +http://www.google.com/bot.html)"
209.74.77.214 - - [15/Jul/2025:14:48:46 +0000] "POST /wp-cron.php?doing_wp_cron=1752590926.0494580268859863281250 HTTP/1.1" 200 - "-" "WordPress/6.8.1; https://kraft-court.cafe"
20.171.207.55 - - [15/Jul/2025:14:48:45 +0000] "GET /detail/1701750653.htm HTTP/1.1" 404 1868 "-" "Mozilla/5.0 AppleWebKit/537.36 (KHTML, like Gecko; compatible; GPTBot/1.2; +https://openai.com/gptbot)"
66.249.65.36 - - [15/Jul/2025:14:48:48 +0000] "GET /?x=40274252011800&mod=170f22f2&uri=shop.php%3Fid%3D1344139-1146%26name%3Doversized+designer+handbags HTTP/1.1" 200 18436 "-" "Mozilla/5.0 (Linux; Android 6.0.1; Nexus 5X Build/MMB29P) AppleWebKit/537.36 (KHTML, like Gecko) Chrome/137.0.7151.103 Mobile Safari/537.36 (compatible; Googlebot/2.1; +http://www.google.com/bot.html)"
20.171.207.55 - - [15/Jul/2025:14:48:48 +0000] "GET /detail/1701755763.htm HTTP/1.1" 404 1868 "-" "Mozilla/5.0 AppleWebKit/537.36 (KHTML, like Gecko; compatible; GPTBot/1.2; +https://openai.com/gptbot)"
66.249.65.35 - - [15/Jul/2025:14:48:51 +0000] "GET /?x=40278032031800&mod=170f22f2&uri=blog.php%3Fid%3D1344265-1146%26name%3Ddamier+azur+naviglio HTTP/1.1" 200 18432 "-" "Mozilla/5.0 (Linux; Android 6.0.1; Nexus 5X Build/MMB29P) AppleWebKit/537.36 (KHTML, like Gecko) Chrome/137.0.7151.103 Mobile Safari/537.36 (compatible; Googlebot/2.1; +http://www.google.com/bot.html)"
20.171.207.55 - - [15/Jul/2025:14:48:51 +0000] "GET /detail/1702176462.htm HTTP/1.1" 404 1870 "-" "Mozilla/5.0 AppleWebKit/537.36 (KHTML, like Gecko; compatible; GPTBot/1.2; +https://openai.com/gptbot)"
66.249.65.36 - - [15/Jul/2025:14:48:54 +0000] "GET /?x=40275332071800&mod=170f22f2&uri=form.php%3Fid%3D1344175-1146%26name%3Dsavannah+clutch+tory+burch HTTP/1.1" 200 18441 "-" "Mozilla/5.0 (Linux; Android 6.0.1; Nexus 5X Build/MMB29P) AppleWebKit/537.36 (KHTML, like Gecko) Chrome/137.0.7151.103 Mobile Safari/537.36 (compatible; Googlebot/2.1; +http://www.google.com/bot.html)"
20.171.207.55 - - [15/Jul/2025:14:48:54 +0000] "GET /detail/1702183131.htm HTTP/1.1" 404 1870 "-" "Mozilla/5.0 AppleWebKit/537.36 (KHTML, like Gecko; compatible; GPTBot/1.2; +https://openai.com/gptbot)"
20.171.207.55 - - [15/Jul/2025:14:48:57 +0000] "GET /detail/1701985017.htm HTTP/1.1" 404 1868 "-" "Mozilla/5.0 AppleWebKit/537.36 (KHTML, like Gecko; compatible; GPTBot/1.2; +https://openai.com/gptbot)"
66.249.65.35 - - [15/Jul/2025:14:48:57 +0000] "GET /?x=40158924021800&mod=543e8374&uri=product.php%3Fid%3D1340292-537%26name%3Dlight+blue+puff+sleeve+dress HTTP/1.1" 200 18445 "-" "Mozilla/5.0 (Linux; Android 6.0.1; Nexus 5X Build/MMB29P) AppleWebKit/537.36 (KHTML, like Gecko) Chrome/137.0.7151.103 Mobile Safari/537.36 (compatible; Googlebot/2.1; +http://www.google.com/bot.html)"
20.171.207.55 - - [15/Jul/2025:14:48:59 +0000] "GET /detail/1701864179.htm HTTP/1.1" 404 1870 "-" "Mozilla/5.0 AppleWebKit/537.36 (KHTML, like Gecko; compatible; GPTBot/1.2; +https://openai.com/gptbot)"
66.249.65.36 - - [15/Jul/2025:14:49:00 +0000] "GET /?x=40165764021800&mod=543e8374&uri=search.php%3Fid%3D1340520-537%26name%3Dasos+pink+maternity+dress HTTP/1.1" 200 18432 "-" "Mozilla/5.0 (Linux; Android 6.0.1; Nexus 5X Build/MMB29P) AppleWebKit/537.36 (KHTML, like Gecko) Chrome/137.0.7151.103 Mobile Safari/537.36 (compatible; Googlebot/2.1; +http://www.google.com/bot.html)"
20.171.207.55 - - [15/Jul/2025:14:49:02 +0000] "GET /detail/1702027360.htm HTTP/1.1" 404 1867 "-" "Mozilla/5.0 AppleWebKit/537.36 (KHTML, like Gecko; compatible; GPTBot/1.2; +https://openai.com/gptbot)"
66.249.65.35 - - [15/Jul/2025:14:49:03 +0000] "GET /?x=40282352011800&mod=170f22f2&uri=goods.php%3Fid%3D1344409-1146%26name%3Dblack+and+brown+dooney+and+bourke+purse HTTP/1.1" 200 18453 "-" "Mozilla/5.0 (Linux; Android 6.0.1; Nexus 5X Build/MMB29P) AppleWebKit/537.36 (KHTML, like Gecko) Chrome/137.0.7151.103 Mobile Safari/537.36 (compatible; Googlebot/2.1; +http://www.google.com/bot.html)"
66.249.65.35 - - [15/Jul/2025:14:49:04 +0000] "POST /get-message-notify HTTP/1.1" 200 18196 "https://kraft-court.cafe/?x=40165764021800&mod=543e8374&uri=search.php%3Fid%3D1340520-537%26name%3Dasos+pink+maternity+dress" "Mozilla/5.0 (Linux; Android 6.0.1; Nexus 5X Build/MMB29P) AppleWebKit/537.36 (KHTML, like Gecko) Chrome/137.0.7151.119 Mobile Safari/537.36 (compatible; Googlebot/2.1; +http://www.google.com/bot.html)"
20.171.207.55 - - [15/Jul/2025:14:49:05 +0000] "GET /detail/1701775302.htm HTTP/1.1" 404 1868 "-" "Mozilla/5.0 AppleWebKit/537.36 (KHTML, like Gecko; compatible; GPTBot/1.2; +https://openai.com/gptbot)"
66.249.65.35 - - [15/Jul/2025:14:49:06 +0000] "POST /get-message-notify HTTP/1.1" 200 18196 "https://kraft-court.cafe/?x=40275332071800&mod=170f22f2&uri=form.php%3Fid%3D1344175-1146%26name%3Dsavannah+clutch+tory+burch" "Mozilla/5.0 (Linux; Android 6.0.1; Nexus 5X Build/MMB29P) AppleWebKit/537.36 (KHTML, like Gecko) Chrome/137.0.7151.119 Mobile Safari/537.36 (compatible; Googlebot/2.1; +http://www.google.com/bot.html)"
66.249.65.35 - - [15/Jul/2025:14:49:06 +0000] "GET /?x=40277222001800&mod=170f22f2&uri=product.php%3Fid%3D1344238-1146%26name%3Dlg+gram+17+laptop+case HTTP/1.1" 200 18444 "-" "Mozilla/5.0 (Linux; Android 6.0.1; Nexus 5X Build/MMB29P) AppleWebKit/537.36 (KHTML, like Gecko) Chrome/137.0.7151.103 Mobile Safari/537.36 (compatible; Googlebot/2.1; +http://www.google.com/bot.html)"
20.171.207.55 - - [15/Jul/2025:14:49:08 +0000] "GET /detail/1701773841.htm HTTP/1.1" 404 1870 "-" "Mozilla/5.0 AppleWebKit/537.36 (KHTML, like Gecko; compatible; GPTBot/1.2; +https://openai.com/gptbot)"
66.249.65.35 - - [15/Jul/2025:14:49:09 +0000] "GET /?x=40124724031800&mod=42a3ddf2&uri=product.php%3Fid%3D1339152-1145%26name%3Ddebenhams+womens+maxi+skirts HTTP/1.1" 200 18453 "-" "Mozilla/5.0 (Linux; Android 6.0.1; Nexus 5X Build/MMB29P) AppleWebKit/537.36 (KHTML, like Gecko) Chrome/137.0.7151.103 Mobile Safari/537.36 (compatible; Googlebot/2.1; +http://www.google.com/bot.html)"
20.171.207.55 - - [15/Jul/2025:14:49:11 +0000] "GET /detail/1702346022.htm HTTP/1.1" 404 1870 "-" "Mozilla/5.0 AppleWebKit/537.36 (KHTML, like Gecko; compatible; GPTBot/1.2; +https://openai.com/gptbot)"
66.249.65.35 - - [15/Jul/2025:14:49:12 +0000] "GET /?x=40278302001800&mod=170f22f2&uri=goods.php%3Fid%3D1344274-1146%26name%3Dgrey+coach+satchel HTTP/1.1" 200 18430 "-" "Mozilla/5.0 (Linux; Android 6.0.1; Nexus 5X Build/MMB29P) AppleWebKit/537.36 (KHTML, like Gecko) Chrome/137.0.7151.103 Mobile Safari/537.36 (compatible; Googlebot/2.1; +http://www.google.com/bot.html)"
20.171.207.55 - - [15/Jul/2025:14:49:13 +0000] "GET /detail/1702217856.htm HTTP/1.1" 404 1868 "-" "Mozilla/5.0 AppleWebKit/537.36 (KHTML, like Gecko; compatible; GPTBot/1.2; +https://openai.com/gptbot)"
66.249.65.35 - - [15/Jul/2025:14:49:14 +0000] "GET /?x=40273712031800&mod=170f22f2&uri=pin.php%3Fid%3D1344121-1146%26name%3Dposlaju+packing+bag HTTP/1.1" 200 18427 "-" "Mozilla/5.0 (Linux; Android 6.0.1; Nexus 5X Build/MMB29P) AppleWebKit/537.36 (KHTML, like Gecko) Chrome/137.0.7151.103 Mobile Safari/537.36 (compatible; Googlebot/2.1; +http://www.google.com/bot.html)"
20.171.207.55 - - [15/Jul/2025:14:49:16 +0000] "GET /detail/1702097701.htm HTTP/1.1" 404 1868 "-" "Mozilla/5.0 AppleWebKit/537.36 (KHTML, like Gecko; compatible; GPTBot/1.2; +https://openai.com/gptbot)"
20.171.207.55 - - [15/Jul/2025:14:49:19 +0000] "GET /detail/1701772988.htm HTTP/1.1" 404 1868 "-" "Mozilla/5.0 AppleWebKit/537.36 (KHTML, like Gecko; compatible; GPTBot/1.2; +https://openai.com/gptbot)"
20.171.207.55 - - [15/Jul/2025:14:49:22 +0000] "GET /detail/1701739726.htm HTTP/1.1" 404 1869 "-" "Mozilla/5.0 AppleWebKit/537.36 (KHTML, like Gecko; compatible; GPTBot/1.2; +https://openai.com/gptbot)"
66.249.65.35 - - [15/Jul/2025:14:49:22 +0000] "GET /?x=40274792091800&mod=170f22f2&uri=blog.php%3Fid%3D1344157-1146%26name%3Dcna+tote HTTP/1.1" 200 18409 "-" "Mozilla/5.0 (Linux; Android 6.0.1; Nexus 5X Build/MMB29P) AppleWebKit/537.36 (KHTML, like Gecko) Chrome/137.0.7151.103 Mobile Safari/537.36 (compatible; Googlebot/2.1; +http://www.google.com/bot.html)"
66.249.65.35 - - [15/Jul/2025:14:49:24 +0000] "GET /?x=40186284011800&mod=502e4a16&uri=category-info.php%3Fid%3D1341204-25%26name%3Dcards+nintendo+eshop HTTP/1.1" 200 18450 "-" "Mozilla/5.0 (Linux; Android 6.0.1; Nexus 5X Build/MMB29P) AppleWebKit/537.36 (KHTML, like Gecko) Chrome/137.0.7151.103 Mobile Safari/537.36 (compatible; Googlebot/2.1; +http://www.google.com/bot.html)"
20.171.207.55 - - [15/Jul/2025:14:49:25 +0000] "GET /detail/1702375837.htm HTTP/1.1" 404 1871 "-" "Mozilla/5.0 AppleWebKit/537.36 (KHTML, like Gecko; compatible; GPTBot/1.2; +https://openai.com/gptbot)"
66.249.65.35 - - [15/Jul/2025:14:49:25 +0000] "GET /?x=40139964021800&mod=42a3ddf2&uri=dp.php%3Fid%3D1339660-1145%26name%3Dcotton+skirt HTTP/1.1" 200 18412 "-" "Mozilla/5.0 (Linux; Android 6.0.1; Nexus 5X Build/MMB29P) AppleWebKit/537.36 (KHTML, like Gecko) Chrome/137.0.7151.103 Mobile Safari/537.36 (compatible; Googlebot/2.1; +http://www.google.com/bot.html)"
66.249.65.35 - - [15/Jul/2025:14:49:26 +0000] "POST /get-message-notify HTTP/1.1" 200 18196 "https://kraft-court.cafe/?x=40186284011800&mod=502e4a16&uri=category-info.php%3Fid%3D1341204-25%26name%3Dcards+nintendo+eshop" "Mozilla/5.0 (Linux; Android 6.0.1; Nexus 5X Build/MMB29P) AppleWebKit/537.36 (KHTML, like Gecko) Chrome/137.0.7151.119 Mobile Safari/537.36 (compatible; Googlebot/2.1; +http://www.google.com/bot.html)"
66.249.65.35 - - [15/Jul/2025:14:49:27 +0000] "GET /?x=40283702001800&mod=170f22f2&uri=form.php%3Fid%3D1344454-1146%26name%3Dblack+large+purse HTTP/1.1" 200 18423 "-" "Mozilla/5.0 (Linux; Android 6.0.1; Nexus 5X Build/MMB29P) AppleWebKit/537.36 (KHTML, like Gecko) Chrome/137.0.7151.103 Mobile Safari/537.36 (compatible; Googlebot/2.1; +http://www.google.com/bot.html)"
20.171.207.55 - - [15/Jul/2025:14:49:27 +0000] "GET /detail/1702355029.htm HTTP/1.1" 404 1868 "-" "Mozilla/5.0 AppleWebKit/537.36 (KHTML, like Gecko; compatible; GPTBot/1.2; +https://openai.com/gptbot)"
66.249.65.35 - - [15/Jul/2025:14:49:29 +0000] "GET /?x=40281002041800&mod=170f22f2&uri=brands.php%3Fid%3D1344364-1146%26name%3Drose+gold+bogg+bag HTTP/1.1" 200 18430 "-" "Mozilla/5.0 (Linux; Android 6.0.1; Nexus 5X Build/MMB29P) AppleWebKit/537.36 (KHTML, like Gecko) Chrome/137.0.7151.103 Mobile Safari/537.36 (compatible; Googlebot/2.1; +http://www.google.com/bot.html)"
20.171.207.55 - - [15/Jul/2025:14:49:30 +0000] "GET /detail/1702022088.htm HTTP/1.1" 404 1867 "-" "Mozilla/5.0 AppleWebKit/537.36 (KHTML, like Gecko; compatible; GPTBot/1.2; +https://openai.com/gptbot)"
66.249.65.35 - - [15/Jul/2025:14:49:32 +0000] "POST /get-message-notify HTTP/1.1" 200 18196 "https://kraft-court.cafe/?x=40281002041800&mod=170f22f2&uri=brands.php%3Fid%3D1344364-1146%26name%3Drose+gold+bogg+bag" "Mozilla/5.0 (Linux; Android 6.0.1; Nexus 5X Build/MMB29P) AppleWebKit/537.36 (KHTML, like Gecko) Chrome/137.0.7151.119 Mobile Safari/537.36 (compatible; Googlebot/2.1; +http://www.google.com/bot.html)"
209.74.77.214 - - [15/Jul/2025:14:49:33 +0000] "POST /wp-cron.php?doing_wp_cron=1752590973.6778800487518310546875 HTTP/1.1" 200 - "-" "WordPress/6.8.1; https://kraft-court.cafe"
20.171.207.55 - - [15/Jul/2025:14:49:33 +0000] "GET /detail/1702050546.htm HTTP/1.1" 404 1870 "-" "Mozilla/5.0 AppleWebKit/537.36 (KHTML, like Gecko; compatible; GPTBot/1.2; +https://openai.com/gptbot)"
20.171.207.55 - - [15/Jul/2025:14:49:36 +0000] "GET /detail/1701870518.htm HTTP/1.1" 404 1867 "-" "Mozilla/5.0 AppleWebKit/537.36 (KHTML, like Gecko; compatible; GPTBot/1.2; +https://openai.com/gptbot)"
66.249.65.35 - - [15/Jul/2025:14:49:37 +0000] "GET /?x=40284512031800&mod=490f0f7c&uri=shared.php%3Fid%3D1344481-1034%26name%3Dfootlocker+air+force+grade+school HTTP/1.1" 200 18453 "-" "Mozilla/5.0 (Linux; Android 6.0.1; Nexus 5X Build/MMB29P) AppleWebKit/537.36 (KHTML, like Gecko) Chrome/137.0.7151.103 Mobile Safari/537.36 (compatible; Googlebot/2.1; +http://www.google.com/bot.html)"
20.171.207.55 - - [15/Jul/2025:14:49:39 +0000] "GET /detail/1702002549.htm HTTP/1.1" 404 1870 "-" "Mozilla/5.0 AppleWebKit/537.36 (KHTML, like Gecko; compatible; GPTBot/1.2; +https://openai.com/gptbot)"
66.249.65.35 - - [15/Jul/2025:14:49:40 +0000] "GET /?x=40285322001800&mod=490f0f7c&uri=itm.php%3Fid%3D1344508-1034%26name%3Dpuma+cali+infant HTTP/1.1" 200 18422 "-" "Mozilla/5.0 (Linux; Android 6.0.1; Nexus 5X Build/MMB29P) AppleWebKit/537.36 (KHTML, like Gecko) Chrome/137.0.7151.103 Mobile Safari/537.36 (compatible; Googlebot/2.1; +http://www.google.com/bot.html)"
66.249.65.35 - - [15/Jul/2025:14:49:40 +0000] "POST /get-message-notify HTTP/1.1" 200 18196 "https://kraft-court.cafe/?x=40283702001800&mod=170f22f2&uri=form.php%3Fid%3D1344454-1146%26name%3Dblack+large+purse" "Mozilla/5.0 (Linux; Android 6.0.1; Nexus 5X Build/MMB29P) AppleWebKit/537.36 (KHTML, like Gecko) Chrome/137.0.7151.119 Mobile Safari/537.36 (compatible; Googlebot/2.1; +http://www.google.com/bot.html)"
20.171.207.55 - - [15/Jul/2025:14:49:42 +0000] "GET /detail/1702231779.htm HTTP/1.1" 404 1868 "-" "Mozilla/5.0 AppleWebKit/537.36 (KHTML, like Gecko; compatible; GPTBot/1.2; +https://openai.com/gptbot)"
209.74.77.214 - - [15/Jul/2025:14:49:45 +0000] "POST /wp-cron.php?doing_wp_cron=1752590985.2272291183471679687500 HTTP/1.1" 200 - "-" "WordPress/6.8.1; https://kraft-court.cafe"
20.171.207.55 - - [15/Jul/2025:14:49:45 +0000] "GET /detail/1702230286.htm HTTP/1.1" 404 1868 "-" "Mozilla/5.0 AppleWebKit/537.36 (KHTML, like Gecko; compatible; GPTBot/1.2; +https://openai.com/gptbot)"
66.249.65.35 - - [15/Jul/2025:14:49:46 +0000] "GET /?x=40266170011800&mod=170f22f2&uri=us.php%3Fid%3D1343869-1146%26name%3Dlil+tjay+sprayground HTTP/1.1" 200 18421 "-" "Mozilla/5.0 (Linux; Android 6.0.1; Nexus 5X Build/MMB29P) AppleWebKit/537.36 (KHTML, like Gecko) Chrome/137.0.7151.103 Mobile Safari/537.36 (compatible; Googlebot/2.1; +http://www.google.com/bot.html)"
66.249.65.35 - - [15/Jul/2025:14:49:47 +0000] "GET /?x=40280462001800&mod=170f22f2&uri=us.php%3Fid%3D1344346-1146%26name%3Da+bag+to+go HTTP/1.1" 200 18409 "-" "Mozilla/5.0 (Linux; Android 6.0.1; Nexus 5X Build/MMB29P) AppleWebKit/537.36 (KHTML, like Gecko) Chrome/137.0.7151.103 Mobile Safari/537.36 (compatible; Googlebot/2.1; +http://www.google.com/bot.html)"
20.171.207.55 - - [15/Jul/2025:14:49:47 +0000] "GET /detail/1701770224.htm HTTP/1.1" 404 1870 "-" "Mozilla/5.0 AppleWebKit/537.36 (KHTML, like Gecko; compatible; GPTBot/1.2; +https://openai.com/gptbot)"
66.249.65.36 - - [15/Jul/2025:14:49:49 +0000] "GET /?x=40280192031800&mod=490f0f7c&uri=product.php%3Fid%3D1344337-1034%26name%3Dair+force+nike+junior HTTP/1.1" 200 18443 "-" "Mozilla/5.0 (Linux; Android 6.0.1; Nexus 5X Build/MMB29P) AppleWebKit/537.36 (KHTML, like Gecko) Chrome/137.0.7151.103 Mobile Safari/537.36 (compatible; Googlebot/2.1; +http://www.google.com/bot.html)"
20.171.207.55 - - [15/Jul/2025:14:49:50 +0000] "GET /detail/1702033707.htm HTTP/1.1" 404 1870 "-" "Mozilla/5.0 AppleWebKit/537.36 (KHTML, like Gecko; compatible; GPTBot/1.2; +https://openai.com/gptbot)"
66.249.65.36 - - [15/Jul/2025:14:49:50 +0000] "GET /?x=40282082001800&mod=490f0f7c&uri=news.php%3Fid%3D1344400-1034%26name%3Dyouth+white+air+force+ones HTTP/1.1" 200 18437 "-" "Mozilla/5.0 (Linux; Android 6.0.1; Nexus 5X Build/MMB29P) AppleWebKit/537.36 (KHTML, like Gecko) Chrome/137.0.7151.103 Mobile Safari/537.36 (compatible; Googlebot/2.1; +http://www.google.com/bot.html)"
66.249.65.35 - - [15/Jul/2025:14:49:52 +0000] "GET /?x=40281542041800&mod=490f0f7c&uri=form.php%3Fid%3D1344382-1034%26name%3Dskechers+sport+men%27s+equalizer+coast+to+coast+mule+navy HTTP/1.1" 200 18479 "-" "Mozilla/5.0 (Linux; Android 6.0.1; Nexus 5X Build/MMB29P) AppleWebKit/537.36 (KHTML, like Gecko) Chrome/137.0.7151.103 Mobile Safari/537.36 (compatible; Googlebot/2.1; +http://www.google.com/bot.html)"
20.171.207.55 - - [15/Jul/2025:14:49:53 +0000] "GET /detail/1701744860.htm HTTP/1.1" 404 1870 "-" "Mozilla/5.0 AppleWebKit/537.36 (KHTML, like Gecko; compatible; GPTBot/1.2; +https://openai.com/gptbot)"
66.249.65.35 - - [15/Jul/2025:14:49:53 +0000] "GET /?x=40282892091800&mod=490f0f7c&uri=brands.php%3Fid%3D1344427-1034%26name%3Djordan+youth+football+cleats HTTP/1.1" 200 18446 "-" "Mozilla/5.0 (Linux; Android 6.0.1; Nexus 5X Build/MMB29P) AppleWebKit/537.36 (KHTML, like Gecko) Chrome/137.0.7151.103 Mobile Safari/537.36 (compatible; Googlebot/2.1; +http://www.google.com/bot.html)"
66.249.65.35 - - [15/Jul/2025:14:49:55 +0000] "GET /?x=40276142041800&mod=170f22f2&uri=goods.php%3Fid%3D1344202-1146%26name%3Dthe+north+face+jester+backpack+in+yellow HTTP/1.1" 200 18456 "-" "Mozilla/5.0 (Linux; Android 6.0.1; Nexus 5X Build/MMB29P) AppleWebKit/537.36 (KHTML, like Gecko) Chrome/137.0.7151.103 Mobile Safari/537.36 (compatible; Googlebot/2.1; +http://www.google.com/bot.html)"
20.171.207.55 - - [15/Jul/2025:14:49:56 +0000] "GET /detail/1701744570.htm HTTP/1.1" 404 1870 "-" "Mozilla/5.0 AppleWebKit/537.36 (KHTML, like Gecko; compatible; GPTBot/1.2; +https://openai.com/gptbot)"
20.171.207.55 - - [15/Jul/2025:14:49:59 +0000] "GET /detail/1701795043.htm HTTP/1.1" 404 1870 "-" "Mozilla/5.0 AppleWebKit/537.36 (KHTML, like Gecko; compatible; GPTBot/1.2; +https://openai.com/gptbot)"
66.249.65.37 - - [15/Jul/2025:14:50:01 +0000] "GET /?x=40172604041800&mod=543e8374&uri=article.php%3Fid%3D1340748-537%26name%3Dblack+latex+bustier+dress HTTP/1.1" 200 18440 "-" "Mozilla/5.0 (Linux; Android 6.0.1; Nexus 5X Build/MMB29P) AppleWebKit/537.36 (KHTML, like Gecko) Chrome/137.0.7151.103 Mobile Safari/537.36 (compatible; Googlebot/2.1; +http://www.google.com/bot.html)"
20.171.207.55 - - [15/Jul/2025:14:50:01 +0000] "GET /detail/1702370149.htm HTTP/1.1" 404 1870 "-" "Mozilla/5.0 AppleWebKit/537.36 (KHTML, like Gecko; compatible; GPTBot/1.2; +https://openai.com/gptbot)"
66.249.65.37 - - [15/Jul/2025:14:50:02 +0000] "GET /?x=40266440001800&mod=170f22f2&uri=dp.php%3Fid%3D1343878-1146%26name%3Dnike+air+essential+backpack HTTP/1.1" 200 18434 "-" "Mozilla/5.0 (Linux; Android 6.0.1; Nexus 5X Build/MMB29P) AppleWebKit/537.36 (KHTML, like Gecko) Chrome/137.0.7151.103 Mobile Safari/537.36 (compatible; Googlebot/2.1; +http://www.google.com/bot.html)"
66.249.65.35 - - [15/Jul/2025:14:50:04 +0000] "GET /?x=40281272001800&mod=170f22f2&uri=article.php%3Fid%3D1344373-1146%26name%3Dbest+inch+laptop+case HTTP/1.1" 200 18443 "-" "Mozilla/5.0 (Linux; Android 6.0.1; Nexus 5X Build/MMB29P) AppleWebKit/537.36 (KHTML, like Gecko) Chrome/137.0.7151.103 Mobile Safari/537.36 (compatible; Googlebot/2.1; +http://www.google.com/bot.html)"
66.249.65.36 - - [15/Jul/2025:14:50:04 +0000] "POST /get-message-notify HTTP/1.1" 200 18196 "https://kraft-court.cafe/?x=40172604041800&mod=543e8374&uri=article.php%3Fid%3D1340748-537%26name%3Dblack+latex+bustier+dress" "Mozilla/5.0 (Linux; Android 6.0.1; Nexus 5X Build/MMB29P) AppleWebKit/537.36 (KHTML, like Gecko) Chrome/137.0.7151.119 Mobile Safari/537.36 (compatible; Googlebot/2.1; +http://www.google.com/bot.html)"
20.171.207.55 - - [15/Jul/2025:14:50:04 +0000] "GET /detail/1702180207.htm HTTP/1.1" 404 1868 "-" "Mozilla/5.0 AppleWebKit/537.36 (KHTML, like Gecko; compatible; GPTBot/1.2; +https://openai.com/gptbot)"
20.171.207.55 - - [15/Jul/2025:14:50:07 +0000] "GET /detail/1701970548.htm HTTP/1.1" 404 1870 "-" "Mozilla/5.0 AppleWebKit/537.36 (KHTML, like Gecko; compatible; GPTBot/1.2; +https://openai.com/gptbot)"
66.249.65.35 - - [15/Jul/2025:14:50:07 +0000] "POST /get-message-notify HTTP/1.1" 200 18196 "https://kraft-court.cafe/?x=40276142041800&mod=170f22f2&uri=goods.php%3Fid%3D1344202-1146%26name%3Dthe+north+face+jester+backpack+in+yellow" "Mozilla/5.0 (Linux; Android 6.0.1; Nexus 5X Build/MMB29P) AppleWebKit/537.36 (KHTML, like Gecko) Chrome/137.0.7151.119 Mobile Safari/537.36 (compatible; Googlebot/2.1; +http://www.google.com/bot.html)"
66.249.65.36 - - [15/Jul/2025:14:50:07 +0000] "GET /?x=59658185041800&mod=41e7637e&uri=blog.php%3Fid%3D1990842-216%26name%3Dcrochet+top+australia HTTP/1.1" 200 18430 "-" "Mozilla/5.0 (Linux; Android 6.0.1; Nexus 5X Build/MMB29P) AppleWebKit/537.36 (KHTML, like Gecko) Chrome/137.0.7151.103 Mobile Safari/537.36 (compatible; Googlebot/2.1; +http://www.google.com/bot.html)"
66.249.65.35 - - [15/Jul/2025:14:50:08 +0000] "POST /get-message-notify HTTP/1.1" 200 18196 "https://kraft-court.cafe/?x=40281272001800&mod=170f22f2&uri=article.php%3Fid%3D1344373-1146%26name%3Dbest+inch+laptop+case" "Mozilla/5.0 (Linux; Android 6.0.1; Nexus 5X Build/MMB29P) AppleWebKit/537.36 (KHTML, like Gecko) Chrome/137.0.7151.119 Mobile Safari/537.36 (compatible; Googlebot/2.1; +http://www.google.com/bot.html)"
20.171.207.55 - - [15/Jul/2025:14:50:10 +0000] "GET /detail/1702250870.htm HTTP/1.1" 404 1867 "-" "Mozilla/5.0 AppleWebKit/537.36 (KHTML, like Gecko; compatible; GPTBot/1.2; +https://openai.com/gptbot)"
66.249.65.35 - - [15/Jul/2025:14:50:11 +0000] "GET /?x=59660885041800&mod=41e7637e&uri=products.php%3Fid%3D1990932-216%26name%3Dscuba+peplum+top HTTP/1.1" 200 18430 "-" "Mozilla/5.0 (Linux; Android 6.0.1; Nexus 5X Build/MMB29P) AppleWebKit/537.36 (KHTML, like Gecko) Chrome/137.0.7151.103 Mobile Safari/537.36 (compatible; Googlebot/2.1; +http://www.google.com/bot.html)"
20.171.207.55 - - [15/Jul/2025:14:50:13 +0000] "GET /detail/1702022162.htm HTTP/1.1" 404 1867 "-" "Mozilla/5.0 AppleWebKit/537.36 (KHTML, like Gecko; compatible; GPTBot/1.2; +https://openai.com/gptbot)"
66.249.65.35 - - [15/Jul/2025:14:50:14 +0000] "GET /?x=59508828011800&mod=e94fe9ac&uri=blog.php%3Fid%3D1985847-332%26name%3Dmp3+songs+new+kannada HTTP/1.1" 200 18432 "-" "Mozilla/5.0 (Linux; Android 6.0.1; Nexus 5X Build/MMB29P) AppleWebKit/537.36 (KHTML, like Gecko) Chrome/137.0.7151.103 Mobile Safari/537.36 (compatible; Googlebot/2.1; +http://www.google.com/bot.html)"
66.249.65.35 - - [15/Jul/2025:14:50:15 +0000] "POST /get-message-notify HTTP/1.1" 200 18196 "https://kraft-court.cafe/?x=59660885041800&mod=41e7637e&uri=products.php%3Fid%3D1990932-216%26name%3Dscuba+peplum+top" "Mozilla/5.0 (Linux; Android 6.0.1; Nexus 5X Build/MMB29P) AppleWebKit/537.36 (KHTML, like Gecko) Chrome/137.0.7151.119 Mobile Safari/537.36 (compatible; Googlebot/2.1; +http://www.google.com/bot.html)"
66.249.65.35 - - [15/Jul/2025:14:50:15 +0000] "GET /?x=34563619001800&mod=e94fe9ac&uri=products.php%3Fid%3D1153618-332%26name%3Dhow+to+make+room+on+your+apple+watch HTTP/1.1" 200 18464 "-" "Mozilla/5.0 (Linux; Android 6.0.1; Nexus 5X Build/MMB29P) AppleWebKit/537.36 (KHTML, like Gecko) Chrome/137.0.7151.103 Mobile Safari/537.36 (compatible; Googlebot/2.1; +http://www.google.com/bot.html)"
20.171.207.55 - - [15/Jul/2025:14:50:16 +0000] "GET /detail/1702193215.htm HTTP/1.1" 404 1868 "-" "Mozilla/5.0 AppleWebKit/537.36 (KHTML, like Gecko; compatible; GPTBot/1.2; +https://openai.com/gptbot)"
66.249.65.35 - - [15/Jul/2025:14:50:17 +0000] "POST /get-message-notify HTTP/1.1" 200 18196 "https://kraft-court.cafe/?x=59508828011800&mod=e94fe9ac&uri=blog.php%3Fid%3D1985847-332%26name%3Dmp3+songs+new+kannada" "Mozilla/5.0 (Linux; Android 6.0.1; Nexus 5X Build/MMB29P) AppleWebKit/537.36 (KHTML, like Gecko) Chrome/137.0.7151.119 Mobile Safari/537.36 (compatible; Googlebot/2.1; +http://www.google.com/bot.html)"
66.249.65.35 - - [15/Jul/2025:14:50:18 +0000] "GET /?x=59656565001800&mod=20c9f570&uri=us.php%3Fid%3D1990788-234%26name%3Dlachsfarbener+pullover HTTP/1.1" 200 18420 "-" "Mozilla/5.0 (Linux; Android 6.0.1; Nexus 5X Build/MMB29P) AppleWebKit/537.36 (KHTML, like Gecko) Chrome/137.0.7151.103 Mobile Safari/537.36 (compatible; Googlebot/2.1; +http://www.google.com/bot.html)"
20.171.207.55 - - [15/Jul/2025:14:50:18 +0000] "GET /detail/1701758527.htm HTTP/1.1" 404 1868 "-" "Mozilla/5.0 AppleWebKit/537.36 (KHTML, like Gecko; compatible; GPTBot/1.2; +https://openai.com/gptbot)"
66.249.65.35 - - [15/Jul/2025:14:50:19 +0000] "POST /get-message-notify HTTP/1.1" 200 18196 "https://kraft-court.cafe/?x=34563619001800&mod=e94fe9ac&uri=products.php%3Fid%3D1153618-332%26name%3Dhow+to+make+room+on+your+apple+watch" "Mozilla/5.0 (Linux; Android 6.0.1; Nexus 5X Build/MMB29P) AppleWebKit/537.36 (KHTML, like Gecko) Chrome/137.0.7151.119 Mobile Safari/537.36 (compatible; Googlebot/2.1; +http://www.google.com/bot.html)"
20.171.207.55 - - [15/Jul/2025:14:50:21 +0000] "GET /detail/1701744860.htm HTTP/1.1" 404 1870 "-" "Mozilla/5.0 AppleWebKit/537.36 (KHTML, like Gecko; compatible; GPTBot/1.2; +https://openai.com/gptbot)"
66.249.65.35 - - [15/Jul/2025:14:50:22 +0000] "POST /get-message-notify HTTP/1.1" 200 18196 "https://kraft-court.cafe/?x=59656565001800&mod=20c9f570&uri=us.php%3Fid%3D1990788-234%26name%3Dlachsfarbener+pullover" "Mozilla/5.0 (Linux; Android 6.0.1; Nexus 5X Build/MMB29P) AppleWebKit/537.36 (KHTML, like Gecko) Chrome/137.0.7151.119 Mobile Safari/537.36 (compatible; Googlebot/2.1; +http://www.google.com/bot.html)"
66.249.65.35 - - [15/Jul/2025:14:50:24 +0000] "GET /?x=59649815011800&mod=b6cda17a&uri=info.php%3Fid%3D1990563-233%26name%3Dopiniones+chaquetas+jott HTTP/1.1" 200 18436 "-" "Mozilla/5.0 (Linux; Android 6.0.1; Nexus 5X Build/MMB29P) AppleWebKit/537.36 (KHTML, like Gecko) Chrome/137.0.7151.103 Mobile Safari/537.36 (compatible; Googlebot/2.1; +http://www.google.com/bot.html)"
20.171.207.55 - - [15/Jul/2025:14:50:24 +0000] "GET /detail/1701727891.htm HTTP/1.1" 404 1868 "-" "Mozilla/5.0 AppleWebKit/537.36 (KHTML, like Gecko; compatible; GPTBot/1.2; +https://openai.com/gptbot)"
20.171.207.55 - - [15/Jul/2025:14:50:27 +0000] "GET /detail/1702104370.htm HTTP/1.1" 404 1870 "-" "Mozilla/5.0 AppleWebKit/537.36 (KHTML, like Gecko; compatible; GPTBot/1.2; +https://openai.com/gptbot)"
20.171.207.55 - - [15/Jul/2025:14:50:30 +0000] "GET /detail/1701714096.htm HTTP/1.1" 404 1870 "-" "Mozilla/5.0 AppleWebKit/537.36 (KHTML, like Gecko; compatible; GPTBot/1.2; +https://openai.com/gptbot)"
66.249.65.35 - - [15/Jul/2025:14:50:30 +0000] "GET /?x=111718333021800&mod=43d97d96&uri=itm.php%3Fid%3D3728416-1458%26name%3Dogio+fulcrum+jacket HTTP/1.1" 200 18427 "-" "Mozilla/5.0 (Linux; Android 6.0.1; Nexus 5X Build/MMB29P) AppleWebKit/537.36 (KHTML, like Gecko) Chrome/137.0.7151.103 Mobile Safari/537.36 (compatible; Googlebot/2.1; +http://www.google.com/bot.html)"
66.249.65.35 - - [15/Jul/2025:14:50:32 +0000] "GET /?x=111717073021800&mod=6e616e79&uri=search.php%3Fid%3D3728374-492%26name%3Dtelugu+old+songs+dj+remix HTTP/1.1" 200 18443 "-" "Mozilla/5.0 (Linux; Android 6.0.1; Nexus 5X Build/MMB29P) AppleWebKit/537.36 (KHTML, like Gecko) Chrome/137.0.7151.103 Mobile Safari/537.36 (compatible; Googlebot/2.1; +http://www.google.com/bot.html)"
209.74.77.214 - - [15/Jul/2025:14:50:33 +0000] "POST /wp-cron.php?doing_wp_cron=1752591033.2954840660095214843750 HTTP/1.1" 200 - "-" "WordPress/6.8.1; https://kraft-court.cafe"
20.171.207.55 - - [15/Jul/2025:14:50:33 +0000] "GET /detail/1701682882.htm HTTP/1.1" 404 1868 "-" "Mozilla/5.0 AppleWebKit/537.36 (KHTML, like Gecko; compatible; GPTBot/1.2; +https://openai.com/gptbot)"
66.249.65.36 - - [15/Jul/2025:14:50:33 +0000] "GET /?x=111718603111800&mod=6e616e79&uri=article.php%3Fid%3D3728425-492%26name%3Dcocomelon+about HTTP/1.1" 200 18432 "-" "Mozilla/5.0 (Linux; Android 6.0.1; Nexus 5X Build/MMB29P) AppleWebKit/537.36 (KHTML, like Gecko) Chrome/137.0.7151.103 Mobile Safari/537.36 (compatible; Googlebot/2.1; +http://www.google.com/bot.html)"
66.249.65.35 - - [15/Jul/2025:14:50:35 +0000] "GET /?x=111719574041800&mod=d87c68a5&uri=shared.php%3Fid%3D3728458-314%26name%3Dwellensteyn+cicero+herren+jacke+black HTTP/1.1" 200 18457 "-" "Mozilla/5.0 (Linux; Android 6.0.1; Nexus 5X Build/MMB29P) AppleWebKit/537.36 (KHTML, like Gecko) Chrome/137.0.7151.103 Mobile Safari/537.36 (compatible; Googlebot/2.1; +http://www.google.com/bot.html)"
20.171.207.55 - - [15/Jul/2025:14:50:35 +0000] "GET /detail/1702117304.htm HTTP/1.1" 404 1870 "-" "Mozilla/5.0 AppleWebKit/537.36 (KHTML, like Gecko; compatible; GPTBot/1.2; +https://openai.com/gptbot)"
66.249.65.35 - - [15/Jul/2025:14:50:36 +0000] "GET /?x=111720024141800&mod=d87c68a5&uri=article.php%3Fid%3D3728473-314%26name%3Dschwarze+weste+h+und+m HTTP/1.1" 200 18448 "-" "Mozilla/5.0 (Linux; Android 6.0.1; Nexus 5X Build/MMB29P) AppleWebKit/537.36 (KHTML, like Gecko) Chrome/137.0.7151.103 Mobile Safari/537.36 (compatible; Googlebot/2.1; +http://www.google.com/bot.html)"
20.171.207.55 - - [15/Jul/2025:14:50:38 +0000] "GET /detail/1701753385.htm HTTP/1.1" 404 1871 "-" "Mozilla/5.0 AppleWebKit/537.36 (KHTML, like Gecko; compatible; GPTBot/1.2; +https://openai.com/gptbot)"
66.249.65.35 - - [15/Jul/2025:14:50:39 +0000] "GET /?x=111717793001800&mod=c57abe86&uri=form.php%3Fid%3D3728398-324%26name%3Dtenderstem+broccoli+recipes+oven HTTP/1.1" 200 18440 "-" "Mozilla/5.0 (Linux; Android 6.0.1; Nexus 5X Build/MMB29P) AppleWebKit/537.36 (KHTML, like Gecko) Chrome/137.0.7151.103 Mobile Safari/537.36 (compatible; Googlebot/2.1; +http://www.google.com/bot.html)"
20.171.207.55 - - [15/Jul/2025:14:50:41 +0000] "GET /detail/1702151781.htm HTTP/1.1" 404 1868 "-" "Mozilla/5.0 AppleWebKit/537.36 (KHTML, like Gecko; compatible; GPTBot/1.2; +https://openai.com/gptbot)"
66.249.65.36 - - [15/Jul/2025:14:50:42 +0000] "GET /?x=111719934061800&mod=43d97d96&uri=pin.php%3Fid%3D3728470-1458%26name%3D11+degrees+parka HTTP/1.1" 200 18423 "-" "Mozilla/5.0 (Linux; Android 6.0.1; Nexus 5X Build/MMB29P) AppleWebKit/537.36 (KHTML, like Gecko) Chrome/137.0.7151.103 Mobile Safari/537.36 (compatible; Googlebot/2.1; +http://www.google.com/bot.html)"
209.74.77.214 - - [15/Jul/2025:14:50:44 +0000] "POST /wp-cron.php?doing_wp_cron=1752591044.4557039737701416015625 HTTP/1.1" 200 - "-" "WordPress/6.8.1; https://kraft-court.cafe"
20.171.207.55 - - [15/Jul/2025:14:50:44 +0000] "GET /detail/1701735179.htm HTTP/1.1" 404 1869 "-" "Mozilla/5.0 AppleWebKit/537.36 (KHTML, like Gecko; compatible; GPTBot/1.2; +https://openai.com/gptbot)"
66.249.65.36 - - [15/Jul/2025:14:50:44 +0000] "POST /get-message-notify HTTP/1.1" 200 18196 "https://kraft-court.cafe/?x=111719934061800&mod=43d97d96&uri=pin.php%3Fid%3D3728470-1458%26name%3D11+degrees+parka" "Mozilla/5.0 (Linux; Android 6.0.1; Nexus 5X Build/MMB29P) AppleWebKit/537.36 (KHTML, like Gecko) Chrome/137.0.7151.119 Mobile Safari/537.36 (compatible; Googlebot/2.1; +http://www.google.com/bot.html)"
66.249.65.36 - - [15/Jul/2025:14:50:45 +0000] "GET /?x=111716533021800&mod=6e616e79&uri=us.php%3Fid%3D3728356-492%26name%3Dpewdiepie+x+cocomelon HTTP/1.1" 200 18424 "-" "Mozilla/5.0 (Linux; Android 6.0.1; Nexus 5X Build/MMB29P) AppleWebKit/537.36 (KHTML, like Gecko) Chrome/137.0.7151.103 Mobile Safari/537.36 (compatible; Googlebot/2.1; +http://www.google.com/bot.html)"
20.171.207.55 - - [15/Jul/2025:14:50:47 +0000] "GET /detail/1702092921.htm HTTP/1.1" 404 1870 "-" "Mozilla/5.0 AppleWebKit/537.36 (KHTML, like Gecko; compatible; GPTBot/1.2; +https://openai.com/gptbot)"
66.249.65.35 - - [15/Jul/2025:14:50:48 +0000] "GET /?x=111718513001800&mod=661c1c09&uri=goods.php%3Fid%3D3728422-911%26name%3Dpolaire+femme HTTP/1.1" 200 18417 "-" "Mozilla/5.0 (Linux; Android 6.0.1; Nexus 5X Build/MMB29P) AppleWebKit/537.36 (KHTML, like Gecko) Chrome/137.0.7151.103 Mobile Safari/537.36 (compatible; Googlebot/2.1; +http://www.google.com/bot.html)"
20.171.207.55 - - [15/Jul/2025:14:50:50 +0000] "GET /detail/1701919456.htm HTTP/1.1" 404 1871 "-" "Mozilla/5.0 AppleWebKit/537.36 (KHTML, like Gecko; compatible; GPTBot/1.2; +https://openai.com/gptbot)"
66.249.65.36 - - [15/Jul/2025:14:50:50 +0000] "POST /get-message-notify HTTP/1.1" 200 18196 "https://kraft-court.cafe/?x=111718513001800&mod=661c1c09&uri=goods.php%3Fid%3D3728422-911%26name%3Dpolaire+femme" "Mozilla/5.0 (Linux; Android 6.0.1; Nexus 5X Build/MMB29P) AppleWebKit/537.36 (KHTML, like Gecko) Chrome/137.0.7151.119 Mobile Safari/537.36 (compatible; Googlebot/2.1; +http://www.google.com/bot.html)"
66.249.65.36 - - [15/Jul/2025:14:50:51 +0000] "GET /?x=111718153041800&mod=b7b16ecf&uri=brands.php%3Fid%3D3728410-39%26name%3Dhome+goods+dining+chairs HTTP/1.1" 200 18443 "-" "Mozilla/5.0 (Linux; Android 6.0.1; Nexus 5X Build/MMB29P) AppleWebKit/537.36 (KHTML, like Gecko) Chrome/137.0.7151.103 Mobile Safari/537.36 (compatible; Googlebot/2.1; +http://www.google.com/bot.html)"
20.171.207.55 - - [15/Jul/2025:14:50:53 +0000] "GET /detail/1702021309.htm HTTP/1.1" 404 1867 "-" "Mozilla/5.0 AppleWebKit/537.36 (KHTML, like Gecko; compatible; GPTBot/1.2; +https://openai.com/gptbot)"
66.249.65.35 - - [15/Jul/2025:14:50:52 +0000] "POST /get-message-notify HTTP/1.1" 200 18196 "https://kraft-court.cafe/?x=111718153041800&mod=b7b16ecf&uri=brands.php%3Fid%3D3728410-39%26name%3Dhome+goods+dining+chairs" "Mozilla/5.0 (Linux; Android 6.0.1; Nexus 5X Build/MMB29P) AppleWebKit/537.36 (KHTML, like Gecko) Chrome/137.0.7151.119 Mobile Safari/537.36 (compatible; Googlebot/2.1; +http://www.google.com/bot.html)"
66.249.65.35 - - [15/Jul/2025:14:50:54 +0000] "GET /?x=111718693141800&mod=1977ab8c&uri=pin.php%3Fid%3D3728428-860%26name%3Dov5189 HTTP/1.1" 200 18405 "-" "Mozilla/5.0 (Linux; Android 6.0.1; Nexus 5X Build/MMB29P) AppleWebKit/537.36 (KHTML, like Gecko) Chrome/137.0.7151.103 Mobile Safari/537.36 (compatible; Googlebot/2.1; +http://www.google.com/bot.html)"
20.171.207.55 - - [15/Jul/2025:14:50:55 +0000] "GET /detail/1702104370.htm HTTP/1.1" 404 1870 "-" "Mozilla/5.0 AppleWebKit/537.36 (KHTML, like Gecko; compatible; GPTBot/1.2; +https://openai.com/gptbot)"
66.249.65.36 - - [15/Jul/2025:14:50:57 +0000] "GET /?x=111719304001800&mod=43d97d96&uri=form.php%3Fid%3D3728449-1458%26name%3Dwomen%27s+thigh+length+down+jacket HTTP/1.1" 200 18451 "-" "Mozilla/5.0 (Linux; Android 6.0.1; Nexus 5X Build/MMB29P) AppleWebKit/537.36 (KHTML, like Gecko) Chrome/137.0.7151.103 Mobile Safari/537.36 (compatible; Googlebot/2.1; +http://www.google.com/bot.html)"
20.171.207.55 - - [15/Jul/2025:14:50:58 +0000] "GET /detail/1702171384.htm HTTP/1.1" 404 1870 "-" "Mozilla/5.0 AppleWebKit/537.36 (KHTML, like Gecko; compatible; GPTBot/1.2; +https://openai.com/gptbot)"
66.249.65.35 - - [15/Jul/2025:14:50:59 +0000] "GET /?x=111717973061800&mod=9b70e8fe&uri=search.php%3Fid%3D3728404-44%26name%3Ddr+martens+jadon+leder HTTP/1.1" 200 18433 "-" "Mozilla/5.0 (Linux; Android 6.0.1; Nexus 5X Build/MMB29P) AppleWebKit/537.36 (KHTML, like Gecko) Chrome/137.0.7151.103 Mobile Safari/537.36 (compatible; Googlebot/2.1; +http://www.google.com/bot.html)"
66.249.65.36 - - [15/Jul/2025:14:51:00 +0000] "POST /get-message-notify HTTP/1.1" 200 18196 "https://kraft-court.cafe/?x=111719304001800&mod=43d97d96&uri=form.php%3Fid%3D3728449-1458%26name%3Dwomen%27s+thigh+length+down+jacket" "Mozilla/5.0 (Linux; Android 6.0.1; Nexus 5X Build/MMB29P) AppleWebKit/537.36 (KHTML, like Gecko) Chrome/137.0.7151.119 Mobile Safari/537.36 (compatible; Googlebot/2.1; +http://www.google.com/bot.html)"
20.171.207.55 - - [15/Jul/2025:14:51:01 +0000] "GET /detail/1701790786.htm HTTP/1.1" 404 1868 "-" "Mozilla/5.0 AppleWebKit/537.36 (KHTML, like Gecko; compatible; GPTBot/1.2; +https://openai.com/gptbot)"
66.249.65.35 - - [15/Jul/2025:14:51:02 +0000] "GET /?x=111716983021800&mod=a6db4ed0&uri=shop.php%3Fid%3D3728371-287%26name%3Daxon+camera+mount HTTP/1.1" 200 18419 "-" "Mozilla/5.0 (Linux; Android 6.0.1; Nexus 5X Build/MMB29P) AppleWebKit/537.36 (KHTML, like Gecko) Chrome/137.0.7151.103 Mobile Safari/537.36 (compatible; Googlebot/2.1; +http://www.google.com/bot.html)"
20.171.207.55 - - [15/Jul/2025:14:51:04 +0000] "GET /detail/1702173442.htm HTTP/1.1" 404 1870 "-" "Mozilla/5.0 AppleWebKit/537.36 (KHTML, like Gecko; compatible; GPTBot/1.2; +https://openai.com/gptbot)"
66.249.65.35 - - [15/Jul/2025:14:51:05 +0000] "GET /?x=111717433021800&mod=35ec2538&uri=goods.php%3Fid%3D3728386-912%26name%3Dsuperdry+manteau+homme HTTP/1.1" 200 18431 "-" "Mozilla/5.0 (Linux; Android 6.0.1; Nexus 5X Build/MMB29P) AppleWebKit/537.36 (KHTML, like Gecko) Chrome/137.0.7151.103 Mobile Safari/537.36 (compatible; Googlebot/2.1; +http://www.google.com/bot.html)"
20.171.207.55 - - [15/Jul/2025:14:51:07 +0000] "GET /detail/1701735853.htm HTTP/1.1" 404 1871 "-" "Mozilla/5.0 AppleWebKit/537.36 (KHTML, like Gecko; compatible; GPTBot/1.2; +https://openai.com/gptbot)"
66.249.65.35 - - [15/Jul/2025:14:51:08 +0000] "GET /?x=111716893021800&mod=6e616e79&uri=products.php%3Fid%3D3728368-492%26name%3Dtelugu+old+all+songs HTTP/1.1" 200 18442 "-" "Mozilla/5.0 (Linux; Android 6.0.1; Nexus 5X Build/MMB29P) AppleWebKit/537.36 (KHTML, like Gecko) Chrome/137.0.7151.103 Mobile Safari/537.36 (compatible; Googlebot/2.1; +http://www.google.com/bot.html)"
20.171.207.55 - - [15/Jul/2025:14:51:09 +0000] "GET /detail/1702189470.htm HTTP/1.1" 404 1870 "-" "Mozilla/5.0 AppleWebKit/537.36 (KHTML, like Gecko; compatible; GPTBot/1.2; +https://openai.com/gptbot)"
66.249.65.35 - - [15/Jul/2025:14:51:10 +0000] "POST /get-message-notify HTTP/1.1" 200 18196 "https://kraft-court.cafe/?x=111720024141800&mod=d87c68a5&uri=article.php%3Fid%3D3728473-314%26name%3Dschwarze+weste+h+und+m" "Mozilla/5.0 (Linux; Android 6.0.1; Nexus 5X Build/MMB29P) AppleWebKit/537.36 (KHTML, like Gecko) Chrome/137.0.7151.119 Mobile Safari/537.36 (compatible; Googlebot/2.1; +http://www.google.com/bot.html)"
66.249.65.35 - - [15/Jul/2025:14:51:11 +0000] "GET /?x=111719754021800&mod=43d97d96&uri=form.php%3Fid%3D3728464-1458%26name%3Dschott+coats+uk HTTP/1.1" 200 18427 "-" "Mozilla/5.0 (Linux; Android 6.0.1; Nexus 5X Build/MMB29P) AppleWebKit/537.36 (KHTML, like Gecko) Chrome/137.0.7151.103 Mobile Safari/537.36 (compatible; Googlebot/2.1; +http://www.google.com/bot.html)"
66.249.65.35 - - [15/Jul/2025:14:51:12 +0000] "POST /get-message-notify HTTP/1.1" 200 18196 "https://kraft-court.cafe/?x=111717073021800&mod=6e616e79&uri=search.php%3Fid%3D3728374-492%26name%3Dtelugu+old+songs+dj+remix" "Mozilla/5.0 (Linux; Android 6.0.1; Nexus 5X Build/MMB29P) AppleWebKit/537.36 (KHTML, like Gecko) Chrome/137.0.7151.119 Mobile Safari/537.36 (compatible; Googlebot/2.1; +http://www.google.com/bot.html)"
20.171.207.55 - - [15/Jul/2025:14:51:12 +0000] "GET /detail/1701718652.htm HTTP/1.1" 404 1868 "-" "Mozilla/5.0 AppleWebKit/537.36 (KHTML, like Gecko; compatible; GPTBot/1.2; +https://openai.com/gptbot)"
20.171.207.55 - - [15/Jul/2025:14:51:15 +0000] "GET /detail/1701752180.htm HTTP/1.1" 404 1868 "-" "Mozilla/5.0 AppleWebKit/537.36 (KHTML, like Gecko; compatible; GPTBot/1.2; +https://openai.com/gptbot)"
66.249.65.35 - - [15/Jul/2025:14:51:17 +0000] "GET /?x=5664261061800&mod=dc6a7e65&uri=blog.php%3Fid%3D189129-308%26name%3Dorange+stussy+hoodie HTTP/1.1" 200 18425 "-" "Mozilla/5.0 (Linux; Android 6.0.1; Nexus 5X Build/MMB29P) AppleWebKit/537.36 (KHTML, like Gecko) Chrome/137.0.7151.103 Mobile Safari/537.36 (compatible; Googlebot/2.1; +http://www.google.com/bot.html)"
66.249.65.35 - - [15/Jul/2025:14:51:18 +0000] "GET /?x=5648140081800&mod=55d99a37&uri=shop.php%3Fid%3D188591-315%26name%3Dskagen+uhrenarmband+herren HTTP/1.1" 200 18429 "-" "Mozilla/5.0 (Linux; Android 6.0.1; Nexus 5X Build/MMB29P) AppleWebKit/537.36 (KHTML, like Gecko) Chrome/137.0.7151.103 Mobile Safari/537.36 (compatible; Googlebot/2.1; +http://www.google.com/bot.html)"
20.171.207.55 - - [15/Jul/2025:14:51:18 +0000] "GET /detail/1701749640.htm HTTP/1.1" 404 1870 "-" "Mozilla/5.0 AppleWebKit/537.36 (KHTML, like Gecko; compatible; GPTBot/1.2; +https://openai.com/gptbot)"
20.171.207.55 - - [15/Jul/2025:14:51:21 +0000] "GET /detail/1701904014.htm HTTP/1.1" 404 1870 "-" "Mozilla/5.0 AppleWebKit/537.36 (KHTML, like Gecko; compatible; GPTBot/1.2; +https://openai.com/gptbot)"
66.249.65.35 - - [15/Jul/2025:14:51:22 +0000] "POST /get-message-notify HTTP/1.1" 200 18196 "https://kraft-court.cafe/?x=5664261061800&mod=dc6a7e65&uri=blog.php%3Fid%3D189129-308%26name%3Dorange+stussy+hoodie" "Mozilla/5.0 (Linux; Android 6.0.1; Nexus 5X Build/MMB29P) AppleWebKit/537.36 (KHTML, like Gecko) Chrome/137.0.7151.119 Mobile Safari/537.36 (compatible; Googlebot/2.1; +http://www.google.com/bot.html)"
20.171.207.55 - - [15/Jul/2025:14:51:24 +0000] "GET /detail/1702141441.htm HTTP/1.1" 404 1870 "-" "Mozilla/5.0 AppleWebKit/537.36 (KHTML, like Gecko; compatible; GPTBot/1.2; +https://openai.com/gptbot)"
20.171.207.55 - - [15/Jul/2025:14:51:26 +0000] "GET /detail/1702207002.htm HTTP/1.1" 404 1867 "-" "Mozilla/5.0 AppleWebKit/537.36 (KHTML, like Gecko; compatible; GPTBot/1.2; +https://openai.com/gptbot)"
66.249.65.35 - - [15/Jul/2025:14:51:27 +0000] "GET /?x=119582119091800&mod=55d99a37&uri=article.php%3Fid%3D3990822-315%26name%3Dseniorenarmbanduhr HTTP/1.1" 200 18436 "-" "Mozilla/5.0 (Linux; Android 6.0.1; Nexus 5X Build/MMB29P) AppleWebKit/537.36 (KHTML, like Gecko) Chrome/137.0.7151.103 Mobile Safari/537.36 (compatible; Googlebot/2.1; +http://www.google.com/bot.html)"
20.171.207.55 - - [15/Jul/2025:14:51:29 +0000] "GET /detail/1701783168.htm HTTP/1.1" 404 1868 "-" "Mozilla/5.0 AppleWebKit/537.36 (KHTML, like Gecko; compatible; GPTBot/1.2; +https://openai.com/gptbot)"
66.249.65.35 - - [15/Jul/2025:14:51:30 +0000] "GET /?x=119735653041800&mod=309928d4&uri=dp.php%3Fid%3D3995942-141%26name%3Dvestidos+en+tela+seda HTTP/1.1" 200 18431 "-" "Mozilla/5.0 (Linux; Android 6.0.1; Nexus 5X Build/MMB29P) AppleWebKit/537.36 (KHTML, like Gecko) Chrome/137.0.7151.103 Mobile Safari/537.36 (compatible; Googlebot/2.1; +http://www.google.com/bot.html)"
66.249.65.35 - - [15/Jul/2025:14:51:30 +0000] "POST /get-message-notify HTTP/1.1" 200 18196 "https://kraft-court.cafe/?x=111716893021800&mod=6e616e79&uri=products.php%3Fid%3D3728368-492%26name%3Dtelugu+old+all+songs" "Mozilla/5.0 (Linux; Android 6.0.1; Nexus 5X Build/MMB29P) AppleWebKit/537.36 (KHTML, like Gecko) Chrome/137.0.7151.119 Mobile Safari/537.36 (compatible; Googlebot/2.1; +http://www.google.com/bot.html)"
20.171.207.55 - - [15/Jul/2025:14:51:32 +0000] "GET /detail/1701792055.htm HTTP/1.1" 404 1868 "-" "Mozilla/5.0 AppleWebKit/537.36 (KHTML, like Gecko; compatible; GPTBot/1.2; +https://openai.com/gptbot)"
209.74.77.214 - - [15/Jul/2025:14:51:35 +0000] "POST /wp-cron.php?doing_wp_cron=1752591095.7523710727691650390625 HTTP/1.1" 200 - "-" "WordPress/6.8.1; https://kraft-court.cafe"
20.171.207.55 - - [15/Jul/2025:14:51:35 +0000] "GET /detail/1701767854.htm HTTP/1.1" 404 1870 "-" "Mozilla/5.0 AppleWebKit/537.36 (KHTML, like Gecko; compatible; GPTBot/1.2; +https://openai.com/gptbot)"
