66.249.65.35 - - [15/Jul/2025:14:51:35 +0000] "GET /?x=5647326041800&mod=55d99a37&uri=us.php?detail/2881650.htm HTTP/1.1" 200 19275 "-" "Mozilla/5.0 (Linux; Android 6.0.1; Nexus 5X Build/MMB29P) AppleWebKit/537.36 (KHTML, like Gecko) Chrome/137.0.7151.103 Mobile Safari/537.36 (compatible; Googlebot/2.1; +http://www.google.com/bot.html)"
66.249.65.35 - - [15/Jul/2025:14:51:36 +0000] "GET /?x=5663901091800&mod=ada5e0b6&uri=shop.php%3Fid%3D189117-309%26name%3Dasus+geforce+rtx+3060+dual+oc HTTP/1.1" 200 18440 "-" "Mozilla/5.0 (Linux; Android 6.0.1; Nexus 5X Build/MMB29P) AppleWebKit/537.36 (KHTML, like Gecko) Chrome/137.0.7151.103 Mobile Safari/537.36 (compatible; Googlebot/2.1; +http://www.google.com/bot.html)"
66.249.65.35 - - [15/Jul/2025:14:51:37 +0000] "GET /?x=5665851041800&mod=dc6a7e65&uri=blog.php%3Fid%3D189182-308%26name%3Dshark+hoodie+brand HTTP/1.1" 200 18421 "-" "Mozilla/5.0 (Linux; Android 6.0.1; Nexus 5X Build/MMB29P) AppleWebKit/537.36 (KHTML, like Gecko) Chrome/137.0.7151.103 Mobile Safari/537.36 (compatible; Googlebot/2.1; +http://www.google.com/bot.html)"
20.171.207.55 - - [15/Jul/2025:14:51:38 +0000] "GET /detail/1701763597.htm HTTP/1.1" 404 1869 "-" "Mozilla/5.0 AppleWebKit/537.36 (KHTML, like Gecko; compatible; GPTBot/1.2; +https://openai.com/gptbot)"
20.171.207.55 - - [15/Jul/2025:14:51:41 +0000] "GET /detail/1701723762.htm HTTP/1.1" 404 1868 "-" "Mozilla/5.0 AppleWebKit/537.36 (KHTML, like Gecko; compatible; GPTBot/1.2; +https://openai.com/gptbot)"
66.249.65.36 - - [15/Jul/2025:14:51:41 +0000] "GET /?x=5665311111800&mod=dc6a7e65&uri=goods.php%3Fid%3D189164-308%26name%3Dwomens+running+hoodie HTTP/1.1" 200 18424 "-" "Mozilla/5.0 (Linux; Android 6.0.1; Nexus 5X Build/MMB29P) AppleWebKit/537.36 (KHTML, like Gecko) Chrome/137.0.7151.103 Mobile Safari/537.36 (compatible; Googlebot/2.1; +http://www.google.com/bot.html)"
209.74.77.214 - - [15/Jul/2025:14:51:44 +0000] "POST /wp-cron.php?doing_wp_cron=1752591104.2012259960174560546875 HTTP/1.1" 200 - "-" "WordPress/6.8.1; https://kraft-court.cafe"
20.171.207.55 - - [15/Jul/2025:14:51:44 +0000] "GET /detail/1702420228.htm HTTP/1.1" 404 1866 "-" "Mozilla/5.0 AppleWebKit/537.36 (KHTML, like Gecko; compatible; GPTBot/1.2; +https://openai.com/gptbot)"
66.249.65.35 - - [15/Jul/2025:14:51:45 +0000] "GET /?x=5711840031800&mod=333cb763&uri=shop.php%3Fid%3D190721-334%26name%3Dending+again+dramacool HTTP/1.1" 200 18426 "-" "Mozilla/5.0 (Linux; Android 6.0.1; Nexus 5X Build/MMB29P) AppleWebKit/537.36 (KHTML, like Gecko) Chrome/137.0.7151.103 Mobile Safari/537.36 (compatible; Googlebot/2.1; +http://www.google.com/bot.html)"
20.171.207.55 - - [15/Jul/2025:14:51:46 +0000] "GET /detail/1702262287.htm HTTP/1.1" 404 1868 "-" "Mozilla/5.0 AppleWebKit/537.36 (KHTML, like Gecko; compatible; GPTBot/1.2; +https://openai.com/gptbot)"
66.249.65.35 - - [15/Jul/2025:14:51:48 +0000] "POST /get-message-notify HTTP/1.1" 200 18196 "https://kraft-court.cafe/?x=5711840031800&mod=333cb763&uri=shop.php%3Fid%3D190721-334%26name%3Dending+again+dramacool" "Mozilla/5.0 (Linux; Android 6.0.1; Nexus 5X Build/MMB29P) AppleWebKit/537.36 (KHTML, like Gecko) Chrome/137.0.7151.119 Mobile Safari/537.36 (compatible; Googlebot/2.1; +http://www.google.com/bot.html)"
20.171.207.55 - - [15/Jul/2025:14:51:49 +0000] "GET /detail/1702186706.htm HTTP/1.1" 404 1867 "-" "Mozilla/5.0 AppleWebKit/537.36 (KHTML, like Gecko; compatible; GPTBot/1.2; +https://openai.com/gptbot)"
66.249.65.35 - - [15/Jul/2025:14:51:49 +0000] "GET /?x=5664111011800&mod=dc6a7e65&uri=info.php%3Fid%3D189124-308%26name%3Dcuppa+army+hoodie HTTP/1.1" 200 18416 "-" "Mozilla/5.0 (Linux; Android 6.0.1; Nexus 5X Build/MMB29P) AppleWebKit/537.36 (KHTML, like Gecko) Chrome/137.0.7151.103 Mobile Safari/537.36 (compatible; Googlebot/2.1; +http://www.google.com/bot.html)"
66.249.65.35 - - [15/Jul/2025:14:51:51 +0000] "POST /get-message-notify HTTP/1.1" 200 18196 "https://kraft-court.cafe/?x=5664111011800&mod=dc6a7e65&uri=info.php%3Fid%3D189124-308%26name%3Dcuppa+army+hoodie" "Mozilla/5.0 AppleWebKit/537.36 (KHTML, like Gecko; compatible; Googlebot/2.1; +http://www.google.com/bot.html) Chrome/137.0.7151.119 Safari/537.36"
66.249.65.36 - - [15/Jul/2025:14:51:51 +0000] "GET /?x=5664831021800&mod=dc6a7e65&uri=brands.php%3Fid%3D189148-308%26name%3Dmalibu+grey+sweatshirt HTTP/1.1" 200 18434 "-" "Mozilla/5.0 (Linux; Android 6.0.1; Nexus 5X Build/MMB29P) AppleWebKit/537.36 (KHTML, like Gecko) Chrome/137.0.7151.103 Mobile Safari/537.36 (compatible; Googlebot/2.1; +http://www.google.com/bot.html)"
20.171.207.55 - - [15/Jul/2025:14:51:52 +0000] "GET /detail/1701765124.htm HTTP/1.1" 404 1870 "-" "Mozilla/5.0 AppleWebKit/537.36 (KHTML, like Gecko; compatible; GPTBot/1.2; +https://openai.com/gptbot)"
66.249.65.35 - - [15/Jul/2025:14:51:52 +0000] "GET /?x=5666031051800&mod=dc6a7e65&uri=info.php%3Fid%3D189188-308%26name%3Djacket+with+hoodie+women%27s HTTP/1.1" 200 18440 "-" "Mozilla/5.0 (Linux; Android 6.0.1; Nexus 5X Build/MMB29P) AppleWebKit/537.36 (KHTML, like Gecko) Chrome/137.0.7151.103 Mobile Safari/537.36 (compatible; Googlebot/2.1; +http://www.google.com/bot.html)"
66.249.65.36 - - [15/Jul/2025:14:51:53 +0000] "POST /get-message-notify HTTP/1.1" 200 18196 "https://kraft-court.cafe/?x=5664831021800&mod=dc6a7e65&uri=brands.php%3Fid%3D189148-308%26name%3Dmalibu+grey+sweatshirt" "Mozilla/5.0 (Linux; Android 6.0.1; Nexus 5X Build/MMB29P) AppleWebKit/537.36 (KHTML, like Gecko) Chrome/137.0.7151.119 Mobile Safari/537.36 (compatible; Googlebot/2.1; +http://www.google.com/bot.html)"
66.249.65.36 - - [15/Jul/2025:14:51:54 +0000] "GET /?x=5665701091800&mod=dd8eb9f2&uri=blog.php%3Fid%3D189177-87%26name%3Dshoei+rf+1200+chin+mount HTTP/1.1" 200 18430 "-" "Mozilla/5.0 (Linux; Android 6.0.1; Nexus 5X Build/MMB29P) AppleWebKit/537.36 (KHTML, like Gecko) Chrome/137.0.7151.103 Mobile Safari/537.36 (compatible; Googlebot/2.1; +http://www.google.com/bot.html)"
20.171.207.55 - - [15/Jul/2025:14:51:55 +0000] "GET /detail/1701745519.htm HTTP/1.1" 404 1870 "-" "Mozilla/5.0 AppleWebKit/537.36 (KHTML, like Gecko; compatible; GPTBot/1.2; +https://openai.com/gptbot)"
66.249.65.35 - - [15/Jul/2025:14:51:55 +0000] "GET /?x=119855936141800&mod=895daa40&uri=shared.php%3Fid%3D3999955-363%26name%3Dblack+elastic+bracelet HTTP/1.1" 200 18433 "-" "Mozilla/5.0 (Linux; Android 6.0.1; Nexus 5X Build/MMB29P) AppleWebKit/537.36 (KHTML, like Gecko) Chrome/137.0.7151.103 Mobile Safari/537.36 (compatible; Googlebot/2.1; +http://www.google.com/bot.html)"
66.249.65.35 - - [15/Jul/2025:14:51:57 +0000] "GET /?x=5664471131800&mod=dc6a7e65&uri=category-info.php%3Fid%3D189136-308%26name%3Dbershka+blackpink+hoodie HTTP/1.1" 200 18461 "-" "Mozilla/5.0 (Linux; Android 6.0.1; Nexus 5X Build/MMB29P) AppleWebKit/537.36 (KHTML, like Gecko) Chrome/137.0.7151.103 Mobile Safari/537.36 (compatible; Googlebot/2.1; +http://www.google.com/bot.html)"
20.171.207.55 - - [15/Jul/2025:14:51:58 +0000] "GET /detail/1701762392.htm HTTP/1.1" 404 1868 "-" "Mozilla/5.0 AppleWebKit/537.36 (KHTML, like Gecko; compatible; GPTBot/1.2; +https://openai.com/gptbot)"
66.249.65.35 - - [15/Jul/2025:14:51:58 +0000] "GET /?x=5664561011800&mod=dc6a7e65&uri=products.php%3Fid%3D189139-308%26name%3Dgirlies+hoodie+merch HTTP/1.1" 200 18430 "-" "Mozilla/5.0 (Linux; Android 6.0.1; Nexus 5X Build/MMB29P) AppleWebKit/537.36 (KHTML, like Gecko) Chrome/137.0.7151.103 Mobile Safari/537.36 (compatible; Googlebot/2.1; +http://www.google.com/bot.html)"
66.249.65.36 - - [15/Jul/2025:14:52:01 +0000] "POST /get-message-notify HTTP/1.1" 200 18196 "https://kraft-court.cafe/?x=5665311111800&mod=dc6a7e65&uri=goods.php%3Fid%3D189164-308%26name%3Dwomens+running+hoodie" "Mozilla/5.0 (Linux; Android 6.0.1; Nexus 5X Build/MMB29P) AppleWebKit/537.36 (KHTML, like Gecko) Chrome/137.0.7151.119 Mobile Safari/537.36 (compatible; Googlebot/2.1; +http://www.google.com/bot.html)"
66.249.65.36 - - [15/Jul/2025:14:52:01 +0000] "POST /get-message-notify HTTP/1.1" 200 18196 "https://kraft-court.cafe/?x=5664561011800&mod=dc6a7e65&uri=products.php%3Fid%3D189139-308%26name%3Dgirlies+hoodie+merch" "Mozilla/5.0 (Linux; Android 6.0.1; Nexus 5X Build/MMB29P) AppleWebKit/537.36 (KHTML, like Gecko) Chrome/137.0.7151.119 Mobile Safari/537.36 (compatible; Googlebot/2.1; +http://www.google.com/bot.html)"
20.171.207.55 - - [15/Jul/2025:14:52:02 +0000] "GET /detail/1701876601.htm HTTP/1.1" 404 1868 "-" "Mozilla/5.0 AppleWebKit/537.36 (KHTML, like Gecko; compatible; GPTBot/1.2; +https://openai.com/gptbot)"
20.171.207.55 - - [15/Jul/2025:14:52:04 +0000] "GET /detail/1701765975.htm HTTP/1.1" 404 1869 "-" "Mozilla/5.0 AppleWebKit/537.36 (KHTML, like Gecko; compatible; GPTBot/1.2; +https://openai.com/gptbot)"
66.249.65.35 - - [15/Jul/2025:14:52:04 +0000] "GET /?x=5664711061800&mod=dc6a7e65&uri=brands.php%3Fid%3D189144-308%26name%3Dgranny+sweatshirt HTTP/1.1" 200 18422 "-" "Mozilla/5.0 (Linux; Android 6.0.1; Nexus 5X Build/MMB29P) AppleWebKit/537.36 (KHTML, like Gecko) Chrome/137.0.7151.103 Mobile Safari/537.36 (compatible; Googlebot/2.1; +http://www.google.com/bot.html)"
20.171.207.55 - - [15/Jul/2025:14:52:07 +0000] "GET /detail/1701724967.htm HTTP/1.1" 404 1870 "-" "Mozilla/5.0 AppleWebKit/537.36 (KHTML, like Gecko; compatible; GPTBot/1.2; +https://openai.com/gptbot)"
66.249.65.35 - - [15/Jul/2025:14:52:07 +0000] "POST /get-message-notify HTTP/1.1" 200 18196 "https://kraft-court.cafe/?x=5664711061800&mod=dc6a7e65&uri=brands.php%3Fid%3D189144-308%26name%3Dgranny+sweatshirt" "Mozilla/5.0 (Linux; Android 6.0.1; Nexus 5X Build/MMB29P) AppleWebKit/537.36 (KHTML, like Gecko) Chrome/137.0.7151.119 Mobile Safari/537.36 (compatible; Googlebot/2.1; +http://www.google.com/bot.html)"
66.249.65.35 - - [15/Jul/2025:14:52:08 +0000] "GET /?x=111124501041800&mod=2de7cf20&uri=itm.php%3Fid%3D3708575-333%26name%3Dglasses+chain HTTP/1.1" 200 18410 "-" "Mozilla/5.0 (Linux; Android 6.0.1; Nexus 5X Build/MMB29P) AppleWebKit/537.36 (KHTML, like Gecko) Chrome/137.0.7151.103 Mobile Safari/537.36 (compatible; Googlebot/2.1; +http://www.google.com/bot.html)"
66.249.65.35 - - [15/Jul/2025:14:52:09 +0000] "GET /?x=5699907121800&mod=2de7cf20&uri=products.php%3Fid%3D190318-333%26name%3Dsilver+finger+ring+for+gents HTTP/1.1" 200 18440 "-" "Mozilla/5.0 (Linux; Android 6.0.1; Nexus 5X Build/MMB29P) AppleWebKit/537.36 (KHTML, like Gecko) Chrome/137.0.7151.103 Mobile Safari/537.36 (compatible; Googlebot/2.1; +http://www.google.com/bot.html)"
20.171.207.55 - - [15/Jul/2025:14:52:09 +0000] "GET /detail/1702415158.htm HTTP/1.1" 404 1867 "-" "Mozilla/5.0 AppleWebKit/537.36 (KHTML, like Gecko; compatible; GPTBot/1.2; +https://openai.com/gptbot)"
66.249.65.35 - - [15/Jul/2025:14:52:11 +0000] "GET /?x=5694627011800&mod=dc6a7e65&uri=products.php%3Fid%3D190142-308%26name%3Dobey+yin+yang+sweatshirt HTTP/1.1" 200 18442 "-" "Mozilla/5.0 (Linux; Android 6.0.1; Nexus 5X Build/MMB29P) AppleWebKit/537.36 (KHTML, like Gecko) Chrome/137.0.7151.103 Mobile Safari/537.36 (compatible; Googlebot/2.1; +http://www.google.com/bot.html)"
66.249.65.35 - - [15/Jul/2025:14:52:11 +0000] "POST /get-message-notify HTTP/1.1" 200 18196 "https://kraft-court.cafe/?x=111124501041800&mod=2de7cf20&uri=itm.php%3Fid%3D3708575-333%26name%3Dglasses+chain" "Mozilla/5.0 (Linux; Android 6.0.1; Nexus 5X Build/MMB29P) AppleWebKit/537.36 (KHTML, like Gecko) Chrome/137.0.7151.119 Mobile Safari/537.36 (compatible; Googlebot/2.1; +http://www.google.com/bot.html)"
20.171.207.55 - - [15/Jul/2025:14:52:12 +0000] "GET /detail/1701733974.htm HTTP/1.1" 404 1870 "-" "Mozilla/5.0 AppleWebKit/537.36 (KHTML, like Gecko; compatible; GPTBot/1.2; +https://openai.com/gptbot)"
66.249.65.35 - - [15/Jul/2025:14:52:14 +0000] "POST /get-message-notify HTTP/1.1" 200 18196 "https://kraft-court.cafe/?x=5694627011800&mod=dc6a7e65&uri=products.php%3Fid%3D190142-308%26name%3Dobey+yin+yang+sweatshirt" "Mozilla/5.0 (Linux; Android 6.0.1; Nexus 5X Build/MMB29P) AppleWebKit/537.36 (KHTML, like Gecko) Chrome/137.0.7151.119 Mobile Safari/537.36 (compatible; Googlebot/2.1; +http://www.google.com/bot.html)"
66.249.65.35 - - [15/Jul/2025:14:52:14 +0000] "GET /?x=119425200041800&mod=528aecdf&uri=category-info.php%3Fid%3D3985585-323%26name%3Dyeti+cup+mug HTTP/1.1" 200 18454 "-" "Mozilla/5.0 (Linux; Android 6.0.1; Nexus 5X Build/MMB29P) AppleWebKit/537.36 (KHTML, like Gecko) Chrome/137.0.7151.103 Mobile Safari/537.36 (compatible; Googlebot/2.1; +http://www.google.com/bot.html)"
20.171.207.55 - - [15/Jul/2025:14:52:15 +0000] "GET /detail/1701786913.htm HTTP/1.1" 404 1869 "-" "Mozilla/5.0 AppleWebKit/537.36 (KHTML, like Gecko; compatible; GPTBot/1.2; +https://openai.com/gptbot)"
66.249.65.35 - - [15/Jul/2025:14:52:16 +0000] "POST /get-message-notify HTTP/1.1" 200 18196 "https://kraft-court.cafe/?x=5699907121800&mod=2de7cf20&uri=products.php%3Fid%3D190318-333%26name%3Dsilver+finger+ring+for+gents" "Mozilla/5.0 (Linux; Android 6.0.1; Nexus 5X Build/MMB29P) AppleWebKit/537.36 (KHTML, like Gecko) Chrome/137.0.7151.119 Mobile Safari/537.36 (compatible; Googlebot/2.1; +http://www.google.com/bot.html)"
66.249.65.35 - - [15/Jul/2025:14:52:17 +0000] "GET /?x=5700147021800&mod=2de7cf20&uri=article.php%3Fid%3D190326-333%26name%3Dstack+engagement+ring+wedding+band HTTP/1.1" 200 18453 "-" "Mozilla/5.0 (Linux; Android 6.0.1; Nexus 5X Build/MMB29P) AppleWebKit/537.36 (KHTML, like Gecko) Chrome/137.0.7151.103 Mobile Safari/537.36 (compatible; Googlebot/2.1; +http://www.google.com/bot.html)"
20.171.207.55 - - [15/Jul/2025:14:52:18 +0000] "GET /detail/1702352617.htm HTTP/1.1" 404 1868 "-" "Mozilla/5.0 AppleWebKit/537.36 (KHTML, like Gecko; compatible; GPTBot/1.2; +https://openai.com/gptbot)"
66.249.65.35 - - [15/Jul/2025:14:52:20 +0000] "POST /get-message-notify HTTP/1.1" 200 18196 "https://kraft-court.cafe/?x=5665851041800&mod=dc6a7e65&uri=blog.php%3Fid%3D189182-308%26name%3Dshark+hoodie+brand" "Mozilla/5.0 (Linux; Android 6.0.1; Nexus 5X Build/MMB29P) AppleWebKit/537.36 (KHTML, like Gecko) Chrome/137.0.7151.119 Mobile Safari/537.36 (compatible; Googlebot/2.1; +http://www.google.com/bot.html)"
66.249.65.35 - - [15/Jul/2025:14:52:20 +0000] "GET /?x=5684100101800&mod=2de7cf20&uri=article.php%3Fid%3D189791-333%26name%3Dgold+sets+in+20+grams HTTP/1.1" 200 18433 "-" "Mozilla/5.0 (Linux; Android 6.0.1; Nexus 5X Build/MMB29P) AppleWebKit/537.36 (KHTML, like Gecko) Chrome/137.0.7151.103 Mobile Safari/537.36 (compatible; Googlebot/2.1; +http://www.google.com/bot.html)"
20.171.207.55 - - [15/Jul/2025:14:52:21 +0000] "GET /detail/1702403709.htm HTTP/1.1" 404 1867 "-" "Mozilla/5.0 AppleWebKit/537.36 (KHTML, like Gecko; compatible; GPTBot/1.2; +https://openai.com/gptbot)"
20.171.207.55 - - [15/Jul/2025:14:52:24 +0000] "GET /detail/1702122704.htm HTTP/1.1" 404 1870 "-" "Mozilla/5.0 AppleWebKit/537.36 (KHTML, like Gecko; compatible; GPTBot/1.2; +https://openai.com/gptbot)"
66.249.65.35 - - [15/Jul/2025:14:52:24 +0000] "POST /get-message-notify HTTP/1.1" 200 18196 "https://kraft-court.cafe/?x=5684100101800&mod=2de7cf20&uri=article.php%3Fid%3D189791-333%26name%3Dgold+sets+in+20+grams" "Mozilla/5.0 (Linux; Android 6.0.1; Nexus 5X Build/MMB29P) AppleWebKit/537.36 (KHTML, like Gecko) Chrome/137.0.7151.119 Mobile Safari/537.36 (compatible; Googlebot/2.1; +http://www.google.com/bot.html)"
66.249.65.35 - - [15/Jul/2025:14:52:26 +0000] "GET /?x=5700117051800&mod=2de7cf20&uri=products.php%3Fid%3D190325-333%26name%3Devil+eye+necklace+kay+jewelers HTTP/1.1" 200 18451 "-" "Mozilla/5.0 (Linux; Android 6.0.1; Nexus 5X Build/MMB29P) AppleWebKit/537.36 (KHTML, like Gecko) Chrome/137.0.7151.103 Mobile Safari/537.36 (compatible; Googlebot/2.1; +http://www.google.com/bot.html)"
20.171.207.55 - - [15/Jul/2025:14:52:27 +0000] "GET /detail/1701760833.htm HTTP/1.1" 404 1870 "-" "Mozilla/5.0 AppleWebKit/537.36 (KHTML, like Gecko; compatible; GPTBot/1.2; +https://openai.com/gptbot)"
66.249.65.35 - - [15/Jul/2025:14:52:27 +0000] "POST /get-message-notify HTTP/1.1" 200 18196 "https://kraft-court.cafe/?x=119425200041800&mod=528aecdf&uri=category-info.php%3Fid%3D3985585-323%26name%3Dyeti+cup+mug" "Mozilla/5.0 (Linux; Android 6.0.1; Nexus 5X Build/MMB29P) AppleWebKit/537.36 (KHTML, like Gecko) Chrome/137.0.7151.119 Mobile Safari/537.36 (compatible; Googlebot/2.1; +http://www.google.com/bot.html)"
66.249.65.36 - - [15/Jul/2025:14:52:29 +0000] "GET /?x=33702175011800&mod=528aecdf&uri=form.php%3Fid%3D1124847-323%26name%3Dhydro+flask+shave+ice+40+oz HTTP/1.1" 200 18442 "-" "Mozilla/5.0 (Linux; Android 6.0.1; Nexus 5X Build/MMB29P) AppleWebKit/537.36 (KHTML, like Gecko) Chrome/137.0.7151.103 Mobile Safari/537.36 (compatible; Googlebot/2.1; +http://www.google.com/bot.html)"
20.171.207.55 - - [15/Jul/2025:14:52:30 +0000] "GET /detail/1701936015.htm HTTP/1.1" 404 1868 "-" "Mozilla/5.0 AppleWebKit/537.36 (KHTML, like Gecko; compatible; GPTBot/1.2; +https://openai.com/gptbot)"
66.249.65.35 - - [15/Jul/2025:14:52:32 +0000] "GET /?x=119576714001800&mod=55d99a37&uri=blog.php%3Fid%3D3990641-315%26name%3Duhrzeiger+aus+holz HTTP/1.1" 200 18426 "-" "Mozilla/5.0 (Linux; Android 6.0.1; Nexus 5X Build/MMB29P) AppleWebKit/537.36 (KHTML, like Gecko) Chrome/137.0.7151.103 Mobile Safari/537.36 (compatible; Googlebot/2.1; +http://www.google.com/bot.html)"
209.74.77.214 - - [15/Jul/2025:14:52:33 +0000] "POST /wp-cron.php?doing_wp_cron=1752591153.2195639610290527343750 HTTP/1.1" 200 - "-" "WordPress/6.8.1; https://kraft-court.cafe"
20.171.207.55 - - [15/Jul/2025:14:52:33 +0000] "GET /detail/1701756309.htm HTTP/1.1" 404 1869 "-" "Mozilla/5.0 AppleWebKit/537.36 (KHTML, like Gecko; compatible; GPTBot/1.2; +https://openai.com/gptbot)"
66.249.65.35 - - [15/Jul/2025:14:52:35 +0000] "GET /?x=5701467041800&mod=2de7cf20&uri=brands.php%3Fid%3D190370-333%26name%3Dargos+bracelet+safety+chain HTTP/1.1" 200 18434 "-" "Mozilla/5.0 (Linux; Android 6.0.1; Nexus 5X Build/MMB29P) AppleWebKit/537.36 (KHTML, like Gecko) Chrome/137.0.7151.103 Mobile Safari/537.36 (compatible; Googlebot/2.1; +http://www.google.com/bot.html)"
20.171.207.55 - - [15/Jul/2025:14:52:35 +0000] "GET /detail/1701730101.htm HTTP/1.1" 404 1868 "-" "Mozilla/5.0 AppleWebKit/537.36 (KHTML, like Gecko; compatible; GPTBot/1.2; +https://openai.com/gptbot)"
66.249.65.35 - - [15/Jul/2025:14:52:38 +0000] "GET /?x=5701857071800&mod=2de7cf20&uri=category-info.php%3Fid%3D190383-333%26name%3Dsm+north+jewelry+shop HTTP/1.1" 200 18459 "-" "Mozilla/5.0 (Linux; Android 6.0.1; Nexus 5X Build/MMB29P) AppleWebKit/537.36 (KHTML, like Gecko) Chrome/137.0.7151.103 Mobile Safari/537.36 (compatible; Googlebot/2.1; +http://www.google.com/bot.html)"
20.171.207.55 - - [15/Jul/2025:14:52:38 +0000] "GET /detail/1702212200.htm HTTP/1.1" 404 1868 "-" "Mozilla/5.0 AppleWebKit/537.36 (KHTML, like Gecko; compatible; GPTBot/1.2; +https://openai.com/gptbot)"
66.249.65.35 - - [15/Jul/2025:14:52:41 +0000] "GET /?x=5701647101800&mod=2de7cf20&uri=us.php%3Fid%3D190376-333%26name%3Djared+galleria+mall HTTP/1.1" 200 18418 "-" "Mozilla/5.0 (Linux; Android 6.0.1; Nexus 5X Build/MMB29P) AppleWebKit/537.36 (KHTML, like Gecko) Chrome/137.0.7151.103 Mobile Safari/537.36 (compatible; Googlebot/2.1; +http://www.google.com/bot.html)"
20.171.207.55 - - [15/Jul/2025:14:52:41 +0000] "GET /detail/1701740313.htm HTTP/1.1" 404 1870 "-" "Mozilla/5.0 AppleWebKit/537.36 (KHTML, like Gecko; compatible; GPTBot/1.2; +https://openai.com/gptbot)"
66.249.65.36 - - [15/Jul/2025:14:52:42 +0000] "GET /?x=6043824001800&mod=b071cfa8&uri=info.php%3Fid%3D201824-347%26name%3Dcelio+sweat+pikachu HTTP/1.1" 200 18421 "-" "Mozilla/5.0 (Linux; Android 6.0.1; Nexus 5X Build/MMB29P) AppleWebKit/537.36 (KHTML, like Gecko) Chrome/137.0.7151.103 Mobile Safari/537.36 (compatible; Googlebot/2.1; +http://www.google.com/bot.html)"
66.249.65.35 - - [15/Jul/2025:14:52:43 +0000] "POST /get-message-notify HTTP/1.1" 200 18196 "https://kraft-court.cafe/?x=5701647101800&mod=2de7cf20&uri=us.php%3Fid%3D190376-333%26name%3Djared+galleria+mall" "Mozilla/5.0 (Linux; Android 6.0.1; Nexus 5X Build/MMB29P) AppleWebKit/537.36 (KHTML, like Gecko) Chrome/137.0.7151.119 Mobile Safari/537.36 (compatible; Googlebot/2.1; +http://www.google.com/bot.html)"
209.74.77.214 - - [15/Jul/2025:14:52:44 +0000] "POST /wp-cron.php?doing_wp_cron=1752591164.5444691181182861328125 HTTP/1.1" 200 - "-" "WordPress/6.8.1; https://kraft-court.cafe"
20.171.207.55 - - [15/Jul/2025:14:52:44 +0000] "GET /detail/1701901412.htm HTTP/1.1" 404 1870 "-" "Mozilla/5.0 AppleWebKit/537.36 (KHTML, like Gecko; compatible; GPTBot/1.2; +https://openai.com/gptbot)"
66.249.65.35 - - [15/Jul/2025:14:52:45 +0000] "GET /?x=5753517041800&mod=97108695&uri=category-info.php%3Fid%3D192137-335%26name%3Dori+the+will+of+the+wisps+switch HTTP/1.1" 200 18469 "-" "Mozilla/5.0 (Linux; Android 6.0.1; Nexus 5X Build/MMB29P) AppleWebKit/537.36 (KHTML, like Gecko) Chrome/137.0.7151.103 Mobile Safari/537.36 (compatible; Googlebot/2.1; +http://www.google.com/bot.html)"
20.171.207.55 - - [15/Jul/2025:14:52:47 +0000] "GET /detail/1701765090.htm HTTP/1.1" 404 1868 "-" "Mozilla/5.0 AppleWebKit/537.36 (KHTML, like Gecko; compatible; GPTBot/1.2; +https://openai.com/gptbot)"
66.249.65.35 - - [15/Jul/2025:14:52:47 +0000] "GET /?x=38724211021800&mod=dc6a7e65&uri=shop.php%3Fid%3D1292424-308%26name%3Dbaggy+zip+up+sweatshirt HTTP/1.1" 200 18434 "-" "Mozilla/5.0 (Linux; Android 6.0.1; Nexus 5X Build/MMB29P) AppleWebKit/537.36 (KHTML, like Gecko) Chrome/137.0.7151.103 Mobile Safari/537.36 (compatible; Googlebot/2.1; +http://www.google.com/bot.html)"
66.249.65.35 - - [15/Jul/2025:14:52:48 +0000] "GET /?x=37160347041800&mod=dc6a7e65&uri=blog.php%3Fid%3D1240258-308%26name%3Dnavy+stone+island+zip+hoodie HTTP/1.1" 200 18446 "-" "Mozilla/5.0 (Linux; Android 6.0.1; Nexus 5X Build/MMB29P) AppleWebKit/537.36 (KHTML, like Gecko) Chrome/137.0.7151.103 Mobile Safari/537.36 (compatible; Googlebot/2.1; +http://www.google.com/bot.html)"
20.171.207.55 - - [15/Jul/2025:14:52:49 +0000] "GET /detail/1702102248.htm HTTP/1.1" 404 1870 "-" "Mozilla/5.0 AppleWebKit/537.36 (KHTML, like Gecko; compatible; GPTBot/1.2; +https://openai.com/gptbot)"
66.249.65.36 - - [15/Jul/2025:14:52:52 +0000] "GET /?x=38754504061800&mod=dc6a7e65&uri=itm.php%3Fid%3D1293434-308%26name%3Dladies+royal+blue+hoodie HTTP/1.1" 200 18430 "-" "Mozilla/5.0 (Linux; Android 6.0.1; Nexus 5X Build/MMB29P) AppleWebKit/537.36 (KHTML, like Gecko) Chrome/137.0.7151.103 Mobile Safari/537.36 (compatible; Googlebot/2.1; +http://www.google.com/bot.html)"
20.171.207.55 - - [15/Jul/2025:14:52:52 +0000] "GET /detail/1702387030.htm HTTP/1.1" 404 1869 "-" "Mozilla/5.0 AppleWebKit/537.36 (KHTML, like Gecko; compatible; GPTBot/1.2; +https://openai.com/gptbot)"
66.249.65.35 - - [15/Jul/2025:14:52:52 +0000] "POST /get-message-notify HTTP/1.1" 200 18196 "https://kraft-court.cafe/?x=5701857071800&mod=2de7cf20&uri=category-info.php%3Fid%3D190383-333%26name%3Dsm+north+jewelry+shop" "Mozilla/5.0 (Linux; Android 6.0.1; Nexus 5X Build/MMB29P) AppleWebKit/537.36 (KHTML, like Gecko) Chrome/137.0.7151.119 Mobile Safari/537.36 (compatible; Googlebot/2.1; +http://www.google.com/bot.html)"
66.249.65.36 - - [15/Jul/2025:14:52:55 +0000] "GET /?x=5670021041800&mod=dc6a7e65&uri=article.php%3Fid%3D189321-308%26name%3Dhoodie+hot+pink HTTP/1.1" 200 18427 "-" "Mozilla/5.0 (Linux; Android 6.0.1; Nexus 5X Build/MMB29P) AppleWebKit/537.36 (KHTML, like Gecko) Chrome/137.0.7151.103 Mobile Safari/537.36 (compatible; Googlebot/2.1; +http://www.google.com/bot.html)"
20.171.207.55 - - [15/Jul/2025:14:52:57 +0000] "GET /detail/1701789259.htm HTTP/1.1" 404 1871 "-" "Mozilla/5.0 AppleWebKit/537.36 (KHTML, like Gecko; compatible; GPTBot/1.2; +https://openai.com/gptbot)"
66.249.65.35 - - [15/Jul/2025:14:52:57 +0000] "GET /?x=5756667041800&mod=97108695&uri=blog.php%3Fid%3D192242-335%26name%3Dnintendo+switch+ben+10+power+trip HTTP/1.1" 200 18446 "-" "Mozilla/5.0 (Linux; Android 6.0.1; Nexus 5X Build/MMB29P) AppleWebKit/537.36 (KHTML, like Gecko) Chrome/137.0.7151.103 Mobile Safari/537.36 (compatible; Googlebot/2.1; +http://www.google.com/bot.html)"
20.171.207.55 - - [15/Jul/2025:14:52:58 +0000] "GET /detail/1702070842.htm HTTP/1.1" 404 1870 "-" "Mozilla/5.0 AppleWebKit/537.36 (KHTML, like Gecko; compatible; GPTBot/1.2; +https://openai.com/gptbot)"
66.249.65.35 - - [15/Jul/2025:14:53:00 +0000] "POST /get-message-notify HTTP/1.1" 200 18196 "https://kraft-court.cafe/?x=5756667041800&mod=97108695&uri=blog.php%3Fid%3D192242-335%26name%3Dnintendo+switch+ben+10+power+trip" "Mozilla/5.0 (Linux; Android 6.0.1; Nexus 5X Build/MMB29P) AppleWebKit/537.36 (KHTML, like Gecko) Chrome/137.0.7151.119 Mobile Safari/537.36 (compatible; Googlebot/2.1; +http://www.google.com/bot.html)"
20.171.207.55 - - [15/Jul/2025:14:53:01 +0000] "GET /detail/1702172589.htm HTTP/1.1" 404 1868 "-" "Mozilla/5.0 AppleWebKit/537.36 (KHTML, like Gecko; compatible; GPTBot/1.2; +https://openai.com/gptbot)"
66.249.65.35 - - [15/Jul/2025:14:53:02 +0000] "GET /?x=5756817091800&mod=97108695&uri=us.php%3Fid%3D192247-335%26name%3Dpurple+nintendo+switch+lite+case HTTP/1.1" 200 18437 "-" "Mozilla/5.0 (Linux; Android 6.0.1; Nexus 5X Build/MMB29P) AppleWebKit/537.36 (KHTML, like Gecko) Chrome/137.0.7151.103 Mobile Safari/537.36 (compatible; Googlebot/2.1; +http://www.google.com/bot.html)"
20.171.207.55 - - [15/Jul/2025:14:53:04 +0000] "GET /detail/1701785386.htm HTTP/1.1" 404 1868 "-" "Mozilla/5.0 AppleWebKit/537.36 (KHTML, like Gecko; compatible; GPTBot/1.2; +https://openai.com/gptbot)"
66.249.65.35 - - [15/Jul/2025:14:53:05 +0000] "GET /?x=36364120011800&mod=dc6a7e65&uri=goods.php%3Fid%3D1213679-308%26name%3Dwomens+pjs+marks+and+spencer HTTP/1.1" 200 18437 "-" "Mozilla/5.0 (Linux; Android 6.0.1; Nexus 5X Build/MMB29P) AppleWebKit/537.36 (KHTML, like Gecko) Chrome/137.0.7151.103 Mobile Safari/537.36 (compatible; Googlebot/2.1; +http://www.google.com/bot.html)"
20.171.207.55 - - [15/Jul/2025:14:53:06 +0000] "GET /detail/1701712569.htm HTTP/1.1" 404 1868 "-" "Mozilla/5.0 AppleWebKit/537.36 (KHTML, like Gecko; compatible; GPTBot/1.2; +https://openai.com/gptbot)"
66.249.65.35 - - [15/Jul/2025:14:53:08 +0000] "GET /?x=5979545001800&mod=e3ea3396&uri=article.php%3Fid%3D199678-345%26name%3Dvestidos+blancos+maternos HTTP/1.1" 200 18433 "-" "Mozilla/5.0 (Linux; Android 6.0.1; Nexus 5X Build/MMB29P) AppleWebKit/537.36 (KHTML, like Gecko) Chrome/137.0.7151.103 Mobile Safari/537.36 (compatible; Googlebot/2.1; +http://www.google.com/bot.html)"
20.171.207.55 - - [15/Jul/2025:14:53:09 +0000] "GET /detail/1702402696.htm HTTP/1.1" 404 1867 "-" "Mozilla/5.0 AppleWebKit/537.36 (KHTML, like Gecko; compatible; GPTBot/1.2; +https://openai.com/gptbot)"
20.171.207.55 - - [15/Jul/2025:14:53:12 +0000] "GET /detail/1701840012.htm HTTP/1.1" 404 1870 "-" "Mozilla/5.0 AppleWebKit/537.36 (KHTML, like Gecko; compatible; GPTBot/1.2; +https://openai.com/gptbot)"
66.249.65.35 - - [15/Jul/2025:14:53:14 +0000] "GET /?x=119801152051800&mod=a51fb975&uri=shared.php%3Fid%3D3998128-129%26name%3Dapple+iphone+12+pro+battery+life HTTP/1.1" 200 18457 "-" "Mozilla/5.0 (Linux; Android 6.0.1; Nexus 5X Build/MMB29P) AppleWebKit/537.36 (KHTML, like Gecko) Chrome/137.0.7151.103 Mobile Safari/537.36 (compatible; Googlebot/2.1; +http://www.google.com/bot.html)"
20.171.207.55 - - [15/Jul/2025:14:53:15 +0000] "GET /detail/1701681517.htm HTTP/1.1" 404 1868 "-" "Mozilla/5.0 AppleWebKit/537.36 (KHTML, like Gecko; compatible; GPTBot/1.2; +https://openai.com/gptbot)"
66.249.65.35 - - [15/Jul/2025:14:53:17 +0000] "GET /?x=102362116001800&mod=c5bbd980&uri=product.php%3Fid%3D3416113-344%26name%3Dalpinestars+tech+6s HTTP/1.1" 200 18435 "-" "Mozilla/5.0 (Linux; Android 6.0.1; Nexus 5X Build/MMB29P) AppleWebKit/537.36 (KHTML, like Gecko) Chrome/137.0.7151.103 Mobile Safari/537.36 (compatible; Googlebot/2.1; +http://www.google.com/bot.html)"
66.249.65.35 - - [15/Jul/2025:14:53:17 +0000] "POST /get-message-notify HTTP/1.1" 200 18196 "https://kraft-court.cafe/?x=119801152051800&mod=a51fb975&uri=shared.php%3Fid%3D3998128-129%26name%3Dapple+iphone+12+pro+battery+life" "Mozilla/5.0 (Linux; Android 6.0.1; Nexus 5X Build/MMB29P) AppleWebKit/537.36 (KHTML, like Gecko) Chrome/137.0.7151.119 Mobile Safari/537.36 (compatible; Googlebot/2.1; +http://www.google.com/bot.html)"
20.171.207.55 - - [15/Jul/2025:14:53:17 +0000] "GET /detail/1701729514.htm HTTP/1.1" 404 1870 "-" "Mozilla/5.0 AppleWebKit/537.36 (KHTML, like Gecko; compatible; GPTBot/1.2; +https://openai.com/gptbot)"
66.249.65.35 - - [15/Jul/2025:14:53:20 +0000] "GET /?x=5980235031800&mod=e3ea3396&uri=shared.php%3Fid%3D199701-345%26name%3Dropa+para+padrinos+de+boda HTTP/1.1" 200 18432 "-" "Mozilla/5.0 (Linux; Android 6.0.1; Nexus 5X Build/MMB29P) AppleWebKit/537.36 (KHTML, like Gecko) Chrome/137.0.7151.103 Mobile Safari/537.36 (compatible; Googlebot/2.1; +http://www.google.com/bot.html)"
20.171.207.55 - - [15/Jul/2025:14:53:20 +0000] "GET /detail/1701981965.htm HTTP/1.1" 404 1871 "-" "Mozilla/5.0 AppleWebKit/537.36 (KHTML, like Gecko; compatible; GPTBot/1.2; +https://openai.com/gptbot)"
66.249.65.35 - - [15/Jul/2025:14:53:22 +0000] "GET /?x=5965601041800&mod=c5bbd980&uri=blog.php%3Fid%3D199212-344%26name%3Dus+shoe+size+to+eu+men HTTP/1.1" 200 18431 "-" "Mozilla/5.0 (Linux; Android 6.0.1; Nexus 5X Build/MMB29P) AppleWebKit/537.36 (KHTML, like Gecko) Chrome/137.0.7151.103 Mobile Safari/537.36 (compatible; Googlebot/2.1; +http://www.google.com/bot.html)"
20.171.207.55 - - [15/Jul/2025:14:53:23 +0000] "GET /detail/1702174116.htm HTTP/1.1" 404 1870 "-" "Mozilla/5.0 AppleWebKit/537.36 (KHTML, like Gecko; compatible; GPTBot/1.2; +https://openai.com/gptbot)"
66.249.65.35 - - [15/Jul/2025:14:53:26 +0000] "GET /?x=102366196011800&mod=c5bbd980&uri=products.php%3Fid%3D3416249-344%26name%3Dfrye+high+top HTTP/1.1" 200 18428 "-" "Mozilla/5.0 (Linux; Android 6.0.1; Nexus 5X Build/MMB29P) AppleWebKit/537.36 (KHTML, like Gecko) Chrome/137.0.7151.103 Mobile Safari/537.36 (compatible; Googlebot/2.1; +http://www.google.com/bot.html)"
20.171.207.55 - - [15/Jul/2025:14:53:27 +0000] "GET /detail/1702025833.htm HTTP/1.1" 404 1870 "-" "Mozilla/5.0 AppleWebKit/537.36 (KHTML, like Gecko; compatible; GPTBot/1.2; +https://openai.com/gptbot)"
66.249.65.35 - - [15/Jul/2025:14:53:27 +0000] "GET /?x=5980085081800&mod=e3ea3396&uri=shared.php%3Fid%3D199696-345%26name%3Dvestido+pin+up+mujer HTTP/1.1" 200 18428 "-" "Mozilla/5.0 (Linux; Android 6.0.1; Nexus 5X Build/MMB29P) AppleWebKit/537.36 (KHTML, like Gecko) Chrome/137.0.7151.103 Mobile Safari/537.36 (compatible; Googlebot/2.1; +http://www.google.com/bot.html)"
66.249.65.35 - - [15/Jul/2025:14:53:29 +0000] "GET /?x=6132065041800&mod=d3a7f48c&uri=form.php%3Fid%3D204770-208%26name%3Dsony+e+mount+to+mft+speedbooster HTTP/1.1" 200 18443 "-" "Mozilla/5.0 (Linux; Android 6.0.1; Nexus 5X Build/MMB29P) AppleWebKit/537.36 (KHTML, like Gecko) Chrome/137.0.7151.103 Mobile Safari/537.36 (compatible; Googlebot/2.1; +http://www.google.com/bot.html)"
20.171.207.55 - - [15/Jul/2025:14:53:29 +0000] "GET /detail/1701746097.htm HTTP/1.1" 404 1870 "-" "Mozilla/5.0 AppleWebKit/537.36 (KHTML, like Gecko; compatible; GPTBot/1.2; +https://openai.com/gptbot)"
66.249.65.35 - - [15/Jul/2025:14:53:30 +0000] "GET /?x=6145745001800&mod=50cf0763&uri=pin.php%3Fid%3D205226-354%26name%3Dsneakers+homme+lv HTTP/1.1" 200 18418 "-" "Mozilla/5.0 (Linux; Android 6.0.1; Nexus 5X Build/MMB29P) AppleWebKit/537.36 (KHTML, like Gecko) Chrome/137.0.7151.103 Mobile Safari/537.36 (compatible; Googlebot/2.1; +http://www.google.com/bot.html)"
66.249.65.35 - - [15/Jul/2025:14:53:32 +0000] "GET /?x=6138005021800&mod=d3a7f48c&uri=shop.php%3Fid%3D204968-208%26name%3Dsigma+105+macro+dg+dn HTTP/1.1" 200 18427 "-" "Mozilla/5.0 (Linux; Android 6.0.1; Nexus 5X Build/MMB29P) AppleWebKit/537.36 (KHTML, like Gecko) Chrome/137.0.7151.103 Mobile Safari/537.36 (compatible; Googlebot/2.1; +http://www.google.com/bot.html)"
20.171.207.55 - - [15/Jul/2025:14:53:32 +0000] "GET /detail/1702065700.htm HTTP/1.1" 404 1867 "-" "Mozilla/5.0 AppleWebKit/537.36 (KHTML, like Gecko; compatible; GPTBot/1.2; +https://openai.com/gptbot)"
66.249.65.35 - - [15/Jul/2025:14:53:34 +0000] "POST /get-message-notify HTTP/1.1" 200 18196 "https://kraft-court.cafe/?x=6138005021800&mod=d3a7f48c&uri=shop.php%3Fid%3D204968-208%26name%3Dsigma+105+macro+dg+dn" "Mozilla/5.0 (Linux; Android 6.0.1; Nexus 5X Build/MMB29P) AppleWebKit/537.36 (KHTML, like Gecko) Chrome/137.0.7151.119 Mobile Safari/537.36 (compatible; Googlebot/2.1; +http://www.google.com/bot.html)"
66.249.65.35 - - [15/Jul/2025:14:53:34 +0000] "POST /get-message-notify HTTP/1.1" 200 18196 "https://kraft-court.cafe/?x=6043824001800&mod=b071cfa8&uri=info.php%3Fid%3D201824-347%26name%3Dcelio+sweat+pikachu" "Mozilla/5.0 (Linux; Android 6.0.1; Nexus 5X Build/MMB29P) AppleWebKit/537.36 (KHTML, like Gecko) Chrome/137.0.7151.119 Mobile Safari/537.36 (compatible; Googlebot/2.1; +http://www.google.com/bot.html)"
66.249.65.35 - - [15/Jul/2025:14:53:35 +0000] "GET /?x=6142145001800&mod=50cf0763&uri=shop.php%3Fid%3D205106-354%26name%3Dbaskets+en+toile+fille HTTP/1.1" 200 18426 "-" "Mozilla/5.0 (Linux; Android 6.0.1; Nexus 5X Build/MMB29P) AppleWebKit/537.36 (KHTML, like Gecko) Chrome/137.0.7151.103 Mobile Safari/537.36 (compatible; Googlebot/2.1; +http://www.google.com/bot.html)"
209.74.77.214 - - [15/Jul/2025:14:53:37 +0000] "POST /wp-cron.php?doing_wp_cron=1752591217.5015640258789062500000 HTTP/1.1" 200 - "-" "WordPress/6.8.1; https://kraft-court.cafe"
20.171.207.55 - - [15/Jul/2025:14:53:37 +0000] "GET /detail/1702217342.htm HTTP/1.1" 404 1870 "-" "Mozilla/5.0 AppleWebKit/537.36 (KHTML, like Gecko; compatible; GPTBot/1.2; +https://openai.com/gptbot)"
20.171.207.55 - - [15/Jul/2025:14:53:40 +0000] "GET /detail/1701721384.htm HTTP/1.1" 404 1870 "-" "Mozilla/5.0 AppleWebKit/537.36 (KHTML, like Gecko; compatible; GPTBot/1.2; +https://openai.com/gptbot)"
66.249.65.35 - - [15/Jul/2025:14:53:40 +0000] "GET /?x=6131885081800&mod=d3a7f48c&uri=category-info.php%3Fid%3D204764-208%26name%3Dsony+shoulder+mount+camcorder HTTP/1.1" 200 18465 "-" "Mozilla/5.0 (Linux; Android 6.0.1; Nexus 5X Build/MMB29P) AppleWebKit/537.36 (KHTML, like Gecko) Chrome/137.0.7151.103 Mobile Safari/537.36 (compatible; Googlebot/2.1; +http://www.google.com/bot.html)"
20.171.207.55 - - [15/Jul/2025:14:53:41 +0000] "GET /detail/1701901250.htm HTTP/1.1" 404 1868 "-" "Mozilla/5.0 AppleWebKit/537.36 (KHTML, like Gecko; compatible; GPTBot/1.2; +https://openai.com/gptbot)"
66.249.65.35 - - [15/Jul/2025:14:53:42 +0000] "GET /?x=6134225021800&mod=d3a7f48c&uri=dp.php%3Fid%3D204842-208%26name%3Dsony+cx625+handycam HTTP/1.1" 200 18420 "-" "Mozilla/5.0 (Linux; Android 6.0.1; Nexus 5X Build/MMB29P) AppleWebKit/537.36 (KHTML, like Gecko) Chrome/137.0.7151.103 Mobile Safari/537.36 (compatible; Googlebot/2.1; +http://www.google.com/bot.html)"
20.171.207.55 - - [15/Jul/2025:14:53:43 +0000] "GET /detail/1701775464.htm HTTP/1.1" 404 1870 "-" "Mozilla/5.0 AppleWebKit/537.36 (KHTML, like Gecko; compatible; GPTBot/1.2; +https://openai.com/gptbot)"
209.74.77.214 - - [15/Jul/2025:14:53:46 +0000] "POST /wp-cron.php?doing_wp_cron=1752591226.6242270469665527343750 HTTP/1.1" 200 - "-" "WordPress/6.8.1; https://kraft-court.cafe"
20.171.207.55 - - [15/Jul/2025:14:53:46 +0000] "GET /detail/1702089176.htm HTTP/1.1" 404 1868 "-" "Mozilla/5.0 AppleWebKit/537.36 (KHTML, like Gecko; compatible; GPTBot/1.2; +https://openai.com/gptbot)"
66.249.65.36 - - [15/Jul/2025:14:53:47 +0000] "POST /get-message-notify HTTP/1.1" 200 18196 "https://kraft-court.cafe/?x=6145745001800&mod=50cf0763&uri=pin.php%3Fid%3D205226-354%26name%3Dsneakers+homme+lv" "Mozilla/5.0 (Linux; Android 6.0.1; Nexus 5X Build/MMB29P) AppleWebKit/537.36 (KHTML, like Gecko) Chrome/137.0.7151.119 Mobile Safari/537.36 (compatible; Googlebot/2.1; +http://www.google.com/bot.html)"
66.249.65.35 - - [15/Jul/2025:14:53:48 +0000] "GET /?x=6133865141800&mod=d3a7f48c&uri=dp.php%3Fid%3D204830-208%26name%3Dlatest+instax+mini+11 HTTP/1.1" 200 18423 "-" "Mozilla/5.0 (Linux; Android 6.0.1; Nexus 5X Build/MMB29P) AppleWebKit/537.36 (KHTML, like Gecko) Chrome/137.0.7151.103 Mobile Safari/537.36 (compatible; Googlebot/2.1; +http://www.google.com/bot.html)"
20.171.207.55 - - [15/Jul/2025:14:53:49 +0000] "GET /detail/1701981965.htm HTTP/1.1" 404 1871 "-" "Mozilla/5.0 AppleWebKit/537.36 (KHTML, like Gecko; compatible; GPTBot/1.2; +https://openai.com/gptbot)"
20.171.207.55 - - [15/Jul/2025:14:53:51 +0000] "GET /detail/1702353502.htm HTTP/1.1" 404 1870 "-" "Mozilla/5.0 AppleWebKit/537.36 (KHTML, like Gecko; compatible; GPTBot/1.2; +https://openai.com/gptbot)"
66.249.65.35 - - [15/Jul/2025:14:53:52 +0000] "GET /?x=6137465041800&mod=d3a7f48c&uri=pin.php%3Fid%3D204950-208%26name%3Dshopee+instax+film HTTP/1.1" 200 18422 "-" "Mozilla/5.0 (Linux; Android 6.0.1; Nexus 5X Build/MMB29P) AppleWebKit/537.36 (KHTML, like Gecko) Chrome/137.0.7151.103 Mobile Safari/537.36 (compatible; Googlebot/2.1; +http://www.google.com/bot.html)"
20.171.207.55 - - [15/Jul/2025:14:53:54 +0000] "GET /detail/1701716442.htm HTTP/1.1" 404 1870 "-" "Mozilla/5.0 AppleWebKit/537.36 (KHTML, like Gecko; compatible; GPTBot/1.2; +https://openai.com/gptbot)"
66.249.65.35 - - [15/Jul/2025:14:53:55 +0000] "GET /?x=6136565141800&mod=d3a7f48c&uri=goods.php%3Fid%3D204920-208%26name%3Dsony+fe+anamorphic+lens HTTP/1.1" 200 18432 "-" "Mozilla/5.0 (Linux; Android 6.0.1; Nexus 5X Build/MMB29P) AppleWebKit/537.36 (KHTML, like Gecko) Chrome/137.0.7151.103 Mobile Safari/537.36 (compatible; Googlebot/2.1; +http://www.google.com/bot.html)"
20.171.207.55 - - [15/Jul/2025:14:53:57 +0000] "GET /detail/1701953016.htm HTTP/1.1" 404 1868 "-" "Mozilla/5.0 AppleWebKit/537.36 (KHTML, like Gecko; compatible; GPTBot/1.2; +https://openai.com/gptbot)"
66.249.65.36 - - [15/Jul/2025:14:53:58 +0000] "GET /?x=6132605021800&mod=d3a7f48c&uri=brands.php%3Fid%3D204788-208%26name%3Dsony+full+frame+macro+lens HTTP/1.1" 200 18432 "-" "Mozilla/5.0 (Linux; Android 6.0.1; Nexus 5X Build/MMB29P) AppleWebKit/537.36 (KHTML, like Gecko) Chrome/137.0.7151.103 Mobile Safari/537.36 (compatible; Googlebot/2.1; +http://www.google.com/bot.html)"
66.249.65.36 - - [15/Jul/2025:14:53:59 +0000] "POST /get-message-notify HTTP/1.1" 200 18196 "https://kraft-court.cafe/?x=5756817091800&mod=97108695&uri=us.php%3Fid%3D192247-335%26name%3Dpurple+nintendo+switch+lite+case" "Mozilla/5.0 (Linux; Android 6.0.1; Nexus 5X Build/MMB29P) AppleWebKit/537.36 (KHTML, like Gecko) Chrome/137.0.7151.119 Mobile Safari/537.36 (compatible; Googlebot/2.1; +http://www.google.com/bot.html)"
66.249.65.36 - - [15/Jul/2025:14:53:59 +0000] "GET /?x=6132785081800&mod=d3a7f48c&uri=us.php%3Fid%3D204794-208%26name%3Dlaowa+12mm+sony+e+mount HTTP/1.1" 200 18421 "-" "Mozilla/5.0 (Linux; Android 6.0.1; Nexus 5X Build/MMB29P) AppleWebKit/537.36 (KHTML, like Gecko) Chrome/137.0.7151.103 Mobile Safari/537.36 (compatible; Googlebot/2.1; +http://www.google.com/bot.html)"
20.171.207.55 - - [15/Jul/2025:14:54:00 +0000] "GET /detail/1702154705.htm HTTP/1.1" 404 1870 "-" "Mozilla/5.0 AppleWebKit/537.36 (KHTML, like Gecko; compatible; GPTBot/1.2; +https://openai.com/gptbot)"
66.249.65.35 - - [15/Jul/2025:14:54:01 +0000] "GET /?x=6137285081800&mod=d3a7f48c&uri=info.php%3Fid%3D204944-208%26name%3Dzeiss+batis+lenses HTTP/1.1" 200 18422 "-" "Mozilla/5.0 (Linux; Android 6.0.1; Nexus 5X Build/MMB29P) AppleWebKit/537.36 (KHTML, like Gecko) Chrome/137.0.7151.103 Mobile Safari/537.36 (compatible; Googlebot/2.1; +http://www.google.com/bot.html)"
66.249.65.35 - - [15/Jul/2025:14:54:02 +0000] "GET /?x=6133145001800&mod=d3a7f48c&uri=category-info.php%3Fid%3D204806-208%26name%3Dsony+e+30mm+f3+macro HTTP/1.1" 200 18458 "-" "Mozilla/5.0 (Linux; Android 6.0.1; Nexus 5X Build/MMB29P) AppleWebKit/537.36 (KHTML, like Gecko) Chrome/137.0.7151.103 Mobile Safari/537.36 (compatible; Googlebot/2.1; +http://www.google.com/bot.html)"
20.171.207.55 - - [15/Jul/2025:14:54:03 +0000] "GET /detail/1701790520.htm HTTP/1.1" 404 1868 "-" "Mozilla/5.0 AppleWebKit/537.36 (KHTML, like Gecko; compatible; GPTBot/1.2; +https://openai.com/gptbot)"
66.249.65.35 - - [15/Jul/2025:14:54:04 +0000] "GET /?x=86343907021800&mod=b071cfa8&uri=products.php%3Fid%3D2881428-347%26name%3Dpull+homme+mouton HTTP/1.1" 200 18428 "-" "Mozilla/5.0 (Linux; Android 6.0.1; Nexus 5X Build/MMB29P) AppleWebKit/537.36 (KHTML, like Gecko) Chrome/137.0.7151.103 Mobile Safari/537.36 (compatible; Googlebot/2.1; +http://www.google.com/bot.html)"
20.171.207.55 - - [15/Jul/2025:14:54:06 +0000] "GET /detail/1702132626.htm HTTP/1.1" 404 1868 "-" "Mozilla/5.0 AppleWebKit/537.36 (KHTML, like Gecko; compatible; GPTBot/1.2; +https://openai.com/gptbot)"
66.249.65.35 - - [15/Jul/2025:14:54:08 +0000] "POST /get-message-notify HTTP/1.1" 200 18196 "https://kraft-court.cafe/?x=38754504061800&mod=dc6a7e65&uri=itm.php%3Fid%3D1293434-308%26name%3Dladies+royal+blue+hoodie" "Mozilla/5.0 (Linux; Android 6.0.1; Nexus 5X Build/MMB29P) AppleWebKit/537.36 (KHTML, like Gecko) Chrome/137.0.7151.119 Mobile Safari/537.36 (compatible; Googlebot/2.1; +http://www.google.com/bot.html)"
20.171.207.55 - - [15/Jul/2025:14:54:09 +0000] "GET /detail/1701757258.htm HTTP/1.1" 404 1868 "-" "Mozilla/5.0 AppleWebKit/537.36 (KHTML, like Gecko; compatible; GPTBot/1.2; +https://openai.com/gptbot)"
66.249.65.35 - - [15/Jul/2025:14:54:09 +0000] "GET /?x=6136925061800&mod=d3a7f48c&uri=us.php%3Fid%3D204932-208%26name%3Dttartisan+sony+e HTTP/1.1" 200 18410 "-" "Mozilla/5.0 (Linux; Android 6.0.1; Nexus 5X Build/MMB29P) AppleWebKit/537.36 (KHTML, like Gecko) Chrome/137.0.7151.103 Mobile Safari/537.36 (compatible; Googlebot/2.1; +http://www.google.com/bot.html)"
20.171.207.55 - - [15/Jul/2025:14:54:12 +0000] "GET /detail/1702028757.htm HTTP/1.1" 404 1867 "-" "Mozilla/5.0 AppleWebKit/537.36 (KHTML, like Gecko; compatible; GPTBot/1.2; +https://openai.com/gptbot)"
66.249.65.35 - - [15/Jul/2025:14:54:14 +0000] "POST /get-message-notify HTTP/1.1" 200 18196 "https://kraft-court.cafe/?x=6133865141800&mod=d3a7f48c&uri=dp.php%3Fid%3D204830-208%26name%3Dlatest+instax+mini+11" "Mozilla/5.0 (Linux; Android 6.0.1; Nexus 5X Build/MMB29P) AppleWebKit/537.36 (KHTML, like Gecko) Chrome/137.0.7151.119 Mobile Safari/537.36 (compatible; Googlebot/2.1; +http://www.google.com/bot.html)"
20.171.207.55 - - [15/Jul/2025:14:54:14 +0000] "GET /detail/1701795598.htm HTTP/1.1" 404 1871 "-" "Mozilla/5.0 AppleWebKit/537.36 (KHTML, like Gecko; compatible; GPTBot/1.2; +https://openai.com/gptbot)"
66.249.65.35 - - [15/Jul/2025:14:54:14 +0000] "GET /?x=6135305021800&mod=d3a7f48c&uri=article.php%3Fid%3D204878-208%26name%3Dsony+4k+camcorder+ax53 HTTP/1.1" 200 18435 "-" "Mozilla/5.0 (Linux; Android 6.0.1; Nexus 5X Build/MMB29P) AppleWebKit/537.36 (KHTML, like Gecko) Chrome/137.0.7151.103 Mobile Safari/537.36 (compatible; Googlebot/2.1; +http://www.google.com/bot.html)"
66.249.65.35 - - [15/Jul/2025:14:54:17 +0000] "GET /?x=6137825111800&mod=d3a7f48c&uri=search.php%3Fid%3D204962-208%26name%3Dsony+digital+video+camera+price HTTP/1.1" 200 18434 "-" "Mozilla/5.0 (Linux; Android 6.0.1; Nexus 5X Build/MMB29P) AppleWebKit/537.36 (KHTML, like Gecko) Chrome/137.0.7151.103 Mobile Safari/537.36 (compatible; Googlebot/2.1; +http://www.google.com/bot.html)"
66.249.65.35 - - [15/Jul/2025:14:54:19 +0000] "GET /?x=5586522001800&mod=c4b43ae0&uri=form.php%3Fid%3D186499-330%26name%3Dheat+interface+unit+no+hot+water HTTP/1.1" 200 18439 "-" "Mozilla/5.0 (Linux; Android 6.0.1; Nexus 5X Build/MMB29P) AppleWebKit/537.36 (KHTML, like Gecko) Chrome/137.0.7151.103 Mobile Safari/537.36 (compatible; Googlebot/2.1; +http://www.google.com/bot.html)"
20.171.207.55 - - [15/Jul/2025:14:54:20 +0000] "GET /detail/1701738231.htm HTTP/1.1" 404 1870 "-" "Mozilla/5.0 AppleWebKit/537.36 (KHTML, like Gecko; compatible; GPTBot/1.2; +https://openai.com/gptbot)"
20.171.207.55 - - [15/Jul/2025:14:54:20 +0000] "GET /detail/1702016175.htm HTTP/1.1" 404 1867 "-" "Mozilla/5.0 AppleWebKit/537.36 (KHTML, like Gecko; compatible; GPTBot/1.2; +https://openai.com/gptbot)"
20.171.207.55 - - [15/Jul/2025:14:54:23 +0000] "GET /detail/1701730399.htm HTTP/1.1" 404 1871 "-" "Mozilla/5.0 AppleWebKit/537.36 (KHTML, like Gecko; compatible; GPTBot/1.2; +https://openai.com/gptbot)"
66.249.65.35 - - [15/Jul/2025:14:54:23 +0000] "GET /?x=5586492041800&mod=c4b43ae0&uri=itm.php%3Fid%3D186498-330%26name%3Dbritish+gas+central+heating+maintenance+contracts HTTP/1.1" 200 18460 "-" "Mozilla/5.0 (Linux; Android 6.0.1; Nexus 5X Build/MMB29P) AppleWebKit/537.36 (KHTML, like Gecko) Chrome/137.0.7151.103 Mobile Safari/537.36 (compatible; Googlebot/2.1; +http://www.google.com/bot.html)"
66.249.65.35 - - [15/Jul/2025:14:54:24 +0000] "GET /?x=5586612031800&mod=c4b43ae0&uri=products.php%3Fid%3D186502-330%26name%3Dcontrol+your+heating+from+your+phone HTTP/1.1" 200 18446 "-" "Mozilla/5.0 (Linux; Android 6.0.1; Nexus 5X Build/MMB29P) AppleWebKit/537.36 (KHTML, like Gecko) Chrome/137.0.7151.103 Mobile Safari/537.36 (compatible; Googlebot/2.1; +http://www.google.com/bot.html)"
20.171.207.55 - - [15/Jul/2025:14:54:26 +0000] "GET /detail/1701725257.htm HTTP/1.1" 404 1867 "-" "Mozilla/5.0 AppleWebKit/537.36 (KHTML, like Gecko; compatible; GPTBot/1.2; +https://openai.com/gptbot)"
66.249.65.35 - - [15/Jul/2025:14:54:27 +0000] "POST /get-message-notify HTTP/1.1" 200 18196 "https://kraft-court.cafe/?x=5586492041800&mod=c4b43ae0&uri=itm.php%3Fid%3D186498-330%26name%3Dbritish+gas+central+heating+maintenance+contracts" "Mozilla/5.0 (Linux; Android 6.0.1; Nexus 5X Build/MMB29P) AppleWebKit/537.36 (KHTML, like Gecko) Chrome/137.0.7151.119 Mobile Safari/537.36 (compatible; Googlebot/2.1; +http://www.google.com/bot.html)"
66.249.65.35 - - [15/Jul/2025:14:54:28 +0000] "GET /?x=7033110091800&mod=cd3afef9&uri=us.php%3Fid%3D234883-220%26name%3Dtnf+summit+series HTTP/1.1" 200 18413 "-" "Mozilla/5.0 (Linux; Android 6.0.1; Nexus 5X Build/MMB29P) AppleWebKit/537.36 (KHTML, like Gecko) Chrome/137.0.7151.103 Mobile Safari/537.36 (compatible; Googlebot/2.1; +http://www.google.com/bot.html)"
66.249.65.35 - - [15/Jul/2025:14:54:28 +0000] "GET /?x=47695628001800&mod=b7b16ecf&uri=pin.php?detail/2884244.htm HTTP/1.1" 200 18894 "-" "Mozilla/5.0 (Linux; Android 6.0.1; Nexus 5X Build/MMB29P) AppleWebKit/537.36 (KHTML, like Gecko) Chrome/137.0.7151.103 Mobile Safari/537.36 (compatible; Googlebot/2.1; +http://www.google.com/bot.html)"
20.171.207.55 - - [15/Jul/2025:14:54:29 +0000] "GET /detail/1702003103.htm HTTP/1.1" 404 1870 "-" "Mozilla/5.0 AppleWebKit/537.36 (KHTML, like Gecko; compatible; GPTBot/1.2; +https://openai.com/gptbot)"
66.249.65.35 - - [15/Jul/2025:14:54:29 +0000] "GET /?x=5586402061800&mod=c4b43ae0&uri=dp.php%3Fid%3D186495-330%26name%3Dbest+temperature+for+boiler+thermostat HTTP/1.1" 200 18440 "-" "Mozilla/5.0 (Linux; Android 6.0.1; Nexus 5X Build/MMB29P) AppleWebKit/537.36 (KHTML, like Gecko) Chrome/137.0.7151.103 Mobile Safari/537.36 (compatible; Googlebot/2.1; +http://www.google.com/bot.html)"
66.249.65.35 - - [15/Jul/2025:14:54:31 +0000] "GET /?x=16019179031800&mod=cd3afef9&uri=search.php%3Fid%3D534787-220%26name%3Dnorth+face+shirts+sale HTTP/1.1" 200 18428 "-" "Mozilla/5.0 (Linux; Android 6.0.1; Nexus 5X Build/MMB29P) AppleWebKit/537.36 (KHTML, like Gecko) Chrome/137.0.7151.103 Mobile Safari/537.36 (compatible; Googlebot/2.1; +http://www.google.com/bot.html)"
20.171.207.55 - - [15/Jul/2025:14:54:32 +0000] "GET /detail/1701987075.htm HTTP/1.1" 404 1868 "-" "Mozilla/5.0 AppleWebKit/537.36 (KHTML, like Gecko; compatible; GPTBot/1.2; +https://openai.com/gptbot)"
209.74.77.214 - - [15/Jul/2025:14:54:35 +0000] "POST /wp-cron.php?doing_wp_cron=1752591275.1578600406646728515625 HTTP/1.1" 200 - "-" "WordPress/6.8.1; https://kraft-court.cafe"
20.171.207.55 - - [15/Jul/2025:14:54:34 +0000] "GET /detail/1701875758.htm HTTP/1.1" 404 1868 "-" "Mozilla/5.0 AppleWebKit/537.36 (KHTML, like Gecko; compatible; GPTBot/1.2; +https://openai.com/gptbot)"
66.249.65.36 - - [15/Jul/2025:14:54:36 +0000] "GET /?x=5585592041800&mod=c4b43ae0&uri=goods.php%3Fid%3D186468-330%26name%3D110v+thermostat+control HTTP/1.1" 200 18425 "-" "Mozilla/5.0 (Linux; Android 6.0.1; Nexus 5X Build/MMB29P) AppleWebKit/537.36 (KHTML, like Gecko) Chrome/137.0.7151.103 Mobile Safari/537.36 (compatible; Googlebot/2.1; +http://www.google.com/bot.html)"
20.171.207.55 - - [15/Jul/2025:14:54:37 +0000] "GET /detail/1701724308.htm HTTP/1.1" 404 1870 "-" "Mozilla/5.0 AppleWebKit/537.36 (KHTML, like Gecko; compatible; GPTBot/1.2; +https://openai.com/gptbot)"
20.171.207.55 - - [15/Jul/2025:14:54:40 +0000] "GET /detail/1702309730.htm HTTP/1.1" 404 1870 "-" "Mozilla/5.0 AppleWebKit/537.36 (KHTML, like Gecko; compatible; GPTBot/1.2; +https://openai.com/gptbot)"
66.249.65.35 - - [15/Jul/2025:14:54:42 +0000] "GET /?x=31852276041800&mod=42e77b63&uri=brands.php%3Fid%3D1063116-62%26name%3Dpinoy+movies+free+watch+site HTTP/1.1" 200 18447 "-" "Mozilla/5.0 (Linux; Android 6.0.1; Nexus 5X Build/MMB29P) AppleWebKit/537.36 (KHTML, like Gecko) Chrome/137.0.7151.103 Mobile Safari/537.36 (compatible; Googlebot/2.1; +http://www.google.com/bot.html)"
20.171.207.55 - - [15/Jul/2025:14:54:43 +0000] "GET /detail/1702317628.htm HTTP/1.1" 404 1868 "-" "Mozilla/5.0 AppleWebKit/537.36 (KHTML, like Gecko; compatible; GPTBot/1.2; +https://openai.com/gptbot)"
66.249.65.35 - - [15/Jul/2025:14:54:43 +0000] "POST /get-message-notify HTTP/1.1" 200 18196 "https://kraft-court.cafe/?x=6137825111800&mod=d3a7f48c&uri=search.php%3Fid%3D204962-208%26name%3Dsony+digital+video+camera+price" "Mozilla/5.0 (Linux; Android 6.0.1; Nexus 5X Build/MMB29P) AppleWebKit/537.36 (KHTML, like Gecko) Chrome/137.0.7151.119 Mobile Safari/537.36 (compatible; Googlebot/2.1; +http://www.google.com/bot.html)"
66.249.65.35 - - [15/Jul/2025:14:54:44 +0000] "POST /get-message-notify HTTP/1.1" 200 18196 "https://kraft-court.cafe/?x=16019179031800&mod=cd3afef9&uri=search.php%3Fid%3D534787-220%26name%3Dnorth+face+shirts+sale" "Mozilla/5.0 (Linux; Android 6.0.1; Nexus 5X Build/MMB29P) AppleWebKit/537.36 (KHTML, like Gecko) Chrome/137.0.7151.119 Mobile Safari/537.36 (compatible; Googlebot/2.1; +http://www.google.com/bot.html)"
