66.249.65.35 - - [15/Jul/2025:15:08:43 +0000] "POST /get-message-notify HTTP/1.1" 200 18196 "https://kraft-court.cafe/?x=5892294001800&mod=29921001&uri=blog.php%3Fid%3D196768-155%26name%3Dpolk+audio+signature+series+s60" "Mozilla/5.0 (Linux; Android 6.0.1; Nexus 5X Build/MMB29P) AppleWebKit/537.36 (KHTML, like Gecko) Chrome/137.0.7151.119 Mobile Safari/537.36 (compatible; Googlebot/2.1; +http://www.google.com/bot.html)"
20.171.207.55 - - [15/Jul/2025:15:08:45 +0000] "GET /detail/1702243550.htm HTTP/1.1" 404 1870 "-" "Mozilla/5.0 AppleWebKit/537.36 (KHTML, like Gecko; compatible; GPTBot/1.2; +https://openai.com/gptbot)"
66.249.65.35 - - [15/Jul/2025:15:08:46 +0000] "GET /?x=59647901051800&mod=b6cda17a&uri=brands.php%3Fid%3D1990499-233%26name%3Dcazadora+north+face+barata HTTP/1.1" 200 18440 "-" "Mozilla/5.0 (Linux; Android 6.0.1; Nexus 5X Build/MMB29P) AppleWebKit/537.36 (KHTML, like Gecko) Chrome/137.0.7151.103 Mobile Safari/537.36 (compatible; Googlebot/2.1; +http://www.google.com/bot.html)"
20.171.207.55 - - [15/Jul/2025:15:08:48 +0000] "GET /detail/1701684151.htm HTTP/1.1" 404 1870 "-" "Mozilla/5.0 AppleWebKit/537.36 (KHTML, like Gecko; compatible; GPTBot/1.2; +https://openai.com/gptbot)"
66.249.65.36 - - [15/Jul/2025:15:08:49 +0000] "GET /?x=59738247071800&mod=3e3aa687&uri=products.php%3Fid%3D1993513-415%26name%3Dbermuda+ba%C3%83%C2%B1o+hombre HTTP/1.1" 200 18463 "-" "Mozilla/5.0 (Linux; Android 6.0.1; Nexus 5X Build/MMB29P) AppleWebKit/537.36 (KHTML, like Gecko) Chrome/137.0.7151.103 Mobile Safari/537.36 (compatible; Googlebot/2.1; +http://www.google.com/bot.html)"
20.171.207.55 - - [15/Jul/2025:15:08:51 +0000] "GET /detail/1702351156.htm HTTP/1.1" 404 1867 "-" "Mozilla/5.0 AppleWebKit/537.36 (KHTML, like Gecko; compatible; GPTBot/1.2; +https://openai.com/gptbot)"
66.249.65.36 - - [15/Jul/2025:15:08:52 +0000] "POST /get-message-notify HTTP/1.1" 200 18196 "https://kraft-court.cafe/?x=59738247071800&mod=3e3aa687&uri=products.php%3Fid%3D1993513-415%26name%3Dbermuda+ba%C3%83%C2%B1o+hombre" "Mozilla/5.0 (Linux; Android 6.0.1; Nexus 5X Build/MMB29P) AppleWebKit/537.36 (KHTML, like Gecko) Chrome/137.0.7151.119 Mobile Safari/537.36 (compatible; Googlebot/2.1; +http://www.google.com/bot.html)"
66.249.65.36 - - [15/Jul/2025:15:08:52 +0000] "GET /?x=59738457091800&mod=9854d7af&uri=category-info.php%3Fid%3D1993520-387%26name%3D10+minute+hiit+chloe+ting HTTP/1.1" 200 18464 "-" "Mozilla/5.0 (Linux; Android 6.0.1; Nexus 5X Build/MMB29P) AppleWebKit/537.36 (KHTML, like Gecko) Chrome/137.0.7151.103 Mobile Safari/537.36 (compatible; Googlebot/2.1; +http://www.google.com/bot.html)"
20.171.207.55 - - [15/Jul/2025:15:08:53 +0000] "GET /detail/1702318993.htm HTTP/1.1" 404 1871 "-" "Mozilla/5.0 AppleWebKit/537.36 (KHTML, like Gecko; compatible; GPTBot/1.2; +https://openai.com/gptbot)"
66.249.65.35 - - [15/Jul/2025:15:08:56 +0000] "GET /?x=59746857041800&mod=5c376f6d&uri=blog.php%3Fid%3D1993800-863%26name%3Dtuta+juventus+champions+2018 HTTP/1.1" 200 18439 "-" "Mozilla/5.0 (Linux; Android 6.0.1; Nexus 5X Build/MMB29P) AppleWebKit/537.36 (KHTML, like Gecko) Chrome/137.0.7151.103 Mobile Safari/537.36 (compatible; Googlebot/2.1; +http://www.google.com/bot.html)"
20.171.207.55 - - [15/Jul/2025:15:08:56 +0000] "GET /detail/1701966973.htm HTTP/1.1" 404 1871 "-" "Mozilla/5.0 AppleWebKit/537.36 (KHTML, like Gecko; compatible; GPTBot/1.2; +https://openai.com/gptbot)"
20.171.207.55 - - [15/Jul/2025:15:08:59 +0000] "GET /detail/1701910683.htm HTTP/1.1" 404 1868 "-" "Mozilla/5.0 AppleWebKit/537.36 (KHTML, like Gecko; compatible; GPTBot/1.2; +https://openai.com/gptbot)"
66.249.65.36 - - [15/Jul/2025:15:09:00 +0000] "GET /?x=59748948021800&mod=5c376f6d&uri=blog.php%3Fid%3D1993870-863%26name%3Dpaciotti+amazon HTTP/1.1" 200 18422 "-" "Mozilla/5.0 (Linux; Android 6.0.1; Nexus 5X Build/MMB29P) AppleWebKit/537.36 (KHTML, like Gecko) Chrome/137.0.7151.103 Mobile Safari/537.36 (compatible; Googlebot/2.1; +http://www.google.com/bot.html)"
66.249.65.36 - - [15/Jul/2025:15:09:01 +0000] "GET /?x=109068435031800&mod=20c9f570&uri=category-info.php%3Fid%3D3639959-234%26name%3Dpuma+rebel+damen+hoodie HTTP/1.1" 200 18472 "-" "Mozilla/5.0 (Linux; Android 6.0.1; Nexus 5X Build/MMB29P) AppleWebKit/537.36 (KHTML, like Gecko) Chrome/137.0.7151.103 Mobile Safari/537.36 (compatible; Googlebot/2.1; +http://www.google.com/bot.html)"
20.171.207.55 - - [15/Jul/2025:15:09:02 +0000] "GET /detail/1701859069.htm HTTP/1.1" 404 1871 "-" "Mozilla/5.0 AppleWebKit/537.36 (KHTML, like Gecko; compatible; GPTBot/1.2; +https://openai.com/gptbot)"
20.171.207.55 - - [15/Jul/2025:15:09:05 +0000] "GET /detail/1701951499.htm HTTP/1.1" 404 1871 "-" "Mozilla/5.0 AppleWebKit/537.36 (KHTML, like Gecko; compatible; GPTBot/1.2; +https://openai.com/gptbot)"
66.249.65.35 - - [15/Jul/2025:15:09:05 +0000] "GET /?x=59706173021800&mod=c33b41e8&uri=dp.php%3Fid%3D1992443-1087%26name%3Dbuy+porch+swing HTTP/1.1" 200 18417 "-" "Mozilla/5.0 (Linux; Android 6.0.1; Nexus 5X Build/MMB29P) AppleWebKit/537.36 (KHTML, like Gecko) Chrome/137.0.7151.103 Mobile Safari/537.36 (compatible; Googlebot/2.1; +http://www.google.com/bot.html)"
66.249.65.36 - - [15/Jul/2025:15:09:06 +0000] "POST /get-message-notify HTTP/1.1" 200 18196 "https://kraft-court.cafe/?x=109068435031800&mod=20c9f570&uri=category-info.php%3Fid%3D3639959-234%26name%3Dpuma+rebel+damen+hoodie" "Mozilla/5.0 (Linux; Android 6.0.1; Nexus 5X Build/MMB29P) AppleWebKit/537.36 (KHTML, like Gecko) Chrome/137.0.7151.119 Mobile Safari/537.36 (compatible; Googlebot/2.1; +http://www.google.com/bot.html)"
66.249.65.35 - - [15/Jul/2025:15:09:07 +0000] "GET /?x=59745597021800&mod=5c376f6d&uri=info.php%3Fid%3D1993758-863%26name%3Dmizuno+wave+sky+cisalfa HTTP/1.1" 200 18437 "-" "Mozilla/5.0 (Linux; Android 6.0.1; Nexus 5X Build/MMB29P) AppleWebKit/537.36 (KHTML, like Gecko) Chrome/137.0.7151.103 Mobile Safari/537.36 (compatible; Googlebot/2.1; +http://www.google.com/bot.html)"
20.171.207.55 - - [15/Jul/2025:15:09:10 +0000] "GET /detail/1702294280.htm HTTP/1.1" 404 1870 "-" "Mozilla/5.0 AppleWebKit/537.36 (KHTML, like Gecko; compatible; GPTBot/1.2; +https://openai.com/gptbot)"
66.249.65.35 - - [15/Jul/2025:15:09:11 +0000] "GET /?x=119559108071800&mod=45a766fa&uri=category-info.php%3Fid%3D3990053-649%26name%3Drepurposed+plate+rack HTTP/1.1" 200 18465 "-" "Mozilla/5.0 (Linux; Android 6.0.1; Nexus 5X Build/MMB29P) AppleWebKit/537.36 (KHTML, like Gecko) Chrome/137.0.7151.103 Mobile Safari/537.36 (compatible; Googlebot/2.1; +http://www.google.com/bot.html)"
20.171.207.55 - - [15/Jul/2025:15:09:11 +0000] "GET /detail/1702347419.htm HTTP/1.1" 404 1870 "-" "Mozilla/5.0 AppleWebKit/537.36 (KHTML, like Gecko; compatible; GPTBot/1.2; +https://openai.com/gptbot)"
66.249.65.35 - - [15/Jul/2025:15:09:12 +0000] "GET /?x=59748528001800&mod=5c376f6d&uri=dp.php%3Fid%3D1993856-863%26name%3Dtuta+juventus+originale+bambino HTTP/1.1" 200 18437 "-" "Mozilla/5.0 (Linux; Android 6.0.1; Nexus 5X Build/MMB29P) AppleWebKit/537.36 (KHTML, like Gecko) Chrome/137.0.7151.103 Mobile Safari/537.36 (compatible; Googlebot/2.1; +http://www.google.com/bot.html)"
66.249.65.35 - - [15/Jul/2025:15:09:16 +0000] "POST /get-message-notify HTTP/1.1" 200 18196 "https://kraft-court.cafe/?x=59745597021800&mod=5c376f6d&uri=info.php%3Fid%3D1993758-863%26name%3Dmizuno+wave+sky+cisalfa" "Mozilla/5.0 (Linux; Android 6.0.1; Nexus 5X Build/MMB29P) AppleWebKit/537.36 (KHTML, like Gecko) Chrome/137.0.7151.119 Mobile Safari/537.36 (compatible; Googlebot/2.1; +http://www.google.com/bot.html)"
20.171.207.55 - - [15/Jul/2025:15:09:19 +0000] "GET /detail/1701835721.htm HTTP/1.1" 404 1868 "-" "Mozilla/5.0 AppleWebKit/537.36 (KHTML, like Gecko; compatible; GPTBot/1.2; +https://openai.com/gptbot)"
20.171.207.55 - - [15/Jul/2025:15:09:20 +0000] "GET /detail/1701689391.htm HTTP/1.1" 404 1871 "-" "Mozilla/5.0 AppleWebKit/537.36 (KHTML, like Gecko; compatible; GPTBot/1.2; +https://openai.com/gptbot)"
66.249.65.35 - - [15/Jul/2025:15:09:24 +0000] "GET /?x=59628495081800&mod=20c9f570&uri=form.php%3Fid%3D1989851-234%26name%3Dmotorrad+lederjacke+yamaha HTTP/1.1" 200 18439 "-" "Mozilla/5.0 (Linux; Android 6.0.1; Nexus 5X Build/MMB29P) AppleWebKit/537.36 (KHTML, like Gecko) Chrome/137.0.7151.103 Mobile Safari/537.36 (compatible; Googlebot/2.1; +http://www.google.com/bot.html)"
20.171.207.55 - - [15/Jul/2025:15:09:25 +0000] "GET /detail/1701829126.htm HTTP/1.1" 404 1868 "-" "Mozilla/5.0 AppleWebKit/537.36 (KHTML, like Gecko; compatible; GPTBot/1.2; +https://openai.com/gptbot)"
20.171.207.55 - - [15/Jul/2025:15:09:26 +0000] "GET /detail/1702318993.htm HTTP/1.1" 404 1871 "-" "Mozilla/5.0 AppleWebKit/537.36 (KHTML, like Gecko; compatible; GPTBot/1.2; +https://openai.com/gptbot)"
66.249.65.35 - - [15/Jul/2025:15:09:27 +0000] "POST /get-message-notify HTTP/1.1" 200 18196 "https://kraft-court.cafe/?x=59628495081800&mod=20c9f570&uri=form.php%3Fid%3D1989851-234%26name%3Dmotorrad+lederjacke+yamaha" "Mozilla/5.0 (Linux; Android 6.0.1; Nexus 5X Build/MMB29P) AppleWebKit/537.36 (KHTML, like Gecko) Chrome/137.0.7151.119 Mobile Safari/537.36 (compatible; Googlebot/2.1; +http://www.google.com/bot.html)"
66.249.65.35 - - [15/Jul/2025:15:09:27 +0000] "GET /?x=59657615031800&mod=41e7637e&uri=category-info.php%3Fid%3D1990823-216%26name%3Dblack+sequin+peplum+top HTTP/1.1" 200 18460 "-" "Mozilla/5.0 (Linux; Android 6.0.1; Nexus 5X Build/MMB29P) AppleWebKit/537.36 (KHTML, like Gecko) Chrome/137.0.7151.103 Mobile Safari/537.36 (compatible; Googlebot/2.1; +http://www.google.com/bot.html)"
20.171.207.55 - - [15/Jul/2025:15:09:28 +0000] "GET /detail/1702133575.htm HTTP/1.1" 404 1871 "-" "Mozilla/5.0 AppleWebKit/537.36 (KHTML, like Gecko; compatible; GPTBot/1.2; +https://openai.com/gptbot)"
20.171.207.55 - - [15/Jul/2025:15:09:31 +0000] "GET /detail/1701929668.htm HTTP/1.1" 404 1871 "-" "Mozilla/5.0 AppleWebKit/537.36 (KHTML, like Gecko; compatible; GPTBot/1.2; +https://openai.com/gptbot)"
209.74.77.214 - - [15/Jul/2025:15:09:35 +0000] "POST /wp-cron.php?doing_wp_cron=1752592175.0924429893493652343750 HTTP/1.1" 200 - "-" "WordPress/6.8.1; https://kraft-court.cafe"
20.171.207.55 - - [15/Jul/2025:15:09:34 +0000] "GET /detail/1702184328.htm HTTP/1.1" 404 1870 "-" "Mozilla/5.0 AppleWebKit/537.36 (KHTML, like Gecko; compatible; GPTBot/1.2; +https://openai.com/gptbot)"
66.249.65.35 - - [15/Jul/2025:15:09:35 +0000] "GET /?x=102384436011800&mod=20c9f570&uri=dp.php%3Fid%3D3416857-234%26name%3Dgeographical+norway+parka+winterjacke+warme+jacke+outdoor+anorak HTTP/1.1" 200 18493 "-" "Mozilla/5.0 (Linux; Android 6.0.1; Nexus 5X Build/MMB29P) AppleWebKit/537.36 (KHTML, like Gecko) Chrome/137.0.7151.103 Mobile Safari/537.36 (compatible; Googlebot/2.1; +http://www.google.com/bot.html)"
20.171.207.55 - - [15/Jul/2025:15:09:36 +0000] "GET /detail/1702215124.htm HTTP/1.1" 404 1870 "-" "Mozilla/5.0 AppleWebKit/537.36 (KHTML, like Gecko; compatible; GPTBot/1.2; +https://openai.com/gptbot)"
66.249.65.35 - - [15/Jul/2025:15:09:38 +0000] "GET /?x=59737827031800&mod=9854d7af&uri=product.php%3Fid%3D1993499-387%26name%3Dxterra+fitness+folding+bike HTTP/1.1" 200 18446 "-" "Mozilla/5.0 (Linux; Android 6.0.1; Nexus 5X Build/MMB29P) AppleWebKit/537.36 (KHTML, like Gecko) Chrome/137.0.7151.103 Mobile Safari/537.36 (compatible; Googlebot/2.1; +http://www.google.com/bot.html)"
20.171.207.55 - - [15/Jul/2025:15:09:39 +0000] "GET /detail/1702410016.htm HTTP/1.1" 404 1867 "-" "Mozilla/5.0 AppleWebKit/537.36 (KHTML, like Gecko; compatible; GPTBot/1.2; +https://openai.com/gptbot)"
20.171.207.55 - - [15/Jul/2025:15:09:42 +0000] "GET /detail/1702374278.htm HTTP/1.1" 404 1870 "-" "Mozilla/5.0 AppleWebKit/537.36 (KHTML, like Gecko; compatible; GPTBot/1.2; +https://openai.com/gptbot)"
66.249.65.35 - - [15/Jul/2025:15:09:42 +0000] "GET /?x=59738037101800&mod=9854d7af&uri=dp.php%3Fid%3D1993506-387%26name%3Dside+bridge+exercises HTTP/1.1" 200 18423 "-" "Mozilla/5.0 (Linux; Android 6.0.1; Nexus 5X Build/MMB29P) AppleWebKit/537.36 (KHTML, like Gecko) Chrome/137.0.7151.103 Mobile Safari/537.36 (compatible; Googlebot/2.1; +http://www.google.com/bot.html)"
66.249.65.35 - - [15/Jul/2025:15:09:44 +0000] "GET /?x=108479720011800&mod=20c9f570&uri=info.php%3Fid%3D3620319-234%26name%3Dmanguun+pullover+damen HTTP/1.1" 200 18426 "-" "Mozilla/5.0 (Linux; Android 6.0.1; Nexus 5X Build/MMB29P) AppleWebKit/537.36 (KHTML, like Gecko) Chrome/137.0.7151.103 Mobile Safari/537.36 (compatible; Googlebot/2.1; +http://www.google.com/bot.html)"
209.74.77.214 - - [15/Jul/2025:15:09:45 +0000] "POST /wp-cron.php?doing_wp_cron=1752592185.4705328941345214843750 HTTP/1.1" 200 - "-" "WordPress/6.8.1; https://kraft-court.cafe"
20.171.207.55 - - [15/Jul/2025:15:09:45 +0000] "GET /detail/1701902809.htm HTTP/1.1" 404 1870 "-" "Mozilla/5.0 AppleWebKit/537.36 (KHTML, like Gecko; compatible; GPTBot/1.2; +https://openai.com/gptbot)"
66.249.65.35 - - [15/Jul/2025:15:09:45 +0000] "GET /?x=59696478031800&mod=c33b41e8&uri=dp.php%3Fid%3D1992119-1087%26name%3Dthe+range+rattan+furniture HTTP/1.1" 200 18431 "-" "Mozilla/5.0 (Linux; Android 6.0.1; Nexus 5X Build/MMB29P) AppleWebKit/537.36 (KHTML, like Gecko) Chrome/137.0.7151.103 Mobile Safari/537.36 (compatible; Googlebot/2.1; +http://www.google.com/bot.html)"
20.171.207.55 - - [15/Jul/2025:15:09:48 +0000] "GET /detail/1702208529.htm HTTP/1.1" 404 1868 "-" "Mozilla/5.0 AppleWebKit/537.36 (KHTML, like Gecko; compatible; GPTBot/1.2; +https://openai.com/gptbot)"
20.171.207.55 - - [15/Jul/2025:15:09:50 +0000] "GET /detail/1702086252.htm HTTP/1.1" 404 1867 "-" "Mozilla/5.0 AppleWebKit/537.36 (KHTML, like Gecko; compatible; GPTBot/1.2; +https://openai.com/gptbot)"
66.249.65.36 - - [15/Jul/2025:15:09:52 +0000] "GET /?x=59686775051800&mod=c33b41e8&uri=itm.php%3Fid%3D1991795-1087%26name%3Drattan+patio+storage+box HTTP/1.1" 200 18436 "-" "Mozilla/5.0 (Linux; Android 6.0.1; Nexus 5X Build/MMB29P) AppleWebKit/537.36 (KHTML, like Gecko) Chrome/137.0.7151.103 Mobile Safari/537.36 (compatible; Googlebot/2.1; +http://www.google.com/bot.html)"
66.249.65.35 - - [15/Jul/2025:15:09:53 +0000] "POST /get-message-notify HTTP/1.1" 200 18196 "https://kraft-court.cafe/?x=59696478031800&mod=c33b41e8&uri=dp.php%3Fid%3D1992119-1087%26name%3Dthe+range+rattan+furniture" "Mozilla/5.0 (Linux; Android 6.0.1; Nexus 5X Build/MMB29P) AppleWebKit/537.36 (KHTML, like Gecko) Chrome/137.0.7151.119 Mobile Safari/537.36 (compatible; Googlebot/2.1; +http://www.google.com/bot.html)"
20.171.207.55 - - [15/Jul/2025:15:09:53 +0000] "GET /detail/1701845122.htm HTTP/1.1" 404 1870 "-" "Mozilla/5.0 AppleWebKit/537.36 (KHTML, like Gecko; compatible; GPTBot/1.2; +https://openai.com/gptbot)"
20.171.207.55 - - [15/Jul/2025:15:09:56 +0000] "GET /detail/1702290737.htm HTTP/1.1" 404 1868 "-" "Mozilla/5.0 AppleWebKit/537.36 (KHTML, like Gecko; compatible; GPTBot/1.2; +https://openai.com/gptbot)"
66.249.65.36 - - [15/Jul/2025:15:09:56 +0000] "GET /?x=59754406011800&mod=5c376f6d&uri=search.php%3Fid%3D1994052-863%26name%3Dpunte+gaynor HTTP/1.1" 200 18414 "-" "Mozilla/5.0 (Linux; Android 6.0.1; Nexus 5X Build/MMB29P) AppleWebKit/537.36 (KHTML, like Gecko) Chrome/137.0.7151.103 Mobile Safari/537.36 (compatible; Googlebot/2.1; +http://www.google.com/bot.html)"
20.171.207.55 - - [15/Jul/2025:15:09:59 +0000] "GET /detail/1702056885.htm HTTP/1.1" 404 1868 "-" "Mozilla/5.0 AppleWebKit/537.36 (KHTML, like Gecko; compatible; GPTBot/1.2; +https://openai.com/gptbot)"
66.249.65.37 - - [15/Jul/2025:15:10:00 +0000] "GET /?x=59748108041800&mod=5c376f6d&uri=shop.php%3Fid%3D1993842-863%26name%3Dtuta+rappresentanza+milan+puma HTTP/1.1" 200 18445 "-" "Mozilla/5.0 (Linux; Android 6.0.1; Nexus 5X Build/MMB29P) AppleWebKit/537.36 (KHTML, like Gecko) Chrome/137.0.7151.103 Mobile Safari/537.36 (compatible; Googlebot/2.1; +http://www.google.com/bot.html)"
66.249.65.37 - - [15/Jul/2025:15:10:01 +0000] "GET /?x=106776728011800&mod=20c9f570&uri=search.php%3Fid%3D3563492-234%26name%3Dherren+troyer+gr%C3%83%C2%BCn HTTP/1.1" 200 18448 "-" "Mozilla/5.0 (Linux; Android 6.0.1; Nexus 5X Build/MMB29P) AppleWebKit/537.36 (KHTML, like Gecko) Chrome/137.0.7151.103 Mobile Safari/537.36 (compatible; Googlebot/2.1; +http://www.google.com/bot.html)"
20.171.207.55 - - [15/Jul/2025:15:10:01 +0000] "GET /detail/1701976895.htm HTTP/1.1" 404 1871 "-" "Mozilla/5.0 AppleWebKit/537.36 (KHTML, like Gecko; compatible; GPTBot/1.2; +https://openai.com/gptbot)"
66.249.65.36 - - [15/Jul/2025:15:10:03 +0000] "GET /?x=59677055031800&mod=41e7637e&uri=form.php%3Fid%3D1991471-216%26name%3Dusa+roster+2019+fiba HTTP/1.1" 200 18429 "-" "Mozilla/5.0 (Linux; Android 6.0.1; Nexus 5X Build/MMB29P) AppleWebKit/537.36 (KHTML, like Gecko) Chrome/137.0.7151.103 Mobile Safari/537.36 (compatible; Googlebot/2.1; +http://www.google.com/bot.html)"
20.171.207.55 - - [15/Jul/2025:15:10:04 +0000] "GET /detail/1702128497.htm HTTP/1.1" 404 1870 "-" "Mozilla/5.0 AppleWebKit/537.36 (KHTML, like Gecko; compatible; GPTBot/1.2; +https://openai.com/gptbot)"
20.171.207.55 - - [15/Jul/2025:15:10:07 +0000] "GET /detail/1702042416.htm HTTP/1.1" 404 1869 "-" "Mozilla/5.0 AppleWebKit/537.36 (KHTML, like Gecko; compatible; GPTBot/1.2; +https://openai.com/gptbot)"
66.249.65.36 - - [15/Jul/2025:15:10:10 +0000] "GET /?x=34729195001800&mod=e3019767&uri=article.php%3Fid%3D1159141-712%26name%3Dcascos+gaming+con+micro HTTP/1.1" 200 18445 "-" "Mozilla/5.0 (Linux; Android 6.0.1; Nexus 5X Build/MMB29P) AppleWebKit/537.36 (KHTML, like Gecko) Chrome/137.0.7151.103 Mobile Safari/537.36 (compatible; Googlebot/2.1; +http://www.google.com/bot.html)"
20.171.207.55 - - [15/Jul/2025:15:10:10 +0000] "GET /detail/1701654626.htm HTTP/1.1" 404 1871 "-" "Mozilla/5.0 AppleWebKit/537.36 (KHTML, like Gecko; compatible; GPTBot/1.2; +https://openai.com/gptbot)"
20.171.207.55 - - [15/Jul/2025:15:10:13 +0000] "GET /detail/1702401499.htm HTTP/1.1" 404 1869 "-" "Mozilla/5.0 AppleWebKit/537.36 (KHTML, like Gecko; compatible; GPTBot/1.2; +https://openai.com/gptbot)"
66.249.65.35 - - [15/Jul/2025:15:10:13 +0000] "POST /get-message-notify HTTP/1.1" 200 18196 "https://kraft-court.cafe/?x=59738037101800&mod=9854d7af&uri=dp.php%3Fid%3D1993506-387%26name%3Dside+bridge+exercises" "Mozilla/5.0 (Linux; Android 6.0.1; Nexus 5X Build/MMB29P) AppleWebKit/537.36 (KHTML, like Gecko) Chrome/137.0.7151.119 Mobile Safari/537.36 (compatible; Googlebot/2.1; +http://www.google.com/bot.html)"
66.249.65.35 - - [15/Jul/2025:15:10:13 +0000] "POST /get-message-notify HTTP/1.1" 200 18196 "https://kraft-court.cafe/?x=34729195001800&mod=e3019767&uri=article.php%3Fid%3D1159141-712%26name%3Dcascos+gaming+con+micro" "Mozilla/5.0 (Linux; Android 6.0.1; Nexus 5X Build/MMB29P) AppleWebKit/537.36 (KHTML, like Gecko) Chrome/137.0.7151.119 Mobile Safari/537.36 (compatible; Googlebot/2.1; +http://www.google.com/bot.html)"
20.171.207.55 - - [15/Jul/2025:15:10:15 +0000] "GET /detail/1701885928.htm HTTP/1.1" 404 1868 "-" "Mozilla/5.0 AppleWebKit/537.36 (KHTML, like Gecko; compatible; GPTBot/1.2; +https://openai.com/gptbot)"
20.171.207.55 - - [15/Jul/2025:15:10:18 +0000] "GET /detail/1702124922.htm HTTP/1.1" 404 1870 "-" "Mozilla/5.0 AppleWebKit/537.36 (KHTML, like Gecko; compatible; GPTBot/1.2; +https://openai.com/gptbot)"
20.171.207.55 - - [15/Jul/2025:15:10:21 +0000] "GET /detail/1702289500.htm HTTP/1.1" 404 1868 "-" "Mozilla/5.0 AppleWebKit/537.36 (KHTML, like Gecko; compatible; GPTBot/1.2; +https://openai.com/gptbot)"
66.249.65.35 - - [15/Jul/2025:15:10:21 +0000] "GET /?x=37773361011800&mod=a8849b05&uri=category-info.php%3Fid%3D1260709-57%26name%3Dath+m50x+xbox+one HTTP/1.1" 200 18456 "-" "Mozilla/5.0 (Linux; Android 6.0.1; Nexus 5X Build/MMB29P) AppleWebKit/537.36 (KHTML, like Gecko) Chrome/137.0.7151.103 Mobile Safari/537.36 (compatible; Googlebot/2.1; +http://www.google.com/bot.html)"
20.171.207.55 - - [15/Jul/2025:15:10:24 +0000] "GET /detail/1702196790.htm HTTP/1.1" 404 1871 "-" "Mozilla/5.0 AppleWebKit/537.36 (KHTML, like Gecko; compatible; GPTBot/1.2; +https://openai.com/gptbot)"
66.249.65.35 - - [15/Jul/2025:15:10:25 +0000] "GET /?x=37773661011800&mod=a8849b05&uri=info.php%3Fid%3D1260719-57%26name%3Dearpiece+mi HTTP/1.1" 200 18411 "-" "Mozilla/5.0 (Linux; Android 6.0.1; Nexus 5X Build/MMB29P) AppleWebKit/537.36 (KHTML, like Gecko) Chrome/137.0.7151.103 Mobile Safari/537.36 (compatible; Googlebot/2.1; +http://www.google.com/bot.html)"
20.171.207.55 - - [15/Jul/2025:15:10:27 +0000] "GET /detail/1702199128.htm HTTP/1.1" 404 1870 "-" "Mozilla/5.0 AppleWebKit/537.36 (KHTML, like Gecko; compatible; GPTBot/1.2; +https://openai.com/gptbot)"
66.249.65.35 - - [15/Jul/2025:15:10:27 +0000] "GET /?x=37772971031800&mod=a8849b05&uri=article.php%3Fid%3D1260696-57%26name%3Dtop+best+gaming+headphones HTTP/1.1" 200 18446 "-" "Mozilla/5.0 (Linux; Android 6.0.1; Nexus 5X Build/MMB29P) AppleWebKit/537.36 (KHTML, like Gecko) Chrome/137.0.7151.103 Mobile Safari/537.36 (compatible; Googlebot/2.1; +http://www.google.com/bot.html)"
66.249.65.35 - - [15/Jul/2025:15:10:28 +0000] "GET /?x=37772521031800&mod=a8849b05&uri=products.php%3Fid%3D1260681-57%26name%3Dmi+true+earphones+basic HTTP/1.1" 200 18440 "-" "Mozilla/5.0 (Linux; Android 6.0.1; Nexus 5X Build/MMB29P) AppleWebKit/537.36 (KHTML, like Gecko) Chrome/137.0.7151.103 Mobile Safari/537.36 (compatible; Googlebot/2.1; +http://www.google.com/bot.html)"
20.171.207.55 - - [15/Jul/2025:15:10:30 +0000] "GET /detail/1701976895.htm HTTP/1.1" 404 1871 "-" "Mozilla/5.0 AppleWebKit/537.36 (KHTML, like Gecko; compatible; GPTBot/1.2; +https://openai.com/gptbot)"
66.249.65.35 - - [15/Jul/2025:15:10:30 +0000] "GET /?x=34570279011800&mod=ad68473a&uri=info.php%3Fid%3D1153840-407%26name%3Dgraphic+oversized+sweatshirts HTTP/1.1" 200 18439 "-" "Mozilla/5.0 (Linux; Android 6.0.1; Nexus 5X Build/MMB29P) AppleWebKit/537.36 (KHTML, like Gecko) Chrome/137.0.7151.103 Mobile Safari/537.36 (compatible; Googlebot/2.1; +http://www.google.com/bot.html)"
66.249.65.35 - - [15/Jul/2025:15:10:31 +0000] "POST /get-message-notify HTTP/1.1" 200 18196 "https://kraft-court.cafe/?x=37772521031800&mod=a8849b05&uri=products.php%3Fid%3D1260681-57%26name%3Dmi+true+earphones+basic" "Mozilla/5.0 (Linux; Android 6.0.1; Nexus 5X Build/MMB29P) AppleWebKit/537.36 (KHTML, like Gecko) Chrome/137.0.7151.119 Mobile Safari/537.36 (compatible; Googlebot/2.1; +http://www.google.com/bot.html)"
66.249.65.35 - - [15/Jul/2025:15:10:31 +0000] "GET /?x=37773151041800&mod=a8849b05&uri=us.php%3Fid%3D1260702-57%26name%3Dxiaomi+earbuds HTTP/1.1" 200 18413 "-" "Mozilla/5.0 (Linux; Android 6.0.1; Nexus 5X Build/MMB29P) AppleWebKit/537.36 (KHTML, like Gecko) Chrome/137.0.7151.103 Mobile Safari/537.36 (compatible; Googlebot/2.1; +http://www.google.com/bot.html)"
66.249.65.35 - - [15/Jul/2025:15:10:32 +0000] "POST /get-message-notify HTTP/1.1" 200 18196 "https://kraft-court.cafe/?x=59748108041800&mod=5c376f6d&uri=shop.php%3Fid%3D1993842-863%26name%3Dtuta+rappresentanza+milan+puma" "Mozilla/5.0 (Linux; Android 6.0.1; Nexus 5X Build/MMB29P) AppleWebKit/537.36 (KHTML, like Gecko) Chrome/137.0.7151.119 Mobile Safari/537.36 (compatible; Googlebot/2.1; +http://www.google.com/bot.html)"
209.74.77.214 - - [15/Jul/2025:15:10:33 +0000] "POST /wp-cron.php?doing_wp_cron=1752592233.1187651157379150390625 HTTP/1.1" 200 - "-" "WordPress/6.8.1; https://kraft-court.cafe"
20.171.207.55 - - [15/Jul/2025:15:10:32 +0000] "GET /detail/1702100625.htm HTTP/1.1" 404 1868 "-" "Mozilla/5.0 AppleWebKit/537.36 (KHTML, like Gecko; compatible; GPTBot/1.2; +https://openai.com/gptbot)"
66.249.65.35 - - [15/Jul/2025:15:10:35 +0000] "GET /?x=5810438121800&mod=165a59f7&uri=form.php%3Fid%3D194035-336%26name%3Dpochette+uncinetto+cordino HTTP/1.1" 200 18431 "-" "Mozilla/5.0 (Linux; Android 6.0.1; Nexus 5X Build/MMB29P) AppleWebKit/537.36 (KHTML, like Gecko) Chrome/137.0.7151.103 Mobile Safari/537.36 (compatible; Googlebot/2.1; +http://www.google.com/bot.html)"
66.249.65.35 - - [15/Jul/2025:15:10:37 +0000] "GET /?x=34728295001800&mod=e3019767&uri=info.php%3Fid%3D1159111-712%26name%3Dauriculares+marshall HTTP/1.1" 200 18426 "-" "Mozilla/5.0 (Linux; Android 6.0.1; Nexus 5X Build/MMB29P) AppleWebKit/537.36 (KHTML, like Gecko) Chrome/137.0.7151.103 Mobile Safari/537.36 (compatible; Googlebot/2.1; +http://www.google.com/bot.html)"
20.171.207.55 - - [15/Jul/2025:15:10:37 +0000] "GET /detail/1701975626.htm HTTP/1.1" 404 1868 "-" "Mozilla/5.0 AppleWebKit/537.36 (KHTML, like Gecko; compatible; GPTBot/1.2; +https://openai.com/gptbot)"
20.171.207.55 - - [15/Jul/2025:15:10:38 +0000] "GET /detail/1701850256.htm HTTP/1.1" 404 1868 "-" "Mozilla/5.0 AppleWebKit/537.36 (KHTML, like Gecko; compatible; GPTBot/1.2; +https://openai.com/gptbot)"
66.249.65.35 - - [15/Jul/2025:15:10:38 +0000] "GET /?x=5806958011800&mod=165a59f7&uri=shop.php%3Fid%3D193919-336%26name%3Dpochette+uncinetto+la+fata+tuttofare HTTP/1.1" 200 18448 "-" "Mozilla/5.0 (Linux; Android 6.0.1; Nexus 5X Build/MMB29P) AppleWebKit/537.36 (KHTML, like Gecko) Chrome/137.0.7151.103 Mobile Safari/537.36 (compatible; Googlebot/2.1; +http://www.google.com/bot.html)"
66.249.65.36 - - [15/Jul/2025:15:10:41 +0000] "POST /get-message-notify HTTP/1.1" 200 18196 "https://kraft-court.cafe/?x=59737827031800&mod=9854d7af&uri=product.php%3Fid%3D1993499-387%26name%3Dxterra+fitness+folding+bike" "Mozilla/5.0 (Linux; Android 6.0.1; Nexus 5X Build/MMB29P) AppleWebKit/537.36 (KHTML, like Gecko) Chrome/137.0.7151.119 Mobile Safari/537.36 (compatible; Googlebot/2.1; +http://www.google.com/bot.html)"
20.171.207.55 - - [15/Jul/2025:15:10:41 +0000] "GET /detail/1701959331.htm HTTP/1.1" 404 1871 "-" "Mozilla/5.0 AppleWebKit/537.36 (KHTML, like Gecko; compatible; GPTBot/1.2; +https://openai.com/gptbot)"
66.249.65.36 - - [15/Jul/2025:15:10:42 +0000] "GET /?x=34570309001800&mod=ad68473a&uri=info.php%3Fid%3D1153841-407%26name%3Dvirginity+rocks+sweater HTTP/1.1" 200 18433 "-" "Mozilla/5.0 (Linux; Android 6.0.1; Nexus 5X Build/MMB29P) AppleWebKit/537.36 (KHTML, like Gecko) Chrome/137.0.7151.103 Mobile Safari/537.36 (compatible; Googlebot/2.1; +http://www.google.com/bot.html)"
66.249.65.35 - - [15/Jul/2025:15:10:43 +0000] "GET /?x=5809958111800&mod=165a59f7&uri=form.php%3Fid%3D194019-336%26name%3Dgabs+g3+verde HTTP/1.1" 200 18413 "-" "Mozilla/5.0 (Linux; Android 6.0.1; Nexus 5X Build/MMB29P) AppleWebKit/537.36 (KHTML, like Gecko) Chrome/137.0.7151.103 Mobile Safari/537.36 (compatible; Googlebot/2.1; +http://www.google.com/bot.html)"
209.74.77.214 - - [15/Jul/2025:15:10:44 +0000] "POST /wp-cron.php?doing_wp_cron=1752592244.6464710235595703125000 HTTP/1.1" 200 - "-" "WordPress/6.8.1; https://kraft-court.cafe"
20.171.207.55 - - [15/Jul/2025:15:10:44 +0000] "GET /detail/1702264657.htm HTTP/1.1" 404 1870 "-" "Mozilla/5.0 AppleWebKit/537.36 (KHTML, like Gecko; compatible; GPTBot/1.2; +https://openai.com/gptbot)"
66.249.65.36 - - [15/Jul/2025:15:10:46 +0000] "GET /?x=34750176001800&mod=18ad9899&uri=goods.php%3Fid%3D1159841-265%26name%3Dtenis+freeday+macba HTTP/1.1" 200 18425 "-" "Mozilla/5.0 (Linux; Android 6.0.1; Nexus 5X Build/MMB29P) AppleWebKit/537.36 (KHTML, like Gecko) Chrome/137.0.7151.103 Mobile Safari/537.36 (compatible; Googlebot/2.1; +http://www.google.com/bot.html)"
20.171.207.55 - - [15/Jul/2025:15:10:47 +0000] "GET /detail/1701820311.htm HTTP/1.1" 404 1868 "-" "Mozilla/5.0 AppleWebKit/537.36 (KHTML, like Gecko; compatible; GPTBot/1.2; +https://openai.com/gptbot)"
66.249.65.36 - - [15/Jul/2025:15:10:49 +0000] "GET /?x=51221031001800&mod=ad68473a&uri=search.php%3Fid%3D1709320-407%26name%3Dnike+packers+hoodie HTTP/1.1" 200 18422 "-" "Mozilla/5.0 (Linux; Android 6.0.1; Nexus 5X Build/MMB29P) AppleWebKit/537.36 (KHTML, like Gecko) Chrome/137.0.7151.103 Mobile Safari/537.36 (compatible; Googlebot/2.1; +http://www.google.com/bot.html)"
20.171.207.55 - - [15/Jul/2025:15:10:50 +0000] "GET /detail/1702260197.htm HTTP/1.1" 404 1868 "-" "Mozilla/5.0 AppleWebKit/537.36 (KHTML, like Gecko; compatible; GPTBot/1.2; +https://openai.com/gptbot)"
66.249.65.36 - - [15/Jul/2025:15:10:52 +0000] "GET /?x=56386687031800&mod=ad68473a&uri=form.php%3Fid%3D1881651-407%26name%3Dbgsu+sweatshirts HTTP/1.1" 200 18421 "-" "Mozilla/5.0 (Linux; Android 6.0.1; Nexus 5X Build/MMB29P) AppleWebKit/537.36 (KHTML, like Gecko) Chrome/137.0.7151.103 Mobile Safari/537.36 (compatible; Googlebot/2.1; +http://www.google.com/bot.html)"
20.171.207.55 - - [15/Jul/2025:15:10:53 +0000] "GET /detail/1701669095.htm HTTP/1.1" 404 1871 "-" "Mozilla/5.0 AppleWebKit/537.36 (KHTML, like Gecko; compatible; GPTBot/1.2; +https://openai.com/gptbot)"
66.249.65.35 - - [15/Jul/2025:15:10:55 +0000] "GET /?x=5806838121800&mod=165a59f7&uri=brands.php%3Fid%3D193915-336%26name%3Dfettuccia+cotone+per+borse HTTP/1.1" 200 18441 "-" "Mozilla/5.0 (Linux; Android 6.0.1; Nexus 5X Build/MMB29P) AppleWebKit/537.36 (KHTML, like Gecko) Chrome/137.0.7151.103 Mobile Safari/537.36 (compatible; Googlebot/2.1; +http://www.google.com/bot.html)"
20.171.207.55 - - [15/Jul/2025:15:10:55 +0000] "GET /detail/1702213735.htm HTTP/1.1" 404 1870 "-" "Mozilla/5.0 AppleWebKit/537.36 (KHTML, like Gecko; compatible; GPTBot/1.2; +https://openai.com/gptbot)"
20.171.207.55 - - [15/Jul/2025:15:10:58 +0000] "GET /detail/1701996756.htm HTTP/1.1" 404 1871 "-" "Mozilla/5.0 AppleWebKit/537.36 (KHTML, like Gecko; compatible; GPTBot/1.2; +https://openai.com/gptbot)"
66.249.65.35 - - [15/Jul/2025:15:11:00 +0000] "POST /get-message-notify HTTP/1.1" 200 18196 "https://kraft-court.cafe/?x=51221031001800&mod=ad68473a&uri=search.php%3Fid%3D1709320-407%26name%3Dnike+packers+hoodie" "Mozilla/5.0 (Linux; Android 6.0.1; Nexus 5X Build/MMB29P) AppleWebKit/537.36 (KHTML, like Gecko) Chrome/137.0.7151.119 Mobile Safari/537.36 (compatible; Googlebot/2.1; +http://www.google.com/bot.html)"
66.249.65.37 - - [15/Jul/2025:15:11:00 +0000] "GET /?x=5808158111800&mod=165a59f7&uri=info.php%3Fid%3D193959-336%26name%3Datelier+du+sac+secchiello HTTP/1.1" 200 18431 "-" "Mozilla/5.0 (Linux; Android 6.0.1; Nexus 5X Build/MMB29P) AppleWebKit/537.36 (KHTML, like Gecko) Chrome/137.0.7151.103 Mobile Safari/537.36 (compatible; Googlebot/2.1; +http://www.google.com/bot.html)"
20.171.207.55 - - [15/Jul/2025:15:11:01 +0000] "GET /detail/1701810099.htm HTTP/1.1" 404 1870 "-" "Mozilla/5.0 AppleWebKit/537.36 (KHTML, like Gecko; compatible; GPTBot/1.2; +https://openai.com/gptbot)"
66.249.65.35 - - [15/Jul/2025:15:11:02 +0000] "GET /?x=34728595001800&mod=7f848746&uri=blog.php%3Fid%3D1159121-569%26name%3Dbicicletas+star+trac HTTP/1.1" 200 18424 "-" "Mozilla/5.0 (Linux; Android 6.0.1; Nexus 5X Build/MMB29P) AppleWebKit/537.36 (KHTML, like Gecko) Chrome/137.0.7151.103 Mobile Safari/537.36 (compatible; Googlebot/2.1; +http://www.google.com/bot.html)"
66.249.65.35 - - [15/Jul/2025:15:11:03 +0000] "GET /?x=34730095051800&mod=e3019767&uri=product.php%3Fid%3D1159171-712%26name%3Dauriculares+baratos+amazon HTTP/1.1" 200 18443 "-" "Mozilla/5.0 (Linux; Android 6.0.1; Nexus 5X Build/MMB29P) AppleWebKit/537.36 (KHTML, like Gecko) Chrome/137.0.7151.103 Mobile Safari/537.36 (compatible; Googlebot/2.1; +http://www.google.com/bot.html)"
20.171.207.55 - - [15/Jul/2025:15:11:04 +0000] "GET /detail/1701975626.htm HTTP/1.1" 404 1868 "-" "Mozilla/5.0 AppleWebKit/537.36 (KHTML, like Gecko; compatible; GPTBot/1.2; +https://openai.com/gptbot)"
20.171.207.55 - - [15/Jul/2025:15:11:07 +0000] "GET /detail/1702406441.htm HTTP/1.1" 404 1869 "-" "Mozilla/5.0 AppleWebKit/537.36 (KHTML, like Gecko; compatible; GPTBot/1.2; +https://openai.com/gptbot)"
66.249.65.35 - - [15/Jul/2025:15:11:07 +0000] "POST /get-message-notify HTTP/1.1" 200 18196 "https://kraft-court.cafe/?x=5808158111800&mod=165a59f7&uri=info.php%3Fid%3D193959-336%26name%3Datelier+du+sac+secchiello" "Mozilla/5.0 (Linux; Android 6.0.1; Nexus 5X Build/MMB29P) AppleWebKit/537.36 (KHTML, like Gecko) Chrome/137.0.7151.119 Mobile Safari/537.36 (compatible; Googlebot/2.1; +http://www.google.com/bot.html)"
20.171.207.55 - - [15/Jul/2025:15:11:09 +0000] "GET /detail/1701699635.htm HTTP/1.1" 404 1871 "-" "Mozilla/5.0 AppleWebKit/537.36 (KHTML, like Gecko; compatible; GPTBot/1.2; +https://openai.com/gptbot)"
66.249.65.35 - - [15/Jul/2025:15:11:12 +0000] "POST /get-message-notify HTTP/1.1" 200 18196 "https://kraft-court.cafe/?x=34728595001800&mod=7f848746&uri=blog.php%3Fid%3D1159121-569%26name%3Dbicicletas+star+trac" "Mozilla/5.0 (Linux; Android 6.0.1; Nexus 5X Build/MMB29P) AppleWebKit/537.36 (KHTML, like Gecko) Chrome/137.0.7151.119 Mobile Safari/537.36 (compatible; Googlebot/2.1; +http://www.google.com/bot.html)"
20.171.207.55 - - [15/Jul/2025:15:11:12 +0000] "GET /detail/1702234543.htm HTTP/1.1" 404 1870 "-" "Mozilla/5.0 AppleWebKit/537.36 (KHTML, like Gecko; compatible; GPTBot/1.2; +https://openai.com/gptbot)"
66.249.65.35 - - [15/Jul/2025:15:11:14 +0000] "GET /?x=37772671081800&mod=a8849b05&uri=brands.php%3Fid%3D1260686-57%26name%3D%24100+gaming+headset HTTP/1.1" 200 18431 "-" "Mozilla/5.0 (Linux; Android 6.0.1; Nexus 5X Build/MMB29P) AppleWebKit/537.36 (KHTML, like Gecko) Chrome/137.0.7151.103 Mobile Safari/537.36 (compatible; Googlebot/2.1; +http://www.google.com/bot.html)"
20.171.207.55 - - [15/Jul/2025:15:11:15 +0000] "GET /detail/1701866261.htm HTTP/1.1" 404 1871 "-" "Mozilla/5.0 AppleWebKit/537.36 (KHTML, like Gecko; compatible; GPTBot/1.2; +https://openai.com/gptbot)"
20.171.207.55 - - [15/Jul/2025:15:11:18 +0000] "GET /detail/1701689221.htm HTTP/1.1" 404 1868 "-" "Mozilla/5.0 AppleWebKit/537.36 (KHTML, like Gecko; compatible; GPTBot/1.2; +https://openai.com/gptbot)"
66.249.65.35 - - [15/Jul/2025:15:11:19 +0000] "GET /?x=5807858011800&mod=2e2c080d&uri=product.php%3Fid%3D193949-337%26name%3Dblusa+de+brillos+shein HTTP/1.1" 200 18431 "-" "Mozilla/5.0 (Linux; Android 6.0.1; Nexus 5X Build/MMB29P) AppleWebKit/537.36 (KHTML, like Gecko) Chrome/137.0.7151.103 Mobile Safari/537.36 (compatible; Googlebot/2.1; +http://www.google.com/bot.html)"
20.171.207.55 - - [15/Jul/2025:15:11:21 +0000] "GET /detail/1701805842.htm HTTP/1.1" 404 1870 "-" "Mozilla/5.0 AppleWebKit/537.36 (KHTML, like Gecko; compatible; GPTBot/1.2; +https://openai.com/gptbot)"
66.249.65.35 - - [15/Jul/2025:15:11:23 +0000] "GET /?x=47564140121800&mod=b7b16ecf&uri=products.php%3Fid%3D1587327-39%26name%3Dgaming+chair+for+50+dollars HTTP/1.1" 200 18447 "-" "Mozilla/5.0 (Linux; Android 6.0.1; Nexus 5X Build/MMB29P) AppleWebKit/537.36 (KHTML, like Gecko) Chrome/137.0.7151.103 Mobile Safari/537.36 (compatible; Googlebot/2.1; +http://www.google.com/bot.html)"
20.171.207.55 - - [15/Jul/2025:15:11:24 +0000] "GET /detail/1702048168.htm HTTP/1.1" 404 1867 "-" "Mozilla/5.0 AppleWebKit/537.36 (KHTML, like Gecko; compatible; GPTBot/1.2; +https://openai.com/gptbot)"
66.249.65.35 - - [15/Jul/2025:15:11:24 +0000] "GET /?x=119851526111800&mod=528aecdf&uri=brands.php%3Fid%3D3999808-323%26name%3Dhydro+flask+64+oz+boot HTTP/1.1" 200 18446 "-" "Mozilla/5.0 (Linux; Android 6.0.1; Nexus 5X Build/MMB29P) AppleWebKit/537.36 (KHTML, like Gecko) Chrome/137.0.7151.103 Mobile Safari/537.36 (compatible; Googlebot/2.1; +http://www.google.com/bot.html)"
66.249.65.35 - - [15/Jul/2025:15:11:25 +0000] "GET /?x=103592244051800&mod=c4b43ae0&uri=itm.php%3Fid%3D3457161-330%26name%3Drv+heating+duct HTTP/1.1" 200 18418 "-" "Mozilla/5.0 (Linux; Android 6.0.1; Nexus 5X Build/MMB29P) AppleWebKit/537.36 (KHTML, like Gecko) Chrome/137.0.7151.103 Mobile Safari/537.36 (compatible; Googlebot/2.1; +http://www.google.com/bot.html)"
20.171.207.55 - - [15/Jul/2025:15:11:27 +0000] "GET /detail/1702276748.htm HTTP/1.1" 404 1870 "-" "Mozilla/5.0 AppleWebKit/537.36 (KHTML, like Gecko; compatible; GPTBot/1.2; +https://openai.com/gptbot)"
66.249.65.35 - - [15/Jul/2025:15:11:27 +0000] "GET /?x=5689980111800&mod=2de7cf20&uri=news.php%3Fid%3D189987-333%26name%3Dinfinity+band+for+meditation HTTP/1.1" 200 18426 "-" "Mozilla/5.0 (Linux; Android 6.0.1; Nexus 5X Build/MMB29P) AppleWebKit/537.36 (KHTML, like Gecko) Chrome/137.0.7151.103 Mobile Safari/537.36 (compatible; Googlebot/2.1; +http://www.google.com/bot.html)"
66.249.65.35 - - [15/Jul/2025:15:11:28 +0000] "GET /?x=5591435051800&mod=c4b43ae0&uri=brands.php%3Fid%3D186663-330%26name%3Dhoneywell+rthl221b1008 HTTP/1.1" 200 18430 "-" "Mozilla/5.0 (Linux; Android 6.0.1; Nexus 5X Build/MMB29P) AppleWebKit/537.36 (KHTML, like Gecko) Chrome/137.0.7151.103 Mobile Safari/537.36 (compatible; Googlebot/2.1; +http://www.google.com/bot.html)"
20.171.207.55 - - [15/Jul/2025:15:11:29 +0000] "GET /detail/1701674752.htm HTTP/1.1" 404 1870 "-" "Mozilla/5.0 AppleWebKit/537.36 (KHTML, like Gecko; compatible; GPTBot/1.2; +https://openai.com/gptbot)"
66.249.65.35 - - [15/Jul/2025:15:11:30 +0000] "GET /?x=5691600051800&mod=2de7cf20&uri=us.php%3Fid%3D190041-333%26name%3Dvintage+kada HTTP/1.1" 200 18406 "-" "Mozilla/5.0 (Linux; Android 6.0.1; Nexus 5X Build/MMB29P) AppleWebKit/537.36 (KHTML, like Gecko) Chrome/137.0.7151.103 Mobile Safari/537.36 (compatible; Googlebot/2.1; +http://www.google.com/bot.html)"
66.249.65.35 - - [15/Jul/2025:15:11:31 +0000] "POST /get-message-notify HTTP/1.1" 200 18196 "https://kraft-court.cafe/?x=103592244051800&mod=c4b43ae0&uri=itm.php%3Fid%3D3457161-330%26name%3Drv+heating+duct" "Mozilla/5.0 (Linux; Android 6.0.1; Nexus 5X Build/MMB29P) AppleWebKit/537.36 (KHTML, like Gecko) Chrome/137.0.7151.119 Mobile Safari/537.36 (compatible; Googlebot/2.1; +http://www.google.com/bot.html)"
20.171.207.55 - - [15/Jul/2025:15:11:32 +0000] "GET /detail/1702288623.htm HTTP/1.1" 404 1868 "-" "Mozilla/5.0 AppleWebKit/537.36 (KHTML, like Gecko; compatible; GPTBot/1.2; +https://openai.com/gptbot)"
66.249.65.35 - - [15/Jul/2025:15:11:33 +0000] "GET /?x=5685660021800&mod=dc6a7e65&uri=news.php%3Fid%3D189843-308%26name%3Dcomfy+hoodie+mens HTTP/1.1" 200 18421 "-" "Mozilla/5.0 (Linux; Android 6.0.1; Nexus 5X Build/MMB29P) AppleWebKit/537.36 (KHTML, like Gecko) Chrome/137.0.7151.103 Mobile Safari/537.36 (compatible; Googlebot/2.1; +http://www.google.com/bot.html)"
209.74.77.214 - - [15/Jul/2025:15:11:35 +0000] "POST /wp-cron.php?doing_wp_cron=1752592295.5744800567626953125000 HTTP/1.1" 200 - "-" "WordPress/6.8.1; https://kraft-court.cafe"
20.171.207.55 - - [15/Jul/2025:15:11:35 +0000] "GET /detail/1701875588.htm HTTP/1.1" 404 1868 "-" "Mozilla/5.0 AppleWebKit/537.36 (KHTML, like Gecko; compatible; GPTBot/1.2; +https://openai.com/gptbot)"
66.249.65.35 - - [15/Jul/2025:15:11:36 +0000] "GET /?x=5596320011800&mod=c4b43ae0&uri=products.php%3Fid%3D186827-330%26name%3Dworcester+drayton+lp20rf HTTP/1.1" 200 18437 "-" "Mozilla/5.0 (Linux; Android 6.0.1; Nexus 5X Build/MMB29P) AppleWebKit/537.36 (KHTML, like Gecko) Chrome/137.0.7151.103 Mobile Safari/537.36 (compatible; Googlebot/2.1; +http://www.google.com/bot.html)"
20.171.207.55 - - [15/Jul/2025:15:11:38 +0000] "GET /detail/1702019750.htm HTTP/1.1" 404 1868 "-" "Mozilla/5.0 AppleWebKit/537.36 (KHTML, like Gecko; compatible; GPTBot/1.2; +https://openai.com/gptbot)"
66.249.65.35 - - [15/Jul/2025:15:11:39 +0000] "GET /?x=113468524041800&mod=c4b43ae0&uri=news.php%3Fid%3D3786854-330%26name%3Dsouth2+west8+tenkara+rod HTTP/1.1" 200 18434 "-" "Mozilla/5.0 (Linux; Android 6.0.1; Nexus 5X Build/MMB29P) AppleWebKit/537.36 (KHTML, like Gecko) Chrome/137.0.7151.103 Mobile Safari/537.36 (compatible; Googlebot/2.1; +http://www.google.com/bot.html)"
66.249.65.36 - - [15/Jul/2025:15:11:39 +0000] "POST /get-message-notify HTTP/1.1" 200 18196 "https://kraft-court.cafe/?x=34750176001800&mod=18ad9899&uri=goods.php%3Fid%3D1159841-265%26name%3Dtenis+freeday+macba" "Mozilla/5.0 (Linux; Android 6.0.1; Nexus 5X Build/MMB29P) AppleWebKit/537.36 (KHTML, like Gecko) Chrome/137.0.7151.119 Mobile Safari/537.36 (compatible; Googlebot/2.1; +http://www.google.com/bot.html)"
20.171.207.55 - - [15/Jul/2025:15:11:40 +0000] "GET /detail/1702325758.htm HTTP/1.1" 404 1868 "-" "Mozilla/5.0 AppleWebKit/537.36 (KHTML, like Gecko; compatible; GPTBot/1.2; +https://openai.com/gptbot)"
66.249.65.36 - - [15/Jul/2025:15:11:41 +0000] "GET /?x=113754588041800&mod=c4b43ae0&uri=products.php%3Fid%3D3796400-330%26name%3Drunning+sinker HTTP/1.1" 200 18432 "-" "Mozilla/5.0 (Linux; Android 6.0.1; Nexus 5X Build/MMB29P) AppleWebKit/537.36 (KHTML, like Gecko) Chrome/137.0.7151.103 Mobile Safari/537.36 (compatible; Googlebot/2.1; +http://www.google.com/bot.html)"
20.171.207.55 - - [15/Jul/2025:15:11:43 +0000] "GET /detail/1701878128.htm HTTP/1.1" 404 1868 "-" "Mozilla/5.0 AppleWebKit/537.36 (KHTML, like Gecko; compatible; GPTBot/1.2; +https://openai.com/gptbot)"
66.249.65.36 - - [15/Jul/2025:15:11:44 +0000] "GET /?x=113463454011800&mod=c4b43ae0&uri=search.php%3Fid%3D3786685-330%26name%3Dnightcrawlers+for+sale+near+me HTTP/1.1" 200 18447 "-" "Mozilla/5.0 (Linux; Android 6.0.1; Nexus 5X Build/MMB29P) AppleWebKit/537.36 (KHTML, like Gecko) Chrome/137.0.7151.103 Mobile Safari/537.36 (compatible; Googlebot/2.1; +http://www.google.com/bot.html)"
209.74.77.214 - - [15/Jul/2025:15:11:46 +0000] "POST /wp-cron.php?doing_wp_cron=1752592306.8845839500427246093750 HTTP/1.1" 200 - "-" "WordPress/6.8.1; https://kraft-court.cafe"
20.171.207.55 - - [15/Jul/2025:15:11:46 +0000] "GET /detail/1702107390.htm HTTP/1.1" 404 1868 "-" "Mozilla/5.0 AppleWebKit/537.36 (KHTML, like Gecko; compatible; GPTBot/1.2; +https://openai.com/gptbot)"
66.249.65.36 - - [15/Jul/2025:15:11:47 +0000] "GET /?x=5687640031800&mod=dc6a7e65&uri=shared.php%3Fid%3D189909-308%26name%3Dcoach+long+faux+shearling+mix+hoodie HTTP/1.1" 200 18458 "-" "Mozilla/5.0 (Linux; Android 6.0.1; Nexus 5X Build/MMB29P) AppleWebKit/537.36 (KHTML, like Gecko) Chrome/137.0.7151.103 Mobile Safari/537.36 (compatible; Googlebot/2.1; +http://www.google.com/bot.html)"
20.171.207.55 - - [15/Jul/2025:15:11:49 +0000] "GET /detail/1701871467.htm HTTP/1.1" 404 1870 "-" "Mozilla/5.0 AppleWebKit/537.36 (KHTML, like Gecko; compatible; GPTBot/1.2; +https://openai.com/gptbot)"
66.249.65.35 - - [15/Jul/2025:15:11:49 +0000] "POST /get-message-notify HTTP/1.1" 200 18196 "https://kraft-court.cafe/?x=5687640031800&mod=dc6a7e65&uri=shared.php%3Fid%3D189909-308%26name%3Dcoach+long+faux+shearling+mix+hoodie" "Mozilla/5.0 (Linux; Android 6.0.1; Nexus 5X Build/MMB29P) AppleWebKit/537.36 (KHTML, like Gecko) Chrome/137.0.7151.119 Mobile Safari/537.36 (compatible; Googlebot/2.1; +http://www.google.com/bot.html)"
66.249.65.35 - - [15/Jul/2025:15:11:50 +0000] "GET /?x=113458517041800&mod=c4b43ae0&uri=itm.php%3Fid%3D3786520-330%26name%3Dcost+to+install+c+wire+for+thermostat HTTP/1.1" 200 18457 "-" "Mozilla/5.0 (Linux; Android 6.0.1; Nexus 5X Build/MMB29P) AppleWebKit/537.36 (KHTML, like Gecko) Chrome/137.0.7151.103 Mobile Safari/537.36 (compatible; Googlebot/2.1; +http://www.google.com/bot.html)"
20.171.207.55 - - [15/Jul/2025:15:11:54 +0000] "GET /detail/1702319163.htm HTTP/1.1" 404 1870 "-" "Mozilla/5.0 AppleWebKit/537.36 (KHTML, like Gecko; compatible; GPTBot/1.2; +https://openai.com/gptbot)"
20.171.207.55 - - [15/Jul/2025:15:11:55 +0000] "GET /detail/1702354144.htm HTTP/1.1" 404 1870 "-" "Mozilla/5.0 AppleWebKit/537.36 (KHTML, like Gecko; compatible; GPTBot/1.2; +https://openai.com/gptbot)"
66.249.65.36 - - [15/Jul/2025:15:11:56 +0000] "GET /?x=5689440081800&mod=2de7cf20&uri=pin.php%3Fid%3D189969-333%26name%3Dmickey+mouse+necklace+kay+jewelers HTTP/1.1" 200 18447 "-" "Mozilla/5.0 (Linux; Android 6.0.1; Nexus 5X Build/MMB29P) AppleWebKit/537.36 (KHTML, like Gecko) Chrome/137.0.7151.103 Mobile Safari/537.36 (compatible; Googlebot/2.1; +http://www.google.com/bot.html)"
66.249.65.35 - - [15/Jul/2025:15:11:56 +0000] "POST /get-message-notify HTTP/1.1" 200 18196 "https://kraft-court.cafe/?x=5691600051800&mod=2de7cf20&uri=us.php%3Fid%3D190041-333%26name%3Dvintage+kada" "Mozilla/5.0 (Linux; Android 6.0.1; Nexus 5X Build/MMB29P) AppleWebKit/537.36 (KHTML, like Gecko) Chrome/137.0.7151.119 Mobile Safari/537.36 (compatible; Googlebot/2.1; +http://www.google.com/bot.html)"
66.249.65.36 - - [15/Jul/2025:15:11:57 +0000] "GET /?x=5601152061800&mod=e94fe9ac&uri=products.php%3Fid%3D186992-332%26name%3Dsantanu+sahu+sambalpuri+mp3 HTTP/1.1" 200 18442 "-" "Mozilla/5.0 (Linux; Android 6.0.1; Nexus 5X Build/MMB29P) AppleWebKit/537.36 (KHTML, like Gecko) Chrome/137.0.7151.103 Mobile Safari/537.36 (compatible; Googlebot/2.1; +http://www.google.com/bot.html)"
20.171.207.55 - - [15/Jul/2025:15:11:58 +0000] "GET /detail/1702255940.htm HTTP/1.1" 404 1870 "-" "Mozilla/5.0 AppleWebKit/537.36 (KHTML, like Gecko; compatible; GPTBot/1.2; +https://openai.com/gptbot)"
20.171.207.55 - - [15/Jul/2025:15:12:00 +0000] "GET /detail/1702405074.htm HTTP/1.1" 404 1868 "-" "Mozilla/5.0 AppleWebKit/537.36 (KHTML, like Gecko; compatible; GPTBot/1.2; +https://openai.com/gptbot)"
66.249.65.36 - - [15/Jul/2025:15:12:02 +0000] "GET /?x=103598634081800&mod=c4b43ae0&uri=category-info.php%3Fid%3D3457374-330%26name%3Drun+true+furnace HTTP/1.1" 200 18454 "-" "Mozilla/5.0 (Linux; Android 6.0.1; Nexus 5X Build/MMB29P) AppleWebKit/537.36 (KHTML, like Gecko) Chrome/137.0.7151.103 Mobile Safari/537.36 (compatible; Googlebot/2.1; +http://www.google.com/bot.html)"
20.171.207.55 - - [15/Jul/2025:15:12:03 +0000] "GET /detail/1702105831.htm HTTP/1.1" 404 1868 "-" "Mozilla/5.0 AppleWebKit/537.36 (KHTML, like Gecko; compatible; GPTBot/1.2; +https://openai.com/gptbot)"
66.249.65.35 - - [15/Jul/2025:15:12:03 +0000] "GET /?x=5693400051800&mod=2de7cf20&uri=itm.php%3Fid%3D190101-333%26name%3Dkay+color+stone+family+necklace HTTP/1.1" 200 18435 "-" "Mozilla/5.0 (Linux; Android 6.0.1; Nexus 5X Build/MMB29P) AppleWebKit/537.36 (KHTML, like Gecko) Chrome/137.0.7151.103 Mobile Safari/537.36 (compatible; Googlebot/2.1; +http://www.google.com/bot.html)"
66.249.65.37 - - [15/Jul/2025:15:12:05 +0000] "GET /?x=5690520141800&mod=2de7cf20&uri=blog.php%3Fid%3D190005-333%26name%3Dtiffany+olive+leaf+band+ring HTTP/1.1" 200 18439 "-" "Mozilla/5.0 (Linux; Android 6.0.1; Nexus 5X Build/MMB29P) AppleWebKit/537.36 (KHTML, like Gecko) Chrome/137.0.7151.103 Mobile Safari/537.36 (compatible; Googlebot/2.1; +http://www.google.com/bot.html)"
66.249.65.35 - - [15/Jul/2025:15:12:06 +0000] "POST /get-message-notify HTTP/1.1" 200 18196 "https://kraft-court.cafe/?x=5693400051800&mod=2de7cf20&uri=itm.php%3Fid%3D190101-333%26name%3Dkay+color+stone+family+necklace" "Mozilla/5.0 (Linux; Android 6.0.1; Nexus 5X Build/MMB29P) AppleWebKit/537.36 (KHTML, like Gecko) Chrome/137.0.7151.119 Mobile Safari/537.36 (compatible; Googlebot/2.1; +http://www.google.com/bot.html)"
20.171.207.55 - - [15/Jul/2025:15:12:06 +0000] "GET /detail/1702019750.htm HTTP/1.1" 404 1868 "-" "Mozilla/5.0 AppleWebKit/537.36 (KHTML, like Gecko; compatible; GPTBot/1.2; +https://openai.com/gptbot)"
20.171.207.55 - - [15/Jul/2025:15:12:09 +0000] "GET /detail/1702397626.htm HTTP/1.1" 404 1869 "-" "Mozilla/5.0 AppleWebKit/537.36 (KHTML, like Gecko; compatible; GPTBot/1.2; +https://openai.com/gptbot)"
66.249.65.35 - - [15/Jul/2025:15:12:10 +0000] "POST /get-message-notify HTTP/1.1" 200 18196 "https://kraft-court.cafe/?x=5601152061800&mod=e94fe9ac&uri=products.php%3Fid%3D186992-332%26name%3Dsantanu+sahu+sambalpuri+mp3" "Mozilla/5.0 (Linux; Android 6.0.1; Nexus 5X Build/MMB29P) AppleWebKit/537.36 (KHTML, like Gecko) Chrome/137.0.7151.119 Mobile Safari/537.36 (compatible; Googlebot/2.1; +http://www.google.com/bot.html)"
66.249.65.35 - - [15/Jul/2025:15:12:10 +0000] "GET /?x=103612219071800&mod=c4b43ae0&uri=info.php%3Fid%3D3457827-330%26name%3Dhow+to+clean+water+heater+with+vinegar HTTP/1.1" 200 18453 "-" "Mozilla/5.0 (Linux; Android 6.0.1; Nexus 5X Build/MMB29P) AppleWebKit/537.36 (KHTML, like Gecko) Chrome/137.0.7151.103 Mobile Safari/537.36 (compatible; Googlebot/2.1; +http://www.google.com/bot.html)"
20.171.207.55 - - [15/Jul/2025:15:12:12 +0000] "GET /detail/1702289210.htm HTTP/1.1" 404 1868 "-" "Mozilla/5.0 AppleWebKit/537.36 (KHTML, like Gecko; compatible; GPTBot/1.2; +https://openai.com/gptbot)"
20.171.207.55 - - [15/Jul/2025:15:12:14 +0000] "GET /detail/1701956599.htm HTTP/1.1" 404 1871 "-" "Mozilla/5.0 AppleWebKit/537.36 (KHTML, like Gecko; compatible; GPTBot/1.2; +https://openai.com/gptbot)"
20.171.207.55 - - [15/Jul/2025:15:12:17 +0000] "GET /detail/1702107390.htm HTTP/1.1" 404 1868 "-" "Mozilla/5.0 AppleWebKit/537.36 (KHTML, like Gecko; compatible; GPTBot/1.2; +https://openai.com/gptbot)"
66.249.65.35 - - [15/Jul/2025:15:12:17 +0000] "GET /?x=113452697021800&mod=c4b43ae0&uri=us.php%3Fid%3D3786326-330%26name%3Dmost+expensive+thermostat HTTP/1.1" 200 18435 "-" "Mozilla/5.0 (Linux; Android 6.0.1; Nexus 5X Build/MMB29P) AppleWebKit/537.36 (KHTML, like Gecko) Chrome/137.0.7151.103 Mobile Safari/537.36 (compatible; Googlebot/2.1; +http://www.google.com/bot.html)"
66.249.65.35 - - [15/Jul/2025:15:12:18 +0000] "GET /?x=5688900051800&mod=2de7cf20&uri=products.php%3Fid%3D189951-333%26name%3Dmens+bracelets+to+put+ashes+in HTTP/1.1" 200 18452 "-" "Mozilla/5.0 (Linux; Android 6.0.1; Nexus 5X Build/MMB29P) AppleWebKit/537.36 (KHTML, like Gecko) Chrome/137.0.7151.103 Mobile Safari/537.36 (compatible; Googlebot/2.1; +http://www.google.com/bot.html)"
20.171.207.55 - - [15/Jul/2025:15:12:20 +0000] "GET /detail/1701805255.htm HTTP/1.1" 404 1868 "-" "Mozilla/5.0 AppleWebKit/537.36 (KHTML, like Gecko; compatible; GPTBot/1.2; +https://openai.com/gptbot)"
20.171.207.55 - - [15/Jul/2025:15:12:23 +0000] "GET /detail/1702320616.htm HTTP/1.1" 404 1867 "-" "Mozilla/5.0 AppleWebKit/537.36 (KHTML, like Gecko; compatible; GPTBot/1.2; +https://openai.com/gptbot)"
66.249.65.35 - - [15/Jul/2025:15:12:25 +0000] "GET /?x=113763648011800&mod=c4b43ae0&uri=brands.php%3Fid%3D3796702-330%26name%3Daverage+bass+weight HTTP/1.1" 200 18425 "-" "Mozilla/5.0 (Linux; Android 6.0.1; Nexus 5X Build/MMB29P) AppleWebKit/537.36 (KHTML, like Gecko) Chrome/137.0.7151.103 Mobile Safari/537.36 (compatible; Googlebot/2.1; +http://www.google.com/bot.html)"
20.171.207.55 - - [15/Jul/2025:15:12:26 +0000] "GET /detail/1702332950.htm HTTP/1.1" 404 1870 "-" "Mozilla/5.0 AppleWebKit/537.36 (KHTML, like Gecko; compatible; GPTBot/1.2; +https://openai.com/gptbot)"
