66.249.65.35 - - [15/Jul/2025:16:39:23 +0000] "GET /?x=5572434011800&mod=c4b43ae0&uri=products.php?detail/53415363.htm HTTP/1.1" 200 18648 "-" "Mozilla/5.0 (Linux; Android 6.0.1; Nexus 5X Build/MMB29P) AppleWebKit/537.36 (KHTML, like Gecko) Chrome/137.0.7151.103 Mobile Safari/537.36 (compatible; Googlebot/2.1; +http://www.google.com/bot.html)"
66.249.65.35 - - [15/Jul/2025:16:39:24 +0000] "GET /?x=5572434011800&mod=c4b43ae0&uri=products.php?detail/53454708.htm HTTP/1.1" 200 18586 "-" "Mozilla/5.0 (Linux; Android 6.0.1; Nexus 5X Build/MMB29P) AppleWebKit/537.36 (KHTML, like Gecko) Chrome/137.0.7151.103 Mobile Safari/537.36 (compatible; Googlebot/2.1; +http://www.google.com/bot.html)"
66.249.65.35 - - [15/Jul/2025:16:39:26 +0000] "GET /?x=5572434011800&mod=c4b43ae0&uri=products.php?detail/53400041.htm HTTP/1.1" 200 18375 "-" "Mozilla/5.0 (Linux; Android 6.0.1; Nexus 5X Build/MMB29P) AppleWebKit/537.36 (KHTML, like Gecko) Chrome/137.0.7151.103 Mobile Safari/537.36 (compatible; Googlebot/2.1; +http://www.google.com/bot.html)"
66.249.65.35 - - [15/Jul/2025:16:39:27 +0000] "GET /?x=5572434011800&mod=c4b43ae0&uri=products.php?detail/53451133.htm HTTP/1.1" 200 19240 "-" "Mozilla/5.0 (Linux; Android 6.0.1; Nexus 5X Build/MMB29P) AppleWebKit/537.36 (KHTML, like Gecko) Chrome/137.0.7151.103 Mobile Safari/537.36 (compatible; Googlebot/2.1; +http://www.google.com/bot.html)"
66.249.65.35 - - [15/Jul/2025:16:39:33 +0000] "GET /?x=5572434011800&mod=c4b43ae0&uri=products.php?detail/53403658.htm HTTP/1.1" 200 18760 "-" "Mozilla/5.0 (Linux; Android 6.0.1; Nexus 5X Build/MMB29P) AppleWebKit/537.36 (KHTML, like Gecko) Chrome/137.0.7151.103 Mobile Safari/537.36 (compatible; Googlebot/2.1; +http://www.google.com/bot.html)"
66.249.65.35 - - [15/Jul/2025:16:39:34 +0000] "GET /?x=5572434011800&mod=c4b43ae0&uri=products.php?detail/53418970.htm HTTP/1.1" 200 19624 "-" "Mozilla/5.0 (Linux; Android 6.0.1; Nexus 5X Build/MMB29P) AppleWebKit/537.36 (KHTML, like Gecko) Chrome/137.0.7151.103 Mobile Safari/537.36 (compatible; Googlebot/2.1; +http://www.google.com/bot.html)"
66.249.65.35 - - [15/Jul/2025:16:39:36 +0000] "GET /?x=5572434011800&mod=c4b43ae0&uri=products.php?detail/53411490.htm HTTP/1.1" 200 19548 "-" "Mozilla/5.0 (Linux; Android 6.0.1; Nexus 5X Build/MMB29P) AppleWebKit/537.36 (KHTML, like Gecko) Chrome/137.0.7151.103 Mobile Safari/537.36 (compatible; Googlebot/2.1; +http://www.google.com/bot.html)"
66.249.65.36 - - [15/Jul/2025:16:39:38 +0000] "POST /get-message-notify HTTP/1.1" 200 18195 "https://kraft-court.cafe/?x=5572434011800&mod=c4b43ae0&uri=products.php?detail/53418970.htm" "Mozilla/5.0 (Linux; Android 6.0.1; Nexus 5X Build/MMB29P) AppleWebKit/537.36 (KHTML, like Gecko) Chrome/137.0.7151.119 Mobile Safari/537.36 (compatible; Googlebot/2.1; +http://www.google.com/bot.html)"
66.249.65.36 - - [15/Jul/2025:16:39:39 +0000] "GET /?x=5572434011800&mod=c4b43ae0&uri=products.php?detail/53399367.htm HTTP/1.1" 200 19499 "-" "Mozilla/5.0 (Linux; Android 6.0.1; Nexus 5X Build/MMB29P) AppleWebKit/537.36 (KHTML, like Gecko) Chrome/137.0.7151.103 Mobile Safari/537.36 (compatible; Googlebot/2.1; +http://www.google.com/bot.html)"
66.249.65.36 - - [15/Jul/2025:16:39:40 +0000] "POST /get-message-notify HTTP/1.1" 200 18195 "https://kraft-court.cafe/?x=5572434011800&mod=c4b43ae0&uri=products.php?detail/53403658.htm" "Mozilla/5.0 (Linux; Android 6.0.1; Nexus 5X Build/MMB29P) AppleWebKit/537.36 (KHTML, like Gecko) Chrome/137.0.7151.119 Mobile Safari/537.36 (compatible; Googlebot/2.1; +http://www.google.com/bot.html)"
66.249.65.35 - - [15/Jul/2025:16:39:42 +0000] "GET /?x=5572434011800&mod=c4b43ae0&uri=products.php?detail/53455262.htm HTTP/1.1" 200 19601 "-" "Mozilla/5.0 (Linux; Android 6.0.1; Nexus 5X Build/MMB29P) AppleWebKit/537.36 (KHTML, like Gecko) Chrome/137.0.7151.103 Mobile Safari/537.36 (compatible; Googlebot/2.1; +http://www.google.com/bot.html)"
66.249.65.36 - - [15/Jul/2025:16:39:45 +0000] "GET /?x=119676613121800&mod=6b9bb055&uri=news.php?detail/2901776.htm HTTP/1.1" 200 19425 "-" "Mozilla/5.0 (Linux; Android 6.0.1; Nexus 5X Build/MMB29P) AppleWebKit/537.36 (KHTML, like Gecko) Chrome/137.0.7151.103 Mobile Safari/537.36 (compatible; Googlebot/2.1; +http://www.google.com/bot.html)"
66.249.65.36 - - [15/Jul/2025:16:39:50 +0000] "GET /?x=59675405121800&mod=41e7637e&uri=product.php?cd.html HTTP/1.1" 200 18767 "-" "Mozilla/5.0 (Linux; Android 6.0.1; Nexus 5X Build/MMB29P) AppleWebKit/537.36 (KHTML, like Gecko) Chrome/137.0.7151.103 Mobile Safari/537.36 (compatible; Googlebot/2.1; +http://www.google.com/bot.html)"
66.249.65.36 - - [15/Jul/2025:16:39:52 +0000] "GET /?x=59675405121800&mod=41e7637e&uri=product.php?feature/utsunomiya/index.html HTTP/1.1" 200 19586 "-" "Mozilla/5.0 (Linux; Android 6.0.1; Nexus 5X Build/MMB29P) AppleWebKit/537.36 (KHTML, like Gecko) Chrome/137.0.7151.103 Mobile Safari/537.36 (compatible; Googlebot/2.1; +http://www.google.com/bot.html)"
66.249.65.35 - - [15/Jul/2025:16:39:54 +0000] "GET /?x=59675405121800&mod=41e7637e&uri=product.php?detail/2922328.htm HTTP/1.1" 200 18778 "-" "Mozilla/5.0 (Linux; Android 6.0.1; Nexus 5X Build/MMB29P) AppleWebKit/537.36 (KHTML, like Gecko) Chrome/137.0.7151.103 Mobile Safari/537.36 (compatible; Googlebot/2.1; +http://www.google.com/bot.html)"
66.249.65.35 - - [15/Jul/2025:16:39:54 +0000] "POST /get-message-notify HTTP/1.1" 200 18195 "https://kraft-court.cafe/?x=59675405121800&mod=41e7637e&uri=product.php?cd.html" "Mozilla/5.0 (Linux; Android 6.0.1; Nexus 5X Build/MMB29P) AppleWebKit/537.36 (KHTML, like Gecko) Chrome/137.0.7151.119 Mobile Safari/537.36 (compatible; Googlebot/2.1; +http://www.google.com/bot.html)"
66.249.65.35 - - [15/Jul/2025:16:39:59 +0000] "GET /?x=59675405121800&mod=41e7637e&uri=product.php?detail/2895789.htm HTTP/1.1" 200 19524 "-" "Mozilla/5.0 (Linux; Android 6.0.1; Nexus 5X Build/MMB29P) AppleWebKit/537.36 (KHTML, like Gecko) Chrome/137.0.7151.103 Mobile Safari/537.36 (compatible; Googlebot/2.1; +http://www.google.com/bot.html)"
66.249.65.36 - - [15/Jul/2025:16:40:01 +0000] "GET /?x=59675405121800&mod=41e7637e&uri=product.php?cargo/detail HTTP/1.1" 200 19519 "-" "Mozilla/5.0 (Linux; Android 6.0.1; Nexus 5X Build/MMB29P) AppleWebKit/537.36 (KHTML, like Gecko) Chrome/137.0.7151.103 Mobile Safari/537.36 (compatible; Googlebot/2.1; +http://www.google.com/bot.html)"
66.249.65.35 - - [15/Jul/2025:16:40:02 +0000] "GET /?x=59675405121800&mod=41e7637e&uri=product.php?feature/sale2411-5/index.html HTTP/1.1" 200 19436 "-" "Mozilla/5.0 (Linux; Android 6.0.1; Nexus 5X Build/MMB29P) AppleWebKit/537.36 (KHTML, like Gecko) Chrome/137.0.7151.103 Mobile Safari/537.36 (compatible; Googlebot/2.1; +http://www.google.com/bot.html)"
66.249.65.35 - - [15/Jul/2025:16:40:08 +0000] "GET /?x=59675405121800&mod=41e7637e&uri=product.php?detail/2929317.htm HTTP/1.1" 200 18705 "-" "Mozilla/5.0 (Linux; Android 6.0.1; Nexus 5X Build/MMB29P) AppleWebKit/537.36 (KHTML, like Gecko) Chrome/137.0.7151.103 Mobile Safari/537.36 (compatible; Googlebot/2.1; +http://www.google.com/bot.html)"
66.249.65.35 - - [15/Jul/2025:16:40:12 +0000] "GET /?x=59675405121800&mod=41e7637e&uri=product.php?hobby.html HTTP/1.1" 200 19749 "-" "Mozilla/5.0 (Linux; Android 6.0.1; Nexus 5X Build/MMB29P) AppleWebKit/537.36 (KHTML, like Gecko) Chrome/137.0.7151.103 Mobile Safari/537.36 (compatible; Googlebot/2.1; +http://www.google.com/bot.html)"
66.249.65.35 - - [15/Jul/2025:16:40:13 +0000] "POST /get-message-notify HTTP/1.1" 200 18195 "https://kraft-court.cafe/?x=59675405121800&mod=41e7637e&uri=product.php?feature/utsunomiya/index.html" "Mozilla/5.0 (Linux; Android 6.0.1; Nexus 5X Build/MMB29P) AppleWebKit/537.36 (KHTML, like Gecko) Chrome/137.0.7151.119 Mobile Safari/537.36 (compatible; Googlebot/2.1; +http://www.google.com/bot.html)"
66.249.65.35 - - [15/Jul/2025:16:40:15 +0000] "POST /get-message-notify HTTP/1.1" 200 18195 "https://kraft-court.cafe/?x=59675405121800&mod=41e7637e&uri=product.php?feature/sale2411-5/index.html" "Mozilla/5.0 (Linux; Android 6.0.1; Nexus 5X Build/MMB29P) AppleWebKit/537.36 (KHTML, like Gecko) Chrome/137.0.7151.119 Mobile Safari/537.36 (compatible; Googlebot/2.1; +http://www.google.com/bot.html)"
66.249.65.35 - - [15/Jul/2025:16:40:16 +0000] "GET /?x=59675405121800&mod=41e7637e&uri=product.php?detail/2947147.htm HTTP/1.1" 200 18665 "-" "Mozilla/5.0 (Linux; Android 6.0.1; Nexus 5X Build/MMB29P) AppleWebKit/537.36 (KHTML, like Gecko) Chrome/137.0.7151.103 Mobile Safari/537.36 (compatible; Googlebot/2.1; +http://www.google.com/bot.html)"
66.249.65.35 - - [15/Jul/2025:16:40:18 +0000] "GET /?x=59675405121800&mod=41e7637e&uri=product.php?feature/yokohama_maruicity/index.html HTTP/1.1" 200 19343 "-" "Mozilla/5.0 (Linux; Android 6.0.1; Nexus 5X Build/MMB29P) AppleWebKit/537.36 (KHTML, like Gecko) Chrome/137.0.7151.103 Mobile Safari/537.36 (compatible; Googlebot/2.1; +http://www.google.com/bot.html)"
66.249.65.35 - - [15/Jul/2025:16:40:19 +0000] "POST /get-message-notify HTTP/1.1" 200 18195 "https://kraft-court.cafe/?x=59675405121800&mod=41e7637e&uri=product.php?detail/2947147.htm" "Mozilla/5.0 (Linux; Android 6.0.1; Nexus 5X Build/MMB29P) AppleWebKit/537.36 (KHTML, like Gecko) Chrome/137.0.7151.119 Mobile Safari/537.36 (compatible; Googlebot/2.1; +http://www.google.com/bot.html)"
66.249.65.35 - - [15/Jul/2025:16:40:24 +0000] "GET /?x=59675405121800&mod=41e7637e&uri=product.php?detail/2885779.htm HTTP/1.1" 200 19214 "-" "Mozilla/5.0 (Linux; Android 6.0.1; Nexus 5X Build/MMB29P) AppleWebKit/537.36 (KHTML, like Gecko) Chrome/137.0.7151.103 Mobile Safari/537.36 (compatible; Googlebot/2.1; +http://www.google.com/bot.html)"
66.249.65.35 - - [15/Jul/2025:16:40:26 +0000] "GET /?x=59675405121800&mod=41e7637e&uri=product.php?detail/2890335.htm HTTP/1.1" 200 19120 "-" "Mozilla/5.0 (Linux; Android 6.0.1; Nexus 5X Build/MMB29P) AppleWebKit/537.36 (KHTML, like Gecko) Chrome/137.0.7151.103 Mobile Safari/537.36 (compatible; Googlebot/2.1; +http://www.google.com/bot.html)"
66.249.65.35 - - [15/Jul/2025:16:40:27 +0000] "POST /get-message-notify HTTP/1.1" 200 18195 "https://kraft-court.cafe/?x=59675405121800&mod=41e7637e&uri=product.php?detail/2885779.htm" "Mozilla/5.0 (Linux; Android 6.0.1; Nexus 5X Build/MMB29P) AppleWebKit/537.36 (KHTML, like Gecko) Chrome/137.0.7151.119 Mobile Safari/537.36 (compatible; Googlebot/2.1; +http://www.google.com/bot.html)"
66.249.65.35 - - [15/Jul/2025:16:40:27 +0000] "GET /?x=59675405121800&mod=41e7637e&uri=product.php?detail/2901189.htm HTTP/1.1" 200 18757 "-" "Mozilla/5.0 (Linux; Android 6.0.1; Nexus 5X Build/MMB29P) AppleWebKit/537.36 (KHTML, like Gecko) Chrome/137.0.7151.103 Mobile Safari/537.36 (compatible; Googlebot/2.1; +http://www.google.com/bot.html)"
66.249.65.35 - - [15/Jul/2025:16:40:29 +0000] "GET /?x=59675405121800&mod=41e7637e&uri=product.php?detail/2906331.htm HTTP/1.1" 200 18716 "-" "Mozilla/5.0 (Linux; Android 6.0.1; Nexus 5X Build/MMB29P) AppleWebKit/537.36 (KHTML, like Gecko) Chrome/137.0.7151.103 Mobile Safari/537.36 (compatible; Googlebot/2.1; +http://www.google.com/bot.html)"
66.249.65.35 - - [15/Jul/2025:16:40:30 +0000] "GET /?x=59675405121800&mod=41e7637e&uri=product.php?detail/2916245.htm HTTP/1.1" 200 19824 "-" "Mozilla/5.0 (Linux; Android 6.0.1; Nexus 5X Build/MMB29P) AppleWebKit/537.36 (KHTML, like Gecko) Chrome/137.0.7151.103 Mobile Safari/537.36 (compatible; Googlebot/2.1; +http://www.google.com/bot.html)"
209.74.77.214 - - [15/Jul/2025:16:40:31 +0000] "POST /wp-cron.php?doing_wp_cron=1752597631.4861779212951660156250 HTTP/1.1" 200 - "-" "WordPress/6.8.1; https://kraft-court.cafe"
106.219.122.185 - - [15/Jul/2025:16:40:31 +0000] "POST /xmlrpc.php HTTP/1.1" 200 403 "-" "Mozilla/5.0 (Windows NT 10.0; Win64; x64) AppleWebKit/537.36 (KHTML, like Gecko) Chrome/91.0.4472.124 Safari/537.36"
66.249.65.35 - - [15/Jul/2025:16:40:32 +0000] "GET /?x=59675405121800&mod=41e7637e&uri=product.php?detail/2951396.htm HTTP/1.1" 200 18847 "-" "Mozilla/5.0 (Linux; Android 6.0.1; Nexus 5X Build/MMB29P) AppleWebKit/537.36 (KHTML, like Gecko) Chrome/137.0.7151.103 Mobile Safari/537.36 (compatible; Googlebot/2.1; +http://www.google.com/bot.html)"
66.249.65.36 - - [15/Jul/2025:16:40:42 +0000] "GET /?x=59675405121800&mod=41e7637e&uri=product.php?detail/2925060.htm HTTP/1.1" 200 19299 "-" "Mozilla/5.0 (Linux; Android 6.0.1; Nexus 5X Build/MMB29P) AppleWebKit/537.36 (KHTML, like Gecko) Chrome/137.0.7151.103 Mobile Safari/537.36 (compatible; Googlebot/2.1; +http://www.google.com/bot.html)"
66.249.65.35 - - [15/Jul/2025:16:40:44 +0000] "GET /?x=59675405121800&mod=41e7637e&uri=product.php?detail/2884244.htm HTTP/1.1" 200 18899 "-" "Mozilla/5.0 (Linux; Android 6.0.1; Nexus 5X Build/MMB29P) AppleWebKit/537.36 (KHTML, like Gecko) Chrome/137.0.7151.103 Mobile Safari/537.36 (compatible; Googlebot/2.1; +http://www.google.com/bot.html)"
66.249.65.35 - - [15/Jul/2025:16:40:45 +0000] "GET /?x=59675405121800&mod=41e7637e&uri=product.php?events/ HTTP/1.1" 200 18743 "-" "Mozilla/5.0 (Linux; Android 6.0.1; Nexus 5X Build/MMB29P) AppleWebKit/537.36 (KHTML, like Gecko) Chrome/137.0.7151.103 Mobile Safari/537.36 (compatible; Googlebot/2.1; +http://www.google.com/bot.html)"
66.249.65.35 - - [15/Jul/2025:16:40:47 +0000] "GET /?x=59675405121800&mod=41e7637e&uri=product.php?detail/2906982.htm HTTP/1.1" 200 19291 "-" "Mozilla/5.0 (Linux; Android 6.0.1; Nexus 5X Build/MMB29P) AppleWebKit/537.36 (KHTML, like Gecko) Chrome/137.0.7151.103 Mobile Safari/537.36 (compatible; Googlebot/2.1; +http://www.google.com/bot.html)"
66.249.65.35 - - [15/Jul/2025:16:40:48 +0000] "GET /?x=59675405121800&mod=41e7637e&uri=product.php?detail/2881650.htm HTTP/1.1" 200 19286 "-" "Mozilla/5.0 (Linux; Android 6.0.1; Nexus 5X Build/MMB29P) AppleWebKit/537.36 (KHTML, like Gecko) Chrome/137.0.7151.103 Mobile Safari/537.36 (compatible; Googlebot/2.1; +http://www.google.com/bot.html)"
66.249.65.35 - - [15/Jul/2025:16:40:50 +0000] "GET /?x=59675405121800&mod=41e7637e&uri=product.php?detail/2940542.htm HTTP/1.1" 200 19349 "-" "Mozilla/5.0 (Linux; Android 6.0.1; Nexus 5X Build/MMB29P) AppleWebKit/537.36 (KHTML, like Gecko) Chrome/137.0.7151.103 Mobile Safari/537.36 (compatible; Googlebot/2.1; +http://www.google.com/bot.html)"
66.249.65.35 - - [15/Jul/2025:16:40:50 +0000] "POST /get-message-notify HTTP/1.1" 200 18195 "https://kraft-court.cafe/?x=59675405121800&mod=41e7637e&uri=product.php?detail/2881650.htm" "Mozilla/5.0 (Linux; Android 6.0.1; Nexus 5X Build/MMB29P) AppleWebKit/537.36 (KHTML, like Gecko) Chrome/137.0.7151.119 Mobile Safari/537.36 (compatible; Googlebot/2.1; +http://www.google.com/bot.html)"
66.249.65.35 - - [15/Jul/2025:16:40:53 +0000] "POST /get-message-notify HTTP/1.1" 200 18195 "https://kraft-court.cafe/?x=59675405121800&mod=41e7637e&uri=product.php?detail/2940542.htm" "Mozilla/5.0 (Linux; Android 6.0.1; Nexus 5X Build/MMB29P) AppleWebKit/537.36 (KHTML, like Gecko) Chrome/137.0.7151.119 Mobile Safari/537.36 (compatible; Googlebot/2.1; +http://www.google.com/bot.html)"
66.249.65.37 - - [15/Jul/2025:16:41:04 +0000] "GET /?x=59675405121800&mod=41e7637e&uri=product.php?detail/2935400.htm HTTP/1.1" 200 19207 "-" "Mozilla/5.0 (Linux; Android 6.0.1; Nexus 5X Build/MMB29P) AppleWebKit/537.36 (KHTML, like Gecko) Chrome/137.0.7151.103 Mobile Safari/537.36 (compatible; Googlebot/2.1; +http://www.google.com/bot.html)"
66.249.65.35 - - [15/Jul/2025:16:41:08 +0000] "GET /?x=59675405121800&mod=41e7637e&uri=product.php?hobby/boardgame/index.html HTTP/1.1" 200 19540 "-" "Mozilla/5.0 (Linux; Android 6.0.1; Nexus 5X Build/MMB29P) AppleWebKit/537.36 (KHTML, like Gecko) Chrome/137.0.7151.103 Mobile Safari/537.36 (compatible; Googlebot/2.1; +http://www.google.com/bot.html)"
66.249.65.35 - - [15/Jul/2025:16:41:09 +0000] "POST /get-message-notify HTTP/1.1" 200 18195 "https://kraft-court.cafe/?x=59675405121800&mod=41e7637e&uri=product.php?detail/2890335.htm" "Mozilla/5.0 (Linux; Android 6.0.1; Nexus 5X Build/MMB29P) AppleWebKit/537.36 (KHTML, like Gecko) Chrome/137.0.7151.119 Mobile Safari/537.36 (compatible; Googlebot/2.1; +http://www.google.com/bot.html)"
66.249.65.35 - - [15/Jul/2025:16:41:10 +0000] "POST /get-message-notify HTTP/1.1" 200 18195 "https://kraft-court.cafe/?x=59675405121800&mod=41e7637e&uri=product.php?detail/2925060.htm" "Mozilla/5.0 (Linux; Android 6.0.1; Nexus 5X Build/MMB29P) AppleWebKit/537.36 (KHTML, like Gecko) Chrome/137.0.7151.119 Mobile Safari/537.36 (compatible; Googlebot/2.1; +http://www.google.com/bot.html)"
66.249.65.35 - - [15/Jul/2025:16:41:14 +0000] "GET /?x=59675405121800&mod=41e7637e&uri=product.php?detail/2896119.htm HTTP/1.1" 200 19165 "-" "Mozilla/5.0 (Linux; Android 6.0.1; Nexus 5X Build/MMB29P) AppleWebKit/537.36 (KHTML, like Gecko) Chrome/137.0.7151.103 Mobile Safari/537.36 (compatible; Googlebot/2.1; +http://www.google.com/bot.html)"
66.249.65.35 - - [15/Jul/2025:16:41:21 +0000] "GET /?x=59675405121800&mod=41e7637e&uri=product.php?detail/2921451.htm HTTP/1.1" 200 19286 "-" "Mozilla/5.0 (Linux; Android 6.0.1; Nexus 5X Build/MMB29P) AppleWebKit/537.36 (KHTML, like Gecko) Chrome/137.0.7151.103 Mobile Safari/537.36 (compatible; Googlebot/2.1; +http://www.google.com/bot.html)"
66.249.65.35 - - [15/Jul/2025:16:41:22 +0000] "GET /?x=59675405121800&mod=41e7637e&uri=product.php?detail/2926585.htm HTTP/1.1" 200 18834 "-" "Mozilla/5.0 (Linux; Android 6.0.1; Nexus 5X Build/MMB29P) AppleWebKit/537.36 (KHTML, like Gecko) Chrome/137.0.7151.103 Mobile Safari/537.36 (compatible; Googlebot/2.1; +http://www.google.com/bot.html)"
66.249.65.35 - - [15/Jul/2025:16:41:29 +0000] "GET /?x=59675405121800&mod=41e7637e&uri=product.php?detail/2936797.htm HTTP/1.1" 200 19342 "-" "Mozilla/5.0 (Linux; Android 6.0.1; Nexus 5X Build/MMB29P) AppleWebKit/537.36 (KHTML, like Gecko) Chrome/137.0.7151.103 Mobile Safari/537.36 (compatible; Googlebot/2.1; +http://www.google.com/bot.html)"
66.249.65.35 - - [15/Jul/2025:16:41:36 +0000] "GET /?x=59675405121800&mod=41e7637e&uri=product.php?detail/2906033.htm HTTP/1.1" 200 19104 "-" "Mozilla/5.0 (Linux; Android 6.0.1; Nexus 5X Build/MMB29P) AppleWebKit/537.36 (KHTML, like Gecko) Chrome/137.0.7151.103 Mobile Safari/537.36 (compatible; Googlebot/2.1; +http://www.google.com/bot.html)"
66.249.65.35 - - [15/Jul/2025:16:41:37 +0000] "GET /?x=59675405121800&mod=41e7637e&uri=product.php?detail/2938324.htm HTTP/1.1" 200 18608 "-" "Mozilla/5.0 (Linux; Android 6.0.1; Nexus 5X Build/MMB29P) AppleWebKit/537.36 (KHTML, like Gecko) Chrome/137.0.7151.103 Mobile Safari/537.36 (compatible; Googlebot/2.1; +http://www.google.com/bot.html)"
66.249.65.35 - - [15/Jul/2025:16:41:38 +0000] "POST /get-message-notify HTTP/1.1" 200 18195 "https://kraft-court.cafe/?x=59675405121800&mod=41e7637e&uri=product.php?detail/2936797.htm" "Mozilla/5.0 (Linux; Android 6.0.1; Nexus 5X Build/MMB29P) AppleWebKit/537.36 (KHTML, like Gecko) Chrome/137.0.7151.119 Mobile Safari/537.36 (compatible; Googlebot/2.1; +http://www.google.com/bot.html)"
66.249.65.35 - - [15/Jul/2025:16:41:39 +0000] "GET /?x=59675405121800&mod=41e7637e&uri=product.php?detail/2896642.htm HTTP/1.1" 200 19118 "-" "Mozilla/5.0 (Linux; Android 6.0.1; Nexus 5X Build/MMB29P) AppleWebKit/537.36 (KHTML, like Gecko) Chrome/137.0.7151.103 Mobile Safari/537.36 (compatible; Googlebot/2.1; +http://www.google.com/bot.html)"
66.249.65.35 - - [15/Jul/2025:16:41:40 +0000] "GET /?x=59675405121800&mod=41e7637e&uri=product.php?detail/2949869.htm HTTP/1.1" 200 18307 "-" "Mozilla/5.0 (Linux; Android 6.0.1; Nexus 5X Build/MMB29P) AppleWebKit/537.36 (KHTML, like Gecko) Chrome/137.0.7151.103 Mobile Safari/537.36 (compatible; Googlebot/2.1; +http://www.google.com/bot.html)"
66.249.65.35 - - [15/Jul/2025:16:41:42 +0000] "GET /?x=59675405121800&mod=41e7637e&uri=product.php?detail/2914848.htm HTTP/1.1" 200 18753 "-" "Mozilla/5.0 (Linux; Android 6.0.1; Nexus 5X Build/MMB29P) AppleWebKit/537.36 (KHTML, like Gecko) Chrome/137.0.7151.103 Mobile Safari/537.36 (compatible; Googlebot/2.1; +http://www.google.com/bot.html)"
66.249.65.35 - - [15/Jul/2025:16:41:43 +0000] "GET /?x=59675405121800&mod=41e7637e&uri=product.php?detail/2909906.htm HTTP/1.1" 200 18595 "-" "Mozilla/5.0 (Linux; Android 6.0.1; Nexus 5X Build/MMB29P) AppleWebKit/537.36 (KHTML, like Gecko) Chrome/137.0.7151.103 Mobile Safari/537.36 (compatible; Googlebot/2.1; +http://www.google.com/bot.html)"
66.249.65.35 - - [15/Jul/2025:16:41:44 +0000] "GET /?x=59675405121800&mod=41e7637e&uri=product.php?detail/2918721.htm HTTP/1.1" 200 19286 "-" "Mozilla/5.0 (Linux; Android 6.0.1; Nexus 5X Build/MMB29P) AppleWebKit/537.36 (KHTML, like Gecko) Chrome/137.0.7151.103 Mobile Safari/537.36 (compatible; Googlebot/2.1; +http://www.google.com/bot.html)"
66.249.65.35 - - [15/Jul/2025:16:41:47 +0000] "GET /?x=59675405121800&mod=41e7637e&uri=product.php?detail/2935986.htm HTTP/1.1" 200 19244 "-" "Mozilla/5.0 (Linux; Android 6.0.1; Nexus 5X Build/MMB29P) AppleWebKit/537.36 (KHTML, like Gecko) Chrome/137.0.7151.103 Mobile Safari/537.36 (compatible; Googlebot/2.1; +http://www.google.com/bot.html)"
66.249.65.36 - - [15/Jul/2025:16:41:50 +0000] "GET /?x=59675405121800&mod=41e7637e&uri=product.php?kaden.html HTTP/1.1" 200 19179 "-" "Mozilla/5.0 (Linux; Android 6.0.1; Nexus 5X Build/MMB29P) AppleWebKit/537.36 (KHTML, like Gecko) Chrome/137.0.7151.103 Mobile Safari/537.36 (compatible; Googlebot/2.1; +http://www.google.com/bot.html)"
209.74.77.214 - - [15/Jul/2025:16:41:51 +0000] "POST /wp-cron.php?doing_wp_cron=1752597711.1563839912414550781250 HTTP/1.1" 200 - "-" "WordPress/6.8.1; https://kraft-court.cafe"
106.219.122.185 - - [15/Jul/2025:16:41:51 +0000] "POST /xmlrpc.php HTTP/1.1" 200 403 "-" "Mozilla/5.0 (Windows NT 10.0; Win64; x64) AppleWebKit/537.36 (KHTML, like Gecko) Chrome/91.0.4472.124 Safari/537.36"
66.249.65.36 - - [15/Jul/2025:16:41:56 +0000] "GET /?x=59675405121800&mod=41e7637e&uri=product.php?detail/2887989.htm HTTP/1.1" 200 19491 "-" "Mozilla/5.0 (Linux; Android 6.0.1; Nexus 5X Build/MMB29P) AppleWebKit/537.36 (KHTML, like Gecko) Chrome/137.0.7151.103 Mobile Safari/537.36 (compatible; Googlebot/2.1; +http://www.google.com/bot.html)"
66.249.65.35 - - [15/Jul/2025:16:41:57 +0000] "GET /?x=59675405121800&mod=41e7637e&uri=product.php?detail/2950722.htm HTTP/1.1" 200 19530 "-" "Mozilla/5.0 (Linux; Android 6.0.1; Nexus 5X Build/MMB29P) AppleWebKit/537.36 (KHTML, like Gecko) Chrome/137.0.7151.103 Mobile Safari/537.36 (compatible; Googlebot/2.1; +http://www.google.com/bot.html)"
66.249.65.35 - - [15/Jul/2025:16:41:59 +0000] "GET /?x=59675405121800&mod=41e7637e&uri=product.php?detail/2880123.htm HTTP/1.1" 200 19114 "-" "Mozilla/5.0 (Linux; Android 6.0.1; Nexus 5X Build/MMB29P) AppleWebKit/537.36 (KHTML, like Gecko) Chrome/137.0.7151.103 Mobile Safari/537.36 (compatible; Googlebot/2.1; +http://www.google.com/bot.html)"
66.249.65.36 - - [15/Jul/2025:16:41:59 +0000] "POST /get-message-notify HTTP/1.1" 200 18195 "https://kraft-court.cafe/?x=59675405121800&mod=41e7637e&uri=product.php?detail/2887989.htm" "Mozilla/5.0 (Linux; Android 6.0.1; Nexus 5X Build/MMB29P) AppleWebKit/537.36 (KHTML, like Gecko) Chrome/137.0.7151.119 Mobile Safari/537.36 (compatible; Googlebot/2.1; +http://www.google.com/bot.html)"
66.249.65.35 - - [15/Jul/2025:16:42:07 +0000] "GET /?x=59675405121800&mod=41e7637e&uri=product.php?pcsp.html HTTP/1.1" 200 19390 "-" "Mozilla/5.0 (Linux; Android 6.0.1; Nexus 5X Build/MMB29P) AppleWebKit/537.36 (KHTML, like Gecko) Chrome/137.0.7151.103 Mobile Safari/537.36 (compatible; Googlebot/2.1; +http://www.google.com/bot.html)"
66.249.65.35 - - [15/Jul/2025:16:42:09 +0000] "GET /?x=59675405121800&mod=41e7637e&uri=product.php?detail/2902458.htm HTTP/1.1" 200 19118 "-" "Mozilla/5.0 (Linux; Android 6.0.1; Nexus 5X Build/MMB29P) AppleWebKit/537.36 (KHTML, like Gecko) Chrome/137.0.7151.103 Mobile Safari/537.36 (compatible; Googlebot/2.1; +http://www.google.com/bot.html)"
66.249.65.35 - - [15/Jul/2025:16:42:10 +0000] "GET /?x=59675405121800&mod=41e7637e&uri=product.php?detail/2903407.htm HTTP/1.1" 200 18889 "-" "Mozilla/5.0 (Linux; Android 6.0.1; Nexus 5X Build/MMB29P) AppleWebKit/537.36 (KHTML, like Gecko) Chrome/137.0.7151.103 Mobile Safari/537.36 (compatible; Googlebot/2.1; +http://www.google.com/bot.html)"
66.249.65.35 - - [15/Jul/2025:16:42:13 +0000] "POST /get-message-notify HTTP/1.1" 200 18195 "https://kraft-court.cafe/?x=59675405121800&mod=41e7637e&uri=product.php?detail/2903407.htm" "Mozilla/5.0 (Linux; Android 6.0.1; Nexus 5X Build/MMB29P) AppleWebKit/537.36 (KHTML, like Gecko) Chrome/137.0.7151.119 Mobile Safari/537.36 (compatible; Googlebot/2.1; +http://www.google.com/bot.html)"
66.249.65.35 - - [15/Jul/2025:16:42:13 +0000] "POST /get-message-notify HTTP/1.1" 200 18195 "https://kraft-court.cafe/?x=59675405121800&mod=41e7637e&uri=product.php?detail/2902458.htm" "Mozilla/5.0 (Linux; Android 6.0.1; Nexus 5X Build/MMB29P) AppleWebKit/537.36 (KHTML, like Gecko) Chrome/137.0.7151.119 Mobile Safari/537.36 (compatible; Googlebot/2.1; +http://www.google.com/bot.html)"
66.249.65.35 - - [15/Jul/2025:16:42:14 +0000] "GET /?x=59675405121800&mod=41e7637e&uri=product.php?feature/index.html HTTP/1.1" 200 19549 "-" "Mozilla/5.0 (Linux; Android 6.0.1; Nexus 5X Build/MMB29P) AppleWebKit/537.36 (KHTML, like Gecko) Chrome/137.0.7151.103 Mobile Safari/537.36 (compatible; Googlebot/2.1; +http://www.google.com/bot.html)"
66.249.65.35 - - [15/Jul/2025:16:42:16 +0000] "GET /?x=59675405121800&mod=41e7637e&uri=product.php?detail/2911273.htm HTTP/1.1" 200 18965 "-" "Mozilla/5.0 (Linux; Android 6.0.1; Nexus 5X Build/MMB29P) AppleWebKit/537.36 (KHTML, like Gecko) Chrome/137.0.7151.103 Mobile Safari/537.36 (compatible; Googlebot/2.1; +http://www.google.com/bot.html)"
66.249.65.35 - - [15/Jul/2025:16:42:18 +0000] "POST /get-message-notify HTTP/1.1" 200 18195 "https://kraft-court.cafe/?x=59675405121800&mod=41e7637e&uri=product.php?detail/2911273.htm" "Mozilla/5.0 (Linux; Android 6.0.1; Nexus 5X Build/MMB29P) AppleWebKit/537.36 (KHTML, like Gecko) Chrome/137.0.7151.119 Mobile Safari/537.36 (compatible; Googlebot/2.1; +http://www.google.com/bot.html)"
66.249.65.35 - - [15/Jul/2025:16:42:20 +0000] "GET /?x=59675405121800&mod=41e7637e&uri=product.php?detail/2911111.htm HTTP/1.1" 200 18646 "-" "Mozilla/5.0 (Linux; Android 6.0.1; Nexus 5X Build/MMB29P) AppleWebKit/537.36 (KHTML, like Gecko) Chrome/137.0.7151.103 Mobile Safari/537.36 (compatible; Googlebot/2.1; +http://www.google.com/bot.html)"
66.249.65.35 - - [15/Jul/2025:16:42:20 +0000] "POST /get-message-notify HTTP/1.1" 200 18195 "https://kraft-court.cafe/?x=59675405121800&mod=41e7637e&uri=product.php?detail/2935986.htm" "Mozilla/5.0 (Linux; Android 6.0.1; Nexus 5X Build/MMB29P) AppleWebKit/537.36 (KHTML, like Gecko) Chrome/137.0.7151.119 Mobile Safari/537.36 (compatible; Googlebot/2.1; +http://www.google.com/bot.html)"
66.249.65.35 - - [15/Jul/2025:16:42:22 +0000] "POST /get-message-notify HTTP/1.1" 200 18195 "https://kraft-court.cafe/?x=59675405121800&mod=41e7637e&uri=product.php?detail/2911111.htm" "Mozilla/5.0 (Linux; Android 6.0.1; Nexus 5X Build/MMB29P) AppleWebKit/537.36 (KHTML, like Gecko) Chrome/137.0.7151.119 Mobile Safari/537.36 (compatible; Googlebot/2.1; +http://www.google.com/bot.html)"
66.249.65.35 - - [15/Jul/2025:16:42:24 +0000] "GET /?x=59675405121800&mod=41e7637e&uri=product.php?detail/2898201.htm HTTP/1.1" 200 19436 "-" "Mozilla/5.0 (Linux; Android 6.0.1; Nexus 5X Build/MMB29P) AppleWebKit/537.36 (KHTML, like Gecko) Chrome/137.0.7151.103 Mobile Safari/537.36 (compatible; Googlebot/2.1; +http://www.google.com/bot.html)"
66.249.65.35 - - [15/Jul/2025:16:42:25 +0000] "GET /?x=59675405121800&mod=41e7637e&uri=product.php?detail/2941907.htm HTTP/1.1" 200 18795 "-" "Mozilla/5.0 (Linux; Android 6.0.1; Nexus 5X Build/MMB29P) AppleWebKit/537.36 (KHTML, like Gecko) Chrome/137.0.7151.103 Mobile Safari/537.36 (compatible; Googlebot/2.1; +http://www.google.com/bot.html)"
66.249.65.35 - - [15/Jul/2025:16:42:25 +0000] "POST /get-message-notify HTTP/1.1" 200 18195 "https://kraft-court.cafe/?x=59675405121800&mod=41e7637e&uri=product.php?detail/2906033.htm" "Mozilla/5.0 (Linux; Android 6.0.1; Nexus 5X Build/MMB29P) AppleWebKit/537.36 (KHTML, like Gecko) Chrome/137.0.7151.119 Mobile Safari/537.36 (compatible; Googlebot/2.1; +http://www.google.com/bot.html)"
66.249.65.35 - - [15/Jul/2025:16:42:29 +0000] "GET /?x=59675405121800&mod=41e7637e&uri=product.php?feature/shoplist/index.html HTTP/1.1" 200 19429 "-" "Mozilla/5.0 (Linux; Android 6.0.1; Nexus 5X Build/MMB29P) AppleWebKit/537.36 (KHTML, like Gecko) Chrome/137.0.7151.103 Mobile Safari/537.36 (compatible; Googlebot/2.1; +http://www.google.com/bot.html)"
66.249.65.35 - - [15/Jul/2025:16:42:30 +0000] "POST /get-message-notify HTTP/1.1" 200 18195 "https://kraft-court.cafe/?x=59675405121800&mod=41e7637e&uri=product.php?detail/2898201.htm" "Mozilla/5.0 (Linux; Android 6.0.1; Nexus 5X Build/MMB29P) AppleWebKit/537.36 (KHTML, like Gecko) Chrome/137.0.7151.119 Mobile Safari/537.36 (compatible; Googlebot/2.1; +http://www.google.com/bot.html)"
66.249.65.35 - - [15/Jul/2025:16:42:31 +0000] "GET /?x=59675405121800&mod=41e7637e&uri=product.php?man/kaitori/kantan.html HTTP/1.1" 200 19804 "-" "Mozilla/5.0 (Linux; Android 6.0.1; Nexus 5X Build/MMB29P) AppleWebKit/537.36 (KHTML, like Gecko) Chrome/137.0.7151.103 Mobile Safari/537.36 (compatible; Googlebot/2.1; +http://www.google.com/bot.html)"
66.249.65.36 - - [15/Jul/2025:16:42:35 +0000] "GET /?x=59675405121800&mod=41e7637e&uri=product.php?detail/2889450.htm HTTP/1.1" 200 19158 "-" "Mozilla/5.0 (Linux; Android 6.0.1; Nexus 5X Build/MMB29P) AppleWebKit/537.36 (KHTML, like Gecko) Chrome/137.0.7151.103 Mobile Safari/537.36 (compatible; Googlebot/2.1; +http://www.google.com/bot.html)"
66.249.65.35 - - [15/Jul/2025:16:42:39 +0000] "GET /?x=59675405121800&mod=41e7637e&uri=product.php?feature/shoplist-friendly/index.html HTTP/1.1" 200 19225 "-" "Mozilla/5.0 (Linux; Android 6.0.1; Nexus 5X Build/MMB29P) AppleWebKit/537.36 (KHTML, like Gecko) Chrome/137.0.7151.103 Mobile Safari/537.36 (compatible; Googlebot/2.1; +http://www.google.com/bot.html)"
66.249.65.35 - - [15/Jul/2025:16:42:49 +0000] "POST /get-message-notify HTTP/1.1" 200 18195 "https://kraft-court.cafe/?x=59675405121800&mod=41e7637e&uri=product.php?detail/2889450.htm" "Mozilla/5.0 (Linux; Android 6.0.1; Nexus 5X Build/MMB29P) AppleWebKit/537.36 (KHTML, like Gecko) Chrome/137.0.7151.119 Mobile Safari/537.36 (compatible; Googlebot/2.1; +http://www.google.com/bot.html)"
66.249.65.36 - - [15/Jul/2025:16:42:52 +0000] "GET /?x=59675405121800&mod=41e7637e&uri=product.php?detail/2928112.htm HTTP/1.1" 200 19338 "-" "Mozilla/5.0 (Linux; Android 6.0.1; Nexus 5X Build/MMB29P) AppleWebKit/537.36 (KHTML, like Gecko) Chrome/137.0.7151.103 Mobile Safari/537.36 (compatible; Googlebot/2.1; +http://www.google.com/bot.html)"
66.249.65.36 - - [15/Jul/2025:16:42:53 +0000] "GET /?x=59675405121800&mod=41e7637e&uri=product.php?detail/2891532.htm HTTP/1.1" 200 19429 "-" "Mozilla/5.0 (Linux; Android 6.0.1; Nexus 5X Build/MMB29P) AppleWebKit/537.36 (KHTML, like Gecko) Chrome/137.0.7151.103 Mobile Safari/537.36 (compatible; Googlebot/2.1; +http://www.google.com/bot.html)"
66.249.65.36 - - [15/Jul/2025:16:42:54 +0000] "GET /?x=59675405121800&mod=41e7637e&uri=product.php?detail/2917194.htm HTTP/1.1" 200 18936 "-" "Mozilla/5.0 (Linux; Android 6.0.1; Nexus 5X Build/MMB29P) AppleWebKit/537.36 (KHTML, like Gecko) Chrome/137.0.7151.103 Mobile Safari/537.36 (compatible; Googlebot/2.1; +http://www.google.com/bot.html)"
66.249.65.36 - - [15/Jul/2025:16:42:56 +0000] "POST /get-message-notify HTTP/1.1" 200 18195 "https://kraft-court.cafe/?x=59675405121800&mod=41e7637e&uri=product.php?detail/2928112.htm" "Mozilla/5.0 (Linux; Android 6.0.1; Nexus 5X Build/MMB29P) AppleWebKit/537.36 (KHTML, like Gecko) Chrome/137.0.7151.119 Mobile Safari/537.36 (compatible; Googlebot/2.1; +http://www.google.com/bot.html)"
66.249.65.36 - - [15/Jul/2025:16:42:58 +0000] "POST /get-message-notify HTTP/1.1" 200 18195 "https://kraft-court.cafe/?x=59675405121800&mod=41e7637e&uri=product.php?detail/2917194.htm" "Mozilla/5.0 (Linux; Android 6.0.1; Nexus 5X Build/MMB29P) AppleWebKit/537.36 (KHTML, like Gecko) Chrome/137.0.7151.119 Mobile Safari/537.36 (compatible; Googlebot/2.1; +http://www.google.com/bot.html)"
66.249.65.36 - - [15/Jul/2025:16:43:00 +0000] "GET /?x=5572434011800&mod=c4b43ae0&uri=products.php?detail/53419132.htm HTTP/1.1" 200 19227 "-" "Mozilla/5.0 (Linux; Android 6.0.1; Nexus 5X Build/MMB29P) AppleWebKit/537.36 (KHTML, like Gecko) Chrome/137.0.7151.103 Mobile Safari/537.36 (compatible; Googlebot/2.1; +http://www.google.com/bot.html)"
209.74.77.214 - - [15/Jul/2025:16:43:06 +0000] "POST /wp-cron.php?doing_wp_cron=1752597786.1173839569091796875000 HTTP/1.1" 200 - "-" "WordPress/6.8.1; https://kraft-court.cafe"
106.219.122.185 - - [15/Jul/2025:16:43:06 +0000] "POST /xmlrpc.php HTTP/1.1" 200 403 "-" "Mozilla/5.0 (Windows NT 10.0; Win64; x64) AppleWebKit/537.36 (KHTML, like Gecko) Chrome/91.0.4472.124 Safari/537.36"
66.249.65.35 - - [15/Jul/2025:16:43:06 +0000] "GET /?x=59675405121800&mod=41e7637e&uri=product.php?detail/2900899.htm HTTP/1.1" 200 19116 "-" "Mozilla/5.0 (Linux; Android 6.0.1; Nexus 5X Build/MMB29P) AppleWebKit/537.36 (KHTML, like Gecko) Chrome/137.0.7151.103 Mobile Safari/537.36 (compatible; Googlebot/2.1; +http://www.google.com/bot.html)"
66.249.65.35 - - [15/Jul/2025:16:43:07 +0000] "GET /?x=59675405121800&mod=41e7637e&uri=product.php?feature/akihabara_main/index.html HTTP/1.1" 200 19482 "-" "Mozilla/5.0 (Linux; Android 6.0.1; Nexus 5X Build/MMB29P) AppleWebKit/537.36 (KHTML, like Gecko) Chrome/137.0.7151.103 Mobile Safari/537.36 (compatible; Googlebot/2.1; +http://www.google.com/bot.html)"
66.249.65.35 - - [15/Jul/2025:16:43:14 +0000] "GET /?x=59675405121800&mod=41e7637e&uri=product.php?detail/2951991.htm HTTP/1.1" 200 19224 "-" "Mozilla/5.0 (Linux; Android 6.0.1; Nexus 5X Build/MMB29P) AppleWebKit/537.36 (KHTML, like Gecko) Chrome/137.0.7151.103 Mobile Safari/537.36 (compatible; Googlebot/2.1; +http://www.google.com/bot.html)"
66.249.65.35 - - [15/Jul/2025:16:43:15 +0000] "GET /?x=59675405121800&mod=41e7637e&uri=product.php?detail/2936935.htm HTTP/1.1" 200 19274 "-" "Mozilla/5.0 (Linux; Android 6.0.1; Nexus 5X Build/MMB29P) AppleWebKit/537.36 (KHTML, like Gecko) Chrome/137.0.7151.103 Mobile Safari/537.36 (compatible; Googlebot/2.1; +http://www.google.com/bot.html)"
66.249.70.38 - - [15/Jul/2025:16:43:19 +0000] "GET /?x=59675405121800&mod=41e7637e&uri=product.php?detail/2885193.htm HTTP/1.1" 200 18765 "-" "Mozilla/5.0 (Linux; Android 6.0.1; Nexus 5X Build/MMB29P) AppleWebKit/537.36 (KHTML, like Gecko) Chrome/137.0.7151.103 Mobile Safari/537.36 (compatible; Googlebot/2.1; +http://www.google.com/bot.html)"
66.249.65.35 - - [15/Jul/2025:16:43:23 +0000] "GET /?x=59675405121800&mod=41e7637e&uri=product.php?detail/2931663.htm HTTP/1.1" 200 18750 "-" "Mozilla/5.0 (Linux; Android 6.0.1; Nexus 5X Build/MMB29P) AppleWebKit/537.36 (KHTML, like Gecko) Chrome/137.0.7151.103 Mobile Safari/537.36 (compatible; Googlebot/2.1; +http://www.google.com/bot.html)"
66.249.65.35 - - [15/Jul/2025:16:43:23 +0000] "GET /?x=70393925021800&mod=29b2cd4a&uri=form.php?detail/4414815.htm HTTP/1.1" 200 19196 "-" "Mozilla/5.0 (Linux; Android 6.0.1; Nexus 5X Build/MMB29P) AppleWebKit/537.36 (KHTML, like Gecko) Chrome/137.0.7151.103 Mobile Safari/537.36 (compatible; Googlebot/2.1; +http://www.google.com/bot.html)"
66.249.65.35 - - [15/Jul/2025:16:43:25 +0000] "GET /?x=59675405121800&mod=41e7637e&uri=product.php?detail/2908541.htm HTTP/1.1" 200 19385 "-" "Mozilla/5.0 (Linux; Android 6.0.1; Nexus 5X Build/MMB29P) AppleWebKit/537.36 (KHTML, like Gecko) Chrome/137.0.7151.103 Mobile Safari/537.36 (compatible; Googlebot/2.1; +http://www.google.com/bot.html)"
66.249.65.35 - - [15/Jul/2025:16:43:26 +0000] "POST /get-message-notify HTTP/1.1" 200 18195 "https://kraft-court.cafe/?x=70393925021800&mod=29b2cd4a&uri=form.php?detail/4414815.htm" "Mozilla/5.0 (Linux; Android 6.0.1; Nexus 5X Build/MMB29P) AppleWebKit/537.36 (KHTML, like Gecko) Chrome/137.0.7151.119 Mobile Safari/537.36 (compatible; Googlebot/2.1; +http://www.google.com/bot.html)"
66.249.65.35 - - [15/Jul/2025:16:43:29 +0000] "GET /?x=59675405121800&mod=41e7637e&uri=product.php?detail/2948408.htm HTTP/1.1" 200 19519 "-" "Mozilla/5.0 (Linux; Android 6.0.1; Nexus 5X Build/MMB29P) AppleWebKit/537.36 (KHTML, like Gecko) Chrome/137.0.7151.103 Mobile Safari/537.36 (compatible; Googlebot/2.1; +http://www.google.com/bot.html)"
66.249.65.35 - - [15/Jul/2025:16:43:31 +0000] "POST /get-message-notify HTTP/1.1" 200 18195 "https://kraft-court.cafe/?x=59675405121800&mod=41e7637e&uri=product.php?feature/akihabara_main/index.html" "Mozilla/5.0 (Linux; Android 6.0.1; Nexus 5X Build/MMB29P) AppleWebKit/537.36 (KHTML, like Gecko) Chrome/137.0.7151.119 Mobile Safari/537.36 (compatible; Googlebot/2.1; +http://www.google.com/bot.html)"
66.249.65.35 - - [15/Jul/2025:16:43:34 +0000] "POST /get-message-notify HTTP/1.1" 200 18195 "https://kraft-court.cafe/?x=59675405121800&mod=41e7637e&uri=product.php?detail/2936935.htm" "Mozilla/5.0 (Linux; Android 6.0.1; Nexus 5X Build/MMB29P) AppleWebKit/537.36 (KHTML, like Gecko) Chrome/137.0.7151.119 Mobile Safari/537.36 (compatible; Googlebot/2.1; +http://www.google.com/bot.html)"
66.249.65.35 - - [15/Jul/2025:16:43:35 +0000] "GET /?x=59675405121800&mod=41e7637e&uri=product.php?detail/2942069.htm HTTP/1.1" 200 18727 "-" "Mozilla/5.0 (Linux; Android 6.0.1; Nexus 5X Build/MMB29P) AppleWebKit/537.36 (KHTML, like Gecko) Chrome/137.0.7151.103 Mobile Safari/537.36 (compatible; Googlebot/2.1; +http://www.google.com/bot.html)"
66.249.65.35 - - [15/Jul/2025:16:43:37 +0000] "GET /?x=59675405121800&mod=41e7637e&uri=product.php?detail/2931729.htm HTTP/1.1" 200 18813 "-" "Mozilla/5.0 (Linux; Android 6.0.1; Nexus 5X Build/MMB29P) AppleWebKit/537.36 (KHTML, like Gecko) Chrome/137.0.7151.103 Mobile Safari/537.36 (compatible; Googlebot/2.1; +http://www.google.com/bot.html)"
66.249.65.36 - - [15/Jul/2025:16:43:38 +0000] "GET /?x=59675405121800&mod=41e7637e&uri=product.php?oreka/plamodel_menu.html HTTP/1.1" 200 18370 "-" "Mozilla/5.0 (Linux; Android 6.0.1; Nexus 5X Build/MMB29P) AppleWebKit/537.36 (KHTML, like Gecko) Chrome/137.0.7151.103 Mobile Safari/537.36 (compatible; Googlebot/2.1; +http://www.google.com/bot.html)"
66.249.65.35 - - [15/Jul/2025:16:43:40 +0000] "GET /?x=59675405121800&mod=41e7637e&uri=product.php?detail/2899662.htm HTTP/1.1" 200 19512 "-" "Mozilla/5.0 (Linux; Android 6.0.1; Nexus 5X Build/MMB29P) AppleWebKit/537.36 (KHTML, like Gecko) Chrome/137.0.7151.103 Mobile Safari/537.36 (compatible; Googlebot/2.1; +http://www.google.com/bot.html)"
66.249.65.36 - - [15/Jul/2025:16:43:54 +0000] "GET /?x=59675405121800&mod=41e7637e&uri=product.php?detail/2939529.htm HTTP/1.1" 200 19252 "-" "Mozilla/5.0 (Linux; Android 6.0.1; Nexus 5X Build/MMB29P) AppleWebKit/537.36 (KHTML, like Gecko) Chrome/137.0.7151.103 Mobile Safari/537.36 (compatible; Googlebot/2.1; +http://www.google.com/bot.html)"
66.249.65.35 - - [15/Jul/2025:16:44:01 +0000] "POST /get-message-notify HTTP/1.1" 200 18195 "https://kraft-court.cafe/?x=59675405121800&mod=41e7637e&uri=product.php?detail/2948408.htm" "Mozilla/5.0 (Linux; Android 6.0.1; Nexus 5X Build/MMB29P) AppleWebKit/537.36 (KHTML, like Gecko) Chrome/137.0.7151.119 Mobile Safari/537.36 (compatible; Googlebot/2.1; +http://www.google.com/bot.html)"
66.249.65.35 - - [15/Jul/2025:16:44:12 +0000] "GET /?x=59675405121800&mod=41e7637e&uri=product.php?detail/2904796.htm HTTP/1.1" 200 19313 "-" "Mozilla/5.0 (Linux; Android 6.0.1; Nexus 5X Build/MMB29P) AppleWebKit/537.36 (KHTML, like Gecko) Chrome/137.0.7151.103 Mobile Safari/537.36 (compatible; Googlebot/2.1; +http://www.google.com/bot.html)"
66.249.65.35 - - [15/Jul/2025:16:44:14 +0000] "GET /?x=59675405121800&mod=41e7637e&uri=product.php?detail/2930876.htm HTTP/1.1" 200 18841 "-" "Mozilla/5.0 (Linux; Android 6.0.1; Nexus 5X Build/MMB29P) AppleWebKit/537.36 (KHTML, like Gecko) Chrome/137.0.7151.103 Mobile Safari/537.36 (compatible; Googlebot/2.1; +http://www.google.com/bot.html)"
66.249.65.35 - - [15/Jul/2025:16:44:18 +0000] "GET /?x=59675405121800&mod=41e7637e&uri=product.php?vintagegame.html HTTP/1.1" 200 19309 "-" "Mozilla/5.0 (Linux; Android 6.0.1; Nexus 5X Build/MMB29P) AppleWebKit/537.36 (KHTML, like Gecko) Chrome/137.0.7151.103 Mobile Safari/537.36 (compatible; Googlebot/2.1; +http://www.google.com/bot.html)"
209.74.77.214 - - [15/Jul/2025:16:44:23 +0000] "POST /wp-cron.php?doing_wp_cron=1752597863.2699038982391357421875 HTTP/1.1" 200 - "-" "WordPress/6.8.1; https://kraft-court.cafe"
106.219.122.185 - - [15/Jul/2025:16:44:23 +0000] "POST /xmlrpc.php HTTP/1.1" 200 403 "-" "Mozilla/5.0 (Windows NT 10.0; Win64; x64) AppleWebKit/537.36 (KHTML, like Gecko) Chrome/91.0.4472.124 Safari/537.36"
66.249.65.35 - - [15/Jul/2025:16:44:24 +0000] "GET /?x=59675405121800&mod=41e7637e&uri=product.php?detail/2926595.htm HTTP/1.1" 200 18912 "-" "Mozilla/5.0 (Linux; Android 6.0.1; Nexus 5X Build/MMB29P) AppleWebKit/537.36 (KHTML, like Gecko) Chrome/137.0.7151.103 Mobile Safari/537.36 (compatible; Googlebot/2.1; +http://www.google.com/bot.html)"
66.249.65.35 - - [15/Jul/2025:16:44:30 +0000] "GET /?x=59675405121800&mod=41e7637e&uri=product.php?feature/omiya_marui/index.html HTTP/1.1" 200 19380 "-" "Mozilla/5.0 (Linux; Android 6.0.1; Nexus 5X Build/MMB29P) AppleWebKit/537.36 (KHTML, like Gecko) Chrome/137.0.7151.103 Mobile Safari/537.36 (compatible; Googlebot/2.1; +http://www.google.com/bot.html)"
66.249.65.35 - - [15/Jul/2025:16:44:35 +0000] "POST /get-message-notify HTTP/1.1" 200 18195 "https://kraft-court.cafe/?x=59675405121800&mod=41e7637e&uri=product.php?feature/index.html" "Mozilla/5.0 (Linux; Android 6.0.1; Nexus 5X Build/MMB29P) AppleWebKit/537.36 (KHTML, like Gecko) Chrome/137.0.7151.119 Mobile Safari/537.36 (compatible; Googlebot/2.1; +http://www.google.com/bot.html)"
66.249.65.35 - - [15/Jul/2025:16:44:37 +0000] "GET /?x=59675405121800&mod=41e7637e&uri=product.php?detail/2925742.htm HTTP/1.1" 200 18316 "-" "Mozilla/5.0 (Linux; Android 6.0.1; Nexus 5X Build/MMB29P) AppleWebKit/537.36 (KHTML, like Gecko) Chrome/137.0.7151.103 Mobile Safari/537.36 (compatible; Googlebot/2.1; +http://www.google.com/bot.html)"
66.249.65.35 - - [15/Jul/2025:16:44:44 +0000] "GET /?x=86874270031800&mod=580d8cf0&uri=itm.php?pcmypage/ HTTP/1.1" 200 19344 "-" "Mozilla/5.0 (Linux; Android 6.0.1; Nexus 5X Build/MMB29P) AppleWebKit/537.36 (KHTML, like Gecko) Chrome/137.0.7151.103 Mobile Safari/537.36 (compatible; Googlebot/2.1; +http://www.google.com/bot.html)"
66.249.65.35 - - [15/Jul/2025:16:44:46 +0000] "POST /get-message-notify HTTP/1.1" 200 18195 "https://kraft-court.cafe/?x=86874270031800&mod=580d8cf0&uri=itm.php?pcmypage/" "Mozilla/5.0 (Linux; Android 6.0.1; Nexus 5X Build/MMB29P) AppleWebKit/537.36 (KHTML, like Gecko) Chrome/137.0.7151.119 Mobile Safari/537.36 (compatible; Googlebot/2.1; +http://www.google.com/bot.html)"
66.249.65.35 - - [15/Jul/2025:16:44:51 +0000] "GET /?x=86874270031800&mod=580d8cf0&uri=itm.php?man/customer_guide HTTP/1.1" 200 19465 "-" "Mozilla/5.0 (Linux; Android 6.0.1; Nexus 5X Build/MMB29P) AppleWebKit/537.36 (KHTML, like Gecko) Chrome/137.0.7151.103 Mobile Safari/537.36 (compatible; Googlebot/2.1; +http://www.google.com/bot.html)"
66.249.65.35 - - [15/Jul/2025:16:44:53 +0000] "POST /get-message-notify HTTP/1.1" 200 18195 "https://kraft-court.cafe/?x=86874270031800&mod=580d8cf0&uri=itm.php?man/customer_guide" "Mozilla/5.0 (Linux; Android 6.0.1; Nexus 5X Build/MMB29P) AppleWebKit/537.36 (KHTML, like Gecko) Chrome/137.0.7151.119 Mobile Safari/537.36 (compatible; Googlebot/2.1; +http://www.google.com/bot.html)"
66.249.65.35 - - [15/Jul/2025:16:45:06 +0000] "POST /get-message-notify HTTP/1.1" 200 18195 "https://kraft-court.cafe/?x=59675405121800&mod=41e7637e&uri=product.php?feature/omiya_marui/index.html" "Mozilla/5.0 (Linux; Android 6.0.1; Nexus 5X Build/MMB29P) AppleWebKit/537.36 (KHTML, like Gecko) Chrome/137.0.7151.119 Mobile Safari/537.36 (compatible; Googlebot/2.1; +http://www.google.com/bot.html)"
209.74.77.214 - - [15/Jul/2025:16:45:36 +0000] "POST /wp-cron.php?doing_wp_cron=1752597936.7950520515441894531250 HTTP/1.1" 200 - "-" "WordPress/6.8.1; https://kraft-court.cafe"
106.219.122.185 - - [15/Jul/2025:16:45:36 +0000] "POST /xmlrpc.php HTTP/1.1" 200 403 "-" "Mozilla/5.0 (Windows NT 10.0; Win64; x64) AppleWebKit/537.36 (KHTML, like Gecko) Chrome/91.0.4472.124 Safari/537.36"
66.249.65.35 - - [15/Jul/2025:16:46:01 +0000] "GET /?x=5753517041800&mod=97108695&uri=category-info.php?detail/2925060.htm HTTP/1.1" 200 19330 "-" "Mozilla/5.0 (Linux; Android 6.0.1; Nexus 5X Build/MMB29P) AppleWebKit/537.36 (KHTML, like Gecko) Chrome/137.0.7151.103 Mobile Safari/537.36 (compatible; Googlebot/2.1; +http://www.google.com/bot.html)"
66.249.65.36 - - [15/Jul/2025:16:46:10 +0000] "POST /get-message-notify HTTP/1.1" 200 18195 "https://kraft-court.cafe/?x=59675405121800&mod=41e7637e&uri=product.php?feature/yokohama_maruicity/index.html" "Mozilla/5.0 (Linux; Android 6.0.1; Nexus 5X Build/MMB29P) AppleWebKit/537.36 (KHTML, like Gecko) Chrome/137.0.7151.119 Mobile Safari/537.36 (compatible; Googlebot/2.1; +http://www.google.com/bot.html)"
209.74.77.214 - - [15/Jul/2025:16:46:53 +0000] "POST /wp-cron.php?doing_wp_cron=1752598013.0183560848236083984375 HTTP/1.1" 200 - "-" "WordPress/6.8.1; https://kraft-court.cafe"
106.219.122.185 - - [15/Jul/2025:16:46:51 +0000] "POST /xmlrpc.php HTTP/1.1" 200 403 "-" "Mozilla/5.0 (Windows NT 10.0; Win64; x64) AppleWebKit/537.36 (KHTML, like Gecko) Chrome/91.0.4472.124 Safari/537.36"
66.249.65.36 - - [15/Jul/2025:16:47:34 +0000] "GET /?x=59675405121800&mod=41e7637e&uri=product.php?detail/2907528.htm HTTP/1.1" 200 18836 "-" "Mozilla/5.0 (Linux; Android 6.0.1; Nexus 5X Build/MMB29P) AppleWebKit/537.36 (KHTML, like Gecko) Chrome/137.0.7151.103 Mobile Safari/537.36 (compatible; Googlebot/2.1; +http://www.google.com/bot.html)"
66.249.65.35 - - [15/Jul/2025:16:47:35 +0000] "GET /?x=55344977081800&mod=741a0099&uri=products.php?detail/2896642.htm HTTP/1.1" 200 19121 "-" "Mozilla/5.0 (Linux; Android 6.0.1; Nexus 5X Build/MMB29P) AppleWebKit/537.36 (KHTML, like Gecko) Chrome/137.0.7151.103 Mobile Safari/537.36 (compatible; Googlebot/2.1; +http://www.google.com/bot.html)"
66.249.65.35 - - [15/Jul/2025:16:47:37 +0000] "POST /get-message-notify HTTP/1.1" 200 18195 "https://kraft-court.cafe/?x=55344977081800&mod=741a0099&uri=products.php?detail/2896642.htm" "Mozilla/5.0 (Linux; Android 6.0.1; Nexus 5X Build/MMB29P) AppleWebKit/537.36 (KHTML, like Gecko) Chrome/137.0.7151.119 Mobile Safari/537.36 (compatible; Googlebot/2.1; +http://www.google.com/bot.html)"
66.249.65.36 - - [15/Jul/2025:16:47:51 +0000] "POST /get-message-notify HTTP/1.1" 200 18195 "https://kraft-court.cafe/?x=5753517041800&mod=97108695&uri=category-info.php?detail/2925742.htm" "Mozilla/5.0 (Linux; Android 6.0.1; Nexus 5X Build/MMB29P) AppleWebKit/537.36 (KHTML, like Gecko) Chrome/137.0.7151.119 Mobile Safari/537.36 (compatible; Googlebot/2.1; +http://www.google.com/bot.html)"
209.74.77.214 - - [15/Jul/2025:16:48:09 +0000] "POST /wp-cron.php?doing_wp_cron=1752598089.0121369361877441406250 HTTP/1.1" 200 - "-" "WordPress/6.8.1; https://kraft-court.cafe"
106.219.122.185 - - [15/Jul/2025:16:48:08 +0000] "POST /xmlrpc.php HTTP/1.1" 200 403 "-" "Mozilla/5.0 (Windows NT 10.0; Win64; x64) AppleWebKit/537.36 (KHTML, like Gecko) Chrome/91.0.4472.124 Safari/537.36"
129.211.215.233 - - [15/Jul/2025:16:49:13 +0000] "GET / HTTP/1.1" 200 1849 "http://kraft-court.cafe" "Mozilla/5.0 (iPhone; CPU iPhone OS 13_2_3 like Mac OS X) AppleWebKit/605.1.15 (KHTML, like Gecko) Version/13.0.3 Mobile/15E148 Safari/604.1"
106.219.122.185 - - [15/Jul/2025:16:49:21 +0000] "POST /xmlrpc.php HTTP/1.1" 200 403 "-" "Mozilla/5.0 (Windows NT 10.0; Win64; x64) AppleWebKit/537.36 (KHTML, like Gecko) Chrome/91.0.4472.124 Safari/537.36"
209.74.77.214 - - [15/Jul/2025:16:50:37 +0000] "POST /wp-cron.php?doing_wp_cron=1752598237.1296370029449462890625 HTTP/1.1" 200 - "-" "WordPress/6.8.1; https://kraft-court.cafe"
106.219.122.185 - - [15/Jul/2025:16:50:35 +0000] "POST /xmlrpc.php HTTP/1.1" 200 403 "-" "Mozilla/5.0 (Windows NT 10.0; Win64; x64) AppleWebKit/537.36 (KHTML, like Gecko) Chrome/91.0.4472.124 Safari/537.36"
66.249.65.37 - - [15/Jul/2025:16:51:46 +0000] "GET /?x=59713373031800&mod=c33b41e8&uri=product.php%3Fid%3D1992683-1087%26name%3Dred+shed+porch+swing HTTP/1.1" 200 18436 "-" "Mozilla/5.0 (Linux; Android 6.0.1; Nexus 5X Build/MMB29P) AppleWebKit/537.36 (KHTML, like Gecko) Chrome/137.0.7151.103 Mobile Safari/537.36 (compatible; Googlebot/2.1; +http://www.google.com/bot.html)"
209.74.77.214 - - [15/Jul/2025:16:51:47 +0000] "POST /wp-cron.php?doing_wp_cron=1752598307.6782360076904296875000 HTTP/1.1" 200 - "-" "WordPress/6.8.1; https://kraft-court.cafe"
106.219.122.185 - - [15/Jul/2025:16:51:46 +0000] "POST /xmlrpc.php HTTP/1.1" 200 403 "-" "Mozilla/5.0 (Windows NT 10.0; Win64; x64) AppleWebKit/537.36 (KHTML, like Gecko) Chrome/91.0.4472.124 Safari/537.36"
66.249.65.37 - - [15/Jul/2025:16:51:47 +0000] "GET /?x=59675405121800&mod=41e7637e&uri=product.php?feature/honten/index.html HTTP/1.1" 200 18744 "-" "Mozilla/5.0 (Linux; Android 6.0.1; Nexus 5X Build/MMB29P) AppleWebKit/537.36 (KHTML, like Gecko) Chrome/137.0.7151.103 Mobile Safari/537.36 (compatible; Googlebot/2.1; +http://www.google.com/bot.html)"
66.249.65.37 - - [15/Jul/2025:16:51:50 +0000] "GET /?x=5753517041800&mod=97108695&uri=category-info.php?detail/2941056.htm HTTP/1.1" 200 19544 "-" "Mozilla/5.0 (Linux; Android 6.0.1; Nexus 5X Build/MMB29P) AppleWebKit/537.36 (KHTML, like Gecko) Chrome/137.0.7151.103 Mobile Safari/537.36 (compatible; Googlebot/2.1; +http://www.google.com/bot.html)"
