66.249.65.35 - - [15/Jul/2025:13:23:22 +0000] "POST /get-message-notify HTTP/1.1" 200 18196 "https://kraft-court.cafe/?x=33560146021800&mod=849a1c35&uri=blog.php%3Fid%3D1120104-821%26name%3Despadrilles+1980s" "Mozilla/5.0 (Linux; Android 6.0.1; Nexus 5X Build/MMB29P) AppleWebKit/537.36 (KHTML, like Gecko) Chrome/137.0.7151.119 Mobile Safari/537.36 (compatible; Googlebot/2.1; +http://www.google.com/bot.html)"
66.249.65.35 - - [15/Jul/2025:13:23:27 +0000] "GET /?x=40172094111800&mod=543e8374&uri=us.php%3Fid%3D1340731-537%26name%3Dsilver+grecian+dress HTTP/1.1" 200 18414 "-" "Mozilla/5.0 (Linux; Android 6.0.1; Nexus 5X Build/MMB29P) AppleWebKit/537.36 (KHTML, like Gecko) Chrome/137.0.7151.103 Mobile Safari/537.36 (compatible; Googlebot/2.1; +http://www.google.com/bot.html)"
66.249.65.35 - - [15/Jul/2025:13:23:30 +0000] "GET /?x=33555046021800&mod=849a1c35&uri=blog.php%3Fid%3D1119934-821%26name%3D1980s+fashion+female HTTP/1.1" 200 18429 "-" "Mozilla/5.0 (Linux; Android 6.0.1; Nexus 5X Build/MMB29P) AppleWebKit/537.36 (KHTML, like Gecko) Chrome/137.0.7151.103 Mobile Safari/537.36 (compatible; Googlebot/2.1; +http://www.google.com/bot.html)"
66.249.65.35 - - [15/Jul/2025:13:23:31 +0000] "GET /?x=40219374021800&mod=b77375f9&uri=news.php%3Fid%3D1342307-619%26name%3Dgold+apple+watch+24k HTTP/1.1" 200 18429 "-" "Mozilla/5.0 (Linux; Android 6.0.1; Nexus 5X Build/MMB29P) AppleWebKit/537.36 (KHTML, like Gecko) Chrome/137.0.7151.103 Mobile Safari/537.36 (compatible; Googlebot/2.1; +http://www.google.com/bot.html)"
66.249.65.35 - - [15/Jul/2025:13:23:32 +0000] "GET /?x=40163874071800&mod=f4612859&uri=product.php%3Fid%3D1340457-536%26name%3Dphase+eight+green+carmen+pleated+maxi+dress HTTP/1.1" 200 18465 "-" "Mozilla/5.0 (Linux; Android 6.0.1; Nexus 5X Build/MMB29P) AppleWebKit/537.36 (KHTML, like Gecko) Chrome/137.0.7151.103 Mobile Safari/537.36 (compatible; Googlebot/2.1; +http://www.google.com/bot.html)"
66.249.65.35 - - [15/Jul/2025:13:23:33 +0000] "GET /?x=33568846061800&mod=342c472b&uri=products.php%3Fid%3D1120394-820%26name%3Dlebron+shoes+custom HTTP/1.1" 200 18433 "-" "Mozilla/5.0 (Linux; Android 6.0.1; Nexus 5X Build/MMB29P) AppleWebKit/537.36 (KHTML, like Gecko) Chrome/137.0.7151.103 Mobile Safari/537.36 (compatible; Googlebot/2.1; +http://www.google.com/bot.html)"
66.249.65.35 - - [15/Jul/2025:13:23:34 +0000] "GET /?x=33552646011800&mod=b0eb9a95&uri=product.php%3Fid%3D1119854-631%26name%3Ddewalt+tennis+shoes HTTP/1.1" 200 18435 "-" "Mozilla/5.0 (Linux; Android 6.0.1; Nexus 5X Build/MMB29P) AppleWebKit/537.36 (KHTML, like Gecko) Chrome/137.0.7151.103 Mobile Safari/537.36 (compatible; Googlebot/2.1; +http://www.google.com/bot.html)"
66.249.65.36 - - [15/Jul/2025:13:23:34 +0000] "POST /get-message-notify HTTP/1.1" 200 18196 "https://kraft-court.cafe/?x=40219374021800&mod=b77375f9&uri=news.php%3Fid%3D1342307-619%26name%3Dgold+apple+watch+24k" "Mozilla/5.0 (Linux; Android 6.0.1; Nexus 5X Build/MMB29P) AppleWebKit/537.36 (KHTML, like Gecko) Chrome/137.0.7151.119 Mobile Safari/537.36 (compatible; Googlebot/2.1; +http://www.google.com/bot.html)"
209.74.77.214 - - [15/Jul/2025:13:23:35 +0000] "POST /wp-cron.php?doing_wp_cron=1752585815.6622269153594970703125 HTTP/1.1" 200 - "-" "WordPress/6.8.1; https://kraft-court.cafe"
66.249.65.35 - - [15/Jul/2025:13:23:35 +0000] "POST /get-message-notify HTTP/1.1" 200 18196 "https://kraft-court.cafe/?x=40163874071800&mod=f4612859&uri=product.php%3Fid%3D1340457-536%26name%3Dphase+eight+green+carmen+pleated+maxi+dress" "Mozilla/5.0 (Linux; Android 6.0.1; Nexus 5X Build/MMB29P) AppleWebKit/537.36 (KHTML, like Gecko) Chrome/137.0.7151.119 Mobile Safari/537.36 (compatible; Googlebot/2.1; +http://www.google.com/bot.html)"
51.222.253.7 - - [15/Jul/2025:13:23:35 +0000] "GET /detail/2247155742.htm HTTP/1.1" 404 1870 "-" "Mozilla/5.0 (compatible; AhrefsBot/7.0; +http://ahrefs.com/robot/)"
66.249.65.35 - - [15/Jul/2025:13:23:36 +0000] "POST /get-message-notify HTTP/1.1" 200 18196 "https://kraft-court.cafe/?x=74121383081800&mod=28d43766&uri=dp.php%3Fid%3D2473486-376%26name%3Dma+online+free+movie" "Mozilla/5.0 (Linux; Android 6.0.1; Nexus 5X Build/MMB29P) AppleWebKit/537.36 (KHTML, like Gecko) Chrome/137.0.7151.119 Mobile Safari/537.36 (compatible; Googlebot/2.1; +http://www.google.com/bot.html)"
66.249.65.36 - - [15/Jul/2025:13:23:37 +0000] "GET /?x=40164054031800&mod=f4612859&uri=goods.php%3Fid%3D1340463-536%26name%3Dmaxi+dress+with+jeans HTTP/1.1" 200 18430 "-" "Mozilla/5.0 (Linux; Android 6.0.1; Nexus 5X Build/MMB29P) AppleWebKit/537.36 (KHTML, like Gecko) Chrome/137.0.7151.103 Mobile Safari/537.36 (compatible; Googlebot/2.1; +http://www.google.com/bot.html)"
66.249.65.35 - - [15/Jul/2025:13:23:38 +0000] "GET /?x=33560746041800&mod=849a1c35&uri=products.php%3Fid%3D1120124-821%26name%3Djapanese+fashion+in+the+80s HTTP/1.1" 200 18453 "-" "Mozilla/5.0 (Linux; Android 6.0.1; Nexus 5X Build/MMB29P) AppleWebKit/537.36 (KHTML, like Gecko) Chrome/137.0.7151.103 Mobile Safari/537.36 (compatible; Googlebot/2.1; +http://www.google.com/bot.html)"
66.249.65.36 - - [15/Jul/2025:13:23:38 +0000] "GET /?x=5665191071800&mod=dc6a7e65&uri=brands.php%3Fid%3D189160-308%26name%3Dsoft+drawstring+hoodie+monki HTTP/1.1" 200 18442 "-" "Mozilla/5.0 (Linux; Android 6.0.1; Nexus 5X Build/MMB29P) AppleWebKit/537.36 (KHTML, like Gecko) Chrome/137.0.7151.103 Mobile Safari/537.36 (compatible; Googlebot/2.1; +http://www.google.com/bot.html)"
66.249.65.36 - - [15/Jul/2025:13:23:39 +0000] "POST /get-message-notify HTTP/1.1" 200 18196 "https://kraft-court.cafe/?x=33564946061800&mod=342c472b&uri=search.php%3Fid%3D1120264-820%26name%3Dlebron+soldier+all+black" "Mozilla/5.0 (Linux; Android 6.0.1; Nexus 5X Build/MMB29P) AppleWebKit/537.36 (KHTML, like Gecko) Chrome/137.0.7151.119 Mobile Safari/537.36 (compatible; Googlebot/2.1; +http://www.google.com/bot.html)"
66.249.65.36 - - [15/Jul/2025:13:23:40 +0000] "GET /?x=40162614101800&mod=f4612859&uri=form.php%3Fid%3D1340415-536%26name%3Dclandre+vintage+lace+mix+dress HTTP/1.1" 200 18441 "-" "Mozilla/5.0 (Linux; Android 6.0.1; Nexus 5X Build/MMB29P) AppleWebKit/537.36 (KHTML, like Gecko) Chrome/137.0.7151.103 Mobile Safari/537.36 (compatible; Googlebot/2.1; +http://www.google.com/bot.html)"
66.249.65.36 - - [15/Jul/2025:13:23:41 +0000] "POST /get-message-notify HTTP/1.1" 200 18196 "https://kraft-court.cafe/?x=74121083031800&mod=28d43766&uri=article.php%3Fid%3D2473476-376%26name%3Dlost+season+episode+full" "Mozilla/5.0 (Linux; Android 6.0.1; Nexus 5X Build/MMB29P) AppleWebKit/537.36 (KHTML, like Gecko) Chrome/137.0.7151.119 Mobile Safari/537.36 (compatible; Googlebot/2.1; +http://www.google.com/bot.html)"
66.249.65.35 - - [15/Jul/2025:13:23:41 +0000] "POST /get-message-notify HTTP/1.1" 200 18196 "https://kraft-court.cafe/?x=5665191071800&mod=dc6a7e65&uri=brands.php%3Fid%3D189160-308%26name%3Dsoft+drawstring+hoodie+monki" "Mozilla/5.0 (Linux; Android 6.0.1; Nexus 5X Build/MMB29P) AppleWebKit/537.36 (KHTML, like Gecko) Chrome/137.0.7151.119 Mobile Safari/537.36 (compatible; Googlebot/2.1; +http://www.google.com/bot.html)"
66.249.65.35 - - [15/Jul/2025:13:23:41 +0000] "GET /?x=40163424071800&mod=543e8374&uri=goods.php%3Fid%3D1340442-537%26name%3Dshirt+corset+dress HTTP/1.1" 200 18424 "-" "Mozilla/5.0 (Linux; Android 6.0.1; Nexus 5X Build/MMB29P) AppleWebKit/537.36 (KHTML, like Gecko) Chrome/137.0.7151.103 Mobile Safari/537.36 (compatible; Googlebot/2.1; +http://www.google.com/bot.html)"
66.249.65.36 - - [15/Jul/2025:13:23:42 +0000] "GET /?x=40136634141800&mod=5cbba2d0&uri=product.php%3Fid%3D1339549-494%26name%3Dlong+tutu+skirt+for+adults+diy HTTP/1.1" 200 18456 "-" "Mozilla/5.0 (Linux; Android 6.0.1; Nexus 5X Build/MMB29P) AppleWebKit/537.36 (KHTML, like Gecko) Chrome/137.0.7151.103 Mobile Safari/537.36 (compatible; Googlebot/2.1; +http://www.google.com/bot.html)"
66.249.65.35 - - [15/Jul/2025:13:23:44 +0000] "GET /?x=33567946011800&mod=342c472b&uri=product.php%3Fid%3D1120364-820%26name%3Dnike+lebron+for+sale HTTP/1.1" 200 18435 "-" "Mozilla/5.0 (Linux; Android 6.0.1; Nexus 5X Build/MMB29P) AppleWebKit/537.36 (KHTML, like Gecko) Chrome/137.0.7151.103 Mobile Safari/537.36 (compatible; Googlebot/2.1; +http://www.google.com/bot.html)"
66.249.65.35 - - [15/Jul/2025:13:23:45 +0000] "POST /get-message-notify HTTP/1.1" 200 18196 "https://kraft-court.cafe/?x=33556246021800&mod=b0eb9a95&uri=goods.php%3Fid%3D1119974-631%26name%3Dbova+footwear" "Mozilla/5.0 (Linux; Android 6.0.1; Nexus 5X Build/MMB29P) AppleWebKit/537.36 (KHTML, like Gecko) Chrome/137.0.7151.119 Mobile Safari/537.36 (compatible; Googlebot/2.1; +http://www.google.com/bot.html)"
66.249.65.35 - - [15/Jul/2025:13:23:48 +0000] "POST /get-message-notify HTTP/1.1" 200 18196 "https://kraft-court.cafe/?x=80236947031800&mod=2bd9cae0&uri=product.php%3Fid%3D2677613-1110%26name%3Dgeforce+1065" "Mozilla/5.0 (Linux; Android 6.0.1; Nexus 5X Build/MMB29P) AppleWebKit/537.36 (KHTML, like Gecko) Chrome/137.0.7151.119 Mobile Safari/537.36 (compatible; Googlebot/2.1; +http://www.google.com/bot.html)"
66.249.65.36 - - [15/Jul/2025:13:23:48 +0000] "GET /?x=33566446111800&mod=849a1c35&uri=brands.php%3Fid%3D1120314-821%26name%3D80s+mod+fashion HTTP/1.1" 200 18419 "-" "Mozilla/5.0 (Linux; Android 6.0.1; Nexus 5X Build/MMB29P) AppleWebKit/537.36 (KHTML, like Gecko) Chrome/137.0.7151.103 Mobile Safari/537.36 (compatible; Googlebot/2.1; +http://www.google.com/bot.html)"
66.249.65.36 - - [15/Jul/2025:13:23:48 +0000] "POST /get-message-notify HTTP/1.1" 200 18196 "https://kraft-court.cafe/?x=40164054031800&mod=f4612859&uri=goods.php%3Fid%3D1340463-536%26name%3Dmaxi+dress+with+jeans" "Mozilla/5.0 (Linux; Android 6.0.1; Nexus 5X Build/MMB29P) AppleWebKit/537.36 (KHTML, like Gecko) Chrome/137.0.7151.119 Mobile Safari/537.36 (compatible; Googlebot/2.1; +http://www.google.com/bot.html)"
66.249.65.35 - - [15/Jul/2025:13:23:49 +0000] "GET /?x=33576046061800&mod=849a1c35&uri=info.php%3Fid%3D1120634-821%26name%3Dnew+wave+80s+style HTTP/1.1" 200 18421 "-" "Mozilla/5.0 (Linux; Android 6.0.1; Nexus 5X Build/MMB29P) AppleWebKit/537.36 (KHTML, like Gecko) Chrome/137.0.7151.103 Mobile Safari/537.36 (compatible; Googlebot/2.1; +http://www.google.com/bot.html)"
66.249.65.35 - - [15/Jul/2025:13:23:50 +0000] "GET /?x=33440966051800&mod=c0560792&uri=goods.php%3Fid%3D1116129-165%26name%3Dwomen%27s+ski+jackets+and+pants+set+windproof+waterproof+snowsuit HTTP/1.1" 200 18496 "-" "Mozilla/5.0 (Linux; Android 6.0.1; Nexus 5X Build/MMB29P) AppleWebKit/537.36 (KHTML, like Gecko) Chrome/137.0.7151.103 Mobile Safari/537.36 (compatible; Googlebot/2.1; +http://www.google.com/bot.html)"
66.249.65.36 - - [15/Jul/2025:13:23:52 +0000] "GET /?x=33552946011800&mod=b0eb9a95&uri=category-info.php%3Fid%3D1119864-631%26name%3Dunited+arrows+x+new+balance HTTP/1.1" 200 18470 "-" "Mozilla/5.0 (Linux; Android 6.0.1; Nexus 5X Build/MMB29P) AppleWebKit/537.36 (KHTML, like Gecko) Chrome/137.0.7151.103 Mobile Safari/537.36 (compatible; Googlebot/2.1; +http://www.google.com/bot.html)"
66.249.65.35 - - [15/Jul/2025:13:23:58 +0000] "GET /?x=40166574011800&mod=f4612859&uri=article.php%3Fid%3D1340547-536%26name%3Dsweater+dress+with+jeans HTTP/1.1" 200 18443 "-" "Mozilla/5.0 (Linux; Android 6.0.1; Nexus 5X Build/MMB29P) AppleWebKit/537.36 (KHTML, like Gecko) Chrome/137.0.7151.103 Mobile Safari/537.36 (compatible; Googlebot/2.1; +http://www.google.com/bot.html)"
66.249.65.35 - - [15/Jul/2025:13:24:02 +0000] "GET /?x=33565246061800&mod=342c472b&uri=product.php%3Fid%3D1120274-820%26name%3Dkids+lebron HTTP/1.1" 200 18419 "-" "Mozilla/5.0 (Linux; Android 6.0.1; Nexus 5X Build/MMB29P) AppleWebKit/537.36 (KHTML, like Gecko) Chrome/137.0.7151.103 Mobile Safari/537.36 (compatible; Googlebot/2.1; +http://www.google.com/bot.html)"
66.249.65.35 - - [15/Jul/2025:13:24:05 +0000] "GET /?x=33569146061800&mod=342c472b&uri=brands.php%3Fid%3D1120404-820%26name%3Dlebron+james+nike+zoom+soldier HTTP/1.1" 200 18450 "-" "Mozilla/5.0 (Linux; Android 6.0.1; Nexus 5X Build/MMB29P) AppleWebKit/537.36 (KHTML, like Gecko) Chrome/137.0.7151.103 Mobile Safari/537.36 (compatible; Googlebot/2.1; +http://www.google.com/bot.html)"
66.249.65.36 - - [15/Jul/2025:13:24:06 +0000] "GET /?x=33565846001800&mod=b0eb9a95&uri=dp.php%3Fid%3D1120294-631%26name%3Dnew+balance+disney+218 HTTP/1.1" 200 18426 "-" "Mozilla/5.0 (Linux; Android 6.0.1; Nexus 5X Build/MMB29P) AppleWebKit/537.36 (KHTML, like Gecko) Chrome/137.0.7151.103 Mobile Safari/537.36 (compatible; Googlebot/2.1; +http://www.google.com/bot.html)"
66.249.65.36 - - [15/Jul/2025:13:24:08 +0000] "GET /?x=33562846111800&mod=342c472b&uri=category-info.php%3Fid%3D1120194-820%26name%3Dnike+lebron+11+basketball+shoes HTTP/1.1" 200 18479 "-" "Mozilla/5.0 (Linux; Android 6.0.1; Nexus 5X Build/MMB29P) AppleWebKit/537.36 (KHTML, like Gecko) Chrome/137.0.7151.103 Mobile Safari/537.36 (compatible; Googlebot/2.1; +http://www.google.com/bot.html)"
66.249.65.36 - - [15/Jul/2025:13:24:09 +0000] "POST /get-message-notify HTTP/1.1" 200 18196 "https://kraft-court.cafe/?x=40148454031800&mod=543e8374&uri=news.php%3Fid%3D1339943-537%26name%3Dpuff+sleeve+babydoll+dress" "Mozilla/5.0 (Linux; Android 6.0.1; Nexus 5X Build/MMB29P) AppleWebKit/537.36 (KHTML, like Gecko) Chrome/137.0.7151.119 Mobile Safari/537.36 (compatible; Googlebot/2.1; +http://www.google.com/bot.html)"
66.249.65.36 - - [15/Jul/2025:13:24:09 +0000] "GET /?x=33558646021800&mod=849a1c35&uri=dp.php%3Fid%3D1120054-821%26name%3D1980s+british+fashion HTTP/1.1" 200 18420 "-" "Mozilla/5.0 (Linux; Android 6.0.1; Nexus 5X Build/MMB29P) AppleWebKit/537.36 (KHTML, like Gecko) Chrome/137.0.7151.103 Mobile Safari/537.36 (compatible; Googlebot/2.1; +http://www.google.com/bot.html)"
66.249.65.36 - - [15/Jul/2025:13:24:10 +0000] "GET /?x=33553846061800&mod=b0eb9a95&uri=brands.php%3Fid%3D1119894-631%26name%3Dnew+balance+disney+219 HTTP/1.1" 200 18436 "-" "Mozilla/5.0 (Linux; Android 6.0.1; Nexus 5X Build/MMB29P) AppleWebKit/537.36 (KHTML, like Gecko) Chrome/137.0.7151.103 Mobile Safari/537.36 (compatible; Googlebot/2.1; +http://www.google.com/bot.html)"
66.249.65.36 - - [15/Jul/2025:13:24:12 +0000] "GET /?x=22856810041800&mod=76cf99d3&uri=pin.php%3Fid%3D762924-131%26name%3Dtaurus+precious+stone HTTP/1.1" 200 18425 "-" "Mozilla/5.0 (Linux; Android 6.0.1; Nexus 5X Build/MMB29P) AppleWebKit/537.36 (KHTML, like Gecko) Chrome/137.0.7151.103 Mobile Safari/537.36 (compatible; Googlebot/2.1; +http://www.google.com/bot.html)"
66.249.65.35 - - [15/Jul/2025:13:24:13 +0000] "GET /?x=33564346001800&mod=342c472b&uri=itm.php%3Fid%3D1120244-820%26name%3Dlebron+soldier+black+and+white HTTP/1.1" 200 18438 "-" "Mozilla/5.0 (Linux; Android 6.0.1; Nexus 5X Build/MMB29P) AppleWebKit/537.36 (KHTML, like Gecko) Chrome/137.0.7151.103 Mobile Safari/537.36 (compatible; Googlebot/2.1; +http://www.google.com/bot.html)"
66.249.65.35 - - [15/Jul/2025:13:24:13 +0000] "POST /get-message-notify HTTP/1.1" 200 18196 "https://kraft-court.cafe/?x=33553846061800&mod=b0eb9a95&uri=brands.php%3Fid%3D1119894-631%26name%3Dnew+balance+disney+219" "Mozilla/5.0 (Linux; Android 6.0.1; Nexus 5X Build/MMB29P) AppleWebKit/537.36 (KHTML, like Gecko) Chrome/137.0.7151.119 Mobile Safari/537.36 (compatible; Googlebot/2.1; +http://www.google.com/bot.html)"
66.249.65.35 - - [15/Jul/2025:13:24:14 +0000] "GET /?x=33566746001800&mod=342c472b&uri=category-info.php%3Fid%3D1120324-820%26name%3Dnike+air+lebron+slide HTTP/1.1" 200 18456 "-" "Mozilla/5.0 (Linux; Android 6.0.1; Nexus 5X Build/MMB29P) AppleWebKit/537.36 (KHTML, like Gecko) Chrome/137.0.7151.103 Mobile Safari/537.36 (compatible; Googlebot/2.1; +http://www.google.com/bot.html)"
66.249.65.35 - - [15/Jul/2025:13:24:15 +0000] "GET /?x=33561346001800&mod=342c472b&uri=product.php%3Fid%3D1120144-820%26name%3Dlebron+shoes+low+price HTTP/1.1" 200 18432 "-" "Mozilla/5.0 (Linux; Android 6.0.1; Nexus 5X Build/MMB29P) AppleWebKit/537.36 (KHTML, like Gecko) Chrome/137.0.7151.103 Mobile Safari/537.36 (compatible; Googlebot/2.1; +http://www.google.com/bot.html)"
66.249.65.35 - - [15/Jul/2025:13:24:15 +0000] "GET /?x=47119943081800&mod=e7d6e2e8&uri=us.php?detail/4402063.htm HTTP/1.1" 200 19360 "-" "Mozilla/5.0 (Linux; Android 6.0.1; Nexus 5X Build/MMB29P) AppleWebKit/537.36 (KHTML, like Gecko) Chrome/137.0.7151.103 Mobile Safari/537.36 (compatible; Googlebot/2.1; +http://www.google.com/bot.html)"
66.249.65.35 - - [15/Jul/2025:13:24:20 +0000] "GET /?x=40163784041800&mod=543e8374&uri=brands.php%3Fid%3D1340454-537%26name%3Drubber+corset+dress HTTP/1.1" 200 18425 "-" "Mozilla/5.0 (Linux; Android 6.0.1; Nexus 5X Build/MMB29P) AppleWebKit/537.36 (KHTML, like Gecko) Chrome/137.0.7151.103 Mobile Safari/537.36 (compatible; Googlebot/2.1; +http://www.google.com/bot.html)"
66.249.65.35 - - [15/Jul/2025:13:24:21 +0000] "POST /get-message-notify HTTP/1.1" 200 18196 "https://kraft-court.cafe/?x=33565846001800&mod=b0eb9a95&uri=dp.php%3Fid%3D1120294-631%26name%3Dnew+balance+disney+218" "Mozilla/5.0 (Linux; Android 6.0.1; Nexus 5X Build/MMB29P) AppleWebKit/537.36 (KHTML, like Gecko) Chrome/137.0.7151.119 Mobile Safari/537.36 (compatible; Googlebot/2.1; +http://www.google.com/bot.html)"
66.249.65.35 - - [15/Jul/2025:13:24:21 +0000] "GET /?x=33558946041800&mod=849a1c35&uri=news.php%3Fid%3D1120064-821%26name%3Dsparx+shoes+1980 HTTP/1.1" 200 18423 "-" "Mozilla/5.0 (Linux; Android 6.0.1; Nexus 5X Build/MMB29P) AppleWebKit/537.36 (KHTML, like Gecko) Chrome/137.0.7151.103 Mobile Safari/537.36 (compatible; Googlebot/2.1; +http://www.google.com/bot.html)"
66.249.65.35 - - [15/Jul/2025:13:24:22 +0000] "GET /?x=33554746011800&mod=b0eb9a95&uri=goods.php%3Fid%3D1119924-631%26name%3Dnew+balance+21+velcro HTTP/1.1" 200 18431 "-" "Mozilla/5.0 (Linux; Android 6.0.1; Nexus 5X Build/MMB29P) AppleWebKit/537.36 (KHTML, like Gecko) Chrome/137.0.7151.103 Mobile Safari/537.36 (compatible; Googlebot/2.1; +http://www.google.com/bot.html)"
66.249.65.35 - - [15/Jul/2025:13:24:27 +0000] "GET /?x=33567346061800&mod=342c472b&uri=goods.php%3Fid%3D1120344-820%26name%3Dlebron+red+and+black HTTP/1.1" 200 18423 "-" "Mozilla/5.0 (Linux; Android 6.0.1; Nexus 5X Build/MMB29P) AppleWebKit/537.36 (KHTML, like Gecko) Chrome/137.0.7151.103 Mobile Safari/537.36 (compatible; Googlebot/2.1; +http://www.google.com/bot.html)"
66.249.65.36 - - [15/Jul/2025:13:24:29 +0000] "GET /?x=33567046011800&mod=342c472b&uri=shop.php%3Fid%3D1120334-820%26name%3Dnew+lebrons+2014+shoes HTTP/1.1" 200 18432 "-" "Mozilla/5.0 (Linux; Android 6.0.1; Nexus 5X Build/MMB29P) AppleWebKit/537.36 (KHTML, like Gecko) Chrome/137.0.7151.103 Mobile Safari/537.36 (compatible; Googlebot/2.1; +http://www.google.com/bot.html)"
66.249.65.35 - - [15/Jul/2025:13:24:30 +0000] "GET /?x=33561946111800&mod=342c472b&uri=dp.php%3Fid%3D1120164-820%26name%3Dnike+lebron+11+low+dunkman HTTP/1.1" 200 18431 "-" "Mozilla/5.0 (Linux; Android 6.0.1; Nexus 5X Build/MMB29P) AppleWebKit/537.36 (KHTML, like Gecko) Chrome/137.0.7151.103 Mobile Safari/537.36 (compatible; Googlebot/2.1; +http://www.google.com/bot.html)"
66.249.65.35 - - [15/Jul/2025:13:24:31 +0000] "POST /get-message-notify HTTP/1.1" 200 18196 "https://kraft-court.cafe/?x=33558646021800&mod=849a1c35&uri=dp.php%3Fid%3D1120054-821%26name%3D1980s+british+fashion" "Mozilla/5.0 (Linux; Android 6.0.1; Nexus 5X Build/MMB29P) AppleWebKit/537.36 (KHTML, like Gecko) Chrome/137.0.7151.119 Mobile Safari/537.36 (compatible; Googlebot/2.1; +http://www.google.com/bot.html)"
66.249.65.35 - - [15/Jul/2025:13:24:35 +0000] "POST /get-message-notify HTTP/1.1" 200 18196 "https://kraft-court.cafe/?x=80238747061800&mod=0cc6ee01&uri=form.php%3Fid%3D2677673-882%26name%3Damd+radeon+5440" "Mozilla/5.0 (Linux; Android 6.0.1; Nexus 5X Build/MMB29P) AppleWebKit/537.36 (KHTML, like Gecko) Chrome/137.0.7151.119 Mobile Safari/537.36 (compatible; Googlebot/2.1; +http://www.google.com/bot.html)"
66.249.65.35 - - [15/Jul/2025:13:24:35 +0000] "GET /?x=33563446041800&mod=342c472b&uri=us.php%3Fid%3D1120214-820%26name%3Dlebron+vii+soldier HTTP/1.1" 200 18420 "-" "Mozilla/5.0 (Linux; Android 6.0.1; Nexus 5X Build/MMB29P) AppleWebKit/537.36 (KHTML, like Gecko) Chrome/137.0.7151.103 Mobile Safari/537.36 (compatible; Googlebot/2.1; +http://www.google.com/bot.html)"
66.249.65.35 - - [15/Jul/2025:13:24:37 +0000] "POST /get-message-notify HTTP/1.1" 200 18196 "https://kraft-court.cafe/?x=33563446041800&mod=342c472b&uri=us.php%3Fid%3D1120214-820%26name%3Dlebron+vii+soldier" "Mozilla/5.0 (Linux; Android 6.0.1; Nexus 5X Build/MMB29P) AppleWebKit/537.36 (KHTML, like Gecko) Chrome/137.0.7151.119 Mobile Safari/537.36 (compatible; Googlebot/2.1; +http://www.google.com/bot.html)"
66.249.65.35 - - [15/Jul/2025:13:24:39 +0000] "GET /?x=47706848041800&mod=b7b16ecf&uri=news.php%3Fid%3D1592086-39%26name%3Dkiddie+chair HTTP/1.1" 200 18414 "-" "Mozilla/5.0 (Linux; Android 6.0.1; Nexus 5X Build/MMB29P) AppleWebKit/537.36 (KHTML, like Gecko) Chrome/137.0.7151.103 Mobile Safari/537.36 (compatible; Googlebot/2.1; +http://www.google.com/bot.html)"
66.249.65.36 - - [15/Jul/2025:13:24:43 +0000] "GET /?x=47706218031800&mod=293c3b96&uri=shop.php%3Fid%3D1592065-1112%26name%3Dnike+roshes+grey+and+black HTTP/1.1" 200 18435 "-" "Mozilla/5.0 (Linux; Android 6.0.1; Nexus 5X Build/MMB29P) AppleWebKit/537.36 (KHTML, like Gecko) Chrome/137.0.7151.103 Mobile Safari/537.36 (compatible; Googlebot/2.1; +http://www.google.com/bot.html)"
66.249.65.36 - - [15/Jul/2025:13:24:46 +0000] "GET /?x=6141815071800&mod=50cf0763&uri=product.php%3Fid%3D205095-354%26name%3Dasic+180 HTTP/1.1" 200 18410 "-" "Mozilla/5.0 (Linux; Android 6.0.1; Nexus 5X Build/MMB29P) AppleWebKit/537.36 (KHTML, like Gecko) Chrome/137.0.7151.103 Mobile Safari/537.36 (compatible; Googlebot/2.1; +http://www.google.com/bot.html)"
66.249.65.35 - - [15/Jul/2025:13:24:47 +0000] "GET /?x=119854436021800&mod=d9fea4ca&uri=dp.php%3Fid%3D3999905-648%26name%3Dcarpisa+uomo+tracolla HTTP/1.1" 200 18422 "-" "Mozilla/5.0 (Linux; Android 6.0.1; Nexus 5X Build/MMB29P) AppleWebKit/537.36 (KHTML, like Gecko) Chrome/137.0.7151.103 Mobile Safari/537.36 (compatible; Googlebot/2.1; +http://www.google.com/bot.html)"
66.249.65.36 - - [15/Jul/2025:13:24:50 +0000] "GET /?x=6129395131800&mod=cd3afef9&uri=product.php%3Fid%3D204681-220%26name%3Dpaul+and+shark+jackets HTTP/1.1" 200 18425 "-" "Mozilla/5.0 (Linux; Android 6.0.1; Nexus 5X Build/MMB29P) AppleWebKit/537.36 (KHTML, like Gecko) Chrome/137.0.7151.103 Mobile Safari/537.36 (compatible; Googlebot/2.1; +http://www.google.com/bot.html)"
66.249.65.35 - - [15/Jul/2025:13:24:52 +0000] "GET /?x=59713643001800&mod=c33b41e8&uri=us.php%3Fid%3D1992692-1087%26name%3Dbig+joe+pool+sling HTTP/1.1" 200 18420 "-" "Mozilla/5.0 (Linux; Android 6.0.1; Nexus 5X Build/MMB29P) AppleWebKit/537.36 (KHTML, like Gecko) Chrome/137.0.7151.103 Mobile Safari/537.36 (compatible; Googlebot/2.1; +http://www.google.com/bot.html)"
66.249.65.35 - - [15/Jul/2025:13:24:52 +0000] "GET /?x=34949055041800&mod=b98249b3&uri=blog.php%3Fid%3D1166478-328%26name%3Dwanderschuhe+als+winterschuhe HTTP/1.1" 200 18433 "-" "Mozilla/5.0 (Linux; Android 6.0.1; Nexus 5X Build/MMB29P) AppleWebKit/537.36 (KHTML, like Gecko) Chrome/137.0.7151.103 Mobile Safari/537.36 (compatible; Googlebot/2.1; +http://www.google.com/bot.html)"
66.249.65.35 - - [15/Jul/2025:13:24:56 +0000] "GET /?x=34927473021800&mod=e88f243b&uri=goods.php%3Fid%3D1165755-481%26name%3Dvivo+new+mobile+cover HTTP/1.1" 200 18429 "-" "Mozilla/5.0 (Linux; Android 6.0.1; Nexus 5X Build/MMB29P) AppleWebKit/537.36 (KHTML, like Gecko) Chrome/137.0.7151.103 Mobile Safari/537.36 (compatible; Googlebot/2.1; +http://www.google.com/bot.html)"
66.249.65.36 - - [15/Jul/2025:13:24:57 +0000] "GET /?x=34926903041800&mod=0e9fa1f3&uri=goods.php%3Fid%3D1165736-128%26name%3Dshredded+bbq+pork+loin HTTP/1.1" 200 18434 "-" "Mozilla/5.0 (Linux; Android 6.0.1; Nexus 5X Build/MMB29P) AppleWebKit/537.36 (KHTML, like Gecko) Chrome/137.0.7151.103 Mobile Safari/537.36 (compatible; Googlebot/2.1; +http://www.google.com/bot.html)"
66.249.65.36 - - [15/Jul/2025:13:24:58 +0000] "GET /?x=34927593011800&mod=e88f243b&uri=pin.php%3Fid%3D1165759-481%26name%3Dombre+iphone+11+pro+max+case HTTP/1.1" 200 18443 "-" "Mozilla/5.0 (Linux; Android 6.0.1; Nexus 5X Build/MMB29P) AppleWebKit/537.36 (KHTML, like Gecko) Chrome/137.0.7151.103 Mobile Safari/537.36 (compatible; Googlebot/2.1; +http://www.google.com/bot.html)"
66.249.65.36 - - [15/Jul/2025:13:24:59 +0000] "GET /?x=35072682121800&mod=9854d7af&uri=dp.php%3Fid%3D1170602-387%26name%3Dtop+fitness+equipment HTTP/1.1" 200 18422 "-" "Mozilla/5.0 (Linux; Android 6.0.1; Nexus 5X Build/MMB29P) AppleWebKit/537.36 (KHTML, like Gecko) Chrome/137.0.7151.103 Mobile Safari/537.36 (compatible; Googlebot/2.1; +http://www.google.com/bot.html)"
66.249.65.36 - - [15/Jul/2025:13:25:01 +0000] "GET /?x=34926003081800&mod=a0872cc5&uri=category-info.php%3Fid%3D1165706-130%26name%3Diphone+11+army+cover HTTP/1.1" 200 18457 "-" "Mozilla/5.0 (Linux; Android 6.0.1; Nexus 5X Build/MMB29P) AppleWebKit/537.36 (KHTML, like Gecko) Chrome/137.0.7151.103 Mobile Safari/537.36 (compatible; Googlebot/2.1; +http://www.google.com/bot.html)"
66.249.65.36 - - [15/Jul/2025:13:25:02 +0000] "GET /?x=34925583061800&mod=0e9fa1f3&uri=brands.php%3Fid%3D1165692-128%26name%3Dbest+way+to+cook+riblets HTTP/1.1" 200 18443 "-" "Mozilla/5.0 (Linux; Android 6.0.1; Nexus 5X Build/MMB29P) AppleWebKit/537.36 (KHTML, like Gecko) Chrome/137.0.7151.103 Mobile Safari/537.36 (compatible; Googlebot/2.1; +http://www.google.com/bot.html)"
66.249.65.35 - - [15/Jul/2025:13:25:03 +0000] "GET /?x=34926813051800&mod=e88f243b&uri=product.php%3Fid%3D1165733-481%26name%3Diphone+11+pro+cover+for+iphone+11 HTTP/1.1" 200 18442 "-" "Mozilla/5.0 (Linux; Android 6.0.1; Nexus 5X Build/MMB29P) AppleWebKit/537.36 (KHTML, like Gecko) Chrome/137.0.7151.103 Mobile Safari/537.36 (compatible; Googlebot/2.1; +http://www.google.com/bot.html)"
66.249.65.35 - - [15/Jul/2025:13:25:03 +0000] "GET /?x=59680985031800&mod=41e7637e&uri=search.php%3Fid%3D1991602-216%26name%3Dderek+rose+basketball HTTP/1.1" 200 18430 "-" "Mozilla/5.0 (Linux; Android 6.0.1; Nexus 5X Build/MMB29P) AppleWebKit/537.36 (KHTML, like Gecko) Chrome/137.0.7151.103 Mobile Safari/537.36 (compatible; Googlebot/2.1; +http://www.google.com/bot.html)"
66.249.65.35 - - [15/Jul/2025:13:25:08 +0000] "GET /?x=35067222041800&mod=9854d7af&uri=brands.php%3Fid%3D1170420-387%26name%3Dresistance+band+chest+and+shoulder+workout HTTP/1.1" 200 18459 "-" "Mozilla/5.0 (Linux; Android 6.0.1; Nexus 5X Build/MMB29P) AppleWebKit/537.36 (KHTML, like Gecko) Chrome/137.0.7151.103 Mobile Safari/537.36 (compatible; Googlebot/2.1; +http://www.google.com/bot.html)"
66.249.65.35 - - [15/Jul/2025:13:25:09 +0000] "GET /?x=34926993051800&mod=a0872cc5&uri=us.php%3Fid%3D1165739-130%26name%3Diphone+11+vs+iphone+11+pro+size+case HTTP/1.1" 200 18438 "-" "Mozilla/5.0 (Linux; Android 6.0.1; Nexus 5X Build/MMB29P) AppleWebKit/537.36 (KHTML, like Gecko) Chrome/137.0.7151.103 Mobile Safari/537.36 (compatible; Googlebot/2.1; +http://www.google.com/bot.html)"
66.249.65.35 - - [15/Jul/2025:13:25:16 +0000] "POST /get-message-notify HTTP/1.1" 200 18196 "https://kraft-court.cafe/?x=34925583061800&mod=0e9fa1f3&uri=brands.php%3Fid%3D1165692-128%26name%3Dbest+way+to+cook+riblets" "Mozilla/5.0 (Linux; Android 6.0.1; Nexus 5X Build/MMB29P) AppleWebKit/537.36 (KHTML, like Gecko) Chrome/137.0.7151.119 Mobile Safari/537.36 (compatible; Googlebot/2.1; +http://www.google.com/bot.html)"
66.249.65.35 - - [15/Jul/2025:13:25:16 +0000] "GET /?x=35068272071800&mod=9854d7af&uri=itm.php%3Fid%3D1170455-387%26name%3Ddo+you+exercise+everyday HTTP/1.1" 200 18434 "-" "Mozilla/5.0 (Linux; Android 6.0.1; Nexus 5X Build/MMB29P) AppleWebKit/537.36 (KHTML, like Gecko) Chrome/137.0.7151.103 Mobile Safari/537.36 (compatible; Googlebot/2.1; +http://www.google.com/bot.html)"
66.249.65.35 - - [15/Jul/2025:13:25:17 +0000] "GET /?x=34700439001800&mod=040a99f2&uri=search.php?feature/sapporo/index.html HTTP/1.1" 200 19069 "-" "Mozilla/5.0 (Linux; Android 6.0.1; Nexus 5X Build/MMB29P) AppleWebKit/537.36 (KHTML, like Gecko) Chrome/137.0.7151.103 Mobile Safari/537.36 (compatible; Googlebot/2.1; +http://www.google.com/bot.html)"
66.249.65.35 - - [15/Jul/2025:13:25:17 +0000] "GET /?x=34925973031800&mod=a0872cc5&uri=shop.php%3Fid%3D1165705-130%26name%3Dwill+the+iphone+11+case+fit+the+11+pro HTTP/1.1" 200 18450 "-" "Mozilla/5.0 (Linux; Android 6.0.1; Nexus 5X Build/MMB29P) AppleWebKit/537.36 (KHTML, like Gecko) Chrome/137.0.7151.103 Mobile Safari/537.36 (compatible; Googlebot/2.1; +http://www.google.com/bot.html)"
66.249.65.35 - - [15/Jul/2025:13:25:18 +0000] "GET /?x=34926963041800&mod=a0872cc5&uri=shop.php%3Fid%3D1165738-130%26name%3Dcan+you+use+an+iphone+11+case+on+an+iphone+11+pro HTTP/1.1" 200 18450 "-" "Mozilla/5.0 (Linux; Android 6.0.1; Nexus 5X Build/MMB29P) AppleWebKit/537.36 (KHTML, like Gecko) Chrome/137.0.7151.103 Mobile Safari/537.36 (compatible; Googlebot/2.1; +http://www.google.com/bot.html)"
66.249.65.35 - - [15/Jul/2025:13:25:21 +0000] "POST /get-message-notify HTTP/1.1" 200 18196 "https://kraft-court.cafe/?x=34925973031800&mod=a0872cc5&uri=shop.php%3Fid%3D1165705-130%26name%3Dwill+the+iphone+11+case+fit+the+11+pro" "Mozilla/5.0 (Linux; Android 6.0.1; Nexus 5X Build/MMB29P) AppleWebKit/537.36 (KHTML, like Gecko) Chrome/137.0.7151.119 Mobile Safari/537.36 (compatible; Googlebot/2.1; +http://www.google.com/bot.html)"
66.249.65.35 - - [15/Jul/2025:13:25:23 +0000] "GET /?x=35073522001800&mod=9854d7af&uri=blog.php%3Fid%3D1170630-387%26name%3Dsusan+powter+step+aerobics HTTP/1.1" 200 18436 "-" "Mozilla/5.0 (Linux; Android 6.0.1; Nexus 5X Build/MMB29P) AppleWebKit/537.36 (KHTML, like Gecko) Chrome/137.0.7151.103 Mobile Safari/537.36 (compatible; Googlebot/2.1; +http://www.google.com/bot.html)"
66.249.65.35 - - [15/Jul/2025:13:25:24 +0000] "GET /?x=34927233091800&mod=e88f243b&uri=products.php%3Fid%3D1165747-481%26name%3Diphone+11+pro+max+case+neon HTTP/1.1" 200 18447 "-" "Mozilla/5.0 (Linux; Android 6.0.1; Nexus 5X Build/MMB29P) AppleWebKit/537.36 (KHTML, like Gecko) Chrome/137.0.7151.103 Mobile Safari/537.36 (compatible; Googlebot/2.1; +http://www.google.com/bot.html)"
66.249.65.35 - - [15/Jul/2025:13:25:26 +0000] "POST /get-message-notify HTTP/1.1" 200 18196 "https://kraft-court.cafe/?x=33440966051800&mod=c0560792&uri=goods.php%3Fid%3D1116129-165%26name%3Dwomen%27s+ski+jackets+and+pants+set+windproof+waterproof+snowsuit" "Mozilla/5.0 (Linux; Android 6.0.1; Nexus 5X Build/MMB29P) AppleWebKit/537.36 (KHTML, like Gecko) Chrome/137.0.7151.119 Mobile Safari/537.36 (compatible; Googlebot/2.1; +http://www.google.com/bot.html)"
66.249.65.35 - - [15/Jul/2025:13:25:26 +0000] "GET /?x=47127479041800&mod=e7d6e2e8&uri=article.php%3Fid%3D1572764-721%26name%3Dpullover+schulterfrei+wei%C3%83%C2%9F HTTP/1.1" 200 18467 "-" "Mozilla/5.0 (Linux; Android 6.0.1; Nexus 5X Build/MMB29P) AppleWebKit/537.36 (KHTML, like Gecko) Chrome/137.0.7151.103 Mobile Safari/537.36 (compatible; Googlebot/2.1; +http://www.google.com/bot.html)"
66.249.65.35 - - [15/Jul/2025:13:25:27 +0000] "GET /?x=34926033051800&mod=e88f243b&uri=shared.php%3Fid%3D1165707-481%26name%3Doneplus+7t+military+case HTTP/1.1" 200 18436 "-" "Mozilla/5.0 (Linux; Android 6.0.1; Nexus 5X Build/MMB29P) AppleWebKit/537.36 (KHTML, like Gecko) Chrome/137.0.7151.103 Mobile Safari/537.36 (compatible; Googlebot/2.1; +http://www.google.com/bot.html)"
66.249.65.35 - - [15/Jul/2025:13:25:27 +0000] "POST /get-message-notify HTTP/1.1" 200 18196 "https://kraft-court.cafe/?x=34926993051800&mod=a0872cc5&uri=us.php%3Fid%3D1165739-130%26name%3Diphone+11+vs+iphone+11+pro+size+case" "Mozilla/5.0 (Linux; Android 6.0.1; Nexus 5X Build/MMB29P) AppleWebKit/537.36 (KHTML, like Gecko) Chrome/137.0.7151.119 Mobile Safari/537.36 (compatible; Googlebot/2.1; +http://www.google.com/bot.html)"
66.249.65.35 - - [15/Jul/2025:13:25:28 +0000] "POST /get-message-notify HTTP/1.1" 200 18196 "https://kraft-court.cafe/?x=34926813051800&mod=e88f243b&uri=product.php%3Fid%3D1165733-481%26name%3Diphone+11+pro+cover+for+iphone+11" "Mozilla/5.0 (Linux; Android 6.0.1; Nexus 5X Build/MMB29P) AppleWebKit/537.36 (KHTML, like Gecko) Chrome/137.0.7151.119 Mobile Safari/537.36 (compatible; Googlebot/2.1; +http://www.google.com/bot.html)"
66.249.65.35 - - [15/Jul/2025:13:25:29 +0000] "GET /?x=35072052031800&mod=9854d7af&uri=products.php%3Fid%3D1170581-387%26name%3Ddiy+stepper+for+exercise HTTP/1.1" 200 18444 "-" "Mozilla/5.0 (Linux; Android 6.0.1; Nexus 5X Build/MMB29P) AppleWebKit/537.36 (KHTML, like Gecko) Chrome/137.0.7151.103 Mobile Safari/537.36 (compatible; Googlebot/2.1; +http://www.google.com/bot.html)"
66.249.65.36 - - [15/Jul/2025:13:25:34 +0000] "GET /?x=35074152011800&mod=9854d7af&uri=products.php%3Fid%3D1170651-387%26name%3Dbest+budget+bike+trainer+2021 HTTP/1.1" 200 18452 "-" "Mozilla/5.0 (Linux; Android 6.0.1; Nexus 5X Build/MMB29P) AppleWebKit/537.36 (KHTML, like Gecko) Chrome/137.0.7151.103 Mobile Safari/537.36 (compatible; Googlebot/2.1; +http://www.google.com/bot.html)"
66.249.65.36 - - [15/Jul/2025:13:25:36 +0000] "GET /?x=35061552011800&mod=9854d7af&uri=us.php%3Fid%3D1170231-387%26name%3Dpsoas+workout HTTP/1.1" 200 18409 "-" "Mozilla/5.0 (Linux; Android 6.0.1; Nexus 5X Build/MMB29P) AppleWebKit/537.36 (KHTML, like Gecko) Chrome/137.0.7151.103 Mobile Safari/537.36 (compatible; Googlebot/2.1; +http://www.google.com/bot.html)"
66.249.65.36 - - [15/Jul/2025:13:25:37 +0000] "GET /?x=34925763021800&mod=0e9fa1f3&uri=blog.php%3Fid%3D1165698-128%26name%3Dpork+loin+country+ribs HTTP/1.1" 200 18434 "-" "Mozilla/5.0 (Linux; Android 6.0.1; Nexus 5X Build/MMB29P) AppleWebKit/537.36 (KHTML, like Gecko) Chrome/137.0.7151.103 Mobile Safari/537.36 (compatible; Googlebot/2.1; +http://www.google.com/bot.html)"
66.249.65.35 - - [15/Jul/2025:13:25:38 +0000] "POST /get-message-notify HTTP/1.1" 200 18196 "https://kraft-court.cafe/?x=35061552011800&mod=9854d7af&uri=us.php%3Fid%3D1170231-387%26name%3Dpsoas+workout" "Mozilla/5.0 (Linux; Android 6.0.1; Nexus 5X Build/MMB29P) AppleWebKit/537.36 (KHTML, like Gecko) Chrome/137.0.7151.119 Mobile Safari/537.36 (compatible; Googlebot/2.1; +http://www.google.com/bot.html)"
66.249.65.36 - - [15/Jul/2025:13:25:38 +0000] "GET /?x=35062602001800&mod=9854d7af&uri=us.php%3Fid%3D1170266-387%26name%3Doblique+crunches+with+weight HTTP/1.1" 200 18427 "-" "Mozilla/5.0 (Linux; Android 6.0.1; Nexus 5X Build/MMB29P) AppleWebKit/537.36 (KHTML, like Gecko) Chrome/137.0.7151.103 Mobile Safari/537.36 (compatible; Googlebot/2.1; +http://www.google.com/bot.html)"
66.249.65.35 - - [15/Jul/2025:13:25:39 +0000] "GET /?x=34927083041800&mod=a0872cc5&uri=shared.php%3Fid%3D1165742-130%26name%3Ddoes+the+iphone+11+and+11+pro+fit+the+same+case HTTP/1.1" 200 18469 "-" "Mozilla/5.0 (Linux; Android 6.0.1; Nexus 5X Build/MMB29P) AppleWebKit/537.36 (KHTML, like Gecko) Chrome/137.0.7151.103 Mobile Safari/537.36 (compatible; Googlebot/2.1; +http://www.google.com/bot.html)"
66.249.65.36 - - [15/Jul/2025:13:25:40 +0000] "GET /?x=35072892011800&mod=9854d7af&uri=category-info.php%3Fid%3D1170609-387%26name%3Dab+workout+holly+dolke HTTP/1.1" 200 18462 "-" "Mozilla/5.0 (Linux; Android 6.0.1; Nexus 5X Build/MMB29P) AppleWebKit/537.36 (KHTML, like Gecko) Chrome/137.0.7151.103 Mobile Safari/537.36 (compatible; Googlebot/2.1; +http://www.google.com/bot.html)"
66.249.65.35 - - [15/Jul/2025:13:25:43 +0000] "GET /?x=34926333091800&mod=0e9fa1f3&uri=pin.php%3Fid%3D1165717-128%26name%3Dboneless+pork+rib+roast+cooking+time HTTP/1.1" 200 18454 "-" "Mozilla/5.0 (Linux; Android 6.0.1; Nexus 5X Build/MMB29P) AppleWebKit/537.36 (KHTML, like Gecko) Chrome/137.0.7151.103 Mobile Safari/537.36 (compatible; Googlebot/2.1; +http://www.google.com/bot.html)"
66.249.65.36 - - [15/Jul/2025:13:25:45 +0000] "POST /get-message-notify HTTP/1.1" 200 18196 "https://kraft-court.cafe/?x=34926033051800&mod=e88f243b&uri=shared.php%3Fid%3D1165707-481%26name%3Doneplus+7t+military+case" "Mozilla/5.0 (Linux; Android 6.0.1; Nexus 5X Build/MMB29P) AppleWebKit/537.36 (KHTML, like Gecko) Chrome/137.0.7151.119 Mobile Safari/537.36 (compatible; Googlebot/2.1; +http://www.google.com/bot.html)"
66.249.65.36 - - [15/Jul/2025:13:25:46 +0000] "GET /?x=34925613051800&mod=0e9fa1f3&uri=brands.php%3Fid%3D1165693-128%26name%3Dthai+pork+rib+soup HTTP/1.1" 200 18432 "-" "Mozilla/5.0 (Linux; Android 6.0.1; Nexus 5X Build/MMB29P) AppleWebKit/537.36 (KHTML, like Gecko) Chrome/137.0.7151.103 Mobile Safari/537.36 (compatible; Googlebot/2.1; +http://www.google.com/bot.html)"
66.249.65.35 - - [15/Jul/2025:13:25:47 +0000] "GET /?x=34314320011800&mod=689041c2&uri=itm.php%3Fid%3D1145284-1060%26name%3Dtag+heuer+modular+45+vs+montblanc+summit HTTP/1.1" 200 18459 "-" "Mozilla/5.0 (Linux; Android 6.0.1; Nexus 5X Build/MMB29P) AppleWebKit/537.36 (KHTML, like Gecko) Chrome/137.0.7151.103 Mobile Safari/537.36 (compatible; Googlebot/2.1; +http://www.google.com/bot.html)"
66.249.65.37 - - [15/Jul/2025:13:25:48 +0000] "GET /?x=35022622051800&mod=39027dfa&uri=shop.php%3Fid%3D1168933-180%26name%3Dbridal+lehenga+shops+in+dadar HTTP/1.1" 200 18443 "-" "Mozilla/5.0 (Linux; Android 6.0.1; Nexus 5X Build/MMB29P) AppleWebKit/537.36 (KHTML, like Gecko) Chrome/137.0.7151.103 Mobile Safari/537.36 (compatible; Googlebot/2.1; +http://www.google.com/bot.html)"
66.249.65.36 - - [15/Jul/2025:13:25:50 +0000] "GET /?x=35063232031800&mod=9854d7af&uri=blog.php%3Fid%3D1170287-387%26name%3Dlean+stomach+workout HTTP/1.1" 200 18429 "-" "Mozilla/5.0 (Linux; Android 6.0.1; Nexus 5X Build/MMB29P) AppleWebKit/537.36 (KHTML, like Gecko) Chrome/137.0.7151.103 Mobile Safari/537.36 (compatible; Googlebot/2.1; +http://www.google.com/bot.html)"
66.249.65.37 - - [15/Jul/2025:13:25:51 +0000] "POST /get-message-notify HTTP/1.1" 200 18196 "https://kraft-court.cafe/?x=34925613051800&mod=0e9fa1f3&uri=brands.php%3Fid%3D1165693-128%26name%3Dthai+pork+rib+soup" "Mozilla/5.0 (Linux; Android 6.0.1; Nexus 5X Build/MMB29P) AppleWebKit/537.36 (KHTML, like Gecko) Chrome/137.0.7151.119 Mobile Safari/537.36 (compatible; Googlebot/2.1; +http://www.google.com/bot.html)"
66.249.65.37 - - [15/Jul/2025:13:25:51 +0000] "GET /?x=35071212031800&mod=9854d7af&uri=search.php%3Fid%3D1170553-387%26name%3Ddaily+full+body+stretching+routine HTTP/1.1" 200 18443 "-" "Mozilla/5.0 (Linux; Android 6.0.1; Nexus 5X Build/MMB29P) AppleWebKit/537.36 (KHTML, like Gecko) Chrome/137.0.7151.103 Mobile Safari/537.36 (compatible; Googlebot/2.1; +http://www.google.com/bot.html)"
66.249.65.37 - - [15/Jul/2025:13:25:53 +0000] "GET /?x=34912563001800&mod=e88f243b&uri=blog.php%3Fid%3D1165258-481%26name%3Diphone+11+pro+max+back+cover+gold HTTP/1.1" 200 18445 "-" "Mozilla/5.0 (Linux; Android 6.0.1; Nexus 5X Build/MMB29P) AppleWebKit/537.36 (KHTML, like Gecko) Chrome/137.0.7151.103 Mobile Safari/537.36 (compatible; Googlebot/2.1; +http://www.google.com/bot.html)"
66.249.65.37 - - [15/Jul/2025:13:25:55 +0000] "GET /?x=35073102011800&mod=9854d7af&uri=product.php%3Fid%3D1170616-387%26name%3Dbest+cardio+for+obese HTTP/1.1" 200 18435 "-" "Mozilla/5.0 (Linux; Android 6.0.1; Nexus 5X Build/MMB29P) AppleWebKit/537.36 (KHTML, like Gecko) Chrome/137.0.7151.103 Mobile Safari/537.36 (compatible; Googlebot/2.1; +http://www.google.com/bot.html)"
66.249.65.35 - - [15/Jul/2025:13:25:57 +0000] "GET /?x=34926423121800&mod=a0872cc5&uri=brands.php%3Fid%3D1165720-130%26name%3Dcan+iphone+11+case+fit+xr HTTP/1.1" 200 18443 "-" "Mozilla/5.0 (Linux; Android 6.0.1; Nexus 5X Build/MMB29P) AppleWebKit/537.36 (KHTML, like Gecko) Chrome/137.0.7151.103 Mobile Safari/537.36 (compatible; Googlebot/2.1; +http://www.google.com/bot.html)"
66.249.65.35 - - [15/Jul/2025:13:25:59 +0000] "GET /?x=34927293011800&mod=e88f243b&uri=form.php%3Fid%3D1165749-481%26name%3Dnudient+12+pro HTTP/1.1" 200 18415 "-" "Mozilla/5.0 (Linux; Android 6.0.1; Nexus 5X Build/MMB29P) AppleWebKit/537.36 (KHTML, like Gecko) Chrome/137.0.7151.103 Mobile Safari/537.36 (compatible; Googlebot/2.1; +http://www.google.com/bot.html)"
66.249.65.35 - - [15/Jul/2025:13:26:03 +0000] "GET /?x=65453601031800&mod=b98249b3&uri=brands.php%3Fid%3D2184233-328%26name%3Dlowa+raik+gtx+mid+37 HTTP/1.1" 200 18434 "-" "Mozilla/5.0 (Linux; Android 6.0.1; Nexus 5X Build/MMB29P) AppleWebKit/537.36 (KHTML, like Gecko) Chrome/137.0.7151.103 Mobile Safari/537.36 (compatible; Googlebot/2.1; +http://www.google.com/bot.html)"
66.249.65.37 - - [15/Jul/2025:13:26:07 +0000] "POST /get-message-notify HTTP/1.1" 200 18196 "https://kraft-court.cafe/?x=65453601031800&mod=b98249b3&uri=brands.php%3Fid%3D2184233-328%26name%3Dlowa+raik+gtx+mid+37" "Mozilla/5.0 (Linux; Android 6.0.1; Nexus 5X Build/MMB29P) AppleWebKit/537.36 (KHTML, like Gecko) Chrome/137.0.7151.119 Mobile Safari/537.36 (compatible; Googlebot/2.1; +http://www.google.com/bot.html)"
66.249.65.36 - - [15/Jul/2025:13:26:07 +0000] "GET /?x=35007892021800&mod=1e056d2b&uri=info.php%3Fid%3D1168442-91%26name%3Dmens+gt+mountain+bikes HTTP/1.1" 200 18426 "-" "Mozilla/5.0 (Linux; Android 6.0.1; Nexus 5X Build/MMB29P) AppleWebKit/537.36 (KHTML, like Gecko) Chrome/137.0.7151.103 Mobile Safari/537.36 (compatible; Googlebot/2.1; +http://www.google.com/bot.html)"
66.249.65.35 - - [15/Jul/2025:13:26:08 +0000] "GET /?x=35058412011800&mod=9854d7af&uri=info.php%3Fid%3D1170126-387%26name%3Dchest+back+abs+workout HTTP/1.1" 200 18429 "-" "Mozilla/5.0 (Linux; Android 6.0.1; Nexus 5X Build/MMB29P) AppleWebKit/537.36 (KHTML, like Gecko) Chrome/137.0.7151.103 Mobile Safari/537.36 (compatible; Googlebot/2.1; +http://www.google.com/bot.html)"
66.249.65.35 - - [15/Jul/2025:13:26:09 +0000] "GET /?x=70040243021800&mod=b98249b3&uri=dp.php%3Fid%3D2337322-328%26name%3Dwinterschuhe+futter HTTP/1.1" 200 18415 "-" "Mozilla/5.0 (Linux; Android 6.0.1; Nexus 5X Build/MMB29P) AppleWebKit/537.36 (KHTML, like Gecko) Chrome/137.0.7151.103 Mobile Safari/537.36 (compatible; Googlebot/2.1; +http://www.google.com/bot.html)"
66.249.65.35 - - [15/Jul/2025:13:26:10 +0000] "GET /?x=34910163101800&mod=a0872cc5&uri=brands.php%3Fid%3D1165178-130%26name%3Done+plus+nord+glass+cover HTTP/1.1" 200 18434 "-" "Mozilla/5.0 (Linux; Android 6.0.1; Nexus 5X Build/MMB29P) AppleWebKit/537.36 (KHTML, like Gecko) Chrome/137.0.7151.103 Mobile Safari/537.36 (compatible; Googlebot/2.1; +http://www.google.com/bot.html)"
66.249.65.35 - - [15/Jul/2025:13:26:13 +0000] "GET /?x=35074992041800&mod=9854d7af&uri=itm.php%3Fid%3D1170679-387%26name%3Dbest+waist+trimming+exercises HTTP/1.1" 200 18443 "-" "Mozilla/5.0 (Linux; Android 6.0.1; Nexus 5X Build/MMB29P) AppleWebKit/537.36 (KHTML, like Gecko) Chrome/137.0.7151.103 Mobile Safari/537.36 (compatible; Googlebot/2.1; +http://www.google.com/bot.html)"
66.249.65.35 - - [15/Jul/2025:13:26:14 +0000] "POST /get-message-notify HTTP/1.1" 200 18196 "https://kraft-court.cafe/?x=70040243021800&mod=b98249b3&uri=dp.php%3Fid%3D2337322-328%26name%3Dwinterschuhe+futter" "Mozilla/5.0 (Linux; Android 6.0.1; Nexus 5X Build/MMB29P) AppleWebKit/537.36 (KHTML, like Gecko) Chrome/137.0.7151.119 Mobile Safari/537.36 (compatible; Googlebot/2.1; +http://www.google.com/bot.html)"
66.249.65.35 - - [15/Jul/2025:13:26:14 +0000] "GET /?x=34320860141800&mod=689041c2&uri=shared.php%3Fid%3D1145502-1060%26name%3Dmichael+kors+watch+cheapest HTTP/1.1" 200 18446 "-" "Mozilla/5.0 (Linux; Android 6.0.1; Nexus 5X Build/MMB29P) AppleWebKit/537.36 (KHTML, like Gecko) Chrome/137.0.7151.103 Mobile Safari/537.36 (compatible; Googlebot/2.1; +http://www.google.com/bot.html)"
66.249.65.35 - - [15/Jul/2025:13:26:17 +0000] "GET /?x=34925313051800&mod=e88f243b&uri=products.php%3Fid%3D1165683-481%26name%3Diphone+11+pro+midnight+green+back+cover HTTP/1.1" 200 18463 "-" "Mozilla/5.0 (Linux; Android 6.0.1; Nexus 5X Build/MMB29P) AppleWebKit/537.36 (KHTML, like Gecko) Chrome/137.0.7151.103 Mobile Safari/537.36 (compatible; Googlebot/2.1; +http://www.google.com/bot.html)"
66.249.65.35 - - [15/Jul/2025:13:26:18 +0000] "GET /?x=35059252141800&mod=4496bf24&uri=category-info.php%3Fid%3D1170154-182%26name%3Dswim+team+swimsuits+near+me HTTP/1.1" 200 18471 "-" "Mozilla/5.0 (Linux; Android 6.0.1; Nexus 5X Build/MMB29P) AppleWebKit/537.36 (KHTML, like Gecko) Chrome/137.0.7151.103 Mobile Safari/537.36 (compatible; Googlebot/2.1; +http://www.google.com/bot.html)"
66.249.65.35 - - [15/Jul/2025:13:26:19 +0000] "GET /?x=35059882051800&mod=9854d7af&uri=pin.php%3Fid%3D1170175-387%26name%3Dexercise+equipment+that+folds+up HTTP/1.1" 200 18447 "-" "Mozilla/5.0 (Linux; Android 6.0.1; Nexus 5X Build/MMB29P) AppleWebKit/537.36 (KHTML, like Gecko) Chrome/137.0.7151.103 Mobile Safari/537.36 (compatible; Googlebot/2.1; +http://www.google.com/bot.html)"
66.249.65.35 - - [15/Jul/2025:13:26:19 +0000] "GET /?x=34775107051800&mod=4d6da0c3&uri=search.php%3Fid%3D1160674-941%26name%3Dgame+of+thrones+season+episode+dailymotion HTTP/1.1" 200 18456 "-" "Mozilla/5.0 (Linux; Android 6.0.1; Nexus 5X Build/MMB29P) AppleWebKit/537.36 (KHTML, like Gecko) Chrome/137.0.7151.103 Mobile Safari/537.36 (compatible; Googlebot/2.1; +http://www.google.com/bot.html)"
66.249.65.35 - - [15/Jul/2025:13:26:22 +0000] "POST /get-message-notify HTTP/1.1" 200 18196 "https://kraft-court.cafe/?x=35059882051800&mod=9854d7af&uri=pin.php%3Fid%3D1170175-387%26name%3Dexercise+equipment+that+folds+up" "Mozilla/5.0 (Linux; Android 6.0.1; Nexus 5X Build/MMB29P) AppleWebKit/537.36 (KHTML, like Gecko) Chrome/137.0.7151.119 Mobile Safari/537.36 (compatible; Googlebot/2.1; +http://www.google.com/bot.html)"
66.249.65.35 - - [15/Jul/2025:13:26:23 +0000] "GET /?x=35064072031800&mod=9854d7af&uri=search.php%3Fid%3D1170315-387%26name%3Dkettlebell+rowing HTTP/1.1" 200 18411 "-" "Mozilla/5.0 (Linux; Android 6.0.1; Nexus 5X Build/MMB29P) AppleWebKit/537.36 (KHTML, like Gecko) Chrome/137.0.7151.103 Mobile Safari/537.36 (compatible; Googlebot/2.1; +http://www.google.com/bot.html)"
66.249.65.35 - - [15/Jul/2025:13:26:25 +0000] "GET /?x=34927053071800&mod=0e9fa1f3&uri=category-info.php%3Fid%3D1165741-128%26name%3Dcountry+style+pork+ribs+oven+350 HTTP/1.1" 200 18480 "-" "Mozilla/5.0 (Linux; Android 6.0.1; Nexus 5X Build/MMB29P) AppleWebKit/537.36 (KHTML, like Gecko) Chrome/137.0.7151.103 Mobile Safari/537.36 (compatible; Googlebot/2.1; +http://www.google.com/bot.html)"
66.249.65.35 - - [15/Jul/2025:13:26:28 +0000] "GET /?x=35063862031800&mod=9854d7af&uri=product.php%3Fid%3D1170308-387%26name%3Dreduce+waist+size+workout HTTP/1.1" 200 18441 "-" "Mozilla/5.0 (Linux; Android 6.0.1; Nexus 5X Build/MMB29P) AppleWebKit/537.36 (KHTML, like Gecko) Chrome/137.0.7151.103 Mobile Safari/537.36 (compatible; Googlebot/2.1; +http://www.google.com/bot.html)"
66.249.65.36 - - [15/Jul/2025:13:26:30 +0000] "POST /get-message-notify HTTP/1.1" 200 18196 "https://kraft-court.cafe/?x=34775107051800&mod=4d6da0c3&uri=search.php%3Fid%3D1160674-941%26name%3Dgame+of+thrones+season+episode+dailymotion" "Mozilla/5.0 (Linux; Android 6.0.1; Nexus 5X Build/MMB29P) AppleWebKit/537.36 (KHTML, like Gecko) Chrome/137.0.7151.119 Mobile Safari/537.36 (compatible; Googlebot/2.1; +http://www.google.com/bot.html)"
66.249.65.35 - - [15/Jul/2025:13:26:31 +0000] "POST /get-message-notify HTTP/1.1" 200 18196 "https://kraft-court.cafe/?x=35063862031800&mod=9854d7af&uri=product.php%3Fid%3D1170308-387%26name%3Dreduce+waist+size+workout" "Mozilla/5.0 AppleWebKit/537.36 (KHTML, like Gecko; compatible; Googlebot/2.1; +http://www.google.com/bot.html) Chrome/137.0.7151.119 Safari/537.36"
66.249.65.35 - - [15/Jul/2025:13:26:31 +0000] "POST /get-message-notify HTTP/1.1" 200 18196 "https://kraft-court.cafe/?x=35063862031800&mod=9854d7af&uri=product.php%3Fid%3D1170308-387%26name%3Dreduce+waist+size+workout" "Mozilla/5.0 (Linux; Android 6.0.1; Nexus 5X Build/MMB29P) AppleWebKit/537.36 (KHTML, like Gecko) Chrome/137.0.7151.119 Mobile Safari/537.36 (compatible; Googlebot/2.1; +http://www.google.com/bot.html)"
66.249.65.36 - - [15/Jul/2025:13:26:40 +0000] "POST /get-message-notify HTTP/1.1" 200 18196 "https://kraft-court.cafe/?x=35022622051800&mod=39027dfa&uri=shop.php%3Fid%3D1168933-180%26name%3Dbridal+lehenga+shops+in+dadar" "Mozilla/5.0 (Linux; Android 6.0.1; Nexus 5X Build/MMB29P) AppleWebKit/537.36 (KHTML, like Gecko) Chrome/137.0.7151.119 Mobile Safari/537.36 (compatible; Googlebot/2.1; +http://www.google.com/bot.html)"
66.249.65.35 - - [15/Jul/2025:13:26:51 +0000] "POST /get-message-notify HTTP/1.1" 200 18196 "https://kraft-court.cafe/?x=35007892021800&mod=1e056d2b&uri=info.php%3Fid%3D1168442-91%26name%3Dmens+gt+mountain+bikes" "Mozilla/5.0 (Linux; Android 6.0.1; Nexus 5X Build/MMB29P) AppleWebKit/537.36 (KHTML, like Gecko) Chrome/137.0.7151.119 Mobile Safari/537.36 (compatible; Googlebot/2.1; +http://www.google.com/bot.html)"
66.249.65.35 - - [15/Jul/2025:13:26:52 +0000] "POST /get-message-notify HTTP/1.1" 200 18196 "https://kraft-court.cafe/?x=34926333091800&mod=0e9fa1f3&uri=pin.php%3Fid%3D1165717-128%26name%3Dboneless+pork+rib+roast+cooking+time" "Mozilla/5.0 (Linux; Android 6.0.1; Nexus 5X Build/MMB29P) AppleWebKit/537.36 (KHTML, like Gecko) Chrome/137.0.7151.119 Mobile Safari/537.36 (compatible; Googlebot/2.1; +http://www.google.com/bot.html)"
66.249.65.35 - - [15/Jul/2025:13:26:53 +0000] "POST /get-message-notify HTTP/1.1" 200 18196 "https://kraft-court.cafe/?x=35058412011800&mod=9854d7af&uri=info.php%3Fid%3D1170126-387%26name%3Dchest+back+abs+workout" "Mozilla/5.0 (Linux; Android 6.0.1; Nexus 5X Build/MMB29P) AppleWebKit/537.36 (KHTML, like Gecko) Chrome/137.0.7151.119 Mobile Safari/537.36 (compatible; Googlebot/2.1; +http://www.google.com/bot.html)"
66.249.65.35 - - [15/Jul/2025:13:27:00 +0000] "POST /get-message-notify HTTP/1.1" 200 18196 "https://kraft-court.cafe/?x=119473442001800&mod=9854d7af&uri=product.php?toreka/toreka_menu.html" "Mozilla/5.0 (Linux; Android 6.0.1; Nexus 5X Build/MMB29P) AppleWebKit/537.36 (KHTML, like Gecko) Chrome/137.0.7151.119 Mobile Safari/537.36 (compatible; Googlebot/2.1; +http://www.google.com/bot.html)"
