20.171.207.55 - - [15/Jul/2025:14:58:14 +0000] "GET /detail/1702369498.htm HTTP/1.1" 404 1871 "-" "Mozilla/5.0 AppleWebKit/537.36 (KHTML, like Gecko; compatible; GPTBot/1.2; +https://openai.com/gptbot)"
66.249.65.35 - - [15/Jul/2025:14:58:16 +0000] "GET /?x=5971745011800&mod=c5bbd980&uri=brands.php%3Fid%3D199417-344%26name%3Dnike+stuff+for+girls HTTP/1.1" 200 18430 "-" "Mozilla/5.0 (Linux; Android 6.0.1; Nexus 5X Build/MMB29P) AppleWebKit/537.36 (KHTML, like Gecko) Chrome/137.0.7151.103 Mobile Safari/537.36 (compatible; Googlebot/2.1; +http://www.google.com/bot.html)"
20.171.207.55 - - [15/Jul/2025:14:58:16 +0000] "GET /detail/1701855462.htm HTTP/1.1" 404 1870 "-" "Mozilla/5.0 AppleWebKit/537.36 (KHTML, like Gecko; compatible; GPTBot/1.2; +https://openai.com/gptbot)"
20.171.207.55 - - [15/Jul/2025:14:58:19 +0000] "GET /detail/1701983492.htm HTTP/1.1" 404 1871 "-" "Mozilla/5.0 AppleWebKit/537.36 (KHTML, like Gecko; compatible; GPTBot/1.2; +https://openai.com/gptbot)"
66.249.65.35 - - [15/Jul/2025:14:58:19 +0000] "GET /?x=32622994031800&mod=c7b90b0f&uri=form.php%3Fid%3D1088822-348%26name%3Dla+robe+a+la+francaise HTTP/1.1" 200 18433 "-" "Mozilla/5.0 (Linux; Android 6.0.1; Nexus 5X Build/MMB29P) AppleWebKit/537.36 (KHTML, like Gecko) Chrome/137.0.7151.103 Mobile Safari/537.36 (compatible; Googlebot/2.1; +http://www.google.com/bot.html)"
20.171.207.55 - - [15/Jul/2025:14:58:22 +0000] "GET /detail/1701834942.htm HTTP/1.1" 404 1870 "-" "Mozilla/5.0 AppleWebKit/537.36 (KHTML, like Gecko; compatible; GPTBot/1.2; +https://openai.com/gptbot)"
66.249.65.35 - - [15/Jul/2025:14:58:22 +0000] "POST /get-message-notify HTTP/1.1" 200 18196 "https://kraft-court.cafe/?x=70396565001800&mod=29b2cd4a&uri=blog.php%3Fid%3D2349206-1423%26name%3Dadidas+originals+women%27s+stan+smith+w+fashion+sneaker" "Mozilla/5.0 (Linux; Android 6.0.1; Nexus 5X Build/MMB29P) AppleWebKit/537.36 (KHTML, like Gecko) Chrome/137.0.7151.119 Mobile Safari/537.36 (compatible; Googlebot/2.1; +http://www.google.com/bot.html)"
66.249.65.35 - - [15/Jul/2025:14:58:24 +0000] "GET /?x=55345937001800&mod=741a0099&uri=shared.php%3Fid%3D1846936-653%26name%3Dpantuflas+babuchas+para+mujer HTTP/1.1" 200 18448 "-" "Mozilla/5.0 (Linux; Android 6.0.1; Nexus 5X Build/MMB29P) AppleWebKit/537.36 (KHTML, like Gecko) Chrome/137.0.7151.103 Mobile Safari/537.36 (compatible; Googlebot/2.1; +http://www.google.com/bot.html)"
20.171.207.55 - - [15/Jul/2025:14:58:25 +0000] "GET /detail/1702364951.htm HTTP/1.1" 404 1870 "-" "Mozilla/5.0 AppleWebKit/537.36 (KHTML, like Gecko; compatible; GPTBot/1.2; +https://openai.com/gptbot)"
66.249.65.35 - - [15/Jul/2025:14:58:26 +0000] "POST /get-message-notify HTTP/1.1" 200 18196 "https://kraft-court.cafe/?x=70393925021800&mod=29b2cd4a&uri=form.php%3Fid%3D2349118-1423%26name%3Dnew+balance+black+and+gold" "Mozilla/5.0 (Linux; Android 6.0.1; Nexus 5X Build/MMB29P) AppleWebKit/537.36 (KHTML, like Gecko) Chrome/137.0.7151.119 Mobile Safari/537.36 (compatible; Googlebot/2.1; +http://www.google.com/bot.html)"
66.249.65.35 - - [15/Jul/2025:14:58:27 +0000] "POST /get-message-notify HTTP/1.1" 200 18196 "https://kraft-court.cafe/?x=55345937001800&mod=741a0099&uri=shared.php%3Fid%3D1846936-653%26name%3Dpantuflas+babuchas+para+mujer" "Mozilla/5.0 (Linux; Android 6.0.1; Nexus 5X Build/MMB29P) AppleWebKit/537.36 (KHTML, like Gecko) Chrome/137.0.7151.119 Mobile Safari/537.36 (compatible; Googlebot/2.1; +http://www.google.com/bot.html)"
20.171.207.55 - - [15/Jul/2025:14:58:27 +0000] "GET /detail/1701946259.htm HTTP/1.1" 404 1871 "-" "Mozilla/5.0 AppleWebKit/537.36 (KHTML, like Gecko; compatible; GPTBot/1.2; +https://openai.com/gptbot)"
66.249.65.35 - - [15/Jul/2025:14:58:28 +0000] "GET /?x=55281524081800&mod=ffbd6cbb&uri=news.php%3Fid%3D1844787-310%26name%3Drx+580+4k+monitor HTTP/1.1" 200 18427 "-" "Mozilla/5.0 (Linux; Android 6.0.1; Nexus 5X Build/MMB29P) AppleWebKit/537.36 (KHTML, like Gecko) Chrome/137.0.7151.103 Mobile Safari/537.36 (compatible; Googlebot/2.1; +http://www.google.com/bot.html)"
66.249.65.35 - - [15/Jul/2025:14:58:29 +0000] "GET /?x=55348577021800&mod=741a0099&uri=blog.php%3Fid%3D1847024-653%26name%3Dzapatitos+de+crochet+para+recien+nacido HTTP/1.1" 200 18456 "-" "Mozilla/5.0 (Linux; Android 6.0.1; Nexus 5X Build/MMB29P) AppleWebKit/537.36 (KHTML, like Gecko) Chrome/137.0.7151.103 Mobile Safari/537.36 (compatible; Googlebot/2.1; +http://www.google.com/bot.html)"
66.249.65.35 - - [15/Jul/2025:14:58:30 +0000] "POST /get-message-notify HTTP/1.1" 200 18196 "https://kraft-court.cafe/?x=55281524081800&mod=ffbd6cbb&uri=news.php%3Fid%3D1844787-310%26name%3Drx+580+4k+monitor" "Mozilla/5.0 (Linux; Android 6.0.1; Nexus 5X Build/MMB29P) AppleWebKit/537.36 (KHTML, like Gecko) Chrome/137.0.7151.119 Mobile Safari/537.36 (compatible; Googlebot/2.1; +http://www.google.com/bot.html)"
20.171.207.55 - - [15/Jul/2025:14:58:30 +0000] "GET /detail/1701843595.htm HTTP/1.1" 404 1870 "-" "Mozilla/5.0 AppleWebKit/537.36 (KHTML, like Gecko; compatible; GPTBot/1.2; +https://openai.com/gptbot)"
66.249.65.35 - - [15/Jul/2025:14:58:31 +0000] "GET /?x=55350137001800&mod=30a237d1&uri=form.php%3Fid%3D1847076-365%26name%3Dnew+balance+870+women+silver HTTP/1.1" 200 18444 "-" "Mozilla/5.0 (Linux; Android 6.0.1; Nexus 5X Build/MMB29P) AppleWebKit/537.36 (KHTML, like Gecko) Chrome/137.0.7151.103 Mobile Safari/537.36 (compatible; Googlebot/2.1; +http://www.google.com/bot.html)"
66.249.65.35 - - [15/Jul/2025:14:58:32 +0000] "GET /?x=77678871081800&mod=ffbd6cbb&uri=dp.php%3Fid%3D2592214-310%26name%3Dlegion+y7000+1050 HTTP/1.1" 200 18423 "-" "Mozilla/5.0 (Linux; Android 6.0.1; Nexus 5X Build/MMB29P) AppleWebKit/537.36 (KHTML, like Gecko) Chrome/137.0.7151.103 Mobile Safari/537.36 (compatible; Googlebot/2.1; +http://www.google.com/bot.html)"
209.74.77.214 - - [15/Jul/2025:14:58:33 +0000] "POST /wp-cron.php?doing_wp_cron=1752591513.8425409793853759765625 HTTP/1.1" 200 - "-" "WordPress/6.8.1; https://kraft-court.cafe"
20.171.207.55 - - [15/Jul/2025:14:58:33 +0000] "GET /detail/1702069573.htm HTTP/1.1" 404 1869 "-" "Mozilla/5.0 AppleWebKit/537.36 (KHTML, like Gecko; compatible; GPTBot/1.2; +https://openai.com/gptbot)"
20.171.207.55 - - [15/Jul/2025:14:58:36 +0000] "GET /detail/1701921546.htm HTTP/1.1" 404 1870 "-" "Mozilla/5.0 AppleWebKit/537.36 (KHTML, like Gecko; compatible; GPTBot/1.2; +https://openai.com/gptbot)"
66.249.65.35 - - [15/Jul/2025:14:58:36 +0000] "GET /?x=55345337021800&mod=24389bfe&uri=search.php%3Fid%3D1846916-777%26name%3Dconjunto+bebe+a+crochet HTTP/1.1" 200 18432 "-" "Mozilla/5.0 (Linux; Android 6.0.1; Nexus 5X Build/MMB29P) AppleWebKit/537.36 (KHTML, like Gecko) Chrome/137.0.7151.103 Mobile Safari/537.36 (compatible; Googlebot/2.1; +http://www.google.com/bot.html)"
20.171.207.55 - - [15/Jul/2025:14:58:39 +0000] "GET /detail/1701914258.htm HTTP/1.1" 404 1868 "-" "Mozilla/5.0 AppleWebKit/537.36 (KHTML, like Gecko; compatible; GPTBot/1.2; +https://openai.com/gptbot)"
66.249.65.35 - - [15/Jul/2025:14:58:40 +0000] "GET /?x=55349897021800&mod=24389bfe&uri=us.php%3Fid%3D1847068-777%26name%3Dcanserbero+buzo HTTP/1.1" 200 18413 "-" "Mozilla/5.0 (Linux; Android 6.0.1; Nexus 5X Build/MMB29P) AppleWebKit/537.36 (KHTML, like Gecko) Chrome/137.0.7151.103 Mobile Safari/537.36 (compatible; Googlebot/2.1; +http://www.google.com/bot.html)"
20.171.207.55 - - [15/Jul/2025:14:58:42 +0000] "GET /detail/1701685092.htm HTTP/1.1" 404 1868 "-" "Mozilla/5.0 AppleWebKit/537.36 (KHTML, like Gecko; compatible; GPTBot/1.2; +https://openai.com/gptbot)"
66.249.65.36 - - [15/Jul/2025:14:58:42 +0000] "GET /?x=55346657041800&mod=24389bfe&uri=goods.php%3Fid%3D1846960-777%26name%3Dbraga+faja+women+secret HTTP/1.1" 200 18438 "-" "Mozilla/5.0 (Linux; Android 6.0.1; Nexus 5X Build/MMB29P) AppleWebKit/537.36 (KHTML, like Gecko) Chrome/137.0.7151.103 Mobile Safari/537.36 (compatible; Googlebot/2.1; +http://www.google.com/bot.html)"
66.249.65.36 - - [15/Jul/2025:14:58:44 +0000] "POST /get-message-notify HTTP/1.1" 200 18196 "https://kraft-court.cafe/?x=55349897021800&mod=24389bfe&uri=us.php%3Fid%3D1847068-777%26name%3Dcanserbero+buzo" "Mozilla/5.0 (Linux; Android 6.0.1; Nexus 5X Build/MMB29P) AppleWebKit/537.36 (KHTML, like Gecko) Chrome/137.0.7151.119 Mobile Safari/537.36 (compatible; Googlebot/2.1; +http://www.google.com/bot.html)"
209.74.77.214 - - [15/Jul/2025:14:58:45 +0000] "POST /wp-cron.php?doing_wp_cron=1752591525.2370278835296630859375 HTTP/1.1" 200 - "-" "WordPress/6.8.1; https://kraft-court.cafe"
20.171.207.55 - - [15/Jul/2025:14:58:45 +0000] "GET /detail/1702389762.htm HTTP/1.1" 404 1869 "-" "Mozilla/5.0 AppleWebKit/537.36 (KHTML, like Gecko; compatible; GPTBot/1.2; +https://openai.com/gptbot)"
66.249.65.36 - - [15/Jul/2025:14:58:46 +0000] "GET /?x=55345457041800&mod=741a0099&uri=blog.php%3Fid%3D1846920-653%26name%3Dchiruca+marbella+gtx HTTP/1.1" 200 18431 "-" "Mozilla/5.0 (Linux; Android 6.0.1; Nexus 5X Build/MMB29P) AppleWebKit/537.36 (KHTML, like Gecko) Chrome/137.0.7151.103 Mobile Safari/537.36 (compatible; Googlebot/2.1; +http://www.google.com/bot.html)"
20.171.207.55 - - [15/Jul/2025:14:58:47 +0000] "GET /detail/1702405236.htm HTTP/1.1" 404 1867 "-" "Mozilla/5.0 AppleWebKit/537.36 (KHTML, like Gecko; compatible; GPTBot/1.2; +https://openai.com/gptbot)"
66.249.65.35 - - [15/Jul/2025:14:58:48 +0000] "GET /?x=55348697121800&mod=741a0099&uri=category-info.php%3Fid%3D1847028-653%26name%3Dshirt+nike+running HTTP/1.1" 200 18457 "-" "Mozilla/5.0 (Linux; Android 6.0.1; Nexus 5X Build/MMB29P) AppleWebKit/537.36 (KHTML, like Gecko) Chrome/137.0.7151.103 Mobile Safari/537.36 (compatible; Googlebot/2.1; +http://www.google.com/bot.html)"
20.171.207.55 - - [15/Jul/2025:14:58:50 +0000] "GET /detail/1701855462.htm HTTP/1.1" 404 1870 "-" "Mozilla/5.0 AppleWebKit/537.36 (KHTML, like Gecko; compatible; GPTBot/1.2; +https://openai.com/gptbot)"
66.249.65.35 - - [15/Jul/2025:14:58:51 +0000] "GET /?x=55344617111800&mod=741a0099&uri=news.php%3Fid%3D1846892-653%26name%3Dcw0945 HTTP/1.1" 200 18406 "-" "Mozilla/5.0 (Linux; Android 6.0.1; Nexus 5X Build/MMB29P) AppleWebKit/537.36 (KHTML, like Gecko) Chrome/137.0.7151.103 Mobile Safari/537.36 (compatible; Googlebot/2.1; +http://www.google.com/bot.html)"
20.171.207.55 - - [15/Jul/2025:14:58:53 +0000] "GET /detail/1702398575.htm HTTP/1.1" 404 1869 "-" "Mozilla/5.0 AppleWebKit/537.36 (KHTML, like Gecko; compatible; GPTBot/1.2; +https://openai.com/gptbot)"
66.249.65.36 - - [15/Jul/2025:14:58:54 +0000] "POST /get-message-notify HTTP/1.1" 200 18196 "https://kraft-court.cafe/?x=55344617111800&mod=741a0099&uri=news.php%3Fid%3D1846892-653%26name%3Dcw0945" "Mozilla/5.0 (Linux; Android 6.0.1; Nexus 5X Build/MMB29P) AppleWebKit/537.36 (KHTML, like Gecko) Chrome/137.0.7151.119 Mobile Safari/537.36 (compatible; Googlebot/2.1; +http://www.google.com/bot.html)"
66.249.65.36 - - [15/Jul/2025:14:58:54 +0000] "GET /?x=55348457041800&mod=741a0099&uri=brands.php%3Fid%3D1847020-653%26name%3Dpantuflas+mujer+nike HTTP/1.1" 200 18435 "-" "Mozilla/5.0 (Linux; Android 6.0.1; Nexus 5X Build/MMB29P) AppleWebKit/537.36 (KHTML, like Gecko) Chrome/137.0.7151.103 Mobile Safari/537.36 (compatible; Googlebot/2.1; +http://www.google.com/bot.html)"
20.171.207.55 - - [15/Jul/2025:14:58:56 +0000] "GET /detail/1702298537.htm HTTP/1.1" 404 1869 "-" "Mozilla/5.0 AppleWebKit/537.36 (KHTML, like Gecko; compatible; GPTBot/1.2; +https://openai.com/gptbot)"
66.249.65.36 - - [15/Jul/2025:14:58:57 +0000] "GET /?x=55345817021800&mod=24389bfe&uri=us.php%3Fid%3D1846932-777%26name%3Dhilo+para+lenceria HTTP/1.1" 200 18418 "-" "Mozilla/5.0 (Linux; Android 6.0.1; Nexus 5X Build/MMB29P) AppleWebKit/537.36 (KHTML, like Gecko) Chrome/137.0.7151.103 Mobile Safari/537.36 (compatible; Googlebot/2.1; +http://www.google.com/bot.html)"
20.171.207.55 - - [15/Jul/2025:14:58:59 +0000] "GET /detail/1701932464.htm HTTP/1.1" 404 1870 "-" "Mozilla/5.0 AppleWebKit/537.36 (KHTML, like Gecko; compatible; GPTBot/1.2; +https://openai.com/gptbot)"
66.249.65.36 - - [15/Jul/2025:14:59:00 +0000] "GET /?x=55348097071800&mod=741a0099&uri=goods.php%3Fid%3D1847008-653%26name%3Dzapatitos+a+ganchillo HTTP/1.1" 200 18430 "-" "Mozilla/5.0 (Linux; Android 6.0.1; Nexus 5X Build/MMB29P) AppleWebKit/537.36 (KHTML, like Gecko) Chrome/137.0.7151.103 Mobile Safari/537.36 (compatible; Googlebot/2.1; +http://www.google.com/bot.html)"
20.171.207.55 - - [15/Jul/2025:14:59:02 +0000] "GET /detail/1702364951.htm HTTP/1.1" 404 1870 "-" "Mozilla/5.0 AppleWebKit/537.36 (KHTML, like Gecko; compatible; GPTBot/1.2; +https://openai.com/gptbot)"
66.249.65.35 - - [15/Jul/2025:14:59:03 +0000] "POST /get-message-notify HTTP/1.1" 200 18196 "https://kraft-court.cafe/?x=55348097071800&mod=741a0099&uri=goods.php%3Fid%3D1847008-653%26name%3Dzapatitos+a+ganchillo" "Mozilla/5.0 (Linux; Android 6.0.1; Nexus 5X Build/MMB29P) AppleWebKit/537.36 (KHTML, like Gecko) Chrome/137.0.7151.119 Mobile Safari/537.36 (compatible; Googlebot/2.1; +http://www.google.com/bot.html)"
66.249.65.35 - - [15/Jul/2025:14:59:03 +0000] "GET /?x=55349057091800&mod=24389bfe&uri=goods.php%3Fid%3D1847040-777%26name%3Dtanga+hilo+negra HTTP/1.1" 200 18423 "-" "Mozilla/5.0 (Linux; Android 6.0.1; Nexus 5X Build/MMB29P) AppleWebKit/537.36 (KHTML, like Gecko) Chrome/137.0.7151.103 Mobile Safari/537.36 (compatible; Googlebot/2.1; +http://www.google.com/bot.html)"
20.171.207.55 - - [15/Jul/2025:14:59:05 +0000] "GET /detail/1702335938.htm HTTP/1.1" 404 1871 "-" "Mozilla/5.0 AppleWebKit/537.36 (KHTML, like Gecko; compatible; GPTBot/1.2; +https://openai.com/gptbot)"
66.249.65.35 - - [15/Jul/2025:14:59:06 +0000] "GET /?x=55344737001800&mod=24389bfe&uri=goods.php%3Fid%3D1846896-777%26name%3Dropa+deporte+hombre HTTP/1.1" 200 18425 "-" "Mozilla/5.0 (Linux; Android 6.0.1; Nexus 5X Build/MMB29P) AppleWebKit/537.36 (KHTML, like Gecko) Chrome/137.0.7151.103 Mobile Safari/537.36 (compatible; Googlebot/2.1; +http://www.google.com/bot.html)"
20.171.207.55 - - [15/Jul/2025:14:59:07 +0000] "GET /detail/1702059361.htm HTTP/1.1" 404 1868 "-" "Mozilla/5.0 AppleWebKit/537.36 (KHTML, like Gecko; compatible; GPTBot/1.2; +https://openai.com/gptbot)"
66.249.65.35 - - [15/Jul/2025:14:59:09 +0000] "GET /?x=55348337001800&mod=741a0099&uri=info.php%3Fid%3D1847016-653%26name%3Dnike+air+verona+se HTTP/1.1" 200 18429 "-" "Mozilla/5.0 (Linux; Android 6.0.1; Nexus 5X Build/MMB29P) AppleWebKit/537.36 (KHTML, like Gecko) Chrome/137.0.7151.103 Mobile Safari/537.36 (compatible; Googlebot/2.1; +http://www.google.com/bot.html)"
20.171.207.55 - - [15/Jul/2025:14:59:10 +0000] "GET /detail/1702208463.htm HTTP/1.1" 404 1870 "-" "Mozilla/5.0 AppleWebKit/537.36 (KHTML, like Gecko; compatible; GPTBot/1.2; +https://openai.com/gptbot)"
20.171.207.55 - - [15/Jul/2025:14:59:13 +0000] "GET /detail/1701869249.htm HTTP/1.1" 404 1871 "-" "Mozilla/5.0 AppleWebKit/537.36 (KHTML, like Gecko; compatible; GPTBot/1.2; +https://openai.com/gptbot)"
20.171.207.55 - - [15/Jul/2025:14:59:16 +0000] "GET /detail/1701986544.htm HTTP/1.1" 404 1870 "-" "Mozilla/5.0 AppleWebKit/537.36 (KHTML, like Gecko; compatible; GPTBot/1.2; +https://openai.com/gptbot)"
66.249.65.35 - - [15/Jul/2025:14:59:17 +0000] "GET /?x=55350737051800&mod=30a237d1&uri=info.php%3Fid%3D1847096-365%26name%3Dnew+balance+870+women+uk HTTP/1.1" 200 18443 "-" "Mozilla/5.0 (Linux; Android 6.0.1; Nexus 5X Build/MMB29P) AppleWebKit/537.36 (KHTML, like Gecko) Chrome/137.0.7151.103 Mobile Safari/537.36 (compatible; Googlebot/2.1; +http://www.google.com/bot.html)"
66.249.65.35 - - [15/Jul/2025:14:59:18 +0000] "GET /?x=55350257041800&mod=741a0099&uri=info.php%3Fid%3D1847080-653%26name%3Dpantuflas+mujer+animal+print HTTP/1.1" 200 18444 "-" "Mozilla/5.0 (Linux; Android 6.0.1; Nexus 5X Build/MMB29P) AppleWebKit/537.36 (KHTML, like Gecko) Chrome/137.0.7151.103 Mobile Safari/537.36 (compatible; Googlebot/2.1; +http://www.google.com/bot.html)"
20.171.207.55 - - [15/Jul/2025:14:59:19 +0000] "GET /detail/1702389762.htm HTTP/1.1" 404 1869 "-" "Mozilla/5.0 AppleWebKit/537.36 (KHTML, like Gecko; compatible; GPTBot/1.2; +https://openai.com/gptbot)"
20.171.207.55 - - [15/Jul/2025:14:59:21 +0000] "GET /detail/1702181596.htm HTTP/1.1" 404 1868 "-" "Mozilla/5.0 AppleWebKit/537.36 (KHTML, like Gecko; compatible; GPTBot/1.2; +https://openai.com/gptbot)"
20.171.207.55 - - [15/Jul/2025:14:59:24 +0000] "GET /detail/1701895329.htm HTTP/1.1" 404 1871 "-" "Mozilla/5.0 AppleWebKit/537.36 (KHTML, like Gecko; compatible; GPTBot/1.2; +https://openai.com/gptbot)"
20.171.207.55 - - [15/Jul/2025:14:59:27 +0000] "GET /detail/1702156923.htm HTTP/1.1" 404 1868 "-" "Mozilla/5.0 AppleWebKit/537.36 (KHTML, like Gecko; compatible; GPTBot/1.2; +https://openai.com/gptbot)"
66.249.65.35 - - [15/Jul/2025:14:59:28 +0000] "GET /?x=55346297021800&mod=24389bfe&uri=pin.php%3Fid%3D1846948-777%26name%3Dchamarra+army+usa HTTP/1.1" 200 18422 "-" "Mozilla/5.0 (Linux; Android 6.0.1; Nexus 5X Build/MMB29P) AppleWebKit/537.36 (KHTML, like Gecko) Chrome/137.0.7151.103 Mobile Safari/537.36 (compatible; Googlebot/2.1; +http://www.google.com/bot.html)"
66.249.65.35 - - [15/Jul/2025:14:59:29 +0000] "GET /?x=55349177021800&mod=24389bfe&uri=article.php%3Fid%3D1847044-777%26name%3Dbuzo+de+lana+con+cuello HTTP/1.1" 200 18446 "-" "Mozilla/5.0 (Linux; Android 6.0.1; Nexus 5X Build/MMB29P) AppleWebKit/537.36 (KHTML, like Gecko) Chrome/137.0.7151.103 Mobile Safari/537.36 (compatible; Googlebot/2.1; +http://www.google.com/bot.html)"
20.171.207.55 - - [15/Jul/2025:14:59:30 +0000] "GET /detail/1702258736.htm HTTP/1.1" 404 1868 "-" "Mozilla/5.0 AppleWebKit/537.36 (KHTML, like Gecko; compatible; GPTBot/1.2; +https://openai.com/gptbot)"
66.249.65.35 - - [15/Jul/2025:14:59:31 +0000] "GET /?x=55281494001800&mod=ffbd6cbb&uri=product.php%3Fid%3D1844786-310%26name%3Damd+ryzen+ddr3+motherboard HTTP/1.1" 200 18441 "-" "Mozilla/5.0 (Linux; Android 6.0.1; Nexus 5X Build/MMB29P) AppleWebKit/537.36 (KHTML, like Gecko) Chrome/137.0.7151.103 Mobile Safari/537.36 (compatible; Googlebot/2.1; +http://www.google.com/bot.html)"
66.249.65.35 - - [15/Jul/2025:14:59:32 +0000] "GET /?x=55344497061800&mod=741a0099&uri=product.php%3Fid%3D1846888-653%26name%3Dvans+christian+dior HTTP/1.1" 200 18437 "-" "Mozilla/5.0 (Linux; Android 6.0.1; Nexus 5X Build/MMB29P) AppleWebKit/537.36 (KHTML, like Gecko) Chrome/137.0.7151.103 Mobile Safari/537.36 (compatible; Googlebot/2.1; +http://www.google.com/bot.html)"
209.74.77.214 - - [15/Jul/2025:14:59:34 +0000] "POST /wp-cron.php?doing_wp_cron=1752591573.9986619949340820312500 HTTP/1.1" 200 - "-" "WordPress/6.8.1; https://kraft-court.cafe"
20.171.207.55 - - [15/Jul/2025:14:59:33 +0000] "GET /detail/1702394830.htm HTTP/1.1" 404 1870 "-" "Mozilla/5.0 AppleWebKit/537.36 (KHTML, like Gecko; compatible; GPTBot/1.2; +https://openai.com/gptbot)"
20.171.207.55 - - [15/Jul/2025:14:59:36 +0000] "GET /detail/1701963228.htm HTTP/1.1" 404 1868 "-" "Mozilla/5.0 AppleWebKit/537.36 (KHTML, like Gecko; compatible; GPTBot/1.2; +https://openai.com/gptbot)"
66.249.65.35 - - [15/Jul/2025:14:59:36 +0000] "GET /?x=55350617061800&mod=741a0099&uri=product.php%3Fid%3D1847092-653%26name%3Descarpines+a+crochet+para+principiantes HTTP/1.1" 200 18463 "-" "Mozilla/5.0 (Linux; Android 6.0.1; Nexus 5X Build/MMB29P) AppleWebKit/537.36 (KHTML, like Gecko) Chrome/137.0.7151.103 Mobile Safari/537.36 (compatible; Googlebot/2.1; +http://www.google.com/bot.html)"
20.171.207.55 - - [15/Jul/2025:14:59:39 +0000] "GET /detail/1701695304.htm HTTP/1.1" 404 1870 "-" "Mozilla/5.0 AppleWebKit/537.36 (KHTML, like Gecko; compatible; GPTBot/1.2; +https://openai.com/gptbot)"
66.249.65.35 - - [15/Jul/2025:14:59:40 +0000] "GET /?x=55347857061800&mod=24389bfe&uri=category-info.php%3Fid%3D1847000-777%26name%3Dboxer+de+bebe HTTP/1.1" 200 18448 "-" "Mozilla/5.0 (Linux; Android 6.0.1; Nexus 5X Build/MMB29P) AppleWebKit/537.36 (KHTML, like Gecko) Chrome/137.0.7151.103 Mobile Safari/537.36 (compatible; Googlebot/2.1; +http://www.google.com/bot.html)"
20.171.207.55 - - [15/Jul/2025:14:59:41 +0000] "GET /detail/1702348946.htm HTTP/1.1" 404 1870 "-" "Mozilla/5.0 AppleWebKit/537.36 (KHTML, like Gecko; compatible; GPTBot/1.2; +https://openai.com/gptbot)"
66.249.65.35 - - [15/Jul/2025:14:59:42 +0000] "GET /?x=55350497061800&mod=24389bfe&uri=blog.php%3Fid%3D1847088-777%26name%3Dbuzo+largo+negro HTTP/1.1" 200 18419 "-" "Mozilla/5.0 (Linux; Android 6.0.1; Nexus 5X Build/MMB29P) AppleWebKit/537.36 (KHTML, like Gecko) Chrome/137.0.7151.103 Mobile Safari/537.36 (compatible; Googlebot/2.1; +http://www.google.com/bot.html)"
209.74.77.214 - - [15/Jul/2025:14:59:44 +0000] "POST /wp-cron.php?doing_wp_cron=1752591584.8636310100555419921875 HTTP/1.1" 200 - "-" "WordPress/6.8.1; https://kraft-court.cafe"
20.171.207.55 - - [15/Jul/2025:14:59:44 +0000] "GET /detail/1702148036.htm HTTP/1.1" 404 1870 "-" "Mozilla/5.0 AppleWebKit/537.36 (KHTML, like Gecko; compatible; GPTBot/1.2; +https://openai.com/gptbot)"
66.249.65.35 - - [15/Jul/2025:14:59:46 +0000] "GET /?x=55347137001800&mod=741a0099&uri=dp.php%3Fid%3D1846976-653%26name%3Dgorras+adidas+aliexpress HTTP/1.1" 200 18425 "-" "Mozilla/5.0 (Linux; Android 6.0.1; Nexus 5X Build/MMB29P) AppleWebKit/537.36 (KHTML, like Gecko) Chrome/137.0.7151.103 Mobile Safari/537.36 (compatible; Googlebot/2.1; +http://www.google.com/bot.html)"
66.249.65.35 - - [15/Jul/2025:14:59:47 +0000] "POST /get-message-notify HTTP/1.1" 200 18196 "https://kraft-court.cafe/?x=55346297021800&mod=24389bfe&uri=pin.php%3Fid%3D1846948-777%26name%3Dchamarra+army+usa" "Mozilla/5.0 (Linux; Android 6.0.1; Nexus 5X Build/MMB29P) AppleWebKit/537.36 (KHTML, like Gecko) Chrome/137.0.7151.119 Mobile Safari/537.36 (compatible; Googlebot/2.1; +http://www.google.com/bot.html)"
20.171.207.55 - - [15/Jul/2025:14:59:47 +0000] "GET /detail/1702366574.htm HTTP/1.1" 404 1870 "-" "Mozilla/5.0 AppleWebKit/537.36 (KHTML, like Gecko; compatible; GPTBot/1.2; +https://openai.com/gptbot)"
66.249.65.35 - - [15/Jul/2025:14:59:47 +0000] "GET /?x=55345577021800&mod=741a0099&uri=itm.php%3Fid%3D1846924-653%26name%3Dtiendas+de+zapatos+para+jugar+futbol HTTP/1.1" 200 18457 "-" "Mozilla/5.0 (Linux; Android 6.0.1; Nexus 5X Build/MMB29P) AppleWebKit/537.36 (KHTML, like Gecko) Chrome/137.0.7151.103 Mobile Safari/537.36 (compatible; Googlebot/2.1; +http://www.google.com/bot.html)"
66.249.65.35 - - [15/Jul/2025:14:59:49 +0000] "GET /?x=54193858041800&mod=ffbd6cbb&uri=blog.php%3Fid%3D1808500-310%26name%3Db550m+aorus+pro HTTP/1.1" 200 18420 "-" "Mozilla/5.0 (Linux; Android 6.0.1; Nexus 5X Build/MMB29P) AppleWebKit/537.36 (KHTML, like Gecko) Chrome/137.0.7151.103 Mobile Safari/537.36 (compatible; Googlebot/2.1; +http://www.google.com/bot.html)"
20.171.207.55 - - [15/Jul/2025:14:59:50 +0000] "GET /detail/1702054163.htm HTTP/1.1" 404 1870 "-" "Mozilla/5.0 AppleWebKit/537.36 (KHTML, like Gecko; compatible; GPTBot/1.2; +https://openai.com/gptbot)"
20.171.207.55 - - [15/Jul/2025:14:59:53 +0000] "GET /detail/1702343836.htm HTTP/1.1" 404 1870 "-" "Mozilla/5.0 AppleWebKit/537.36 (KHTML, like Gecko; compatible; GPTBot/1.2; +https://openai.com/gptbot)"
66.249.65.36 - - [15/Jul/2025:14:59:55 +0000] "GET /?x=55347377061800&mod=24389bfe&uri=brands.php%3Fid%3D1846984-777%26name%3Dtejanos+armani HTTP/1.1" 200 18422 "-" "Mozilla/5.0 (Linux; Android 6.0.1; Nexus 5X Build/MMB29P) AppleWebKit/537.36 (KHTML, like Gecko) Chrome/137.0.7151.103 Mobile Safari/537.36 (compatible; Googlebot/2.1; +http://www.google.com/bot.html)"
20.171.207.55 - - [15/Jul/2025:14:59:55 +0000] "GET /detail/1702156923.htm HTTP/1.1" 404 1868 "-" "Mozilla/5.0 AppleWebKit/537.36 (KHTML, like Gecko; compatible; GPTBot/1.2; +https://openai.com/gptbot)"
20.171.207.55 - - [15/Jul/2025:14:59:58 +0000] "GET /detail/1701842390.htm HTTP/1.1" 404 1870 "-" "Mozilla/5.0 AppleWebKit/537.36 (KHTML, like Gecko; compatible; GPTBot/1.2; +https://openai.com/gptbot)"
66.249.65.35 - - [15/Jul/2025:14:59:59 +0000] "POST /get-message-notify HTTP/1.1" 200 18196 "https://kraft-court.cafe/?x=55347377061800&mod=24389bfe&uri=brands.php%3Fid%3D1846984-777%26name%3Dtejanos+armani" "Mozilla/5.0 (Linux; Android 6.0.1; Nexus 5X Build/MMB29P) AppleWebKit/537.36 (KHTML, like Gecko) Chrome/137.0.7151.119 Mobile Safari/537.36 (compatible; Googlebot/2.1; +http://www.google.com/bot.html)"
20.171.207.55 - - [15/Jul/2025:15:00:01 +0000] "GET /detail/1702164789.htm HTTP/1.1" 404 1870 "-" "Mozilla/5.0 AppleWebKit/537.36 (KHTML, like Gecko; compatible; GPTBot/1.2; +https://openai.com/gptbot)"
66.249.65.36 - - [15/Jul/2025:15:00:02 +0000] "GET /?x=55345217011800&mod=24389bfe&uri=goods.php%3Fid%3D1846912-777%26name%3Dconjunto+de+americana+y+pantalon+hombre HTTP/1.1" 200 18459 "-" "Mozilla/5.0 (Linux; Android 6.0.1; Nexus 5X Build/MMB29P) AppleWebKit/537.36 (KHTML, like Gecko) Chrome/137.0.7151.103 Mobile Safari/537.36 (compatible; Googlebot/2.1; +http://www.google.com/bot.html)"
66.249.65.35 - - [15/Jul/2025:15:00:04 +0000] "GET /?x=55345697021800&mod=24389bfe&uri=goods.php%3Fid%3D1846928-777%26name%3Dcamisetas+bebe+batista HTTP/1.1" 200 18434 "-" "Mozilla/5.0 (Linux; Android 6.0.1; Nexus 5X Build/MMB29P) AppleWebKit/537.36 (KHTML, like Gecko) Chrome/137.0.7151.103 Mobile Safari/537.36 (compatible; Googlebot/2.1; +http://www.google.com/bot.html)"
20.171.207.55 - - [15/Jul/2025:15:00:04 +0000] "GET /detail/1702314864.htm HTTP/1.1" 404 1870 "-" "Mozilla/5.0 AppleWebKit/537.36 (KHTML, like Gecko; compatible; GPTBot/1.2; +https://openai.com/gptbot)"
20.171.207.55 - - [15/Jul/2025:15:00:07 +0000] "GET /detail/1702364356.htm HTTP/1.1" 404 1870 "-" "Mozilla/5.0 AppleWebKit/537.36 (KHTML, like Gecko; compatible; GPTBot/1.2; +https://openai.com/gptbot)"
66.249.65.36 - - [15/Jul/2025:15:00:08 +0000] "GET /?x=55347977081800&mod=741a0099&uri=article.php%3Fid%3D1847004-653%26name%3Dnike+db6470 HTTP/1.1" 200 18425 "-" "Mozilla/5.0 (Linux; Android 6.0.1; Nexus 5X Build/MMB29P) AppleWebKit/537.36 (KHTML, like Gecko) Chrome/137.0.7151.103 Mobile Safari/537.36 (compatible; Googlebot/2.1; +http://www.google.com/bot.html)"
20.171.207.55 - - [15/Jul/2025:15:00:10 +0000] "GET /detail/1702349895.htm HTTP/1.1" 404 1871 "-" "Mozilla/5.0 AppleWebKit/537.36 (KHTML, like Gecko; compatible; GPTBot/1.2; +https://openai.com/gptbot)"
66.249.65.36 - - [15/Jul/2025:15:00:11 +0000] "POST /get-message-notify HTTP/1.1" 200 18196 "https://kraft-court.cafe/?x=55347977081800&mod=741a0099&uri=article.php%3Fid%3D1847004-653%26name%3Dnike+db6470" "Mozilla/5.0 (Linux; Android 6.0.1; Nexus 5X Build/MMB29P) AppleWebKit/537.36 (KHTML, like Gecko) Chrome/137.0.7151.119 Mobile Safari/537.36 (compatible; Googlebot/2.1; +http://www.google.com/bot.html)"
66.249.65.35 - - [15/Jul/2025:15:00:12 +0000] "GET /?x=55349297061800&mod=24389bfe&uri=search.php%3Fid%3D1847048-777%26name%3Dbuzo+de+armani HTTP/1.1" 200 18416 "-" "Mozilla/5.0 (Linux; Android 6.0.1; Nexus 5X Build/MMB29P) AppleWebKit/537.36 (KHTML, like Gecko) Chrome/137.0.7151.103 Mobile Safari/537.36 (compatible; Googlebot/2.1; +http://www.google.com/bot.html)"
20.171.207.55 - - [15/Jul/2025:15:00:13 +0000] "GET /detail/1702409365.htm HTTP/1.1" 404 1868 "-" "Mozilla/5.0 AppleWebKit/537.36 (KHTML, like Gecko; compatible; GPTBot/1.2; +https://openai.com/gptbot)"
66.249.65.35 - - [15/Jul/2025:15:00:13 +0000] "GET /?x=55344977081800&mod=741a0099&uri=products.php%3Fid%3D1846904-653%26name%3Dpantuflas+polo+hombre HTTP/1.1" 200 18441 "-" "Mozilla/5.0 (Linux; Android 6.0.1; Nexus 5X Build/MMB29P) AppleWebKit/537.36 (KHTML, like Gecko) Chrome/137.0.7151.103 Mobile Safari/537.36 (compatible; Googlebot/2.1; +http://www.google.com/bot.html)"
66.249.65.35 - - [15/Jul/2025:15:00:14 +0000] "POST /get-message-notify HTTP/1.1" 200 18196 "https://kraft-court.cafe/?x=55349297061800&mod=24389bfe&uri=search.php%3Fid%3D1847048-777%26name%3Dbuzo+de+armani" "Mozilla/5.0 (Linux; Android 6.0.1; Nexus 5X Build/MMB29P) AppleWebKit/537.36 (KHTML, like Gecko) Chrome/137.0.7151.119 Mobile Safari/537.36 (compatible; Googlebot/2.1; +http://www.google.com/bot.html)"
66.249.65.35 - - [15/Jul/2025:15:00:15 +0000] "GET /?x=55350377021800&mod=24389bfe&uri=pin.php%3Fid%3D1847084-777%26name%3Dsu%C3%83%C2%A9ter+de+harry+potter+y+ron HTTP/1.1" 200 18463 "-" "Mozilla/5.0 (Linux; Android 6.0.1; Nexus 5X Build/MMB29P) AppleWebKit/537.36 (KHTML, like Gecko) Chrome/137.0.7151.103 Mobile Safari/537.36 (compatible; Googlebot/2.1; +http://www.google.com/bot.html)"
20.171.207.55 - - [15/Jul/2025:15:00:16 +0000] "GET /detail/1702148036.htm HTTP/1.1" 404 1870 "-" "Mozilla/5.0 AppleWebKit/537.36 (KHTML, like Gecko; compatible; GPTBot/1.2; +https://openai.com/gptbot)"
66.249.65.35 - - [15/Jul/2025:15:00:16 +0000] "GET /?x=77083068021800&mod=ffbd6cbb&uri=form.php%3Fid%3D2572328-310%26name%3Dgf9500gt+1024m+ddr2+128b+driver HTTP/1.1" 200 18451 "-" "Mozilla/5.0 (Linux; Android 6.0.1; Nexus 5X Build/MMB29P) AppleWebKit/537.36 (KHTML, like Gecko) Chrome/137.0.7151.103 Mobile Safari/537.36 (compatible; Googlebot/2.1; +http://www.google.com/bot.html)"
20.171.207.55 - - [15/Jul/2025:15:00:19 +0000] "GET /detail/1701952342.htm HTTP/1.1" 404 1870 "-" "Mozilla/5.0 AppleWebKit/537.36 (KHTML, like Gecko; compatible; GPTBot/1.2; +https://openai.com/gptbot)"
66.249.65.35 - - [15/Jul/2025:15:00:19 +0000] "POST /get-message-notify HTTP/1.1" 200 18196 "https://kraft-court.cafe/?x=55350497061800&mod=24389bfe&uri=blog.php%3Fid%3D1847088-777%26name%3Dbuzo+largo+negro" "Mozilla/5.0 (Linux; Android 6.0.1; Nexus 5X Build/MMB29P) AppleWebKit/537.36 (KHTML, like Gecko) Chrome/137.0.7151.119 Mobile Safari/537.36 (compatible; Googlebot/2.1; +http://www.google.com/bot.html)"
66.249.65.35 - - [15/Jul/2025:15:00:21 +0000] "POST /get-message-notify HTTP/1.1" 200 18196 "https://kraft-court.cafe/?x=55281494001800&mod=ffbd6cbb&uri=product.php%3Fid%3D1844786-310%26name%3Damd+ryzen+ddr3+motherboard" "Mozilla/5.0 (Linux; Android 6.0.1; Nexus 5X Build/MMB29P) AppleWebKit/537.36 (KHTML, like Gecko) Chrome/137.0.7151.119 Mobile Safari/537.36 (compatible; Googlebot/2.1; +http://www.google.com/bot.html)"
20.171.207.55 - - [15/Jul/2025:15:00:21 +0000] "GET /detail/1701924598.htm HTTP/1.1" 404 1871 "-" "Mozilla/5.0 AppleWebKit/537.36 (KHTML, like Gecko; compatible; GPTBot/1.2; +https://openai.com/gptbot)"
66.249.65.35 - - [15/Jul/2025:15:00:24 +0000] "POST /get-message-notify HTTP/1.1" 200 18196 "https://kraft-court.cafe/?x=77083068021800&mod=ffbd6cbb&uri=form.php%3Fid%3D2572328-310%26name%3Dgf9500gt+1024m+ddr2+128b+driver" "Mozilla/5.0 (Linux; Android 6.0.1; Nexus 5X Build/MMB29P) AppleWebKit/537.36 (KHTML, like Gecko) Chrome/137.0.7151.119 Mobile Safari/537.36 (compatible; Googlebot/2.1; +http://www.google.com/bot.html)"
20.171.207.55 - - [15/Jul/2025:15:00:24 +0000] "GET /detail/1701659438.htm HTTP/1.1" 404 1870 "-" "Mozilla/5.0 AppleWebKit/537.36 (KHTML, like Gecko; compatible; GPTBot/1.2; +https://openai.com/gptbot)"
20.171.207.55 - - [15/Jul/2025:15:00:27 +0000] "GET /detail/1702343836.htm HTTP/1.1" 404 1870 "-" "Mozilla/5.0 AppleWebKit/537.36 (KHTML, like Gecko; compatible; GPTBot/1.2; +https://openai.com/gptbot)"
20.171.207.55 - - [15/Jul/2025:15:00:30 +0000] "GET /detail/1702394896.htm HTTP/1.1" 404 1871 "-" "Mozilla/5.0 AppleWebKit/537.36 (KHTML, like Gecko; compatible; GPTBot/1.2; +https://openai.com/gptbot)"
66.249.65.35 - - [15/Jul/2025:15:00:31 +0000] "GET /?x=55346537021800&mod=24389bfe&uri=blog.php%3Fid%3D1846956-777%26name%3Dfox+pantalones+cortos HTTP/1.1" 200 18431 "-" "Mozilla/5.0 (Linux; Android 6.0.1; Nexus 5X Build/MMB29P) AppleWebKit/537.36 (KHTML, like Gecko) Chrome/137.0.7151.103 Mobile Safari/537.36 (compatible; Googlebot/2.1; +http://www.google.com/bot.html)"
66.249.65.35 - - [15/Jul/2025:15:00:32 +0000] "GET /?x=55350857041800&mod=30a237d1&uri=us.php%3Fid%3D1847100-365%26name%3Dnew+balance+880+men+beige HTTP/1.1" 200 18433 "-" "Mozilla/5.0 (Linux; Android 6.0.1; Nexus 5X Build/MMB29P) AppleWebKit/537.36 (KHTML, like Gecko) Chrome/137.0.7151.103 Mobile Safari/537.36 (compatible; Googlebot/2.1; +http://www.google.com/bot.html)"
66.249.65.35 - - [15/Jul/2025:15:00:32 +0000] "POST /get-message-notify HTTP/1.1" 200 18196 "https://kraft-court.cafe/?x=55345697021800&mod=24389bfe&uri=goods.php%3Fid%3D1846928-777%26name%3Dcamisetas+bebe+batista" "Mozilla/5.0 (Linux; Android 6.0.1; Nexus 5X Build/MMB29P) AppleWebKit/537.36 (KHTML, like Gecko) Chrome/137.0.7151.119 Mobile Safari/537.36 (compatible; Googlebot/2.1; +http://www.google.com/bot.html)"
209.74.77.214 - - [15/Jul/2025:15:00:33 +0000] "POST /wp-cron.php?doing_wp_cron=1752591633.2782609462738037109375 HTTP/1.1" 200 - "-" "WordPress/6.8.1; https://kraft-court.cafe"
20.171.207.55 - - [15/Jul/2025:15:00:33 +0000] "GET /detail/1701842390.htm HTTP/1.1" 404 1870 "-" "Mozilla/5.0 AppleWebKit/537.36 (KHTML, like Gecko; compatible; GPTBot/1.2; +https://openai.com/gptbot)"
66.249.65.35 - - [15/Jul/2025:15:00:34 +0000] "GET /?x=47291969061800&mod=ffbd6cbb&uri=brands.php%3Fid%3D1578248-310%26name%3Dintel+hd+6000+macbook+air HTTP/1.1" 200 18443 "-" "Mozilla/5.0 (Linux; Android 6.0.1; Nexus 5X Build/MMB29P) AppleWebKit/537.36 (KHTML, like Gecko) Chrome/137.0.7151.103 Mobile Safari/537.36 (compatible; Googlebot/2.1; +http://www.google.com/bot.html)"
20.171.207.55 - - [15/Jul/2025:15:00:35 +0000] "GET /detail/1702328490.htm HTTP/1.1" 404 1870 "-" "Mozilla/5.0 AppleWebKit/537.36 (KHTML, like Gecko; compatible; GPTBot/1.2; +https://openai.com/gptbot)"
20.171.207.55 - - [15/Jul/2025:15:00:38 +0000] "GET /detail/1702164789.htm HTTP/1.1" 404 1870 "-" "Mozilla/5.0 AppleWebKit/537.36 (KHTML, like Gecko; compatible; GPTBot/1.2; +https://openai.com/gptbot)"
66.249.65.35 - - [15/Jul/2025:15:00:40 +0000] "GET /?x=55348937001800&mod=24389bfe&uri=us.php%3Fid%3D1847036-777%26name%3Dchamarra+f1+ferrari HTTP/1.1" 200 18418 "-" "Mozilla/5.0 (Linux; Android 6.0.1; Nexus 5X Build/MMB29P) AppleWebKit/537.36 (KHTML, like Gecko) Chrome/137.0.7151.103 Mobile Safari/537.36 (compatible; Googlebot/2.1; +http://www.google.com/bot.html)"
20.171.207.55 - - [15/Jul/2025:15:00:41 +0000] "GET /detail/1702392484.htm HTTP/1.1" 404 1870 "-" "Mozilla/5.0 AppleWebKit/537.36 (KHTML, like Gecko; compatible; GPTBot/1.2; +https://openai.com/gptbot)"
66.249.65.35 - - [15/Jul/2025:15:00:43 +0000] "POST /get-message-notify HTTP/1.1" 200 18196 "https://kraft-court.cafe/?x=47291969061800&mod=ffbd6cbb&uri=brands.php%3Fid%3D1578248-310%26name%3Dintel+hd+6000+macbook+air" "Mozilla/5.0 (Linux; Android 6.0.1; Nexus 5X Build/MMB29P) AppleWebKit/537.36 (KHTML, like Gecko) Chrome/137.0.7151.119 Mobile Safari/537.36 (compatible; Googlebot/2.1; +http://www.google.com/bot.html)"
66.249.65.35 - - [15/Jul/2025:15:00:43 +0000] "POST /get-message-notify HTTP/1.1" 200 18196 "https://kraft-court.cafe/?x=55348937001800&mod=24389bfe&uri=us.php%3Fid%3D1847036-777%26name%3Dchamarra+f1+ferrari" "Mozilla/5.0 (Linux; Android 6.0.1; Nexus 5X Build/MMB29P) AppleWebKit/537.36 (KHTML, like Gecko) Chrome/137.0.7151.119 Mobile Safari/537.36 (compatible; Googlebot/2.1; +http://www.google.com/bot.html)"
209.74.77.214 - - [15/Jul/2025:15:00:44 +0000] "POST /wp-cron.php?doing_wp_cron=1752591644.5203790664672851562500 HTTP/1.1" 200 - "-" "WordPress/6.8.1; https://kraft-court.cafe"
20.171.207.55 - - [15/Jul/2025:15:00:44 +0000] "GET /detail/1702035096.htm HTTP/1.1" 404 1868 "-" "Mozilla/5.0 AppleWebKit/537.36 (KHTML, like Gecko; compatible; GPTBot/1.2; +https://openai.com/gptbot)"
66.249.65.36 - - [15/Jul/2025:15:00:46 +0000] "GET /?x=55347257041800&mod=741a0099&uri=pin.php%3Fid%3D1846980-653%26name%3Dsivasdescalzo+adidas+ultra+boost HTTP/1.1" 200 18451 "-" "Mozilla/5.0 (Linux; Android 6.0.1; Nexus 5X Build/MMB29P) AppleWebKit/537.36 (KHTML, like Gecko) Chrome/137.0.7151.103 Mobile Safari/537.36 (compatible; Googlebot/2.1; +http://www.google.com/bot.html)"
20.171.207.55 - - [15/Jul/2025:15:00:47 +0000] "GET /detail/1702057834.htm HTTP/1.1" 404 1870 "-" "Mozilla/5.0 AppleWebKit/537.36 (KHTML, like Gecko; compatible; GPTBot/1.2; +https://openai.com/gptbot)"
66.249.65.36 - - [15/Jul/2025:15:00:47 +0000] "GET /?x=55345097021800&mod=741a0099&uri=article.php%3Fid%3D1846908-653%26name%3Dpantuflas+de+vaquitas HTTP/1.1" 200 18443 "-" "Mozilla/5.0 (Linux; Android 6.0.1; Nexus 5X Build/MMB29P) AppleWebKit/537.36 (KHTML, like Gecko) Chrome/137.0.7151.103 Mobile Safari/537.36 (compatible; Googlebot/2.1; +http://www.google.com/bot.html)"
66.249.65.35 - - [15/Jul/2025:15:00:49 +0000] "GET /?x=55349777081800&mod=24389bfe&uri=shared.php%3Fid%3D1847064-777%26name%3Dbuzo+negro+vans HTTP/1.1" 200 18422 "-" "Mozilla/5.0 (Linux; Android 6.0.1; Nexus 5X Build/MMB29P) AppleWebKit/537.36 (KHTML, like Gecko) Chrome/137.0.7151.103 Mobile Safari/537.36 (compatible; Googlebot/2.1; +http://www.google.com/bot.html)"
20.171.207.55 - - [15/Jul/2025:15:00:50 +0000] "GET /detail/1702315418.htm HTTP/1.1" 404 1870 "-" "Mozilla/5.0 AppleWebKit/537.36 (KHTML, like Gecko; compatible; GPTBot/1.2; +https://openai.com/gptbot)"
66.249.65.36 - - [15/Jul/2025:15:00:50 +0000] "GET /?x=77094093111800&mod=ffbd6cbb&uri=article.php%3Fid%3D2572697-310%26name%3Dgeforce+gtx+1070+drivers HTTP/1.1" 200 18448 "-" "Mozilla/5.0 (Linux; Android 6.0.1; Nexus 5X Build/MMB29P) AppleWebKit/537.36 (KHTML, like Gecko) Chrome/137.0.7151.103 Mobile Safari/537.36 (compatible; Googlebot/2.1; +http://www.google.com/bot.html)"
20.171.207.55 - - [15/Jul/2025:15:00:52 +0000] "GET /detail/1701694525.htm HTTP/1.1" 404 1870 "-" "Mozilla/5.0 AppleWebKit/537.36 (KHTML, like Gecko; compatible; GPTBot/1.2; +https://openai.com/gptbot)"
20.171.207.55 - - [15/Jul/2025:15:00:55 +0000] "GET /detail/1702194668.htm HTTP/1.1" 404 1870 "-" "Mozilla/5.0 AppleWebKit/537.36 (KHTML, like Gecko; compatible; GPTBot/1.2; +https://openai.com/gptbot)"
20.171.207.55 - - [15/Jul/2025:15:00:58 +0000] "GET /detail/1702384652.htm HTTP/1.1" 404 1870 "-" "Mozilla/5.0 AppleWebKit/537.36 (KHTML, like Gecko; compatible; GPTBot/1.2; +https://openai.com/gptbot)"
20.171.207.55 - - [15/Jul/2025:15:01:01 +0000] "GET /detail/1702339683.htm HTTP/1.1" 404 1871 "-" "Mozilla/5.0 AppleWebKit/537.36 (KHTML, like Gecko; compatible; GPTBot/1.2; +https://openai.com/gptbot)"
20.171.207.55 - - [15/Jul/2025:15:01:04 +0000] "GET /detail/1702359809.htm HTTP/1.1" 404 1871 "-" "Mozilla/5.0 AppleWebKit/537.36 (KHTML, like Gecko; compatible; GPTBot/1.2; +https://openai.com/gptbot)"
66.249.65.35 - - [15/Jul/2025:15:01:05 +0000] "GET /?x=54204928031800&mod=ffbd6cbb&uri=search.php%3Fid%3D1808869-310%26name%3Dis+the+gtx+1650+better+than+the+1060 HTTP/1.1" 200 18446 "-" "Mozilla/5.0 (Linux; Android 6.0.1; Nexus 5X Build/MMB29P) AppleWebKit/537.36 (KHTML, like Gecko) Chrome/137.0.7151.103 Mobile Safari/537.36 (compatible; Googlebot/2.1; +http://www.google.com/bot.html)"
66.249.65.36 - - [15/Jul/2025:15:01:05 +0000] "GET /?x=74120843041800&mod=28d43766&uri=news.php%3Fid%3D2473468-376%26name%3Dlost+season+episode+watch+online HTTP/1.1" 200 18442 "-" "Mozilla/5.0 (Linux; Android 6.0.1; Nexus 5X Build/MMB29P) AppleWebKit/537.36 (KHTML, like Gecko) Chrome/137.0.7151.103 Mobile Safari/537.36 (compatible; Googlebot/2.1; +http://www.google.com/bot.html)"
66.249.65.36 - - [15/Jul/2025:15:01:06 +0000] "POST /get-message-notify HTTP/1.1" 200 18196 "https://kraft-court.cafe/?x=55349777081800&mod=24389bfe&uri=shared.php%3Fid%3D1847064-777%26name%3Dbuzo+negro+vans" "Mozilla/5.0 (Linux; Android 6.0.1; Nexus 5X Build/MMB29P) AppleWebKit/537.36 (KHTML, like Gecko) Chrome/137.0.7151.119 Mobile Safari/537.36 (compatible; Googlebot/2.1; +http://www.google.com/bot.html)"
20.171.207.55 - - [15/Jul/2025:15:01:07 +0000] "GET /detail/1702328490.htm HTTP/1.1" 404 1870 "-" "Mozilla/5.0 AppleWebKit/537.36 (KHTML, like Gecko; compatible; GPTBot/1.2; +https://openai.com/gptbot)"
66.249.65.36 - - [15/Jul/2025:15:01:09 +0000] "GET /?x=25232171041800&mod=d20be76a&uri=dp.php%3Fid%3D842153-235%26name%3Dmerino+kapuzenjacke+damen HTTP/1.1" 200 18432 "-" "Mozilla/5.0 (Linux; Android 6.0.1; Nexus 5X Build/MMB29P) AppleWebKit/537.36 (KHTML, like Gecko) Chrome/137.0.7151.103 Mobile Safari/537.36 (compatible; Googlebot/2.1; +http://www.google.com/bot.html)"
20.171.207.55 - - [15/Jul/2025:15:01:10 +0000] "GET /detail/1702348360.htm HTTP/1.1" 404 1870 "-" "Mozilla/5.0 AppleWebKit/537.36 (KHTML, like Gecko; compatible; GPTBot/1.2; +https://openai.com/gptbot)"
66.249.65.35 - - [15/Jul/2025:15:01:10 +0000] "GET /?x=25234151031800&mod=d20be76a&uri=brands.php%3Fid%3D842219-235%26name%3Djacke+gesteppt HTTP/1.1" 200 18422 "-" "Mozilla/5.0 (Linux; Android 6.0.1; Nexus 5X Build/MMB29P) AppleWebKit/537.36 (KHTML, like Gecko) Chrome/137.0.7151.103 Mobile Safari/537.36 (compatible; Googlebot/2.1; +http://www.google.com/bot.html)"
20.171.207.55 - - [15/Jul/2025:15:01:12 +0000] "GET /detail/1702145698.htm HTTP/1.1" 404 1870 "-" "Mozilla/5.0 AppleWebKit/537.36 (KHTML, like Gecko; compatible; GPTBot/1.2; +https://openai.com/gptbot)"
66.249.65.35 - - [15/Jul/2025:15:01:13 +0000] "GET /?x=25237931011800&mod=d20be76a&uri=article.php%3Fid%3D842345-235%26name%3Dlederjacke+farbauffrischung HTTP/1.1" 200 18449 "-" "Mozilla/5.0 (Linux; Android 6.0.1; Nexus 5X Build/MMB29P) AppleWebKit/537.36 (KHTML, like Gecko) Chrome/137.0.7151.103 Mobile Safari/537.36 (compatible; Googlebot/2.1; +http://www.google.com/bot.html)"
20.171.207.55 - - [15/Jul/2025:15:01:15 +0000] "GET /detail/1702031489.htm HTTP/1.1" 404 1870 "-" "Mozilla/5.0 AppleWebKit/537.36 (KHTML, like Gecko; compatible; GPTBot/1.2; +https://openai.com/gptbot)"
20.171.207.55 - - [15/Jul/2025:15:01:18 +0000] "GET /detail/1701690234.htm HTTP/1.1" 404 1870 "-" "Mozilla/5.0 AppleWebKit/537.36 (KHTML, like Gecko; compatible; GPTBot/1.2; +https://openai.com/gptbot)"
20.171.207.55 - - [15/Jul/2025:15:01:21 +0000] "GET /detail/1702413889.htm HTTP/1.1" 404 1868 "-" "Mozilla/5.0 AppleWebKit/537.36 (KHTML, like Gecko; compatible; GPTBot/1.2; +https://openai.com/gptbot)"
20.171.207.55 - - [15/Jul/2025:15:01:24 +0000] "GET /detail/1702389752.htm HTTP/1.1" 404 1869 "-" "Mozilla/5.0 AppleWebKit/537.36 (KHTML, like Gecko; compatible; GPTBot/1.2; +https://openai.com/gptbot)"
66.249.65.35 - - [15/Jul/2025:15:01:24 +0000] "GET /?x=25235411021800&mod=d20be76a&uri=products.php%3Fid%3D842261-235%26name%3Dderbe+regenmantel+40 HTTP/1.1" 200 18436 "-" "Mozilla/5.0 (Linux; Android 6.0.1; Nexus 5X Build/MMB29P) AppleWebKit/537.36 (KHTML, like Gecko) Chrome/137.0.7151.103 Mobile Safari/537.36 (compatible; Googlebot/2.1; +http://www.google.com/bot.html)"
66.249.65.35 - - [15/Jul/2025:15:01:25 +0000] "GET /?x=25232891031800&mod=d20be76a&uri=info.php%3Fid%3D842177-235%26name%3Dh+und+m+softshelljacke+damen HTTP/1.1" 200 18441 "-" "Mozilla/5.0 (Linux; Android 6.0.1; Nexus 5X Build/MMB29P) AppleWebKit/537.36 (KHTML, like Gecko) Chrome/137.0.7151.103 Mobile Safari/537.36 (compatible; Googlebot/2.1; +http://www.google.com/bot.html)"
20.171.207.55 - - [15/Jul/2025:15:01:27 +0000] "GET /detail/1701821934.htm HTTP/1.1" 404 1870 "-" "Mozilla/5.0 AppleWebKit/537.36 (KHTML, like Gecko; compatible; GPTBot/1.2; +https://openai.com/gptbot)"
66.249.65.35 - - [15/Jul/2025:15:01:28 +0000] "GET /?x=25237391031800&mod=d20be76a&uri=product.php%3Fid%3D842327-235%26name%3Dlederjacke+weich+machen+hausmittel HTTP/1.1" 200 18459 "-" "Mozilla/5.0 (Linux; Android 6.0.1; Nexus 5X Build/MMB29P) AppleWebKit/537.36 (KHTML, like Gecko) Chrome/137.0.7151.103 Mobile Safari/537.36 (compatible; Googlebot/2.1; +http://www.google.com/bot.html)"
20.171.207.55 - - [15/Jul/2025:15:01:30 +0000] "GET /detail/1701866943.htm HTTP/1.1" 404 1870 "-" "Mozilla/5.0 AppleWebKit/537.36 (KHTML, like Gecko; compatible; GPTBot/1.2; +https://openai.com/gptbot)"
66.249.65.35 - - [15/Jul/2025:15:01:31 +0000] "GET /?x=25233251001800&mod=d20be76a&uri=form.php%3Fid%3D842189-235%26name%3Dderbe+regen+jacke HTTP/1.1" 200 18420 "-" "Mozilla/5.0 (Linux; Android 6.0.1; Nexus 5X Build/MMB29P) AppleWebKit/537.36 (KHTML, like Gecko) Chrome/137.0.7151.103 Mobile Safari/537.36 (compatible; Googlebot/2.1; +http://www.google.com/bot.html)"
209.74.77.214 - - [15/Jul/2025:15:01:33 +0000] "POST /wp-cron.php?doing_wp_cron=1752591693.1391789913177490234375 HTTP/1.1" 200 - "-" "WordPress/6.8.1; https://kraft-court.cafe"
20.171.207.55 - - [15/Jul/2025:15:01:32 +0000] "GET /detail/1702358956.htm HTTP/1.1" 404 1869 "-" "Mozilla/5.0 AppleWebKit/537.36 (KHTML, like Gecko; compatible; GPTBot/1.2; +https://openai.com/gptbot)"
20.171.207.55 - - [15/Jul/2025:15:01:35 +0000] "GET /detail/1702157469.htm HTTP/1.1" 404 1870 "-" "Mozilla/5.0 AppleWebKit/537.36 (KHTML, like Gecko; compatible; GPTBot/1.2; +https://openai.com/gptbot)"
66.249.65.35 - - [15/Jul/2025:15:01:37 +0000] "GET /?x=25235051051800&mod=d20be76a&uri=news.php%3Fid%3D842249-235%26name%3Damazing+adventures+of+jack+london HTTP/1.1" 200 18439 "-" "Mozilla/5.0 (Linux; Android 6.0.1; Nexus 5X Build/MMB29P) AppleWebKit/537.36 (KHTML, like Gecko) Chrome/137.0.7151.103 Mobile Safari/537.36 (compatible; Googlebot/2.1; +http://www.google.com/bot.html)"
20.171.207.55 - - [15/Jul/2025:15:01:38 +0000] "GET /detail/1701896214.htm HTTP/1.1" 404 1870 "-" "Mozilla/5.0 AppleWebKit/537.36 (KHTML, like Gecko; compatible; GPTBot/1.2; +https://openai.com/gptbot)"
66.249.65.35 - - [15/Jul/2025:15:01:38 +0000] "GET /?x=25236491031800&mod=d20be76a&uri=shop.php%3Fid%3D842297-235%26name%3Dderbe+softshellmantel HTTP/1.1" 200 18428 "-" "Mozilla/5.0 (Linux; Android 6.0.1; Nexus 5X Build/MMB29P) AppleWebKit/537.36 (KHTML, like Gecko) Chrome/137.0.7151.103 Mobile Safari/537.36 (compatible; Googlebot/2.1; +http://www.google.com/bot.html)"
66.249.65.35 - - [15/Jul/2025:15:01:40 +0000] "POST /get-message-notify HTTP/1.1" 200 18196 "https://kraft-court.cafe/?x=25235051051800&mod=d20be76a&uri=news.php%3Fid%3D842249-235%26name%3Damazing+adventures+of+jack+london" "Mozilla/5.0 (Linux; Android 6.0.1; Nexus 5X Build/MMB29P) AppleWebKit/537.36 (KHTML, like Gecko) Chrome/137.0.7151.119 Mobile Safari/537.36 (compatible; Googlebot/2.1; +http://www.google.com/bot.html)"
66.249.65.35 - - [15/Jul/2025:15:01:40 +0000] "GET /?x=25234871031800&mod=d20be76a&uri=products.php%3Fid%3D842243-235%26name%3Dmarken+sommerjacken+herren HTTP/1.1" 200 18440 "-" "Mozilla/5.0 (Linux; Android 6.0.1; Nexus 5X Build/MMB29P) AppleWebKit/537.36 (KHTML, like Gecko) Chrome/137.0.7151.103 Mobile Safari/537.36 (compatible; Googlebot/2.1; +http://www.google.com/bot.html)"
20.171.207.55 - - [15/Jul/2025:15:01:41 +0000] "GET /detail/1702265339.htm HTTP/1.1" 404 1871 "-" "Mozilla/5.0 AppleWebKit/537.36 (KHTML, like Gecko; compatible; GPTBot/1.2; +https://openai.com/gptbot)"
66.249.65.35 - - [15/Jul/2025:15:01:41 +0000] "GET /?x=25232711031800&mod=d20be76a&uri=dp.php%3Fid%3D842171-235%26name%3Dpokemon+gengar+pullover HTTP/1.1" 200 18426 "-" "Mozilla/5.0 (Linux; Android 6.0.1; Nexus 5X Build/MMB29P) AppleWebKit/537.36 (KHTML, like Gecko) Chrome/137.0.7151.103 Mobile Safari/537.36 (compatible; Googlebot/2.1; +http://www.google.com/bot.html)"
209.74.77.214 - - [15/Jul/2025:15:01:44 +0000] "POST /wp-cron.php?doing_wp_cron=1752591704.4274930953979492187500 HTTP/1.1" 200 - "-" "WordPress/6.8.1; https://kraft-court.cafe"
20.171.207.55 - - [15/Jul/2025:15:01:44 +0000] "GET /detail/1702045436.htm HTTP/1.1" 404 1869 "-" "Mozilla/5.0 AppleWebKit/537.36 (KHTML, like Gecko; compatible; GPTBot/1.2; +https://openai.com/gptbot)"
66.249.65.35 - - [15/Jul/2025:15:01:45 +0000] "GET /?x=25235591031800&mod=d20be76a&uri=shared.php%3Fid%3D842267-235%26name%3Dpullover+audi HTTP/1.1" 200 18415 "-" "Mozilla/5.0 (Linux; Android 6.0.1; Nexus 5X Build/MMB29P) AppleWebKit/537.36 (KHTML, like Gecko) Chrome/137.0.7151.103 Mobile Safari/537.36 (compatible; Googlebot/2.1; +http://www.google.com/bot.html)"
20.171.207.55 - - [15/Jul/2025:15:01:47 +0000] "GET /detail/1701906384.htm HTTP/1.1" 404 1870 "-" "Mozilla/5.0 AppleWebKit/537.36 (KHTML, like Gecko; compatible; GPTBot/1.2; +https://openai.com/gptbot)"
66.249.65.35 - - [15/Jul/2025:15:01:47 +0000] "GET /?x=25231812071800&mod=d20be76a&uri=pin.php%3Fid%3D842141-235%26name%3Dqs+steppmantel HTTP/1.1" 200 18419 "-" "Mozilla/5.0 (Linux; Android 6.0.1; Nexus 5X Build/MMB29P) AppleWebKit/537.36 (KHTML, like Gecko) Chrome/137.0.7151.103 Mobile Safari/537.36 (compatible; Googlebot/2.1; +http://www.google.com/bot.html)"
66.249.65.35 - - [15/Jul/2025:15:01:48 +0000] "POST /get-message-notify HTTP/1.1" 200 18196 "https://kraft-court.cafe/?x=25235591031800&mod=d20be76a&uri=shared.php%3Fid%3D842267-235%26name%3Dpullover+audi" "Mozilla/5.0 (Linux; Android 6.0.1; Nexus 5X Build/MMB29P) AppleWebKit/537.36 (KHTML, like Gecko) Chrome/137.0.7151.119 Mobile Safari/537.36 (compatible; Googlebot/2.1; +http://www.google.com/bot.html)"
20.171.207.55 - - [15/Jul/2025:15:01:50 +0000] "GET /detail/1701826394.htm HTTP/1.1" 404 1870 "-" "Mozilla/5.0 AppleWebKit/537.36 (KHTML, like Gecko; compatible; GPTBot/1.2; +https://openai.com/gptbot)"
66.249.65.36 - - [15/Jul/2025:15:01:51 +0000] "GET /?x=25236311121800&mod=d20be76a&uri=search.php%3Fid%3D842291-235%26name%3Ddaunenjacke+xxl HTTP/1.1" 200 18418 "-" "Mozilla/5.0 (Linux; Android 6.0.1; Nexus 5X Build/MMB29P) AppleWebKit/537.36 (KHTML, like Gecko) Chrome/137.0.7151.103 Mobile Safari/537.36 (compatible; Googlebot/2.1; +http://www.google.com/bot.html)"
20.171.207.55 - - [15/Jul/2025:15:01:52 +0000] "GET /detail/1702185341.htm HTTP/1.1" 404 1870 "-" "Mozilla/5.0 AppleWebKit/537.36 (KHTML, like Gecko; compatible; GPTBot/1.2; +https://openai.com/gptbot)"
20.171.207.55 - - [15/Jul/2025:15:01:55 +0000] "GET /detail/1702280493.htm HTTP/1.1" 404 1870 "-" "Mozilla/5.0 AppleWebKit/537.36 (KHTML, like Gecko; compatible; GPTBot/1.2; +https://openai.com/gptbot)"
66.249.65.36 - - [15/Jul/2025:15:01:56 +0000] "GET /?x=25235771091800&mod=d20be76a&uri=info.php%3Fid%3D842273-235%26name%3Dlucky+duck+jake+decoy HTTP/1.1" 200 18428 "-" "Mozilla/5.0 (Linux; Android 6.0.1; Nexus 5X Build/MMB29P) AppleWebKit/537.36 (KHTML, like Gecko) Chrome/137.0.7151.103 Mobile Safari/537.36 (compatible; Googlebot/2.1; +http://www.google.com/bot.html)"
