66.249.65.36 - - [15/Jul/2025:14:54:45 +0000] "GET /?x=31848719041800&mod=42e77b63&uri=category-info.php%3Fid%3D1062996-62%26name%3Danimated+movies+free+online HTTP/1.1" 200 18468 "-" "Mozilla/5.0 (Linux; Android 6.0.1; Nexus 5X Build/MMB29P) AppleWebKit/537.36 (KHTML, like Gecko) Chrome/137.0.7151.103 Mobile Safari/537.36 (compatible; Googlebot/2.1; +http://www.google.com/bot.html)"
209.74.77.214 - - [15/Jul/2025:14:54:47 +0000] "POST /wp-cron.php?doing_wp_cron=1752591287.1363348960876464843750 HTTP/1.1" 200 - "-" "WordPress/6.8.1; https://kraft-court.cafe"
20.171.207.55 - - [15/Jul/2025:14:54:46 +0000] "GET /detail/1702195521.htm HTTP/1.1" 404 1868 "-" "Mozilla/5.0 AppleWebKit/537.36 (KHTML, like Gecko; compatible; GPTBot/1.2; +https://openai.com/gptbot)"
20.171.207.55 - - [15/Jul/2025:14:54:49 +0000] "GET /detail/1701728832.htm HTTP/1.1" 404 1868 "-" "Mozilla/5.0 AppleWebKit/537.36 (KHTML, like Gecko; compatible; GPTBot/1.2; +https://openai.com/gptbot)"
66.249.65.36 - - [15/Jul/2025:14:54:49 +0000] "POST /get-message-notify HTTP/1.1" 200 18196 "https://kraft-court.cafe/?x=5586522001800&mod=c4b43ae0&uri=form.php%3Fid%3D186499-330%26name%3Dheat+interface+unit+no+hot+water" "Mozilla/5.0 (Linux; Android 6.0.1; Nexus 5X Build/MMB29P) AppleWebKit/537.36 (KHTML, like Gecko) Chrome/137.0.7151.119 Mobile Safari/537.36 (compatible; Googlebot/2.1; +http://www.google.com/bot.html)"
66.249.65.35 - - [15/Jul/2025:14:54:50 +0000] "GET /?x=53239785031800&mod=a4982cba&uri=shared.php%3Fid%3D1776655-1006%26name%3Dnike+free+flyknit+rainbow+silver HTTP/1.1" 200 18452 "-" "Mozilla/5.0 (Linux; Android 6.0.1; Nexus 5X Build/MMB29P) AppleWebKit/537.36 (KHTML, like Gecko) Chrome/137.0.7151.103 Mobile Safari/537.36 (compatible; Googlebot/2.1; +http://www.google.com/bot.html)"
20.171.207.55 - - [15/Jul/2025:14:54:52 +0000] "GET /detail/1702178576.htm HTTP/1.1" 404 1868 "-" "Mozilla/5.0 AppleWebKit/537.36 (KHTML, like Gecko; compatible; GPTBot/1.2; +https://openai.com/gptbot)"
66.249.65.35 - - [15/Jul/2025:14:54:52 +0000] "GET /?x=31847279021800&mod=42e77b63&uri=brands.php%3Fid%3D1062948-62%26name%3Dkisscartoon+watch+online HTTP/1.1" 200 18436 "-" "Mozilla/5.0 (Linux; Android 6.0.1; Nexus 5X Build/MMB29P) AppleWebKit/537.36 (KHTML, like Gecko) Chrome/137.0.7151.103 Mobile Safari/537.36 (compatible; Googlebot/2.1; +http://www.google.com/bot.html)"
66.249.65.36 - - [15/Jul/2025:14:54:53 +0000] "GET /?x=31814325061800&mod=c0560792&uri=info.php%3Fid%3D1061848-165%26name%3Dmoncler+granero HTTP/1.1" 200 18413 "-" "Mozilla/5.0 (Linux; Android 6.0.1; Nexus 5X Build/MMB29P) AppleWebKit/537.36 (KHTML, like Gecko) Chrome/137.0.7151.103 Mobile Safari/537.36 (compatible; Googlebot/2.1; +http://www.google.com/bot.html)"
20.171.207.55 - - [15/Jul/2025:14:54:54 +0000] "GET /detail/1702302410.htm HTTP/1.1" 404 1867 "-" "Mozilla/5.0 AppleWebKit/537.36 (KHTML, like Gecko; compatible; GPTBot/1.2; +https://openai.com/gptbot)"
66.249.65.35 - - [15/Jul/2025:14:54:55 +0000] "GET /?x=31843681111800&mod=42e77b63&uri=goods.php%3Fid%3D1062828-62%26name%3Dnfl+draft+reddit+live+stream HTTP/1.1" 200 18438 "-" "Mozilla/5.0 (Linux; Android 6.0.1; Nexus 5X Build/MMB29P) AppleWebKit/537.36 (KHTML, like Gecko) Chrome/137.0.7151.103 Mobile Safari/537.36 (compatible; Googlebot/2.1; +http://www.google.com/bot.html)"
66.249.65.35 - - [15/Jul/2025:14:54:56 +0000] "GET /?x=31842961021800&mod=c0560792&uri=info.php%3Fid%3D1062804-165%26name%3Dwhite+pearl+jean+jacket HTTP/1.1" 200 18428 "-" "Mozilla/5.0 (Linux; Android 6.0.1; Nexus 5X Build/MMB29P) AppleWebKit/537.36 (KHTML, like Gecko) Chrome/137.0.7151.103 Mobile Safari/537.36 (compatible; Googlebot/2.1; +http://www.google.com/bot.html)"
66.249.65.35 - - [15/Jul/2025:14:54:57 +0000] "POST /get-message-notify HTTP/1.1" 200 18196 "https://kraft-court.cafe/?x=31814325061800&mod=c0560792&uri=info.php%3Fid%3D1061848-165%26name%3Dmoncler+granero" "Mozilla/5.0 (Linux; Android 6.0.1; Nexus 5X Build/MMB29P) AppleWebKit/537.36 (KHTML, like Gecko) Chrome/137.0.7151.119 Mobile Safari/537.36 (compatible; Googlebot/2.1; +http://www.google.com/bot.html)"
20.171.207.55 - - [15/Jul/2025:14:54:57 +0000] "GET /detail/1702097050.htm HTTP/1.1" 404 1868 "-" "Mozilla/5.0 AppleWebKit/537.36 (KHTML, like Gecko; compatible; GPTBot/1.2; +https://openai.com/gptbot)"
66.249.65.35 - - [15/Jul/2025:14:54:58 +0000] "GET /?x=31847039031800&mod=42e77b63&uri=shop.php%3Fid%3D1062940-62%26name%3Dsteven+universe+future+episode+17+free HTTP/1.1" 200 18452 "-" "Mozilla/5.0 (Linux; Android 6.0.1; Nexus 5X Build/MMB29P) AppleWebKit/537.36 (KHTML, like Gecko) Chrome/137.0.7151.103 Mobile Safari/537.36 (compatible; Googlebot/2.1; +http://www.google.com/bot.html)"
66.249.65.35 - - [15/Jul/2025:14:54:58 +0000] "POST /get-message-notify HTTP/1.1" 200 18196 "https://kraft-court.cafe/?x=31842961021800&mod=c0560792&uri=info.php%3Fid%3D1062804-165%26name%3Dwhite+pearl+jean+jacket" "Mozilla/5.0 (Linux; Android 6.0.1; Nexus 5X Build/MMB29P) AppleWebKit/537.36 (KHTML, like Gecko) Chrome/137.0.7151.119 Mobile Safari/537.36 (compatible; Googlebot/2.1; +http://www.google.com/bot.html)"
20.171.207.55 - - [15/Jul/2025:14:55:00 +0000] "GET /detail/1701987075.htm HTTP/1.1" 404 1868 "-" "Mozilla/5.0 AppleWebKit/537.36 (KHTML, like Gecko; compatible; GPTBot/1.2; +https://openai.com/gptbot)"
66.249.65.37 - - [15/Jul/2025:14:55:00 +0000] "GET /?x=31849199001800&mod=42e77b63&uri=pin.php%3Fid%3D1063012-62%26name%3Dwatch+westworld+season+free+online+streaming HTTP/1.1" 200 18461 "-" "Mozilla/5.0 (Linux; Android 6.0.1; Nexus 5X Build/MMB29P) AppleWebKit/537.36 (KHTML, like Gecko) Chrome/137.0.7151.103 Mobile Safari/537.36 (compatible; Googlebot/2.1; +http://www.google.com/bot.html)"
66.249.65.35 - - [15/Jul/2025:14:55:00 +0000] "POST /get-message-notify HTTP/1.1" 200 18196 "https://kraft-court.cafe/?x=31847039031800&mod=42e77b63&uri=shop.php%3Fid%3D1062940-62%26name%3Dsteven+universe+future+episode+17+free" "Mozilla/5.0 (Linux; Android 6.0.1; Nexus 5X Build/MMB29P) AppleWebKit/537.36 (KHTML, like Gecko) Chrome/137.0.7151.119 Mobile Safari/537.36 (compatible; Googlebot/2.1; +http://www.google.com/bot.html)"
66.249.65.35 - - [15/Jul/2025:14:55:03 +0000] "GET /?x=31709354001800&mod=a4982cba&uri=article.php%3Fid%3D1058348-1006%26name%3Dasics+gel+kayano+25+footlocker HTTP/1.1" 200 18454 "-" "Mozilla/5.0 (Linux; Android 6.0.1; Nexus 5X Build/MMB29P) AppleWebKit/537.36 (KHTML, like Gecko) Chrome/137.0.7151.103 Mobile Safari/537.36 (compatible; Googlebot/2.1; +http://www.google.com/bot.html)"
20.171.207.55 - - [15/Jul/2025:14:55:03 +0000] "GET /detail/1702202542.htm HTTP/1.1" 404 1869 "-" "Mozilla/5.0 AppleWebKit/537.36 (KHTML, like Gecko; compatible; GPTBot/1.2; +https://openai.com/gptbot)"
20.171.207.55 - - [15/Jul/2025:14:55:06 +0000] "GET /detail/1702067097.htm HTTP/1.1" 404 1868 "-" "Mozilla/5.0 AppleWebKit/537.36 (KHTML, like Gecko; compatible; GPTBot/1.2; +https://openai.com/gptbot)"
66.249.65.35 - - [15/Jul/2025:14:55:08 +0000] "GET /?x=31841060081800&mod=c0560792&uri=blog.php%3Fid%3D1062740-165%26name%3Dpink+and+white+jean+jacket HTTP/1.1" 200 18434 "-" "Mozilla/5.0 (Linux; Android 6.0.1; Nexus 5X Build/MMB29P) AppleWebKit/537.36 (KHTML, like Gecko) Chrome/137.0.7151.103 Mobile Safari/537.36 (compatible; Googlebot/2.1; +http://www.google.com/bot.html)"
20.171.207.55 - - [15/Jul/2025:14:55:09 +0000] "GET /detail/1701784181.htm HTTP/1.1" 404 1870 "-" "Mozilla/5.0 AppleWebKit/537.36 (KHTML, like Gecko; compatible; GPTBot/1.2; +https://openai.com/gptbot)"
66.249.65.36 - - [15/Jul/2025:14:55:09 +0000] "POST /get-message-notify HTTP/1.1" 200 18196 "https://kraft-court.cafe/?x=31709354001800&mod=a4982cba&uri=article.php%3Fid%3D1058348-1006%26name%3Dasics+gel+kayano+25+footlocker" "Mozilla/5.0 (Linux; Android 6.0.1; Nexus 5X Build/MMB29P) AppleWebKit/537.36 (KHTML, like Gecko) Chrome/137.0.7151.119 Mobile Safari/537.36 (compatible; Googlebot/2.1; +http://www.google.com/bot.html)"
66.249.65.36 - - [15/Jul/2025:14:55:11 +0000] "GET /?x=31852036061800&mod=42e77b63&uri=pin.php%3Fid%3D1063108-62%26name%3Djohn+wick+full+movie+reddit HTTP/1.1" 200 18444 "-" "Mozilla/5.0 (Linux; Android 6.0.1; Nexus 5X Build/MMB29P) AppleWebKit/537.36 (KHTML, like Gecko) Chrome/137.0.7151.103 Mobile Safari/537.36 (compatible; Googlebot/2.1; +http://www.google.com/bot.html)"
20.171.207.55 - - [15/Jul/2025:14:55:11 +0000] "GET /detail/1701784735.htm HTTP/1.1" 404 1870 "-" "Mozilla/5.0 AppleWebKit/537.36 (KHTML, like Gecko; compatible; GPTBot/1.2; +https://openai.com/gptbot)"
66.249.65.35 - - [15/Jul/2025:14:55:12 +0000] "POST /get-message-notify HTTP/1.1" 200 18196 "https://kraft-court.cafe/?x=31843681111800&mod=42e77b63&uri=goods.php%3Fid%3D1062828-62%26name%3Dnfl+draft+reddit+live+stream" "Mozilla/5.0 (Linux; Android 6.0.1; Nexus 5X Build/MMB29P) AppleWebKit/537.36 (KHTML, like Gecko) Chrome/137.0.7151.119 Mobile Safari/537.36 (compatible; Googlebot/2.1; +http://www.google.com/bot.html)"
20.171.207.55 - - [15/Jul/2025:14:55:15 +0000] "GET /detail/1701759980.htm HTTP/1.1" 404 1871 "-" "Mozilla/5.0 AppleWebKit/537.36 (KHTML, like Gecko; compatible; GPTBot/1.2; +https://openai.com/gptbot)"
20.171.207.55 - - [15/Jul/2025:14:55:17 +0000] "GET /detail/1702314021.htm HTTP/1.1" 404 1870 "-" "Mozilla/5.0 AppleWebKit/537.36 (KHTML, like Gecko; compatible; GPTBot/1.2; +https://openai.com/gptbot)"
20.171.207.55 - - [15/Jul/2025:14:55:20 +0000] "GET /detail/1702277729.htm HTTP/1.1" 404 1871 "-" "Mozilla/5.0 AppleWebKit/537.36 (KHTML, like Gecko; compatible; GPTBot/1.2; +https://openai.com/gptbot)"
20.171.207.55 - - [15/Jul/2025:14:55:23 +0000] "GET /detail/1701671177.htm HTTP/1.1" 404 1871 "-" "Mozilla/5.0 AppleWebKit/537.36 (KHTML, like Gecko; compatible; GPTBot/1.2; +https://openai.com/gptbot)"
20.171.207.55 - - [15/Jul/2025:14:55:26 +0000] "GET /detail/1701771727.htm HTTP/1.1" 404 1870 "-" "Mozilla/5.0 AppleWebKit/537.36 (KHTML, like Gecko; compatible; GPTBot/1.2; +https://openai.com/gptbot)"
66.249.65.35 - - [15/Jul/2025:14:55:27 +0000] "GET /?x=31779344051800&mod=0f6b1f65&uri=shared.php%3Fid%3D1060681-1003%26name%3Dkomyuter+se+review HTTP/1.1" 200 18426 "-" "Mozilla/5.0 (Linux; Android 6.0.1; Nexus 5X Build/MMB29P) AppleWebKit/537.36 (KHTML, like Gecko) Chrome/137.0.7151.103 Mobile Safari/537.36 (compatible; Googlebot/2.1; +http://www.google.com/bot.html)"
66.249.65.35 - - [15/Jul/2025:14:55:28 +0000] "GET /?x=31850159021800&mod=42e77b63&uri=pin.php%3Fid%3D1063044-62%26name%3Daustralian+open+2021+watch+online HTTP/1.1" 200 18443 "-" "Mozilla/5.0 (Linux; Android 6.0.1; Nexus 5X Build/MMB29P) AppleWebKit/537.36 (KHTML, like Gecko) Chrome/137.0.7151.103 Mobile Safari/537.36 (compatible; Googlebot/2.1; +http://www.google.com/bot.html)"
20.171.207.55 - - [15/Jul/2025:14:55:29 +0000] "GET /detail/1702223649.htm HTTP/1.1" 404 1870 "-" "Mozilla/5.0 AppleWebKit/537.36 (KHTML, like Gecko; compatible; GPTBot/1.2; +https://openai.com/gptbot)"
66.249.65.35 - - [15/Jul/2025:14:55:30 +0000] "GET /?x=31843441031800&mod=42e77b63&uri=info.php%3Fid%3D1062820-62%26name%3Dwatch+rugby+live+online HTTP/1.1" 200 18432 "-" "Mozilla/5.0 (Linux; Android 6.0.1; Nexus 5X Build/MMB29P) AppleWebKit/537.36 (KHTML, like Gecko) Chrome/137.0.7151.103 Mobile Safari/537.36 (compatible; Googlebot/2.1; +http://www.google.com/bot.html)"
20.171.207.55 - - [15/Jul/2025:14:55:31 +0000] "GET /detail/1702344495.htm HTTP/1.1" 404 1870 "-" "Mozilla/5.0 AppleWebKit/537.36 (KHTML, like Gecko; compatible; GPTBot/1.2; +https://openai.com/gptbot)"
66.249.65.35 - - [15/Jul/2025:14:55:31 +0000] "GET /?x=31842481061800&mod=42e77b63&uri=shared.php%3Fid%3D1062788-62%26name%3Dpinoy+indie+movies+online HTTP/1.1" 200 18433 "-" "Mozilla/5.0 (Linux; Android 6.0.1; Nexus 5X Build/MMB29P) AppleWebKit/537.36 (KHTML, like Gecko) Chrome/137.0.7151.103 Mobile Safari/537.36 (compatible; Googlebot/2.1; +http://www.google.com/bot.html)"
66.249.65.35 - - [15/Jul/2025:14:55:33 +0000] "GET /?x=31847759001800&mod=42e77b63&uri=shared.php%3Fid%3D1062964-62%26name%3Dprince+of+tennis+watch+online HTTP/1.1" 200 18444 "-" "Mozilla/5.0 (Linux; Android 6.0.1; Nexus 5X Build/MMB29P) AppleWebKit/537.36 (KHTML, like Gecko) Chrome/137.0.7151.103 Mobile Safari/537.36 (compatible; Googlebot/2.1; +http://www.google.com/bot.html)"
209.74.77.214 - - [15/Jul/2025:14:55:34 +0000] "POST /wp-cron.php?doing_wp_cron=1752591334.7549231052398681640625 HTTP/1.1" 200 - "-" "WordPress/6.8.1; https://kraft-court.cafe"
20.171.207.55 - - [15/Jul/2025:14:55:34 +0000] "GET /detail/1702399964.htm HTTP/1.1" 404 1871 "-" "Mozilla/5.0 AppleWebKit/537.36 (KHTML, like Gecko; compatible; GPTBot/1.2; +https://openai.com/gptbot)"
66.249.65.35 - - [15/Jul/2025:14:55:34 +0000] "GET /?x=31851316021800&mod=42e77b63&uri=brands.php%3Fid%3D1063084-62%26name%3Dwww+live+cricket+video+online+com HTTP/1.1" 200 18450 "-" "Mozilla/5.0 (Linux; Android 6.0.1; Nexus 5X Build/MMB29P) AppleWebKit/537.36 (KHTML, like Gecko) Chrome/137.0.7151.103 Mobile Safari/537.36 (compatible; Googlebot/2.1; +http://www.google.com/bot.html)"
66.249.65.35 - - [15/Jul/2025:14:55:38 +0000] "GET /?x=31840100011800&mod=c0560792&uri=shared.php%3Fid%3D1062708-165%26name%3Dmoncler+baudier+down+jacket HTTP/1.1" 200 18430 "-" "Mozilla/5.0 (Linux; Android 6.0.1; Nexus 5X Build/MMB29P) AppleWebKit/537.36 (KHTML, like Gecko) Chrome/137.0.7151.103 Mobile Safari/537.36 (compatible; Googlebot/2.1; +http://www.google.com/bot.html)"
20.171.207.55 - - [15/Jul/2025:14:55:40 +0000] "GET /detail/1702129992.htm HTTP/1.1" 404 1871 "-" "Mozilla/5.0 AppleWebKit/537.36 (KHTML, like Gecko; compatible; GPTBot/1.2; +https://openai.com/gptbot)"
66.249.65.35 - - [15/Jul/2025:14:55:40 +0000] "GET /?x=31846079011800&mod=42e77b63&uri=shop.php%3Fid%3D1062908-62%26name%3Dmodern+family+season+11+episode+17+full+episode HTTP/1.1" 200 18454 "-" "Mozilla/5.0 (Linux; Android 6.0.1; Nexus 5X Build/MMB29P) AppleWebKit/537.36 (KHTML, like Gecko) Chrome/137.0.7151.103 Mobile Safari/537.36 (compatible; Googlebot/2.1; +http://www.google.com/bot.html)"
20.171.207.55 - - [15/Jul/2025:14:55:40 +0000] "GET /detail/1702374440.htm HTTP/1.1" 404 1870 "-" "Mozilla/5.0 AppleWebKit/537.36 (KHTML, like Gecko; compatible; GPTBot/1.2; +https://openai.com/gptbot)"
20.171.207.55 - - [15/Jul/2025:14:55:43 +0000] "GET /detail/1702275551.htm HTTP/1.1" 404 1868 "-" "Mozilla/5.0 AppleWebKit/537.36 (KHTML, like Gecko; compatible; GPTBot/1.2; +https://openai.com/gptbot)"
66.249.65.35 - - [15/Jul/2025:14:55:43 +0000] "GET /?x=31839140091800&mod=c0560792&uri=products.php%3Fid%3D1062676-165%26name%3Dhelikon+gunfighter+mtp HTTP/1.1" 200 18440 "-" "Mozilla/5.0 (Linux; Android 6.0.1; Nexus 5X Build/MMB29P) AppleWebKit/537.36 (KHTML, like Gecko) Chrome/137.0.7151.103 Mobile Safari/537.36 (compatible; Googlebot/2.1; +http://www.google.com/bot.html)"
209.74.77.214 - - [15/Jul/2025:14:55:46 +0000] "POST /wp-cron.php?doing_wp_cron=1752591346.3948938846588134765625 HTTP/1.1" 200 - "-" "WordPress/6.8.1; https://kraft-court.cafe"
20.171.207.55 - - [15/Jul/2025:14:55:46 +0000] "GET /detail/1702225208.htm HTTP/1.1" 404 1867 "-" "Mozilla/5.0 AppleWebKit/537.36 (KHTML, like Gecko; compatible; GPTBot/1.2; +https://openai.com/gptbot)"
66.249.65.35 - - [15/Jul/2025:14:55:46 +0000] "GET /?x=31847519041800&mod=42e77b63&uri=shop.php%3Fid%3D1062956-62%26name%3Ded+edd+n+eddy+free+episodes+online HTTP/1.1" 200 18445 "-" "Mozilla/5.0 (Linux; Android 6.0.1; Nexus 5X Build/MMB29P) AppleWebKit/537.36 (KHTML, like Gecko) Chrome/137.0.7151.103 Mobile Safari/537.36 (compatible; Googlebot/2.1; +http://www.google.com/bot.html)"
66.249.65.35 - - [15/Jul/2025:14:55:47 +0000] "GET /?x=31846799041800&mod=42e77b63&uri=dp.php%3Fid%3D1062932-62%26name%3Dnfl+live+stream+bilasport HTTP/1.1" 200 18428 "-" "Mozilla/5.0 (Linux; Android 6.0.1; Nexus 5X Build/MMB29P) AppleWebKit/537.36 (KHTML, like Gecko) Chrome/137.0.7151.103 Mobile Safari/537.36 (compatible; Googlebot/2.1; +http://www.google.com/bot.html)"
20.171.207.55 - - [15/Jul/2025:14:55:48 +0000] "GET /detail/1701673555.htm HTTP/1.1" 404 1868 "-" "Mozilla/5.0 AppleWebKit/537.36 (KHTML, like Gecko; compatible; GPTBot/1.2; +https://openai.com/gptbot)"
66.249.65.35 - - [15/Jul/2025:14:55:49 +0000] "POST /get-message-notify HTTP/1.1" 200 18196 "https://kraft-court.cafe/?x=31847519041800&mod=42e77b63&uri=shop.php%3Fid%3D1062956-62%26name%3Ded+edd+n+eddy+free+episodes+online" "Mozilla/5.0 (Linux; Android 6.0.1; Nexus 5X Build/MMB29P) AppleWebKit/537.36 (KHTML, like Gecko) Chrome/137.0.7151.119 Mobile Safari/537.36 (compatible; Googlebot/2.1; +http://www.google.com/bot.html)"
66.249.65.36 - - [15/Jul/2025:14:55:50 +0000] "GET /?x=31846559021800&mod=42e77b63&uri=shop.php%3Fid%3D1062924-62%26name%3Dthe+flintstones+1994+watch+online HTTP/1.1" 200 18448 "-" "Mozilla/5.0 (Linux; Android 6.0.1; Nexus 5X Build/MMB29P) AppleWebKit/537.36 (KHTML, like Gecko) Chrome/137.0.7151.103 Mobile Safari/537.36 (compatible; Googlebot/2.1; +http://www.google.com/bot.html)"
20.171.207.55 - - [15/Jul/2025:14:55:51 +0000] "GET /detail/1702097999.htm HTTP/1.1" 404 1871 "-" "Mozilla/5.0 AppleWebKit/537.36 (KHTML, like Gecko; compatible; GPTBot/1.2; +https://openai.com/gptbot)"
20.171.207.55 - - [15/Jul/2025:14:55:55 +0000] "GET /detail/1701771727.htm HTTP/1.1" 404 1870 "-" "Mozilla/5.0 AppleWebKit/537.36 (KHTML, like Gecko; compatible; GPTBot/1.2; +https://openai.com/gptbot)"
66.249.65.35 - - [15/Jul/2025:14:55:57 +0000] "GET /?x=31838660081800&mod=c0560792&uri=products.php%3Fid%3D1062660-165%26name%3Dsoreiller+down+jacket HTTP/1.1" 200 18434 "-" "Mozilla/5.0 (Linux; Android 6.0.1; Nexus 5X Build/MMB29P) AppleWebKit/537.36 (KHTML, like Gecko) Chrome/137.0.7151.103 Mobile Safari/537.36 (compatible; Googlebot/2.1; +http://www.google.com/bot.html)"
20.171.207.55 - - [15/Jul/2025:14:55:57 +0000] "GET /detail/1702229081.htm HTTP/1.1" 404 1868 "-" "Mozilla/5.0 AppleWebKit/537.36 (KHTML, like Gecko; compatible; GPTBot/1.2; +https://openai.com/gptbot)"
66.249.65.35 - - [15/Jul/2025:14:55:58 +0000] "POST /get-message-notify HTTP/1.1" 200 18196 "https://kraft-court.cafe/?x=31846799041800&mod=42e77b63&uri=dp.php%3Fid%3D1062932-62%26name%3Dnfl+live+stream+bilasport" "Mozilla/5.0 (Linux; Android 6.0.1; Nexus 5X Build/MMB29P) AppleWebKit/537.36 (KHTML, like Gecko) Chrome/137.0.7151.119 Mobile Safari/537.36 (compatible; Googlebot/2.1; +http://www.google.com/bot.html)"
66.249.65.36 - - [15/Jul/2025:14:55:59 +0000] "GET /?x=31842260001800&mod=c0560792&uri=brands.php%3Fid%3D1062780-165%26name%3Dspring+coat+womens+uk HTTP/1.1" 200 18434 "-" "Mozilla/5.0 (Linux; Android 6.0.1; Nexus 5X Build/MMB29P) AppleWebKit/537.36 (KHTML, like Gecko) Chrome/137.0.7151.103 Mobile Safari/537.36 (compatible; Googlebot/2.1; +http://www.google.com/bot.html)"
66.249.65.35 - - [15/Jul/2025:14:56:02 +0000] "GET /?x=31839380001800&mod=c0560792&uri=product.php%3Fid%3D1062684-165%26name%3Dreversible+sherpa+puffer+jacket HTTP/1.1" 200 18442 "-" "Mozilla/5.0 (Linux; Android 6.0.1; Nexus 5X Build/MMB29P) AppleWebKit/537.36 (KHTML, like Gecko) Chrome/137.0.7151.103 Mobile Safari/537.36 (compatible; Googlebot/2.1; +http://www.google.com/bot.html)"
20.171.207.55 - - [15/Jul/2025:14:56:04 +0000] "GET /detail/1701766649.htm HTTP/1.1" 404 1868 "-" "Mozilla/5.0 AppleWebKit/537.36 (KHTML, like Gecko; compatible; GPTBot/1.2; +https://openai.com/gptbot)"
20.171.207.55 - - [15/Jul/2025:14:56:04 +0000] "GET /detail/1701684441.htm HTTP/1.1" 404 1870 "-" "Mozilla/5.0 AppleWebKit/537.36 (KHTML, like Gecko; compatible; GPTBot/1.2; +https://openai.com/gptbot)"
20.171.207.55 - - [15/Jul/2025:14:56:07 +0000] "GET /detail/1702221471.htm HTTP/1.1" 404 1870 "-" "Mozilla/5.0 AppleWebKit/537.36 (KHTML, like Gecko; compatible; GPTBot/1.2; +https://openai.com/gptbot)"
66.249.65.35 - - [15/Jul/2025:14:56:08 +0000] "GET /?x=31845119021800&mod=7a544863&uri=search.php%3Fid%3D1062876-454%26name%3Dlaugh+and+learn+fisher+price HTTP/1.1" 200 18433 "-" "Mozilla/5.0 (Linux; Android 6.0.1; Nexus 5X Build/MMB29P) AppleWebKit/537.36 (KHTML, like Gecko) Chrome/137.0.7151.103 Mobile Safari/537.36 (compatible; Googlebot/2.1; +http://www.google.com/bot.html)"
66.249.65.35 - - [15/Jul/2025:14:56:09 +0000] "POST /get-message-notify HTTP/1.1" 200 18196 "https://kraft-court.cafe/?x=31839380001800&mod=c0560792&uri=product.php%3Fid%3D1062684-165%26name%3Dreversible+sherpa+puffer+jacket" "Mozilla/5.0 (Linux; Android 6.0.1; Nexus 5X Build/MMB29P) AppleWebKit/537.36 (KHTML, like Gecko) Chrome/137.0.7151.119 Mobile Safari/537.36 (compatible; Googlebot/2.1; +http://www.google.com/bot.html)"
20.171.207.55 - - [15/Jul/2025:14:56:09 +0000] "GET /detail/1702381888.htm HTTP/1.1" 404 1871 "-" "Mozilla/5.0 AppleWebKit/537.36 (KHTML, like Gecko; compatible; GPTBot/1.2; +https://openai.com/gptbot)"
20.171.207.55 - - [15/Jul/2025:14:56:12 +0000] "GET /detail/1702143000.htm HTTP/1.1" 404 1869 "-" "Mozilla/5.0 AppleWebKit/537.36 (KHTML, like Gecko; compatible; GPTBot/1.2; +https://openai.com/gptbot)"
66.249.65.35 - - [15/Jul/2025:14:56:14 +0000] "GET /?x=31839620001800&mod=c0560792&uri=shared.php%3Fid%3D1062692-165%26name%3Dwhite+stuff+layla+denim+jacket HTTP/1.1" 200 18442 "-" "Mozilla/5.0 (Linux; Android 6.0.1; Nexus 5X Build/MMB29P) AppleWebKit/537.36 (KHTML, like Gecko) Chrome/137.0.7151.103 Mobile Safari/537.36 (compatible; Googlebot/2.1; +http://www.google.com/bot.html)"
20.171.207.55 - - [15/Jul/2025:14:56:15 +0000] "GET /detail/1702209990.htm HTTP/1.1" 404 1871 "-" "Mozilla/5.0 AppleWebKit/537.36 (KHTML, like Gecko; compatible; GPTBot/1.2; +https://openai.com/gptbot)"
20.171.207.55 - - [15/Jul/2025:14:56:18 +0000] "GET /detail/1702329333.htm HTTP/1.1" 404 1871 "-" "Mozilla/5.0 AppleWebKit/537.36 (KHTML, like Gecko; compatible; GPTBot/1.2; +https://openai.com/gptbot)"
66.249.65.35 - - [15/Jul/2025:14:56:18 +0000] "GET /?x=31840340041800&mod=c0560792&uri=goods.php%3Fid%3D1062716-165%26name%3Demporio+armani+ea7+bomber+jacket HTTP/1.1" 200 18444 "-" "Mozilla/5.0 (Linux; Android 6.0.1; Nexus 5X Build/MMB29P) AppleWebKit/537.36 (KHTML, like Gecko) Chrome/137.0.7151.103 Mobile Safari/537.36 (compatible; Googlebot/2.1; +http://www.google.com/bot.html)"
66.249.65.35 - - [15/Jul/2025:14:56:20 +0000] "GET /?x=31837700061800&mod=c0560792&uri=products.php%3Fid%3D1062628-165%26name%3Demporio+armani+arch+bomber+jacket HTTP/1.1" 200 18457 "-" "Mozilla/5.0 (Linux; Android 6.0.1; Nexus 5X Build/MMB29P) AppleWebKit/537.36 (KHTML, like Gecko) Chrome/137.0.7151.103 Mobile Safari/537.36 (compatible; Googlebot/2.1; +http://www.google.com/bot.html)"
20.171.207.55 - - [15/Jul/2025:14:56:21 +0000] "GET /detail/1702333624.htm HTTP/1.1" 404 1870 "-" "Mozilla/5.0 AppleWebKit/537.36 (KHTML, like Gecko; compatible; GPTBot/1.2; +https://openai.com/gptbot)"
66.249.65.35 - - [15/Jul/2025:14:56:21 +0000] "POST /get-message-notify HTTP/1.1" 200 18196 "https://kraft-court.cafe/?x=31840340041800&mod=c0560792&uri=goods.php%3Fid%3D1062716-165%26name%3Demporio+armani+ea7+bomber+jacket" "Mozilla/5.0 (Linux; Android 6.0.1; Nexus 5X Build/MMB29P) AppleWebKit/537.36 (KHTML, like Gecko) Chrome/137.0.7151.119 Mobile Safari/537.36 (compatible; Googlebot/2.1; +http://www.google.com/bot.html)"
66.249.65.35 - - [15/Jul/2025:14:56:21 +0000] "GET /?x=31838900041800&mod=c0560792&uri=pin.php%3Fid%3D1062668-165%26name%3Doakley+oo9200+quarter+jacket HTTP/1.1" 200 18441 "-" "Mozilla/5.0 (Linux; Android 6.0.1; Nexus 5X Build/MMB29P) AppleWebKit/537.36 (KHTML, like Gecko) Chrome/137.0.7151.103 Mobile Safari/537.36 (compatible; Googlebot/2.1; +http://www.google.com/bot.html)"
20.171.207.55 - - [15/Jul/2025:14:56:23 +0000] "GET /detail/1702000339.htm HTTP/1.1" 404 1870 "-" "Mozilla/5.0 AppleWebKit/537.36 (KHTML, like Gecko; compatible; GPTBot/1.2; +https://openai.com/gptbot)"
66.249.65.35 - - [15/Jul/2025:14:56:25 +0000] "GET /?x=31835077001800&mod=c0560792&uri=news.php%3Fid%3D1062540-165%26name%3Dzara+white+aviator+jacket HTTP/1.1" 200 18433 "-" "Mozilla/5.0 (Linux; Android 6.0.1; Nexus 5X Build/MMB29P) AppleWebKit/537.36 (KHTML, like Gecko) Chrome/137.0.7151.103 Mobile Safari/537.36 (compatible; Googlebot/2.1; +http://www.google.com/bot.html)"
20.171.207.55 - - [15/Jul/2025:14:56:26 +0000] "GET /detail/1702254999.htm HTTP/1.1" 404 1871 "-" "Mozilla/5.0 AppleWebKit/537.36 (KHTML, like Gecko; compatible; GPTBot/1.2; +https://openai.com/gptbot)"
66.249.65.35 - - [15/Jul/2025:14:56:29 +0000] "POST /get-message-notify HTTP/1.1" 200 18196 "https://kraft-court.cafe/?x=31837700061800&mod=c0560792&uri=products.php%3Fid%3D1062628-165%26name%3Demporio+armani+arch+bomber+jacket" "Mozilla/5.0 (Linux; Android 6.0.1; Nexus 5X Build/MMB29P) AppleWebKit/537.36 (KHTML, like Gecko) Chrome/137.0.7151.119 Mobile Safari/537.36 (compatible; Googlebot/2.1; +http://www.google.com/bot.html)"
20.171.207.55 - - [15/Jul/2025:14:56:29 +0000] "GET /detail/1702227522.htm HTTP/1.1" 404 1868 "-" "Mozilla/5.0 AppleWebKit/537.36 (KHTML, like Gecko; compatible; GPTBot/1.2; +https://openai.com/gptbot)"
66.249.65.35 - - [15/Jul/2025:14:56:29 +0000] "GET /?x=31845839001800&mod=42e77b63&uri=form.php%3Fid%3D1062900-62%26name%3Dfmovies+tagalog+movies HTTP/1.1" 200 18420 "-" "Mozilla/5.0 (Linux; Android 6.0.1; Nexus 5X Build/MMB29P) AppleWebKit/537.36 (KHTML, like Gecko) Chrome/137.0.7151.103 Mobile Safari/537.36 (compatible; Googlebot/2.1; +http://www.google.com/bot.html)"
66.249.65.35 - - [15/Jul/2025:14:56:31 +0000] "GET /?x=31848959001800&mod=42e77b63&uri=dp.php%3Fid%3D1063004-62%26name%3Djohn+wick+free+stream+online HTTP/1.1" 200 18436 "-" "Mozilla/5.0 (Linux; Android 6.0.1; Nexus 5X Build/MMB29P) AppleWebKit/537.36 (KHTML, like Gecko) Chrome/137.0.7151.103 Mobile Safari/537.36 (compatible; Googlebot/2.1; +http://www.google.com/bot.html)"
20.171.207.55 - - [15/Jul/2025:14:56:32 +0000] "GET /detail/1701825551.htm HTTP/1.1" 404 1868 "-" "Mozilla/5.0 AppleWebKit/537.36 (KHTML, like Gecko; compatible; GPTBot/1.2; +https://openai.com/gptbot)"
66.249.65.35 - - [15/Jul/2025:14:56:32 +0000] "GET /?x=31841780021800&mod=c22ad2b0&uri=dp.php%3Fid%3D1062764-910%26name%3Ddear+comrade+zee5 HTTP/1.1" 200 18422 "-" "Mozilla/5.0 (Linux; Android 6.0.1; Nexus 5X Build/MMB29P) AppleWebKit/537.36 (KHTML, like Gecko) Chrome/137.0.7151.103 Mobile Safari/537.36 (compatible; Googlebot/2.1; +http://www.google.com/bot.html)"
66.249.65.35 - - [15/Jul/2025:14:56:34 +0000] "GET /?x=31842721041800&mod=c0560792&uri=dp.php%3Fid%3D1062796-165%26name%3Dhooded+winter+coat+womens+uk HTTP/1.1" 200 18437 "-" "Mozilla/5.0 (Linux; Android 6.0.1; Nexus 5X Build/MMB29P) AppleWebKit/537.36 (KHTML, like Gecko) Chrome/137.0.7151.103 Mobile Safari/537.36 (compatible; Googlebot/2.1; +http://www.google.com/bot.html)"
209.74.77.214 - - [15/Jul/2025:14:56:35 +0000] "POST /wp-cron.php?doing_wp_cron=1752591395.2970139980316162109375 HTTP/1.1" 200 - "-" "WordPress/6.8.1; https://kraft-court.cafe"
20.171.207.55 - - [15/Jul/2025:14:56:35 +0000] "GET /detail/1702228791.htm HTTP/1.1" 404 1868 "-" "Mozilla/5.0 AppleWebKit/537.36 (KHTML, like Gecko; compatible; GPTBot/1.2; +https://openai.com/gptbot)"
66.249.65.35 - - [15/Jul/2025:14:56:35 +0000] "GET /?x=31838420001800&mod=c0560792&uri=goods.php%3Fid%3D1062652-165%26name%3Dwomens+duffle+coats+sale+uk HTTP/1.1" 200 18443 "-" "Mozilla/5.0 (Linux; Android 6.0.1; Nexus 5X Build/MMB29P) AppleWebKit/537.36 (KHTML, like Gecko) Chrome/137.0.7151.103 Mobile Safari/537.36 (compatible; Googlebot/2.1; +http://www.google.com/bot.html)"
66.249.65.35 - - [15/Jul/2025:14:56:37 +0000] "GET /?x=31851796081800&mod=42e77b63&uri=article.php%3Fid%3D1063100-62%26name%3Dfull+filipino+movies+online+free HTTP/1.1" 200 18454 "-" "Mozilla/5.0 (Linux; Android 6.0.1; Nexus 5X Build/MMB29P) AppleWebKit/537.36 (KHTML, like Gecko) Chrome/137.0.7151.103 Mobile Safari/537.36 (compatible; Googlebot/2.1; +http://www.google.com/bot.html)"
20.171.207.55 - - [15/Jul/2025:14:56:37 +0000] "GET /detail/1702300064.htm HTTP/1.1" 404 1869 "-" "Mozilla/5.0 AppleWebKit/537.36 (KHTML, like Gecko; compatible; GPTBot/1.2; +https://openai.com/gptbot)"
20.171.207.55 - - [15/Jul/2025:14:56:40 +0000] "GET /detail/1701833383.htm HTTP/1.1" 404 1870 "-" "Mozilla/5.0 AppleWebKit/537.36 (KHTML, like Gecko; compatible; GPTBot/1.2; +https://openai.com/gptbot)"
66.249.65.36 - - [15/Jul/2025:14:56:43 +0000] "GET /?x=31845359041800&mod=42e77b63&uri=product.php%3Fid%3D1062884-62%26name%3Dwatch+westworld+season+free+online HTTP/1.1" 200 18457 "-" "Mozilla/5.0 (Linux; Android 6.0.1; Nexus 5X Build/MMB29P) AppleWebKit/537.36 (KHTML, like Gecko) Chrome/137.0.7151.103 Mobile Safari/537.36 (compatible; Googlebot/2.1; +http://www.google.com/bot.html)"
20.171.207.55 - - [15/Jul/2025:14:56:43 +0000] "GET /detail/1702144461.htm HTTP/1.1" 404 1870 "-" "Mozilla/5.0 AppleWebKit/537.36 (KHTML, like Gecko; compatible; GPTBot/1.2; +https://openai.com/gptbot)"
66.249.65.35 - - [15/Jul/2025:14:56:45 +0000] "GET /?x=31848479001800&mod=42e77b63&uri=itm.php%3Fid%3D1062988-62%26name%3Dvideo+gtv+live+cricket HTTP/1.1" 200 18428 "-" "Mozilla/5.0 (Linux; Android 6.0.1; Nexus 5X Build/MMB29P) AppleWebKit/537.36 (KHTML, like Gecko) Chrome/137.0.7151.103 Mobile Safari/537.36 (compatible; Googlebot/2.1; +http://www.google.com/bot.html)"
209.74.77.214 - - [15/Jul/2025:14:56:46 +0000] "POST /wp-cron.php?doing_wp_cron=1752591406.5261890888214111328125 HTTP/1.1" 200 - "-" "WordPress/6.8.1; https://kraft-court.cafe"
20.171.207.55 - - [15/Jul/2025:14:56:46 +0000] "GET /detail/1701986222.htm HTTP/1.1" 404 1868 "-" "Mozilla/5.0 AppleWebKit/537.36 (KHTML, like Gecko; compatible; GPTBot/1.2; +https://openai.com/gptbot)"
20.171.207.55 - - [15/Jul/2025:14:56:49 +0000] "GET /detail/1702220074.htm HTTP/1.1" 404 1870 "-" "Mozilla/5.0 AppleWebKit/537.36 (KHTML, like Gecko; compatible; GPTBot/1.2; +https://openai.com/gptbot)"
66.249.65.36 - - [15/Jul/2025:14:56:49 +0000] "GET /?x=31852516041800&mod=42e77b63&uri=goods.php%3Fid%3D1063124-62%26name%3Dwestworld+season+episode+full+episode+free HTTP/1.1" 200 18451 "-" "Mozilla/5.0 (Linux; Android 6.0.1; Nexus 5X Build/MMB29P) AppleWebKit/537.36 (KHTML, like Gecko) Chrome/137.0.7151.103 Mobile Safari/537.36 (compatible; Googlebot/2.1; +http://www.google.com/bot.html)"
66.249.65.35 - - [15/Jul/2025:14:56:50 +0000] "GET /?x=31850399001800&mod=42e77b63&uri=brands.php%3Fid%3D1063052-62%26name%3Dstreamlord+john+wick HTTP/1.1" 200 18431 "-" "Mozilla/5.0 (Linux; Android 6.0.1; Nexus 5X Build/MMB29P) AppleWebKit/537.36 (KHTML, like Gecko) Chrome/137.0.7151.103 Mobile Safari/537.36 (compatible; Googlebot/2.1; +http://www.google.com/bot.html)"
20.171.207.55 - - [15/Jul/2025:14:56:51 +0000] "GET /detail/1701879333.htm HTTP/1.1" 404 1871 "-" "Mozilla/5.0 AppleWebKit/537.36 (KHTML, like Gecko; compatible; GPTBot/1.2; +https://openai.com/gptbot)"
66.249.65.36 - - [15/Jul/2025:14:56:54 +0000] "POST /get-message-notify HTTP/1.1" 200 18196 "https://kraft-court.cafe/?x=31841780021800&mod=c22ad2b0&uri=dp.php%3Fid%3D1062764-910%26name%3Ddear+comrade+zee5" "Mozilla/5.0 (Linux; Android 6.0.1; Nexus 5X Build/MMB29P) AppleWebKit/537.36 (KHTML, like Gecko) Chrome/137.0.7151.119 Mobile Safari/537.36 (compatible; Googlebot/2.1; +http://www.google.com/bot.html)"
20.171.207.55 - - [15/Jul/2025:14:56:54 +0000] "GET /detail/1702254999.htm HTTP/1.1" 404 1871 "-" "Mozilla/5.0 AppleWebKit/537.36 (KHTML, like Gecko; compatible; GPTBot/1.2; +https://openai.com/gptbot)"
66.249.65.35 - - [15/Jul/2025:14:56:54 +0000] "GET /?x=31847999001800&mod=42e77b63&uri=article.php%3Fid%3D1062972-62%26name%3Dpinoy+movies+hd+online HTTP/1.1" 200 18440 "-" "Mozilla/5.0 (Linux; Android 6.0.1; Nexus 5X Build/MMB29P) AppleWebKit/537.36 (KHTML, like Gecko) Chrome/137.0.7151.103 Mobile Safari/537.36 (compatible; Googlebot/2.1; +http://www.google.com/bot.html)"
66.249.65.36 - - [15/Jul/2025:14:56:56 +0000] "GET /?x=31844161001800&mod=42e77b63&uri=search.php%3Fid%3D1062844-62%26name%3Dadventure+time+watch+online+reddit HTTP/1.1" 200 18441 "-" "Mozilla/5.0 (Linux; Android 6.0.1; Nexus 5X Build/MMB29P) AppleWebKit/537.36 (KHTML, like Gecko) Chrome/137.0.7151.103 Mobile Safari/537.36 (compatible; Googlebot/2.1; +http://www.google.com/bot.html)"
20.171.207.55 - - [15/Jul/2025:14:56:57 +0000] "GET /detail/1702223947.htm HTTP/1.1" 404 1870 "-" "Mozilla/5.0 AppleWebKit/537.36 (KHTML, like Gecko; compatible; GPTBot/1.2; +https://openai.com/gptbot)"
66.249.65.35 - - [15/Jul/2025:14:56:58 +0000] "GET /?x=31849919001800&mod=42e77b63&uri=form.php%3Fid%3D1063036-62%26name%3Dgazi+tv+online HTTP/1.1" 200 18413 "-" "Mozilla/5.0 (Linux; Android 6.0.1; Nexus 5X Build/MMB29P) AppleWebKit/537.36 (KHTML, like Gecko) Chrome/137.0.7151.103 Mobile Safari/537.36 (compatible; Googlebot/2.1; +http://www.google.com/bot.html)"
20.171.207.55 - - [15/Jul/2025:14:57:00 +0000] "GET /detail/1702228196.htm HTTP/1.1" 404 1868 "-" "Mozilla/5.0 AppleWebKit/537.36 (KHTML, like Gecko; compatible; GPTBot/1.2; +https://openai.com/gptbot)"
66.249.65.36 - - [15/Jul/2025:14:57:01 +0000] "GET /?x=31844641081800&mod=42e77b63&uri=dp.php%3Fid%3D1062860-62%26name%3Dsteven+universe+future+watch+online+reddit HTTP/1.1" 200 18455 "-" "Mozilla/5.0 (Linux; Android 6.0.1; Nexus 5X Build/MMB29P) AppleWebKit/537.36 (KHTML, like Gecko) Chrome/137.0.7151.103 Mobile Safari/537.36 (compatible; Googlebot/2.1; +http://www.google.com/bot.html)"
20.171.207.55 - - [15/Jul/2025:14:57:03 +0000] "GET /detail/1701888340.htm HTTP/1.1" 404 1870 "-" "Mozilla/5.0 AppleWebKit/537.36 (KHTML, like Gecko; compatible; GPTBot/1.2; +https://openai.com/gptbot)"
66.249.65.35 - - [15/Jul/2025:14:57:04 +0000] "GET /?x=31844881001800&mod=42e77b63&uri=dp.php%3Fid%3D1062868-62%26name%3Dwestworld+season+watch+online+reddit HTTP/1.1" 200 18447 "-" "Mozilla/5.0 (Linux; Android 6.0.1; Nexus 5X Build/MMB29P) AppleWebKit/537.36 (KHTML, like Gecko) Chrome/137.0.7151.103 Mobile Safari/537.36 (compatible; Googlebot/2.1; +http://www.google.com/bot.html)"
20.171.207.55 - - [15/Jul/2025:14:57:06 +0000] "GET /detail/1702226669.htm HTTP/1.1" 404 1871 "-" "Mozilla/5.0 AppleWebKit/537.36 (KHTML, like Gecko; compatible; GPTBot/1.2; +https://openai.com/gptbot)"
20.171.207.55 - - [15/Jul/2025:14:57:09 +0000] "GET /detail/1701938555.htm HTTP/1.1" 404 1869 "-" "Mozilla/5.0 AppleWebKit/537.36 (KHTML, like Gecko; compatible; GPTBot/1.2; +https://openai.com/gptbot)"
66.249.65.35 - - [15/Jul/2025:14:57:09 +0000] "GET /?x=31840820051800&mod=c0560792&uri=goods.php%3Fid%3D1062732-165%26name%3Dstone+island+skin+touch+nylon+jacket+blue HTTP/1.1" 200 18456 "-" "Mozilla/5.0 (Linux; Android 6.0.1; Nexus 5X Build/MMB29P) AppleWebKit/537.36 (KHTML, like Gecko) Chrome/137.0.7151.103 Mobile Safari/537.36 (compatible; Googlebot/2.1; +http://www.google.com/bot.html)"
66.249.65.35 - - [15/Jul/2025:14:57:11 +0000] "GET /?x=31849439081800&mod=42e77b63&uri=shop.php%3Fid%3D1063020-62%26name%3Dmodern+family+season+11+episode+16+watch+online HTTP/1.1" 200 18463 "-" "Mozilla/5.0 (Linux; Android 6.0.1; Nexus 5X Build/MMB29P) AppleWebKit/537.36 (KHTML, like Gecko) Chrome/137.0.7151.103 Mobile Safari/537.36 (compatible; Googlebot/2.1; +http://www.google.com/bot.html)"
20.171.207.55 - - [15/Jul/2025:14:57:11 +0000] "GET /detail/1701666107.htm HTTP/1.1" 404 1871 "-" "Mozilla/5.0 AppleWebKit/537.36 (KHTML, like Gecko; compatible; GPTBot/1.2; +https://openai.com/gptbot)"
20.171.207.55 - - [15/Jul/2025:14:57:14 +0000] "GET /detail/1701701088.htm HTTP/1.1" 404 1866 "-" "Mozilla/5.0 AppleWebKit/537.36 (KHTML, like Gecko; compatible; GPTBot/1.2; +https://openai.com/gptbot)"
20.171.207.55 - - [15/Jul/2025:14:57:17 +0000] "GET /detail/1701701973.htm HTTP/1.1" 404 1867 "-" "Mozilla/5.0 AppleWebKit/537.36 (KHTML, like Gecko; compatible; GPTBot/1.2; +https://openai.com/gptbot)"
20.171.207.55 - - [15/Jul/2025:14:57:20 +0000] "GET /detail/1702284366.htm HTTP/1.1" 404 1870 "-" "Mozilla/5.0 AppleWebKit/537.36 (KHTML, like Gecko; compatible; GPTBot/1.2; +https://openai.com/gptbot)"
66.249.65.35 - - [15/Jul/2025:14:57:20 +0000] "GET /?x=31851556001800&mod=c0560792&uri=product.php%3Fid%3D1063092-165%26name%3Dmoncler+miram+jacket HTTP/1.1" 200 18433 "-" "Mozilla/5.0 (Linux; Android 6.0.1; Nexus 5X Build/MMB29P) AppleWebKit/537.36 (KHTML, like Gecko) Chrome/137.0.7151.103 Mobile Safari/537.36 (compatible; Googlebot/2.1; +http://www.google.com/bot.html)"
66.249.65.35 - - [15/Jul/2025:14:57:22 +0000] "POST /get-message-notify HTTP/1.1" 200 18196 "https://kraft-court.cafe/?x=31851556001800&mod=c0560792&uri=product.php%3Fid%3D1063092-165%26name%3Dmoncler+miram+jacket" "Mozilla/5.0 AppleWebKit/537.36 (KHTML, like Gecko; compatible; Googlebot/2.1; +http://www.google.com/bot.html) Chrome/137.0.7151.119 Safari/537.36"
20.171.207.55 - - [15/Jul/2025:14:57:23 +0000] "GET /detail/1702396357.htm HTTP/1.1" 404 1871 "-" "Mozilla/5.0 AppleWebKit/537.36 (KHTML, like Gecko; compatible; GPTBot/1.2; +https://openai.com/gptbot)"
66.249.65.35 - - [15/Jul/2025:14:57:24 +0000] "GET /?x=31843921041800&mod=42e77b63&uri=info.php%3Fid%3D1062836-62%26name%3Damazfit+gtr+endomondo HTTP/1.1" 200 18427 "-" "Mozilla/5.0 (Linux; Android 6.0.1; Nexus 5X Build/MMB29P) AppleWebKit/537.36 (KHTML, like Gecko) Chrome/137.0.7151.103 Mobile Safari/537.36 (compatible; Googlebot/2.1; +http://www.google.com/bot.html)"
20.171.207.55 - - [15/Jul/2025:14:57:26 +0000] "GET /detail/1702146583.htm HTTP/1.1" 404 1870 "-" "Mozilla/5.0 AppleWebKit/537.36 (KHTML, like Gecko; compatible; GPTBot/1.2; +https://openai.com/gptbot)"
66.249.65.35 - - [15/Jul/2025:14:57:28 +0000] "GET /?x=31716704031800&mod=a4982cba&uri=news.php%3Fid%3D1058593-1006%26name%3Dnike+flex+rn+2018+women HTTP/1.1" 200 18434 "-" "Mozilla/5.0 (Linux; Android 6.0.1; Nexus 5X Build/MMB29P) AppleWebKit/537.36 (KHTML, like Gecko) Chrome/137.0.7151.103 Mobile Safari/537.36 (compatible; Googlebot/2.1; +http://www.google.com/bot.html)"
20.171.207.55 - - [15/Jul/2025:14:57:28 +0000] "GET /detail/1701988634.htm HTTP/1.1" 404 1870 "-" "Mozilla/5.0 AppleWebKit/537.36 (KHTML, like Gecko; compatible; GPTBot/1.2; +https://openai.com/gptbot)"
66.249.65.35 - - [15/Jul/2025:14:57:29 +0000] "POST /get-message-notify HTTP/1.1" 200 18196 "https://kraft-court.cafe/?x=31840820051800&mod=c0560792&uri=goods.php%3Fid%3D1062732-165%26name%3Dstone+island+skin+touch+nylon+jacket+blue" "Mozilla/5.0 (Linux; Android 6.0.1; Nexus 5X Build/MMB29P) AppleWebKit/537.36 (KHTML, like Gecko) Chrome/137.0.7151.119 Mobile Safari/537.36 (compatible; Googlebot/2.1; +http://www.google.com/bot.html)"
20.171.207.55 - - [15/Jul/2025:14:57:31 +0000] "GET /detail/1702253464.htm HTTP/1.1" 404 1870 "-" "Mozilla/5.0 AppleWebKit/537.36 (KHTML, like Gecko; compatible; GPTBot/1.2; +https://openai.com/gptbot)"
66.249.65.35 - - [15/Jul/2025:14:57:32 +0000] "GET /?x=31839860001800&mod=d87c68a5&uri=article.php%3Fid%3D1062700-314%26name%3Dfestliche+boleros HTTP/1.1" 200 18433 "-" "Mozilla/5.0 (Linux; Android 6.0.1; Nexus 5X Build/MMB29P) AppleWebKit/537.36 (KHTML, like Gecko) Chrome/137.0.7151.103 Mobile Safari/537.36 (compatible; Googlebot/2.1; +http://www.google.com/bot.html)"
66.249.65.35 - - [15/Jul/2025:14:57:34 +0000] "GET /?x=31802670071800&mod=7a544863&uri=us.php%3Fid%3D1061459-454%26name%3Dexamples+of+supervised+unsupervised+and+reinforcement+learning HTTP/1.1" 200 18471 "-" "Mozilla/5.0 (Linux; Android 6.0.1; Nexus 5X Build/MMB29P) AppleWebKit/537.36 (KHTML, like Gecko) Chrome/137.0.7151.103 Mobile Safari/537.36 (compatible; Googlebot/2.1; +http://www.google.com/bot.html)"
209.74.77.214 - - [15/Jul/2025:14:57:34 +0000] "POST /wp-cron.php?doing_wp_cron=1752591454.6002440452575683593750 HTTP/1.1" 200 - "-" "WordPress/6.8.1; https://kraft-court.cafe"
20.171.207.55 - - [15/Jul/2025:14:57:34 +0000] "GET /detail/1702268914.htm HTTP/1.1" 404 1870 "-" "Mozilla/5.0 AppleWebKit/537.36 (KHTML, like Gecko; compatible; GPTBot/1.2; +https://openai.com/gptbot)"
66.249.65.35 - - [15/Jul/2025:14:57:35 +0000] "GET /?x=31848239041800&mod=42e77b63&uri=brands.php%3Fid%3D1062980-62%26name%3Dtagalog+movies+online+free+streaming HTTP/1.1" 200 18453 "-" "Mozilla/5.0 (Linux; Android 6.0.1; Nexus 5X Build/MMB29P) AppleWebKit/537.36 (KHTML, like Gecko) Chrome/137.0.7151.103 Mobile Safari/537.36 (compatible; Googlebot/2.1; +http://www.google.com/bot.html)"
66.249.65.35 - - [15/Jul/2025:14:57:37 +0000] "GET /?x=31842020001800&mod=c0560792&uri=info.php%3Fid%3D1062772-165%26name%3Dsecond+skin+puffer+jacket HTTP/1.1" 200 18424 "-" "Mozilla/5.0 (Linux; Android 6.0.1; Nexus 5X Build/MMB29P) AppleWebKit/537.36 (KHTML, like Gecko) Chrome/137.0.7151.103 Mobile Safari/537.36 (compatible; Googlebot/2.1; +http://www.google.com/bot.html)"
20.171.207.55 - - [15/Jul/2025:14:57:37 +0000] "GET /detail/1702380947.htm HTTP/1.1" 404 1870 "-" "Mozilla/5.0 AppleWebKit/537.36 (KHTML, like Gecko; compatible; GPTBot/1.2; +https://openai.com/gptbot)"
66.249.65.35 - - [15/Jul/2025:14:57:38 +0000] "POST /get-message-notify HTTP/1.1" 200 18196 "https://kraft-court.cafe/?x=31848239041800&mod=42e77b63&uri=brands.php%3Fid%3D1062980-62%26name%3Dtagalog+movies+online+free+streaming" "Mozilla/5.0 (Linux; Android 6.0.1; Nexus 5X Build/MMB29P) AppleWebKit/537.36 (KHTML, like Gecko) Chrome/137.0.7151.119 Mobile Safari/537.36 (compatible; Googlebot/2.1; +http://www.google.com/bot.html)"
66.249.65.35 - - [15/Jul/2025:14:57:38 +0000] "GET /?x=31838180021800&mod=c0560792&uri=blog.php%3Fid%3D1062644-165%26name%3Dseasalt+cornwall+jacket HTTP/1.1" 200 18432 "-" "Mozilla/5.0 (Linux; Android 6.0.1; Nexus 5X Build/MMB29P) AppleWebKit/537.36 (KHTML, like Gecko) Chrome/137.0.7151.103 Mobile Safari/537.36 (compatible; Googlebot/2.1; +http://www.google.com/bot.html)"
20.171.207.55 - - [15/Jul/2025:14:57:39 +0000] "GET /detail/1701834260.htm HTTP/1.1" 404 1870 "-" "Mozilla/5.0 AppleWebKit/537.36 (KHTML, like Gecko; compatible; GPTBot/1.2; +https://openai.com/gptbot)"
66.249.65.35 - - [15/Jul/2025:14:57:40 +0000] "GET /?x=31846319091800&mod=42e77b63&uri=info.php%3Fid%3D1062916-62%26name%3Dmodern+family+season+11+episode+17+watch+online+free HTTP/1.1" 200 18471 "-" "Mozilla/5.0 (Linux; Android 6.0.1; Nexus 5X Build/MMB29P) AppleWebKit/537.36 (KHTML, like Gecko) Chrome/137.0.7151.103 Mobile Safari/537.36 (compatible; Googlebot/2.1; +http://www.google.com/bot.html)"
66.249.65.36 - - [15/Jul/2025:14:57:41 +0000] "GET /?x=38322036031800&mod=dc6a7e65&uri=pin.php%3Fid%3D1279011-308%26name%3Dhuntworth+camo+hats HTTP/1.1" 200 18427 "-" "Mozilla/5.0 (Linux; Android 6.0.1; Nexus 5X Build/MMB29P) AppleWebKit/537.36 (KHTML, like Gecko) Chrome/137.0.7151.103 Mobile Safari/537.36 (compatible; Googlebot/2.1; +http://www.google.com/bot.html)"
66.249.65.35 - - [15/Jul/2025:14:57:42 +0000] "POST /get-message-notify HTTP/1.1" 200 18196 "https://kraft-court.cafe/?x=31838180021800&mod=c0560792&uri=blog.php%3Fid%3D1062644-165%26name%3Dseasalt+cornwall+jacket" "Mozilla/5.0 (Linux; Android 6.0.1; Nexus 5X Build/MMB29P) AppleWebKit/537.36 (KHTML, like Gecko) Chrome/137.0.7151.119 Mobile Safari/537.36 (compatible; Googlebot/2.1; +http://www.google.com/bot.html)"
20.171.207.55 - - [15/Jul/2025:14:57:42 +0000] "GET /detail/1702285603.htm HTTP/1.1" 404 1868 "-" "Mozilla/5.0 AppleWebKit/537.36 (KHTML, like Gecko; compatible; GPTBot/1.2; +https://openai.com/gptbot)"
66.249.65.36 - - [15/Jul/2025:14:57:44 +0000] "GET /?x=37171537021800&mod=dc6a7e65&uri=category-info.php%3Fid%3D1240631-308%26name%3Dtan+tie+dye+hoodie HTTP/1.1" 200 18463 "-" "Mozilla/5.0 (Linux; Android 6.0.1; Nexus 5X Build/MMB29P) AppleWebKit/537.36 (KHTML, like Gecko) Chrome/137.0.7151.103 Mobile Safari/537.36 (compatible; Googlebot/2.1; +http://www.google.com/bot.html)"
209.74.77.214 - - [15/Jul/2025:14:57:45 +0000] "POST /wp-cron.php?doing_wp_cron=1752591465.8628869056701660156250 HTTP/1.1" 200 - "-" "WordPress/6.8.1; https://kraft-court.cafe"
20.171.207.55 - - [15/Jul/2025:14:57:45 +0000] "GET /detail/1702308749.htm HTTP/1.1" 404 1870 "-" "Mozilla/5.0 AppleWebKit/537.36 (KHTML, like Gecko; compatible; GPTBot/1.2; +https://openai.com/gptbot)"
66.249.65.36 - - [15/Jul/2025:14:57:47 +0000] "GET /?x=70394645111800&mod=29b2cd4a&uri=brands.php%3Fid%3D2349142-1423%26name%3Dkyrie+shoes HTTP/1.1" 200 18415 "-" "Mozilla/5.0 (Linux; Android 6.0.1; Nexus 5X Build/MMB29P) AppleWebKit/537.36 (KHTML, like Gecko) Chrome/137.0.7151.103 Mobile Safari/537.36 (compatible; Googlebot/2.1; +http://www.google.com/bot.html)"
20.171.207.55 - - [15/Jul/2025:14:57:48 +0000] "GET /detail/1702284366.htm HTTP/1.1" 404 1870 "-" "Mozilla/5.0 AppleWebKit/537.36 (KHTML, like Gecko; compatible; GPTBot/1.2; +https://openai.com/gptbot)"
66.249.65.36 - - [15/Jul/2025:14:57:49 +0000] "POST /get-message-notify HTTP/1.1" 200 18196 "https://kraft-court.cafe/?x=31846319091800&mod=42e77b63&uri=info.php%3Fid%3D1062916-62%26name%3Dmodern+family+season+11+episode+17+watch+online+free" "Mozilla/5.0 (Linux; Android 6.0.1; Nexus 5X Build/MMB29P) AppleWebKit/537.36 (KHTML, like Gecko) Chrome/137.0.7151.119 Mobile Safari/537.36 (compatible; Googlebot/2.1; +http://www.google.com/bot.html)"
66.249.65.36 - - [15/Jul/2025:14:57:50 +0000] "GET /?x=70395125001800&mod=29b2cd4a&uri=article.php%3Fid%3D2349158-1423%26name%3Dsneaker+outfits HTTP/1.1" 200 18429 "-" "Mozilla/5.0 (Linux; Android 6.0.1; Nexus 5X Build/MMB29P) AppleWebKit/537.36 (KHTML, like Gecko) Chrome/137.0.7151.103 Mobile Safari/537.36 (compatible; Googlebot/2.1; +http://www.google.com/bot.html)"
20.171.207.55 - - [15/Jul/2025:14:57:51 +0000] "GET /detail/1702362829.htm HTTP/1.1" 404 1868 "-" "Mozilla/5.0 AppleWebKit/537.36 (KHTML, like Gecko; compatible; GPTBot/1.2; +https://openai.com/gptbot)"
66.249.65.36 - - [15/Jul/2025:14:57:53 +0000] "GET /?x=70396565001800&mod=29b2cd4a&uri=blog.php%3Fid%3D2349206-1423%26name%3Dadidas+originals+women%27s+stan+smith+w+fashion+sneaker HTTP/1.1" 200 18491 "-" "Mozilla/5.0 (Linux; Android 6.0.1; Nexus 5X Build/MMB29P) AppleWebKit/537.36 (KHTML, like Gecko) Chrome/137.0.7151.103 Mobile Safari/537.36 (compatible; Googlebot/2.1; +http://www.google.com/bot.html)"
66.249.65.36 - - [15/Jul/2025:14:57:53 +0000] "POST /get-message-notify HTTP/1.1" 200 18196 "https://kraft-court.cafe/?x=37171537021800&mod=dc6a7e65&uri=category-info.php%3Fid%3D1240631-308%26name%3Dtan+tie+dye+hoodie" "Mozilla/5.0 (Linux; Android 6.0.1; Nexus 5X Build/MMB29P) AppleWebKit/537.36 (KHTML, like Gecko) Chrome/137.0.7151.119 Mobile Safari/537.36 (compatible; Googlebot/2.1; +http://www.google.com/bot.html)"
20.171.207.55 - - [15/Jul/2025:14:57:54 +0000] "GET /detail/1702379582.htm HTTP/1.1" 404 1869 "-" "Mozilla/5.0 AppleWebKit/537.36 (KHTML, like Gecko; compatible; GPTBot/1.2; +https://openai.com/gptbot)"
20.171.207.55 - - [15/Jul/2025:14:57:56 +0000] "GET /detail/1701943625.htm HTTP/1.1" 404 1870 "-" "Mozilla/5.0 AppleWebKit/537.36 (KHTML, like Gecko; compatible; GPTBot/1.2; +https://openai.com/gptbot)"
66.249.65.35 - - [15/Jul/2025:14:57:59 +0000] "GET /?x=70394405031800&mod=29b2cd4a&uri=form.php%3Fid%3D2349134-1423%26name%3Dnike+cheerleading+shoes HTTP/1.1" 200 18434 "-" "Mozilla/5.0 (Linux; Android 6.0.1; Nexus 5X Build/MMB29P) AppleWebKit/537.36 (KHTML, like Gecko) Chrome/137.0.7151.103 Mobile Safari/537.36 (compatible; Googlebot/2.1; +http://www.google.com/bot.html)"
20.171.207.55 - - [15/Jul/2025:14:57:59 +0000] "GET /detail/1701988634.htm HTTP/1.1" 404 1870 "-" "Mozilla/5.0 AppleWebKit/537.36 (KHTML, like Gecko; compatible; GPTBot/1.2; +https://openai.com/gptbot)"
66.249.65.35 - - [15/Jul/2025:14:58:01 +0000] "GET /?x=70393685091800&mod=29b2cd4a&uri=brands.php%3Fid%3D2349110-1423%26name%3Dnike+newest+model HTTP/1.1" 200 18424 "-" "Mozilla/5.0 (Linux; Android 6.0.1; Nexus 5X Build/MMB29P) AppleWebKit/537.36 (KHTML, like Gecko) Chrome/137.0.7151.103 Mobile Safari/537.36 (compatible; Googlebot/2.1; +http://www.google.com/bot.html)"
20.171.207.55 - - [15/Jul/2025:14:58:02 +0000] "GET /detail/1701843595.htm HTTP/1.1" 404 1870 "-" "Mozilla/5.0 AppleWebKit/537.36 (KHTML, like Gecko; compatible; GPTBot/1.2; +https://openai.com/gptbot)"
66.249.65.35 - - [15/Jul/2025:14:58:04 +0000] "GET /?x=70393925021800&mod=29b2cd4a&uri=form.php%3Fid%3D2349118-1423%26name%3Dnew+balance+black+and+gold HTTP/1.1" 200 18436 "-" "Mozilla/5.0 (Linux; Android 6.0.1; Nexus 5X Build/MMB29P) AppleWebKit/537.36 (KHTML, like Gecko) Chrome/137.0.7151.103 Mobile Safari/537.36 (compatible; Googlebot/2.1; +http://www.google.com/bot.html)"
20.171.207.55 - - [15/Jul/2025:14:58:05 +0000] "GET /detail/1702193045.htm HTTP/1.1" 404 1870 "-" "Mozilla/5.0 AppleWebKit/537.36 (KHTML, like Gecko; compatible; GPTBot/1.2; +https://openai.com/gptbot)"
66.249.65.35 - - [15/Jul/2025:14:58:07 +0000] "GET /?x=5492324011800&mod=b98249b3&uri=itm.php%3Fid%3D183356-328%26name%3Dcamper+halbschuhe HTTP/1.1" 200 18419 "-" "Mozilla/5.0 (Linux; Android 6.0.1; Nexus 5X Build/MMB29P) AppleWebKit/537.36 (KHTML, like Gecko) Chrome/137.0.7151.103 Mobile Safari/537.36 (compatible; Googlebot/2.1; +http://www.google.com/bot.html)"
20.171.207.55 - - [15/Jul/2025:14:58:07 +0000] "GET /detail/1701914258.htm HTTP/1.1" 404 1868 "-" "Mozilla/5.0 AppleWebKit/537.36 (KHTML, like Gecko; compatible; GPTBot/1.2; +https://openai.com/gptbot)"
66.249.65.35 - - [15/Jul/2025:14:58:10 +0000] "GET /?x=95921020031800&mod=734e6bfc&uri=brands.php%3Fid%3D3201105-340%26name%3Dburberry+outlet+store+new+jersey HTTP/1.1" 200 18452 "-" "Mozilla/5.0 (Linux; Android 6.0.1; Nexus 5X Build/MMB29P) AppleWebKit/537.36 (KHTML, like Gecko) Chrome/137.0.7151.103 Mobile Safari/537.36 (compatible; Googlebot/2.1; +http://www.google.com/bot.html)"
20.171.207.55 - - [15/Jul/2025:14:58:10 +0000] "GET /detail/1702063490.htm HTTP/1.1" 404 1870 "-" "Mozilla/5.0 AppleWebKit/537.36 (KHTML, like Gecko; compatible; GPTBot/1.2; +https://openai.com/gptbot)"
66.249.65.35 - - [15/Jul/2025:14:58:13 +0000] "GET /?x=5973425021800&mod=e3ea3396&uri=product.php%3Fid%3D199473-345%26name%3Dvestidos+madrina+roberto+verino HTTP/1.1" 200 18441 "-" "Mozilla/5.0 (Linux; Android 6.0.1; Nexus 5X Build/MMB29P) AppleWebKit/537.36 (KHTML, like Gecko) Chrome/137.0.7151.103 Mobile Safari/537.36 (compatible; Googlebot/2.1; +http://www.google.com/bot.html)"
