66.249.65.36 - - [15/Jul/2025:13:27:36 +0000] "POST /get-message-notify HTTP/1.1" 200 18196 "https://kraft-court.cafe/?x=34926903041800&mod=0e9fa1f3&uri=goods.php%3Fid%3D1165736-128%26name%3Dshredded+bbq+pork+loin" "Mozilla/5.0 (Linux; Android 6.0.1; Nexus 5X Build/MMB29P) AppleWebKit/537.36 (KHTML, like Gecko) Chrome/137.0.7151.119 Mobile Safari/537.36 (compatible; Googlebot/2.1; +http://www.google.com/bot.html)"
66.249.65.37 - - [15/Jul/2025:13:28:19 +0000] "POST /get-message-notify HTTP/1.1" 200 18196 "https://kraft-court.cafe/?x=34927053071800&mod=0e9fa1f3&uri=category-info.php%3Fid%3D1165741-128%26name%3Dcountry+style+pork+ribs+oven+350" "Mozilla/5.0 (Linux; Android 6.0.1; Nexus 5X Build/MMB29P) AppleWebKit/537.36 (KHTML, like Gecko) Chrome/137.0.7151.119 Mobile Safari/537.36 (compatible; Googlebot/2.1; +http://www.google.com/bot.html)"
66.249.65.36 - - [15/Jul/2025:13:28:23 +0000] "POST /get-message-notify HTTP/1.1" 200 18196 "https://kraft-court.cafe/?x=35073522001800&mod=9854d7af&uri=blog.php%3Fid%3D1170630-387%26name%3Dsusan+powter+step+aerobics" "Mozilla/5.0 (Linux; Android 6.0.1; Nexus 5X Build/MMB29P) AppleWebKit/537.36 (KHTML, like Gecko) Chrome/137.0.7151.119 Mobile Safari/537.36 (compatible; Googlebot/2.1; +http://www.google.com/bot.html)"
209.74.77.214 - - [15/Jul/2025:13:28:29 +0000] "POST /wp-cron.php?doing_wp_cron=1752586109.8651690483093261718750 HTTP/1.1" 200 - "-" "WordPress/6.8.1; https://kraft-court.cafe"
51.222.253.9 - - [15/Jul/2025:13:28:28 +0000] "GET /detail/2247160778.htm HTTP/1.1" 404 1870 "-" "Mozilla/5.0 (compatible; AhrefsBot/7.0; +http://ahrefs.com/robot/)"
66.249.65.35 - - [15/Jul/2025:13:28:45 +0000] "POST /get-message-notify HTTP/1.1" 200 18196 "https://kraft-court.cafe/?x=47685132101800&mod=74dbd111&uri=pin.php?detail/2897316.htm" "Mozilla/5.0 (Linux; Android 6.0.1; Nexus 5X Build/MMB29P) AppleWebKit/537.36 (KHTML, like Gecko) Chrome/137.0.7151.119 Mobile Safari/537.36 (compatible; Googlebot/2.1; +http://www.google.com/bot.html)"
66.249.65.35 - - [15/Jul/2025:13:28:56 +0000] "POST /get-message-notify HTTP/1.1" 200 18196 "https://kraft-court.cafe/?x=31731434061800&mod=7a544863&uri=category-info.php?detail/2922328.htm" "Mozilla/5.0 (Linux; Android 6.0.1; Nexus 5X Build/MMB29P) AppleWebKit/537.36 (KHTML, like Gecko) Chrome/137.0.7151.119 Mobile Safari/537.36 (compatible; Googlebot/2.1; +http://www.google.com/bot.html)"
66.249.65.36 - - [15/Jul/2025:13:31:13 +0000] "POST /get-message-notify HTTP/1.1" 200 18196 "https://kraft-court.cafe/?x=40163424071800&mod=543e8374&uri=goods.php%3Fid%3D1340442-537%26name%3Dshirt+corset+dress" "Mozilla/5.0 (Linux; Android 6.0.1; Nexus 5X Build/MMB29P) AppleWebKit/537.36 (KHTML, like Gecko) Chrome/137.0.7151.119 Mobile Safari/537.36 (compatible; Googlebot/2.1; +http://www.google.com/bot.html)"
209.74.77.214 - - [15/Jul/2025:13:32:43 +0000] "POST /wp-cron.php?doing_wp_cron=1752586363.4165160655975341796875 HTTP/1.1" 200 - "-" "WordPress/6.8.1; https://kraft-court.cafe"
51.222.253.7 - - [15/Jul/2025:13:32:41 +0000] "GET /detail/2247180519.htm HTTP/1.1" 404 1870 "-" "Mozilla/5.0 (compatible; AhrefsBot/7.0; +http://ahrefs.com/robot/)"
173.252.107.6 - - [15/Jul/2025:13:32:52 +0000] "GET /robots.txt HTTP/1.1" 200 81 "-" "facebookexternalhit/1.1 (+http://www.facebook.com/externalhit_uatext.php)"
209.74.77.214 - - [15/Jul/2025:13:32:53 +0000] "POST /wp-cron.php?doing_wp_cron=1752586373.0741159915924072265625 HTTP/1.1" 200 - "-" "WordPress/6.8.1; https://kraft-court.cafe"
173.252.107.7 - - [15/Jul/2025:13:32:52 +0000] "GET / HTTP/1.1" 200 5435 "-" "facebookexternalhit/1.1 (+http://www.facebook.com/externalhit_uatext.php)"
209.74.77.214 - - [15/Jul/2025:13:43:12 +0000] "POST /wp-cron.php?doing_wp_cron=1752586992.1515719890594482421875 HTTP/1.1" 200 - "-" "WordPress/6.8.1; https://kraft-court.cafe"
167.94.146.53 - - [15/Jul/2025:13:43:10 +0000] "GET / HTTP/1.1" 200 1849 "-" "Mozilla/5.0 (compatible; CensysInspect/1.1; +https://about.censys.io/)"
167.94.146.53 - - [15/Jul/2025:13:43:14 +0000] "GET /favicon.ico HTTP/1.1" 302 - "-" "Mozilla/5.0 (compatible; CensysInspect/1.1; +https://about.censys.io/)"
167.94.146.53 - - [15/Jul/2025:13:43:15 +0000] "GET /wp-includes/images/w-logo-blue-white-bg.png HTTP/1.1" 200 4119 "https://kraft-court.cafe/favicon.ico" "Mozilla/5.0 (compatible; CensysInspect/1.1; +https://about.censys.io/)"
167.94.146.53 - - [15/Jul/2025:13:43:33 +0000] "GET /robots.txt HTTP/1.1" 200 96 "-" "Mozilla/5.0 (compatible; CensysInspect/1.1; +https://about.censys.io/)"
143.198.229.0 - - [15/Jul/2025:13:45:44 +0000] "GET /uploaded_script.php HTTP/1.1" 404 1857 "www.google.com" "Mozilla/5.0 (Linux; Android 7.0; SM-G892A Build/NRD90M; wv) AppleWebKit/537.36 (KHTML, like Gecko) Version/4.0 Chrome/60.0.3112.107 Mobile Safari/537.36"
66.249.65.36 - - [15/Jul/2025:13:47:27 +0000] "GET /?x=5634397011800&mod=55d99a37&uri=brands.php?detail/4337515.htm HTTP/1.1" 200 18968 "-" "Mozilla/5.0 (Linux; Android 6.0.1; Nexus 5X Build/MMB29P) AppleWebKit/537.36 (KHTML, like Gecko) Chrome/137.0.7151.103 Mobile Safari/537.36 (compatible; Googlebot/2.1; +http://www.google.com/bot.html)"
66.249.65.35 - - [15/Jul/2025:13:47:44 +0000] "POST /get-message-notify HTTP/1.1" 200 18196 "https://kraft-court.cafe/?x=5634397011800&mod=55d99a37&uri=brands.php?detail/4337515.htm" "Mozilla/5.0 (Linux; Android 6.0.1; Nexus 5X Build/MMB29P) AppleWebKit/537.36 (KHTML, like Gecko) Chrome/137.0.7151.119 Mobile Safari/537.36 (compatible; Googlebot/2.1; +http://www.google.com/bot.html)"
185.191.171.7 - - [15/Jul/2025:13:50:59 +0000] "GET /robots.txt HTTP/1.1" 200 96 "-" "Mozilla/5.0 (compatible; SemrushBot/7~bl; +http://www.semrush.com/bot.html)"
209.74.77.214 - - [15/Jul/2025:13:51:01 +0000] "POST /wp-cron.php?doing_wp_cron=1752587461.1467940807342529296875 HTTP/1.1" 200 - "-" "WordPress/6.8.1; https://kraft-court.cafe"
85.208.96.196 - - [15/Jul/2025:13:50:59 +0000] "GET /author/kraft/ HTTP/1.1" 200 1857 "-" "Mozilla/5.0 (compatible; SemrushBot/7~bl; +http://www.semrush.com/bot.html)"
66.249.65.36 - - [15/Jul/2025:13:51:45 +0000] "GET /?x=59643719051800&mod=20c9f570&uri=search.php?detail/4343171.htm HTTP/1.1" 200 18912 "-" "Mozilla/5.0 (Linux; Android 6.0.1; Nexus 5X Build/MMB29P) AppleWebKit/537.36 (KHTML, like Gecko) Chrome/137.0.7151.103 Mobile Safari/537.36 (compatible; Googlebot/2.1; +http://www.google.com/bot.html)"
66.249.65.36 - - [15/Jul/2025:13:55:48 +0000] "GET /?x=70396325041800&mod=61c0bc86&uri=news.php?detail/4412469.htm HTTP/1.1" 200 18348 "-" "Mozilla/5.0 (Linux; Android 6.0.1; Nexus 5X Build/MMB29P) AppleWebKit/537.36 (KHTML, like Gecko) Chrome/137.0.7151.103 Mobile Safari/537.36 (compatible; Googlebot/2.1; +http://www.google.com/bot.html)"
66.249.65.35 - - [15/Jul/2025:13:56:02 +0000] "GET /?x=47119943081800&mod=e7d6e2e8&uri=us.php?detail/4391851.htm HTTP/1.1" 200 18264 "-" "Mozilla/5.0 (Linux; Android 6.0.1; Nexus 5X Build/MMB29P) AppleWebKit/537.36 (KHTML, like Gecko) Chrome/137.0.7151.103 Mobile Safari/537.36 (compatible; Googlebot/2.1; +http://www.google.com/bot.html)"
91.201.115.174 - - [15/Jul/2025:14:06:01 +0000] "GET / HTTP/1.1" 301 - "-" "Mozilla/5.0 (Macintosh; Intel Mac OS X 10_15_7) AppleWebKit/537.36 (KHTML, like Gecko) Chrome/133.0.0.0 Safari/537.36"
91.201.115.174 - - [15/Jul/2025:14:06:02 +0000] "GET / HTTP/1.1" 200 1849 "https://KRAFT-COURT.CAFE" "Mozilla/5.0 (Macintosh; Intel Mac OS X 10_15_7) AppleWebKit/537.36 (KHTML, like Gecko) Chrome/133.0.0.0 Safari/537.36"
91.201.115.174 - - [15/Jul/2025:14:06:05 +0000] "GET /wp-login.php?action=lostpassword HTTP/1.1" 200 1070 "-" "Mozilla/5.0 (Macintosh; Intel Mac OS X 10_15_7) AppleWebKit/537.36 (KHTML, like Gecko) Chrome/133.0.0.0 Safari/537.36"
186.159.11.122 - - [15/Jul/2025:14:06:08 +0000] "POST /wp-login.php?action=lostpassword HTTP/1.1" 200 1169 "-" "Mozilla/5.0 (Macintosh; Intel Mac OS X 10_15_7) AppleWebKit/537.36 (KHTML, like Gecko) Chrome/133.0.0.0 Safari/537.36"
186.159.11.122 - - [15/Jul/2025:14:06:11 +0000] "POST /wp-login.php?action=lostpassword HTTP/1.1" 200 1139 "-" "Mozilla/5.0 (Windows NT 10.0; Win64; x64) AppleWebKit/537.36 (KHTML, like Gecko) Chrome/120.0.0.0 Safari/537.36"
91.201.115.174 - - [15/Jul/2025:14:06:12 +0000] "GET /wp-login.php HTTP/1.1" 200 1833 "-" "Mozilla/5.0 (Macintosh; Intel Mac OS X 10_15_7) AppleWebKit/537.36 (KHTML, like Gecko) Chrome/133.0.0.0 Safari/537.36"
167.94.138.189 - - [15/Jul/2025:14:06:12 +0000] "GET / HTTP/1.1" 200 1849 "-" "Mozilla/5.0 (compatible; CensysInspect/1.1; +https://about.censys.io/)"
167.94.138.189 - - [15/Jul/2025:14:06:20 +0000] "GET /favicon.ico HTTP/1.1" 302 - "-" "Mozilla/5.0 (compatible; CensysInspect/1.1; +https://about.censys.io/)"
209.74.77.214 - - [15/Jul/2025:14:06:58 +0000] "POST /wp-cron.php?doing_wp_cron=1752588418.9296441078186035156250 HTTP/1.1" 200 - "-" "WordPress/6.8.1; https://kraft-court.cafe"
167.94.138.189 - - [15/Jul/2025:14:06:57 +0000] "GET /favicon.ico HTTP/1.1" 302 - "-" "Mozilla/5.0 (compatible; CensysInspect/1.1; +https://about.censys.io/)"
167.94.138.189 - - [15/Jul/2025:14:07:02 +0000] "GET /wp-includes/images/w-logo-blue-white-bg.png HTTP/1.1" 200 4119 "https://kraft-court.cafe/favicon.ico" "Mozilla/5.0 (compatible; CensysInspect/1.1; +https://about.censys.io/)"
167.94.138.189 - - [15/Jul/2025:14:07:13 +0000] "GET /security.txt HTTP/1.1" 404 1859 "-" "Mozilla/5.0 (compatible; CensysInspect/1.1; +https://about.censys.io/)"
66.249.65.37 - - [15/Jul/2025:14:25:37 +0000] "GET /?x=59715893011800&mod=c33b41e8&uri=dp.php%3Fid%3D1992767-1087%26name%3Damazon+umbrellas+for+patio+tables HTTP/1.1" 200 18449 "-" "Mozilla/5.0 (Linux; Android 6.0.1; Nexus 5X Build/MMB29P) AppleWebKit/537.36 (KHTML, like Gecko) Chrome/137.0.7151.103 Mobile Safari/537.36 (compatible; Googlebot/2.1; +http://www.google.com/bot.html)"
66.249.65.35 - - [15/Jul/2025:14:25:36 +0000] "GET /?x=48081050101800&mod=d594b1a9&uri=form.php%3Fid%3D1604578-341%26name%3Ddji+ronin+rs+pro+combo HTTP/1.1" 200 18429 "-" "Mozilla/5.0 (Linux; Android 6.0.1; Nexus 5X Build/MMB29P) AppleWebKit/537.36 (KHTML, like Gecko) Chrome/137.0.7151.103 Mobile Safari/537.36 (compatible; Googlebot/2.1; +http://www.google.com/bot.html)"
66.249.65.37 - - [15/Jul/2025:14:25:37 +0000] "GET /?x=118730892071800&mod=3f78fa1c&uri=brands.php%3Fid%3D3962429-679%26name%3Dback+cover+vivo+y81 HTTP/1.1" 200 18437 "-" "Mozilla/5.0 (Linux; Android 6.0.1; Nexus 5X Build/MMB29P) AppleWebKit/537.36 (KHTML, like Gecko) Chrome/137.0.7151.103 Mobile Safari/537.36 (compatible; Googlebot/2.1; +http://www.google.com/bot.html)"
66.249.65.36 - - [15/Jul/2025:14:25:37 +0000] "GET /?x=5647326041800&mod=55d99a37&uri=us.php?detail/4376731.htm HTTP/1.1" 200 19352 "-" "Mozilla/5.0 (Linux; Android 6.0.1; Nexus 5X Build/MMB29P) AppleWebKit/537.36 (KHTML, like Gecko) Chrome/137.0.7151.103 Mobile Safari/537.36 (compatible; Googlebot/2.1; +http://www.google.com/bot.html)"
45.227.253.15 - - [15/Jul/2025:14:25:59 +0000] "GET /index.php/jk HTTP/1.1" 200 59 "-" "Mozilla/5.0 (Macintosh; Intel Mac OS X 10.14; rv:103.0) Gecko/20100101 Firefox/103.0"
66.249.65.35 - - [15/Jul/2025:14:26:19 +0000] "POST /get-message-notify HTTP/1.1" 200 18196 "https://kraft-court.cafe/?x=59715893011800&mod=c33b41e8&uri=dp.php%3Fid%3D1992767-1087%26name%3Damazon+umbrellas+for+patio+tables" "Mozilla/5.0 (Linux; Android 6.0.1; Nexus 5X Build/MMB29P) AppleWebKit/537.36 (KHTML, like Gecko) Chrome/137.0.7151.119 Mobile Safari/537.36 (compatible; Googlebot/2.1; +http://www.google.com/bot.html)"
66.249.65.35 - - [15/Jul/2025:14:26:55 +0000] "GET /?x=47565400091800&mod=b7b16ecf&uri=us.php%3Fid%3D1587369-39%26name%3Dgaming+chair+low+to+ground HTTP/1.1" 200 18430 "-" "Mozilla/5.0 (Linux; Android 6.0.1; Nexus 5X Build/MMB29P) AppleWebKit/537.36 (KHTML, like Gecko) Chrome/137.0.7151.103 Mobile Safari/537.36 (compatible; Googlebot/2.1; +http://www.google.com/bot.html)"
66.249.65.36 - - [15/Jul/2025:14:28:12 +0000] "GET /?x=113648433011800&mod=165a59f7&uri=shared.php?events/ HTTP/1.1" 200 18741 "-" "Mozilla/5.0 (Linux; Android 6.0.1; Nexus 5X Build/MMB29P) AppleWebKit/537.36 (KHTML, like Gecko) Chrome/137.0.7151.103 Mobile Safari/537.36 (compatible; Googlebot/2.1; +http://www.google.com/bot.html)"
66.249.65.35 - - [15/Jul/2025:14:28:20 +0000] "POST /get-message-notify HTTP/1.1" 200 18196 "https://kraft-court.cafe/?x=113648433011800&mod=165a59f7&uri=shared.php?events/" "Mozilla/5.0 (Linux; Android 6.0.1; Nexus 5X Build/MMB29P) AppleWebKit/537.36 (KHTML, like Gecko) Chrome/137.0.7151.119 Mobile Safari/537.36 (compatible; Googlebot/2.1; +http://www.google.com/bot.html)"
66.249.65.35 - - [15/Jul/2025:14:28:29 +0000] "POST /get-message-notify HTTP/1.1" 200 18196 "https://kraft-court.cafe/?x=118730892071800&mod=3f78fa1c&uri=brands.php%3Fid%3D3962429-679%26name%3Dback+cover+vivo+y81" "Mozilla/5.0 (Linux; Android 6.0.1; Nexus 5X Build/MMB29P) AppleWebKit/537.36 (KHTML, like Gecko) Chrome/137.0.7151.119 Mobile Safari/537.36 (compatible; Googlebot/2.1; +http://www.google.com/bot.html)"
66.249.65.35 - - [15/Jul/2025:14:28:46 +0000] "GET /?x=35060712031800&mod=9854d7af&uri=dp.php%3Fid%3D1170203-387%26name%3Dexercise+for+growing+hips HTTP/1.1" 200 18428 "-" "Mozilla/5.0 (Linux; Android 6.0.1; Nexus 5X Build/MMB29P) AppleWebKit/537.36 (KHTML, like Gecko) Chrome/137.0.7151.103 Mobile Safari/537.36 (compatible; Googlebot/2.1; +http://www.google.com/bot.html)"
66.249.65.37 - - [15/Jul/2025:14:29:31 +0000] "POST /get-message-notify HTTP/1.1" 200 18196 "https://kraft-court.cafe/?x=35060712031800&mod=9854d7af&uri=dp.php%3Fid%3D1170203-387%26name%3Dexercise+for+growing+hips" "Mozilla/5.0 (Linux; Android 6.0.1; Nexus 5X Build/MMB29P) AppleWebKit/537.36 (KHTML, like Gecko) Chrome/137.0.7151.119 Mobile Safari/537.36 (compatible; Googlebot/2.1; +http://www.google.com/bot.html)"
66.249.65.36 - - [15/Jul/2025:14:30:33 +0000] "GET /?x=47119943081800&mod=e7d6e2e8&uri=us.php?detail/2881320.htm HTTP/1.1" 200 19606 "-" "Mozilla/5.0 (Linux; Android 6.0.1; Nexus 5X Build/MMB29P) AppleWebKit/537.36 (KHTML, like Gecko) Chrome/137.0.7151.103 Mobile Safari/537.36 (compatible; Googlebot/2.1; +http://www.google.com/bot.html)"
66.249.65.37 - - [15/Jul/2025:14:31:00 +0000] "GET /?x=6070301031800&mod=fd9dcf1d&uri=shared.php?feature/sale2411-5/index.html HTTP/1.1" 200 19405 "-" "Mozilla/5.0 (Linux; Android 6.0.1; Nexus 5X Build/MMB29P) AppleWebKit/537.36 (KHTML, like Gecko) Chrome/137.0.7151.103 Mobile Safari/537.36 (compatible; Googlebot/2.1; +http://www.google.com/bot.html)"
66.249.65.36 - - [15/Jul/2025:14:31:26 +0000] "POST /get-message-notify HTTP/1.1" 200 18196 "https://kraft-court.cafe/?x=6070301031800&mod=fd9dcf1d&uri=shared.php?feature/sale2411-5/index.html" "Mozilla/5.0 (Linux; Android 6.0.1; Nexus 5X Build/MMB29P) AppleWebKit/537.36 (KHTML, like Gecko) Chrome/137.0.7151.119 Mobile Safari/537.36 (compatible; Googlebot/2.1; +http://www.google.com/bot.html)"
66.249.65.37 - - [15/Jul/2025:14:32:17 +0000] "GET /?x=47685132101800&mod=74dbd111&uri=pin.php?detail/2931729.htm HTTP/1.1" 200 18814 "-" "Mozilla/5.0 (Linux; Android 6.0.1; Nexus 5X Build/MMB29P) AppleWebKit/537.36 (KHTML, like Gecko) Chrome/137.0.7151.103 Mobile Safari/537.36 (compatible; Googlebot/2.1; +http://www.google.com/bot.html)"
66.249.65.36 - - [15/Jul/2025:14:32:32 +0000] "GET /?x=47119943081800&mod=e7d6e2e8&uri=us.php?detail/2880123.htm HTTP/1.1" 200 19105 "-" "Mozilla/5.0 (Linux; Android 6.0.1; Nexus 5X Build/MMB29P) AppleWebKit/537.36 (KHTML, like Gecko) Chrome/137.0.7151.103 Mobile Safari/537.36 (compatible; Googlebot/2.1; +http://www.google.com/bot.html)"
66.249.65.35 - - [15/Jul/2025:14:32:41 +0000] "POST /get-message-notify HTTP/1.1" 200 18196 "https://kraft-court.cafe/?x=47119943081800&mod=e7d6e2e8&uri=us.php?detail/2880123.htm" "Mozilla/5.0 (Linux; Android 6.0.1; Nexus 5X Build/MMB29P) AppleWebKit/537.36 (KHTML, like Gecko) Chrome/137.0.7151.119 Mobile Safari/537.36 (compatible; Googlebot/2.1; +http://www.google.com/bot.html)"
66.249.65.37 - - [15/Jul/2025:14:33:34 +0000] "GET /?x=6319646031800&mod=8f121ce0&uri=blog.php?toreka/toreka_single.html HTTP/1.1" 200 18981 "-" "Mozilla/5.0 (Linux; Android 6.0.1; Nexus 5X Build/MMB29P) AppleWebKit/537.36 (KHTML, like Gecko) Chrome/137.0.7151.103 Mobile Safari/537.36 (compatible; Googlebot/2.1; +http://www.google.com/bot.html)"
66.249.65.35 - - [15/Jul/2025:14:33:41 +0000] "GET /?x=59643719051800&mod=20c9f570&uri=search.php?detail/5840206.htm HTTP/1.1" 200 18361 "-" "Mozilla/5.0 (Linux; Android 6.0.1; Nexus 5X Build/MMB29P) AppleWebKit/537.36 (KHTML, like Gecko) Chrome/137.0.7151.103 Mobile Safari/537.36 (compatible; Googlebot/2.1; +http://www.google.com/bot.html)"
66.249.65.36 - - [15/Jul/2025:14:33:43 +0000] "GET /?x=47685132101800&mod=74dbd111&uri=pin.php?detail/51701520.htm HTTP/1.1" 200 19207 "-" "Mozilla/5.0 (Linux; Android 6.0.1; Nexus 5X Build/MMB29P) AppleWebKit/537.36 (KHTML, like Gecko) Chrome/137.0.7151.103 Mobile Safari/537.36 (compatible; Googlebot/2.1; +http://www.google.com/bot.html)"
66.249.65.35 - - [15/Jul/2025:14:33:45 +0000] "GET /?x=59643719051800&mod=20c9f570&uri=search.php?detail/5837860.htm HTTP/1.1" 200 18817 "-" "Mozilla/5.0 (Linux; Android 6.0.1; Nexus 5X Build/MMB29P) AppleWebKit/537.36 (KHTML, like Gecko) Chrome/137.0.7151.103 Mobile Safari/537.36 (compatible; Googlebot/2.1; +http://www.google.com/bot.html)"
66.249.65.35 - - [15/Jul/2025:14:33:47 +0000] "GET /?x=59643719051800&mod=20c9f570&uri=search.php?detail/5839257.htm HTTP/1.1" 200 19003 "-" "Mozilla/5.0 (Linux; Android 6.0.1; Nexus 5X Build/MMB29P) AppleWebKit/537.36 (KHTML, like Gecko) Chrome/137.0.7151.103 Mobile Safari/537.36 (compatible; Googlebot/2.1; +http://www.google.com/bot.html)"
66.249.65.35 - - [15/Jul/2025:14:33:49 +0000] "GET /?x=35074362021800&mod=9854d7af&uri=news.php%3Fid%3D1170658-387%26name%3Dgood+cardio+workouts+to+lose+weight HTTP/1.1" 200 18441 "-" "Mozilla/5.0 (Linux; Android 6.0.1; Nexus 5X Build/MMB29P) AppleWebKit/537.36 (KHTML, like Gecko) Chrome/137.0.7151.103 Mobile Safari/537.36 (compatible; Googlebot/2.1; +http://www.google.com/bot.html)"
66.249.65.35 - - [15/Jul/2025:14:33:51 +0000] "GET /?x=35064282021800&mod=9854d7af&uri=blog.php%3Fid%3D1170322-387%26name%3Dday+ab+workout HTTP/1.1" 200 18417 "-" "Mozilla/5.0 (Linux; Android 6.0.1; Nexus 5X Build/MMB29P) AppleWebKit/537.36 (KHTML, like Gecko) Chrome/137.0.7151.103 Mobile Safari/537.36 (compatible; Googlebot/2.1; +http://www.google.com/bot.html)"
66.249.65.35 - - [15/Jul/2025:14:33:52 +0000] "POST /get-message-notify HTTP/1.1" 200 18196 "https://kraft-court.cafe/?x=35074362021800&mod=9854d7af&uri=news.php%3Fid%3D1170658-387%26name%3Dgood+cardio+workouts+to+lose+weight" "Mozilla/5.0 (Linux; Android 6.0.1; Nexus 5X Build/MMB29P) AppleWebKit/537.36 (KHTML, like Gecko) Chrome/137.0.7151.119 Mobile Safari/537.36 (compatible; Googlebot/2.1; +http://www.google.com/bot.html)"
66.249.65.35 - - [15/Jul/2025:14:33:53 +0000] "GET /?x=35062812131800&mod=9854d7af&uri=news.php%3Fid%3D1170273-387%26name%3Dswiss+crunch HTTP/1.1" 200 18411 "-" "Mozilla/5.0 (Linux; Android 6.0.1; Nexus 5X Build/MMB29P) AppleWebKit/537.36 (KHTML, like Gecko) Chrome/137.0.7151.103 Mobile Safari/537.36 (compatible; Googlebot/2.1; +http://www.google.com/bot.html)"
66.249.65.35 - - [15/Jul/2025:14:33:56 +0000] "GET /?x=34913163051800&mod=e88f243b&uri=shop.php%3Fid%3D1165278-481%26name%3Dvivo+y11+black+case HTTP/1.1" 200 18428 "-" "Mozilla/5.0 (Linux; Android 6.0.1; Nexus 5X Build/MMB29P) AppleWebKit/537.36 (KHTML, like Gecko) Chrome/137.0.7151.103 Mobile Safari/537.36 (compatible; Googlebot/2.1; +http://www.google.com/bot.html)"
66.249.65.35 - - [15/Jul/2025:14:33:56 +0000] "POST /get-message-notify HTTP/1.1" 200 18196 "https://kraft-court.cafe/?x=35062812131800&mod=9854d7af&uri=news.php%3Fid%3D1170273-387%26name%3Dswiss+crunch" "Mozilla/5.0 (Linux; Android 6.0.1; Nexus 5X Build/MMB29P) AppleWebKit/537.36 (KHTML, like Gecko) Chrome/137.0.7151.119 Mobile Safari/537.36 (compatible; Googlebot/2.1; +http://www.google.com/bot.html)"
66.249.65.35 - - [15/Jul/2025:14:33:58 +0000] "GET /?x=34926603031800&mod=e88f243b&uri=shared.php%3Fid%3D1165726-481%26name%3Diphone+11+pro+nillkin+case HTTP/1.1" 200 18444 "-" "Mozilla/5.0 (Linux; Android 6.0.1; Nexus 5X Build/MMB29P) AppleWebKit/537.36 (KHTML, like Gecko) Chrome/137.0.7151.103 Mobile Safari/537.36 (compatible; Googlebot/2.1; +http://www.google.com/bot.html)"
66.249.65.35 - - [15/Jul/2025:14:33:58 +0000] "GET /?x=47685132101800&mod=74dbd111&uri=pin.php?detail/2893067.htm HTTP/1.1" 200 19271 "-" "Mozilla/5.0 (Linux; Android 6.0.1; Nexus 5X Build/MMB29P) AppleWebKit/537.36 (KHTML, like Gecko) Chrome/137.0.7151.103 Mobile Safari/537.36 (compatible; Googlebot/2.1; +http://www.google.com/bot.html)"
66.249.65.35 - - [15/Jul/2025:14:34:00 +0000] "GET /?x=34949025121800&mod=b98249b3&uri=info.php%3Fid%3D1166477-328%26name%3Dwinterschuhe+halbhoch HTTP/1.1" 200 18428 "-" "Mozilla/5.0 (Linux; Android 6.0.1; Nexus 5X Build/MMB29P) AppleWebKit/537.36 (KHTML, like Gecko) Chrome/137.0.7151.103 Mobile Safari/537.36 (compatible; Googlebot/2.1; +http://www.google.com/bot.html)"
66.249.65.35 - - [15/Jul/2025:14:34:02 +0000] "GET /?x=35066172051800&mod=9854d7af&uri=brands.php%3Fid%3D1170385-387%26name%3Dbest+exercises+to+lose+side+hip+fat HTTP/1.1" 200 18453 "-" "Mozilla/5.0 (Linux; Android 6.0.1; Nexus 5X Build/MMB29P) AppleWebKit/537.36 (KHTML, like Gecko) Chrome/137.0.7151.103 Mobile Safari/537.36 (compatible; Googlebot/2.1; +http://www.google.com/bot.html)"
66.249.65.35 - - [15/Jul/2025:14:34:04 +0000] "POST /get-message-notify HTTP/1.1" 200 18196 "https://kraft-court.cafe/?x=35066172051800&mod=9854d7af&uri=brands.php%3Fid%3D1170385-387%26name%3Dbest+exercises+to+lose+side+hip+fat" "Mozilla/5.0 (Linux; Android 6.0.1; Nexus 5X Build/MMB29P) AppleWebKit/537.36 (KHTML, like Gecko) Chrome/137.0.7151.119 Mobile Safari/537.36 (compatible; Googlebot/2.1; +http://www.google.com/bot.html)"
66.249.65.35 - - [15/Jul/2025:14:34:05 +0000] "GET /?x=34927173011800&mod=0e9fa1f3&uri=shared.php%3Fid%3D1165745-128%26name%3Dpork+loin+centre+and+rib HTTP/1.1" 200 18438 "-" "Mozilla/5.0 (Linux; Android 6.0.1; Nexus 5X Build/MMB29P) AppleWebKit/537.36 (KHTML, like Gecko) Chrome/137.0.7151.103 Mobile Safari/537.36 (compatible; Googlebot/2.1; +http://www.google.com/bot.html)"
66.249.65.35 - - [15/Jul/2025:14:34:07 +0000] "GET /?x=34925673071800&mod=0e9fa1f3&uri=itm.php%3Fid%3D1165695-128%26name%3Dcooking+lamb+rib+chops HTTP/1.1" 200 18435 "-" "Mozilla/5.0 (Linux; Android 6.0.1; Nexus 5X Build/MMB29P) AppleWebKit/537.36 (KHTML, like Gecko) Chrome/137.0.7151.103 Mobile Safari/537.36 (compatible; Googlebot/2.1; +http://www.google.com/bot.html)"
66.249.65.35 - - [15/Jul/2025:14:34:09 +0000] "GET /?x=34926063061800&mod=e88f243b&uri=category-info.php%3Fid%3D1165708-481%26name%3Diphone+11+case+goyard HTTP/1.1" 200 18457 "-" "Mozilla/5.0 (Linux; Android 6.0.1; Nexus 5X Build/MMB29P) AppleWebKit/537.36 (KHTML, like Gecko) Chrome/137.0.7151.103 Mobile Safari/537.36 (compatible; Googlebot/2.1; +http://www.google.com/bot.html)"
66.249.65.35 - - [15/Jul/2025:14:34:10 +0000] "GET /?x=34926483041800&mod=e88f243b&uri=pin.php%3Fid%3D1165722-481%26name%3Diphone+11+pro+max+gucci+cover HTTP/1.1" 200 18440 "-" "Mozilla/5.0 (Linux; Android 6.0.1; Nexus 5X Build/MMB29P) AppleWebKit/537.36 (KHTML, like Gecko) Chrome/137.0.7151.103 Mobile Safari/537.36 (compatible; Googlebot/2.1; +http://www.google.com/bot.html)"
66.249.65.35 - - [15/Jul/2025:14:34:15 +0000] "GET /?x=34939104071800&mod=b98249b3&uri=shop.php%3Fid%3D1166143-328%26name%3Dh%C3%83%C2%B6gl+stiefelette+lackleder HTTP/1.1" 200 18459 "-" "Mozilla/5.0 (Linux; Android 6.0.1; Nexus 5X Build/MMB29P) AppleWebKit/537.36 (KHTML, like Gecko) Chrome/137.0.7151.103 Mobile Safari/537.36 (compatible; Googlebot/2.1; +http://www.google.com/bot.html)"
66.249.65.35 - - [15/Jul/2025:14:34:17 +0000] "GET /?x=35066592091800&mod=9854d7af&uri=form.php%3Fid%3D1170399-387%26name%3Djordan+abs+workout HTTP/1.1" 200 18421 "-" "Mozilla/5.0 (Linux; Android 6.0.1; Nexus 5X Build/MMB29P) AppleWebKit/537.36 (KHTML, like Gecko) Chrome/137.0.7151.103 Mobile Safari/537.36 (compatible; Googlebot/2.1; +http://www.google.com/bot.html)"
66.249.65.35 - - [15/Jul/2025:14:34:20 +0000] "GET /?x=35064492091800&mod=9854d7af&uri=category-info.php%3Fid%3D1170329-387%26name%3Dstep+toning+exercises HTTP/1.1" 200 18462 "-" "Mozilla/5.0 (Linux; Android 6.0.1; Nexus 5X Build/MMB29P) AppleWebKit/537.36 (KHTML, like Gecko) Chrome/137.0.7151.103 Mobile Safari/537.36 (compatible; Googlebot/2.1; +http://www.google.com/bot.html)"
66.249.65.35 - - [15/Jul/2025:14:34:20 +0000] "POST /get-message-notify HTTP/1.1" 200 18196 "https://kraft-court.cafe/?x=34949025121800&mod=b98249b3&uri=info.php%3Fid%3D1166477-328%26name%3Dwinterschuhe+halbhoch" "Mozilla/5.0 (Linux; Android 6.0.1; Nexus 5X Build/MMB29P) AppleWebKit/537.36 (KHTML, like Gecko) Chrome/137.0.7151.119 Mobile Safari/537.36 (compatible; Googlebot/2.1; +http://www.google.com/bot.html)"
66.249.65.35 - - [15/Jul/2025:14:34:22 +0000] "GET /?x=34927383021800&mod=a0872cc5&uri=article.php%3Fid%3D1165752-130%26name%3Dis+iphone+11+and+pro+same+case HTTP/1.1" 200 18453 "-" "Mozilla/5.0 (Linux; Android 6.0.1; Nexus 5X Build/MMB29P) AppleWebKit/537.36 (KHTML, like Gecko) Chrome/137.0.7151.103 Mobile Safari/537.36 (compatible; Googlebot/2.1; +http://www.google.com/bot.html)"
66.249.65.35 - - [15/Jul/2025:14:34:24 +0000] "GET /?x=34926573051800&mod=a0872cc5&uri=news.php%3Fid%3D1165725-130%26name%3Dwill+iphone+11+pro+case+fit+11 HTTP/1.1" 200 18440 "-" "Mozilla/5.0 (Linux; Android 6.0.1; Nexus 5X Build/MMB29P) AppleWebKit/537.36 (KHTML, like Gecko) Chrome/137.0.7151.103 Mobile Safari/537.36 (compatible; Googlebot/2.1; +http://www.google.com/bot.html)"
66.249.65.35 - - [15/Jul/2025:14:34:26 +0000] "GET /?x=35037352041800&mod=4496bf24&uri=products.php%3Fid%3D1169424-182%26name%3Dboohoo+clothing+online HTTP/1.1" 200 18440 "-" "Mozilla/5.0 (Linux; Android 6.0.1; Nexus 5X Build/MMB29P) AppleWebKit/537.36 (KHTML, like Gecko) Chrome/137.0.7151.103 Mobile Safari/537.36 (compatible; Googlebot/2.1; +http://www.google.com/bot.html)"
66.249.65.35 - - [15/Jul/2025:14:34:28 +0000] "GET /?x=35065122001800&mod=9854d7af&uri=pin.php%3Fid%3D1170350-387%26name%3Dtabata+daily HTTP/1.1" 200 18407 "-" "Mozilla/5.0 (Linux; Android 6.0.1; Nexus 5X Build/MMB29P) AppleWebKit/537.36 (KHTML, like Gecko) Chrome/137.0.7151.103 Mobile Safari/537.36 (compatible; Googlebot/2.1; +http://www.google.com/bot.html)"
66.249.65.35 - - [15/Jul/2025:14:34:29 +0000] "GET /?x=34927023061800&mod=e88f243b&uri=shared.php%3Fid%3D1165740-481%26name%3Dvivo+y91+cover+mobile HTTP/1.1" 200 18430 "-" "Mozilla/5.0 (Linux; Android 6.0.1; Nexus 5X Build/MMB29P) AppleWebKit/537.36 (KHTML, like Gecko) Chrome/137.0.7151.103 Mobile Safari/537.36 (compatible; Googlebot/2.1; +http://www.google.com/bot.html)"
66.249.65.35 - - [15/Jul/2025:14:34:31 +0000] "GET /?x=34926783001800&mod=0e9fa1f3&uri=brands.php%3Fid%3D1165732-128%26name%3Doven+baked+western+ribs HTTP/1.1" 200 18435 "-" "Mozilla/5.0 (Linux; Android 6.0.1; Nexus 5X Build/MMB29P) AppleWebKit/537.36 (KHTML, like Gecko) Chrome/137.0.7151.103 Mobile Safari/537.36 (compatible; Googlebot/2.1; +http://www.google.com/bot.html)"
66.249.65.35 - - [15/Jul/2025:14:34:33 +0000] "GET /?x=35061132021800&mod=9854d7af&uri=category-info.php%3Fid%3D1170217-387%26name%3Dworkout+routine+to+get+a+flat+stomach HTTP/1.1" 200 18494 "-" "Mozilla/5.0 (Linux; Android 6.0.1; Nexus 5X Build/MMB29P) AppleWebKit/537.36 (KHTML, like Gecko) Chrome/137.0.7151.103 Mobile Safari/537.36 (compatible; Googlebot/2.1; +http://www.google.com/bot.html)"
66.249.65.35 - - [15/Jul/2025:14:34:35 +0000] "POST /get-message-notify HTTP/1.1" 200 18196 "https://kraft-court.cafe/?x=35061132021800&mod=9854d7af&uri=category-info.php%3Fid%3D1170217-387%26name%3Dworkout+routine+to+get+a+flat+stomach" "Mozilla/5.0 (Linux; Android 6.0.1; Nexus 5X Build/MMB29P) AppleWebKit/537.36 (KHTML, like Gecko) Chrome/137.0.7151.119 Mobile Safari/537.36 (compatible; Googlebot/2.1; +http://www.google.com/bot.html)"
66.249.65.35 - - [15/Jul/2025:14:34:35 +0000] "GET /?x=47685132101800&mod=74dbd111&uri=pin.php?detail/2945612.htm HTTP/1.1" 200 19466 "-" "Mozilla/5.0 (Linux; Android 6.0.1; Nexus 5X Build/MMB29P) AppleWebKit/537.36 (KHTML, like Gecko) Chrome/137.0.7151.103 Mobile Safari/537.36 (compatible; Googlebot/2.1; +http://www.google.com/bot.html)"
66.249.65.36 - - [15/Jul/2025:14:34:37 +0000] "GET /?x=35059042011800&mod=9854d7af&uri=search.php%3Fid%3D1170147-387%26name%3Dwaist+shrinking+workout HTTP/1.1" 200 18429 "-" "Mozilla/5.0 (Linux; Android 6.0.1; Nexus 5X Build/MMB29P) AppleWebKit/537.36 (KHTML, like Gecko) Chrome/137.0.7151.103 Mobile Safari/537.36 (compatible; Googlebot/2.1; +http://www.google.com/bot.html)"
66.249.65.36 - - [15/Jul/2025:14:34:41 +0000] "GET /?x=35060922101800&mod=9854d7af&uri=brands.php%3Fid%3D1170210-387%26name%3Dwearing+a+waist+trainer+while+working+out HTTP/1.1" 200 18461 "-" "Mozilla/5.0 (Linux; Android 6.0.1; Nexus 5X Build/MMB29P) AppleWebKit/537.36 (KHTML, like Gecko) Chrome/137.0.7151.103 Mobile Safari/537.36 (compatible; Googlebot/2.1; +http://www.google.com/bot.html)"
66.249.65.35 - - [15/Jul/2025:14:34:43 +0000] "GET /?x=34910763001800&mod=e88f243b&uri=shop.php%3Fid%3D1165198-481%26name%3Diphone+xi+pro+case HTTP/1.1" 200 18425 "-" "Mozilla/5.0 (Linux; Android 6.0.1; Nexus 5X Build/MMB29P) AppleWebKit/537.36 (KHTML, like Gecko) Chrome/137.0.7151.103 Mobile Safari/537.36 (compatible; Googlebot/2.1; +http://www.google.com/bot.html)"
66.249.65.36 - - [15/Jul/2025:14:34:47 +0000] "GET /?x=34926873021800&mod=a0872cc5&uri=article.php%3Fid%3D1165735-130%26name%3Diphone+12+holdit HTTP/1.1" 200 18434 "-" "Mozilla/5.0 (Linux; Android 6.0.1; Nexus 5X Build/MMB29P) AppleWebKit/537.36 (KHTML, like Gecko) Chrome/137.0.7151.103 Mobile Safari/537.36 (compatible; Googlebot/2.1; +http://www.google.com/bot.html)"
66.249.65.36 - - [15/Jul/2025:14:34:50 +0000] "POST /get-message-notify HTTP/1.1" 200 18196 "https://kraft-court.cafe/?x=34926873021800&mod=a0872cc5&uri=article.php%3Fid%3D1165735-130%26name%3Diphone+12+holdit" "Mozilla/5.0 (Linux; Android 6.0.1; Nexus 5X Build/MMB29P) AppleWebKit/537.36 (KHTML, like Gecko) Chrome/137.0.7151.119 Mobile Safari/537.36 (compatible; Googlebot/2.1; +http://www.google.com/bot.html)"
66.249.65.36 - - [15/Jul/2025:14:34:51 +0000] "GET /?x=34927413051800&mod=a0872cc5&uri=info.php%3Fid%3D1165753-130%26name%3Dspigen+air+skin+xr HTTP/1.1" 200 18426 "-" "Mozilla/5.0 (Linux; Android 6.0.1; Nexus 5X Build/MMB29P) AppleWebKit/537.36 (KHTML, like Gecko) Chrome/137.0.7151.103 Mobile Safari/537.36 (compatible; Googlebot/2.1; +http://www.google.com/bot.html)"
66.249.65.35 - - [15/Jul/2025:14:34:52 +0000] "GET /?x=35068062081800&mod=9854d7af&uri=news.php%3Fid%3D1170448-387%26name%3Dflex+strap+stretching+strap HTTP/1.1" 200 18425 "-" "Mozilla/5.0 (Linux; Android 6.0.1; Nexus 5X Build/MMB29P) AppleWebKit/537.36 (KHTML, like Gecko) Chrome/137.0.7151.103 Mobile Safari/537.36 (compatible; Googlebot/2.1; +http://www.google.com/bot.html)"
66.249.65.35 - - [15/Jul/2025:14:34:53 +0000] "GET /?x=34925823021800&mod=e88f243b&uri=itm.php%3Fid%3D1165700-481%26name%3D360+case+iphone+11+pro HTTP/1.1" 200 18430 "-" "Mozilla/5.0 (Linux; Android 6.0.1; Nexus 5X Build/MMB29P) AppleWebKit/537.36 (KHTML, like Gecko) Chrome/137.0.7151.103 Mobile Safari/537.36 (compatible; Googlebot/2.1; +http://www.google.com/bot.html)"
66.249.65.35 - - [15/Jul/2025:14:34:54 +0000] "GET /?x=35069742041800&mod=9854d7af&uri=category-info.php%3Fid%3D1170504-387%26name%3Dabs+exercise+without+hip+flexors HTTP/1.1" 200 18477 "-" "Mozilla/5.0 (Linux; Android 6.0.1; Nexus 5X Build/MMB29P) AppleWebKit/537.36 (KHTML, like Gecko) Chrome/137.0.7151.103 Mobile Safari/537.36 (compatible; Googlebot/2.1; +http://www.google.com/bot.html)"
66.249.65.35 - - [15/Jul/2025:14:34:54 +0000] "POST /get-message-notify HTTP/1.1" 200 18196 "https://kraft-court.cafe/?x=35068062081800&mod=9854d7af&uri=news.php%3Fid%3D1170448-387%26name%3Dflex+strap+stretching+strap" "Mozilla/5.0 (Linux; Android 6.0.1; Nexus 5X Build/MMB29P) AppleWebKit/537.36 (KHTML, like Gecko) Chrome/137.0.7151.119 Mobile Safari/537.36 (compatible; Googlebot/2.1; +http://www.google.com/bot.html)"
66.249.65.35 - - [15/Jul/2025:14:34:55 +0000] "GET /?x=35071632071800&mod=9854d7af&uri=shared.php%3Fid%3D1170567-387%26name%3Ddwayne+johnson+daily+workout HTTP/1.1" 200 18446 "-" "Mozilla/5.0 (Linux; Android 6.0.1; Nexus 5X Build/MMB29P) AppleWebKit/537.36 (KHTML, like Gecko) Chrome/137.0.7151.103 Mobile Safari/537.36 (compatible; Googlebot/2.1; +http://www.google.com/bot.html)"
66.249.65.35 - - [15/Jul/2025:14:34:56 +0000] "GET /?x=34324910071800&mod=689041c2&uri=product.php%3Fid%3D1145637-1060%26name%3Drust+cohle+wristwatch HTTP/1.1" 200 18436 "-" "Mozilla/5.0 (Linux; Android 6.0.1; Nexus 5X Build/MMB29P) AppleWebKit/537.36 (KHTML, like Gecko) Chrome/137.0.7151.103 Mobile Safari/537.36 (compatible; Googlebot/2.1; +http://www.google.com/bot.html)"
66.249.65.37 - - [15/Jul/2025:14:34:59 +0000] "GET /?x=5490704001800&mod=b98249b3&uri=brands.php%3Fid%3D183302-328%26name%3Dotto+rieker+sandalen HTTP/1.1" 200 18420 "-" "Mozilla/5.0 (Linux; Android 6.0.1; Nexus 5X Build/MMB29P) AppleWebKit/537.36 (KHTML, like Gecko) Chrome/137.0.7151.103 Mobile Safari/537.36 (compatible; Googlebot/2.1; +http://www.google.com/bot.html)"
66.249.65.37 - - [15/Jul/2025:14:35:00 +0000] "GET /?x=35073732051800&mod=9854d7af&uri=shared.php%3Fid%3D1170637-387%26name%3Dworkouts+for+tensor+fasciae+latae HTTP/1.1" 200 18450 "-" "Mozilla/5.0 (Linux; Android 6.0.1; Nexus 5X Build/MMB29P) AppleWebKit/537.36 (KHTML, like Gecko) Chrome/137.0.7151.103 Mobile Safari/537.36 (compatible; Googlebot/2.1; +http://www.google.com/bot.html)"
66.249.65.36 - - [15/Jul/2025:14:35:01 +0000] "GET /?x=34925253031800&mod=0e9fa1f3&uri=dp.php%3Fid%3D1165681-128%26name%3Dbaked+ribs+without+bbq+sauce HTTP/1.1" 200 18443 "-" "Mozilla/5.0 (Linux; Android 6.0.1; Nexus 5X Build/MMB29P) AppleWebKit/537.36 (KHTML, like Gecko) Chrome/137.0.7151.103 Mobile Safari/537.36 (compatible; Googlebot/2.1; +http://www.google.com/bot.html)"
66.249.65.35 - - [15/Jul/2025:14:35:03 +0000] "POST /get-message-notify HTTP/1.1" 200 18196 "https://kraft-court.cafe/?x=5490704001800&mod=b98249b3&uri=brands.php%3Fid%3D183302-328%26name%3Dotto+rieker+sandalen" "Mozilla/5.0 (Linux; Android 6.0.1; Nexus 5X Build/MMB29P) AppleWebKit/537.36 (KHTML, like Gecko) Chrome/137.0.7151.119 Mobile Safari/537.36 (compatible; Googlebot/2.1; +http://www.google.com/bot.html)"
66.249.65.35 - - [15/Jul/2025:14:35:07 +0000] "GET /?x=34925373071800&mod=e88f243b&uri=pin.php%3Fid%3D1165685-481%26name%3Dx+level+case+iphone+11+pro HTTP/1.1" 200 18439 "-" "Mozilla/5.0 (Linux; Android 6.0.1; Nexus 5X Build/MMB29P) AppleWebKit/537.36 (KHTML, like Gecko) Chrome/137.0.7151.103 Mobile Safari/537.36 (compatible; Googlebot/2.1; +http://www.google.com/bot.html)"
66.249.65.35 - - [15/Jul/2025:14:35:08 +0000] "GET /?x=34925853031800&mod=e88f243b&uri=product.php%3Fid%3D1165701-481%26name%3Dvivo+y81+back+cover+black HTTP/1.1" 200 18440 "-" "Mozilla/5.0 (Linux; Android 6.0.1; Nexus 5X Build/MMB29P) AppleWebKit/537.36 (KHTML, like Gecko) Chrome/137.0.7151.103 Mobile Safari/537.36 (compatible; Googlebot/2.1; +http://www.google.com/bot.html)"
66.249.65.35 - - [15/Jul/2025:14:35:10 +0000] "POST /get-message-notify HTTP/1.1" 200 18196 "https://kraft-court.cafe/?x=34925373071800&mod=e88f243b&uri=pin.php%3Fid%3D1165685-481%26name%3Dx+level+case+iphone+11+pro" "Mozilla/5.0 (Linux; Android 6.0.1; Nexus 5X Build/MMB29P) AppleWebKit/537.36 (KHTML, like Gecko) Chrome/137.0.7151.119 Mobile Safari/537.36 (compatible; Googlebot/2.1; +http://www.google.com/bot.html)"
66.249.65.35 - - [15/Jul/2025:14:35:10 +0000] "GET /?x=34925463041800&mod=a0872cc5&uri=pin.php%3Fid%3D1165688-130%26name%3Ddoes+11+pro+max+case+fit+xs+max HTTP/1.1" 200 18449 "-" "Mozilla/5.0 (Linux; Android 6.0.1; Nexus 5X Build/MMB29P) AppleWebKit/537.36 (KHTML, like Gecko) Chrome/137.0.7151.103 Mobile Safari/537.36 (compatible; Googlebot/2.1; +http://www.google.com/bot.html)"
66.249.65.35 - - [15/Jul/2025:14:35:11 +0000] "POST /get-message-notify HTTP/1.1" 200 18196 "https://kraft-court.cafe/?x=34925823021800&mod=e88f243b&uri=itm.php%3Fid%3D1165700-481%26name%3D360+case+iphone+11+pro" "Mozilla/5.0 (Linux; Android 6.0.1; Nexus 5X Build/MMB29P) AppleWebKit/537.36 (KHTML, like Gecko) Chrome/137.0.7151.119 Mobile Safari/537.36 (compatible; Googlebot/2.1; +http://www.google.com/bot.html)"
66.249.65.35 - - [15/Jul/2025:14:35:15 +0000] "GET /?x=34926123021800&mod=a0872cc5&uri=shared.php%3Fid%3D1165710-130%26name%3Dwill+an+iphone+11+pro+case+fit+an+iphone+11 HTTP/1.1" 200 18451 "-" "Mozilla/5.0 (Linux; Android 6.0.1; Nexus 5X Build/MMB29P) AppleWebKit/537.36 (KHTML, like Gecko) Chrome/137.0.7151.103 Mobile Safari/537.36 (compatible; Googlebot/2.1; +http://www.google.com/bot.html)"
66.249.65.35 - - [15/Jul/2025:14:35:18 +0000] "POST /get-message-notify HTTP/1.1" 200 18196 "https://kraft-court.cafe/?x=35073732051800&mod=9854d7af&uri=shared.php%3Fid%3D1170637-387%26name%3Dworkouts+for+tensor+fasciae+latae" "Mozilla/5.0 (Linux; Android 6.0.1; Nexus 5X Build/MMB29P) AppleWebKit/537.36 (KHTML, like Gecko) Chrome/137.0.7151.119 Mobile Safari/537.36 (compatible; Googlebot/2.1; +http://www.google.com/bot.html)"
66.249.65.35 - - [15/Jul/2025:14:35:25 +0000] "GET /?x=35072472051800&mod=9854d7af&uri=product.php%3Fid%3D1170595-387%26name%3Dromanian+abs+workout HTTP/1.1" 200 18435 "-" "Mozilla/5.0 (Linux; Android 6.0.1; Nexus 5X Build/MMB29P) AppleWebKit/537.36 (KHTML, like Gecko) Chrome/137.0.7151.103 Mobile Safari/537.36 (compatible; Googlebot/2.1; +http://www.google.com/bot.html)"
66.249.65.35 - - [15/Jul/2025:14:35:26 +0000] "GET /?x=35063442041800&mod=9854d7af&uri=shop.php%3Fid%3D1170294-387%26name%3Dsweet+sweat+weight+loss HTTP/1.1" 200 18426 "-" "Mozilla/5.0 (Linux; Android 6.0.1; Nexus 5X Build/MMB29P) AppleWebKit/537.36 (KHTML, like Gecko) Chrome/137.0.7151.103 Mobile Safari/537.36 (compatible; Googlebot/2.1; +http://www.google.com/bot.html)"
66.249.65.35 - - [15/Jul/2025:14:35:28 +0000] "GET /?x=34926453031800&mod=e88f243b&uri=info.php%3Fid%3D1165721-481%26name%3D11+pro+max+leather+cover HTTP/1.1" 200 18432 "-" "Mozilla/5.0 (Linux; Android 6.0.1; Nexus 5X Build/MMB29P) AppleWebKit/537.36 (KHTML, like Gecko) Chrome/137.0.7151.103 Mobile Safari/537.36 (compatible; Googlebot/2.1; +http://www.google.com/bot.html)"
66.249.65.35 - - [15/Jul/2025:14:35:32 +0000] "GET /?x=35071422001800&mod=9854d7af&uri=brands.php%3Fid%3D1170560-387%26name%3Dv+line+workouts+at+home HTTP/1.1" 200 18432 "-" "Mozilla/5.0 (Linux; Android 6.0.1; Nexus 5X Build/MMB29P) AppleWebKit/537.36 (KHTML, like Gecko) Chrome/137.0.7151.103 Mobile Safari/537.36 (compatible; Googlebot/2.1; +http://www.google.com/bot.html)"
66.249.65.35 - - [15/Jul/2025:14:35:33 +0000] "GET /?x=35067432021800&mod=9854d7af&uri=article.php%3Fid%3D1170427-387%26name%3Dhip+adduction+exercises+with+bands HTTP/1.1" 200 18451 "-" "Mozilla/5.0 (Linux; Android 6.0.1; Nexus 5X Build/MMB29P) AppleWebKit/537.36 (KHTML, like Gecko) Chrome/137.0.7151.103 Mobile Safari/537.36 (compatible; Googlebot/2.1; +http://www.google.com/bot.html)"
66.249.65.35 - - [15/Jul/2025:14:35:37 +0000] "GET /?x=34925943021800&mod=0e9fa1f3&uri=goods.php%3Fid%3D1165704-128%26name%3Dnigel+slater+pork+ribs HTTP/1.1" 200 18434 "-" "Mozilla/5.0 (Linux; Android 6.0.1; Nexus 5X Build/MMB29P) AppleWebKit/537.36 (KHTML, like Gecko) Chrome/137.0.7151.103 Mobile Safari/537.36 (compatible; Googlebot/2.1; +http://www.google.com/bot.html)"
66.249.65.35 - - [15/Jul/2025:14:35:38 +0000] "POST /get-message-notify HTTP/1.1" 200 18196 "https://kraft-court.cafe/?x=34926453031800&mod=e88f243b&uri=info.php%3Fid%3D1165721-481%26name%3D11+pro+max+leather+cover" "Mozilla/5.0 (Linux; Android 6.0.1; Nexus 5X Build/MMB29P) AppleWebKit/537.36 (KHTML, like Gecko) Chrome/137.0.7151.119 Mobile Safari/537.36 (compatible; Googlebot/2.1; +http://www.google.com/bot.html)"
66.249.65.35 - - [15/Jul/2025:14:35:40 +0000] "POST /get-message-notify HTTP/1.1" 200 18196 "https://kraft-court.cafe/?x=34925943021800&mod=0e9fa1f3&uri=goods.php%3Fid%3D1165704-128%26name%3Dnigel+slater+pork+ribs" "Mozilla/5.0 (Linux; Android 6.0.1; Nexus 5X Build/MMB29P) AppleWebKit/537.36 (KHTML, like Gecko) Chrome/137.0.7151.119 Mobile Safari/537.36 (compatible; Googlebot/2.1; +http://www.google.com/bot.html)"
66.249.65.36 - - [15/Jul/2025:14:35:41 +0000] "GET /?x=35066802021800&mod=9854d7af&uri=form.php%3Fid%3D1170406-387%26name%3Dminute+hip+sculpting+workout HTTP/1.1" 200 18435 "-" "Mozilla/5.0 (Linux; Android 6.0.1; Nexus 5X Build/MMB29P) AppleWebKit/537.36 (KHTML, like Gecko) Chrome/137.0.7151.103 Mobile Safari/537.36 (compatible; Googlebot/2.1; +http://www.google.com/bot.html)"
66.249.65.35 - - [15/Jul/2025:14:35:43 +0000] "GET /?x=34925793061800&mod=e88f243b&uri=products.php%3Fid%3D1165699-481%26name%3Diphone+11+pro+case+rainbow HTTP/1.1" 200 18448 "-" "Mozilla/5.0 (Linux; Android 6.0.1; Nexus 5X Build/MMB29P) AppleWebKit/537.36 (KHTML, like Gecko) Chrome/137.0.7151.103 Mobile Safari/537.36 (compatible; Googlebot/2.1; +http://www.google.com/bot.html)"
66.249.65.36 - - [15/Jul/2025:14:35:45 +0000] "POST /get-message-notify HTTP/1.1" 200 18196 "https://kraft-court.cafe/?x=34926603031800&mod=e88f243b&uri=shared.php%3Fid%3D1165726-481%26name%3Diphone+11+pro+nillkin+case" "Mozilla/5.0 (Linux; Android 6.0.1; Nexus 5X Build/MMB29P) AppleWebKit/537.36 (KHTML, like Gecko) Chrome/137.0.7151.119 Mobile Safari/537.36 (compatible; Googlebot/2.1; +http://www.google.com/bot.html)"
66.249.65.35 - - [15/Jul/2025:14:35:47 +0000] "POST /get-message-notify HTTP/1.1" 200 18196 "https://kraft-court.cafe/?x=34925463041800&mod=a0872cc5&uri=pin.php%3Fid%3D1165688-130%26name%3Ddoes+11+pro+max+case+fit+xs+max" "Mozilla/5.0 (Linux; Android 6.0.1; Nexus 5X Build/MMB29P) AppleWebKit/537.36 (KHTML, like Gecko) Chrome/137.0.7151.119 Mobile Safari/537.36 (compatible; Googlebot/2.1; +http://www.google.com/bot.html)"
66.249.65.36 - - [15/Jul/2025:14:35:47 +0000] "GET /?x=34978432051800&mod=f08b7ac8&uri=category-info.php%3Fid%3D1167460-463%26name%3Dmini+itx+laptop+case HTTP/1.1" 200 18462 "-" "Mozilla/5.0 (Linux; Android 6.0.1; Nexus 5X Build/MMB29P) AppleWebKit/537.36 (KHTML, like Gecko) Chrome/137.0.7151.103 Mobile Safari/537.36 (compatible; Googlebot/2.1; +http://www.google.com/bot.html)"
66.249.65.36 - - [15/Jul/2025:14:35:48 +0000] "GET /?x=34925523121800&mod=a0872cc5&uri=itm.php%3Fid%3D1165690-130%26name%3Ddoes+the+iphone+11+case+fit+the+iphone+x HTTP/1.1" 200 18447 "-" "Mozilla/5.0 (Linux; Android 6.0.1; Nexus 5X Build/MMB29P) AppleWebKit/537.36 (KHTML, like Gecko) Chrome/137.0.7151.103 Mobile Safari/537.36 (compatible; Googlebot/2.1; +http://www.google.com/bot.html)"
66.249.65.36 - - [15/Jul/2025:14:35:51 +0000] "POST /get-message-notify HTTP/1.1" 200 18196 "https://kraft-court.cafe/?x=35066802021800&mod=9854d7af&uri=form.php%3Fid%3D1170406-387%26name%3Dminute+hip+sculpting+workout" "Mozilla/5.0 (Linux; Android 6.0.1; Nexus 5X Build/MMB29P) AppleWebKit/537.36 (KHTML, like Gecko) Chrome/137.0.7151.119 Mobile Safari/537.36 (compatible; Googlebot/2.1; +http://www.google.com/bot.html)"
66.249.65.35 - - [15/Jul/2025:14:35:52 +0000] "GET /?x=34925223021800&mod=e88f243b&uri=form.php%3Fid%3D1165680-481%26name%3Dapple+iphone+11+pro+max+leather+case+midnight+blue HTTP/1.1" 200 18471 "-" "Mozilla/5.0 (Linux; Android 6.0.1; Nexus 5X Build/MMB29P) AppleWebKit/537.36 (KHTML, like Gecko) Chrome/137.0.7151.103 Mobile Safari/537.36 (compatible; Googlebot/2.1; +http://www.google.com/bot.html)"
66.249.65.36 - - [15/Jul/2025:14:35:59 +0000] "POST /get-message-notify HTTP/1.1" 200 18196 "https://kraft-court.cafe/?x=34926063061800&mod=e88f243b&uri=category-info.php%3Fid%3D1165708-481%26name%3Diphone+11+case+goyard" "Mozilla/5.0 (Linux; Android 6.0.1; Nexus 5X Build/MMB29P) AppleWebKit/537.36 (KHTML, like Gecko) Chrome/137.0.7151.119 Mobile Safari/537.36 (compatible; Googlebot/2.1; +http://www.google.com/bot.html)"
66.249.65.35 - - [15/Jul/2025:14:36:02 +0000] "GET /?x=35069112031800&mod=9854d7af&uri=pin.php%3Fid%3D1170483-387%26name%3Dcardio+waist+trainer HTTP/1.1" 200 18418 "-" "Mozilla/5.0 (Linux; Android 6.0.1; Nexus 5X Build/MMB29P) AppleWebKit/537.36 (KHTML, like Gecko) Chrome/137.0.7151.103 Mobile Safari/537.36 (compatible; Googlebot/2.1; +http://www.google.com/bot.html)"
66.249.65.35 - - [15/Jul/2025:14:36:03 +0000] "GET /?x=34926723021800&mod=e88f243b&uri=brands.php%3Fid%3D1165730-481%26name%3Dvivo+z+x+mobile+cover HTTP/1.1" 200 18431 "-" "Mozilla/5.0 (Linux; Android 6.0.1; Nexus 5X Build/MMB29P) AppleWebKit/537.36 (KHTML, like Gecko) Chrome/137.0.7151.103 Mobile Safari/537.36 (compatible; Googlebot/2.1; +http://www.google.com/bot.html)"
66.249.65.35 - - [15/Jul/2025:14:36:05 +0000] "POST /get-message-notify HTTP/1.1" 200 18196 "https://kraft-court.cafe/?x=34926723021800&mod=e88f243b&uri=brands.php%3Fid%3D1165730-481%26name%3Dvivo+z+x+mobile+cover" "Mozilla/5.0 (Linux; Android 6.0.1; Nexus 5X Build/MMB29P) AppleWebKit/537.36 (KHTML, like Gecko) Chrome/137.0.7151.119 Mobile Safari/537.36 (compatible; Googlebot/2.1; +http://www.google.com/bot.html)"
66.249.65.35 - - [15/Jul/2025:14:36:07 +0000] "GET /?x=34927113051800&mod=a0872cc5&uri=category-info.php%3Fid%3D1165743-130%26name%3Ddoes+otterbox+iphone+2019+small+fit+iphone+11 HTTP/1.1" 200 18504 "-" "Mozilla/5.0 (Linux; Android 6.0.1; Nexus 5X Build/MMB29P) AppleWebKit/537.36 (KHTML, like Gecko) Chrome/137.0.7151.103 Mobile Safari/537.36 (compatible; Googlebot/2.1; +http://www.google.com/bot.html)"
66.249.65.35 - - [15/Jul/2025:14:36:08 +0000] "GET /?x=35071002011800&mod=9854d7af&uri=itm.php%3Fid%3D1170546-387%26name%3Drecliner+crunches HTTP/1.1" 200 18418 "-" "Mozilla/5.0 (Linux; Android 6.0.1; Nexus 5X Build/MMB29P) AppleWebKit/537.36 (KHTML, like Gecko) Chrome/137.0.7151.103 Mobile Safari/537.36 (compatible; Googlebot/2.1; +http://www.google.com/bot.html)"
66.249.65.35 - - [15/Jul/2025:14:36:10 +0000] "GET /?x=34925553031800&mod=e88f243b&uri=search.php%3Fid%3D1165691-481%26name%3Diphone+11+cases+hypebeast HTTP/1.1" 200 18435 "-" "Mozilla/5.0 (Linux; Android 6.0.1; Nexus 5X Build/MMB29P) AppleWebKit/537.36 (KHTML, like Gecko) Chrome/137.0.7151.103 Mobile Safari/537.36 (compatible; Googlebot/2.1; +http://www.google.com/bot.html)"
66.249.65.35 - - [15/Jul/2025:14:36:14 +0000] "POST /get-message-notify HTTP/1.1" 200 18196 "https://kraft-court.cafe/?x=35069112031800&mod=9854d7af&uri=pin.php%3Fid%3D1170483-387%26name%3Dcardio+waist+trainer" "Mozilla/5.0 (Linux; Android 6.0.1; Nexus 5X Build/MMB29P) AppleWebKit/537.36 (KHTML, like Gecko) Chrome/137.0.7151.119 Mobile Safari/537.36 (compatible; Googlebot/2.1; +http://www.google.com/bot.html)"
66.249.65.35 - - [15/Jul/2025:14:36:14 +0000] "GET /?x=34926513051800&mod=0e9fa1f3&uri=search.php%3Fid%3D1165723-128%26name%3Dpork+loin+rib+end+roast+recipes HTTP/1.1" 200 18445 "-" "Mozilla/5.0 (Linux; Android 6.0.1; Nexus 5X Build/MMB29P) AppleWebKit/537.36 (KHTML, like Gecko) Chrome/137.0.7151.103 Mobile Safari/537.36 (compatible; Googlebot/2.1; +http://www.google.com/bot.html)"
66.249.65.35 - - [15/Jul/2025:14:36:18 +0000] "GET /?x=34913763101800&mod=e88f243b&uri=form.php%3Fid%3D1165298-481%26name%3Diphone+11+case+graffiti HTTP/1.1" 200 18429 "-" "Mozilla/5.0 (Linux; Android 6.0.1; Nexus 5X Build/MMB29P) AppleWebKit/537.36 (KHTML, like Gecko) Chrome/137.0.7151.103 Mobile Safari/537.36 (compatible; Googlebot/2.1; +http://www.google.com/bot.html)"
66.249.65.35 - - [15/Jul/2025:14:36:20 +0000] "GET /?x=119795548031800&mod=cc099134&uri=us.php%3Fid%3D3997941-242%26name%3Dblack+and+decker+toaster+oven+extra+wide HTTP/1.1" 200 18453 "-" "Mozilla/5.0 (Linux; Android 6.0.1; Nexus 5X Build/MMB29P) AppleWebKit/537.36 (KHTML, like Gecko) Chrome/137.0.7151.103 Mobile Safari/537.36 (compatible; Googlebot/2.1; +http://www.google.com/bot.html)"
66.249.65.35 - - [15/Jul/2025:14:36:21 +0000] "GET /?x=34925433011800&mod=a0872cc5&uri=products.php%3Fid%3D1165687-130%26name%3Dwhat+size+case+do+i+need+for+iphone+11 HTTP/1.1" 200 18469 "-" "Mozilla/5.0 (Linux; Android 6.0.1; Nexus 5X Build/MMB29P) AppleWebKit/537.36 (KHTML, like Gecko) Chrome/137.0.7151.103 Mobile Safari/537.36 (compatible; Googlebot/2.1; +http://www.google.com/bot.html)"
66.249.65.35 - - [15/Jul/2025:14:36:22 +0000] "GET /?x=35073312031800&mod=9854d7af&uri=news.php%3Fid%3D1170623-387%26name%3D30+day+smaller+waist+workout HTTP/1.1" 200 18446 "-" "Mozilla/5.0 (Linux; Android 6.0.1; Nexus 5X Build/MMB29P) AppleWebKit/537.36 (KHTML, like Gecko) Chrome/137.0.7151.103 Mobile Safari/537.36 (compatible; Googlebot/2.1; +http://www.google.com/bot.html)"
66.249.65.35 - - [15/Jul/2025:14:36:24 +0000] "GET /?x=35061342001800&mod=9854d7af&uri=itm.php%3Fid%3D1170224-387%26name%3Dstretching+using+resistance+bands HTTP/1.1" 200 18439 "-" "Mozilla/5.0 (Linux; Android 6.0.1; Nexus 5X Build/MMB29P) AppleWebKit/537.36 (KHTML, like Gecko) Chrome/137.0.7151.103 Mobile Safari/537.36 (compatible; Googlebot/2.1; +http://www.google.com/bot.html)"
66.249.65.35 - - [15/Jul/2025:14:36:25 +0000] "POST /get-message-notify HTTP/1.1" 200 18196 "https://kraft-court.cafe/?x=35073312031800&mod=9854d7af&uri=news.php%3Fid%3D1170623-387%26name%3D30+day+smaller+waist+workout" "Mozilla/5.0 (Linux; Android 6.0.1; Nexus 5X Build/MMB29P) AppleWebKit/537.36 (KHTML, like Gecko) Chrome/137.0.7151.119 Mobile Safari/537.36 (compatible; Googlebot/2.1; +http://www.google.com/bot.html)"
66.249.65.35 - - [15/Jul/2025:14:36:25 +0000] "GET /?x=34926363001800&mod=0e9fa1f3&uri=dp.php%3Fid%3D1165718-128%26name%3Dsous+vide+country+pork+ribs HTTP/1.1" 200 18434 "-" "Mozilla/5.0 (Linux; Android 6.0.1; Nexus 5X Build/MMB29P) AppleWebKit/537.36 (KHTML, like Gecko) Chrome/137.0.7151.103 Mobile Safari/537.36 (compatible; Googlebot/2.1; +http://www.google.com/bot.html)"
