51.222.253.5 - - [15/Jul/2025:22:05:39 +0000] "GET /ads/devices,games-consoles/ HTTP/1.1" 200 66814 "-" "Mozilla/5.0 (compatible; AhrefsBot/7.0; +http://ahrefs.com/robot/)"
209.74.77.214 - - [15/Jul/2025:22:17:34 +0000] "POST /wp-cron.php?doing_wp_cron=1752617854.9165039062500000000000 HTTP/1.1" 200 - "-" "WordPress/6.8.1; https://listingslad.com"
54.147.238.89 - - [15/Jul/2025:22:17:32 +0000] "GET /category/adventure/ HTTP/1.1" 200 44531 "-" "Mozilla/5.0 AppleWebKit/537.36 (KHTML, like Gecko; compatible; Amazonbot/0.1; +https://developer.amazon.com/support/amazonbot) Chrome/119.0.6045.214 Safari/537.36"
209.74.77.214 - - [15/Jul/2025:22:22:32 +0000] "POST /wp-cron.php?doing_wp_cron=1752618152.8606500625610351562500 HTTP/1.1" 200 - "-" "WordPress/6.8.1; https://listingslad.com"
20.171.207.252 - - [15/Jul/2025:22:22:30 +0000] "GET /item/265535672.shtml HTTP/1.1" 404 65023 "-" "Mozilla/5.0 AppleWebKit/537.36 (KHTML, like Gecko; compatible; GPTBot/1.2; +https://openai.com/gptbot)"
209.74.77.214 - - [15/Jul/2025:22:25:48 +0000] "POST /wp-cron.php?doing_wp_cron=1752618348.4414129257202148437500 HTTP/1.1" 200 - "-" "WordPress/6.8.1; https://listingslad.com"
198.46.234.28 - - [15/Jul/2025:22:25:45 +0000] "POST /index.php/wp-json/litespeed/v1/cdn_status HTTP/1.1" 404 117 "https://listingslad.com/wp-admin/update.php?action=upload-plugin" "Mozilla/5.0 (Windows NT 10.0; Win64; x64; rv:128.0) Gecko/20100101 Firefox/128.0"
209.74.77.214 - - [15/Jul/2025:22:28:54 +0000] "POST /wp-cron.php?doing_wp_cron=1752618534.7488379478454589843750 HTTP/1.1" 200 - "-" "WordPress/6.8.1; https://listingslad.com"
20.171.207.252 - - [15/Jul/2025:22:28:52 +0000] "GET /item/265258126.shtml HTTP/1.1" 404 65023 "-" "Mozilla/5.0 AppleWebKit/537.36 (KHTML, like Gecko; compatible; GPTBot/1.2; +https://openai.com/gptbot)"
185.241.208.99 - - [15/Jul/2025:22:39:05 +0000] "GET / HTTP/1.1" 200 506437 "-" "-"
209.74.77.214 - - [15/Jul/2025:22:39:11 +0000] "POST /wp-cron.php?doing_wp_cron=1752619151.2818019390106201171875 HTTP/1.1" 200 - "-" "WordPress/6.8.1; https://listingslad.com"
52.204.37.237 - - [15/Jul/2025:22:39:08 +0000] "GET /wp-admin/admin-post.php?action=listivo/socialAuth/google HTTP/1.1" 302 - "-" "Mozilla/5.0 AppleWebKit/537.36 (KHTML, like Gecko; compatible; Amazonbot/0.1; +https://developer.amazon.com/support/amazonbot) Chrome/119.0.6045.214 Safari/537.36"
185.241.208.99 - - [15/Jul/2025:22:39:10 +0000] "GET /wp-admin/install.php HTTP/1.1" 404 325421 "-" "-"
185.241.208.99 - - [15/Jul/2025:22:39:14 +0000] "GET /wp-admin/setup-config.php HTTP/1.1" 409 2665 "-" "-"
209.74.77.214 - - [15/Jul/2025:22:39:11 +0000] "GET /wp-json/jetpack/v4/sync/spawn-sync?time=1752619151&request_lock_id=1752619151.6896 HTTP/1.1" 200 37 "-" "WordPress/6.8.1; https://listingslad.com"
209.74.77.214 - - [15/Jul/2025:22:46:37 +0000] "POST /wp-cron.php?doing_wp_cron=1752619597.2804288864135742187500 HTTP/1.1" 200 - "-" "WordPress/6.8.1; https://listingslad.com"
20.171.207.77 - - [15/Jul/2025:22:46:34 +0000] "GET /item/448111954.shtml HTTP/1.1" 404 65024 "-" "Mozilla/5.0 AppleWebKit/537.36 (KHTML, like Gecko; compatible; GPTBot/1.2; +https://openai.com/gptbot)"
51.222.253.4 - - [15/Jul/2025:22:47:35 +0000] "GET /wp-sitemap.xml HTTP/1.1" 200 4026 "-" "Mozilla/5.0 (compatible; AhrefsBot/7.0; +http://ahrefs.com/robot/)"
209.74.77.214 - - [15/Jul/2025:22:47:42 +0000] "POST /wp-cron.php?doing_wp_cron=1752619662.0566499233245849609375 HTTP/1.1" 200 - "-" "WordPress/6.8.1; https://listingslad.com"
20.171.207.77 - - [15/Jul/2025:22:47:40 +0000] "GET /item/265425550.shtml HTTP/1.1" 404 65024 "-" "Mozilla/5.0 AppleWebKit/537.36 (KHTML, like Gecko; compatible; GPTBot/1.2; +https://openai.com/gptbot)"
4.227.36.56 - - [15/Jul/2025:22:49:48 +0000] "GET /robots.txt HTTP/1.1" 200 95 "-" "Mozilla/5.0 AppleWebKit/537.36 (KHTML, like Gecko; compatible; GPTBot/1.2; +https://openai.com/gptbot)"
209.74.77.214 - - [15/Jul/2025:22:53:09 +0000] "POST /wp-cron.php?doing_wp_cron=1752619989.9634430408477783203125 HTTP/1.1" 200 - "-" "WordPress/6.8.1; https://listingslad.com"
101.42.117.179 - - [15/Jul/2025:22:53:09 +0000] "GET / HTTP/1.1" 200 61123 "http://listingslad.com" "Mozilla/5.0 (iPhone; CPU iPhone OS 13_2_3 like Mac OS X) AppleWebKit/605.1.15 (KHTML, like Gecko) Version/13.0.3 Mobile/15E148 Safari/604.1"
209.74.77.214 - - [15/Jul/2025:22:55:04 +0000] "POST /wp-cron.php?doing_wp_cron=1752620104.5889329910278320312500 HTTP/1.1" 200 - "-" "WordPress/6.8.1; https://listingslad.com"
20.171.207.77 - - [15/Jul/2025:22:55:02 +0000] "GET /item/448333340.shtml HTTP/1.1" 404 65024 "-" "Mozilla/5.0 AppleWebKit/537.36 (KHTML, like Gecko; compatible; GPTBot/1.2; +https://openai.com/gptbot)"
144.76.19.3 - - [15/Jul/2025:23:16:22 +0000] "GET /robots.txt HTTP/1.1" 200 95 "-" "Mozilla/5.0 (compatible; BLEXBot/1.0; +https://help.seranking.com/en/blex-crawler)"
209.74.77.214 - - [15/Jul/2025:23:16:26 +0000] "POST /wp-cron.php?doing_wp_cron=1752621386.5506889820098876953125 HTTP/1.1" 200 - "-" "WordPress/6.8.1; https://listingslad.com"
144.76.19.3 - - [15/Jul/2025:23:16:23 +0000] "GET / HTTP/1.1" 200 61121 "-" "Mozilla/5.0 (compatible; BLEXBot/1.0; +https://help.seranking.com/en/blex-crawler)"
209.74.77.214 - - [15/Jul/2025:23:26:39 +0000] "POST /wp-cron.php?doing_wp_cron=1752621999.9391789436340332031250 HTTP/1.1" 200 - "-" "WordPress/6.8.1; https://listingslad.com"
180.248.89.175 - - [15/Jul/2025:23:26:37 +0000] "POST /xmlrpc.php HTTP/1.1" 405 415 "-" "Mozilla/5.0 (Windows NT 10.0; Win64; x64) AppleWebKit/537.36 (KHTML, like Gecko) Chrome/91.0.4472.124 Safari/537.36"
45.227.253.15 - - [15/Jul/2025:23:39:39 +0000] "GET /images/images/index.php?ARRAY=7o2230223n313735323632363438352p2231223n22687474703n5p2s5p2s7n7334393476313373752r74616368652r70726s5p2s3s6p633q7068705s636s64655s6n6326743q313735323632323838352q6331366665386331663232383131323536343934653163613635616334383732222p2232223n226563396462326261343661306165366164626463386436333531356662386632222p2233223n223530366135366366633361623064313165366566393530373331636437656263222p2262696r675s70617373223n2232352q34392q35382q36362q37352q38372q3233227q HTTP/1.1" 200 102 "-" "Mozilla/5.0 (Windows NT 6.2; WOW64) AppleWebKit/535.24 (KHTML, like Gecko) Chrome/83.0.1055.1 Safari/535.24"
209.74.77.214 - - [16/Jul/2025:00:06:01 +0000] "POST /wp-cron.php?doing_wp_cron=1752624361.2383599281311035156250 HTTP/1.1" 200 - "-" "WordPress/6.8.1; https://listingslad.com"
209.74.77.214 - - [16/Jul/2025:00:06:01 +0000] "POST /wp-cron.php?doing_wp_cron=1752624361.2383239269256591796875 HTTP/1.1" 200 - "-" "WordPress/6.8.1; https://listingslad.com"
91.246.41.166 - - [16/Jul/2025:00:05:58 +0000] "GET / HTTP/1.1" 301 - "-" "Mozilla/5.0 (Macintosh; Intel Mac OS X 10_15_7) AppleWebKit/537.36 (KHTML, like Gecko) Chrome/133.0.0.0 Safari/537.36"
162.214.152.209 - - [16/Jul/2025:00:05:58 +0000] "POST /xmlrpc.php HTTP/1.1" 405 415 "-" "Mozilla/5.0 (Windows NT 5.1; rv:30.0) Gecko/20100101 Firefox/30.0"
54.36.142.130 - - [16/Jul/2025:00:05:59 +0000] "POST /xmlrpc.php HTTP/1.1" 405 415 "-" "Mozilla/5.0 (Windows NT 5.1; rv:52.0) Gecko/20100101 Firefox/52.0"
91.246.41.166 - - [16/Jul/2025:00:06:01 +0000] "GET / HTTP/1.1" 200 61123 "https://LISTINGSLAD.COM" "Mozilla/5.0 (Macintosh; Intel Mac OS X 10_15_7) AppleWebKit/537.36 (KHTML, like Gecko) Chrome/133.0.0.0 Safari/537.36"
103.167.170.30 - - [16/Jul/2025:00:06:05 +0000] "POST / HTTP/1.1" 200 61252 "-" "Mozilla/5.0 (Macintosh; Intel Mac OS X 10_15_7) AppleWebKit/537.36 (KHTML, like Gecko) Chrome/133.0.0.0 Safari/537.36"
103.167.170.30 - - [16/Jul/2025:00:06:07 +0000] "POST / HTTP/1.1" 200 61070 "-" "Mozilla/5.0 (Windows NT 10.0; Win64; x64) AppleWebKit/537.36 (KHTML, like Gecko) Chrome/120.0.0.0 Safari/537.36"
209.74.77.214 - - [16/Jul/2025:00:06:10 +0000] "POST /wp-cron.php?doing_wp_cron=1752624370.0153310298919677734375 HTTP/1.1" 200 - "-" "WordPress/6.8.1; https://listingslad.com"
91.246.41.166 - - [16/Jul/2025:00:06:09 +0000] "GET /panel/create/ HTTP/1.1" 200 62669 "-" "Mozilla/5.0 (Macintosh; Intel Mac OS X 10_15_7) AppleWebKit/537.36 (KHTML, like Gecko) Chrome/133.0.0.0 Safari/537.36"
51.178.146.199 - - [16/Jul/2025:00:06:11 +0000] "POST /xmlrpc.php HTTP/1.1" 405 415 "-" "Mozilla/5.0 (Macintosh; Intel Mac OS X 10_10; rv:33.0) Gecko/20100101 Firefox/33.0"
209.74.77.214 - - [16/Jul/2025:00:06:14 +0000] "POST /wp-cron.php?doing_wp_cron=1752624374.4743599891662597656250 HTTP/1.1" 200 - "-" "WordPress/6.8.1; https://listingslad.com"
109.199.114.14 - - [16/Jul/2025:00:06:14 +0000] "POST /xmlrpc.php HTTP/1.1" 405 415 "-" "Mozilla/5.0 (Windows NT 10.0; Win64; x64; rv:60.0) Gecko/20100101 Firefox/60.0"
91.246.41.166 - - [16/Jul/2025:00:06:14 +0000] "GET /blog/ HTTP/1.1" 200 45186 "-" "Mozilla/5.0 (Macintosh; Intel Mac OS X 10_15_7) AppleWebKit/537.36 (KHTML, like Gecko) Chrome/133.0.0.0 Safari/537.36"
103.167.170.30 - - [16/Jul/2025:00:06:16 +0000] "POST /blog/ HTTP/1.1" 200 45314 "-" "Mozilla/5.0 (Macintosh; Intel Mac OS X 10_15_7) AppleWebKit/537.36 (KHTML, like Gecko) Chrome/133.0.0.0 Safari/537.36"
103.74.119.206 - - [16/Jul/2025:00:06:18 +0000] "POST /xmlrpc.php HTTP/1.1" 405 415 "-" "Mozilla/5.0 (Linux; Android 10; SM-A102U) AppleWebKit/537.36 (KHTML, like Gecko) Chrome/91.0.4472.114 Mobile Safari/537.36"
103.167.170.30 - - [16/Jul/2025:00:06:20 +0000] "POST /blog/ HTTP/1.1" 200 45135 "-" "Mozilla/5.0 (Windows NT 10.0; Win64; x64) AppleWebKit/537.36 (KHTML, like Gecko) Chrome/120.0.0.0 Safari/537.36"
91.246.41.166 - - [16/Jul/2025:00:06:22 +0000] "GET /we-knew-it-we-had-left-the-ground/ HTTP/1.1" 200 50346 "-" "Mozilla/5.0 (Macintosh; Intel Mac OS X 10_15_7) AppleWebKit/537.36 (KHTML, like Gecko) Chrome/133.0.0.0 Safari/537.36"
103.167.170.30 - - [16/Jul/2025:00:06:24 +0000] "POST /wp-comments-post.php HTTP/1.1" 200 1106 "-" "Mozilla/5.0 (Macintosh; Intel Mac OS X 10_15_7) AppleWebKit/537.36 (KHTML, like Gecko) Chrome/133.0.0.0 Safari/537.36"
103.167.170.30 - - [16/Jul/2025:00:06:26 +0000] "POST /wp-comments-post.php HTTP/1.1" 200 - "-" "Mozilla/5.0 (Windows NT 10.0; Win64; x64) AppleWebKit/537.36 (KHTML, like Gecko) Chrome/120.0.0.0 Safari/537.36"
209.74.77.214 - - [16/Jul/2025:00:06:27 +0000] "POST /wp-cron.php?doing_wp_cron=1752624387.2968690395355224609375 HTTP/1.1" 200 - "-" "WordPress/6.8.1; https://listingslad.com"
194.164.126.55 - - [16/Jul/2025:00:06:27 +0000] "POST /xmlrpc.php HTTP/1.1" 405 415 "-" "Mozilla/5.0 (Linux; Android 10; SM-G960U) AppleWebKit/537.36 (KHTML, like Gecko) Chrome/91.0.4472.114 Mobile Safari/537.36"
103.167.170.30 - - [16/Jul/2025:00:06:27 +0000] "POST /we-knew-it-we-had-left-the-ground/ HTTP/1.1" 200 50479 "-" "Mozilla/5.0 (Macintosh; Intel Mac OS X 10_15_7) AppleWebKit/537.36 (KHTML, like Gecko) Chrome/133.0.0.0 Safari/537.36"
34.70.231.37 - - [16/Jul/2025:00:06:28 +0000] "POST /xmlrpc.php HTTP/1.1" 405 415 "-" "Mozilla/5.0 (Windows NT 10.0; Win64; x64) AppleWebKit/537.36 (KHTML, like Gecko) Chrome/57.0.2987.133 Safari/537.36"
103.167.170.30 - - [16/Jul/2025:00:06:31 +0000] "POST /we-knew-it-we-had-left-the-ground/ HTTP/1.1" 200 50292 "-" "Mozilla/5.0 (Windows NT 10.0; Win64; x64) AppleWebKit/537.36 (KHTML, like Gecko) Chrome/120.0.0.0 Safari/537.36"
103.179.243.222 - - [16/Jul/2025:00:06:33 +0000] "POST /xmlrpc.php HTTP/1.1" 405 415 "-" "Mozilla/5.0 (Windows NT 6.3; Win64; x64) AppleWebKit/537.36 (KHTML, like Gecko) Chrome/60.0.3112.113 Safari/537.36"
91.246.41.166 - - [16/Jul/2025:00:06:32 +0000] "GET /blog/?pagination=1 HTTP/1.1" 200 45186 "-" "Mozilla/5.0 (Macintosh; Intel Mac OS X 10_15_7) AppleWebKit/537.36 (KHTML, like Gecko) Chrome/133.0.0.0 Safari/537.36"
66.94.119.136 - - [16/Jul/2025:00:06:34 +0000] "POST /xmlrpc.php HTTP/1.1" 405 415 "-" "Mozilla/5.0 (X11; Linux x86_64) AppleWebKit/537.36 (KHTML, like Gecko) Chrome/44.0.2403.157 Safari/537.36"
103.167.170.30 - - [16/Jul/2025:00:06:35 +0000] "POST /blog/?pagination=1 HTTP/1.1" 200 45314 "-" "Mozilla/5.0 (Macintosh; Intel Mac OS X 10_15_7) AppleWebKit/537.36 (KHTML, like Gecko) Chrome/133.0.0.0 Safari/537.36"
103.167.170.30 - - [16/Jul/2025:00:06:38 +0000] "POST /blog/?pagination=1 HTTP/1.1" 200 45135 "-" "Mozilla/5.0 (Windows NT 10.0; Win64; x64) AppleWebKit/537.36 (KHTML, like Gecko) Chrome/120.0.0.0 Safari/537.36"
91.246.41.166 - - [16/Jul/2025:00:06:40 +0000] "GET /blog/?pagination=2 HTTP/1.1" 200 44884 "-" "Mozilla/5.0 (Macintosh; Intel Mac OS X 10_15_7) AppleWebKit/537.36 (KHTML, like Gecko) Chrome/133.0.0.0 Safari/537.36"
209.74.77.214 - - [16/Jul/2025:00:06:42 +0000] "POST /wp-cron.php?doing_wp_cron=1752624402.5495469570159912109375 HTTP/1.1" 200 - "-" "WordPress/6.8.1; https://listingslad.com"
103.167.170.30 - - [16/Jul/2025:00:06:42 +0000] "POST /blog/?pagination=2 HTTP/1.1" 200 45010 "-" "Mozilla/5.0 (Macintosh; Intel Mac OS X 10_15_7) AppleWebKit/537.36 (KHTML, like Gecko) Chrome/133.0.0.0 Safari/537.36"
209.74.77.214 - - [16/Jul/2025:00:06:45 +0000] "POST /wp-cron.php?doing_wp_cron=1752624405.8453240394592285156250 HTTP/1.1" 200 - "-" "WordPress/6.8.1; https://listingslad.com"
103.167.170.30 - - [16/Jul/2025:00:06:45 +0000] "POST /blog/?pagination=2 HTTP/1.1" 200 44833 "-" "Mozilla/5.0 (Windows NT 10.0; Win64; x64) AppleWebKit/537.36 (KHTML, like Gecko) Chrome/120.0.0.0 Safari/537.36"
91.246.41.166 - - [16/Jul/2025:00:06:46 +0000] "GET /tag/baby-accessories/ HTTP/1.1" 200 44392 "-" "Mozilla/5.0 (Macintosh; Intel Mac OS X 10_15_7) AppleWebKit/537.36 (KHTML, like Gecko) Chrome/133.0.0.0 Safari/537.36"
103.167.170.30 - - [16/Jul/2025:00:06:49 +0000] "POST /tag/baby-accessories/ HTTP/1.1" 200 44520 "-" "Mozilla/5.0 (Macintosh; Intel Mac OS X 10_15_7) AppleWebKit/537.36 (KHTML, like Gecko) Chrome/133.0.0.0 Safari/537.36"
103.167.170.30 - - [16/Jul/2025:00:06:53 +0000] "POST /tag/baby-accessories/ HTTP/1.1" 200 44342 "-" "Mozilla/5.0 (Windows NT 10.0; Win64; x64) AppleWebKit/537.36 (KHTML, like Gecko) Chrome/120.0.0.0 Safari/537.36"
91.246.41.166 - - [16/Jul/2025:00:06:54 +0000] "GET /tag/technology/ HTTP/1.1" 200 44140 "-" "Mozilla/5.0 (Macintosh; Intel Mac OS X 10_15_7) AppleWebKit/537.36 (KHTML, like Gecko) Chrome/133.0.0.0 Safari/537.36"
209.74.77.214 - - [16/Jul/2025:00:06:59 +0000] "POST /wp-cron.php?doing_wp_cron=1752624419.0624480247497558593750 HTTP/1.1" 200 - "-" "WordPress/6.8.1; https://listingslad.com"
20.171.207.77 - - [16/Jul/2025:00:06:58 +0000] "GET /sitemap.xml HTTP/1.1" 200 4046 "-" "Mozilla/5.0 AppleWebKit/537.36 (KHTML, like Gecko; compatible; GPTBot/1.2; +https://openai.com/gptbot)"
103.167.170.30 - - [16/Jul/2025:00:06:58 +0000] "POST /tag/technology/ HTTP/1.1" 200 44268 "-" "Mozilla/5.0 (Macintosh; Intel Mac OS X 10_15_7) AppleWebKit/537.36 (KHTML, like Gecko) Chrome/133.0.0.0 Safari/537.36"
103.167.170.30 - - [16/Jul/2025:00:07:03 +0000] "POST /tag/technology/ HTTP/1.1" 200 44089 "-" "Mozilla/5.0 (Windows NT 10.0; Win64; x64) AppleWebKit/537.36 (KHTML, like Gecko) Chrome/120.0.0.0 Safari/537.36"
20.171.207.77 - - [16/Jul/2025:00:07:03 +0000] "GET /item/227893254.shtml HTTP/1.1" 404 65024 "-" "Mozilla/5.0 AppleWebKit/537.36 (KHTML, like Gecko; compatible; GPTBot/1.2; +https://openai.com/gptbot)"
91.246.41.166 - - [16/Jul/2025:00:07:05 +0000] "GET /contact-us/ HTTP/1.1" 200 43317 "-" "Mozilla/5.0 (Macintosh; Intel Mac OS X 10_15_7) AppleWebKit/537.36 (KHTML, like Gecko) Chrome/133.0.0.0 Safari/537.36"
20.171.207.77 - - [16/Jul/2025:00:07:06 +0000] "GET /item/227645856.shtml HTTP/1.1" 404 65024 "-" "Mozilla/5.0 AppleWebKit/537.36 (KHTML, like Gecko; compatible; GPTBot/1.2; +https://openai.com/gptbot)"
103.167.170.30 - - [16/Jul/2025:00:07:07 +0000] "POST /contact-us/ HTTP/1.1" 200 43413 "-" "Mozilla/5.0 (Macintosh; Intel Mac OS X 10_15_7) AppleWebKit/537.36 (KHTML, like Gecko) Chrome/133.0.0.0 Safari/537.36"
209.74.77.214 - - [16/Jul/2025:00:07:09 +0000] "POST /wp-cron.php?doing_wp_cron=1752624429.8919379711151123046875 HTTP/1.1" 200 - "-" "WordPress/6.8.1; https://listingslad.com"
20.171.207.77 - - [16/Jul/2025:00:07:09 +0000] "GET /item/227738534.shtml HTTP/1.1" 404 65023 "-" "Mozilla/5.0 AppleWebKit/537.36 (KHTML, like Gecko; compatible; GPTBot/1.2; +https://openai.com/gptbot)"
103.167.170.30 - - [16/Jul/2025:00:07:10 +0000] "POST /contact-us/ HTTP/1.1" 200 43264 "-" "Mozilla/5.0 (Windows NT 10.0; Win64; x64) AppleWebKit/537.36 (KHTML, like Gecko) Chrome/120.0.0.0 Safari/537.36"
20.171.207.77 - - [16/Jul/2025:00:07:12 +0000] "GET /item/227784054.shtml HTTP/1.1" 404 65024 "-" "Mozilla/5.0 AppleWebKit/537.36 (KHTML, like Gecko; compatible; GPTBot/1.2; +https://openai.com/gptbot)"
91.246.41.166 - - [16/Jul/2025:00:07:12 +0000] "GET /login-register/ HTTP/1.1" 200 50591 "-" "Mozilla/5.0 (Macintosh; Intel Mac OS X 10_15_7) AppleWebKit/537.36 (KHTML, like Gecko) Chrome/133.0.0.0 Safari/537.36"
91.246.41.166 - - [16/Jul/2025:00:07:13 +0000] "GET /login-register/?tab=login HTTP/1.1" 200 50591 "-" "Mozilla/5.0 (Macintosh; Intel Mac OS X 10_15_7) AppleWebKit/537.36 (KHTML, like Gecko) Chrome/133.0.0.0 Safari/537.36"
20.171.207.77 - - [16/Jul/2025:00:07:15 +0000] "GET /item/228031956.shtml HTTP/1.1" 404 65024 "-" "Mozilla/5.0 AppleWebKit/537.36 (KHTML, like Gecko; compatible; GPTBot/1.2; +https://openai.com/gptbot)"
91.246.41.166 - - [16/Jul/2025:00:07:15 +0000] "GET /login-register/?tab=register HTTP/1.1" 200 50593 "-" "Mozilla/5.0 (Macintosh; Intel Mac OS X 10_15_7) AppleWebKit/537.36 (KHTML, like Gecko) Chrome/133.0.0.0 Safari/537.36"
20.171.207.77 - - [16/Jul/2025:00:07:18 +0000] "GET /item/228164970.shtml HTTP/1.1" 404 65024 "-" "Mozilla/5.0 AppleWebKit/537.36 (KHTML, like Gecko; compatible; GPTBot/1.2; +https://openai.com/gptbot)"
20.171.207.77 - - [16/Jul/2025:00:07:21 +0000] "GET /item/228058610.shtml HTTP/1.1" 404 65023 "-" "Mozilla/5.0 AppleWebKit/537.36 (KHTML, like Gecko; compatible; GPTBot/1.2; +https://openai.com/gptbot)"
20.171.207.77 - - [16/Jul/2025:00:07:23 +0000] "GET /item/227907550.shtml HTTP/1.1" 404 65024 "-" "Mozilla/5.0 AppleWebKit/537.36 (KHTML, like Gecko; compatible; GPTBot/1.2; +https://openai.com/gptbot)"
209.74.77.214 - - [16/Jul/2025:00:07:27 +0000] "POST /wp-cron.php?doing_wp_cron=1752624447.0665318965911865234375 HTTP/1.1" 200 - "-" "WordPress/6.8.1; https://listingslad.com"
20.171.207.77 - - [16/Jul/2025:00:07:26 +0000] "GET /item/227878678.shtml HTTP/1.1" 404 65024 "-" "Mozilla/5.0 AppleWebKit/537.36 (KHTML, like Gecko; compatible; GPTBot/1.2; +https://openai.com/gptbot)"
20.171.207.77 - - [16/Jul/2025:00:07:29 +0000] "GET /item/227934180.shtml HTTP/1.1" 404 65023 "-" "Mozilla/5.0 AppleWebKit/537.36 (KHTML, like Gecko; compatible; GPTBot/1.2; +https://openai.com/gptbot)"
20.171.207.77 - - [16/Jul/2025:00:07:32 +0000] "GET /item/227882472.shtml HTTP/1.1" 404 65023 "-" "Mozilla/5.0 AppleWebKit/537.36 (KHTML, like Gecko; compatible; GPTBot/1.2; +https://openai.com/gptbot)"
20.171.207.77 - - [16/Jul/2025:00:07:35 +0000] "GET /item/227827596.shtml HTTP/1.1" 404 65023 "-" "Mozilla/5.0 AppleWebKit/537.36 (KHTML, like Gecko; compatible; GPTBot/1.2; +https://openai.com/gptbot)"
20.171.207.77 - - [16/Jul/2025:00:07:38 +0000] "GET /item/227766894.shtml HTTP/1.1" 404 65024 "-" "Mozilla/5.0 AppleWebKit/537.36 (KHTML, like Gecko; compatible; GPTBot/1.2; +https://openai.com/gptbot)"
20.171.207.77 - - [16/Jul/2025:00:07:41 +0000] "GET /item/227914696.shtml HTTP/1.1" 404 65024 "-" "Mozilla/5.0 AppleWebKit/537.36 (KHTML, like Gecko; compatible; GPTBot/1.2; +https://openai.com/gptbot)"
209.74.77.214 - - [16/Jul/2025:00:07:44 +0000] "POST /wp-cron.php?doing_wp_cron=1752624464.1566538810729980468750 HTTP/1.1" 200 - "-" "WordPress/6.8.1; https://listingslad.com"
20.171.207.77 - - [16/Jul/2025:00:07:43 +0000] "GET /item/228040800.shtml HTTP/1.1" 404 65024 "-" "Mozilla/5.0 AppleWebKit/537.36 (KHTML, like Gecko; compatible; GPTBot/1.2; +https://openai.com/gptbot)"
20.171.207.77 - - [16/Jul/2025:00:07:46 +0000] "GET /item/227980354.shtml HTTP/1.1" 404 65024 "-" "Mozilla/5.0 AppleWebKit/537.36 (KHTML, like Gecko; compatible; GPTBot/1.2; +https://openai.com/gptbot)"
20.171.207.77 - - [16/Jul/2025:00:07:49 +0000] "GET /item/228076534.shtml HTTP/1.1" 404 65023 "-" "Mozilla/5.0 AppleWebKit/537.36 (KHTML, like Gecko; compatible; GPTBot/1.2; +https://openai.com/gptbot)"
20.171.207.77 - - [16/Jul/2025:00:07:52 +0000] "GET /item/228067194.shtml HTTP/1.1" 404 65024 "-" "Mozilla/5.0 AppleWebKit/537.36 (KHTML, like Gecko; compatible; GPTBot/1.2; +https://openai.com/gptbot)"
20.171.207.77 - - [16/Jul/2025:00:07:55 +0000] "GET /item/227619340.shtml HTTP/1.1" 404 65024 "-" "Mozilla/5.0 AppleWebKit/537.36 (KHTML, like Gecko; compatible; GPTBot/1.2; +https://openai.com/gptbot)"
209.74.77.214 - - [16/Jul/2025:00:07:58 +0000] "POST /wp-cron.php?doing_wp_cron=1752624478.4289290904998779296875 HTTP/1.1" 200 - "-" "WordPress/6.8.1; https://listingslad.com"
20.171.207.77 - - [16/Jul/2025:00:07:58 +0000] "GET /item/228149370.shtml HTTP/1.1" 404 65024 "-" "Mozilla/5.0 AppleWebKit/537.36 (KHTML, like Gecko; compatible; GPTBot/1.2; +https://openai.com/gptbot)"
20.171.207.77 - - [16/Jul/2025:00:08:01 +0000] "GET /item/227689150.shtml HTTP/1.1" 404 65022 "-" "Mozilla/5.0 AppleWebKit/537.36 (KHTML, like Gecko; compatible; GPTBot/1.2; +https://openai.com/gptbot)"
20.171.207.77 - - [16/Jul/2025:00:08:03 +0000] "GET /item/228176394.shtml HTTP/1.1" 404 65022 "-" "Mozilla/5.0 AppleWebKit/537.36 (KHTML, like Gecko; compatible; GPTBot/1.2; +https://openai.com/gptbot)"
20.171.207.77 - - [16/Jul/2025:00:08:06 +0000] "GET /item/227806134.shtml HTTP/1.1" 404 65022 "-" "Mozilla/5.0 AppleWebKit/537.36 (KHTML, like Gecko; compatible; GPTBot/1.2; +https://openai.com/gptbot)"
209.74.77.214 - - [16/Jul/2025:00:08:09 +0000] "POST /wp-cron.php?doing_wp_cron=1752624489.9757349491119384765625 HTTP/1.1" 200 - "-" "WordPress/6.8.1; https://listingslad.com"
20.171.207.77 - - [16/Jul/2025:00:08:09 +0000] "GET /item/227831496.shtml HTTP/1.1" 404 65023 "-" "Mozilla/5.0 AppleWebKit/537.36 (KHTML, like Gecko; compatible; GPTBot/1.2; +https://openai.com/gptbot)"
20.171.207.77 - - [16/Jul/2025:00:08:12 +0000] "GET /item/227981654.shtml HTTP/1.1" 404 65023 "-" "Mozilla/5.0 AppleWebKit/537.36 (KHTML, like Gecko; compatible; GPTBot/1.2; +https://openai.com/gptbot)"
20.171.207.77 - - [16/Jul/2025:00:08:15 +0000] "GET /item/228094356.shtml HTTP/1.1" 404 65023 "-" "Mozilla/5.0 AppleWebKit/537.36 (KHTML, like Gecko; compatible; GPTBot/1.2; +https://openai.com/gptbot)"
20.171.207.77 - - [16/Jul/2025:00:08:18 +0000] "GET /item/227960854.shtml HTTP/1.1" 404 65023 "-" "Mozilla/5.0 AppleWebKit/537.36 (KHTML, like Gecko; compatible; GPTBot/1.2; +https://openai.com/gptbot)"
20.171.207.77 - - [16/Jul/2025:00:08:21 +0000] "GET /item/228014796.shtml HTTP/1.1" 404 65022 "-" "Mozilla/5.0 AppleWebKit/537.36 (KHTML, like Gecko; compatible; GPTBot/1.2; +https://openai.com/gptbot)"
20.171.207.77 - - [16/Jul/2025:00:08:23 +0000] "GET /item/227608534.shtml HTTP/1.1" 404 65023 "-" "Mozilla/5.0 AppleWebKit/537.36 (KHTML, like Gecko; compatible; GPTBot/1.2; +https://openai.com/gptbot)"
209.74.77.214 - - [16/Jul/2025:00:08:27 +0000] "POST /wp-cron.php?doing_wp_cron=1752624507.0969309806823730468750 HTTP/1.1" 200 - "-" "WordPress/6.8.1; https://listingslad.com"
20.171.207.77 - - [16/Jul/2025:00:08:26 +0000] "GET /item/228171450.shtml HTTP/1.1" 404 65023 "-" "Mozilla/5.0 AppleWebKit/537.36 (KHTML, like Gecko; compatible; GPTBot/1.2; +https://openai.com/gptbot)"
20.171.207.77 - - [16/Jul/2025:00:08:29 +0000] "GET /item/227859450.shtml HTTP/1.1" 404 65022 "-" "Mozilla/5.0 AppleWebKit/537.36 (KHTML, like Gecko; compatible; GPTBot/1.2; +https://openai.com/gptbot)"
20.171.207.77 - - [16/Jul/2025:00:08:32 +0000] "GET /item/228187050.shtml HTTP/1.1" 404 65022 "-" "Mozilla/5.0 AppleWebKit/537.36 (KHTML, like Gecko; compatible; GPTBot/1.2; +https://openai.com/gptbot)"
20.171.207.77 - - [16/Jul/2025:00:08:35 +0000] "GET /item/228092540.shtml HTTP/1.1" 404 65023 "-" "Mozilla/5.0 AppleWebKit/537.36 (KHTML, like Gecko; compatible; GPTBot/1.2; +https://openai.com/gptbot)"
20.171.207.77 - - [16/Jul/2025:00:08:38 +0000] "GET /item/227931994.shtml HTTP/1.1" 404 65023 "-" "Mozilla/5.0 AppleWebKit/537.36 (KHTML, like Gecko; compatible; GPTBot/1.2; +https://openai.com/gptbot)"
20.171.207.77 - - [16/Jul/2025:00:08:40 +0000] "GET /item/227947196.shtml HTTP/1.1" 404 65023 "-" "Mozilla/5.0 AppleWebKit/537.36 (KHTML, like Gecko; compatible; GPTBot/1.2; +https://openai.com/gptbot)"
209.74.77.214 - - [16/Jul/2025:00:08:44 +0000] "POST /wp-cron.php?doing_wp_cron=1752624523.9946959018707275390625 HTTP/1.1" 200 - "-" "WordPress/6.8.1; https://listingslad.com"
20.171.207.77 - - [16/Jul/2025:00:08:43 +0000] "GET /item/228133478.shtml HTTP/1.1" 404 65023 "-" "Mozilla/5.0 AppleWebKit/537.36 (KHTML, like Gecko; compatible; GPTBot/1.2; +https://openai.com/gptbot)"
20.171.207.77 - - [16/Jul/2025:00:08:46 +0000] "GET /item/227925116.shtml HTTP/1.1" 404 65023 "-" "Mozilla/5.0 AppleWebKit/537.36 (KHTML, like Gecko; compatible; GPTBot/1.2; +https://openai.com/gptbot)"
20.171.207.77 - - [16/Jul/2025:00:08:49 +0000] "GET /item/227937824.shtml HTTP/1.1" 404 65023 "-" "Mozilla/5.0 AppleWebKit/537.36 (KHTML, like Gecko; compatible; GPTBot/1.2; +https://openai.com/gptbot)"
20.171.207.77 - - [16/Jul/2025:00:08:52 +0000] "GET /item/228071334.shtml HTTP/1.1" 404 65023 "-" "Mozilla/5.0 AppleWebKit/537.36 (KHTML, like Gecko; compatible; GPTBot/1.2; +https://openai.com/gptbot)"
20.171.207.77 - - [16/Jul/2025:00:08:54 +0000] "GET /item/228119450.shtml HTTP/1.1" 404 65023 "-" "Mozilla/5.0 AppleWebKit/537.36 (KHTML, like Gecko; compatible; GPTBot/1.2; +https://openai.com/gptbot)"
209.74.77.214 - - [16/Jul/2025:00:08:58 +0000] "POST /wp-cron.php?doing_wp_cron=1752624538.1372499465942382812500 HTTP/1.1" 200 - "-" "WordPress/6.8.1; https://listingslad.com"
20.171.207.77 - - [16/Jul/2025:00:08:57 +0000] "GET /item/227659640.shtml HTTP/1.1" 404 65023 "-" "Mozilla/5.0 AppleWebKit/537.36 (KHTML, like Gecko; compatible; GPTBot/1.2; +https://openai.com/gptbot)"
20.171.207.77 - - [16/Jul/2025:00:09:00 +0000] "GET /item/227793154.shtml HTTP/1.1" 404 65024 "-" "Mozilla/5.0 AppleWebKit/537.36 (KHTML, like Gecko; compatible; GPTBot/1.2; +https://openai.com/gptbot)"
20.171.207.77 - - [16/Jul/2025:00:09:03 +0000] "GET /item/228007016.shtml HTTP/1.1" 404 65024 "-" "Mozilla/5.0 AppleWebKit/537.36 (KHTML, like Gecko; compatible; GPTBot/1.2; +https://openai.com/gptbot)"
20.171.207.77 - - [16/Jul/2025:00:09:06 +0000] "GET /item/227669016.shtml HTTP/1.1" 404 65023 "-" "Mozilla/5.0 AppleWebKit/537.36 (KHTML, like Gecko; compatible; GPTBot/1.2; +https://openai.com/gptbot)"
209.74.77.214 - - [16/Jul/2025:00:09:09 +0000] "POST /wp-cron.php?doing_wp_cron=1752624549.6187810897827148437500 HTTP/1.1" 200 - "-" "WordPress/6.8.1; https://listingslad.com"
20.171.207.77 - - [16/Jul/2025:00:09:09 +0000] "GET /item/227651056.shtml HTTP/1.1" 404 65023 "-" "Mozilla/5.0 AppleWebKit/537.36 (KHTML, like Gecko; compatible; GPTBot/1.2; +https://openai.com/gptbot)"
20.171.207.77 - - [16/Jul/2025:00:09:12 +0000] "GET /item/227661870.shtml HTTP/1.1" 404 65022 "-" "Mozilla/5.0 AppleWebKit/537.36 (KHTML, like Gecko; compatible; GPTBot/1.2; +https://openai.com/gptbot)"
20.171.207.77 - - [16/Jul/2025:00:09:14 +0000] "GET /item/227952140.shtml HTTP/1.1" 404 65024 "-" "Mozilla/5.0 AppleWebKit/537.36 (KHTML, like Gecko; compatible; GPTBot/1.2; +https://openai.com/gptbot)"
20.171.207.77 - - [16/Jul/2025:00:09:17 +0000] "GET /item/227891024.shtml HTTP/1.1" 404 65023 "-" "Mozilla/5.0 AppleWebKit/537.36 (KHTML, like Gecko; compatible; GPTBot/1.2; +https://openai.com/gptbot)"
20.171.207.77 - - [16/Jul/2025:00:09:20 +0000] "GET /item/228117516.shtml HTTP/1.1" 404 65024 "-" "Mozilla/5.0 AppleWebKit/537.36 (KHTML, like Gecko; compatible; GPTBot/1.2; +https://openai.com/gptbot)"
20.171.207.77 - - [16/Jul/2025:00:09:23 +0000] "GET /item/227690434.shtml HTTP/1.1" 404 65024 "-" "Mozilla/5.0 AppleWebKit/537.36 (KHTML, like Gecko; compatible; GPTBot/1.2; +https://openai.com/gptbot)"
20.171.207.77 - - [16/Jul/2025:00:09:25 +0000] "GET /item/227663780.shtml HTTP/1.1" 404 65024 "-" "Mozilla/5.0 AppleWebKit/537.36 (KHTML, like Gecko; compatible; GPTBot/1.2; +https://openai.com/gptbot)"
209.74.77.214 - - [16/Jul/2025:00:09:29 +0000] "POST /wp-cron.php?doing_wp_cron=1752624569.1105790138244628906250 HTTP/1.1" 200 - "-" "WordPress/6.8.1; https://listingslad.com"
20.171.207.77 - - [16/Jul/2025:00:09:28 +0000] "GET /item/227699156.shtml HTTP/1.1" 404 65023 "-" "Mozilla/5.0 AppleWebKit/537.36 (KHTML, like Gecko; compatible; GPTBot/1.2; +https://openai.com/gptbot)"
20.171.207.77 - - [16/Jul/2025:00:09:31 +0000] "GET /item/228146356.shtml HTTP/1.1" 404 65024 "-" "Mozilla/5.0 AppleWebKit/537.36 (KHTML, like Gecko; compatible; GPTBot/1.2; +https://openai.com/gptbot)"
20.171.207.77 - - [16/Jul/2025:00:09:34 +0000] "GET /item/227886100.shtml HTTP/1.1" 404 65024 "-" "Mozilla/5.0 AppleWebKit/537.36 (KHTML, like Gecko; compatible; GPTBot/1.2; +https://openai.com/gptbot)"
20.171.207.77 - - [16/Jul/2025:00:09:37 +0000] "GET /item/227669634.shtml HTTP/1.1" 404 65024 "-" "Mozilla/5.0 AppleWebKit/537.36 (KHTML, like Gecko; compatible; GPTBot/1.2; +https://openai.com/gptbot)"
20.171.207.77 - - [16/Jul/2025:00:09:40 +0000] "GET /item/227798354.shtml HTTP/1.1" 404 65024 "-" "Mozilla/5.0 AppleWebKit/537.36 (KHTML, like Gecko; compatible; GPTBot/1.2; +https://openai.com/gptbot)"
209.74.77.214 - - [16/Jul/2025:00:09:43 +0000] "POST /wp-cron.php?doing_wp_cron=1752624583.4216380119323730468750 HTTP/1.1" 200 - "-" "WordPress/6.8.1; https://listingslad.com"
20.171.207.77 - - [16/Jul/2025:00:09:43 +0000] "GET /item/227873116.shtml HTTP/1.1" 404 65024 "-" "Mozilla/5.0 AppleWebKit/537.36 (KHTML, like Gecko; compatible; GPTBot/1.2; +https://openai.com/gptbot)"
209.74.77.214 - - [16/Jul/2025:00:09:46 +0000] "POST /wp-cron.php?doing_wp_cron=1752624586.3146729469299316406250 HTTP/1.1" 200 - "-" "WordPress/6.8.1; https://listingslad.com"
20.171.207.77 - - [16/Jul/2025:00:09:46 +0000] "GET /item/227795478.shtml HTTP/1.1" 404 65024 "-" "Mozilla/5.0 AppleWebKit/537.36 (KHTML, like Gecko; compatible; GPTBot/1.2; +https://openai.com/gptbot)"
20.171.207.77 - - [16/Jul/2025:00:09:48 +0000] "GET /item/228037810.shtml HTTP/1.1" 404 65023 "-" "Mozilla/5.0 AppleWebKit/537.36 (KHTML, like Gecko; compatible; GPTBot/1.2; +https://openai.com/gptbot)"
20.171.207.77 - - [16/Jul/2025:00:09:51 +0000] "GET /item/228099694.shtml HTTP/1.1" 404 65023 "-" "Mozilla/5.0 AppleWebKit/537.36 (KHTML, like Gecko; compatible; GPTBot/1.2; +https://openai.com/gptbot)"
20.171.207.77 - - [16/Jul/2025:00:09:54 +0000] "GET /item/227703450.shtml HTTP/1.1" 404 65024 "-" "Mozilla/5.0 AppleWebKit/537.36 (KHTML, like Gecko; compatible; GPTBot/1.2; +https://openai.com/gptbot)"
209.74.77.214 - - [16/Jul/2025:00:09:57 +0000] "POST /wp-cron.php?doing_wp_cron=1752624597.5186109542846679687500 HTTP/1.1" 200 - "-" "WordPress/6.8.1; https://listingslad.com"
20.171.207.77 - - [16/Jul/2025:00:09:57 +0000] "GET /item/228131780.shtml HTTP/1.1" 404 65024 "-" "Mozilla/5.0 AppleWebKit/537.36 (KHTML, like Gecko; compatible; GPTBot/1.2; +https://openai.com/gptbot)"
20.171.207.77 - - [16/Jul/2025:00:10:00 +0000] "GET /item/227953700.shtml HTTP/1.1" 404 65024 "-" "Mozilla/5.0 AppleWebKit/537.36 (KHTML, like Gecko; compatible; GPTBot/1.2; +https://openai.com/gptbot)"
20.171.207.77 - - [16/Jul/2025:00:10:03 +0000] "GET /item/228015470.shtml HTTP/1.1" 404 65023 "-" "Mozilla/5.0 AppleWebKit/537.36 (KHTML, like Gecko; compatible; GPTBot/1.2; +https://openai.com/gptbot)"
20.171.207.77 - - [16/Jul/2025:00:10:05 +0000] "GET /item/228016356.shtml HTTP/1.1" 404 65023 "-" "Mozilla/5.0 AppleWebKit/537.36 (KHTML, like Gecko; compatible; GPTBot/1.2; +https://openai.com/gptbot)"
209.74.77.214 - - [16/Jul/2025:00:10:09 +0000] "POST /wp-cron.php?doing_wp_cron=1752624609.0351190567016601562500 HTTP/1.1" 200 - "-" "WordPress/6.8.1; https://listingslad.com"
20.171.207.77 - - [16/Jul/2025:00:10:08 +0000] "GET /item/228146080.shtml HTTP/1.1" 404 65023 "-" "Mozilla/5.0 AppleWebKit/537.36 (KHTML, like Gecko; compatible; GPTBot/1.2; +https://openai.com/gptbot)"
20.171.207.77 - - [16/Jul/2025:00:10:11 +0000] "GET /item/227873116.shtml HTTP/1.1" 404 65023 "-" "Mozilla/5.0 AppleWebKit/537.36 (KHTML, like Gecko; compatible; GPTBot/1.2; +https://openai.com/gptbot)"
20.171.207.77 - - [16/Jul/2025:00:10:14 +0000] "GET /item/227718400.shtml HTTP/1.1" 404 65023 "-" "Mozilla/5.0 AppleWebKit/537.36 (KHTML, like Gecko; compatible; GPTBot/1.2; +https://openai.com/gptbot)"
20.171.207.77 - - [16/Jul/2025:00:10:17 +0000] "GET /item/228151300.shtml HTTP/1.1" 404 65023 "-" "Mozilla/5.0 AppleWebKit/537.36 (KHTML, like Gecko; compatible; GPTBot/1.2; +https://openai.com/gptbot)"
20.171.207.77 - - [16/Jul/2025:00:10:19 +0000] "GET /item/227757416.shtml HTTP/1.1" 404 65023 "-" "Mozilla/5.0 AppleWebKit/537.36 (KHTML, like Gecko; compatible; GPTBot/1.2; +https://openai.com/gptbot)"
20.171.207.77 - - [16/Jul/2025:00:10:22 +0000] "GET /item/227781194.shtml HTTP/1.1" 404 65023 "-" "Mozilla/5.0 AppleWebKit/537.36 (KHTML, like Gecko; compatible; GPTBot/1.2; +https://openai.com/gptbot)"
20.171.207.77 - - [16/Jul/2025:00:10:25 +0000] "GET /item/228039240.shtml HTTP/1.1" 404 65024 "-" "Mozilla/5.0 AppleWebKit/537.36 (KHTML, like Gecko; compatible; GPTBot/1.2; +https://openai.com/gptbot)"
209.74.77.214 - - [16/Jul/2025:00:10:28 +0000] "POST /wp-cron.php?doing_wp_cron=1752624628.6273260116577148437500 HTTP/1.1" 200 - "-" "WordPress/6.8.1; https://listingslad.com"
20.171.207.77 - - [16/Jul/2025:00:10:28 +0000] "GET /item/227848656.shtml HTTP/1.1" 404 65023 "-" "Mozilla/5.0 AppleWebKit/537.36 (KHTML, like Gecko; compatible; GPTBot/1.2; +https://openai.com/gptbot)"
20.171.207.77 - - [16/Jul/2025:00:10:31 +0000] "GET /item/227962170.shtml HTTP/1.1" 404 65023 "-" "Mozilla/5.0 AppleWebKit/537.36 (KHTML, like Gecko; compatible; GPTBot/1.2; +https://openai.com/gptbot)"
20.171.207.77 - - [16/Jul/2025:00:10:34 +0000] "GET /item/228014170.shtml HTTP/1.1" 404 65023 "-" "Mozilla/5.0 AppleWebKit/537.36 (KHTML, like Gecko; compatible; GPTBot/1.2; +https://openai.com/gptbot)"
20.171.207.77 - - [16/Jul/2025:00:10:36 +0000] "GET /item/227642350.shtml HTTP/1.1" 404 65023 "-" "Mozilla/5.0 AppleWebKit/537.36 (KHTML, like Gecko; compatible; GPTBot/1.2; +https://openai.com/gptbot)"
20.171.207.77 - - [16/Jul/2025:00:10:39 +0000] "GET /item/227685510.shtml HTTP/1.1" 404 65023 "-" "Mozilla/5.0 AppleWebKit/537.36 (KHTML, like Gecko; compatible; GPTBot/1.2; +https://openai.com/gptbot)"
209.74.77.214 - - [16/Jul/2025:00:10:42 +0000] "POST /wp-cron.php?doing_wp_cron=1752624642.9281499385833740234375 HTTP/1.1" 200 - "-" "WordPress/6.8.1; https://listingslad.com"
20.171.207.77 - - [16/Jul/2025:00:10:42 +0000] "GET /item/228190040.shtml HTTP/1.1" 404 65023 "-" "Mozilla/5.0 AppleWebKit/537.36 (KHTML, like Gecko; compatible; GPTBot/1.2; +https://openai.com/gptbot)"
209.74.77.214 - - [16/Jul/2025:00:10:45 +0000] "POST /wp-cron.php?doing_wp_cron=1752624645.7914919853210449218750 HTTP/1.1" 200 - "-" "WordPress/6.8.1; https://listingslad.com"
20.171.207.77 - - [16/Jul/2025:00:10:45 +0000] "GET /item/228151300.shtml HTTP/1.1" 404 65023 "-" "Mozilla/5.0 AppleWebKit/537.36 (KHTML, like Gecko; compatible; GPTBot/1.2; +https://openai.com/gptbot)"
20.171.207.77 - - [16/Jul/2025:00:10:48 +0000] "GET /item/227713594.shtml HTTP/1.1" 404 65023 "-" "Mozilla/5.0 AppleWebKit/537.36 (KHTML, like Gecko; compatible; GPTBot/1.2; +https://openai.com/gptbot)"
20.171.207.77 - - [16/Jul/2025:00:10:51 +0000] "GET /item/228138934.shtml HTTP/1.1" 404 65023 "-" "Mozilla/5.0 AppleWebKit/537.36 (KHTML, like Gecko; compatible; GPTBot/1.2; +https://openai.com/gptbot)"
20.171.207.77 - - [16/Jul/2025:00:10:54 +0000] "GET /item/228003734.shtml HTTP/1.1" 404 65024 "-" "Mozilla/5.0 AppleWebKit/537.36 (KHTML, like Gecko; compatible; GPTBot/1.2; +https://openai.com/gptbot)"
209.74.77.214 - - [16/Jul/2025:00:10:57 +0000] "POST /wp-cron.php?doing_wp_cron=1752624657.0609529018402099609375 HTTP/1.1" 200 - "-" "WordPress/6.8.1; https://listingslad.com"
20.171.207.77 - - [16/Jul/2025:00:10:56 +0000] "GET /item/228093056.shtml HTTP/1.1" 404 65024 "-" "Mozilla/5.0 AppleWebKit/537.36 (KHTML, like Gecko; compatible; GPTBot/1.2; +https://openai.com/gptbot)"
20.171.207.77 - - [16/Jul/2025:00:10:59 +0000] "GET /item/227745680.shtml HTTP/1.1" 404 65024 "-" "Mozilla/5.0 AppleWebKit/537.36 (KHTML, like Gecko; compatible; GPTBot/1.2; +https://openai.com/gptbot)"
20.171.207.77 - - [16/Jul/2025:00:11:02 +0000] "GET /item/228135326.shtml HTTP/1.1" 404 65023 "-" "Mozilla/5.0 AppleWebKit/537.36 (KHTML, like Gecko; compatible; GPTBot/1.2; +https://openai.com/gptbot)"
20.171.207.77 - - [16/Jul/2025:00:11:05 +0000] "GET /item/227834494.shtml HTTP/1.1" 404 65024 "-" "Mozilla/5.0 AppleWebKit/537.36 (KHTML, like Gecko; compatible; GPTBot/1.2; +https://openai.com/gptbot)"
20.171.207.77 - - [16/Jul/2025:00:11:08 +0000] "GET /item/228087340.shtml HTTP/1.1" 404 65023 "-" "Mozilla/5.0 AppleWebKit/537.36 (KHTML, like Gecko; compatible; GPTBot/1.2; +https://openai.com/gptbot)"
209.74.77.214 - - [16/Jul/2025:00:11:11 +0000] "POST /wp-cron.php?doing_wp_cron=1752624671.3452360630035400390625 HTTP/1.1" 200 - "-" "WordPress/6.8.1; https://listingslad.com"
20.171.207.77 - - [16/Jul/2025:00:11:11 +0000] "GET /item/227996580.shtml HTTP/1.1" 404 65023 "-" "Mozilla/5.0 AppleWebKit/537.36 (KHTML, like Gecko; compatible; GPTBot/1.2; +https://openai.com/gptbot)"
209.74.77.214 - - [16/Jul/2025:00:11:14 +0000] "POST /wp-cron.php?doing_wp_cron=1752624674.3616189956665039062500 HTTP/1.1" 200 - "-" "WordPress/6.8.1; https://listingslad.com"
20.171.207.77 - - [16/Jul/2025:00:11:14 +0000] "GET /item/228190934.shtml HTTP/1.1" 404 65023 "-" "Mozilla/5.0 AppleWebKit/537.36 (KHTML, like Gecko; compatible; GPTBot/1.2; +https://openai.com/gptbot)"
20.171.207.77 - - [16/Jul/2025:00:11:17 +0000] "GET /item/228005326.shtml HTTP/1.1" 404 65023 "-" "Mozilla/5.0 AppleWebKit/537.36 (KHTML, like Gecko; compatible; GPTBot/1.2; +https://openai.com/gptbot)"
20.171.207.77 - - [16/Jul/2025:00:11:19 +0000] "GET /item/227768710.shtml HTTP/1.1" 404 65024 "-" "Mozilla/5.0 AppleWebKit/537.36 (KHTML, like Gecko; compatible; GPTBot/1.2; +https://openai.com/gptbot)"
20.171.207.77 - - [16/Jul/2025:00:11:22 +0000] "GET /item/228008934.shtml HTTP/1.1" 404 65024 "-" "Mozilla/5.0 AppleWebKit/537.36 (KHTML, like Gecko; compatible; GPTBot/1.2; +https://openai.com/gptbot)"
20.171.207.77 - - [16/Jul/2025:00:11:25 +0000] "GET /item/227984526.shtml HTTP/1.1" 404 65023 "-" "Mozilla/5.0 AppleWebKit/537.36 (KHTML, like Gecko; compatible; GPTBot/1.2; +https://openai.com/gptbot)"
209.74.77.214 - - [16/Jul/2025:00:11:28 +0000] "POST /wp-cron.php?doing_wp_cron=1752624688.5907099246978759765625 HTTP/1.1" 200 - "-" "WordPress/6.8.1; https://listingslad.com"
20.171.207.77 - - [16/Jul/2025:00:11:28 +0000] "GET /item/227658324.shtml HTTP/1.1" 404 65023 "-" "Mozilla/5.0 AppleWebKit/537.36 (KHTML, like Gecko; compatible; GPTBot/1.2; +https://openai.com/gptbot)"
20.171.207.77 - - [16/Jul/2025:00:11:31 +0000] "GET /item/228173010.shtml HTTP/1.1" 404 65023 "-" "Mozilla/5.0 AppleWebKit/537.36 (KHTML, like Gecko; compatible; GPTBot/1.2; +https://openai.com/gptbot)"
20.171.207.77 - - [16/Jul/2025:00:11:34 +0000] "GET /item/227969950.shtml HTTP/1.1" 404 65024 "-" "Mozilla/5.0 AppleWebKit/537.36 (KHTML, like Gecko; compatible; GPTBot/1.2; +https://openai.com/gptbot)"
20.171.207.77 - - [16/Jul/2025:00:11:36 +0000] "GET /item/227688500.shtml HTTP/1.1" 404 65024 "-" "Mozilla/5.0 AppleWebKit/537.36 (KHTML, like Gecko; compatible; GPTBot/1.2; +https://openai.com/gptbot)"
20.171.207.77 - - [16/Jul/2025:00:11:39 +0000] "GET /item/227960578.shtml HTTP/1.1" 404 65023 "-" "Mozilla/5.0 AppleWebKit/537.36 (KHTML, like Gecko; compatible; GPTBot/1.2; +https://openai.com/gptbot)"
209.74.77.214 - - [16/Jul/2025:00:11:42 +0000] "POST /wp-cron.php?doing_wp_cron=1752624702.8913760185241699218750 HTTP/1.1" 200 - "-" "WordPress/6.8.1; https://listingslad.com"
20.171.207.77 - - [16/Jul/2025:00:11:42 +0000] "GET /item/227824350.shtml HTTP/1.1" 404 65024 "-" "Mozilla/5.0 AppleWebKit/537.36 (KHTML, like Gecko; compatible; GPTBot/1.2; +https://openai.com/gptbot)"
209.74.77.214 - - [16/Jul/2025:00:11:45 +0000] "POST /wp-cron.php?doing_wp_cron=1752624705.7175939083099365234375 HTTP/1.1" 200 - "-" "WordPress/6.8.1; https://listingslad.com"
20.171.207.77 - - [16/Jul/2025:00:11:45 +0000] "GET /item/228110354.shtml HTTP/1.1" 404 65023 "-" "Mozilla/5.0 AppleWebKit/537.36 (KHTML, like Gecko; compatible; GPTBot/1.2; +https://openai.com/gptbot)"
209.74.77.214 - - [16/Jul/2025:00:11:48 +0000] "POST /wp-cron.php?doing_wp_cron=1752624708.7426459789276123046875 HTTP/1.1" 200 - "-" "WordPress/6.8.1; https://listingslad.com"
20.171.207.77 - - [16/Jul/2025:00:11:48 +0000] "GET /item/227894570.shtml HTTP/1.1" 404 65023 "-" "Mozilla/5.0 AppleWebKit/537.36 (KHTML, like Gecko; compatible; GPTBot/1.2; +https://openai.com/gptbot)"
20.171.207.77 - - [16/Jul/2025:00:11:51 +0000] "GET /item/227932880.shtml HTTP/1.1" 404 65023 "-" "Mozilla/5.0 AppleWebKit/537.36 (KHTML, like Gecko; compatible; GPTBot/1.2; +https://openai.com/gptbot)"
20.171.207.77 - - [16/Jul/2025:00:11:54 +0000] "GET /item/228082396.shtml HTTP/1.1" 404 65024 "-" "Mozilla/5.0 AppleWebKit/537.36 (KHTML, like Gecko; compatible; GPTBot/1.2; +https://openai.com/gptbot)"
209.74.77.214 - - [16/Jul/2025:00:11:57 +0000] "POST /wp-cron.php?doing_wp_cron=1752624717.1824150085449218750000 HTTP/1.1" 200 - "-" "WordPress/6.8.1; https://listingslad.com"
20.171.207.77 - - [16/Jul/2025:00:11:56 +0000] "GET /item/227789640.shtml HTTP/1.1" 404 65023 "-" "Mozilla/5.0 AppleWebKit/537.36 (KHTML, like Gecko; compatible; GPTBot/1.2; +https://openai.com/gptbot)"
20.171.207.77 - - [16/Jul/2025:00:11:59 +0000] "GET /item/227965778.shtml HTTP/1.1" 404 65023 "-" "Mozilla/5.0 AppleWebKit/537.36 (KHTML, like Gecko; compatible; GPTBot/1.2; +https://openai.com/gptbot)"
20.171.207.77 - - [16/Jul/2025:00:12:02 +0000] "GET /item/228140624.shtml HTTP/1.1" 404 65023 "-" "Mozilla/5.0 AppleWebKit/537.36 (KHTML, like Gecko; compatible; GPTBot/1.2; +https://openai.com/gptbot)"
20.171.207.77 - - [16/Jul/2025:00:12:05 +0000] "GET /item/228143878.shtml HTTP/1.1" 404 65023 "-" "Mozilla/5.0 AppleWebKit/537.36 (KHTML, like Gecko; compatible; GPTBot/1.2; +https://openai.com/gptbot)"
20.171.207.77 - - [16/Jul/2025:00:12:08 +0000] "GET /item/227744396.shtml HTTP/1.1" 404 65023 "-" "Mozilla/5.0 AppleWebKit/537.36 (KHTML, like Gecko; compatible; GPTBot/1.2; +https://openai.com/gptbot)"
209.74.77.214 - - [16/Jul/2025:00:12:11 +0000] "POST /wp-cron.php?doing_wp_cron=1752624731.2449779510498046875000 HTTP/1.1" 200 - "-" "WordPress/6.8.1; https://listingslad.com"
20.171.207.77 - - [16/Jul/2025:00:12:10 +0000] "GET /item/228075234.shtml HTTP/1.1" 404 65023 "-" "Mozilla/5.0 AppleWebKit/537.36 (KHTML, like Gecko; compatible; GPTBot/1.2; +https://openai.com/gptbot)"
20.171.207.77 - - [16/Jul/2025:00:12:13 +0000] "GET /item/227768840.shtml HTTP/1.1" 404 65023 "-" "Mozilla/5.0 AppleWebKit/537.36 (KHTML, like Gecko; compatible; GPTBot/1.2; +https://openai.com/gptbot)"
20.171.207.77 - - [16/Jul/2025:00:12:16 +0000] "GET /item/227933554.shtml HTTP/1.1" 404 65023 "-" "Mozilla/5.0 AppleWebKit/537.36 (KHTML, like Gecko; compatible; GPTBot/1.2; +https://openai.com/gptbot)"
20.171.207.77 - - [16/Jul/2025:00:12:19 +0000] "GET /item/227900396.shtml HTTP/1.1" 404 65024 "-" "Mozilla/5.0 AppleWebKit/537.36 (KHTML, like Gecko; compatible; GPTBot/1.2; +https://openai.com/gptbot)"
20.171.207.77 - - [16/Jul/2025:00:12:22 +0000] "GET /item/227713456.shtml HTTP/1.1" 404 65023 "-" "Mozilla/5.0 AppleWebKit/537.36 (KHTML, like Gecko; compatible; GPTBot/1.2; +https://openai.com/gptbot)"
20.171.207.77 - - [16/Jul/2025:00:12:24 +0000] "GET /item/228056400.shtml HTTP/1.1" 404 65024 "-" "Mozilla/5.0 AppleWebKit/537.36 (KHTML, like Gecko; compatible; GPTBot/1.2; +https://openai.com/gptbot)"
209.74.77.214 - - [16/Jul/2025:00:12:27 +0000] "POST /wp-cron.php?doing_wp_cron=1752624747.7689230442047119140625 HTTP/1.1" 200 - "-" "WordPress/6.8.1; https://listingslad.com"
20.171.207.77 - - [16/Jul/2025:00:12:27 +0000] "GET /item/227829156.shtml HTTP/1.1" 404 65023 "-" "Mozilla/5.0 AppleWebKit/537.36 (KHTML, like Gecko; compatible; GPTBot/1.2; +https://openai.com/gptbot)"
20.171.207.77 - - [16/Jul/2025:00:12:30 +0000] "GET /item/228033654.shtml HTTP/1.1" 404 65024 "-" "Mozilla/5.0 AppleWebKit/537.36 (KHTML, like Gecko; compatible; GPTBot/1.2; +https://openai.com/gptbot)"
20.171.207.77 - - [16/Jul/2025:00:12:33 +0000] "GET /item/227939124.shtml HTTP/1.1" 404 65024 "-" "Mozilla/5.0 AppleWebKit/537.36 (KHTML, like Gecko; compatible; GPTBot/1.2; +https://openai.com/gptbot)"
20.171.207.77 - - [16/Jul/2025:00:12:35 +0000] "GET /item/227835010.shtml HTTP/1.1" 404 65024 "-" "Mozilla/5.0 AppleWebKit/537.36 (KHTML, like Gecko; compatible; GPTBot/1.2; +https://openai.com/gptbot)"
20.171.207.77 - - [16/Jul/2025:00:12:38 +0000] "GET /item/227695654.shtml HTTP/1.1" 404 65023 "-" "Mozilla/5.0 AppleWebKit/537.36 (KHTML, like Gecko; compatible; GPTBot/1.2; +https://openai.com/gptbot)"
209.74.77.214 - - [16/Jul/2025:00:12:42 +0000] "POST /wp-cron.php?doing_wp_cron=1752624762.0443859100341796875000 HTTP/1.1" 200 - "-" "WordPress/6.8.1; https://listingslad.com"
20.171.207.77 - - [16/Jul/2025:00:12:41 +0000] "GET /item/228047954.shtml HTTP/1.1" 404 65023 "-" "Mozilla/5.0 AppleWebKit/537.36 (KHTML, like Gecko; compatible; GPTBot/1.2; +https://openai.com/gptbot)"
209.74.77.214 - - [16/Jul/2025:00:12:44 +0000] "POST /wp-cron.php?doing_wp_cron=1752624764.9220700263977050781250 HTTP/1.1" 200 - "-" "WordPress/6.8.1; https://listingslad.com"
20.171.207.77 - - [16/Jul/2025:00:12:44 +0000] "GET /item/228046394.shtml HTTP/1.1" 404 65023 "-" "Mozilla/5.0 AppleWebKit/537.36 (KHTML, like Gecko; compatible; GPTBot/1.2; +https://openai.com/gptbot)"
20.171.207.77 - - [16/Jul/2025:00:12:47 +0000] "GET /item/228130480.shtml HTTP/1.1" 404 65024 "-" "Mozilla/5.0 AppleWebKit/537.36 (KHTML, like Gecko; compatible; GPTBot/1.2; +https://openai.com/gptbot)"
20.171.207.77 - - [16/Jul/2025:00:12:50 +0000] "GET /item/227716454.shtml HTTP/1.1" 404 65024 "-" "Mozilla/5.0 AppleWebKit/537.36 (KHTML, like Gecko; compatible; GPTBot/1.2; +https://openai.com/gptbot)"
20.171.207.77 - - [16/Jul/2025:00:12:53 +0000] "GET /item/227921850.shtml HTTP/1.1" 404 65023 "-" "Mozilla/5.0 AppleWebKit/537.36 (KHTML, like Gecko; compatible; GPTBot/1.2; +https://openai.com/gptbot)"
209.74.77.214 - - [16/Jul/2025:00:12:56 +0000] "POST /wp-cron.php?doing_wp_cron=1752624776.5149450302124023437500 HTTP/1.1" 200 - "-" "WordPress/6.8.1; https://listingslad.com"
20.171.207.77 - - [16/Jul/2025:00:12:56 +0000] "GET /item/227818500.shtml HTTP/1.1" 404 65024 "-" "Mozilla/5.0 AppleWebKit/537.36 (KHTML, like Gecko; compatible; GPTBot/1.2; +https://openai.com/gptbot)"
20.171.207.77 - - [16/Jul/2025:00:12:58 +0000] "GET /item/228074324.shtml HTTP/1.1" 404 65024 "-" "Mozilla/5.0 AppleWebKit/537.36 (KHTML, like Gecko; compatible; GPTBot/1.2; +https://openai.com/gptbot)"
20.171.207.77 - - [16/Jul/2025:00:13:01 +0000] "GET /item/227663154.shtml HTTP/1.1" 404 65023 "-" "Mozilla/5.0 AppleWebKit/537.36 (KHTML, like Gecko; compatible; GPTBot/1.2; +https://openai.com/gptbot)"
20.171.207.77 - - [16/Jul/2025:00:13:04 +0000] "GET /item/228164296.shtml HTTP/1.1" 404 65023 "-" "Mozilla/5.0 AppleWebKit/537.36 (KHTML, like Gecko; compatible; GPTBot/1.2; +https://openai.com/gptbot)"
20.171.207.77 - - [16/Jul/2025:00:13:07 +0000] "GET /item/228049254.shtml HTTP/1.1" 404 65023 "-" "Mozilla/5.0 AppleWebKit/537.36 (KHTML, like Gecko; compatible; GPTBot/1.2; +https://openai.com/gptbot)"
209.74.77.214 - - [16/Jul/2025:00:13:10 +0000] "POST /wp-cron.php?doing_wp_cron=1752624790.3754379749298095703125 HTTP/1.1" 200 - "-" "WordPress/6.8.1; https://listingslad.com"
20.171.207.77 - - [16/Jul/2025:00:13:10 +0000] "GET /item/227731380.shtml HTTP/1.1" 404 65023 "-" "Mozilla/5.0 AppleWebKit/537.36 (KHTML, like Gecko; compatible; GPTBot/1.2; +https://openai.com/gptbot)"
20.171.207.77 - - [16/Jul/2025:00:13:13 +0000] "GET /item/227809672.shtml HTTP/1.1" 404 65023 "-" "Mozilla/5.0 AppleWebKit/537.36 (KHTML, like Gecko; compatible; GPTBot/1.2; +https://openai.com/gptbot)"
20.171.207.77 - - [16/Jul/2025:00:13:15 +0000] "GET /item/227853600.shtml HTTP/1.1" 404 65022 "-" "Mozilla/5.0 AppleWebKit/537.36 (KHTML, like Gecko; compatible; GPTBot/1.2; +https://openai.com/gptbot)"
20.171.207.77 - - [16/Jul/2025:00:13:18 +0000] "GET /item/228179896.shtml HTTP/1.1" 404 65023 "-" "Mozilla/5.0 AppleWebKit/537.36 (KHTML, like Gecko; compatible; GPTBot/1.2; +https://openai.com/gptbot)"
20.171.207.77 - - [16/Jul/2025:00:13:21 +0000] "GET /item/228151950.shtml HTTP/1.1" 404 65023 "-" "Mozilla/5.0 AppleWebKit/537.36 (KHTML, like Gecko; compatible; GPTBot/1.2; +https://openai.com/gptbot)"
20.171.207.77 - - [16/Jul/2025:00:13:24 +0000] "GET /item/228063554.shtml HTTP/1.1" 404 65023 "-" "Mozilla/5.0 AppleWebKit/537.36 (KHTML, like Gecko; compatible; GPTBot/1.2; +https://openai.com/gptbot)"
209.74.77.214 - - [16/Jul/2025:00:13:27 +0000] "POST /wp-cron.php?doing_wp_cron=1752624807.3854670524597167968750 HTTP/1.1" 200 - "-" "WordPress/6.8.1; https://listingslad.com"
20.171.207.77 - - [16/Jul/2025:00:13:27 +0000] "GET /item/227841510.shtml HTTP/1.1" 404 65023 "-" "Mozilla/5.0 AppleWebKit/537.36 (KHTML, like Gecko; compatible; GPTBot/1.2; +https://openai.com/gptbot)"
20.171.207.77 - - [16/Jul/2025:00:13:29 +0000] "GET /item/228158710.shtml HTTP/1.1" 404 65024 "-" "Mozilla/5.0 AppleWebKit/537.36 (KHTML, like Gecko; compatible; GPTBot/1.2; +https://openai.com/gptbot)"
20.171.207.77 - - [16/Jul/2025:00:13:32 +0000] "GET /item/227631556.shtml HTTP/1.1" 404 65024 "-" "Mozilla/5.0 AppleWebKit/537.36 (KHTML, like Gecko; compatible; GPTBot/1.2; +https://openai.com/gptbot)"
