212.118.53.218 - - [16/Jul/2025:07:29:16 +0000] "GET / HTTP/1.1" 301 - "-" "Mozilla/5.0 (Macintosh; Intel Mac OS X 10_15_7) AppleWebKit/537.36 (KHTML, like Gecko) Chrome/133.0.0.0 Safari/537.36"
212.118.53.218 - - [16/Jul/2025:07:29:20 +0000] "GET / HTTP/1.1" 200 61189 "https://LISTINGSLAD.COM" "Mozilla/5.0 (Macintosh; Intel Mac OS X 10_15_7) AppleWebKit/537.36 (KHTML, like Gecko) Chrome/133.0.0.0 Safari/537.36"
143.202.5.155 - - [16/Jul/2025:07:29:25 +0000] "POST / HTTP/1.1" 200 61315 "-" "Mozilla/5.0 (Macintosh; Intel Mac OS X 10_15_7) AppleWebKit/537.36 (KHTML, like Gecko) Chrome/133.0.0.0 Safari/537.36"
209.74.77.214 - - [16/Jul/2025:07:29:27 +0000] "POST /wp-cron.php?doing_wp_cron=1752650967.3253660202026367187500 HTTP/1.1" 200 - "-" "WordPress/6.8.2; https://listingslad.com"
143.202.5.155 - - [16/Jul/2025:07:29:27 +0000] "POST / HTTP/1.1" 200 61134 "-" "Mozilla/5.0 (Windows NT 10.0; Win64; x64) AppleWebKit/537.36 (KHTML, like Gecko) Chrome/120.0.0.0 Safari/537.36"
212.118.53.218 - - [16/Jul/2025:07:29:28 +0000] "GET /panel/create/ HTTP/1.1" 200 62727 "-" "Mozilla/5.0 (Macintosh; Intel Mac OS X 10_15_7) AppleWebKit/537.36 (KHTML, like Gecko) Chrome/133.0.0.0 Safari/537.36"
212.118.53.218 - - [16/Jul/2025:07:29:30 +0000] "GET /blog/ HTTP/1.1" 200 45242 "-" "Mozilla/5.0 (Macintosh; Intel Mac OS X 10_15_7) AppleWebKit/537.36 (KHTML, like Gecko) Chrome/133.0.0.0 Safari/537.36"
143.202.5.155 - - [16/Jul/2025:07:29:32 +0000] "POST /blog/ HTTP/1.1" 200 45368 "-" "Mozilla/5.0 (Macintosh; Intel Mac OS X 10_15_7) AppleWebKit/537.36 (KHTML, like Gecko) Chrome/133.0.0.0 Safari/537.36"
143.202.5.155 - - [16/Jul/2025:07:29:34 +0000] "POST /blog/ HTTP/1.1" 200 45191 "-" "Mozilla/5.0 (Windows NT 10.0; Win64; x64) AppleWebKit/537.36 (KHTML, like Gecko) Chrome/120.0.0.0 Safari/537.36"
212.118.53.218 - - [16/Jul/2025:07:29:35 +0000] "GET /we-knew-it-we-had-left-the-ground/ HTTP/1.1" 200 50400 "-" "Mozilla/5.0 (Macintosh; Intel Mac OS X 10_15_7) AppleWebKit/537.36 (KHTML, like Gecko) Chrome/133.0.0.0 Safari/537.36"
143.202.5.155 - - [16/Jul/2025:07:29:37 +0000] "POST /wp-comments-post.php HTTP/1.1" 200 1106 "-" "Mozilla/5.0 (Macintosh; Intel Mac OS X 10_15_7) AppleWebKit/537.36 (KHTML, like Gecko) Chrome/133.0.0.0 Safari/537.36"
143.202.5.155 - - [16/Jul/2025:07:29:38 +0000] "POST /wp-comments-post.php HTTP/1.1" 200 - "-" "Mozilla/5.0 (Windows NT 10.0; Win64; x64) AppleWebKit/537.36 (KHTML, like Gecko) Chrome/120.0.0.0 Safari/537.36"
143.202.5.155 - - [16/Jul/2025:07:29:40 +0000] "POST /we-knew-it-we-had-left-the-ground/ HTTP/1.1" 200 50522 "-" "Mozilla/5.0 (Macintosh; Intel Mac OS X 10_15_7) AppleWebKit/537.36 (KHTML, like Gecko) Chrome/133.0.0.0 Safari/537.36"
209.74.77.214 - - [16/Jul/2025:07:29:42 +0000] "POST /wp-cron.php?doing_wp_cron=1752650982.3598439693450927734375 HTTP/1.1" 200 - "-" "WordPress/6.8.2; https://listingslad.com"
143.202.5.155 - - [16/Jul/2025:07:29:42 +0000] "POST /we-knew-it-we-had-left-the-ground/ HTTP/1.1" 200 50344 "-" "Mozilla/5.0 (Windows NT 10.0; Win64; x64) AppleWebKit/537.36 (KHTML, like Gecko) Chrome/120.0.0.0 Safari/537.36"
212.118.53.218 - - [16/Jul/2025:07:29:43 +0000] "GET /blog/?pagination=1 HTTP/1.1" 200 45243 "-" "Mozilla/5.0 (Macintosh; Intel Mac OS X 10_15_7) AppleWebKit/537.36 (KHTML, like Gecko) Chrome/133.0.0.0 Safari/537.36"
209.74.77.214 - - [16/Jul/2025:07:29:45 +0000] "POST /wp-cron.php?doing_wp_cron=1752650985.5490620136260986328125 HTTP/1.1" 200 - "-" "WordPress/6.8.2; https://listingslad.com"
143.202.5.155 - - [16/Jul/2025:07:29:45 +0000] "POST /blog/?pagination=1 HTTP/1.1" 200 45368 "-" "Mozilla/5.0 (Macintosh; Intel Mac OS X 10_15_7) AppleWebKit/537.36 (KHTML, like Gecko) Chrome/133.0.0.0 Safari/537.36"
143.202.5.155 - - [16/Jul/2025:07:29:47 +0000] "POST /blog/?pagination=1 HTTP/1.1" 200 45192 "-" "Mozilla/5.0 (Windows NT 10.0; Win64; x64) AppleWebKit/537.36 (KHTML, like Gecko) Chrome/120.0.0.0 Safari/537.36"
212.118.53.218 - - [16/Jul/2025:07:29:48 +0000] "GET /blog/?pagination=2 HTTP/1.1" 200 44941 "-" "Mozilla/5.0 (Macintosh; Intel Mac OS X 10_15_7) AppleWebKit/537.36 (KHTML, like Gecko) Chrome/133.0.0.0 Safari/537.36"
143.202.5.155 - - [16/Jul/2025:07:29:50 +0000] "POST /blog/?pagination=2 HTTP/1.1" 200 45064 "-" "Mozilla/5.0 (Macintosh; Intel Mac OS X 10_15_7) AppleWebKit/537.36 (KHTML, like Gecko) Chrome/133.0.0.0 Safari/537.36"
143.202.5.155 - - [16/Jul/2025:07:29:52 +0000] "POST /blog/?pagination=2 HTTP/1.1" 200 44889 "-" "Mozilla/5.0 (Windows NT 10.0; Win64; x64) AppleWebKit/537.36 (KHTML, like Gecko) Chrome/120.0.0.0 Safari/537.36"
212.118.53.218 - - [16/Jul/2025:07:29:54 +0000] "GET /tag/baby-accessories/ HTTP/1.1" 200 44450 "-" "Mozilla/5.0 (Macintosh; Intel Mac OS X 10_15_7) AppleWebKit/537.36 (KHTML, like Gecko) Chrome/133.0.0.0 Safari/537.36"
143.202.5.155 - - [16/Jul/2025:07:29:55 +0000] "POST /tag/baby-accessories/ HTTP/1.1" 200 44575 "-" "Mozilla/5.0 (Macintosh; Intel Mac OS X 10_15_7) AppleWebKit/537.36 (KHTML, like Gecko) Chrome/133.0.0.0 Safari/537.36"
209.74.77.214 - - [16/Jul/2025:07:29:58 +0000] "POST /wp-cron.php?doing_wp_cron=1752650998.2175409793853759765625 HTTP/1.1" 200 - "-" "WordPress/6.8.2; https://listingslad.com"
143.202.5.155 - - [16/Jul/2025:07:29:58 +0000] "POST /tag/baby-accessories/ HTTP/1.1" 200 44399 "-" "Mozilla/5.0 (Windows NT 10.0; Win64; x64) AppleWebKit/537.36 (KHTML, like Gecko) Chrome/120.0.0.0 Safari/537.36"
212.118.53.218 - - [16/Jul/2025:07:29:59 +0000] "GET /tag/technology/ HTTP/1.1" 200 44197 "-" "Mozilla/5.0 (Macintosh; Intel Mac OS X 10_15_7) AppleWebKit/537.36 (KHTML, like Gecko) Chrome/133.0.0.0 Safari/537.36"
143.202.5.155 - - [16/Jul/2025:07:30:01 +0000] "POST /tag/technology/ HTTP/1.1" 200 44323 "-" "Mozilla/5.0 (Macintosh; Intel Mac OS X 10_15_7) AppleWebKit/537.36 (KHTML, like Gecko) Chrome/133.0.0.0 Safari/537.36"
143.202.5.155 - - [16/Jul/2025:07:30:03 +0000] "POST /tag/technology/ HTTP/1.1" 200 44146 "-" "Mozilla/5.0 (Windows NT 10.0; Win64; x64) AppleWebKit/537.36 (KHTML, like Gecko) Chrome/120.0.0.0 Safari/537.36"
212.118.53.218 - - [16/Jul/2025:07:30:04 +0000] "GET /contact-us/ HTTP/1.1" 200 43376 "-" "Mozilla/5.0 (Macintosh; Intel Mac OS X 10_15_7) AppleWebKit/537.36 (KHTML, like Gecko) Chrome/133.0.0.0 Safari/537.36"
143.202.5.155 - - [16/Jul/2025:07:30:06 +0000] "POST /contact-us/ HTTP/1.1" 200 43469 "-" "Mozilla/5.0 (Macintosh; Intel Mac OS X 10_15_7) AppleWebKit/537.36 (KHTML, like Gecko) Chrome/133.0.0.0 Safari/537.36"
209.74.77.214 - - [16/Jul/2025:07:30:09 +0000] "POST /wp-cron.php?doing_wp_cron=1752651009.1404170989990234375000 HTTP/1.1" 200 - "-" "WordPress/6.8.2; https://listingslad.com"
143.202.5.155 - - [16/Jul/2025:07:30:08 +0000] "POST /contact-us/ HTTP/1.1" 200 43323 "-" "Mozilla/5.0 (Windows NT 10.0; Win64; x64) AppleWebKit/537.36 (KHTML, like Gecko) Chrome/120.0.0.0 Safari/537.36"
212.118.53.218 - - [16/Jul/2025:07:30:10 +0000] "GET /login-register/ HTTP/1.1" 200 50648 "-" "Mozilla/5.0 (Macintosh; Intel Mac OS X 10_15_7) AppleWebKit/537.36 (KHTML, like Gecko) Chrome/133.0.0.0 Safari/537.36"
212.118.53.218 - - [16/Jul/2025:07:30:11 +0000] "GET /login-register/?tab=login HTTP/1.1" 200 50649 "-" "Mozilla/5.0 (Macintosh; Intel Mac OS X 10_15_7) AppleWebKit/537.36 (KHTML, like Gecko) Chrome/133.0.0.0 Safari/537.36"
212.118.53.218 - - [16/Jul/2025:07:30:13 +0000] "GET /login-register/?tab=register HTTP/1.1" 200 50651 "-" "Mozilla/5.0 (Macintosh; Intel Mac OS X 10_15_7) AppleWebKit/537.36 (KHTML, like Gecko) Chrome/133.0.0.0 Safari/537.36"
209.74.77.214 - - [16/Jul/2025:07:34:41 +0000] "POST /wp-cron.php?doing_wp_cron=1752651281.2123739719390869140625 HTTP/1.1" 200 - "-" "WordPress/6.8.2; https://listingslad.com"
51.222.253.2 - - [16/Jul/2025:07:34:38 +0000] "GET / HTTP/1.1" 200 61189 "-" "Mozilla/5.0 (compatible; AhrefsBot/7.0; +http://ahrefs.com/robot/)"
202.8.43.235 - - [16/Jul/2025:07:34:43 +0000] "GET /robots.txt HTTP/1.1" 200 95 "-" "Mozilla/5.0 (compatible; AhrefsBot/7.0; +http://ahrefs.com/robot/)"
202.8.42.118 - - [16/Jul/2025:07:34:43 +0000] "GET /wp-content/plugins/listivo-core/assets/css/sweetalert2.min.css?ver=11.0.12 HTTP/1.1" 200 4176 "https://listingslad.com/" "Mozilla/5.0 (compatible; AhrefsBot/7.0; +http://ahrefs.com/robot/)"
202.8.42.118 - - [16/Jul/2025:07:34:43 +0000] "GET /wp-content/plugins/elementor/assets/lib/font-awesome/css/fontawesome.min.css?ver=5.15.3 HTTP/1.1" 200 12617 "https://listingslad.com/" "Mozilla/5.0 (compatible; AhrefsBot/7.0; +http://ahrefs.com/robot/)"
202.8.42.118 - - [16/Jul/2025:07:34:43 +0000] "GET /wp-includes/js/mediaelement/mediaelementplayer-legacy.min.css?ver=4.2.17 HTTP/1.1" 200 2592 "https://listingslad.com/" "Mozilla/5.0 (compatible; AhrefsBot/7.0; +http://ahrefs.com/robot/)"
202.8.42.118 - - [16/Jul/2025:07:34:43 +0000] "GET /wp-content/plugins/listivo-core/framework/assets/css/dropzone.min.css?ver=6.8.2 HTTP/1.1" 200 2099 "https://listingslad.com/" "Mozilla/5.0 (compatible; AhrefsBot/7.0; +http://ahrefs.com/robot/)"
202.8.42.118 - - [16/Jul/2025:07:34:43 +0000] "GET /wp-content/plugins/elementor/assets/lib/font-awesome/css/solid.min.css?ver=5.15.3 HTTP/1.1" 200 309 "https://listingslad.com/" "Mozilla/5.0 (compatible; AhrefsBot/7.0; +http://ahrefs.com/robot/)"
202.8.42.118 - - [16/Jul/2025:07:34:44 +0000] "GET /wp-content/plugins/contact-form-7/includes/css/styles.css?ver=6.1 HTTP/1.1" 200 1031 "https://listingslad.com/" "Mozilla/5.0 (compatible; AhrefsBot/7.0; +http://ahrefs.com/robot/)"
202.8.42.118 - - [16/Jul/2025:07:34:44 +0000] "GET /wp-content/plugins/elementor/assets/lib/font-awesome/css/brands.min.css?ver=5.15.3 HTTP/1.1" 200 308 "https://listingslad.com/" "Mozilla/5.0 (compatible; AhrefsBot/7.0; +http://ahrefs.com/robot/)"
202.8.42.118 - - [16/Jul/2025:07:34:44 +0000] "GET /wp-content/plugins/woocommerce/assets/css/brands.css?ver=10.0.2 HTTP/1.1" 200 684 "https://listingslad.com/" "Mozilla/5.0 (compatible; AhrefsBot/7.0; +http://ahrefs.com/robot/)"
202.8.42.118 - - [16/Jul/2025:07:34:44 +0000] "GET /wp-content/plugins/elementor/assets/lib/font-awesome/css/regular.min.css?ver=5.15.3 HTTP/1.1" 200 308 "https://listingslad.com/" "Mozilla/5.0 (compatible; AhrefsBot/7.0; +http://ahrefs.com/robot/)"
202.8.42.118 - - [16/Jul/2025:07:34:43 +0000] "GET /wp-content/themes/listivo/style.css?ver=2.3.62 HTTP/1.1" 200 97389 "https://listingslad.com/" "Mozilla/5.0 (compatible; AhrefsBot/7.0; +http://ahrefs.com/robot/)"
202.8.42.118 - - [16/Jul/2025:07:34:44 +0000] "GET /wp-includes/js/mediaelement/wp-mediaelement.min.css?ver=6.8.2 HTTP/1.1" 200 1156 "https://listingslad.com/" "Mozilla/5.0 (compatible; AhrefsBot/7.0; +http://ahrefs.com/robot/)"
202.8.42.118 - - [16/Jul/2025:07:34:44 +0000] "GET /wp-content/plugins/elementor/assets/css/widget-spacer.min.css?ver=3.30.2 HTTP/1.1" 200 369 "https://listingslad.com/" "Mozilla/5.0 (compatible; AhrefsBot/7.0; +http://ahrefs.com/robot/)"
202.8.42.118 - - [16/Jul/2025:07:34:44 +0000] "GET /wp-content/uploads/elementor/google-fonts/css/redhatdisplay.css?ver=1742256846 HTTP/1.1" 200 621 "https://listingslad.com/" "Mozilla/5.0 (compatible; AhrefsBot/7.0; +http://ahrefs.com/robot/)"
202.8.42.118 - - [16/Jul/2025:07:34:44 +0000] "GET /wp-content/plugins/elementor/assets/css/widget-text-editor.min.css?ver=3.30.2 HTTP/1.1" 200 276 "https://listingslad.com/" "Mozilla/5.0 (compatible; AhrefsBot/7.0; +http://ahrefs.com/robot/)"
202.8.42.118 - - [16/Jul/2025:07:34:44 +0000] "GET /wp-content/plugins/elementor/assets/css/frontend.min.css?ver=3.30.2 HTTP/1.1" 200 7117 "https://listingslad.com/" "Mozilla/5.0 (compatible; AhrefsBot/7.0; +http://ahrefs.com/robot/)"
202.8.42.118 - - [16/Jul/2025:07:34:44 +0000] "GET /wp-content/uploads/elementor/google-fonts/css/lexenddeca.css?ver=1742256853 HTTP/1.1" 200 628 "https://listingslad.com/" "Mozilla/5.0 (compatible; AhrefsBot/7.0; +http://ahrefs.com/robot/)"
202.8.42.118 - - [16/Jul/2025:07:34:44 +0000] "GET /wp-content/plugins/elementor/assets/lib/eicons/css/elementor-icons.min.css?ver=5.43.0 HTTP/1.1" 200 4349 "https://listingslad.com/" "Mozilla/5.0 (compatible; AhrefsBot/7.0; +http://ahrefs.com/robot/)"
202.8.42.118 - - [16/Jul/2025:07:34:44 +0000] "GET /wp-content/plugins/listivo-core/framework/assets/js/lazysizes.min.js?ver=5.3.2 HTTP/1.1" 200 4077 "https://listingslad.com/" "Mozilla/5.0 (compatible; AhrefsBot/7.0; +http://ahrefs.com/robot/)"
202.8.42.118 - - [16/Jul/2025:07:34:44 +0000] "GET /wp-content/plugins/jetpack/jetpack_vendor/automattic/jetpack-forms/dist/modules/form/view.js?ver=14.8 HTTP/1.1" 200 2726 "https://listingslad.com/" "Mozilla/5.0 (compatible; AhrefsBot/7.0; +http://ahrefs.com/robot/)"
202.8.42.118 - - [16/Jul/2025:07:34:44 +0000] "GET /wp-includes/js/dist/script-modules/interactivity/index.min.js?ver=55aebb6e0a16726baffb HTTP/1.1" 200 14072 "https://listingslad.com/" "Mozilla/5.0 (compatible; AhrefsBot/7.0; +http://ahrefs.com/robot/)"
202.8.42.118 - - [16/Jul/2025:07:34:44 +0000] "GET /wp-includes/js/jquery/jquery-migrate.min.js?ver=3.4.1 HTTP/1.1" 200 4872 "https://listingslad.com/" "Mozilla/5.0 (compatible; AhrefsBot/7.0; +http://ahrefs.com/robot/)"
202.8.42.118 - - [16/Jul/2025:07:34:44 +0000] "GET /wp-includes/js/jquery/jquery.min.js?ver=3.7.1 HTTP/1.1" 200 30368 "https://listingslad.com/" "Mozilla/5.0 (compatible; AhrefsBot/7.0; +http://ahrefs.com/robot/)"
202.8.42.118 - - [16/Jul/2025:07:34:44 +0000] "GET /wp-content/plugins/woocommerce/assets/client/blocks/wc-blocks.css?ver=wc-10.0.2 HTTP/1.1" 200 2575 "https://listingslad.com/" "Mozilla/5.0 (compatible; AhrefsBot/7.0; +http://ahrefs.com/robot/)"
202.8.42.118 - - [16/Jul/2025:07:34:44 +0000] "GET /wp-content/plugins/woocommerce-gateway-stripe/build/upe-blocks.css?ver=a7aab132721a0ef865695d5cfdc746fb HTTP/1.1" 200 1594 "https://listingslad.com/" "Mozilla/5.0 (compatible; AhrefsBot/7.0; +http://ahrefs.com/robot/)"
202.8.42.118 - - [16/Jul/2025:07:34:44 +0000] "GET /wp-includes/js/dist/hooks.min.js?ver=4d63a3d491d11ffd8ac6 HTTP/1.1" 200 1648 "https://listingslad.com/" "Mozilla/5.0 (compatible; AhrefsBot/7.0; +http://ahrefs.com/robot/)"
202.8.42.118 - - [16/Jul/2025:07:34:44 +0000] "GET /wp-content/plugins/elementor/assets/css/widget-heading.min.css?ver=3.30.2 HTTP/1.1" 200 188 "https://listingslad.com/" "Mozilla/5.0 (compatible; AhrefsBot/7.0; +http://ahrefs.com/robot/)"
202.8.42.118 - - [16/Jul/2025:07:34:44 +0000] "GET /wp-content/plugins/contact-form-7/includes/swv/js/index.js?ver=6.1 HTTP/1.1" 200 3503 "https://listingslad.com/" "Mozilla/5.0 (compatible; AhrefsBot/7.0; +http://ahrefs.com/robot/)"
202.8.42.118 - - [16/Jul/2025:07:34:44 +0000] "GET /wp-content/plugins/contact-form-7/includes/js/index.js?ver=6.1 HTTP/1.1" 200 4265 "https://listingslad.com/" "Mozilla/5.0 (compatible; AhrefsBot/7.0; +http://ahrefs.com/robot/)"
202.8.42.118 - - [16/Jul/2025:07:34:44 +0000] "GET /wp-includes/js/dist/i18n.min.js?ver=5e580eb46a90c2b997e6 HTTP/1.1" 200 3667 "https://listingslad.com/" "Mozilla/5.0 (compatible; AhrefsBot/7.0; +http://ahrefs.com/robot/)"
202.8.42.118 - - [16/Jul/2025:07:34:44 +0000] "GET /wp-content/plugins/elementor/assets/lib/swiper/v8/swiper.min.js?ver=8.4.5 HTTP/1.1" 200 39695 "https://listingslad.com/" "Mozilla/5.0 (compatible; AhrefsBot/7.0; +http://ahrefs.com/robot/)"
202.8.42.118 - - [16/Jul/2025:07:34:44 +0000] "GET /wp-content/plugins/woocommerce/assets/js/frontend/order-attribution.min.js?ver=10.0.2 HTTP/1.1" 200 1128 "https://listingslad.com/" "Mozilla/5.0 (compatible; AhrefsBot/7.0; +http://ahrefs.com/robot/)"
202.8.42.118 - - [16/Jul/2025:07:34:44 +0000] "GET /wp-content/plugins/litespeed-cache/assets/js/instant_click.min.js?ver=7.2 HTTP/1.1" 200 1613 "https://listingslad.com/" "Mozilla/5.0 (compatible; AhrefsBot/7.0; +http://ahrefs.com/robot/)"
202.8.42.118 - - [16/Jul/2025:07:34:44 +0000] "GET /wp-content/uploads/elementor/google-fonts/fonts/lexenddeca-k2f1fzfyk-dhse0uppuwq5qnjy8.woff2 HTTP/1.1" 200 36260 "https://listingslad.com/wp-content/uploads/elementor/google-fonts/css/lexenddeca.css?ver=1742256853" "Mozilla/5.0 (compatible; AhrefsBot/7.0; +http://ahrefs.com/robot/)"
202.8.42.118 - - [16/Jul/2025:07:34:44 +0000] "GET /wp-content/uploads/elementor/google-fonts/fonts/redhatdisplay-8viq7wur0m80wwyf0qcxzzyzuotg_t6h.woff2 HTTP/1.1" 200 30567 "https://listingslad.com/wp-content/uploads/elementor/google-fonts/css/redhatdisplay.css?ver=1742256846" "Mozilla/5.0 (compatible; AhrefsBot/7.0; +http://ahrefs.com/robot/)"
202.8.42.118 - - [16/Jul/2025:07:34:44 +0000] "GET /wp-content/plugins/listivo-core/assets/js/frontend.min.js?ver=2.3.62 HTTP/1.1" 200 202169 "https://listingslad.com/" "Mozilla/5.0 (compatible; AhrefsBot/7.0; +http://ahrefs.com/robot/)"
202.8.42.118 - - [16/Jul/2025:07:34:44 +0000] "GET /wp-content/plugins/listivo-core/assets/js/sweetalert2.min.js?ver=11.0.12 HTTP/1.1" 200 13164 "https://listingslad.com/" "Mozilla/5.0 (compatible; AhrefsBot/7.0; +http://ahrefs.com/robot/)"
202.8.42.118 - - [16/Jul/2025:07:34:44 +0000] "GET /wp-content/plugins/woocommerce/assets/js/sourcebuster/sourcebuster.min.js?ver=10.0.2 HTTP/1.1" 200 4807 "https://listingslad.com/" "Mozilla/5.0 (compatible; AhrefsBot/7.0; +http://ahrefs.com/robot/)"
202.8.42.118 - - [16/Jul/2025:07:34:44 +0000] "GET /wp-content/plugins/elementor/assets/js/frontend-modules.min.js?ver=3.30.2 HTTP/1.1" 200 14815 "https://listingslad.com/" "Mozilla/5.0 (compatible; AhrefsBot/7.0; +http://ahrefs.com/robot/)"
202.8.42.118 - - [16/Jul/2025:07:34:44 +0000] "GET /wp-content/plugins/elementor/assets/js/webpack.runtime.min.js?ver=3.30.2 HTTP/1.1" 200 2516 "https://listingslad.com/" "Mozilla/5.0 (compatible; AhrefsBot/7.0; +http://ahrefs.com/robot/)"
202.8.42.118 - - [16/Jul/2025:07:34:44 +0000] "GET /wp-includes/js/jquery/ui/core.min.js?ver=1.13.3 HTTP/1.1" 200 7106 "https://listingslad.com/" "Mozilla/5.0 (compatible; AhrefsBot/7.0; +http://ahrefs.com/robot/)"
202.8.42.118 - - [16/Jul/2025:07:34:44 +0000] "GET /wp-content/plugins/elementor/assets/js/frontend.min.js?ver=3.30.2 HTTP/1.1" 200 10595 "https://listingslad.com/" "Mozilla/5.0 (compatible; AhrefsBot/7.0; +http://ahrefs.com/robot/)"
202.8.42.118 - - [16/Jul/2025:07:34:44 +0000] "GET /wp-content/plugins/woocommerce/assets/js/jquery-blockui/jquery.blockUI.min.js?ver=2.7.0-wc.10.0.2 HTTP/1.1" 200 3537 "https://listingslad.com/" "Mozilla/5.0 (compatible; AhrefsBot/7.0; +http://ahrefs.com/robot/)"
202.8.42.118 - - [16/Jul/2025:07:34:44 +0000] "GET /wp-content/plugins/woocommerce/assets/js/js-cookie/js.cookie.min.js?ver=2.1.4-wc.10.0.2 HTTP/1.1" 200 833 "https://listingslad.com/" "Mozilla/5.0 (compatible; AhrefsBot/7.0; +http://ahrefs.com/robot/)"
202.8.42.118 - - [16/Jul/2025:07:34:44 +0000] "GET /wp-content/plugins/woocommerce/assets/js/frontend/woocommerce.min.js?ver=10.0.2 HTTP/1.1" 200 1532 "https://listingslad.com/" "Mozilla/5.0 (compatible; AhrefsBot/7.0; +http://ahrefs.com/robot/)"
202.8.42.118 - - [16/Jul/2025:07:34:44 +0000] "GET /wp-content/plugins/woocommerce/assets/js/frontend/add-to-cart.min.js?ver=10.0.2 HTTP/1.1" 200 1407 "https://listingslad.com/" "Mozilla/5.0 (compatible; AhrefsBot/7.0; +http://ahrefs.com/robot/)"
202.8.42.118 - - [16/Jul/2025:07:34:44 +0000] "GET /wp-content/plugins/mailchimp-for-wp/assets/js/forms.js?ver=4.10.5 HTTP/1.1" 200 2591 "https://listingslad.com/" "Mozilla/5.0 (compatible; AhrefsBot/7.0; +http://ahrefs.com/robot/)"
202.8.42.118 - - [16/Jul/2025:07:34:44 +0000] "GET /wp-includes/js/wp-emoji-release.min.js?ver=6.8.2 HTTP/1.1" 200 5163 "https://listingslad.com/" "Mozilla/5.0 (compatible; AhrefsBot/7.0; +http://ahrefs.com/robot/)"
202.8.42.118 - - [16/Jul/2025:07:34:44 +0000] "GET /wp-content/plugins/elementor/assets/js/section-frontend-handlers.d85ab872da118940910d.bundle.min.js HTTP/1.1" 200 297 "https://listingslad.com/" "Mozilla/5.0 (compatible; AhrefsBot/7.0; +http://ahrefs.com/robot/)"
202.8.42.118 - - [16/Jul/2025:07:34:44 +0000] "GET /wp-content/plugins/elementor/assets/js/shared-frontend-handlers.30dc2f9c080845a413a6.bundle.min.js HTTP/1.1" 200 2682 "https://listingslad.com/" "Mozilla/5.0 (compatible; AhrefsBot/7.0; +http://ahrefs.com/robot/)"
202.8.42.118 - - [16/Jul/2025:07:34:44 +0000] "GET /wp-content/plugins/elementor/assets/js/text-editor.c084ef86600b6f11690d.bundle.min.js HTTP/1.1" 200 685 "https://listingslad.com/" "Mozilla/5.0 (compatible; AhrefsBot/7.0; +http://ahrefs.com/robot/)"
185.191.171.18 - - [16/Jul/2025:07:40:22 +0000] "GET /robots.txt HTTP/1.1" 200 95 "-" "Mozilla/5.0 (compatible; SemrushBot/7~bl; +http://www.semrush.com/bot.html)"
209.74.77.214 - - [16/Jul/2025:07:40:26 +0000] "POST /wp-cron.php?doing_wp_cron=1752651626.7472929954528808593750 HTTP/1.1" 200 - "-" "WordPress/6.8.2; https://listingslad.com"
185.191.171.19 - - [16/Jul/2025:07:40:23 +0000] "GET /ads/fashion/ HTTP/1.1" 200 67177 "-" "Mozilla/5.0 (compatible; SemrushBot/7~bl; +http://www.semrush.com/bot.html)"
209.74.77.214 - - [16/Jul/2025:07:45:39 +0000] "POST /wp-cron.php?doing_wp_cron=1752651939.9177520275115966796875 HTTP/1.1" 200 - "-" "WordPress/6.8.2; https://listingslad.com"
85.208.96.195 - - [16/Jul/2025:07:45:37 +0000] "GET /blog/ HTTP/1.1" 200 45243 "-" "Mozilla/5.0 (compatible; SemrushBot/7~bl; +http://www.semrush.com/bot.html)"
209.74.77.214 - - [16/Jul/2025:07:55:54 +0000] "POST /wp-cron.php?doing_wp_cron=1752652554.8138248920440673828125 HTTP/1.1" 200 - "-" "WordPress/6.8.2; https://listingslad.com"
92.204.54.124 - - [16/Jul/2025:07:55:52 +0000] "GET /sitemap.xml HTTP/1.1" 301 - "-" "Mozilla/5.0 (Windows NT 10.0; Win64; x64) AppleWebKit/537.36 (KHTML, like Gecko) Chrome/131.0.0.0 Safari/537.36 Edg/131.0.2903.86"
92.204.54.124 - - [16/Jul/2025:07:55:55 +0000] "GET /wp-sitemap.xml HTTP/1.1" 200 318 "-" "Mozilla/5.0 (Windows NT 10.0; Win64; x64) AppleWebKit/537.36 (KHTML, like Gecko) Chrome/131.0.0.0 Safari/537.36 Edg/131.0.2903.86"
209.74.77.214 - - [16/Jul/2025:07:55:57 +0000] "POST /wp-cron.php?doing_wp_cron=1752652557.7496581077575683593750 HTTP/1.1" 200 - "-" "WordPress/6.8.2; https://listingslad.com"
92.204.54.124 - - [16/Jul/2025:07:55:57 +0000] "GET / HTTP/1.1" 200 61188 "-" "Mozilla/5.0 (Windows NT 10.0; Win64; x64) AppleWebKit/537.36 (KHTML, like Gecko) Chrome/131.0.0.0 Safari/537.36 Edg/131.0.2903.86"
92.204.54.124 - - [16/Jul/2025:07:55:58 +0000] "GET /wp-content/uploads/2022/08/team_1-1-100x100.jpg HTTP/1.1" 200 2646 "-" "Mozilla/5.0 (Windows NT 10.0; Win64; x64) AppleWebKit/537.36 (KHTML, like Gecko) Chrome/131.0.0.0 Safari/537.36 Edg/131.0.2903.86"
92.204.54.124 - - [16/Jul/2025:07:55:58 +0000] "GET /wp-content/uploads/2022/05/fashion_icon.png HTTP/1.1" 200 3588 "-" "Mozilla/5.0 (Windows NT 10.0; Win64; x64) AppleWebKit/537.36 (KHTML, like Gecko) Chrome/131.0.0.0 Safari/537.36 Edg/131.0.2903.86"
92.204.54.124 - - [16/Jul/2025:07:55:59 +0000] "GET /wp-content/uploads/2022/08/category_3-4.jpg HTTP/1.1" 200 48849 "-" "Mozilla/5.0 (Windows NT 10.0; Win64; x64) AppleWebKit/537.36 (KHTML, like Gecko) Chrome/131.0.0.0 Safari/537.36 Edg/131.0.2903.86"
92.204.54.124 - - [16/Jul/2025:07:55:59 +0000] "GET /wp-content/uploads/2024/08/ListingsLadLogo.png HTTP/1.1" 200 63183 "-" "Mozilla/5.0 (Windows NT 10.0; Win64; x64) AppleWebKit/537.36 (KHTML, like Gecko) Chrome/131.0.0.0 Safari/537.36 Edg/131.0.2903.86"
92.204.54.124 - - [16/Jul/2025:07:55:59 +0000] "GET /wp-content/uploads/2022/05/pets_icon.png HTTP/1.1" 200 5915 "-" "Mozilla/5.0 (Windows NT 10.0; Win64; x64) AppleWebKit/537.36 (KHTML, like Gecko) Chrome/131.0.0.0 Safari/537.36 Edg/131.0.2903.86"
92.204.54.124 - - [16/Jul/2025:07:55:59 +0000] "GET /wp-content/uploads/2022/08/category_1.jpg HTTP/1.1" 200 79432 "-" "Mozilla/5.0 (Windows NT 10.0; Win64; x64) AppleWebKit/537.36 (KHTML, like Gecko) Chrome/131.0.0.0 Safari/537.36 Edg/131.0.2903.86"
92.204.54.124 - - [16/Jul/2025:07:56:00 +0000] "GET /wp-content/uploads/2022/05/services_icon.png HTTP/1.1" 200 2290 "-" "Mozilla/5.0 (Windows NT 10.0; Win64; x64) AppleWebKit/537.36 (KHTML, like Gecko) Chrome/131.0.0.0 Safari/537.36 Edg/131.0.2903.86"
92.204.54.124 - - [16/Jul/2025:07:56:00 +0000] "GET /wp-content/uploads/2022/08/card_1-100x100.jpg HTTP/1.1" 200 2433 "-" "Mozilla/5.0 (Windows NT 10.0; Win64; x64) AppleWebKit/537.36 (KHTML, like Gecko) Chrome/131.0.0.0 Safari/537.36 Edg/131.0.2903.86"
92.204.54.124 - - [16/Jul/2025:07:56:00 +0000] "GET /wp-content/uploads/2022/08/team_7-100x100.jpg HTTP/1.1" 200 1724 "-" "Mozilla/5.0 (Windows NT 10.0; Win64; x64) AppleWebKit/537.36 (KHTML, like Gecko) Chrome/131.0.0.0 Safari/537.36 Edg/131.0.2903.86"
92.204.54.124 - - [16/Jul/2025:07:56:00 +0000] "GET /wp-content/uploads/2022/08/category_3-3.jpg HTTP/1.1" 200 62681 "-" "Mozilla/5.0 (Windows NT 10.0; Win64; x64) AppleWebKit/537.36 (KHTML, like Gecko) Chrome/131.0.0.0 Safari/537.36 Edg/131.0.2903.86"
92.204.54.124 - - [16/Jul/2025:07:56:01 +0000] "GET /wp-content/uploads/2022/08/team_6-100x100.jpg HTTP/1.1" 200 2871 "-" "Mozilla/5.0 (Windows NT 10.0; Win64; x64) AppleWebKit/537.36 (KHTML, like Gecko) Chrome/131.0.0.0 Safari/537.36 Edg/131.0.2903.86"
92.204.54.124 - - [16/Jul/2025:07:56:01 +0000] "GET /wp-content/uploads/2024/08/Mystic-Gum-100x100.jpg HTTP/1.1" 200 19397 "-" "Mozilla/5.0 (Windows NT 10.0; Win64; x64) AppleWebKit/537.36 (KHTML, like Gecko) Chrome/131.0.0.0 Safari/537.36 Edg/131.0.2903.86"
92.204.54.124 - - [16/Jul/2025:07:56:01 +0000] "GET /wp-content/uploads/2022/08/category_3-2.jpg HTTP/1.1" 200 61842 "-" "Mozilla/5.0 (Windows NT 10.0; Win64; x64) AppleWebKit/537.36 (KHTML, like Gecko) Chrome/131.0.0.0 Safari/537.36 Edg/131.0.2903.86"
92.204.54.124 - - [16/Jul/2025:07:56:01 +0000] "GET /wp-content/uploads/2022/08/category_3.jpg HTTP/1.1" 200 92656 "-" "Mozilla/5.0 (Windows NT 10.0; Win64; x64) AppleWebKit/537.36 (KHTML, like Gecko) Chrome/131.0.0.0 Safari/537.36 Edg/131.0.2903.86"
92.204.54.124 - - [16/Jul/2025:07:56:02 +0000] "GET /wp-content/uploads/2022/05/real_estate_icon.png HTTP/1.1" 200 2774 "-" "Mozilla/5.0 (Windows NT 10.0; Win64; x64) AppleWebKit/537.36 (KHTML, like Gecko) Chrome/131.0.0.0 Safari/537.36 Edg/131.0.2903.86"
92.204.54.124 - - [16/Jul/2025:07:56:02 +0000] "GET /wp-content/uploads/2022/05/default_services_1.png HTTP/1.1" 200 7051 "-" "Mozilla/5.0 (Windows NT 10.0; Win64; x64) AppleWebKit/537.36 (KHTML, like Gecko) Chrome/131.0.0.0 Safari/537.36 Edg/131.0.2903.86"
92.204.54.124 - - [16/Jul/2025:07:56:02 +0000] "GET /wp-content/uploads/2022/08/team_5-100x100.jpg HTTP/1.1" 200 2327 "-" "Mozilla/5.0 (Windows NT 10.0; Win64; x64) AppleWebKit/537.36 (KHTML, like Gecko) Chrome/131.0.0.0 Safari/537.36 Edg/131.0.2903.86"
92.204.54.124 - - [16/Jul/2025:07:56:02 +0000] "GET /wp-content/uploads/2022/05/vehicle_icon.png HTTP/1.1" 200 2405 "-" "Mozilla/5.0 (Windows NT 10.0; Win64; x64) AppleWebKit/537.36 (KHTML, like Gecko) Chrome/131.0.0.0 Safari/537.36 Edg/131.0.2903.86"
92.204.54.124 - - [16/Jul/2025:07:56:03 +0000] "GET /wp-content/uploads/2022/08/home_category.jpeg HTTP/1.1" 200 41185 "-" "Mozilla/5.0 (Windows NT 10.0; Win64; x64) AppleWebKit/537.36 (KHTML, like Gecko) Chrome/131.0.0.0 Safari/537.36 Edg/131.0.2903.86"
92.204.54.124 - - [16/Jul/2025:07:56:03 +0000] "GET /wp-content/uploads/2022/08/team_4-100x100.jpg HTTP/1.1" 200 2005 "-" "Mozilla/5.0 (Windows NT 10.0; Win64; x64) AppleWebKit/537.36 (KHTML, like Gecko) Chrome/131.0.0.0 Safari/537.36 Edg/131.0.2903.86"
92.204.54.124 - - [16/Jul/2025:07:56:03 +0000] "GET /wp-content/uploads/2022/08/category_2.jpg HTTP/1.1" 200 74627 "-" "Mozilla/5.0 (Windows NT 10.0; Win64; x64) AppleWebKit/537.36 (KHTML, like Gecko) Chrome/131.0.0.0 Safari/537.36 Edg/131.0.2903.86"
92.204.54.124 - - [16/Jul/2025:07:56:03 +0000] "GET /wp-content/uploads/2022/08/category_3-1.jpg HTTP/1.1" 200 102390 "-" "Mozilla/5.0 (Windows NT 10.0; Win64; x64) AppleWebKit/537.36 (KHTML, like Gecko) Chrome/131.0.0.0 Safari/537.36 Edg/131.0.2903.86"
92.204.54.124 - - [16/Jul/2025:07:56:04 +0000] "GET /wp-content/uploads/2024/08/1000025242-100x100.jpg HTTP/1.1" 200 3209 "-" "Mozilla/5.0 (Windows NT 10.0; Win64; x64) AppleWebKit/537.36 (KHTML, like Gecko) Chrome/131.0.0.0 Safari/537.36 Edg/131.0.2903.86"
92.204.54.124 - - [16/Jul/2025:07:56:04 +0000] "GET /wp-content/uploads/2022/05/default_services_3.png HTTP/1.1" 200 4070 "-" "Mozilla/5.0 (Windows NT 10.0; Win64; x64) AppleWebKit/537.36 (KHTML, like Gecko) Chrome/131.0.0.0 Safari/537.36 Edg/131.0.2903.86"
92.204.54.124 - - [16/Jul/2025:07:56:04 +0000] "GET /wp-content/uploads/2022/05/jobs-1.png HTTP/1.1" 200 1493 "-" "Mozilla/5.0 (Windows NT 10.0; Win64; x64) AppleWebKit/537.36 (KHTML, like Gecko) Chrome/131.0.0.0 Safari/537.36 Edg/131.0.2903.86"
92.204.54.124 - - [16/Jul/2025:07:56:04 +0000] "GET /wp-content/uploads/2022/05/contact_address-1.png HTTP/1.1" 200 6897 "-" "Mozilla/5.0 (Windows NT 10.0; Win64; x64) AppleWebKit/537.36 (KHTML, like Gecko) Chrome/131.0.0.0 Safari/537.36 Edg/131.0.2903.86"
92.204.54.124 - - [16/Jul/2025:07:56:06 +0000] "GET /panel/create/ HTTP/1.1" 200 62727 "-" "Mozilla/5.0 (Windows NT 10.0; Win64; x64) AppleWebKit/537.36 (KHTML, like Gecko) Chrome/131.0.0.0 Safari/537.36 Edg/131.0.2903.86"
92.204.54.124 - - [16/Jul/2025:07:56:08 +0000] "GET /blog/ HTTP/1.1" 200 45242 "-" "Mozilla/5.0 (Windows NT 10.0; Win64; x64) AppleWebKit/537.36 (KHTML, like Gecko) Chrome/131.0.0.0 Safari/537.36 Edg/131.0.2903.86"
92.204.54.124 - - [16/Jul/2025:07:56:08 +0000] "GET /wp-content/uploads/2022/08/blog_1-360x240.jpg HTTP/1.1" 200 6371 "-" "Mozilla/5.0 (Windows NT 10.0; Win64; x64) AppleWebKit/537.36 (KHTML, like Gecko) Chrome/131.0.0.0 Safari/537.36 Edg/131.0.2903.86"
92.204.54.124 - - [16/Jul/2025:07:56:09 +0000] "GET /wp-content/uploads/2022/08/blog_1-750x500.jpg HTTP/1.1" 200 21547 "-" "Mozilla/5.0 (Windows NT 10.0; Win64; x64) AppleWebKit/537.36 (KHTML, like Gecko) Chrome/131.0.0.0 Safari/537.36 Edg/131.0.2903.86"
92.204.54.124 - - [16/Jul/2025:07:56:09 +0000] "GET /wp-content/uploads/2022/08/blog_2-360x240.jpg HTTP/1.1" 200 7398 "-" "Mozilla/5.0 (Windows NT 10.0; Win64; x64) AppleWebKit/537.36 (KHTML, like Gecko) Chrome/131.0.0.0 Safari/537.36 Edg/131.0.2903.86"
92.204.54.124 - - [16/Jul/2025:07:56:09 +0000] "GET /wp-content/uploads/2022/08/blog_3-360x240.jpg HTTP/1.1" 200 4906 "-" "Mozilla/5.0 (Windows NT 10.0; Win64; x64) AppleWebKit/537.36 (KHTML, like Gecko) Chrome/131.0.0.0 Safari/537.36 Edg/131.0.2903.86"
209.74.77.214 - - [16/Jul/2025:07:56:11 +0000] "POST /wp-cron.php?doing_wp_cron=1752652571.2000379562377929687500 HTTP/1.1" 200 - "-" "WordPress/6.8.2; https://listingslad.com"
92.204.54.124 - - [16/Jul/2025:07:56:11 +0000] "GET /about-us/ HTTP/1.1" 200 48270 "-" "Mozilla/5.0 (Windows NT 10.0; Win64; x64) AppleWebKit/537.36 (KHTML, like Gecko) Chrome/131.0.0.0 Safari/537.36 Edg/131.0.2903.86"
92.204.54.124 - - [16/Jul/2025:07:56:11 +0000] "GET /wp-content/uploads/2022/08/about_2.jpg HTTP/1.1" 200 50837 "-" "Mozilla/5.0 (Windows NT 10.0; Win64; x64) AppleWebKit/537.36 (KHTML, like Gecko) Chrome/131.0.0.0 Safari/537.36 Edg/131.0.2903.86"
92.204.54.124 - - [16/Jul/2025:07:56:12 +0000] "GET /wp-content/uploads/2022/08/team_3-100x100.jpg HTTP/1.1" 200 2014 "-" "Mozilla/5.0 (Windows NT 10.0; Win64; x64) AppleWebKit/537.36 (KHTML, like Gecko) Chrome/131.0.0.0 Safari/537.36 Edg/131.0.2903.86"
92.204.54.124 - - [16/Jul/2025:07:56:12 +0000] "GET /wp-content/uploads/2022/08/about_1.jpg HTTP/1.1" 200 81791 "-" "Mozilla/5.0 (Windows NT 10.0; Win64; x64) AppleWebKit/537.36 (KHTML, like Gecko) Chrome/131.0.0.0 Safari/537.36 Edg/131.0.2903.86"
209.74.77.214 - - [16/Jul/2025:07:56:13 +0000] "POST /wp-cron.php?doing_wp_cron=1752652573.9687139987945556640625 HTTP/1.1" 200 - "-" "WordPress/6.8.2; https://listingslad.com"
92.204.54.124 - - [16/Jul/2025:07:56:13 +0000] "GET /contact-us/ HTTP/1.1" 200 43376 "-" "Mozilla/5.0 (Windows NT 10.0; Win64; x64) AppleWebKit/537.36 (KHTML, like Gecko) Chrome/131.0.0.0 Safari/537.36 Edg/131.0.2903.86"
92.204.54.124 - - [16/Jul/2025:07:56:14 +0000] "GET /wp-content/uploads/2022/05/contact_phone-1.png HTTP/1.1" 200 5160 "-" "Mozilla/5.0 (Windows NT 10.0; Win64; x64) AppleWebKit/537.36 (KHTML, like Gecko) Chrome/131.0.0.0 Safari/537.36 Edg/131.0.2903.86"
92.204.54.124 - - [16/Jul/2025:07:56:14 +0000] "GET /wp-content/uploads/2022/05/contact_mail-1.png HTTP/1.1" 200 4822 "-" "Mozilla/5.0 (Windows NT 10.0; Win64; x64) AppleWebKit/537.36 (KHTML, like Gecko) Chrome/131.0.0.0 Safari/537.36 Edg/131.0.2903.86"
92.204.54.124 - - [16/Jul/2025:07:56:16 +0000] "GET /login-register/ HTTP/1.1" 200 50649 "-" "Mozilla/5.0 (Windows NT 10.0; Win64; x64) AppleWebKit/537.36 (KHTML, like Gecko) Chrome/131.0.0.0 Safari/537.36 Edg/131.0.2903.86"
92.204.54.124 - - [16/Jul/2025:07:56:18 +0000] "GET /our-team/ HTTP/1.1" 200 41590 "-" "Mozilla/5.0 (Windows NT 10.0; Win64; x64) AppleWebKit/537.36 (KHTML, like Gecko) Chrome/131.0.0.0 Safari/537.36 Edg/131.0.2903.86"
92.204.54.124 - - [16/Jul/2025:07:56:20 +0000] "GET /faq/ HTTP/1.1" 200 45688 "-" "Mozilla/5.0 (Windows NT 10.0; Win64; x64) AppleWebKit/537.36 (KHTML, like Gecko) Chrome/131.0.0.0 Safari/537.36 Edg/131.0.2903.86"
92.204.54.124 - - [16/Jul/2025:07:56:22 +0000] "GET /page-404/ HTTP/1.1" 200 65012 "-" "Mozilla/5.0 (Windows NT 10.0; Win64; x64) AppleWebKit/537.36 (KHTML, like Gecko) Chrome/131.0.0.0 Safari/537.36 Edg/131.0.2903.86"
92.204.54.124 - - [16/Jul/2025:07:56:24 +0000] "GET / HTTP/1.1" 200 61188 "-" "Mozilla/5.0 (Windows NT 10.0; Win64; x64) AppleWebKit/537.36 (KHTML, like Gecko) Chrome/131.0.0.0 Safari/537.36 Edg/131.0.2903.86"
92.204.54.124 - - [16/Jul/2025:07:56:26 +0000] "GET /login-register/?tab=login HTTP/1.1" 200 50649 "-" "Mozilla/5.0 (Windows NT 10.0; Win64; x64) AppleWebKit/537.36 (KHTML, like Gecko) Chrome/131.0.0.0 Safari/537.36 Edg/131.0.2903.86"
209.74.77.214 - - [16/Jul/2025:07:56:28 +0000] "POST /wp-cron.php?doing_wp_cron=1752652588.4436039924621582031250 HTTP/1.1" 200 - "-" "WordPress/6.8.2; https://listingslad.com"
92.204.54.124 - - [16/Jul/2025:07:56:28 +0000] "GET /login-register/?tab=register HTTP/1.1" 200 50651 "-" "Mozilla/5.0 (Windows NT 10.0; Win64; x64) AppleWebKit/537.36 (KHTML, like Gecko) Chrome/131.0.0.0 Safari/537.36 Edg/131.0.2903.86"
92.204.54.124 - - [16/Jul/2025:07:56:30 +0000] "GET /ads/vehicles/ HTTP/1.1" 200 67755 "-" "Mozilla/5.0 (Windows NT 10.0; Win64; x64) AppleWebKit/537.36 (KHTML, like Gecko) Chrome/131.0.0.0 Safari/537.36 Edg/131.0.2903.86"
92.204.54.124 - - [16/Jul/2025:07:56:32 +0000] "GET /ads/fashion/ HTTP/1.1" 200 67177 "-" "Mozilla/5.0 (Windows NT 10.0; Win64; x64) AppleWebKit/537.36 (KHTML, like Gecko) Chrome/131.0.0.0 Safari/537.36 Edg/131.0.2903.86"
92.204.54.124 - - [16/Jul/2025:07:56:34 +0000] "GET /ads/jobs/ HTTP/1.1" 200 66775 "-" "Mozilla/5.0 (Windows NT 10.0; Win64; x64) AppleWebKit/537.36 (KHTML, like Gecko) Chrome/131.0.0.0 Safari/537.36 Edg/131.0.2903.86"
92.204.54.124 - - [16/Jul/2025:07:56:36 +0000] "GET /ads/real-estate/ HTTP/1.1" 200 67223 "-" "Mozilla/5.0 (Windows NT 10.0; Win64; x64) AppleWebKit/537.36 (KHTML, like Gecko) Chrome/131.0.0.0 Safari/537.36 Edg/131.0.2903.86"
92.204.54.124 - - [16/Jul/2025:07:56:38 +0000] "GET /ads/services/ HTTP/1.1" 200 67919 "-" "Mozilla/5.0 (Windows NT 10.0; Win64; x64) AppleWebKit/537.36 (KHTML, like Gecko) Chrome/131.0.0.0 Safari/537.36 Edg/131.0.2903.86"
92.204.54.124 - - [16/Jul/2025:07:56:40 +0000] "GET /ads/pets/ HTTP/1.1" 200 67152 "-" "Mozilla/5.0 (Windows NT 10.0; Win64; x64) AppleWebKit/537.36 (KHTML, like Gecko) Chrome/131.0.0.0 Safari/537.36 Edg/131.0.2903.86"
209.74.77.214 - - [16/Jul/2025:07:56:42 +0000] "POST /wp-cron.php?doing_wp_cron=1752652602.4553139209747314453125 HTTP/1.1" 200 - "-" "WordPress/6.8.2; https://listingslad.com"
92.204.54.124 - - [16/Jul/2025:07:56:42 +0000] "GET /ads/devices/ HTTP/1.1" 200 69213 "-" "Mozilla/5.0 (Windows NT 10.0; Win64; x64) AppleWebKit/537.36 (KHTML, like Gecko) Chrome/131.0.0.0 Safari/537.36 Edg/131.0.2903.86"
209.74.77.214 - - [16/Jul/2025:07:56:44 +0000] "POST /wp-cron.php?doing_wp_cron=1752652604.4346079826354980468750 HTTP/1.1" 200 - "-" "WordPress/6.8.2; https://listingslad.com"
92.204.54.124 - - [16/Jul/2025:07:56:44 +0000] "GET /ads/vehicles,cars/ HTTP/1.1" 200 67457 "-" "Mozilla/5.0 (Windows NT 10.0; Win64; x64) AppleWebKit/537.36 (KHTML, like Gecko) Chrome/131.0.0.0 Safari/537.36 Edg/131.0.2903.86"
209.74.77.214 - - [16/Jul/2025:07:56:46 +0000] "POST /wp-cron.php?doing_wp_cron=1752652606.4414670467376708984375 HTTP/1.1" 200 - "-" "WordPress/6.8.2; https://listingslad.com"
92.204.54.124 - - [16/Jul/2025:07:56:46 +0000] "GET /ads/community/ HTTP/1.1" 200 62278 "-" "Mozilla/5.0 (Windows NT 10.0; Win64; x64) AppleWebKit/537.36 (KHTML, like Gecko) Chrome/131.0.0.0 Safari/537.36 Edg/131.0.2903.86"
92.204.54.124 - - [16/Jul/2025:07:56:48 +0000] "GET /ads/for-kids/ HTTP/1.1" 200 67187 "-" "Mozilla/5.0 (Windows NT 10.0; Win64; x64) AppleWebKit/537.36 (KHTML, like Gecko) Chrome/131.0.0.0 Safari/537.36 Edg/131.0.2903.86"
92.204.54.124 - - [16/Jul/2025:07:56:50 +0000] "GET /ads/services,gardening/ HTTP/1.1" 200 66871 "-" "Mozilla/5.0 (Windows NT 10.0; Win64; x64) AppleWebKit/537.36 (KHTML, like Gecko) Chrome/131.0.0.0 Safari/537.36 Edg/131.0.2903.86"
92.204.54.124 - - [16/Jul/2025:07:56:52 +0000] "GET /ads/ HTTP/1.1" 200 71849 "-" "Mozilla/5.0 (Windows NT 10.0; Win64; x64) AppleWebKit/537.36 (KHTML, like Gecko) Chrome/131.0.0.0 Safari/537.36 Edg/131.0.2903.86"
92.204.54.124 - - [16/Jul/2025:07:56:54 +0000] "GET /ad/samsung-fold-4-black/ HTTP/1.1" 200 66184 "-" "Mozilla/5.0 (Windows NT 10.0; Win64; x64) AppleWebKit/537.36 (KHTML, like Gecko) Chrome/131.0.0.0 Safari/537.36 Edg/131.0.2903.86"
209.74.77.214 - - [16/Jul/2025:07:56:56 +0000] "POST /wp-cron.php?doing_wp_cron=1752652616.4450719356536865234375 HTTP/1.1" 200 - "-" "WordPress/6.8.2; https://listingslad.com"
92.204.54.124 - - [16/Jul/2025:07:56:56 +0000] "GET /ad/s23-ultra/ HTTP/1.1" 200 64008 "-" "Mozilla/5.0 (Windows NT 10.0; Win64; x64) AppleWebKit/537.36 (KHTML, like Gecko) Chrome/131.0.0.0 Safari/537.36 Edg/131.0.2903.86"
92.204.54.124 - - [16/Jul/2025:07:56:59 +0000] "GET /ad/mastic-chewing-gum-100-organic-natural-5g/ HTTP/1.1" 200 57308 "-" "Mozilla/5.0 (Windows NT 10.0; Win64; x64) AppleWebKit/537.36 (KHTML, like Gecko) Chrome/131.0.0.0 Safari/537.36 Edg/131.0.2903.86"
92.204.54.124 - - [16/Jul/2025:07:57:01 +0000] "GET /ad/iphone-13pro-case/ HTTP/1.1" 200 82815 "-" "Mozilla/5.0 (Windows NT 10.0; Win64; x64) AppleWebKit/537.36 (KHTML, like Gecko) Chrome/131.0.0.0 Safari/537.36 Edg/131.0.2903.86"
92.204.54.124 - - [16/Jul/2025:07:57:02 +0000] "GET /wp-content/themes/listivo/assets/img/zip.svg HTTP/1.1" 200 868 "-" "Mozilla/5.0 (Windows NT 10.0; Win64; x64) AppleWebKit/537.36 (KHTML, like Gecko) Chrome/131.0.0.0 Safari/537.36 Edg/131.0.2903.86"
92.204.54.124 - - [16/Jul/2025:07:57:02 +0000] "GET /wp-content/themes/listivo/assets/img/pdf.svg HTTP/1.1" 200 946 "-" "Mozilla/5.0 (Windows NT 10.0; Win64; x64) AppleWebKit/537.36 (KHTML, like Gecko) Chrome/131.0.0.0 Safari/537.36 Edg/131.0.2903.86"
92.204.54.124 - - [16/Jul/2025:07:57:03 +0000] "GET /ad/wallie-toy/ HTTP/1.1" 200 68549 "-" "Mozilla/5.0 (Windows NT 10.0; Win64; x64) AppleWebKit/537.36 (KHTML, like Gecko) Chrome/131.0.0.0 Safari/537.36 Edg/131.0.2903.86"
92.204.54.124 - - [16/Jul/2025:07:57:05 +0000] "GET /ad/little-kittens/ HTTP/1.1" 200 66663 "-" "Mozilla/5.0 (Windows NT 10.0; Win64; x64) AppleWebKit/537.36 (KHTML, like Gecko) Chrome/131.0.0.0 Safari/537.36 Edg/131.0.2903.86"
92.204.54.124 - - [16/Jul/2025:07:57:07 +0000] "GET /wp-admin/admin-post.php?action=listivo/socialAuth/google HTTP/1.1" 302 - "-" "Mozilla/5.0 (Windows NT 10.0; Win64; x64) AppleWebKit/537.36 (KHTML, like Gecko) Chrome/131.0.0.0 Safari/537.36 Edg/131.0.2903.86"
92.204.54.124 - - [16/Jul/2025:07:57:08 +0000] "GET /compare/ HTTP/1.1" 200 35899 "-" "Mozilla/5.0 (Windows NT 10.0; Win64; x64) AppleWebKit/537.36 (KHTML, like Gecko) Chrome/131.0.0.0 Safari/537.36 Edg/131.0.2903.86"
209.74.77.214 - - [16/Jul/2025:07:57:10 +0000] "POST /wp-cron.php?doing_wp_cron=1752652630.6877360343933105468750 HTTP/1.1" 200 - "-" "WordPress/6.8.2; https://listingslad.com"
92.204.54.124 - - [16/Jul/2025:07:57:10 +0000] "GET /we-knew-it-we-had-left-the-ground/ HTTP/1.1" 200 50401 "-" "Mozilla/5.0 (Windows NT 10.0; Win64; x64) AppleWebKit/537.36 (KHTML, like Gecko) Chrome/131.0.0.0 Safari/537.36 Edg/131.0.2903.86"
92.204.54.124 - - [16/Jul/2025:07:57:11 +0000] "GET /wp-content/uploads/2022/08/blog_1.jpg HTTP/1.1" 200 43287 "-" "Mozilla/5.0 (Windows NT 10.0; Win64; x64) AppleWebKit/537.36 (KHTML, like Gecko) Chrome/131.0.0.0 Safari/537.36 Edg/131.0.2903.86"
92.204.54.124 - - [16/Jul/2025:07:57:12 +0000] "GET /dont-sell-on-your-own-just-because-its-a/ HTTP/1.1" 200 50445 "-" "Mozilla/5.0 (Windows NT 10.0; Win64; x64) AppleWebKit/537.36 (KHTML, like Gecko) Chrome/131.0.0.0 Safari/537.36 Edg/131.0.2903.86"
92.204.54.124 - - [16/Jul/2025:07:57:13 +0000] "GET /wp-content/uploads/2022/08/blog_2.jpg HTTP/1.1" 200 54385 "-" "Mozilla/5.0 (Windows NT 10.0; Win64; x64) AppleWebKit/537.36 (KHTML, like Gecko) Chrome/131.0.0.0 Safari/537.36 Edg/131.0.2903.86"
92.204.54.124 - - [16/Jul/2025:07:57:15 +0000] "GET /dont-sell-on-your-own-just-because-its-a-2/ HTTP/1.1" 200 50449 "-" "Mozilla/5.0 (Windows NT 10.0; Win64; x64) AppleWebKit/537.36 (KHTML, like Gecko) Chrome/131.0.0.0 Safari/537.36 Edg/131.0.2903.86"
92.204.54.124 - - [16/Jul/2025:07:57:15 +0000] "GET /wp-content/uploads/2022/08/blog_3.jpg HTTP/1.1" 200 26025 "-" "Mozilla/5.0 (Windows NT 10.0; Win64; x64) AppleWebKit/537.36 (KHTML, like Gecko) Chrome/131.0.0.0 Safari/537.36 Edg/131.0.2903.86"
92.204.54.124 - - [16/Jul/2025:07:57:17 +0000] "GET /homebuyers-be-ready-to-act-this-winter/ HTTP/1.1" 200 50319 "-" "Mozilla/5.0 (Windows NT 10.0; Win64; x64) AppleWebKit/537.36 (KHTML, like Gecko) Chrome/131.0.0.0 Safari/537.36 Edg/131.0.2903.86"
92.204.54.124 - - [16/Jul/2025:07:57:18 +0000] "GET /wp-content/uploads/2022/08/blog_4.jpg HTTP/1.1" 200 55181 "-" "Mozilla/5.0 (Windows NT 10.0; Win64; x64) AppleWebKit/537.36 (KHTML, like Gecko) Chrome/131.0.0.0 Safari/537.36 Edg/131.0.2903.86"
92.204.54.124 - - [16/Jul/2025:07:57:19 +0000] "GET /homebuyers-be-ready-to-act-this-winter-2/ HTTP/1.1" 200 50582 "-" "Mozilla/5.0 (Windows NT 10.0; Win64; x64) AppleWebKit/537.36 (KHTML, like Gecko) Chrome/131.0.0.0 Safari/537.36 Edg/131.0.2903.86"
92.204.54.124 - - [16/Jul/2025:07:57:20 +0000] "GET /wp-content/uploads/2022/08/blog_5.jpg HTTP/1.1" 200 16643 "-" "Mozilla/5.0 (Windows NT 10.0; Win64; x64) AppleWebKit/537.36 (KHTML, like Gecko) Chrome/131.0.0.0 Safari/537.36 Edg/131.0.2903.86"
92.204.54.124 - - [16/Jul/2025:07:57:21 +0000] "GET /blog/?pagination=1 HTTP/1.1" 200 45242 "-" "Mozilla/5.0 (Windows NT 10.0; Win64; x64) AppleWebKit/537.36 (KHTML, like Gecko) Chrome/131.0.0.0 Safari/537.36 Edg/131.0.2903.86"
92.204.54.124 - - [16/Jul/2025:07:57:23 +0000] "GET /blog/?pagination=2 HTTP/1.1" 200 44940 "-" "Mozilla/5.0 (Windows NT 10.0; Win64; x64) AppleWebKit/537.36 (KHTML, like Gecko) Chrome/131.0.0.0 Safari/537.36 Edg/131.0.2903.86"
92.204.54.124 - - [16/Jul/2025:07:57:24 +0000] "GET /wp-content/uploads/2022/08/blog_6-750x500.jpg HTTP/1.1" 200 20535 "-" "Mozilla/5.0 (Windows NT 10.0; Win64; x64) AppleWebKit/537.36 (KHTML, like Gecko) Chrome/131.0.0.0 Safari/537.36 Edg/131.0.2903.86"
92.204.54.124 - - [16/Jul/2025:07:57:26 +0000] "GET /category/adventure/ HTTP/1.1" 200 44590 "-" "Mozilla/5.0 (Windows NT 10.0; Win64; x64) AppleWebKit/537.36 (KHTML, like Gecko) Chrome/131.0.0.0 Safari/537.36 Edg/131.0.2903.86"
92.204.54.124 - - [16/Jul/2025:07:57:26 +0000] "GET /wp-content/uploads/2022/08/blog_2-750x500.jpg HTTP/1.1" 200 25657 "-" "Mozilla/5.0 (Windows NT 10.0; Win64; x64) AppleWebKit/537.36 (KHTML, like Gecko) Chrome/131.0.0.0 Safari/537.36 Edg/131.0.2903.86"
209.74.77.214 - - [16/Jul/2025:07:57:28 +0000] "POST /wp-cron.php?doing_wp_cron=1752652648.5194718837738037109375 HTTP/1.1" 200 - "-" "WordPress/6.8.2; https://listingslad.com"
92.204.54.124 - - [16/Jul/2025:07:57:28 +0000] "GET /category/business/ HTTP/1.1" 200 44516 "-" "Mozilla/5.0 (Windows NT 10.0; Win64; x64) AppleWebKit/537.36 (KHTML, like Gecko) Chrome/131.0.0.0 Safari/537.36 Edg/131.0.2903.86"
92.204.54.124 - - [16/Jul/2025:07:57:29 +0000] "GET /wp-content/uploads/2022/08/blog_4-750x500.jpg HTTP/1.1" 200 25430 "-" "Mozilla/5.0 (Windows NT 10.0; Win64; x64) AppleWebKit/537.36 (KHTML, like Gecko) Chrome/131.0.0.0 Safari/537.36 Edg/131.0.2903.86"
92.204.54.124 - - [16/Jul/2025:07:57:30 +0000] "GET /category/lifestyle/ HTTP/1.1" 200 44591 "-" "Mozilla/5.0 (Windows NT 10.0; Win64; x64) AppleWebKit/537.36 (KHTML, like Gecko) Chrome/131.0.0.0 Safari/537.36 Edg/131.0.2903.86"
92.204.54.124 - - [16/Jul/2025:07:57:32 +0000] "GET /category/style/ HTTP/1.1" 200 44388 "-" "Mozilla/5.0 (Windows NT 10.0; Win64; x64) AppleWebKit/537.36 (KHTML, like Gecko) Chrome/131.0.0.0 Safari/537.36 Edg/131.0.2903.86"
92.204.54.124 - - [16/Jul/2025:07:57:33 +0000] "GET /wp-content/uploads/2022/08/blog_5-750x500.jpg HTTP/1.1" 200 8930 "-" "Mozilla/5.0 (Windows NT 10.0; Win64; x64) AppleWebKit/537.36 (KHTML, like Gecko) Chrome/131.0.0.0 Safari/537.36 Edg/131.0.2903.86"
92.204.54.124 - - [16/Jul/2025:07:57:34 +0000] "GET /tag/baby-accessories/ HTTP/1.1" 200 44449 "-" "Mozilla/5.0 (Windows NT 10.0; Win64; x64) AppleWebKit/537.36 (KHTML, like Gecko) Chrome/131.0.0.0 Safari/537.36 Edg/131.0.2903.86"
92.204.54.124 - - [16/Jul/2025:07:57:36 +0000] "GET /tag/buy/ HTTP/1.1" 200 44541 "-" "Mozilla/5.0 (Windows NT 10.0; Win64; x64) AppleWebKit/537.36 (KHTML, like Gecko) Chrome/131.0.0.0 Safari/537.36 Edg/131.0.2903.86"
92.204.54.124 - - [16/Jul/2025:07:57:38 +0000] "GET /tag/community/ HTTP/1.1" 200 44424 "-" "Mozilla/5.0 (Windows NT 10.0; Win64; x64) AppleWebKit/537.36 (KHTML, like Gecko) Chrome/131.0.0.0 Safari/537.36 Edg/131.0.2903.86"
92.204.54.124 - - [16/Jul/2025:07:57:40 +0000] "GET /tag/gaming-console/ HTTP/1.1" 200 44425 "-" "Mozilla/5.0 (Windows NT 10.0; Win64; x64) AppleWebKit/537.36 (KHTML, like Gecko) Chrome/131.0.0.0 Safari/537.36 Edg/131.0.2903.86"
209.74.77.214 - - [16/Jul/2025:07:57:43 +0000] "POST /wp-cron.php?doing_wp_cron=1752652663.0694730281829833984375 HTTP/1.1" 200 - "-" "WordPress/6.8.2; https://listingslad.com"
92.204.54.124 - - [16/Jul/2025:07:57:42 +0000] "GET /tag/gardening/ HTTP/1.1" 200 44411 "-" "Mozilla/5.0 (Windows NT 10.0; Win64; x64) AppleWebKit/537.36 (KHTML, like Gecko) Chrome/131.0.0.0 Safari/537.36 Edg/131.0.2903.86"
209.74.77.214 - - [16/Jul/2025:07:57:45 +0000] "POST /wp-cron.php?doing_wp_cron=1752652665.0531051158905029296875 HTTP/1.1" 200 - "-" "WordPress/6.8.2; https://listingslad.com"
92.204.54.124 - - [16/Jul/2025:07:57:44 +0000] "GET /tag/pets/ HTTP/1.1" 200 44170 "-" "Mozilla/5.0 (Windows NT 10.0; Win64; x64) AppleWebKit/537.36 (KHTML, like Gecko) Chrome/131.0.0.0 Safari/537.36 Edg/131.0.2903.86"
92.204.54.124 - - [16/Jul/2025:07:57:46 +0000] "GET /tag/phones/ HTTP/1.1" 200 44403 "-" "Mozilla/5.0 (Windows NT 10.0; Win64; x64) AppleWebKit/537.36 (KHTML, like Gecko) Chrome/131.0.0.0 Safari/537.36 Edg/131.0.2903.86"
92.204.54.124 - - [16/Jul/2025:07:57:48 +0000] "GET /tag/technology/ HTTP/1.1" 200 44198 "-" "Mozilla/5.0 (Windows NT 10.0; Win64; x64) AppleWebKit/537.36 (KHTML, like Gecko) Chrome/131.0.0.0 Safari/537.36 Edg/131.0.2903.86"
92.204.54.124 - - [16/Jul/2025:07:57:50 +0000] "GET /ad/mercedes-benz-s-class/ HTTP/1.1" 200 71637 "-" "Mozilla/5.0 (Windows NT 10.0; Win64; x64) AppleWebKit/537.36 (KHTML, like Gecko) Chrome/131.0.0.0 Safari/537.36 Edg/131.0.2903.86"
92.204.54.124 - - [16/Jul/2025:07:57:52 +0000] "GET /ad/white-truck/ HTTP/1.1" 200 70262 "-" "Mozilla/5.0 (Windows NT 10.0; Win64; x64) AppleWebKit/537.36 (KHTML, like Gecko) Chrome/131.0.0.0 Safari/537.36 Edg/131.0.2903.86"
92.204.54.124 - - [16/Jul/2025:07:57:55 +0000] "GET /ad/mercedes-benz-s-class-2/ HTTP/1.1" 200 70262 "-" "Mozilla/5.0 (Windows NT 10.0; Win64; x64) AppleWebKit/537.36 (KHTML, like Gecko) Chrome/131.0.0.0 Safari/537.36 Edg/131.0.2903.86"
209.74.77.214 - - [16/Jul/2025:07:57:57 +0000] "POST /wp-cron.php?doing_wp_cron=1752652677.0628969669342041015625 HTTP/1.1" 200 - "-" "WordPress/6.8.2; https://listingslad.com"
92.204.54.124 - - [16/Jul/2025:07:57:56 +0000] "GET /ad/collection-of-womens-clothes/ HTTP/1.1" 200 67333 "-" "Mozilla/5.0 (Windows NT 10.0; Win64; x64) AppleWebKit/537.36 (KHTML, like Gecko) Chrome/131.0.0.0 Safari/537.36 Edg/131.0.2903.86"
92.204.54.124 - - [16/Jul/2025:07:57:58 +0000] "GET /ad/handbags-with-flowers/ HTTP/1.1" 200 67026 "-" "Mozilla/5.0 (Windows NT 10.0; Win64; x64) AppleWebKit/537.36 (KHTML, like Gecko) Chrome/131.0.0.0 Safari/537.36 Edg/131.0.2903.86"
92.204.54.124 - - [16/Jul/2025:07:58:00 +0000] "GET /ad/team-leader/ HTTP/1.1" 200 65699 "-" "Mozilla/5.0 (Windows NT 10.0; Win64; x64) AppleWebKit/537.36 (KHTML, like Gecko) Chrome/131.0.0.0 Safari/537.36 Edg/131.0.2903.86"
92.204.54.124 - - [16/Jul/2025:07:58:02 +0000] "GET /ad/apartment-with-pool/ HTTP/1.1" 200 69167 "-" "Mozilla/5.0 (Windows NT 10.0; Win64; x64) AppleWebKit/537.36 (KHTML, like Gecko) Chrome/131.0.0.0 Safari/537.36 Edg/131.0.2903.86"
92.204.54.124 - - [16/Jul/2025:07:58:03 +0000] "GET /wp-content/uploads/2021/09/promo-resort-720x520.jpg HTTP/1.1" 200 80713 "-" "Mozilla/5.0 (Windows NT 10.0; Win64; x64) AppleWebKit/537.36 (KHTML, like Gecko) Chrome/131.0.0.0 Safari/537.36 Edg/131.0.2903.86"
92.204.54.124 - - [16/Jul/2025:07:58:05 +0000] "GET /ad/modern-apartment/ HTTP/1.1" 200 69210 "-" "Mozilla/5.0 (Windows NT 10.0; Win64; x64) AppleWebKit/537.36 (KHTML, like Gecko) Chrome/131.0.0.0 Safari/537.36 Edg/131.0.2903.86"
92.204.54.124 - - [16/Jul/2025:07:58:07 +0000] "GET /ad/wedding-decorations/ HTTP/1.1" 200 67844 "-" "Mozilla/5.0 (Windows NT 10.0; Win64; x64) AppleWebKit/537.36 (KHTML, like Gecko) Chrome/131.0.0.0 Safari/537.36 Edg/131.0.2903.86"
209.74.77.214 - - [16/Jul/2025:07:58:09 +0000] "POST /wp-cron.php?doing_wp_cron=1752652689.5186469554901123046875 HTTP/1.1" 200 - "-" "WordPress/6.8.2; https://listingslad.com"
