Current File : /home/kelaby89/access-logs/listingslad.com.sixpack.studio-ssl_log |
209.74.77.214 - - [15/Jul/2025:12:24:51 +0000] "POST /wp-cron.php?doing_wp_cron=1752582291.2332229614257812500000 HTTP/1.1" 200 - "-" "WordPress/6.8.1; https://listingslad.com"
198.46.234.28 - - [15/Jul/2025:12:24:48 +0000] "POST /index.php/wp-json/litespeed/v1/cdn_status HTTP/1.1" 404 117 "https://listingslad.com/wp-admin/update.php?action=upload-plugin" "Mozilla/5.0 (Windows NT 10.0; Win64; x64; rv:128.0) Gecko/20100101 Firefox/128.0"
209.74.77.214 - - [15/Jul/2025:12:33:54 +0000] "POST /wp-cron.php?doing_wp_cron=1752582834.6311490535736083984375 HTTP/1.1" 200 - "-" "WordPress/6.8.1; https://listingslad.com"
79.137.70.209 - - [15/Jul/2025:12:33:52 +0000] "POST /xmlrpc.php HTTP/1.1" 405 415 "-" "Mozilla/5.0 (Windows NT 6.1; Win64; x64) AppleWebKit/537.36 (KHTML, like Gecko) Chrome/74.0.3729.169 Safari/537.36"
47.243.239.28 - - [15/Jul/2025:12:33:57 +0000] "POST /xmlrpc.php HTTP/1.1" 405 415 "-" "Mozilla/5.0 (Windows NT 10.0; Win64; x64) AppleWebKit/537.36 (KHTML, like Gecko) Chrome/79.0.3945.117 Safari/537.36"
162.214.152.209 - - [15/Jul/2025:12:34:03 +0000] "POST /xmlrpc.php HTTP/1.1" 405 415 "-" "Mozilla/5.0 (Windows NT 10.0; Win64; x64) AppleWebKit/537.36 (KHTML, like Gecko) Chrome/85.0.4183.121 Safari/537.36"
51.178.146.199 - - [15/Jul/2025:12:34:03 +0000] "POST /xmlrpc.php HTTP/1.1" 405 415 "-" "Mozilla/5.0 (Linux; Android 10; LM-Q710(FGN)) AppleWebKit/537.36 (KHTML, like Gecko) Chrome/91.0.4472.114 Mobile Safari/537.36"
209.74.77.214 - - [15/Jul/2025:12:34:11 +0000] "POST /wp-cron.php?doing_wp_cron=1752582851.3124299049377441406250 HTTP/1.1" 200 - "-" "WordPress/6.8.1; https://listingslad.com"
209.126.6.21 - - [15/Jul/2025:12:34:11 +0000] "POST /xmlrpc.php HTTP/1.1" 405 415 "-" "Mozilla/5.0 (Linux; Android 10; SM-A102U) AppleWebKit/537.36 (KHTML, like Gecko) Chrome/91.0.4472.114 Mobile Safari/537.36"
192.238.142.176 - - [15/Jul/2025:12:34:23 +0000] "POST /xmlrpc.php HTTP/1.1" 405 415 "-" "Mozilla/5.0 (Windows NT 6.1; Win64; x64) AppleWebKit/537.36 (KHTML, like Gecko) Chrome/60.0.3112.90 Safari/537.36"
209.74.77.214 - - [15/Jul/2025:12:34:29 +0000] "POST /wp-cron.php?doing_wp_cron=1752582869.2113120555877685546875 HTTP/1.1" 200 - "-" "WordPress/6.8.1; https://listingslad.com"
192.238.142.176 - - [15/Jul/2025:12:34:29 +0000] "POST /xmlrpc.php HTTP/1.1" 405 415 "-" "Mozilla/5.0 (Windows NT 6.1; WOW64; rv:52.0) Gecko/20100101 Firefox/52.0"
121.40.46.168 - - [15/Jul/2025:12:34:29 +0000] "POST /xmlrpc.php HTTP/1.1" 405 415 "-" "Mozilla/5.0 (Windows NT 6.1; Win64; x64; rv:58.0) Gecko/20100101 Firefox/58.0"
198.54.126.2 - - [15/Jul/2025:12:34:31 +0000] "POST /xmlrpc.php HTTP/1.1" 405 415 "-" "Mozilla/5.0 (Windows NT 6.1; WOW64; rv:44.0) Gecko/20100101 Firefox/44.0"
34.122.114.241 - - [15/Jul/2025:12:34:32 +0000] "POST /xmlrpc.php HTTP/1.1" 405 415 "-" "Mozilla/5.0 (Linux; Android 10; SM-N960U) AppleWebKit/537.36 (KHTML, like Gecko) Chrome/91.0.4472.114 Mobile Safari/537.36"
209.74.77.214 - - [15/Jul/2025:12:42:05 +0000] "POST /wp-cron.php?doing_wp_cron=1752583325.0984399318695068359375 HTTP/1.1" 200 - "-" "WordPress/6.8.1; https://listingslad.com"
51.222.253.4 - - [15/Jul/2025:12:42:02 +0000] "GET /2021/06/ HTTP/1.1" 200 26887 "-" "Mozilla/5.0 (compatible; AhrefsBot/7.0; +http://ahrefs.com/robot/)"
104.210.140.128 - - [15/Jul/2025:13:22:49 +0000] "GET /robots.txt HTTP/1.1" 200 95 "-" "Mozilla/5.0 (Macintosh; Intel Mac OS X 10_15_7) AppleWebKit/537.36 (KHTML, like Gecko) Chrome/131.0.0.0 Safari/537.36; compatible; OAI-SearchBot/1.0; +https://openai.com/searchbot"
51.222.253.5 - - [15/Jul/2025:13:33:01 +0000] "GET /wp-sitemap.xml HTTP/1.1" 200 4039 "-" "Mozilla/5.0 (compatible; AhrefsBot/7.0; +http://ahrefs.com/robot/)"
143.198.229.0 - - [15/Jul/2025:13:45:51 +0000] "GET /uploaded_script.php HTTP/1.1" 404 65016 "www.google.com" "Mozilla/5.0 (Linux; Android 7.0; SM-G892A Build/NRD90M; wv) AppleWebKit/537.36 (KHTML, like Gecko) Version/4.0 Chrome/60.0.3112.107 Mobile Safari/537.36"
134.209.45.76 - - [15/Jul/2025:14:37:11 +0000] "GET / HTTP/1.1" 401 53 "-" "Mozilla/5.0 (X11; Linux x86_64) AppleWebKit/537.36 (KHTML, like Gecko) Chrome/137.0.0.0 Safari/537.36"
134.209.45.76 - - [15/Jul/2025:14:37:13 +0000] "GET /favicon.ico HTTP/1.1" 401 53 "https://cpcalendars.listingslad.com/" "Mozilla/5.0 (X11; Linux x86_64) AppleWebKit/537.36 (KHTML, like Gecko) Chrome/137.0.0.0 Safari/537.36"
40.77.167.5 - - [15/Jul/2025:15:22:26 +0000] "GET /user/lad/?pagination=2 HTTP/1.1" 200 18481 "-" "Mozilla/5.0 AppleWebKit/537.36 (KHTML, like Gecko; compatible; bingbot/2.0; +http://www.bing.com/bingbot.htm) Chrome/116.0.1938.76 Safari/537.36"
209.74.77.214 - - [15/Jul/2025:15:28:11 +0000] "POST /wp-cron.php?doing_wp_cron=1752593291.1775789260864257812500 HTTP/1.1" 200 - "-" "WordPress/6.8.1; https://listingslad.com"
192.185.83.253 - - [15/Jul/2025:15:28:08 +0000] "POST /xmlrpc.php HTTP/1.1" 200 237 "-" "Mozilla/5.0 (X11; Ubuntu; Linux x86_64; rv:85.0) Gecko/20100101 Firefox/91.0"
209.74.77.214 - - [15/Jul/2025:15:28:12 +0000] "POST /wp-cron.php HTTP/1.1" 200 - "-" "WordPress/6.8.1; https://listingslad.com"
209.74.77.214 - - [15/Jul/2025:15:28:12 +0000] "GET / HTTP/1.1" 200 61122 "-" "WordPress/6.8.1; https://listingslad.com"
209.74.77.214 - - [15/Jul/2025:15:28:13 +0000] "GET / HTTP/1.1" 200 61122 "-" "WordPress/6.8.1; https://listingslad.com"
209.74.77.214 - - [15/Jul/2025:15:28:13 +0000] "GET / HTTP/1.1" 200 61122 "-" "WordPress/6.8.1; https://listingslad.com"
209.74.77.214 - - [15/Jul/2025:15:28:14 +0000] "GET / HTTP/1.1" 200 61122 "-" "WordPress/6.8.1; https://listingslad.com"
209.74.77.214 - - [15/Jul/2025:15:28:15 +0000] "GET /wp-json/jetpack/v4/sync/spawn-sync?time=1752593295&request_lock_id=1752593295.6885 HTTP/1.1" 200 37 "-" "WordPress/6.8.1; https://listingslad.com"
45.227.253.15 - - [15/Jul/2025:15:38:13 +0000] "GET /index.php/jk HTTP/1.1" 200 59 "-" "Mozilla/5.0 (Windows NT 6.3; WOW64; rv:74.0) Gecko/20100101 Firefox/74.0"
45.227.253.15 - - [15/Jul/2025:15:42:29 +0000] "GET /?of=1 HTTP/1.1" 200 8553 "-" "Mozilla/5.0 (iPad; U; CPU OS 4_1_3 like Mac OS X; ja) AppleWebKit/533.17.9 (KHTML, like Gecko) Version/5.0.2 Mobile/8J2 Safari/6533.18.5"
209.74.77.214 - - [15/Jul/2025:15:56:32 +0000] "POST /wp-cron.php?doing_wp_cron=1752594992.7319869995117187500000 HTTP/1.1" 200 - "-" "WordPress/6.8.1; https://listingslad.com"
45.124.84.243 - - [15/Jul/2025:15:56:22 +0000] "POST /xmlrpc.php HTTP/1.1" 405 415 "-" "Mozilla/5.0 (Windows NT 10.0; Win64; x64) AppleWebKit/537.36 (KHTML, like Gecko) Chrome/74.0.3729.157 Safari/537.36"
209.74.77.214 - - [15/Jul/2025:15:56:37 +0000] "GET /wp-json/jetpack/v4/sync/spawn-sync?time=1752594997&request_lock_id=1752594997.4897 HTTP/1.1" 200 37 "-" "WordPress/6.8.1; https://listingslad.com"
209.74.77.214 - - [15/Jul/2025:15:57:10 +0000] "POST /wp-cron.php?doing_wp_cron=1752595030.6908380985260009765625 HTTP/1.1" 200 - "-" "WordPress/6.8.1; https://listingslad.com"
37.247.112.160 - - [15/Jul/2025:15:57:10 +0000] "POST /xmlrpc.php HTTP/1.1" 405 415 "-" "Mozilla/5.0 (Linux; Android 6.0.1; RedMi Note 5 Build/RB3N5C; wv) AppleWebKit/537.36 (KHTML, like Gecko) Version/4.0 Chrome/68.0.3440.91 Mobile Safari/537.36"
66.94.119.136 - - [15/Jul/2025:15:57:19 +0000] "POST /xmlrpc.php HTTP/1.1" 405 415 "-" "Mozilla/5.0 (Windows NT 10.0; Win64; x64; rv:84.0) Gecko/20100101 Firefox/84.0"
209.74.77.214 - - [15/Jul/2025:15:57:30 +0000] "POST /wp-cron.php?doing_wp_cron=1752595050.4580760002136230468750 HTTP/1.1" 200 - "-" "WordPress/6.8.1; https://listingslad.com"
66.94.119.136 - - [15/Jul/2025:15:57:30 +0000] "POST /xmlrpc.php HTTP/1.1" 405 415 "-" "Mozilla/5.0 (Windows NT 10.0; Win64; x64) AppleWebKit/537.36 (KHTML, like Gecko) Chrome/80.0.3987.132 Safari/537.36"
45.227.253.15 - - [15/Jul/2025:16:02:25 +0000] "GET /moddofuns.php?ARRAY=7o2230223n313735323539393035312p2231223n22687474703n5p2s5p2s7n7334393476313373752r74616368652r70726s5p2s3s6p633q7068705s636s64655s6n6326743q313735323539353435312q6366653733326536353931653661346633666466616630663365323631313765222p2232223n223462386430633165323536383232306665396362363964646335363339373935222p2233223n226638613531633563383166656138353739393038393634373032363437643264222p2262696r675s70617373223n2232322q35302q35382q36332q37342q39302q3135227q HTTP/1.1" 200 102 "-" "Mozilla/5.0 (Windows NT 6.3; Win64; x64) AppleWebKit/537.36 (KHTML, like Gecko) Chrome/86.0.4240.111 Safari/537.36"
209.74.77.214 - - [15/Jul/2025:16:22:32 +0000] "POST /wp-cron.php?doing_wp_cron=1752596552.4054350852966308593750 HTTP/1.1" 200 - "-" "WordPress/6.8.1; https://listingslad.com"
205.210.31.155 - - [15/Jul/2025:16:22:30 +0000] "GET / HTTP/1.1" 200 506437 "-" "Hello from Palo Alto Networks, find out more about our scans in https://docs-cortex.paloaltonetworks.com/r/1/Cortex-Xpanse/Scanning-activity"
52.167.144.233 - - [15/Jul/2025:16:32:51 +0000] "GET /sitemaps.xml HTTP/1.1" 200 4047 "-" "Mozilla/5.0 AppleWebKit/537.36 (KHTML, like Gecko; compatible; bingbot/2.0; +http://www.bing.com/bingbot.htm) Chrome/116.0.1938.76 Safari/537.36"
4.227.36.56 - - [15/Jul/2025:16:49:33 +0000] "GET /robots.txt HTTP/1.1" 200 95 "-" "Mozilla/5.0 AppleWebKit/537.36 (KHTML, like Gecko; compatible; GPTBot/1.2; +https://openai.com/gptbot)"
209.74.77.214 - - [15/Jul/2025:16:53:52 +0000] "POST /wp-cron.php?doing_wp_cron=1752598432.6323161125183105468750 HTTP/1.1" 200 - "-" "WordPress/6.8.1; https://listingslad.com"
205.210.31.122 - - [15/Jul/2025:16:53:50 +0000] "GET / HTTP/1.1" 200 61122 "-" "\"Xpanse-bot"
205.210.31.122 - - [15/Jul/2025:16:53:53 +0000] "GET /panel/create/ HTTP/1.1" 200 59975 "-" "\"Xpanse-bot"
205.210.31.122 - - [15/Jul/2025:16:53:54 +0000] "GET /compare/ HTTP/1.1" 200 35844 "-" "\"Xpanse-bot"
205.210.31.122 - - [15/Jul/2025:16:53:55 +0000] "GET /wp-admin/admin-post.php?action=listivo/socialAuth/google HTTP/1.1" 302 - "-" "\"Xpanse-bot"
209.74.77.214 - - [15/Jul/2025:16:53:57 +0000] "POST /wp-cron.php?doing_wp_cron=1752598437.2405350208282470703125 HTTP/1.1" 200 - "-" "WordPress/6.8.1; https://listingslad.com"
205.210.31.122 - - [15/Jul/2025:16:53:56 +0000] "GET /ad/little-kittens/ HTTP/1.1" 200 66608 "-" "\"Xpanse-bot"
205.210.31.122 - - [15/Jul/2025:16:53:58 +0000] "GET /terms-of-service/ HTTP/1.1" 200 39857 "-" "\"Xpanse-bot"
205.210.31.122 - - [15/Jul/2025:16:53:58 +0000] "GET /ad/little-bright-dog/ HTTP/1.1" 200 66461 "-" "\"Xpanse-bot"
205.210.31.122 - - [15/Jul/2025:16:53:59 +0000] "GET /ad/collection-of-womens-clothes/ HTTP/1.1" 200 67279 "-" "\"Xpanse-bot"
205.210.31.122 - - [15/Jul/2025:16:54:01 +0000] "GET /ads/pets,dogs/ HTTP/1.1" 200 66780 "-" "\"Xpanse-bot"
205.210.31.122 - - [15/Jul/2025:16:54:02 +0000] "GET /ad/handbags-with-flowers/ HTTP/1.1" 200 66967 "-" "\"Xpanse-bot"
34.123.170.104 - - [15/Jul/2025:16:54:08 +0000] "GET /wp-admin/admin-post.php?action=listivo/socialAuth/google HTTP/1.1" 302 - "-" "Mozilla/5.0 (X11; Linux x86_64) AppleWebKit/537.36 (KHTML, like Gecko) HeadlessChrome/117.0.5938.132 Safari/537.36"
209.74.77.214 - - [15/Jul/2025:16:54:12 +0000] "POST /wp-cron.php?doing_wp_cron=1752598452.1262660026550292968750 HTTP/1.1" 200 - "-" "WordPress/6.8.1; https://listingslad.com"
104.197.69.115 - - [15/Jul/2025:16:54:11 +0000] "GET / HTTP/1.1" 200 61123 "-" "Mozilla/5.0 (X11; Linux x86_64) AppleWebKit/537.36 (KHTML, like Gecko) HeadlessChrome/117.0.5938.132 Safari/537.36"
34.72.176.129 - - [15/Jul/2025:16:54:12 +0000] "GET /wp-includes/js/mediaelement/wp-mediaelement.min.css?ver=6.8.1 HTTP/1.1" 200 1156 "https://listingslad.com/" "Mozilla/5.0 (X11; Linux x86_64) AppleWebKit/537.36 (KHTML, like Gecko) HeadlessChrome/117.0.5938.132 Safari/537.36"
104.197.69.115 - - [15/Jul/2025:16:54:12 +0000] "GET /wp-includes/js/mediaelement/mediaelementplayer-legacy.min.css?ver=4.2.17 HTTP/1.1" 200 2592 "https://listingslad.com/" "Mozilla/5.0 (X11; Linux x86_64) AppleWebKit/537.36 (KHTML, like Gecko) HeadlessChrome/117.0.5938.132 Safari/537.36"
34.123.170.104 - - [15/Jul/2025:16:54:12 +0000] "GET /wp-content/plugins/woocommerce/assets/css/brands.css?ver=10.0.2 HTTP/1.1" 200 684 "https://listingslad.com/" "Mozilla/5.0 (X11; Linux x86_64) AppleWebKit/537.36 (KHTML, like Gecko) HeadlessChrome/117.0.5938.132 Safari/537.36"
104.197.69.115 - - [15/Jul/2025:16:54:12 +0000] "GET /wp-content/plugins/contact-form-7/includes/css/styles.css?ver=6.1 HTTP/1.1" 200 1031 "https://listingslad.com/" "Mozilla/5.0 (X11; Linux x86_64) AppleWebKit/537.36 (KHTML, like Gecko) HeadlessChrome/117.0.5938.132 Safari/537.36"
104.197.69.115 - - [15/Jul/2025:16:54:12 +0000] "GET /wp-content/plugins/elementor/assets/lib/font-awesome/css/brands.min.css?ver=5.15.3 HTTP/1.1" 200 308 "https://listingslad.com/" "Mozilla/5.0 (X11; Linux x86_64) AppleWebKit/537.36 (KHTML, like Gecko) HeadlessChrome/117.0.5938.132 Safari/537.36"
34.123.170.104 - - [15/Jul/2025:16:54:12 +0000] "GET /wp-content/plugins/elementor/assets/lib/font-awesome/css/solid.min.css?ver=5.15.3 HTTP/1.1" 200 309 "https://listingslad.com/" "Mozilla/5.0 (X11; Linux x86_64) AppleWebKit/537.36 (KHTML, like Gecko) HeadlessChrome/117.0.5938.132 Safari/537.36"
104.197.69.115 - - [15/Jul/2025:16:54:12 +0000] "GET /wp-content/plugins/elementor/assets/lib/font-awesome/css/regular.min.css?ver=5.15.3 HTTP/1.1" 200 308 "https://listingslad.com/" "Mozilla/5.0 (X11; Linux x86_64) AppleWebKit/537.36 (KHTML, like Gecko) HeadlessChrome/117.0.5938.132 Safari/537.36"
34.72.176.129 - - [15/Jul/2025:16:54:12 +0000] "GET /wp-content/plugins/elementor/assets/lib/font-awesome/css/fontawesome.min.css?ver=5.15.3 HTTP/1.1" 200 12617 "https://listingslad.com/" "Mozilla/5.0 (X11; Linux x86_64) AppleWebKit/537.36 (KHTML, like Gecko) HeadlessChrome/117.0.5938.132 Safari/537.36"
34.72.176.129 - - [15/Jul/2025:16:54:12 +0000] "GET /wp-content/plugins/listivo-core/framework/assets/css/dropzone.min.css?ver=6.8.1 HTTP/1.1" 200 2099 "https://listingslad.com/" "Mozilla/5.0 (X11; Linux x86_64) AppleWebKit/537.36 (KHTML, like Gecko) HeadlessChrome/117.0.5938.132 Safari/537.36"
104.197.69.115 - - [15/Jul/2025:16:54:12 +0000] "GET /wp-content/plugins/listivo-core/assets/css/sweetalert2.min.css?ver=11.0.12 HTTP/1.1" 200 4176 "https://listingslad.com/" "Mozilla/5.0 (X11; Linux x86_64) AppleWebKit/537.36 (KHTML, like Gecko) HeadlessChrome/117.0.5938.132 Safari/537.36"
104.197.69.115 - - [15/Jul/2025:16:54:12 +0000] "GET /wp-content/plugins/elementor/assets/css/frontend.min.css?ver=3.30.2 HTTP/1.1" 200 7117 "https://listingslad.com/" "Mozilla/5.0 (X11; Linux x86_64) AppleWebKit/537.36 (KHTML, like Gecko) HeadlessChrome/117.0.5938.132 Safari/537.36"
104.197.69.115 - - [15/Jul/2025:16:54:12 +0000] "GET /wp-content/plugins/elementor/assets/lib/eicons/css/elementor-icons.min.css?ver=5.43.0 HTTP/1.1" 200 4349 "https://listingslad.com/" "Mozilla/5.0 (X11; Linux x86_64) AppleWebKit/537.36 (KHTML, like Gecko) HeadlessChrome/117.0.5938.132 Safari/537.36"
104.197.69.115 - - [15/Jul/2025:16:54:12 +0000] "GET /wp-content/plugins/elementor/assets/css/widget-text-editor.min.css?ver=3.30.2 HTTP/1.1" 200 276 "https://listingslad.com/" "Mozilla/5.0 (X11; Linux x86_64) AppleWebKit/537.36 (KHTML, like Gecko) HeadlessChrome/117.0.5938.132 Safari/537.36"
34.72.176.129 - - [15/Jul/2025:16:54:12 +0000] "GET /wp-content/plugins/elementor/assets/css/widget-spacer.min.css?ver=3.30.2 HTTP/1.1" 200 369 "https://listingslad.com/" "Mozilla/5.0 (X11; Linux x86_64) AppleWebKit/537.36 (KHTML, like Gecko) HeadlessChrome/117.0.5938.132 Safari/537.36"
104.197.69.115 - - [15/Jul/2025:16:54:12 +0000] "GET /wp-content/uploads/elementor/google-fonts/css/redhatdisplay.css?ver=1742256846 HTTP/1.1" 200 621 "https://listingslad.com/" "Mozilla/5.0 (X11; Linux x86_64) AppleWebKit/537.36 (KHTML, like Gecko) HeadlessChrome/117.0.5938.132 Safari/537.36"
104.197.69.115 - - [15/Jul/2025:16:54:12 +0000] "GET /wp-content/uploads/elementor/google-fonts/css/lexenddeca.css?ver=1742256853 HTTP/1.1" 200 628 "https://listingslad.com/" "Mozilla/5.0 (X11; Linux x86_64) AppleWebKit/537.36 (KHTML, like Gecko) HeadlessChrome/117.0.5938.132 Safari/537.36"
104.197.69.115 - - [15/Jul/2025:16:54:12 +0000] "GET /wp-includes/js/jquery/jquery-migrate.min.js?ver=3.4.1 HTTP/1.1" 200 4872 "https://listingslad.com/" "Mozilla/5.0 (X11; Linux x86_64) AppleWebKit/537.36 (KHTML, like Gecko) HeadlessChrome/117.0.5938.132 Safari/537.36"
104.197.69.115 - - [15/Jul/2025:16:54:12 +0000] "GET /wp-content/plugins/listivo-core/framework/assets/js/lazysizes.min.js?ver=5.3.2 HTTP/1.1" 200 4077 "https://listingslad.com/" "Mozilla/5.0 (X11; Linux x86_64) AppleWebKit/537.36 (KHTML, like Gecko) HeadlessChrome/117.0.5938.132 Safari/537.36"
34.123.170.104 - - [15/Jul/2025:16:54:12 +0000] "GET /wp-content/themes/listivo/style.css?ver=2.3.62 HTTP/1.1" 200 97389 "https://listingslad.com/" "Mozilla/5.0 (X11; Linux x86_64) AppleWebKit/537.36 (KHTML, like Gecko) HeadlessChrome/117.0.5938.132 Safari/537.36"
34.72.176.129 - - [15/Jul/2025:16:54:12 +0000] "GET /wp-includes/js/jquery/jquery.min.js?ver=3.7.1 HTTP/1.1" 200 30368 "https://listingslad.com/" "Mozilla/5.0 (X11; Linux x86_64) AppleWebKit/537.36 (KHTML, like Gecko) HeadlessChrome/117.0.5938.132 Safari/537.36"
104.197.69.115 - - [15/Jul/2025:16:54:12 +0000] "GET /wp-content/plugins/jetpack/jetpack_vendor/automattic/jetpack-forms/dist/modules/form/view.js?ver=14.8 HTTP/1.1" 200 2726 "https://listingslad.com/" "Mozilla/5.0 (X11; Linux x86_64) AppleWebKit/537.36 (KHTML, like Gecko) HeadlessChrome/117.0.5938.132 Safari/537.36"
104.197.69.115 - - [15/Jul/2025:16:54:12 +0000] "GET /wp-includes/js/dist/script-modules/interactivity/index.min.js?ver=55aebb6e0a16726baffb HTTP/1.1" 200 14072 "https://listingslad.com/" "Mozilla/5.0 (X11; Linux x86_64) AppleWebKit/537.36 (KHTML, like Gecko) HeadlessChrome/117.0.5938.132 Safari/537.36"
34.72.176.129 - - [15/Jul/2025:16:54:12 +0000] "GET /wp-content/plugins/woocommerce-gateway-stripe/build/upe-blocks.css?ver=a7aab132721a0ef865695d5cfdc746fb HTTP/1.1" 200 1594 "https://listingslad.com/" "Mozilla/5.0 (X11; Linux x86_64) AppleWebKit/537.36 (KHTML, like Gecko) HeadlessChrome/117.0.5938.132 Safari/537.36"
104.197.69.115 - - [15/Jul/2025:16:54:12 +0000] "GET /wp-content/plugins/woocommerce/assets/client/blocks/wc-blocks.css?ver=wc-10.0.2 HTTP/1.1" 200 2575 "https://listingslad.com/" "Mozilla/5.0 (X11; Linux x86_64) AppleWebKit/537.36 (KHTML, like Gecko) HeadlessChrome/117.0.5938.132 Safari/537.36"
104.197.69.115 - - [15/Jul/2025:16:54:12 +0000] "GET /wp-content/plugins/elementor/assets/css/widget-heading.min.css?ver=3.30.2 HTTP/1.1" 200 188 "https://listingslad.com/" "Mozilla/5.0 (X11; Linux x86_64) AppleWebKit/537.36 (KHTML, like Gecko) HeadlessChrome/117.0.5938.132 Safari/537.36"
34.123.170.104 - - [15/Jul/2025:16:54:12 +0000] "GET /wp-includes/js/dist/hooks.min.js?ver=4d63a3d491d11ffd8ac6 HTTP/1.1" 200 1648 "https://listingslad.com/" "Mozilla/5.0 (X11; Linux x86_64) AppleWebKit/537.36 (KHTML, like Gecko) HeadlessChrome/117.0.5938.132 Safari/537.36"
104.197.69.115 - - [15/Jul/2025:16:54:12 +0000] "GET /wp-includes/js/dist/i18n.min.js?ver=5e580eb46a90c2b997e6 HTTP/1.1" 200 3667 "https://listingslad.com/" "Mozilla/5.0 (X11; Linux x86_64) AppleWebKit/537.36 (KHTML, like Gecko) HeadlessChrome/117.0.5938.132 Safari/537.36"
34.123.170.104 - - [15/Jul/2025:16:54:12 +0000] "GET /wp-content/plugins/contact-form-7/includes/swv/js/index.js?ver=6.1 HTTP/1.1" 200 3503 "https://listingslad.com/" "Mozilla/5.0 (X11; Linux x86_64) AppleWebKit/537.36 (KHTML, like Gecko) HeadlessChrome/117.0.5938.132 Safari/537.36"
104.197.69.115 - - [15/Jul/2025:16:54:12 +0000] "GET /wp-content/uploads/elementor/google-fonts/fonts/lexenddeca-k2f1fzfyk-dhse0uppuwq5qnjy8.woff2 HTTP/1.1" 200 36260 "https://listingslad.com/wp-content/uploads/elementor/google-fonts/css/lexenddeca.css?ver=1742256853" "Mozilla/5.0 (X11; Linux x86_64) AppleWebKit/537.36 (KHTML, like Gecko) HeadlessChrome/117.0.5938.132 Safari/537.36"
104.197.69.115 - - [15/Jul/2025:16:54:12 +0000] "GET /wp-content/uploads/elementor/google-fonts/fonts/redhatdisplay-8viq7wur0m80wwyf0qcxzzyzuotg_t6h.woff2 HTTP/1.1" 200 30567 "https://listingslad.com/wp-content/uploads/elementor/google-fonts/css/redhatdisplay.css?ver=1742256846" "Mozilla/5.0 (X11; Linux x86_64) AppleWebKit/537.36 (KHTML, like Gecko) HeadlessChrome/117.0.5938.132 Safari/537.36"
34.123.170.104 - - [15/Jul/2025:16:54:13 +0000] "GET /wp-content/plugins/contact-form-7/includes/js/index.js?ver=6.1 HTTP/1.1" 200 4265 "https://listingslad.com/" "Mozilla/5.0 (X11; Linux x86_64) AppleWebKit/537.36 (KHTML, like Gecko) HeadlessChrome/117.0.5938.132 Safari/537.36"
104.197.69.115 - - [15/Jul/2025:16:54:12 +0000] "GET /wp-content/uploads/2024/08/ListingsLadLogo.png HTTP/1.1" 200 63183 "https://listingslad.com/" "Mozilla/5.0 (X11; Linux x86_64) AppleWebKit/537.36 (KHTML, like Gecko) HeadlessChrome/117.0.5938.132 Safari/537.36"
104.197.69.115 - - [15/Jul/2025:16:54:13 +0000] "GET /wp-content/plugins/elementor/assets/lib/swiper/v8/swiper.min.js?ver=8.4.5 HTTP/1.1" 200 39695 "https://listingslad.com/" "Mozilla/5.0 (X11; Linux x86_64) AppleWebKit/537.36 (KHTML, like Gecko) HeadlessChrome/117.0.5938.132 Safari/537.36"
104.197.69.115 - - [15/Jul/2025:16:54:13 +0000] "GET /wp-content/plugins/listivo-core/assets/js/sweetalert2.min.js?ver=11.0.12 HTTP/1.1" 200 13164 "https://listingslad.com/" "Mozilla/5.0 (X11; Linux x86_64) AppleWebKit/537.36 (KHTML, like Gecko) HeadlessChrome/117.0.5938.132 Safari/537.36"
34.123.170.104 - - [15/Jul/2025:16:54:13 +0000] "GET /wp-content/plugins/listivo-core/assets/js/frontend.min.js?ver=2.3.62 HTTP/1.1" 200 202169 "https://listingslad.com/" "Mozilla/5.0 (X11; Linux x86_64) AppleWebKit/537.36 (KHTML, like Gecko) HeadlessChrome/117.0.5938.132 Safari/537.36"
104.197.69.115 - - [15/Jul/2025:16:54:13 +0000] "GET /wp-content/plugins/litespeed-cache/assets/js/instant_click.min.js?ver=7.2 HTTP/1.1" 200 1613 "https://listingslad.com/" "Mozilla/5.0 (X11; Linux x86_64) AppleWebKit/537.36 (KHTML, like Gecko) HeadlessChrome/117.0.5938.132 Safari/537.36"
104.197.69.115 - - [15/Jul/2025:16:54:13 +0000] "GET /wp-content/plugins/woocommerce/assets/js/sourcebuster/sourcebuster.min.js?ver=10.0.2 HTTP/1.1" 200 4807 "https://listingslad.com/" "Mozilla/5.0 (X11; Linux x86_64) AppleWebKit/537.36 (KHTML, like Gecko) HeadlessChrome/117.0.5938.132 Safari/537.36"
34.123.170.104 - - [15/Jul/2025:16:54:13 +0000] "GET /wp-content/plugins/woocommerce/assets/js/frontend/order-attribution.min.js?ver=10.0.2 HTTP/1.1" 200 1128 "https://listingslad.com/" "Mozilla/5.0 (X11; Linux x86_64) AppleWebKit/537.36 (KHTML, like Gecko) HeadlessChrome/117.0.5938.132 Safari/537.36"
104.197.69.115 - - [15/Jul/2025:16:54:13 +0000] "GET /wp-content/plugins/elementor/assets/js/webpack.runtime.min.js?ver=3.30.2 HTTP/1.1" 200 2516 "https://listingslad.com/" "Mozilla/5.0 (X11; Linux x86_64) AppleWebKit/537.36 (KHTML, like Gecko) HeadlessChrome/117.0.5938.132 Safari/537.36"
104.197.69.115 - - [15/Jul/2025:16:54:13 +0000] "GET /wp-content/plugins/elementor/assets/js/frontend-modules.min.js?ver=3.30.2 HTTP/1.1" 200 14815 "https://listingslad.com/" "Mozilla/5.0 (X11; Linux x86_64) AppleWebKit/537.36 (KHTML, like Gecko) HeadlessChrome/117.0.5938.132 Safari/537.36"
104.197.69.115 - - [15/Jul/2025:16:54:13 +0000] "GET /wp-includes/js/jquery/ui/core.min.js?ver=1.13.3 HTTP/1.1" 200 7106 "https://listingslad.com/" "Mozilla/5.0 (X11; Linux x86_64) AppleWebKit/537.36 (KHTML, like Gecko) HeadlessChrome/117.0.5938.132 Safari/537.36"
34.123.170.104 - - [15/Jul/2025:16:54:13 +0000] "GET /wp-content/plugins/elementor/assets/js/frontend.min.js?ver=3.30.2 HTTP/1.1" 200 10595 "https://listingslad.com/" "Mozilla/5.0 (X11; Linux x86_64) AppleWebKit/537.36 (KHTML, like Gecko) HeadlessChrome/117.0.5938.132 Safari/537.36"
104.197.69.115 - - [15/Jul/2025:16:54:13 +0000] "GET /wp-content/plugins/woocommerce/assets/js/jquery-blockui/jquery.blockUI.min.js?ver=2.7.0-wc.10.0.2 HTTP/1.1" 200 3537 "https://listingslad.com/" "Mozilla/5.0 (X11; Linux x86_64) AppleWebKit/537.36 (KHTML, like Gecko) HeadlessChrome/117.0.5938.132 Safari/537.36"
104.197.69.115 - - [15/Jul/2025:16:54:13 +0000] "GET /wp-content/plugins/woocommerce/assets/js/frontend/add-to-cart.min.js?ver=10.0.2 HTTP/1.1" 200 1407 "https://listingslad.com/" "Mozilla/5.0 (X11; Linux x86_64) AppleWebKit/537.36 (KHTML, like Gecko) HeadlessChrome/117.0.5938.132 Safari/537.36"
34.123.170.104 - - [15/Jul/2025:16:54:13 +0000] "GET /wp-content/plugins/woocommerce/assets/js/js-cookie/js.cookie.min.js?ver=2.1.4-wc.10.0.2 HTTP/1.1" 200 833 "https://listingslad.com/" "Mozilla/5.0 (X11; Linux x86_64) AppleWebKit/537.36 (KHTML, like Gecko) HeadlessChrome/117.0.5938.132 Safari/537.36"
104.197.69.115 - - [15/Jul/2025:16:54:13 +0000] "GET /wp-content/plugins/woocommerce/assets/js/frontend/woocommerce.min.js?ver=10.0.2 HTTP/1.1" 200 1532 "https://listingslad.com/" "Mozilla/5.0 (X11; Linux x86_64) AppleWebKit/537.36 (KHTML, like Gecko) HeadlessChrome/117.0.5938.132 Safari/537.36"
104.197.69.115 - - [15/Jul/2025:16:54:13 +0000] "GET /wp-content/uploads/2022/05/vehicle_icon.png HTTP/1.1" 200 2405 "https://listingslad.com/" "Mozilla/5.0 (X11; Linux x86_64) AppleWebKit/537.36 (KHTML, like Gecko) HeadlessChrome/117.0.5938.132 Safari/537.36"
104.197.69.115 - - [15/Jul/2025:16:54:13 +0000] "GET /wp-content/uploads/2022/05/fashion_icon.png HTTP/1.1" 200 3588 "https://listingslad.com/" "Mozilla/5.0 (X11; Linux x86_64) AppleWebKit/537.36 (KHTML, like Gecko) HeadlessChrome/117.0.5938.132 Safari/537.36"
34.123.170.104 - - [15/Jul/2025:16:54:13 +0000] "GET /wp-content/uploads/2022/05/jobs-1.png HTTP/1.1" 200 1493 "https://listingslad.com/" "Mozilla/5.0 (X11; Linux x86_64) AppleWebKit/537.36 (KHTML, like Gecko) HeadlessChrome/117.0.5938.132 Safari/537.36"
104.197.69.115 - - [15/Jul/2025:16:54:13 +0000] "GET /wp-content/uploads/2022/05/real_estate_icon.png HTTP/1.1" 200 2774 "https://listingslad.com/" "Mozilla/5.0 (X11; Linux x86_64) AppleWebKit/537.36 (KHTML, like Gecko) HeadlessChrome/117.0.5938.132 Safari/537.36"
104.197.69.115 - - [15/Jul/2025:16:54:13 +0000] "GET /wp-content/uploads/2022/05/services_icon.png HTTP/1.1" 200 2290 "https://listingslad.com/" "Mozilla/5.0 (X11; Linux x86_64) AppleWebKit/537.36 (KHTML, like Gecko) HeadlessChrome/117.0.5938.132 Safari/537.36"
104.197.69.115 - - [15/Jul/2025:16:54:13 +0000] "GET /wp-content/uploads/2022/05/pets_icon.png HTTP/1.1" 200 5915 "https://listingslad.com/" "Mozilla/5.0 (X11; Linux x86_64) AppleWebKit/537.36 (KHTML, like Gecko) HeadlessChrome/117.0.5938.132 Safari/537.36"
34.72.176.129 - - [15/Jul/2025:16:54:12 +0000] "GET /wp-content/uploads/2022/09/mosaic-big.jpg HTTP/1.1" 200 244013 "https://listingslad.com/" "Mozilla/5.0 (X11; Linux x86_64) AppleWebKit/537.36 (KHTML, like Gecko) HeadlessChrome/117.0.5938.132 Safari/537.36"
104.197.69.115 - - [15/Jul/2025:16:54:13 +0000] "GET /wp-content/plugins/mailchimp-for-wp/assets/js/forms.js?ver=4.10.5 HTTP/1.1" 200 2591 "https://listingslad.com/" "Mozilla/5.0 (X11; Linux x86_64) AppleWebKit/537.36 (KHTML, like Gecko) HeadlessChrome/117.0.5938.132 Safari/537.36"
34.123.170.104 - - [15/Jul/2025:16:54:13 +0000] "GET /wp-content/uploads/2022/08/home_2.jpg HTTP/1.1" 200 126186 "https://listingslad.com/" "Mozilla/5.0 (X11; Linux x86_64) AppleWebKit/537.36 (KHTML, like Gecko) HeadlessChrome/117.0.5938.132 Safari/537.36"
104.197.69.115 - - [15/Jul/2025:16:54:13 +0000] "GET /wp-content/uploads/2022/08/home_cta_bg.jpeg HTTP/1.1" 200 38366 "https://listingslad.com/" "Mozilla/5.0 (X11; Linux x86_64) AppleWebKit/537.36 (KHTML, like Gecko) HeadlessChrome/117.0.5938.132 Safari/537.36"
104.197.69.115 - - [15/Jul/2025:16:54:13 +0000] "GET /wp-content/uploads/2022/08/subscribe_banner.jpg HTTP/1.1" 200 129985 "https://listingslad.com/" "Mozilla/5.0 (X11; Linux x86_64) AppleWebKit/537.36 (KHTML, like Gecko) HeadlessChrome/117.0.5938.132 Safari/537.36"
104.197.69.115 - - [15/Jul/2025:16:54:13 +0000] "GET /wp-includes/js/wp-emoji-release.min.js?ver=6.8.1 HTTP/1.1" 200 5166 "https://listingslad.com/" "Mozilla/5.0 (X11; Linux x86_64) AppleWebKit/537.36 (KHTML, like Gecko) HeadlessChrome/117.0.5938.132 Safari/537.36"
104.197.69.115 - - [15/Jul/2025:16:54:13 +0000] "GET /wp-content/plugins/elementor/assets/js/section-frontend-handlers.d85ab872da118940910d.bundle.min.js HTTP/1.1" 200 297 "https://listingslad.com/" "Mozilla/5.0 (X11; Linux x86_64) AppleWebKit/537.36 (KHTML, like Gecko) HeadlessChrome/117.0.5938.132 Safari/537.36"
104.197.69.115 - - [15/Jul/2025:16:54:13 +0000] "GET /wp-content/plugins/elementor/assets/js/shared-frontend-handlers.30dc2f9c080845a413a6.bundle.min.js HTTP/1.1" 200 2682 "https://listingslad.com/" "Mozilla/5.0 (X11; Linux x86_64) AppleWebKit/537.36 (KHTML, like Gecko) HeadlessChrome/117.0.5938.132 Safari/537.36"
34.72.176.129 - - [15/Jul/2025:16:54:13 +0000] "GET /wp-content/plugins/elementor/assets/js/text-editor.c084ef86600b6f11690d.bundle.min.js HTTP/1.1" 200 685 "https://listingslad.com/" "Mozilla/5.0 (X11; Linux x86_64) AppleWebKit/537.36 (KHTML, like Gecko) HeadlessChrome/117.0.5938.132 Safari/537.36"
34.122.147.229 - - [15/Jul/2025:16:54:13 +0000] "GET /wp-admin/admin-post.php?action=listivo/socialAuth/google HTTP/1.1" 302 - "-" "Mozilla/5.0 (Macintosh; Intel Mac OS X 10_15_4) AppleWebKit/537.36 (KHTML, like Gecko) Chrome/83.0.4103.97 Safari/537.36"
34.122.147.229 - - [15/Jul/2025:16:54:14 +0000] "GET / HTTP/1.1" 200 61123 "-" "Mozilla/5.0 (Macintosh; Intel Mac OS X 10_15_4) AppleWebKit/537.36 (KHTML, like Gecko) Chrome/83.0.4103.97 Safari/537.36"
34.72.176.129 - - [15/Jul/2025:16:54:15 +0000] "GET /wp-content/uploads/2022/08/category_2.jpg HTTP/1.1" 200 74627 "https://listingslad.com/" "Mozilla/5.0 (X11; Linux x86_64) AppleWebKit/537.36 (KHTML, like Gecko) HeadlessChrome/117.0.5938.132 Safari/537.36"
104.197.69.115 - - [15/Jul/2025:16:54:15 +0000] "GET /wp-content/uploads/2022/08/category_3-3.jpg HTTP/1.1" 200 62681 "https://listingslad.com/" "Mozilla/5.0 (X11; Linux x86_64) AppleWebKit/537.36 (KHTML, like Gecko) HeadlessChrome/117.0.5938.132 Safari/537.36"
34.123.170.104 - - [15/Jul/2025:16:54:15 +0000] "GET /wp-content/uploads/2022/08/category_3-2.jpg HTTP/1.1" 200 61842 "https://listingslad.com/" "Mozilla/5.0 (X11; Linux x86_64) AppleWebKit/537.36 (KHTML, like Gecko) HeadlessChrome/117.0.5938.132 Safari/537.36"
34.122.147.229 - - [15/Jul/2025:16:54:15 +0000] "GET /wp-includes/js/jquery/jquery.min.js?ver=3.7.1 HTTP/1.1" 200 30368 "https://listingslad.com/" "Mozilla/5.0 (Macintosh; Intel Mac OS X 10_15_4) AppleWebKit/537.36 (KHTML, like Gecko) Chrome/83.0.4103.97 Safari/537.36"
104.197.69.115 - - [15/Jul/2025:16:54:15 +0000] "GET /wp-includes/js/jquery/jquery-migrate.min.js?ver=3.4.1 HTTP/1.1" 200 4872 "https://listingslad.com/" "Mozilla/5.0 (Macintosh; Intel Mac OS X 10_15_4) AppleWebKit/537.36 (KHTML, like Gecko) Chrome/83.0.4103.97 Safari/537.36"
104.197.69.115 - - [15/Jul/2025:16:54:15 +0000] "GET /wp-content/plugins/listivo-core/framework/assets/js/lazysizes.min.js?ver=5.3.2 HTTP/1.1" 200 4077 "https://listingslad.com/" "Mozilla/5.0 (Macintosh; Intel Mac OS X 10_15_4) AppleWebKit/537.36 (KHTML, like Gecko) Chrome/83.0.4103.97 Safari/537.36"
34.123.170.104 - - [15/Jul/2025:16:54:15 +0000] "GET /wp-content/plugins/jetpack/jetpack_vendor/automattic/jetpack-forms/dist/modules/form/view.js?ver=14.8 HTTP/1.1" 200 2726 "https://listingslad.com/" "Mozilla/5.0 (Macintosh; Intel Mac OS X 10_15_4) AppleWebKit/537.36 (KHTML, like Gecko) Chrome/83.0.4103.97 Safari/537.36"
104.197.69.115 - - [15/Jul/2025:16:54:15 +0000] "GET /wp-includes/js/dist/script-modules/interactivity/index.min.js?ver=55aebb6e0a16726baffb HTTP/1.1" 200 14072 "https://listingslad.com/" "Mozilla/5.0 (Macintosh; Intel Mac OS X 10_15_4) AppleWebKit/537.36 (KHTML, like Gecko) Chrome/83.0.4103.97 Safari/537.36"
104.197.69.115 - - [15/Jul/2025:16:54:15 +0000] "GET /wp-content/uploads/2022/08/category_3.jpg HTTP/1.1" 200 92656 "https://listingslad.com/" "Mozilla/5.0 (X11; Linux x86_64) AppleWebKit/537.36 (KHTML, like Gecko) HeadlessChrome/117.0.5938.132 Safari/537.36"
104.197.69.115 - - [15/Jul/2025:16:54:15 +0000] "GET /wp-content/uploads/2022/08/category_3-1.jpg HTTP/1.1" 200 102390 "https://listingslad.com/" "Mozilla/5.0 (X11; Linux x86_64) AppleWebKit/537.36 (KHTML, like Gecko) HeadlessChrome/117.0.5938.132 Safari/537.36"
104.197.69.115 - - [15/Jul/2025:16:54:15 +0000] "GET /wp-includes/js/dist/hooks.min.js?ver=4d63a3d491d11ffd8ac6 HTTP/1.1" 200 1648 "https://listingslad.com/" "Mozilla/5.0 (Macintosh; Intel Mac OS X 10_15_4) AppleWebKit/537.36 (KHTML, like Gecko) Chrome/83.0.4103.97 Safari/537.36"
34.122.147.229 - - [15/Jul/2025:16:54:15 +0000] "GET /wp-includes/js/dist/i18n.min.js?ver=5e580eb46a90c2b997e6 HTTP/1.1" 200 3667 "https://listingslad.com/" "Mozilla/5.0 (Macintosh; Intel Mac OS X 10_15_4) AppleWebKit/537.36 (KHTML, like Gecko) Chrome/83.0.4103.97 Safari/537.36"
34.123.170.104 - - [15/Jul/2025:16:54:15 +0000] "GET /wp-content/plugins/contact-form-7/includes/js/index.js?ver=6.1 HTTP/1.1" 200 4265 "https://listingslad.com/" "Mozilla/5.0 (Macintosh; Intel Mac OS X 10_15_4) AppleWebKit/537.36 (KHTML, like Gecko) Chrome/83.0.4103.97 Safari/537.36"
104.197.69.115 - - [15/Jul/2025:16:54:15 +0000] "GET /wp-content/plugins/contact-form-7/includes/swv/js/index.js?ver=6.1 HTTP/1.1" 200 3503 "https://listingslad.com/" "Mozilla/5.0 (Macintosh; Intel Mac OS X 10_15_4) AppleWebKit/537.36 (KHTML, like Gecko) Chrome/83.0.4103.97 Safari/537.36"
34.72.176.129 - - [15/Jul/2025:16:54:15 +0000] "GET /wp-content/plugins/elementor/assets/lib/swiper/v8/swiper.min.js?ver=8.4.5 HTTP/1.1" 200 39695 "https://listingslad.com/" "Mozilla/5.0 (Macintosh; Intel Mac OS X 10_15_4) AppleWebKit/537.36 (KHTML, like Gecko) Chrome/83.0.4103.97 Safari/537.36"
104.197.69.115 - - [15/Jul/2025:16:54:15 +0000] "GET /wp-content/plugins/woocommerce/assets/js/frontend/order-attribution.min.js?ver=10.0.2 HTTP/1.1" 200 1128 "https://listingslad.com/" "Mozilla/5.0 (Macintosh; Intel Mac OS X 10_15_4) AppleWebKit/537.36 (KHTML, like Gecko) Chrome/83.0.4103.97 Safari/537.36"
34.123.170.104 - - [15/Jul/2025:16:54:15 +0000] "GET /wp-content/plugins/litespeed-cache/assets/js/instant_click.min.js?ver=7.2 HTTP/1.1" 200 1613 "https://listingslad.com/" "Mozilla/5.0 (Macintosh; Intel Mac OS X 10_15_4) AppleWebKit/537.36 (KHTML, like Gecko) Chrome/83.0.4103.97 Safari/537.36"
104.197.69.115 - - [15/Jul/2025:16:54:15 +0000] "GET /wp-content/plugins/listivo-core/assets/js/sweetalert2.min.js?ver=11.0.12 HTTP/1.1" 200 13164 "https://listingslad.com/" "Mozilla/5.0 (Macintosh; Intel Mac OS X 10_15_4) AppleWebKit/537.36 (KHTML, like Gecko) Chrome/83.0.4103.97 Safari/537.36"
34.122.147.229 - - [15/Jul/2025:16:54:15 +0000] "GET /wp-content/plugins/woocommerce/assets/js/sourcebuster/sourcebuster.min.js?ver=10.0.2 HTTP/1.1" 200 4807 "https://listingslad.com/" "Mozilla/5.0 (Macintosh; Intel Mac OS X 10_15_4) AppleWebKit/537.36 (KHTML, like Gecko) Chrome/83.0.4103.97 Safari/537.36"
34.123.170.104 - - [15/Jul/2025:16:54:15 +0000] "GET /wp-content/plugins/listivo-core/assets/js/frontend.min.js?ver=2.3.62 HTTP/1.1" 200 202169 "https://listingslad.com/" "Mozilla/5.0 (Macintosh; Intel Mac OS X 10_15_4) AppleWebKit/537.36 (KHTML, like Gecko) Chrome/83.0.4103.97 Safari/537.36"
104.197.69.115 - - [15/Jul/2025:16:54:15 +0000] "GET /wp-content/plugins/elementor/assets/js/webpack.runtime.min.js?ver=3.30.2 HTTP/1.1" 200 2516 "https://listingslad.com/" "Mozilla/5.0 (Macintosh; Intel Mac OS X 10_15_4) AppleWebKit/537.36 (KHTML, like Gecko) Chrome/83.0.4103.97 Safari/537.36"
104.197.69.115 - - [15/Jul/2025:16:54:15 +0000] "GET /wp-includes/js/jquery/ui/core.min.js?ver=1.13.3 HTTP/1.1" 200 7106 "https://listingslad.com/" "Mozilla/5.0 (Macintosh; Intel Mac OS X 10_15_4) AppleWebKit/537.36 (KHTML, like Gecko) Chrome/83.0.4103.97 Safari/537.36"
34.123.170.104 - - [15/Jul/2025:16:54:15 +0000] "GET /wp-content/plugins/elementor/assets/js/frontend.min.js?ver=3.30.2 HTTP/1.1" 200 10595 "https://listingslad.com/" "Mozilla/5.0 (Macintosh; Intel Mac OS X 10_15_4) AppleWebKit/537.36 (KHTML, like Gecko) Chrome/83.0.4103.97 Safari/537.36"
34.122.147.229 - - [15/Jul/2025:16:54:15 +0000] "GET /wp-content/plugins/elementor/assets/js/frontend-modules.min.js?ver=3.30.2 HTTP/1.1" 200 14815 "https://listingslad.com/" "Mozilla/5.0 (Macintosh; Intel Mac OS X 10_15_4) AppleWebKit/537.36 (KHTML, like Gecko) Chrome/83.0.4103.97 Safari/537.36"
34.72.176.129 - - [15/Jul/2025:16:54:15 +0000] "GET /wp-content/plugins/woocommerce/assets/js/jquery-blockui/jquery.blockUI.min.js?ver=2.7.0-wc.10.0.2 HTTP/1.1" 200 3537 "https://listingslad.com/" "Mozilla/5.0 (Macintosh; Intel Mac OS X 10_15_4) AppleWebKit/537.36 (KHTML, like Gecko) Chrome/83.0.4103.97 Safari/537.36"
34.122.147.229 - - [15/Jul/2025:16:54:15 +0000] "GET /wp-content/uploads/2022/08/category_1.jpg HTTP/1.1" 200 79432 "https://listingslad.com/" "Mozilla/5.0 (X11; Linux x86_64) AppleWebKit/537.36 (KHTML, like Gecko) HeadlessChrome/117.0.5938.132 Safari/537.36"
104.197.69.115 - - [15/Jul/2025:16:54:15 +0000] "GET /wp-content/plugins/woocommerce/assets/js/frontend/add-to-cart.min.js?ver=10.0.2 HTTP/1.1" 200 1407 "https://listingslad.com/" "Mozilla/5.0 (Macintosh; Intel Mac OS X 10_15_4) AppleWebKit/537.36 (KHTML, like Gecko) Chrome/83.0.4103.97 Safari/537.36"
104.197.69.115 - - [15/Jul/2025:16:54:15 +0000] "GET /wp-content/plugins/woocommerce/assets/js/js-cookie/js.cookie.min.js?ver=2.1.4-wc.10.0.2 HTTP/1.1" 200 833 "https://listingslad.com/" "Mozilla/5.0 (Macintosh; Intel Mac OS X 10_15_4) AppleWebKit/537.36 (KHTML, like Gecko) Chrome/83.0.4103.97 Safari/537.36"
34.123.170.104 - - [15/Jul/2025:16:54:15 +0000] "GET /wp-content/plugins/mailchimp-for-wp/assets/js/forms.js?ver=4.10.5 HTTP/1.1" 200 2591 "https://listingslad.com/" "Mozilla/5.0 (Macintosh; Intel Mac OS X 10_15_4) AppleWebKit/537.36 (KHTML, like Gecko) Chrome/83.0.4103.97 Safari/537.36"
34.122.147.229 - - [15/Jul/2025:16:54:15 +0000] "GET /wp-content/plugins/woocommerce/assets/js/frontend/woocommerce.min.js?ver=10.0.2 HTTP/1.1" 200 1532 "https://listingslad.com/" "Mozilla/5.0 (Macintosh; Intel Mac OS X 10_15_4) AppleWebKit/537.36 (KHTML, like Gecko) Chrome/83.0.4103.97 Safari/537.36"
34.123.170.104 - - [15/Jul/2025:16:54:17 +0000] "GET /wp-content/plugins/elementor/assets/js/section-frontend-handlers.d85ab872da118940910d.bundle.min.js HTTP/1.1" 200 297 "https://listingslad.com/" "Mozilla/5.0 (Macintosh; Intel Mac OS X 10_15_4) AppleWebKit/537.36 (KHTML, like Gecko) Chrome/83.0.4103.97 Safari/537.36"
104.197.69.115 - - [15/Jul/2025:16:54:17 +0000] "GET /wp-content/plugins/elementor/assets/js/text-editor.c084ef86600b6f11690d.bundle.min.js HTTP/1.1" 200 685 "https://listingslad.com/" "Mozilla/5.0 (Macintosh; Intel Mac OS X 10_15_4) AppleWebKit/537.36 (KHTML, like Gecko) Chrome/83.0.4103.97 Safari/537.36"
34.122.147.229 - - [15/Jul/2025:16:54:17 +0000] "GET /wp-content/plugins/elementor/assets/js/shared-frontend-handlers.30dc2f9c080845a413a6.bundle.min.js HTTP/1.1" 200 2682 "https://listingslad.com/" "Mozilla/5.0 (Macintosh; Intel Mac OS X 10_15_4) AppleWebKit/537.36 (KHTML, like Gecko) Chrome/83.0.4103.97 Safari/537.36"
34.123.170.104 - - [15/Jul/2025:16:54:17 +0000] "GET /wp-includes/js/wp-emoji-release.min.js?ver=6.8.1 HTTP/1.1" 200 5166 "https://listingslad.com/" "Mozilla/5.0 (Macintosh; Intel Mac OS X 10_15_4) AppleWebKit/537.36 (KHTML, like Gecko) Chrome/83.0.4103.97 Safari/537.36"
182.42.105.144 - - [15/Jul/2025:16:54:17 +0000] "GET / HTTP/1.1" 200 61123 "http://listingslad.com" "Mozilla/5.0 (iPhone; CPU iPhone OS 13_2_3 like Mac OS X) AppleWebKit/605.1.15 (KHTML, like Gecko) Version/13.0.3 Mobile/15E148 Safari/604.1"
34.122.147.229 - - [15/Jul/2025:16:54:23 +0000] "GET /wp-content/uploads/2022/08/category_3-4.jpg HTTP/1.1" 200 48849 "https://listingslad.com/" "Mozilla/5.0 (X11; Linux x86_64) AppleWebKit/537.36 (KHTML, like Gecko) HeadlessChrome/117.0.5938.132 Safari/537.36"
205.169.39.57 - - [15/Jul/2025:16:54:40 +0000] "GET / HTTP/1.1" 200 61123 "http://listingslad.com" "Mozilla/5.0 (Windows NT 10.0) AppleWebKit/537.36 (KHTML, like Gecko) Chrome/106.0.0.0 Safari/537.36"
205.169.39.48 - - [15/Jul/2025:16:54:43 +0000] "GET / HTTP/1.1" 200 61123 "http://listingslad.com" "Mozilla/5.0 (Windows NT 10.0) AppleWebKit/537.36 (KHTML, like Gecko) Chrome/106.0.0.0 Safari/537.36"
34.131.51.72 - - [15/Jul/2025:17:01:30 +0000] "POST /wp-comments-post.php HTTP/1.1" 302 - "-" "Mozilla/5.0 (Windows NT 10.0; Win64; x64) AppleWebKit/537.36 (KHTML, like Gecko) Chrome/120.0.0.0 Safari/537.36"
209.74.77.214 - - [15/Jul/2025:17:01:30 +0000] "GET /wp-json/jetpack/v4/sync/spawn-sync?time=1752598890&request_lock_id=1752598890.7733 HTTP/1.1" 200 37 "-" "WordPress/6.8.1; https://listingslad.com"
209.74.77.214 - - [15/Jul/2025:17:01:55 +0000] "POST /wp-cron.php?doing_wp_cron=1752598915.8909239768981933593750 HTTP/1.1" 200 - "-" "WordPress/6.8.1; https://listingslad.com"
34.131.51.72 - - [15/Jul/2025:17:01:55 +0000] "POST /wp-comments-post.php HTTP/1.1" 302 - "-" "Mozilla/5.0 (Windows NT 10.0; Win64; x64) AppleWebKit/537.36 (KHTML, like Gecko) Chrome/120.0.0.0 Safari/537.36"
209.74.77.214 - - [15/Jul/2025:17:01:55 +0000] "GET /wp-json/jetpack/v4/sync/spawn-sync?time=1752598915&request_lock_id=1752598915.9546 HTTP/1.1" 200 37 "-" "WordPress/6.8.1; https://listingslad.com"
209.74.77.214 - - [15/Jul/2025:17:02:21 +0000] "POST /wp-cron.php?doing_wp_cron=1752598941.3227849006652832031250 HTTP/1.1" 200 - "-" "WordPress/6.8.1; https://listingslad.com"
34.131.51.72 - - [15/Jul/2025:17:02:21 +0000] "POST /wp-comments-post.php HTTP/1.1" 302 - "-" "Mozilla/5.0 (Windows NT 10.0; Win64; x64) AppleWebKit/537.36 (KHTML, like Gecko) Chrome/120.0.0.0 Safari/537.36"
209.74.77.214 - - [15/Jul/2025:17:02:21 +0000] "GET /wp-json/jetpack/v4/sync/spawn-sync?time=1752598941&request_lock_id=1752598941.392 HTTP/1.1" 200 37 "-" "WordPress/6.8.1; https://listingslad.com"
209.74.77.214 - - [15/Jul/2025:17:02:47 +0000] "POST /wp-cron.php?doing_wp_cron=1752598967.5910670757293701171875 HTTP/1.1" 200 - "-" "WordPress/6.8.1; https://listingslad.com"
34.131.51.72 - - [15/Jul/2025:17:02:47 +0000] "POST /wp-comments-post.php HTTP/1.1" 302 - "-" "Mozilla/5.0 (Windows NT 10.0; Win64; x64) AppleWebKit/537.36 (KHTML, like Gecko) Chrome/120.0.0.0 Safari/537.36"
209.74.77.214 - - [15/Jul/2025:17:02:47 +0000] "GET /wp-json/jetpack/v4/sync/spawn-sync?time=1752598967&request_lock_id=1752598967.6945 HTTP/1.1" 200 37 "-" "WordPress/6.8.1; https://listingslad.com"
209.74.77.214 - - [15/Jul/2025:17:03:14 +0000] "POST /wp-cron.php?doing_wp_cron=1752598994.4499459266662597656250 HTTP/1.1" 200 - "-" "WordPress/6.8.1; https://listingslad.com"
34.131.51.72 - - [15/Jul/2025:17:03:14 +0000] "POST /wp-comments-post.php HTTP/1.1" 302 - "-" "Mozilla/5.0 (Windows NT 10.0; Win64; x64) AppleWebKit/537.36 (KHTML, like Gecko) Chrome/120.0.0.0 Safari/537.36"
209.74.77.214 - - [15/Jul/2025:17:03:14 +0000] "GET /wp-json/jetpack/v4/sync/spawn-sync?time=1752598994&request_lock_id=1752598994.5241 HTTP/1.1" 200 37 "-" "WordPress/6.8.1; https://listingslad.com"
209.74.77.214 - - [15/Jul/2025:17:03:41 +0000] "POST /wp-cron.php?doing_wp_cron=1752599021.3697600364685058593750 HTTP/1.1" 200 - "-" "WordPress/6.8.1; https://listingslad.com"
34.131.51.72 - - [15/Jul/2025:17:03:41 +0000] "POST /wp-comments-post.php HTTP/1.1" 302 - "-" "Mozilla/5.0 (Windows NT 10.0; Win64; x64) AppleWebKit/537.36 (KHTML, like Gecko) Chrome/120.0.0.0 Safari/537.36"
209.74.77.214 - - [15/Jul/2025:17:03:41 +0000] "GET /wp-json/jetpack/v4/sync/spawn-sync?time=1752599021&request_lock_id=1752599021.4391 HTTP/1.1" 200 37 "-" "WordPress/6.8.1; https://listingslad.com"
209.74.77.214 - - [15/Jul/2025:17:04:07 +0000] "POST /wp-cron.php?doing_wp_cron=1752599047.6734590530395507812500 HTTP/1.1" 200 - "-" "WordPress/6.8.1; https://listingslad.com"
34.131.51.72 - - [15/Jul/2025:17:04:07 +0000] "POST /wp-comments-post.php HTTP/1.1" 302 - "-" "Mozilla/5.0 (Windows NT 10.0; Win64; x64) AppleWebKit/537.36 (KHTML, like Gecko) Chrome/120.0.0.0 Safari/537.36"
209.74.77.214 - - [15/Jul/2025:17:04:07 +0000] "GET /wp-json/jetpack/v4/sync/spawn-sync?time=1752599047&request_lock_id=1752599047.7513 HTTP/1.1" 200 37 "-" "WordPress/6.8.1; https://listingslad.com"
147.135.252.182 - - [15/Jul/2025:17:07:14 +0000] "GET /robots.txt HTTP/1.1" 200 80 "-" "Mozilla/5.0 (compatible; MJ12bot/v1.4.8; http://mj12bot.com/)"
209.74.77.214 - - [15/Jul/2025:17:07:19 +0000] "POST /wp-cron.php?doing_wp_cron=1752599239.6834940910339355468750 HTTP/1.1" 200 - "-" "WordPress/6.8.1; https://listingslad.com"
147.135.252.182 - - [15/Jul/2025:17:07:17 +0000] "GET / HTTP/1.1" 200 61123 "-" "Mozilla/5.0 (compatible; MJ12bot/v1.4.8; http://mj12bot.com/)"
207.46.13.229 - - [15/Jul/2025:17:08:14 +0000] "GET /robots.txt HTTP/1.1" 200 95 "-" "Mozilla/5.0 AppleWebKit/537.36 (KHTML, like Gecko; compatible; bingbot/2.0; +http://www.bing.com/bingbot.htm) Chrome/116.0.1938.76 Safari/537.36"
52.167.144.194 - - [15/Jul/2025:17:08:21 +0000] "GET /sitemap_index.xml HTTP/1.1" 200 595 "-" "Mozilla/5.0 AppleWebKit/537.36 (KHTML, like Gecko; compatible; bingbot/2.0; +http://www.bing.com/bingbot.htm) Chrome/116.0.1938.76 Safari/537.36"
1.54.69.175 - - [15/Jul/2025:17:31:02 +0000] "POST /wp-comments-post.php HTTP/1.1" 302 - "-" "Mozilla/5.0 (Windows NT 10.0; Win64; x64) AppleWebKit/537.36 (KHTML, like Gecko) Chrome/120.0.0.0 Safari/537.36"
209.74.77.214 - - [15/Jul/2025:17:31:05 +0000] "GET /wp-json/jetpack/v4/sync/spawn-sync?time=1752600665&request_lock_id=1752600665.5802 HTTP/1.1" 200 37 "-" "WordPress/6.8.1; https://listingslad.com"
209.74.77.214 - - [15/Jul/2025:17:31:32 +0000] "POST /wp-cron.php?doing_wp_cron=1752600692.1098868846893310546875 HTTP/1.1" 200 - "-" "WordPress/6.8.1; https://listingslad.com"
1.54.69.175 - - [15/Jul/2025:17:31:31 +0000] "POST /wp-comments-post.php HTTP/1.1" 302 - "-" "Mozilla/5.0 (Windows NT 10.0; Win64; x64) AppleWebKit/537.36 (KHTML, like Gecko) Chrome/120.0.0.0 Safari/537.36"
209.74.77.214 - - [15/Jul/2025:17:31:32 +0000] "GET /wp-json/jetpack/v4/sync/spawn-sync?time=1752600692&request_lock_id=1752600692.1793 HTTP/1.1" 200 37 "-" "WordPress/6.8.1; https://listingslad.com"
209.74.77.214 - - [15/Jul/2025:17:32:00 +0000] "POST /wp-cron.php?doing_wp_cron=1752600720.4201509952545166015625 HTTP/1.1" 200 - "-" "WordPress/6.8.1; https://listingslad.com"
209.74.77.214 - - [15/Jul/2025:17:32:00 +0000] "GET /wp-json/jetpack/v4/sync/spawn-sync?time=1752600720&request_lock_id=1752600720.6129 HTTP/1.1" 200 37 "-" "WordPress/6.8.1; https://listingslad.com"
1.54.69.175 - - [15/Jul/2025:17:32:00 +0000] "POST /wp-comments-post.php HTTP/1.1" 302 - "-" "Mozilla/5.0 (Windows NT 10.0; Win64; x64) AppleWebKit/537.36 (KHTML, like Gecko) Chrome/120.0.0.0 Safari/537.36"
209.74.77.214 - - [15/Jul/2025:17:32:55 +0000] "POST /wp-cron.php?doing_wp_cron=1752600775.6371700763702392578125 HTTP/1.1" 200 - "-" "WordPress/6.8.1; https://listingslad.com"
209.74.77.214 - - [15/Jul/2025:17:32:55 +0000] "GET /wp-json/jetpack/v4/sync/spawn-sync?time=1752600775&request_lock_id=1752600775.8651 HTTP/1.1" 200 37 "-" "WordPress/6.8.1; https://listingslad.com"
1.54.69.175 - - [15/Jul/2025:17:32:53 +0000] "POST /wp-comments-post.php HTTP/1.1" 302 - "-" "Mozilla/5.0 (Windows NT 10.0; Win64; x64) AppleWebKit/537.36 (KHTML, like Gecko) Chrome/120.0.0.0 Safari/537.36"
209.74.77.214 - - [15/Jul/2025:17:33:04 +0000] "POST /wp-cron.php?doing_wp_cron=1752600784.1367769241333007812500 HTTP/1.1" 200 - "-" "WordPress/6.8.1; https://listingslad.com"
1.54.69.175 - - [15/Jul/2025:17:33:03 +0000] "POST /wp-comments-post.php HTTP/1.1" 429 1107 "-" "Mozilla/5.0 (Windows NT 10.0; Win64; x64) AppleWebKit/537.36 (KHTML, like Gecko) Chrome/120.0.0.0 Safari/537.36"
54.36.148.104 - - [15/Jul/2025:17:34:50 +0000] "GET /robots.txt HTTP/1.1" 200 95 "-" "Mozilla/5.0 (compatible; AhrefsBot/7.0; +http://ahrefs.com/robot/)"
51.222.253.4 - - [15/Jul/2025:17:34:53 +0000] "GET /wp-sitemap.xml HTTP/1.1" 200 4048 "-" "Mozilla/5.0 (compatible; AhrefsBot/7.0; +http://ahrefs.com/robot/)"
170.106.110.146 - - [15/Jul/2025:17:43:04 +0000] "GET / HTTP/1.1" 200 61122 "http://www.listingslad.com" "Mozilla/5.0 (iPhone; CPU iPhone OS 13_2_3 like Mac OS X) AppleWebKit/605.1.15 (KHTML, like Gecko) Version/13.0.3 Mobile/15E148 Safari/604.1"
52.167.144.139 - - [15/Jul/2025:17:45:13 +0000] "GET /sitemaps.xml HTTP/1.1" 200 4006 "-" "Mozilla/5.0 AppleWebKit/537.36 (KHTML, like Gecko; compatible; bingbot/2.0; +http://www.bing.com/bingbot.htm) Chrome/116.0.1938.76 Safari/537.36"
209.74.77.214 - - [15/Jul/2025:17:59:21 +0000] "POST /wp-cron.php?doing_wp_cron=1752602361.1777629852294921875000 HTTP/1.1" 200 - "-" "WordPress/6.8.1; https://listingslad.com"
51.222.253.3 - - [15/Jul/2025:17:59:18 +0000] "GET /ads/real-estate,apartments/ HTTP/1.1" 200 67256 "-" "Mozilla/5.0 (compatible; AhrefsBot/7.0; +http://ahrefs.com/robot/)"
51.222.253.11 - - [15/Jul/2025:18:00:08 +0000] "GET /wp-content/plugins/woocommerce/assets/js/sourcebuster/sourcebuster.min.js?ver=10.0.2 HTTP/1.1" 200 4807 "-" "Mozilla/5.0 (compatible; AhrefsBot/7.0; +http://ahrefs.com/robot/)"
51.222.253.6 - - [15/Jul/2025:18:00:09 +0000] "GET /wp-content/plugins/woocommerce/assets/css/brands.css?ver=10.0.2 HTTP/1.1" 200 684 "-" "Mozilla/5.0 (compatible; AhrefsBot/7.0; +http://ahrefs.com/robot/)"
51.222.253.16 - - [15/Jul/2025:18:00:10 +0000] "GET /wp-content/plugins/woocommerce/assets/js/frontend/order-attribution.min.js?ver=10.0.2 HTTP/1.1" 200 1128 "-" "Mozilla/5.0 (compatible; AhrefsBot/7.0; +http://ahrefs.com/robot/)"
51.222.253.17 - - [15/Jul/2025:18:00:11 +0000] "GET /wp-content/plugins/woocommerce/assets/js/js-cookie/js.cookie.min.js?ver=2.1.4-wc.10.0.2 HTTP/1.1" 200 833 "-" "Mozilla/5.0 (compatible; AhrefsBot/7.0; +http://ahrefs.com/robot/)"
51.222.253.20 - - [15/Jul/2025:18:00:12 +0000] "GET /wp-content/plugins/woocommerce/assets/js/frontend/woocommerce.min.js?ver=10.0.2 HTTP/1.1" 200 1532 "-" "Mozilla/5.0 (compatible; AhrefsBot/7.0; +http://ahrefs.com/robot/)"
