51.222.253.14 - - [15/Jul/2025:18:00:13 +0000] "GET /wp-content/plugins/woocommerce/assets/js/jquery-blockui/jquery.blockUI.min.js?ver=2.7.0-wc.10.0.2 HTTP/1.1" 200 3537 "-" "Mozilla/5.0 (compatible; AhrefsBot/7.0; +http://ahrefs.com/robot/)"
51.222.253.15 - - [15/Jul/2025:18:00:14 +0000] "GET /wp-content/plugins/woocommerce/assets/js/frontend/add-to-cart.min.js?ver=10.0.2 HTTP/1.1" 200 1407 "-" "Mozilla/5.0 (compatible; AhrefsBot/7.0; +http://ahrefs.com/robot/)"
51.222.253.16 - - [15/Jul/2025:18:00:15 +0000] "GET /wp-content/plugins/woocommerce/assets/client/blocks/wc-blocks.css?ver=wc-10.0.2 HTTP/1.1" 200 2575 "-" "Mozilla/5.0 (compatible; AhrefsBot/7.0; +http://ahrefs.com/robot/)"
43.135.148.92 - - [15/Jul/2025:18:02:57 +0000] "GET / HTTP/1.1" 200 61122 "http://listingslad.com" "Mozilla/5.0 (iPhone; CPU iPhone OS 13_2_3 like Mac OS X) AppleWebKit/605.1.15 (KHTML, like Gecko) Version/13.0.3 Mobile/15E148 Safari/604.1"
52.167.144.162 - - [15/Jul/2025:18:10:56 +0000] "GET /sitemap_index.xml HTTP/1.1" 200 592 "-" "Mozilla/5.0 AppleWebKit/537.36 (KHTML, like Gecko; compatible; bingbot/2.0; +http://www.bing.com/bingbot.htm) Chrome/116.0.1938.76 Safari/537.36"
209.74.77.214 - - [15/Jul/2025:18:23:24 +0000] "POST /wp-cron.php?doing_wp_cron=1752603804.6531960964202880859375 HTTP/1.1" 200 - "-" "WordPress/6.8.1; https://listingslad.com"
51.222.253.9 - - [15/Jul/2025:18:23:21 +0000] "GET /ads/services,beauty-services/ HTTP/1.1" 200 66776 "-" "Mozilla/5.0 (compatible; AhrefsBot/7.0; +http://ahrefs.com/robot/)"
209.74.77.214 - - [15/Jul/2025:18:24:47 +0000] "POST /wp-cron.php?doing_wp_cron=1752603887.1469490528106689453125 HTTP/1.1" 200 - "-" "WordPress/6.8.1; https://listingslad.com"
51.222.253.12 - - [15/Jul/2025:18:24:45 +0000] "GET /ads/services,beauty-services/ HTTP/1.1" 200 66776 "-" "Mozilla/5.0 (compatible; AhrefsBot/7.0; +http://ahrefs.com/robot/)"
45.227.253.15 - - [15/Jul/2025:18:27:33 +0000] "GET /index.php/jk HTTP/1.1" 200 59 "-" "Mozilla/5.0 (Macintosh; Intel Mac OS X 10_15_7) AppleWebKit/537.36 (KHTML, like Gecko) Chrome/86.0.4240.111 Safari/537.36 Edg/86.0.622.51"
209.74.77.214 - - [15/Jul/2025:18:29:17 +0000] "POST /wp-cron.php?doing_wp_cron=1752604157.5398530960083007812500 HTTP/1.1" 200 - "-" "WordPress/6.8.1; https://listingslad.com"
20.171.207.47 - - [15/Jul/2025:18:29:13 +0000] "GET /favicon.ico HTTP/1.1" 302 - "-" "Mozilla/5.0 AppleWebKit/537.36 (KHTML, like Gecko; compatible; GPTBot/1.2; +https://openai.com/gptbot)"
20.171.207.47 - - [15/Jul/2025:18:29:17 +0000] "GET /wp-content/uploads/2024/08/cropped-android-chrome-512x512-1-32x32.png HTTP/1.1" 200 2670 "-" "Mozilla/5.0 AppleWebKit/537.36 (KHTML, like Gecko; compatible; GPTBot/1.2; +https://openai.com/gptbot)"
20.171.207.47 - - [15/Jul/2025:18:29:17 +0000] "GET /?p=1683 HTTP/1.1" 301 - "-" "Mozilla/5.0 AppleWebKit/537.36 (KHTML, like Gecko; compatible; GPTBot/1.2; +https://openai.com/gptbot)"
20.171.207.47 - - [15/Jul/2025:18:29:17 +0000] "GET /dont-sell-on-your-own-just-because-its-a/ HTTP/1.1" 200 50397 "-" "Mozilla/5.0 AppleWebKit/537.36 (KHTML, like Gecko; compatible; GPTBot/1.2; +https://openai.com/gptbot)"
20.171.207.47 - - [15/Jul/2025:18:29:20 +0000] "GET /?p=4771 HTTP/1.1" 301 - "-" "Mozilla/5.0 AppleWebKit/537.36 (KHTML, like Gecko; compatible; GPTBot/1.2; +https://openai.com/gptbot)"
20.171.207.47 - - [15/Jul/2025:18:29:20 +0000] "GET /ad/mercedes-benz-s-class-2/ HTTP/1.1" 200 70205 "-" "Mozilla/5.0 AppleWebKit/537.36 (KHTML, like Gecko; compatible; GPTBot/1.2; +https://openai.com/gptbot)"
20.171.207.47 - - [15/Jul/2025:18:29:23 +0000] "GET /wp-content/uploads/2022/08/blog_2.jpg HTTP/1.1" 200 54385 "-" "Mozilla/5.0 AppleWebKit/537.36 (KHTML, like Gecko; compatible; GPTBot/1.2; +https://openai.com/gptbot)"
20.171.207.47 - - [15/Jul/2025:18:29:25 +0000] "GET /wp-content/uploads/2022/08/blog_banner.jpg HTTP/1.1" 200 83122 "-" "Mozilla/5.0 AppleWebKit/537.36 (KHTML, like Gecko; compatible; GPTBot/1.2; +https://openai.com/gptbot)"
20.171.207.47 - - [15/Jul/2025:18:29:27 +0000] "GET /wp-content/uploads/2022/08/blog_5-750x500.jpg HTTP/1.1" 200 8930 "-" "Mozilla/5.0 AppleWebKit/537.36 (KHTML, like Gecko; compatible; GPTBot/1.2; +https://openai.com/gptbot)"
20.171.207.47 - - [15/Jul/2025:18:29:29 +0000] "GET /wp-content/uploads/2022/08/blog_3-300x200.jpg HTTP/1.1" 200 3811 "-" "Mozilla/5.0 AppleWebKit/537.36 (KHTML, like Gecko; compatible; GPTBot/1.2; +https://openai.com/gptbot)"
20.171.207.47 - - [15/Jul/2025:18:29:31 +0000] "GET /wp-content/uploads/2022/08/blog_3-360x240.jpg HTTP/1.1" 200 4906 "-" "Mozilla/5.0 AppleWebKit/537.36 (KHTML, like Gecko; compatible; GPTBot/1.2; +https://openai.com/gptbot)"
20.171.207.47 - - [15/Jul/2025:18:29:32 +0000] "GET /wp-content/uploads/2022/08/blog_1-360x240.jpg HTTP/1.1" 200 6371 "-" "Mozilla/5.0 AppleWebKit/537.36 (KHTML, like Gecko; compatible; GPTBot/1.2; +https://openai.com/gptbot)"
20.171.207.47 - - [15/Jul/2025:18:29:34 +0000] "GET /wp-content/uploads/2022/08/blog_2-360x240.jpg HTTP/1.1" 200 7398 "-" "Mozilla/5.0 AppleWebKit/537.36 (KHTML, like Gecko; compatible; GPTBot/1.2; +https://openai.com/gptbot)"
209.74.77.214 - - [15/Jul/2025:18:46:07 +0000] "POST /wp-cron.php?doing_wp_cron=1752605167.9313759803771972656250 HTTP/1.1" 200 - "-" "WordPress/6.8.1; https://listingslad.com"
52.71.203.206 - - [15/Jul/2025:18:46:04 +0000] "GET /category/business/ HTTP/1.1" 200 44458 "-" "Mozilla/5.0 AppleWebKit/537.36 (KHTML, like Gecko; compatible; Amazonbot/0.1; +https://developer.amazon.com/support/amazonbot) Chrome/119.0.6045.214 Safari/537.36"
20.171.207.252 - - [15/Jul/2025:18:51:53 +0000] "GET /wp-content/uploads/2022/08/card_1-100x100.jpg HTTP/1.1" 200 2433 "-" "Mozilla/5.0 AppleWebKit/537.36 (KHTML, like Gecko; compatible; GPTBot/1.2; +https://openai.com/gptbot)"
20.171.207.252 - - [15/Jul/2025:18:51:54 +0000] "GET /wp-content/uploads/2022/08/user_banner.jpg HTTP/1.1" 200 232205 "-" "Mozilla/5.0 AppleWebKit/537.36 (KHTML, like Gecko; compatible; GPTBot/1.2; +https://openai.com/gptbot)"
20.171.207.252 - - [15/Jul/2025:18:51:56 +0000] "GET /wp-content/uploads/2024/08/Mystic-Gum-100x100.jpg HTTP/1.1" 200 19397 "-" "Mozilla/5.0 AppleWebKit/537.36 (KHTML, like Gecko; compatible; GPTBot/1.2; +https://openai.com/gptbot)"
20.171.207.252 - - [15/Jul/2025:18:51:57 +0000] "GET /wp-content/uploads/2024/08/1000025242-100x100.jpg HTTP/1.1" 200 3209 "-" "Mozilla/5.0 AppleWebKit/537.36 (KHTML, like Gecko; compatible; GPTBot/1.2; +https://openai.com/gptbot)"
20.171.207.252 - - [15/Jul/2025:18:51:58 +0000] "GET /wp-content/uploads/2021/05/Notes.zip HTTP/1.1" 200 11969 "-" "Mozilla/5.0 AppleWebKit/537.36 (KHTML, like Gecko; compatible; GPTBot/1.2; +https://openai.com/gptbot)"
20.171.207.252 - - [15/Jul/2025:18:51:59 +0000] "GET /wp-content/uploads/2021/05/Sample-PDF-File.pdf HTTP/1.1" 200 11822 "-" "Mozilla/5.0 AppleWebKit/537.36 (KHTML, like Gecko; compatible; GPTBot/1.2; +https://openai.com/gptbot)"
20.171.207.252 - - [15/Jul/2025:18:52:00 +0000] "GET /sitemap.xml HTTP/1.1" 200 4046 "-" "Mozilla/5.0 AppleWebKit/537.36 (KHTML, like Gecko; compatible; GPTBot/1.2; +https://openai.com/gptbot)"
20.171.207.252 - - [15/Jul/2025:18:52:01 +0000] "GET /wp-sitemap.xml HTTP/1.1" 200 4025 "-" "Mozilla/5.0 AppleWebKit/537.36 (KHTML, like Gecko; compatible; GPTBot/1.2; +https://openai.com/gptbot)"
20.171.207.252 - - [15/Jul/2025:18:52:03 +0000] "GET /wp-content/themes/listivo/assets/img/pdf.svg HTTP/1.1" 200 946 "-" "Mozilla/5.0 AppleWebKit/537.36 (KHTML, like Gecko; compatible; GPTBot/1.2; +https://openai.com/gptbot)"
20.171.207.252 - - [15/Jul/2025:18:52:04 +0000] "GET /wp-content/themes/listivo/assets/img/zip.svg HTTP/1.1" 200 868 "-" "Mozilla/5.0 AppleWebKit/537.36 (KHTML, like Gecko; compatible; GPTBot/1.2; +https://openai.com/gptbot)"
209.74.77.214 - - [15/Jul/2025:19:03:31 +0000] "POST /wp-cron.php?doing_wp_cron=1752606211.1196959018707275390625 HTTP/1.1" 200 - "-" "WordPress/6.8.1; https://listingslad.com"
18.207.79.144 - - [15/Jul/2025:19:03:28 +0000] "GET /panel/create/ HTTP/1.1" 200 62671 "-" "Mozilla/5.0 AppleWebKit/537.36 (KHTML, like Gecko; compatible; Amazonbot/0.1; +https://developer.amazon.com/support/amazonbot) Chrome/119.0.6045.214 Safari/537.36"
209.74.77.214 - - [15/Jul/2025:19:12:27 +0000] "POST /wp-cron.php?doing_wp_cron=1752606747.4483299255371093750000 HTTP/1.1" 200 - "-" "WordPress/6.8.1; https://listingslad.com"
51.222.253.9 - - [15/Jul/2025:19:12:24 +0000] "GET /my-account/ HTTP/1.1" 200 38345 "-" "Mozilla/5.0 (compatible; AhrefsBot/7.0; +http://ahrefs.com/robot/)"
20.171.207.252 - - [15/Jul/2025:19:12:34 +0000] "GET /item/265153870.shtml HTTP/1.1" 404 65023 "-" "Mozilla/5.0 AppleWebKit/537.36 (KHTML, like Gecko; compatible; GPTBot/1.2; +https://openai.com/gptbot)"
20.171.207.252 - - [15/Jul/2025:19:12:35 +0000] "GET /item/265493150.shtml HTTP/1.1" 404 65024 "-" "Mozilla/5.0 AppleWebKit/537.36 (KHTML, like Gecko; compatible; GPTBot/1.2; +https://openai.com/gptbot)"
20.171.207.252 - - [15/Jul/2025:19:12:36 +0000] "GET /item/265291378.shtml HTTP/1.1" 404 65024 "-" "Mozilla/5.0 AppleWebKit/537.36 (KHTML, like Gecko; compatible; GPTBot/1.2; +https://openai.com/gptbot)"
20.171.207.252 - - [15/Jul/2025:19:12:37 +0000] "GET /item/264992000.shtml HTTP/1.1" 404 65024 "-" "Mozilla/5.0 AppleWebKit/537.36 (KHTML, like Gecko; compatible; GPTBot/1.2; +https://openai.com/gptbot)"
20.171.207.252 - - [15/Jul/2025:19:12:38 +0000] "GET /item/265460000.shtml HTTP/1.1" 404 65023 "-" "Mozilla/5.0 AppleWebKit/537.36 (KHTML, like Gecko; compatible; GPTBot/1.2; +https://openai.com/gptbot)"
20.171.207.252 - - [15/Jul/2025:19:12:39 +0000] "GET /item/448585816.shtml HTTP/1.1" 404 65023 "-" "Mozilla/5.0 AppleWebKit/537.36 (KHTML, like Gecko; compatible; GPTBot/1.2; +https://openai.com/gptbot)"
20.171.207.252 - - [15/Jul/2025:19:12:41 +0000] "GET /item/448347896.shtml HTTP/1.1" 404 65024 "-" "Mozilla/5.0 AppleWebKit/537.36 (KHTML, like Gecko; compatible; GPTBot/1.2; +https://openai.com/gptbot)"
209.74.77.214 - - [15/Jul/2025:19:12:42 +0000] "POST /wp-cron.php?doing_wp_cron=1752606762.5049619674682617187500 HTTP/1.1" 200 - "-" "WordPress/6.8.1; https://listingslad.com"
20.171.207.252 - - [15/Jul/2025:19:12:42 +0000] "GET /item/448534710.shtml HTTP/1.1" 404 65024 "-" "Mozilla/5.0 AppleWebKit/537.36 (KHTML, like Gecko; compatible; GPTBot/1.2; +https://openai.com/gptbot)"
20.171.207.252 - - [15/Jul/2025:19:12:43 +0000] "GET /item/448039410.shtml HTTP/1.1" 404 65025 "-" "Mozilla/5.0 AppleWebKit/537.36 (KHTML, like Gecko; compatible; GPTBot/1.2; +https://openai.com/gptbot)"
209.74.77.214 - - [15/Jul/2025:19:12:45 +0000] "POST /wp-cron.php?doing_wp_cron=1752606765.0897009372711181640625 HTTP/1.1" 200 - "-" "WordPress/6.8.1; https://listingslad.com"
20.171.207.252 - - [15/Jul/2025:19:12:44 +0000] "GET /item/448331016.shtml HTTP/1.1" 404 65024 "-" "Mozilla/5.0 AppleWebKit/537.36 (KHTML, like Gecko; compatible; GPTBot/1.2; +https://openai.com/gptbot)"
209.74.77.214 - - [15/Jul/2025:19:18:09 +0000] "POST /wp-cron.php?doing_wp_cron=1752607089.9142749309539794921875 HTTP/1.1" 200 - "-" "WordPress/6.8.1; https://listingslad.com"
95.216.246.44 - - [15/Jul/2025:19:18:07 +0000] "POST /xmlrpc.php HTTP/1.1" 405 415 "-" "Mozilla/5.0 (Windows NT 10.0; Win64; x64) AppleWebKit/537.36 (KHTML, like Gecko) Chrome/90.0.4430.93 Safari/537.36"
66.94.119.136 - - [15/Jul/2025:19:18:11 +0000] "POST /xmlrpc.php HTTP/1.1" 405 415 "-" "Mozilla/5.0 (Windows NT 6.1; WOW64; rv:45.0) Gecko/20100101 Firefox/45.0"
162.241.217.42 - - [15/Jul/2025:19:18:17 +0000] "POST /xmlrpc.php HTTP/1.1" 405 415 "-" "Mozilla/5.0 (Windows NT 6.1; WOW64; rv:45.0) Gecko/20100101 Firefox/45.0"
209.74.77.214 - - [15/Jul/2025:19:18:35 +0000] "POST /wp-cron.php?doing_wp_cron=1752607115.4594440460205078125000 HTTP/1.1" 200 - "-" "WordPress/6.8.1; https://listingslad.com"
54.36.142.130 - - [15/Jul/2025:19:18:34 +0000] "POST /xmlrpc.php HTTP/1.1" 405 415 "-" "Mozilla/5.0 (Windows NT 10.0; Win64; x64) AppleWebKit/537.36 (KHTML, like Gecko) Chrome/80.0.3987.163 Safari/537.36"
209.74.77.214 - - [15/Jul/2025:19:18:53 +0000] "POST /wp-cron.php?doing_wp_cron=1752607133.1718430519104003906250 HTTP/1.1" 200 - "-" "WordPress/6.8.1; https://listingslad.com"
47.52.209.228 - - [15/Jul/2025:19:18:52 +0000] "POST /xmlrpc.php HTTP/1.1" 405 415 "-" "Mozilla/5.0 (Windows NT 6.3; Win64; x64) AppleWebKit/537.36 (KHTML, like Gecko) Chrome/60.0.3112.113 Safari/537.36"
209.74.77.214 - - [15/Jul/2025:19:19:00 +0000] "POST /wp-cron.php?doing_wp_cron=1752607140.2662880420684814453125 HTTP/1.1" 200 - "-" "WordPress/6.8.1; https://listingslad.com"
109.199.114.14 - - [15/Jul/2025:19:19:00 +0000] "POST /xmlrpc.php HTTP/1.1" 405 415 "-" "Mozilla/5.0 (Windows NT 10.0; Win64; x64; rv:67.0) Gecko/20100101 Firefox/67.0"
209.74.77.214 - - [15/Jul/2025:19:19:21 +0000] "POST /wp-cron.php?doing_wp_cron=1752607161.3628718852996826171875 HTTP/1.1" 200 - "-" "WordPress/6.8.1; https://listingslad.com"
152.53.39.115 - - [15/Jul/2025:19:19:21 +0000] "POST /xmlrpc.php HTTP/1.1" 405 415 "-" "Mozilla/5.0 (Windows NT 10.0; Win64; x64) AppleWebKit/537.36 (KHTML, like Gecko) Chrome/80.0.3987.149 Safari/537.36"
20.171.207.252 - - [15/Jul/2025:19:26:11 +0000] "GET /wp-content/uploads/2022/08/category_3-1.jpg HTTP/1.1" 200 102390 "-" "Mozilla/5.0 AppleWebKit/537.36 (KHTML, like Gecko; compatible; GPTBot/1.2; +https://openai.com/gptbot)"
20.171.207.252 - - [15/Jul/2025:19:26:12 +0000] "GET /wp-content/uploads/2022/08/category_1.jpg HTTP/1.1" 200 79432 "-" "Mozilla/5.0 AppleWebKit/537.36 (KHTML, like Gecko; compatible; GPTBot/1.2; +https://openai.com/gptbot)"
20.171.207.252 - - [15/Jul/2025:19:26:14 +0000] "GET /wp-content/uploads/2022/08/category_3.jpg HTTP/1.1" 200 92656 "-" "Mozilla/5.0 AppleWebKit/537.36 (KHTML, like Gecko; compatible; GPTBot/1.2; +https://openai.com/gptbot)"
20.171.207.252 - - [15/Jul/2025:19:26:14 +0000] "GET /wp-content/uploads/2022/08/category_2.jpg HTTP/1.1" 200 74627 "-" "Mozilla/5.0 AppleWebKit/537.36 (KHTML, like Gecko; compatible; GPTBot/1.2; +https://openai.com/gptbot)"
209.74.77.214 - - [15/Jul/2025:19:26:18 +0000] "POST /wp-cron.php?doing_wp_cron=1752607578.3578848838806152343750 HTTP/1.1" 200 - "-" "WordPress/6.8.1; https://listingslad.com"
20.171.207.252 - - [15/Jul/2025:19:26:15 +0000] "GET /item/265209116.shtml HTTP/1.1" 404 65024 "-" "Mozilla/5.0 AppleWebKit/537.36 (KHTML, like Gecko; compatible; GPTBot/1.2; +https://openai.com/gptbot)"
20.171.207.252 - - [15/Jul/2025:19:26:19 +0000] "GET /item/265009924.shtml HTTP/1.1" 404 65024 "-" "Mozilla/5.0 AppleWebKit/537.36 (KHTML, like Gecko; compatible; GPTBot/1.2; +https://openai.com/gptbot)"
20.171.207.252 - - [15/Jul/2025:19:26:20 +0000] "GET /item/265225740.shtml HTTP/1.1" 404 65023 "-" "Mozilla/5.0 AppleWebKit/537.36 (KHTML, like Gecko; compatible; GPTBot/1.2; +https://openai.com/gptbot)"
20.171.207.252 - - [15/Jul/2025:19:26:21 +0000] "GET /item/448120026.shtml HTTP/1.1" 404 65024 "-" "Mozilla/5.0 AppleWebKit/537.36 (KHTML, like Gecko; compatible; GPTBot/1.2; +https://openai.com/gptbot)"
20.171.207.252 - - [15/Jul/2025:19:26:23 +0000] "GET /item/265134980.shtml HTTP/1.1" 404 65023 "-" "Mozilla/5.0 AppleWebKit/537.36 (KHTML, like Gecko; compatible; GPTBot/1.2; +https://openai.com/gptbot)"
20.171.207.252 - - [15/Jul/2025:19:26:24 +0000] "GET /item/264978350.shtml HTTP/1.1" 404 65024 "-" "Mozilla/5.0 AppleWebKit/537.36 (KHTML, like Gecko; compatible; GPTBot/1.2; +https://openai.com/gptbot)"
209.74.77.214 - - [15/Jul/2025:19:34:51 +0000] "POST /wp-cron.php?doing_wp_cron=1752608090.9862411022186279296875 HTTP/1.1" 200 - "-" "WordPress/6.8.1; https://listingslad.com"
20.171.207.252 - - [15/Jul/2025:19:34:48 +0000] "GET /item/265381740.shtml HTTP/1.1" 404 65024 "-" "Mozilla/5.0 AppleWebKit/537.36 (KHTML, like Gecko; compatible; GPTBot/1.2; +https://openai.com/gptbot)"
20.171.207.252 - - [15/Jul/2025:19:34:51 +0000] "GET /item/448503916.shtml HTTP/1.1" 404 65024 "-" "Mozilla/5.0 AppleWebKit/537.36 (KHTML, like Gecko; compatible; GPTBot/1.2; +https://openai.com/gptbot)"
20.171.207.252 - - [15/Jul/2025:19:34:53 +0000] "GET /item/265178940.shtml HTTP/1.1" 404 65024 "-" "Mozilla/5.0 AppleWebKit/537.36 (KHTML, like Gecko; compatible; GPTBot/1.2; +https://openai.com/gptbot)"
20.171.207.252 - - [15/Jul/2025:19:34:54 +0000] "GET /item/448352710.shtml HTTP/1.1" 404 65024 "-" "Mozilla/5.0 AppleWebKit/537.36 (KHTML, like Gecko; compatible; GPTBot/1.2; +https://openai.com/gptbot)"
20.171.207.252 - - [15/Jul/2025:19:34:55 +0000] "GET /item/448053726.shtml HTTP/1.1" 404 65025 "-" "Mozilla/5.0 AppleWebKit/537.36 (KHTML, like Gecko; compatible; GPTBot/1.2; +https://openai.com/gptbot)"
209.74.77.214 - - [15/Jul/2025:19:34:57 +0000] "POST /wp-cron.php?doing_wp_cron=1752608097.0375740528106689453125 HTTP/1.1" 200 - "-" "WordPress/6.8.1; https://listingslad.com"
20.171.207.252 - - [15/Jul/2025:19:34:56 +0000] "GET /item/265472980.shtml HTTP/1.1" 404 65024 "-" "Mozilla/5.0 AppleWebKit/537.36 (KHTML, like Gecko; compatible; GPTBot/1.2; +https://openai.com/gptbot)"
20.171.207.252 - - [15/Jul/2025:19:34:57 +0000] "GET /item/265104178.shtml HTTP/1.1" 404 65023 "-" "Mozilla/5.0 AppleWebKit/537.36 (KHTML, like Gecko; compatible; GPTBot/1.2; +https://openai.com/gptbot)"
20.171.207.252 - - [15/Jul/2025:19:34:59 +0000] "GET /item/265301778.shtml HTTP/1.1" 404 65024 "-" "Mozilla/5.0 AppleWebKit/537.36 (KHTML, like Gecko; compatible; GPTBot/1.2; +https://openai.com/gptbot)"
20.171.207.252 - - [15/Jul/2025:19:35:00 +0000] "GET /item/265079734.shtml HTTP/1.1" 404 65024 "-" "Mozilla/5.0 AppleWebKit/537.36 (KHTML, like Gecko; compatible; GPTBot/1.2; +https://openai.com/gptbot)"
20.171.207.252 - - [15/Jul/2025:19:35:01 +0000] "GET /item/265308940.shtml HTTP/1.1" 404 65024 "-" "Mozilla/5.0 AppleWebKit/537.36 (KHTML, like Gecko; compatible; GPTBot/1.2; +https://openai.com/gptbot)"
209.74.77.214 - - [15/Jul/2025:19:37:30 +0000] "POST /wp-cron.php?doing_wp_cron=1752608250.1467399597167968750000 HTTP/1.1" 200 - "-" "WordPress/6.8.1; https://listingslad.com"
51.222.253.5 - - [15/Jul/2025:19:37:27 +0000] "GET /tag/gaming-console/feed/ HTTP/1.1" 304 - "-" "Mozilla/5.0 (compatible; AhrefsBot/7.0; +http://ahrefs.com/robot/)"
209.74.77.214 - - [15/Jul/2025:19:40:52 +0000] "POST /wp-cron.php?doing_wp_cron=1752608452.1119990348815917968750 HTTP/1.1" 200 - "-" "WordPress/6.8.1; https://listingslad.com"
20.171.207.252 - - [15/Jul/2025:19:40:49 +0000] "GET /item/265041778.shtml HTTP/1.1" 404 65024 "-" "Mozilla/5.0 AppleWebKit/537.36 (KHTML, like Gecko; compatible; GPTBot/1.2; +https://openai.com/gptbot)"
20.171.207.252 - - [15/Jul/2025:19:40:52 +0000] "GET /item/265102894.shtml HTTP/1.1" 404 65024 "-" "Mozilla/5.0 AppleWebKit/537.36 (KHTML, like Gecko; compatible; GPTBot/1.2; +https://openai.com/gptbot)"
20.171.207.252 - - [15/Jul/2025:19:40:53 +0000] "GET /item/265130840.shtml HTTP/1.1" 404 65024 "-" "Mozilla/5.0 AppleWebKit/537.36 (KHTML, like Gecko; compatible; GPTBot/1.2; +https://openai.com/gptbot)"
20.171.207.252 - - [15/Jul/2025:19:40:54 +0000] "GET /item/265010834.shtml HTTP/1.1" 404 65024 "-" "Mozilla/5.0 AppleWebKit/537.36 (KHTML, like Gecko; compatible; GPTBot/1.2; +https://openai.com/gptbot)"
209.74.77.214 - - [15/Jul/2025:19:40:56 +0000] "POST /wp-cron.php?doing_wp_cron=1752608456.3935348987579345703125 HTTP/1.1" 200 - "-" "WordPress/6.8.1; https://listingslad.com"
20.171.207.252 - - [15/Jul/2025:19:40:56 +0000] "GET /item/265179850.shtml HTTP/1.1" 404 65024 "-" "Mozilla/5.0 AppleWebKit/537.36 (KHTML, like Gecko; compatible; GPTBot/1.2; +https://openai.com/gptbot)"
20.171.207.252 - - [15/Jul/2025:19:40:57 +0000] "GET /item/448192570.shtml HTTP/1.1" 404 65024 "-" "Mozilla/5.0 AppleWebKit/537.36 (KHTML, like Gecko; compatible; GPTBot/1.2; +https://openai.com/gptbot)"
20.171.207.252 - - [15/Jul/2025:19:40:58 +0000] "GET /item/265001478.shtml HTTP/1.1" 404 65024 "-" "Mozilla/5.0 AppleWebKit/537.36 (KHTML, like Gecko; compatible; GPTBot/1.2; +https://openai.com/gptbot)"
20.171.207.252 - - [15/Jul/2025:19:40:59 +0000] "GET /item/265494710.shtml HTTP/1.1" 404 65024 "-" "Mozilla/5.0 AppleWebKit/537.36 (KHTML, like Gecko; compatible; GPTBot/1.2; +https://openai.com/gptbot)"
20.171.207.252 - - [15/Jul/2025:19:41:00 +0000] "GET /item/448012756.shtml HTTP/1.1" 404 65024 "-" "Mozilla/5.0 AppleWebKit/537.36 (KHTML, like Gecko; compatible; GPTBot/1.2; +https://openai.com/gptbot)"
20.171.207.252 - - [15/Jul/2025:19:41:01 +0000] "GET /item/448210356.shtml HTTP/1.1" 404 65024 "-" "Mozilla/5.0 AppleWebKit/537.36 (KHTML, like Gecko; compatible; GPTBot/1.2; +https://openai.com/gptbot)"
209.74.77.214 - - [15/Jul/2025:19:44:57 +0000] "POST /wp-cron.php?doing_wp_cron=1752608697.7629289627075195312500 HTTP/1.1" 200 - "-" "WordPress/6.8.1; https://listingslad.com"
20.171.207.252 - - [15/Jul/2025:19:44:54 +0000] "GET /item/265457380.shtml HTTP/1.1" 404 65024 "-" "Mozilla/5.0 AppleWebKit/537.36 (KHTML, like Gecko; compatible; GPTBot/1.2; +https://openai.com/gptbot)"
20.171.207.252 - - [15/Jul/2025:19:44:58 +0000] "GET /item/265437896.shtml HTTP/1.1" 404 65024 "-" "Mozilla/5.0 AppleWebKit/537.36 (KHTML, like Gecko; compatible; GPTBot/1.2; +https://openai.com/gptbot)"
20.171.207.252 - - [15/Jul/2025:19:44:59 +0000] "GET /item/265119380.shtml HTTP/1.1" 404 65024 "-" "Mozilla/5.0 AppleWebKit/537.36 (KHTML, like Gecko; compatible; GPTBot/1.2; +https://openai.com/gptbot)"
20.171.207.252 - - [15/Jul/2025:19:45:00 +0000] "GET /item/265519780.shtml HTTP/1.1" 404 65024 "-" "Mozilla/5.0 AppleWebKit/537.36 (KHTML, like Gecko; compatible; GPTBot/1.2; +https://openai.com/gptbot)"
20.171.207.252 - - [15/Jul/2025:19:45:01 +0000] "GET /item/265471680.shtml HTTP/1.1" 404 65024 "-" "Mozilla/5.0 AppleWebKit/537.36 (KHTML, like Gecko; compatible; GPTBot/1.2; +https://openai.com/gptbot)"
20.171.207.252 - - [15/Jul/2025:19:45:03 +0000] "GET /item/448130796.shtml HTTP/1.1" 404 65024 "-" "Mozilla/5.0 AppleWebKit/537.36 (KHTML, like Gecko; compatible; GPTBot/1.2; +https://openai.com/gptbot)"
20.171.207.252 - - [15/Jul/2025:19:45:04 +0000] "GET /item/265436978.shtml HTTP/1.1" 404 65024 "-" "Mozilla/5.0 AppleWebKit/537.36 (KHTML, like Gecko; compatible; GPTBot/1.2; +https://openai.com/gptbot)"
20.171.207.252 - - [15/Jul/2025:19:45:05 +0000] "GET /item/448509372.shtml HTTP/1.1" 404 65024 "-" "Mozilla/5.0 AppleWebKit/537.36 (KHTML, like Gecko; compatible; GPTBot/1.2; +https://openai.com/gptbot)"
20.171.207.252 - - [15/Jul/2025:19:45:06 +0000] "GET /item/265186094.shtml HTTP/1.1" 404 65024 "-" "Mozilla/5.0 AppleWebKit/537.36 (KHTML, like Gecko; compatible; GPTBot/1.2; +https://openai.com/gptbot)"
20.171.207.252 - - [15/Jul/2025:19:45:07 +0000] "GET /item/265194800.shtml HTTP/1.1" 404 65025 "-" "Mozilla/5.0 AppleWebKit/537.36 (KHTML, like Gecko; compatible; GPTBot/1.2; +https://openai.com/gptbot)"
209.74.77.214 - - [15/Jul/2025:19:48:08 +0000] "POST /wp-cron.php?doing_wp_cron=1752608888.6406579017639160156250 HTTP/1.1" 200 - "-" "WordPress/6.8.1; https://listingslad.com"
20.171.207.252 - - [15/Jul/2025:19:48:05 +0000] "GET /item/265493816.shtml HTTP/1.1" 404 65024 "-" "Mozilla/5.0 AppleWebKit/537.36 (KHTML, like Gecko; compatible; GPTBot/1.2; +https://openai.com/gptbot)"
209.74.77.214 - - [15/Jul/2025:19:48:09 +0000] "POST /wp-cron.php?doing_wp_cron=1752608889.4631969928741455078125 HTTP/1.1" 200 - "-" "WordPress/6.8.1; https://listingslad.com"
20.171.207.252 - - [15/Jul/2025:19:48:09 +0000] "GET /item/265150978.shtml HTTP/1.1" 404 65024 "-" "Mozilla/5.0 AppleWebKit/537.36 (KHTML, like Gecko; compatible; GPTBot/1.2; +https://openai.com/gptbot)"
20.171.207.252 - - [15/Jul/2025:19:48:10 +0000] "GET /item/265038796.shtml HTTP/1.1" 404 65024 "-" "Mozilla/5.0 AppleWebKit/537.36 (KHTML, like Gecko; compatible; GPTBot/1.2; +https://openai.com/gptbot)"
20.171.207.252 - - [15/Jul/2025:19:48:11 +0000] "GET /item/448267950.shtml HTTP/1.1" 404 65024 "-" "Mozilla/5.0 AppleWebKit/537.36 (KHTML, like Gecko; compatible; GPTBot/1.2; +https://openai.com/gptbot)"
20.171.207.252 - - [15/Jul/2025:19:48:12 +0000] "GET /item/265389780.shtml HTTP/1.1" 404 65024 "-" "Mozilla/5.0 AppleWebKit/537.36 (KHTML, like Gecko; compatible; GPTBot/1.2; +https://openai.com/gptbot)"
20.171.207.252 - - [15/Jul/2025:19:48:13 +0000] "GET /item/264978610.shtml HTTP/1.1" 404 65024 "-" "Mozilla/5.0 AppleWebKit/537.36 (KHTML, like Gecko; compatible; GPTBot/1.2; +https://openai.com/gptbot)"
20.171.207.252 - - [15/Jul/2025:19:48:15 +0000] "GET /item/264987056.shtml HTTP/1.1" 404 65023 "-" "Mozilla/5.0 AppleWebKit/537.36 (KHTML, like Gecko; compatible; GPTBot/1.2; +https://openai.com/gptbot)"
20.171.207.252 - - [15/Jul/2025:19:48:16 +0000] "GET /item/448160972.shtml HTTP/1.1" 404 65024 "-" "Mozilla/5.0 AppleWebKit/537.36 (KHTML, like Gecko; compatible; GPTBot/1.2; +https://openai.com/gptbot)"
20.171.207.252 - - [15/Jul/2025:19:48:17 +0000] "GET /item/448137950.shtml HTTP/1.1" 404 65024 "-" "Mozilla/5.0 AppleWebKit/537.36 (KHTML, like Gecko; compatible; GPTBot/1.2; +https://openai.com/gptbot)"
20.171.207.252 - - [15/Jul/2025:19:48:18 +0000] "GET /item/448035916.shtml HTTP/1.1" 404 65024 "-" "Mozilla/5.0 AppleWebKit/537.36 (KHTML, like Gecko; compatible; GPTBot/1.2; +https://openai.com/gptbot)"
209.74.77.214 - - [15/Jul/2025:19:50:47 +0000] "POST /wp-cron.php?doing_wp_cron=1752609047.5408051013946533203125 HTTP/1.1" 200 - "-" "WordPress/6.8.1; https://listingslad.com"
20.171.207.252 - - [15/Jul/2025:19:50:44 +0000] "GET /item/448275096.shtml HTTP/1.1" 404 65024 "-" "Mozilla/5.0 AppleWebKit/537.36 (KHTML, like Gecko; compatible; GPTBot/1.2; +https://openai.com/gptbot)"
20.171.207.252 - - [15/Jul/2025:19:50:48 +0000] "GET /item/265480134.shtml HTTP/1.1" 404 65025 "-" "Mozilla/5.0 AppleWebKit/537.36 (KHTML, like Gecko; compatible; GPTBot/1.2; +https://openai.com/gptbot)"
20.171.207.252 - - [15/Jul/2025:19:50:49 +0000] "GET /item/265243810.shtml HTTP/1.1" 404 65024 "-" "Mozilla/5.0 AppleWebKit/537.36 (KHTML, like Gecko; compatible; GPTBot/1.2; +https://openai.com/gptbot)"
20.171.207.252 - - [15/Jul/2025:19:50:50 +0000] "GET /item/265418396.shtml HTTP/1.1" 404 65023 "-" "Mozilla/5.0 AppleWebKit/537.36 (KHTML, like Gecko; compatible; GPTBot/1.2; +https://openai.com/gptbot)"
20.171.207.252 - - [15/Jul/2025:19:50:51 +0000] "GET /item/265108094.shtml HTTP/1.1" 404 65024 "-" "Mozilla/5.0 AppleWebKit/537.36 (KHTML, like Gecko; compatible; GPTBot/1.2; +https://openai.com/gptbot)"
20.171.207.252 - - [15/Jul/2025:19:50:52 +0000] "GET /item/448253016.shtml HTTP/1.1" 404 65024 "-" "Mozilla/5.0 AppleWebKit/537.36 (KHTML, like Gecko; compatible; GPTBot/1.2; +https://openai.com/gptbot)"
20.171.207.252 - - [15/Jul/2025:19:50:53 +0000] "GET /item/265339478.shtml HTTP/1.1" 404 65024 "-" "Mozilla/5.0 AppleWebKit/537.36 (KHTML, like Gecko; compatible; GPTBot/1.2; +https://openai.com/gptbot)"
20.171.207.252 - - [15/Jul/2025:19:50:54 +0000] "GET /item/265184794.shtml HTTP/1.1" 404 65024 "-" "Mozilla/5.0 AppleWebKit/537.36 (KHTML, like Gecko; compatible; GPTBot/1.2; +https://openai.com/gptbot)"
209.74.77.214 - - [15/Jul/2025:19:50:56 +0000] "POST /wp-cron.php?doing_wp_cron=1752609056.3654429912567138671875 HTTP/1.1" 200 - "-" "WordPress/6.8.1; https://listingslad.com"
20.171.207.252 - - [15/Jul/2025:19:50:56 +0000] "GET /item/265070394.shtml HTTP/1.1" 404 65024 "-" "Mozilla/5.0 AppleWebKit/537.36 (KHTML, like Gecko; compatible; GPTBot/1.2; +https://openai.com/gptbot)"
20.171.207.252 - - [15/Jul/2025:19:50:57 +0000] "GET /item/265401878.shtml HTTP/1.1" 404 65024 "-" "Mozilla/5.0 AppleWebKit/537.36 (KHTML, like Gecko; compatible; GPTBot/1.2; +https://openai.com/gptbot)"
209.74.77.214 - - [15/Jul/2025:19:52:50 +0000] "POST /wp-cron.php?doing_wp_cron=1752609170.0454459190368652343750 HTTP/1.1" 200 - "-" "WordPress/6.8.1; https://listingslad.com"
20.171.207.252 - - [15/Jul/2025:19:52:47 +0000] "GET /item/265421378.shtml HTTP/1.1" 404 65024 "-" "Mozilla/5.0 AppleWebKit/537.36 (KHTML, like Gecko; compatible; GPTBot/1.2; +https://openai.com/gptbot)"
20.171.207.252 - - [15/Jul/2025:19:52:50 +0000] "GET /item/265071954.shtml HTTP/1.1" 404 65024 "-" "Mozilla/5.0 AppleWebKit/537.36 (KHTML, like Gecko; compatible; GPTBot/1.2; +https://openai.com/gptbot)"
20.171.207.252 - - [15/Jul/2025:19:52:51 +0000] "GET /item/265078434.shtml HTTP/1.1" 404 65023 "-" "Mozilla/5.0 AppleWebKit/537.36 (KHTML, like Gecko; compatible; GPTBot/1.2; +https://openai.com/gptbot)"
20.171.207.252 - - [15/Jul/2025:19:52:52 +0000] "GET /item/265364710.shtml HTTP/1.1" 404 65024 "-" "Mozilla/5.0 AppleWebKit/537.36 (KHTML, like Gecko; compatible; GPTBot/1.2; +https://openai.com/gptbot)"
20.171.207.252 - - [15/Jul/2025:19:52:54 +0000] "GET /item/265038170.shtml HTTP/1.1" 404 65024 "-" "Mozilla/5.0 AppleWebKit/537.36 (KHTML, like Gecko; compatible; GPTBot/1.2; +https://openai.com/gptbot)"
20.171.207.252 - - [15/Jul/2025:19:52:55 +0000] "GET /item/265379010.shtml HTTP/1.1" 404 65024 "-" "Mozilla/5.0 AppleWebKit/537.36 (KHTML, like Gecko; compatible; GPTBot/1.2; +https://openai.com/gptbot)"
209.74.77.214 - - [15/Jul/2025:19:52:56 +0000] "POST /wp-cron.php?doing_wp_cron=1752609176.7489240169525146484375 HTTP/1.1" 200 - "-" "WordPress/6.8.1; https://listingslad.com"
20.171.207.252 - - [15/Jul/2025:19:52:56 +0000] "GET /item/448370926.shtml HTTP/1.1" 404 65024 "-" "Mozilla/5.0 AppleWebKit/537.36 (KHTML, like Gecko; compatible; GPTBot/1.2; +https://openai.com/gptbot)"
20.171.207.252 - - [15/Jul/2025:19:52:57 +0000] "GET /item/448105726.shtml HTTP/1.1" 404 65024 "-" "Mozilla/5.0 AppleWebKit/537.36 (KHTML, like Gecko; compatible; GPTBot/1.2; +https://openai.com/gptbot)"
20.171.207.252 - - [15/Jul/2025:19:52:58 +0000] "GET /item/265447910.shtml HTTP/1.1" 404 65024 "-" "Mozilla/5.0 AppleWebKit/537.36 (KHTML, like Gecko; compatible; GPTBot/1.2; +https://openai.com/gptbot)"
20.171.207.252 - - [15/Jul/2025:19:52:59 +0000] "GET /item/265137994.shtml HTTP/1.1" 404 65024 "-" "Mozilla/5.0 AppleWebKit/537.36 (KHTML, like Gecko; compatible; GPTBot/1.2; +https://openai.com/gptbot)"
113.141.91.58 - - [15/Jul/2025:19:54:20 +0000] "GET / HTTP/1.1" 200 61123 "http://www.listingslad.com" "Mozilla/5.0 (iPhone; CPU iPhone OS 13_2_3 like Mac OS X) AppleWebKit/605.1.15 (KHTML, like Gecko) Version/13.0.3 Mobile/15E148 Safari/604.1"
20.171.207.252 - - [15/Jul/2025:19:54:22 +0000] "GET /item/265209734.shtml HTTP/1.1" 404 65024 "-" "Mozilla/5.0 AppleWebKit/537.36 (KHTML, like Gecko; compatible; GPTBot/1.2; +https://openai.com/gptbot)"
20.171.207.252 - - [15/Jul/2025:19:54:23 +0000] "GET /item/265093416.shtml HTTP/1.1" 404 65024 "-" "Mozilla/5.0 AppleWebKit/537.36 (KHTML, like Gecko; compatible; GPTBot/1.2; +https://openai.com/gptbot)"
20.171.207.252 - - [15/Jul/2025:19:54:24 +0000] "GET /item/265084970.shtml HTTP/1.1" 404 65024 "-" "Mozilla/5.0 AppleWebKit/537.36 (KHTML, like Gecko; compatible; GPTBot/1.2; +https://openai.com/gptbot)"
20.171.207.252 - - [15/Jul/2025:19:54:26 +0000] "GET /item/265017334.shtml HTTP/1.1" 404 65024 "-" "Mozilla/5.0 AppleWebKit/537.36 (KHTML, like Gecko; compatible; GPTBot/1.2; +https://openai.com/gptbot)"
209.74.77.214 - - [15/Jul/2025:19:54:27 +0000] "POST /wp-cron.php?doing_wp_cron=1752609267.7033569812774658203125 HTTP/1.1" 200 - "-" "WordPress/6.8.1; https://listingslad.com"
20.171.207.252 - - [15/Jul/2025:19:54:27 +0000] "GET /item/265013824.shtml HTTP/1.1" 404 65024 "-" "Mozilla/5.0 AppleWebKit/537.36 (KHTML, like Gecko; compatible; GPTBot/1.2; +https://openai.com/gptbot)"
20.171.207.252 - - [15/Jul/2025:19:54:28 +0000] "GET /item/265306978.shtml HTTP/1.1" 404 65024 "-" "Mozilla/5.0 AppleWebKit/537.36 (KHTML, like Gecko; compatible; GPTBot/1.2; +https://openai.com/gptbot)"
20.171.207.252 - - [15/Jul/2025:19:54:29 +0000] "GET /item/448561372.shtml HTTP/1.1" 404 65024 "-" "Mozilla/5.0 AppleWebKit/537.36 (KHTML, like Gecko; compatible; GPTBot/1.2; +https://openai.com/gptbot)"
20.171.207.252 - - [15/Jul/2025:19:54:30 +0000] "GET /item/265368094.shtml HTTP/1.1" 404 65024 "-" "Mozilla/5.0 AppleWebKit/537.36 (KHTML, like Gecko; compatible; GPTBot/1.2; +https://openai.com/gptbot)"
20.171.207.252 - - [15/Jul/2025:19:54:32 +0000] "GET /item/448273150.shtml HTTP/1.1" 404 65024 "-" "Mozilla/5.0 AppleWebKit/537.36 (KHTML, like Gecko; compatible; GPTBot/1.2; +https://openai.com/gptbot)"
20.171.207.252 - - [15/Jul/2025:19:54:33 +0000] "GET /item/265394610.shtml HTTP/1.1" 404 65024 "-" "Mozilla/5.0 AppleWebKit/537.36 (KHTML, like Gecko; compatible; GPTBot/1.2; +https://openai.com/gptbot)"
209.74.77.214 - - [15/Jul/2025:19:55:49 +0000] "POST /wp-cron.php?doing_wp_cron=1752609349.2101299762725830078125 HTTP/1.1" 200 - "-" "WordPress/6.8.1; https://listingslad.com"
20.171.207.252 - - [15/Jul/2025:19:55:46 +0000] "GET /item/265485370.shtml HTTP/1.1" 404 65024 "-" "Mozilla/5.0 AppleWebKit/537.36 (KHTML, like Gecko; compatible; GPTBot/1.2; +https://openai.com/gptbot)"
20.171.207.252 - - [15/Jul/2025:19:55:49 +0000] "GET /item/265389154.shtml HTTP/1.1" 404 65024 "-" "Mozilla/5.0 AppleWebKit/537.36 (KHTML, like Gecko; compatible; GPTBot/1.2; +https://openai.com/gptbot)"
20.171.207.252 - - [15/Jul/2025:19:55:50 +0000] "GET /item/265273194.shtml HTTP/1.1" 404 65024 "-" "Mozilla/5.0 AppleWebKit/537.36 (KHTML, like Gecko; compatible; GPTBot/1.2; +https://openai.com/gptbot)"
20.171.207.252 - - [15/Jul/2025:19:55:52 +0000] "GET /item/265419680.shtml HTTP/1.1" 404 65024 "-" "Mozilla/5.0 AppleWebKit/537.36 (KHTML, like Gecko; compatible; GPTBot/1.2; +https://openai.com/gptbot)"
20.171.207.252 - - [15/Jul/2025:19:55:53 +0000] "GET /item/265170494.shtml HTTP/1.1" 404 65024 "-" "Mozilla/5.0 AppleWebKit/537.36 (KHTML, like Gecko; compatible; GPTBot/1.2; +https://openai.com/gptbot)"
20.171.207.252 - - [15/Jul/2025:19:55:54 +0000] "GET /item/265490278.shtml HTTP/1.1" 404 65024 "-" "Mozilla/5.0 AppleWebKit/537.36 (KHTML, like Gecko; compatible; GPTBot/1.2; +https://openai.com/gptbot)"
20.171.207.252 - - [15/Jul/2025:19:55:55 +0000] "GET /item/265198440.shtml HTTP/1.1" 404 65024 "-" "Mozilla/5.0 AppleWebKit/537.36 (KHTML, like Gecko; compatible; GPTBot/1.2; +https://openai.com/gptbot)"
209.74.77.214 - - [15/Jul/2025:19:55:57 +0000] "POST /wp-cron.php?doing_wp_cron=1752609357.1541619300842285156250 HTTP/1.1" 200 - "-" "WordPress/6.8.1; https://listingslad.com"
20.171.207.252 - - [15/Jul/2025:19:55:56 +0000] "GET /item/265341680.shtml HTTP/1.1" 404 65024 "-" "Mozilla/5.0 AppleWebKit/537.36 (KHTML, like Gecko; compatible; GPTBot/1.2; +https://openai.com/gptbot)"
20.171.207.252 - - [15/Jul/2025:19:55:57 +0000] "GET /item/265193240.shtml HTTP/1.1" 404 65025 "-" "Mozilla/5.0 AppleWebKit/537.36 (KHTML, like Gecko; compatible; GPTBot/1.2; +https://openai.com/gptbot)"
20.171.207.252 - - [15/Jul/2025:19:55:59 +0000] "GET /item/448269510.shtml HTTP/1.1" 404 65024 "-" "Mozilla/5.0 AppleWebKit/537.36 (KHTML, like Gecko; compatible; GPTBot/1.2; +https://openai.com/gptbot)"
209.74.77.214 - - [15/Jul/2025:19:56:57 +0000] "POST /wp-cron.php?doing_wp_cron=1752609417.1392641067504882812500 HTTP/1.1" 200 - "-" "WordPress/6.8.1; https://listingslad.com"
20.171.207.252 - - [15/Jul/2025:19:56:54 +0000] "GET /item/265312840.shtml HTTP/1.1" 404 65024 "-" "Mozilla/5.0 AppleWebKit/537.36 (KHTML, like Gecko; compatible; GPTBot/1.2; +https://openai.com/gptbot)"
20.171.207.252 - - [15/Jul/2025:19:56:57 +0000] "GET /item/448196072.shtml HTTP/1.1" 404 65024 "-" "Mozilla/5.0 AppleWebKit/537.36 (KHTML, like Gecko; compatible; GPTBot/1.2; +https://openai.com/gptbot)"
20.171.207.252 - - [15/Jul/2025:19:56:58 +0000] "GET /item/265307896.shtml HTTP/1.1" 404 65024 "-" "Mozilla/5.0 AppleWebKit/537.36 (KHTML, like Gecko; compatible; GPTBot/1.2; +https://openai.com/gptbot)"
20.171.207.252 - - [15/Jul/2025:19:57:00 +0000] "GET /item/265138270.shtml HTTP/1.1" 404 65024 "-" "Mozilla/5.0 AppleWebKit/537.36 (KHTML, like Gecko; compatible; GPTBot/1.2; +https://openai.com/gptbot)"
20.171.207.252 - - [15/Jul/2025:19:57:01 +0000] "GET /item/265037496.shtml HTTP/1.1" 404 65024 "-" "Mozilla/5.0 AppleWebKit/537.36 (KHTML, like Gecko; compatible; GPTBot/1.2; +https://openai.com/gptbot)"
20.171.207.252 - - [15/Jul/2025:19:57:02 +0000] "GET /item/264981340.shtml HTTP/1.1" 404 65024 "-" "Mozilla/5.0 AppleWebKit/537.36 (KHTML, like Gecko; compatible; GPTBot/1.2; +https://openai.com/gptbot)"
20.171.207.252 - - [15/Jul/2025:19:57:03 +0000] "GET /item/265340794.shtml HTTP/1.1" 404 65024 "-" "Mozilla/5.0 AppleWebKit/537.36 (KHTML, like Gecko; compatible; GPTBot/1.2; +https://openai.com/gptbot)"
209.74.77.214 - - [15/Jul/2025:19:57:56 +0000] "POST /wp-cron.php?doing_wp_cron=1752609476.9771549701690673828125 HTTP/1.1" 200 - "-" "WordPress/6.8.1; https://listingslad.com"
20.171.207.252 - - [15/Jul/2025:19:57:54 +0000] "GET /item/265403194.shtml HTTP/1.1" 404 65023 "-" "Mozilla/5.0 AppleWebKit/537.36 (KHTML, like Gecko; compatible; GPTBot/1.2; +https://openai.com/gptbot)"
20.171.207.252 - - [15/Jul/2025:19:57:57 +0000] "GET /item/265438570.shtml HTTP/1.1" 404 65023 "-" "Mozilla/5.0 AppleWebKit/537.36 (KHTML, like Gecko; compatible; GPTBot/1.2; +https://openai.com/gptbot)"
20.171.207.252 - - [15/Jul/2025:19:57:58 +0000] "GET /item/448306572.shtml HTTP/1.1" 404 65024 "-" "Mozilla/5.0 AppleWebKit/537.36 (KHTML, like Gecko; compatible; GPTBot/1.2; +https://openai.com/gptbot)"
20.171.207.252 - - [15/Jul/2025:19:57:59 +0000] "GET /item/265419070.shtml HTTP/1.1" 404 65024 "-" "Mozilla/5.0 AppleWebKit/537.36 (KHTML, like Gecko; compatible; GPTBot/1.2; +https://openai.com/gptbot)"
20.171.207.252 - - [15/Jul/2025:19:58:00 +0000] "GET /item/264997850.shtml HTTP/1.1" 404 65024 "-" "Mozilla/5.0 AppleWebKit/537.36 (KHTML, like Gecko; compatible; GPTBot/1.2; +https://openai.com/gptbot)"
20.171.207.252 - - [15/Jul/2025:19:58:02 +0000] "GET /item/265238094.shtml HTTP/1.1" 404 65024 "-" "Mozilla/5.0 AppleWebKit/537.36 (KHTML, like Gecko; compatible; GPTBot/1.2; +https://openai.com/gptbot)"
20.171.207.252 - - [15/Jul/2025:19:58:03 +0000] "GET /item/265498350.shtml HTTP/1.1" 404 65024 "-" "Mozilla/5.0 AppleWebKit/537.36 (KHTML, like Gecko; compatible; GPTBot/1.2; +https://openai.com/gptbot)"
20.171.207.252 - - [15/Jul/2025:19:58:04 +0000] "GET /item/265094310.shtml HTTP/1.1" 404 65024 "-" "Mozilla/5.0 AppleWebKit/537.36 (KHTML, like Gecko; compatible; GPTBot/1.2; +https://openai.com/gptbot)"
20.171.207.252 - - [15/Jul/2025:19:58:05 +0000] "GET /item/265387594.shtml HTTP/1.1" 404 65024 "-" "Mozilla/5.0 AppleWebKit/537.36 (KHTML, like Gecko; compatible; GPTBot/1.2; +https://openai.com/gptbot)"
20.171.207.252 - - [15/Jul/2025:19:58:06 +0000] "GET /item/448132750.shtml HTTP/1.1" 404 65024 "-" "Mozilla/5.0 AppleWebKit/537.36 (KHTML, like Gecko; compatible; GPTBot/1.2; +https://openai.com/gptbot)"
209.74.77.214 - - [15/Jul/2025:19:58:46 +0000] "POST /wp-cron.php?doing_wp_cron=1752609526.7712330818176269531250 HTTP/1.1" 200 - "-" "WordPress/6.8.1; https://listingslad.com"
20.171.207.252 - - [15/Jul/2025:19:58:44 +0000] "GET /item/264983550.shtml HTTP/1.1" 404 65024 "-" "Mozilla/5.0 AppleWebKit/537.36 (KHTML, like Gecko; compatible; GPTBot/1.2; +https://openai.com/gptbot)"
20.171.207.252 - - [15/Jul/2025:19:58:47 +0000] "GET /item/265378100.shtml HTTP/1.1" 404 65024 "-" "Mozilla/5.0 AppleWebKit/537.36 (KHTML, like Gecko; compatible; GPTBot/1.2; +https://openai.com/gptbot)"
20.171.207.252 - - [15/Jul/2025:19:58:48 +0000] "GET /item/265351470.shtml HTTP/1.1" 404 65024 "-" "Mozilla/5.0 AppleWebKit/537.36 (KHTML, like Gecko; compatible; GPTBot/1.2; +https://openai.com/gptbot)"
20.171.207.252 - - [15/Jul/2025:19:58:49 +0000] "GET /item/265234178.shtml HTTP/1.1" 404 65024 "-" "Mozilla/5.0 AppleWebKit/537.36 (KHTML, like Gecko; compatible; GPTBot/1.2; +https://openai.com/gptbot)"
20.171.207.252 - - [15/Jul/2025:19:58:50 +0000] "GET /item/448027056.shtml HTTP/1.1" 404 65025 "-" "Mozilla/5.0 AppleWebKit/537.36 (KHTML, like Gecko; compatible; GPTBot/1.2; +https://openai.com/gptbot)"
20.171.207.252 - - [15/Jul/2025:19:58:51 +0000] "GET /item/265087156.shtml HTTP/1.1" 404 65023 "-" "Mozilla/5.0 AppleWebKit/537.36 (KHTML, like Gecko; compatible; GPTBot/1.2; +https://openai.com/gptbot)"
209.74.77.214 - - [15/Jul/2025:19:59:32 +0000] "POST /wp-cron.php?doing_wp_cron=1752609572.1608169078826904296875 HTTP/1.1" 200 - "-" "WordPress/6.8.1; https://listingslad.com"
20.171.207.252 - - [15/Jul/2025:19:59:29 +0000] "GET /item/448160696.shtml HTTP/1.1" 404 65024 "-" "Mozilla/5.0 AppleWebKit/537.36 (KHTML, like Gecko; compatible; GPTBot/1.2; +https://openai.com/gptbot)"
20.171.207.252 - - [15/Jul/2025:19:59:32 +0000] "GET /item/265275380.shtml HTTP/1.1" 404 65024 "-" "Mozilla/5.0 AppleWebKit/537.36 (KHTML, like Gecko; compatible; GPTBot/1.2; +https://openai.com/gptbot)"
20.171.207.252 - - [15/Jul/2025:19:59:33 +0000] "GET /item/448174980.shtml HTTP/1.1" 404 65024 "-" "Mozilla/5.0 AppleWebKit/537.36 (KHTML, like Gecko; compatible; GPTBot/1.2; +https://openai.com/gptbot)"
20.171.207.252 - - [15/Jul/2025:19:59:35 +0000] "GET /item/448361294.shtml HTTP/1.1" 404 65024 "-" "Mozilla/5.0 AppleWebKit/537.36 (KHTML, like Gecko; compatible; GPTBot/1.2; +https://openai.com/gptbot)"
20.171.207.252 - - [15/Jul/2025:19:59:36 +0000] "GET /item/264989380.shtml HTTP/1.1" 404 65024 "-" "Mozilla/5.0 AppleWebKit/537.36 (KHTML, like Gecko; compatible; GPTBot/1.2; +https://openai.com/gptbot)"
20.171.207.252 - - [15/Jul/2025:19:59:37 +0000] "GET /item/448461378.shtml HTTP/1.1" 404 65024 "-" "Mozilla/5.0 AppleWebKit/537.36 (KHTML, like Gecko; compatible; GPTBot/1.2; +https://openai.com/gptbot)"
20.171.207.252 - - [15/Jul/2025:19:59:38 +0000] "GET /item/448052134.shtml HTTP/1.1" 404 65025 "-" "Mozilla/5.0 AppleWebKit/537.36 (KHTML, like Gecko; compatible; GPTBot/1.2; +https://openai.com/gptbot)"
20.171.207.252 - - [15/Jul/2025:19:59:39 +0000] "GET /item/448290054.shtml HTTP/1.1" 404 65024 "-" "Mozilla/5.0 AppleWebKit/537.36 (KHTML, like Gecko; compatible; GPTBot/1.2; +https://openai.com/gptbot)"
20.171.207.252 - - [15/Jul/2025:19:59:41 +0000] "GET /item/265486670.shtml HTTP/1.1" 404 65024 "-" "Mozilla/5.0 AppleWebKit/537.36 (KHTML, like Gecko; compatible; GPTBot/1.2; +https://openai.com/gptbot)"
20.171.207.252 - - [15/Jul/2025:20:00:12 +0000] "GET /item/265132400.shtml HTTP/1.1" 503 428 "-" "Mozilla/5.0 AppleWebKit/537.36 (KHTML, like Gecko; compatible; GPTBot/1.2; +https://openai.com/gptbot)"
20.171.207.252 - - [15/Jul/2025:20:00:48 +0000] "GET /item/265117056.shtml HTTP/1.1" 503 428 "-" "Mozilla/5.0 AppleWebKit/537.36 (KHTML, like Gecko; compatible; GPTBot/1.2; +https://openai.com/gptbot)"
209.74.77.214 - - [15/Jul/2025:20:26:49 +0000] "POST /wp-cron.php?doing_wp_cron=1752611208.9928510189056396484375 HTTP/1.1" 200 - "-" "WordPress/6.8.1; https://listingslad.com"
51.222.253.2 - - [15/Jul/2025:20:26:46 +0000] "GET /ads/vehicles,trucks/ HTTP/1.1" 200 66833 "-" "Mozilla/5.0 (compatible; AhrefsBot/7.0; +http://ahrefs.com/robot/)"
209.74.77.214 - - [15/Jul/2025:20:31:55 +0000] "POST /wp-cron.php?doing_wp_cron=1752611515.7496640682220458984375 HTTP/1.1" 200 - "-" "WordPress/6.8.1; https://listingslad.com"
20.171.207.252 - - [15/Jul/2025:20:31:53 +0000] "GET /item/448509478.shtml HTTP/1.1" 404 65024 "-" "Mozilla/5.0 AppleWebKit/537.36 (KHTML, like Gecko; compatible; GPTBot/1.2; +https://openai.com/gptbot)"
209.74.77.214 - - [15/Jul/2025:20:36:00 +0000] "POST /wp-cron.php?doing_wp_cron=1752611760.1141169071197509765625 HTTP/1.1" 200 - "-" "WordPress/6.8.1; https://listingslad.com"
20.171.207.252 - - [15/Jul/2025:20:35:57 +0000] "GET /item/264982250.shtml HTTP/1.1" 404 65024 "-" "Mozilla/5.0 AppleWebKit/537.36 (KHTML, like Gecko; compatible; GPTBot/1.2; +https://openai.com/gptbot)"
209.74.77.214 - - [15/Jul/2025:20:49:42 +0000] "POST /wp-cron.php?doing_wp_cron=1752612582.4186708927154541015625 HTTP/1.1" 200 - "-" "WordPress/6.8.1; https://listingslad.com"
20.171.207.252 - - [15/Jul/2025:20:49:39 +0000] "GET /item/265004354.shtml HTTP/1.1" 404 65024 "-" "Mozilla/5.0 AppleWebKit/537.36 (KHTML, like Gecko; compatible; GPTBot/1.2; +https://openai.com/gptbot)"
45.227.253.15 - - [15/Jul/2025:21:09:11 +0000] "GET /index.php/jk HTTP/1.1" 200 59 "-" "Mozilla/5.0 (Macintosh; Intel Mac OS X 10.13; rv:103.0) Gecko/20100101 Firefox/103.0"
209.74.77.214 - - [15/Jul/2025:21:09:31 +0000] "POST /wp-cron.php?doing_wp_cron=1752613771.1615009307861328125000 HTTP/1.1" 200 - "-" "WordPress/6.8.1; https://listingslad.com"
205.210.31.168 - - [15/Jul/2025:21:09:30 +0000] "GET /wp-login.php HTTP/1.1" 200 7216 "-" "Hello from Palo Alto Networks, find out more about our scans in https://docs-cortex.paloaltonetworks.com/r/1/Cortex-Xpanse/Scanning-activity"
209.74.77.214 - - [15/Jul/2025:21:11:42 +0000] "POST /wp-cron.php?doing_wp_cron=1752613902.1952850818634033203125 HTTP/1.1" 200 - "-" "WordPress/6.8.1; https://listingslad.com"
20.171.207.252 - - [15/Jul/2025:21:11:40 +0000] "GET /item/265321294.shtml HTTP/1.1" 404 65023 "-" "Mozilla/5.0 AppleWebKit/537.36 (KHTML, like Gecko; compatible; GPTBot/1.2; +https://openai.com/gptbot)"
209.74.77.214 - - [15/Jul/2025:21:19:02 +0000] "POST /wp-cron.php?doing_wp_cron=1752614342.6912539005279541015625 HTTP/1.1" 200 - "-" "WordPress/6.8.1; https://listingslad.com"
51.222.253.5 - - [15/Jul/2025:21:19:00 +0000] "GET /ads/fashion,womens-bags/ HTTP/1.1" 200 66792 "-" "Mozilla/5.0 (compatible; AhrefsBot/7.0; +http://ahrefs.com/robot/)"
209.74.77.214 - - [15/Jul/2025:21:23:19 +0000] "POST /wp-cron.php?doing_wp_cron=1752614599.1485838890075683593750 HTTP/1.1" 200 - "-" "WordPress/6.8.1; https://listingslad.com"
20.171.207.252 - - [15/Jul/2025:21:23:17 +0000] "GET /item/448377154.shtml HTTP/1.1" 404 65024 "-" "Mozilla/5.0 AppleWebKit/537.36 (KHTML, like Gecko; compatible; GPTBot/1.2; +https://openai.com/gptbot)"
209.74.77.214 - - [15/Jul/2025:21:24:22 +0000] "POST /wp-cron.php?doing_wp_cron=1752614662.1923990249633789062500 HTTP/1.1" 200 - "-" "WordPress/6.8.1; https://listingslad.com"
20.171.207.252 - - [15/Jul/2025:21:24:20 +0000] "GET /item/265371856.shtml HTTP/1.1" 404 65024 "-" "Mozilla/5.0 AppleWebKit/537.36 (KHTML, like Gecko; compatible; GPTBot/1.2; +https://openai.com/gptbot)"
209.74.77.214 - - [15/Jul/2025:21:27:32 +0000] "POST /wp-cron.php?doing_wp_cron=1752614852.7014579772949218750000 HTTP/1.1" 200 - "-" "WordPress/6.8.1; https://listingslad.com"
20.171.207.252 - - [15/Jul/2025:21:27:30 +0000] "GET /item/265239378.shtml HTTP/1.1" 404 65024 "-" "Mozilla/5.0 AppleWebKit/537.36 (KHTML, like Gecko; compatible; GPTBot/1.2; +https://openai.com/gptbot)"
209.74.77.214 - - [15/Jul/2025:21:32:51 +0000] "POST /wp-cron.php?doing_wp_cron=1752615171.2937419414520263671875 HTTP/1.1" 200 - "-" "WordPress/6.8.1; https://listingslad.com"
20.171.207.252 - - [15/Jul/2025:21:32:48 +0000] "GET /item/265040356.shtml HTTP/1.1" 404 65024 "-" "Mozilla/5.0 AppleWebKit/537.36 (KHTML, like Gecko; compatible; GPTBot/1.2; +https://openai.com/gptbot)"
209.74.77.214 - - [15/Jul/2025:21:34:54 +0000] "POST /wp-cron.php?doing_wp_cron=1752615294.0879390239715576171875 HTTP/1.1" 200 - "-" "WordPress/6.8.1; https://listingslad.com"
20.171.207.252 - - [15/Jul/2025:21:34:52 +0000] "GET /item/265127200.shtml HTTP/1.1" 404 65025 "-" "Mozilla/5.0 AppleWebKit/537.36 (KHTML, like Gecko; compatible; GPTBot/1.2; +https://openai.com/gptbot)"
173.252.107.115 - - [15/Jul/2025:21:35:30 +0000] "GET /robots.txt HTTP/1.1" 206 80 "-" "facebookexternalhit/1.1 (+http://www.facebook.com/externalhit_uatext.php)"
57.141.2.21 - - [15/Jul/2025:21:35:43 +0000] "GET /wp-sitemap.xml HTTP/1.1" 200 163409 "-" "meta-externalagent/1.1 (+https://developers.facebook.com/docs/sharing/webmasters/crawler)"
209.74.77.214 - - [15/Jul/2025:21:35:55 +0000] "POST /wp-cron.php?doing_wp_cron=1752615355.3785119056701660156250 HTTP/1.1" 200 - "-" "WordPress/6.8.1; https://listingslad.com"
20.171.207.252 - - [15/Jul/2025:21:35:53 +0000] "GET /item/448556172.shtml HTTP/1.1" 404 65023 "-" "Mozilla/5.0 AppleWebKit/537.36 (KHTML, like Gecko; compatible; GPTBot/1.2; +https://openai.com/gptbot)"
209.74.77.214 - - [15/Jul/2025:21:46:35 +0000] "POST /wp-cron.php?doing_wp_cron=1752615995.7168490886688232421875 HTTP/1.1" 200 - "-" "WordPress/6.8.1; https://listingslad.com"
20.171.207.252 - - [15/Jul/2025:21:46:33 +0000] "GET /item/265398526.shtml HTTP/1.1" 404 65024 "-" "Mozilla/5.0 AppleWebKit/537.36 (KHTML, like Gecko; compatible; GPTBot/1.2; +https://openai.com/gptbot)"
209.74.77.214 - - [15/Jul/2025:21:49:46 +0000] "POST /wp-cron.php?doing_wp_cron=1752616186.9107530117034912109375 HTTP/1.1" 200 - "-" "WordPress/6.8.1; https://listingslad.com"
20.171.207.252 - - [15/Jul/2025:21:49:44 +0000] "GET /item/265057654.shtml HTTP/1.1" 404 65024 "-" "Mozilla/5.0 AppleWebKit/537.36 (KHTML, like Gecko; compatible; GPTBot/1.2; +https://openai.com/gptbot)"
209.74.77.214 - - [15/Jul/2025:21:52:59 +0000] "POST /wp-cron.php?doing_wp_cron=1752616379.1988859176635742187500 HTTP/1.1" 200 - "-" "WordPress/6.8.1; https://listingslad.com"
20.171.207.252 - - [15/Jul/2025:21:52:57 +0000] "GET /item/265341326.shtml HTTP/1.1" 404 65023 "-" "Mozilla/5.0 AppleWebKit/537.36 (KHTML, like Gecko; compatible; GPTBot/1.2; +https://openai.com/gptbot)"
209.74.77.214 - - [15/Jul/2025:22:04:38 +0000] "POST /wp-cron.php?doing_wp_cron=1752617078.6399691104888916015625 HTTP/1.1" 200 - "-" "WordPress/6.8.1; https://listingslad.com"
20.171.207.252 - - [15/Jul/2025:22:04:35 +0000] "GET /item/448557594.shtml HTTP/1.1" 404 65023 "-" "Mozilla/5.0 AppleWebKit/537.36 (KHTML, like Gecko; compatible; GPTBot/1.2; +https://openai.com/gptbot)"
209.74.77.214 - - [15/Jul/2025:22:05:09 +0000] "POST /wp-cron.php?doing_wp_cron=1752617109.0233719348907470703125 HTTP/1.1" 200 - "-" "WordPress/6.8.1; https://listingslad.com"
51.222.253.11 - - [15/Jul/2025:22:05:08 +0000] "GET /ads/devices,games-consoles/ HTTP/1.1" 200 66814 "-" "Mozilla/5.0 (compatible; AhrefsBot/7.0; +http://ahrefs.com/robot/)"
209.74.77.214 - - [15/Jul/2025:22:05:40 +0000] "POST /wp-cron.php?doing_wp_cron=1752617140.1401350498199462890625 HTTP/1.1" 200 - "-" "WordPress/6.8.1; https://listingslad.com"
