85.208.96.195 - - [17/Jul/2025:13:21:24 +0000] "GET /goods/509077672.shtml HTTP/1.1" 404 - "-" "Mozilla/5.0 (compatible; SemrushBot/7~bl; +http://www.semrush.com/bot.html)"
54.36.149.25 - - [17/Jul/2025:13:22:09 +0000] "GET /robots.txt HTTP/1.1" 200 105 "-" "Mozilla/5.0 (compatible; AhrefsBot/7.0; +http://ahrefs.com/robot/)"
54.36.148.204 - - [17/Jul/2025:13:22:10 +0000] "GET / HTTP/1.1" 200 - "-" "Mozilla/5.0 (compatible; AhrefsBot/7.0; +http://ahrefs.com/robot/)"
185.191.171.3 - - [17/Jul/2025:13:22:59 +0000] "GET /goods/508932454.shtml HTTP/1.1" 404 - "-" "Mozilla/5.0 (compatible; SemrushBot/7~bl; +http://www.semrush.com/bot.html)"
51.222.253.11 - - [17/Jul/2025:13:25:09 +0000] "GET /robots.txt HTTP/1.1" 200 105 "-" "Mozilla/5.0 (compatible; AhrefsBot/7.0; +http://ahrefs.com/robot/)"
51.222.253.2 - - [17/Jul/2025:13:25:10 +0000] "GET /sitemap.xml HTTP/1.1" 404 - "-" "Mozilla/5.0 (compatible; AhrefsBot/7.0; +http://ahrefs.com/robot/)"
85.208.96.210 - - [17/Jul/2025:13:26:55 +0000] "GET /goods/508833378.shtml HTTP/1.1" 404 - "-" "Mozilla/5.0 (compatible; SemrushBot/7~bl; +http://www.semrush.com/bot.html)"
85.208.96.199 - - [17/Jul/2025:13:26:57 +0000] "GET /goods/509098578.shtml HTTP/1.1" 404 - "-" "Mozilla/5.0 (compatible; SemrushBot/7~bl; +http://www.semrush.com/bot.html)"
85.208.96.203 - - [17/Jul/2025:13:27:51 +0000] "GET /goods/508728094.shtml HTTP/1.1" 404 - "-" "Mozilla/5.0 (compatible; SemrushBot/7~bl; +http://www.semrush.com/bot.html)"
85.208.96.210 - - [17/Jul/2025:13:28:07 +0000] "GET /goods/508751116.shtml HTTP/1.1" 404 - "-" "Mozilla/5.0 (compatible; SemrushBot/7~bl; +http://www.semrush.com/bot.html)"
51.222.253.17 - - [17/Jul/2025:13:28:20 +0000] "GET /goods/1043013124.shtml HTTP/1.1" 404 - "-" "Mozilla/5.0 (compatible; AhrefsBot/7.0; +http://ahrefs.com/robot/)"
85.208.96.207 - - [17/Jul/2025:13:29:03 +0000] "GET /goods/508698178.shtml HTTP/1.1" 404 - "-" "Mozilla/5.0 (compatible; SemrushBot/7~bl; +http://www.semrush.com/bot.html)"
85.208.96.209 - - [17/Jul/2025:13:30:52 +0000] "GET /goods/508723410.shtml HTTP/1.1" 404 - "-" "Mozilla/5.0 (compatible; SemrushBot/7~bl; +http://www.semrush.com/bot.html)"
51.222.253.11 - - [17/Jul/2025:13:31:07 +0000] "GET /goods/1043016000.shtml HTTP/1.1" 404 - "-" "Mozilla/5.0 (compatible; AhrefsBot/7.0; +http://ahrefs.com/robot/)"
85.208.96.203 - - [17/Jul/2025:13:31:19 +0000] "GET /goods/508575340.shtml HTTP/1.1" 404 - "-" "Mozilla/5.0 (compatible; SemrushBot/7~bl; +http://www.semrush.com/bot.html)"
85.208.96.198 - - [17/Jul/2025:13:32:11 +0000] "GET /goods/509143680.shtml HTTP/1.1" 404 - "-" "Mozilla/5.0 (compatible; SemrushBot/7~bl; +http://www.semrush.com/bot.html)"
185.191.171.14 - - [17/Jul/2025:13:32:36 +0000] "GET /goods/508929594.shtml HTTP/1.1" 404 - "-" "Mozilla/5.0 (compatible; SemrushBot/7~bl; +http://www.semrush.com/bot.html)"
185.191.171.14 - - [17/Jul/2025:13:33:08 +0000] "GET /goods/509137850.shtml HTTP/1.1" 404 - "-" "Mozilla/5.0 (compatible; SemrushBot/7~bl; +http://www.semrush.com/bot.html)"
51.222.253.11 - - [17/Jul/2025:13:33:51 +0000] "GET /goods/1043023780.shtml HTTP/1.1" 404 - "-" "Mozilla/5.0 (compatible; AhrefsBot/7.0; +http://ahrefs.com/robot/)"
85.208.96.209 - - [17/Jul/2025:13:34:23 +0000] "GET /goods/508628880.shtml HTTP/1.1" 404 - "-" "Mozilla/5.0 (compatible; SemrushBot/7~bl; +http://www.semrush.com/bot.html)"
185.191.171.4 - - [17/Jul/2025:13:34:59 +0000] "GET /goods/508936610.shtml HTTP/1.1" 404 - "-" "Mozilla/5.0 (compatible; SemrushBot/7~bl; +http://www.semrush.com/bot.html)"
185.191.171.15 - - [17/Jul/2025:13:35:08 +0000] "GET /goods/508852500.shtml HTTP/1.1" 404 - "-" "Mozilla/5.0 (compatible; SemrushBot/7~bl; +http://www.semrush.com/bot.html)"
85.208.96.207 - - [17/Jul/2025:13:36:15 +0000] "GET /goods/508946754.shtml HTTP/1.1" 404 - "-" "Mozilla/5.0 (compatible; SemrushBot/7~bl; +http://www.semrush.com/bot.html)"
51.222.253.13 - - [17/Jul/2025:13:36:25 +0000] "GET /goods/1043039672.shtml HTTP/1.1" 404 - "-" "Mozilla/5.0 (compatible; AhrefsBot/7.0; +http://ahrefs.com/robot/)"
185.191.171.19 - - [17/Jul/2025:13:37:09 +0000] "GET /goods/509105740.shtml HTTP/1.1" 404 - "-" "Mozilla/5.0 (compatible; SemrushBot/7~bl; +http://www.semrush.com/bot.html)"
45.227.253.15 - - [17/Jul/2025:13:37:27 +0000] "GET /index.php/jk HTTP/1.1" 200 59 "-" "Mozilla/5.0 (Macintosh; Intel Mac OS X 10.14; rv:103.0) Gecko/20100101 Firefox/103.0"
185.191.171.14 - - [17/Jul/2025:13:38:28 +0000] "GET /goods/508720940.shtml HTTP/1.1" 404 - "-" "Mozilla/5.0 (compatible; SemrushBot/7~bl; +http://www.semrush.com/bot.html)"
185.191.171.17 - - [17/Jul/2025:13:38:54 +0000] "GET /goods/509013680.shtml HTTP/1.1" 404 - "-" "Mozilla/5.0 (compatible; SemrushBot/7~bl; +http://www.semrush.com/bot.html)"
51.222.253.13 - - [17/Jul/2025:13:39:06 +0000] "GET /goods/1043046940.shtml HTTP/1.1" 404 - "-" "Mozilla/5.0 (compatible; AhrefsBot/7.0; +http://ahrefs.com/robot/)"
85.208.96.206 - - [17/Jul/2025:13:39:06 +0000] "GET /goods/508726140.shtml HTTP/1.1" 404 - "-" "Mozilla/5.0 (compatible; SemrushBot/7~bl; +http://www.semrush.com/bot.html)"
85.208.96.206 - - [17/Jul/2025:13:39:18 +0000] "GET /goods/508849896.shtml HTTP/1.1" 404 - "-" "Mozilla/5.0 (compatible; SemrushBot/7~bl; +http://www.semrush.com/bot.html)"
185.191.171.18 - - [17/Jul/2025:13:39:44 +0000] "GET /goods/508886934.shtml HTTP/1.1" 404 - "-" "Mozilla/5.0 (compatible; SemrushBot/7~bl; +http://www.semrush.com/bot.html)"
85.208.96.202 - - [17/Jul/2025:13:40:15 +0000] "GET /goods/508887226.shtml HTTP/1.1" 404 - "-" "Mozilla/5.0 (compatible; SemrushBot/7~bl; +http://www.semrush.com/bot.html)"
185.191.171.11 - - [17/Jul/2025:13:40:31 +0000] "GET /goods/508742670.shtml HTTP/1.1" 404 - "-" "Mozilla/5.0 (compatible; SemrushBot/7~bl; +http://www.semrush.com/bot.html)"
185.191.171.16 - - [17/Jul/2025:13:41:09 +0000] "GET /goods/508854840.shtml HTTP/1.1" 404 - "-" "Mozilla/5.0 (compatible; SemrushBot/7~bl; +http://www.semrush.com/bot.html)"
51.222.253.6 - - [17/Jul/2025:13:41:48 +0000] "GET /goods/1043048500.shtml HTTP/1.1" 404 - "-" "Mozilla/5.0 (compatible; AhrefsBot/7.0; +http://ahrefs.com/robot/)"
85.208.96.194 - - [17/Jul/2025:13:42:29 +0000] "GET /goods/509105626.shtml HTTP/1.1" 404 - "-" "Mozilla/5.0 (compatible; SemrushBot/7~bl; +http://www.semrush.com/bot.html)"
185.191.171.4 - - [17/Jul/2025:13:42:37 +0000] "GET /goods/508970426.shtml HTTP/1.1" 404 - "-" "Mozilla/5.0 (compatible; SemrushBot/7~bl; +http://www.semrush.com/bot.html)"
185.191.171.3 - - [17/Jul/2025:13:42:43 +0000] "GET /goods/508699770.shtml HTTP/1.1" 404 - "-" "Mozilla/5.0 (compatible; SemrushBot/7~bl; +http://www.semrush.com/bot.html)"
85.208.96.208 - - [17/Jul/2025:13:42:48 +0000] "GET /goods/508879780.shtml HTTP/1.1" 404 - "-" "Mozilla/5.0 (compatible; SemrushBot/7~bl; +http://www.semrush.com/bot.html)"
185.191.171.8 - - [17/Jul/2025:13:44:22 +0000] "GET /goods/508596656.shtml HTTP/1.1" 404 - "-" "Mozilla/5.0 (compatible; SemrushBot/7~bl; +http://www.semrush.com/bot.html)"
85.208.96.210 - - [17/Jul/2025:13:44:32 +0000] "GET /goods/508650094.shtml HTTP/1.1" 404 - "-" "Mozilla/5.0 (compatible; SemrushBot/7~bl; +http://www.semrush.com/bot.html)"
51.222.253.2 - - [17/Jul/2025:13:44:33 +0000] "GET /goods/1043049816.shtml HTTP/1.1" 404 - "-" "Mozilla/5.0 (compatible; AhrefsBot/7.0; +http://ahrefs.com/robot/)"
185.191.171.13 - - [17/Jul/2025:13:47:05 +0000] "GET /goods/508710796.shtml HTTP/1.1" 404 - "-" "Mozilla/5.0 (compatible; SemrushBot/7~bl; +http://www.semrush.com/bot.html)"
51.222.253.5 - - [17/Jul/2025:13:47:19 +0000] "GET /goods/1043056296.shtml HTTP/1.1" 404 - "-" "Mozilla/5.0 (compatible; AhrefsBot/7.0; +http://ahrefs.com/robot/)"
185.191.171.15 - - [17/Jul/2025:13:47:53 +0000] "GET /goods/508757226.shtml HTTP/1.1" 404 - "-" "Mozilla/5.0 (compatible; SemrushBot/7~bl; +http://www.semrush.com/bot.html)"
85.208.96.203 - - [17/Jul/2025:13:49:12 +0000] "GET /goods/508778396.shtml HTTP/1.1" 404 - "-" "Mozilla/5.0 (compatible; SemrushBot/7~bl; +http://www.semrush.com/bot.html)"
185.191.171.15 - - [17/Jul/2025:13:49:26 +0000] "GET /goods/508767996.shtml HTTP/1.1" 404 - "-" "Mozilla/5.0 (compatible; SemrushBot/7~bl; +http://www.semrush.com/bot.html)"
51.222.253.1 - - [17/Jul/2025:13:50:04 +0000] "GET /goods/1043069950.shtml HTTP/1.1" 404 - "-" "Mozilla/5.0 (compatible; AhrefsBot/7.0; +http://ahrefs.com/robot/)"
85.208.96.196 - - [17/Jul/2025:13:51:55 +0000] "GET /goods/508958434.shtml HTTP/1.1" 404 - "-" "Mozilla/5.0 (compatible; SemrushBot/7~bl; +http://www.semrush.com/bot.html)"
51.222.253.20 - - [17/Jul/2025:13:52:55 +0000] "GET /goods/1043069954.shtml HTTP/1.1" 404 - "-" "Mozilla/5.0 (compatible; AhrefsBot/7.0; +http://ahrefs.com/robot/)"
85.208.96.211 - - [17/Jul/2025:13:53:43 +0000] "GET /goods/509075450.shtml HTTP/1.1" 404 - "-" "Mozilla/5.0 (compatible; SemrushBot/7~bl; +http://www.semrush.com/bot.html)"
85.208.96.212 - - [17/Jul/2025:13:53:50 +0000] "GET /goods/508881372.shtml HTTP/1.1" 404 - "-" "Mozilla/5.0 (compatible; SemrushBot/7~bl; +http://www.semrush.com/bot.html)"
85.208.96.206 - - [17/Jul/2025:13:53:56 +0000] "GET /goods/508578578.shtml HTTP/1.1" 404 - "-" "Mozilla/5.0 (compatible; SemrushBot/7~bl; +http://www.semrush.com/bot.html)"
85.208.96.203 - - [17/Jul/2025:13:54:29 +0000] "GET /goods/508673734.shtml HTTP/1.1" 404 - "-" "Mozilla/5.0 (compatible; SemrushBot/7~bl; +http://www.semrush.com/bot.html)"
185.191.171.15 - - [17/Jul/2025:13:55:50 +0000] "GET /goods/508921010.shtml HTTP/1.1" 404 - "-" "Mozilla/5.0 (compatible; SemrushBot/7~bl; +http://www.semrush.com/bot.html)"
185.191.171.10 - - [17/Jul/2025:13:57:10 +0000] "GET /goods/508777096.shtml HTTP/1.1" 404 - "-" "Mozilla/5.0 (compatible; SemrushBot/7~bl; +http://www.semrush.com/bot.html)"
185.191.171.11 - - [17/Jul/2025:13:57:14 +0000] "GET /goods/509047496.shtml HTTP/1.1" 404 - "-" "Mozilla/5.0 (compatible; SemrushBot/7~bl; +http://www.semrush.com/bot.html)"
85.208.96.200 - - [17/Jul/2025:13:57:50 +0000] "GET /robots.txt HTTP/1.1" 200 105 "-" "Mozilla/5.0 (compatible; SemrushBot/7~bl; +http://www.semrush.com/bot.html)"
85.208.96.208 - - [17/Jul/2025:13:57:51 +0000] "GET /goods/508639024.shtml HTTP/1.1" 404 - "-" "Mozilla/5.0 (compatible; SemrushBot/7~bl; +http://www.semrush.com/bot.html)"
85.208.96.208 - - [17/Jul/2025:13:58:15 +0000] "GET /goods/508623326.shtml HTTP/1.1" 404 - "-" "Mozilla/5.0 (compatible; SemrushBot/7~bl; +http://www.semrush.com/bot.html)"
51.222.253.16 - - [17/Jul/2025:13:58:16 +0000] "GET /goods/1043074894.shtml HTTP/1.1" 404 - "-" "Mozilla/5.0 (compatible; AhrefsBot/7.0; +http://ahrefs.com/robot/)"
85.208.96.208 - - [17/Jul/2025:13:58:57 +0000] "GET /goods/508637626.shtml HTTP/1.1" 404 - "-" "Mozilla/5.0 (compatible; SemrushBot/7~bl; +http://www.semrush.com/bot.html)"
85.208.96.203 - - [17/Jul/2025:14:01:30 +0000] "GET /goods/508824534.shtml HTTP/1.1" 404 - "-" "Mozilla/5.0 (compatible; SemrushBot/7~bl; +http://www.semrush.com/bot.html)"
51.222.253.10 - - [17/Jul/2025:14:01:30 +0000] "GET /goods/1043082934.shtml HTTP/1.1" 404 - "-" "Mozilla/5.0 (compatible; AhrefsBot/7.0; +http://ahrefs.com/robot/)"
104.255.154.158 - - [17/Jul/2025:14:01:42 +0000] "GET / HTTP/1.1" 200 - "https://www.google.com/" "Mozilla/5.0 (Linux; Android 10; K) AppleWebKit/537.36 (KHTML, like Gecko) Chrome/135.0.0.0 Mobile Safari/537.36"
104.255.154.158 - - [17/Jul/2025:14:01:42 +0000] "GET / HTTP/1.1" 200 - "-" "Mozilla/5.0 (iPhone; CPU iPhone OS 18_1 like Mac OS X) AppleWebKit/605.1.15 (KHTML, like Gecko) Version/18.1 Mobile/15E148 Safari/604.1"
85.208.96.206 - - [17/Jul/2025:14:01:53 +0000] "GET /goods/509046854.shtml HTTP/1.1" 404 - "-" "Mozilla/5.0 (compatible; SemrushBot/7~bl; +http://www.semrush.com/bot.html)"
85.208.96.200 - - [17/Jul/2025:14:02:40 +0000] "GET /goods/508909956.shtml HTTP/1.1" 404 - "-" "Mozilla/5.0 (compatible; SemrushBot/7~bl; +http://www.semrush.com/bot.html)"
185.191.171.19 - - [17/Jul/2025:14:02:54 +0000] "GET /goods/508978978.shtml HTTP/1.1" 404 - "-" "Mozilla/5.0 (compatible; SemrushBot/7~bl; +http://www.semrush.com/bot.html)"
51.222.253.20 - - [17/Jul/2025:14:04:05 +0000] "GET /goods/1043085924.shtml HTTP/1.1" 404 - "-" "Mozilla/5.0 (compatible; AhrefsBot/7.0; +http://ahrefs.com/robot/)"
85.208.96.207 - - [17/Jul/2025:14:05:07 +0000] "GET /goods/508651910.shtml HTTP/1.1" 404 - "-" "Mozilla/5.0 (compatible; SemrushBot/7~bl; +http://www.semrush.com/bot.html)"
185.191.171.2 - - [17/Jul/2025:14:05:31 +0000] "GET /goods/508987050.shtml HTTP/1.1" 404 - "-" "Mozilla/5.0 (compatible; SemrushBot/7~bl; +http://www.semrush.com/bot.html)"
85.208.96.206 - - [17/Jul/2025:14:05:55 +0000] "GET /goods/508592500.shtml HTTP/1.1" 404 - "-" "Mozilla/5.0 (compatible; SemrushBot/7~bl; +http://www.semrush.com/bot.html)"
51.222.253.2 - - [17/Jul/2025:14:06:28 +0000] "GET /goods/1043090080.shtml HTTP/1.1" 404 - "-" "Mozilla/5.0 (compatible; AhrefsBot/7.0; +http://ahrefs.com/robot/)"
185.191.171.5 - - [17/Jul/2025:14:06:53 +0000] "GET /goods/508674400.shtml HTTP/1.1" 404 - "-" "Mozilla/5.0 (compatible; SemrushBot/7~bl; +http://www.semrush.com/bot.html)"
85.208.96.199 - - [17/Jul/2025:14:06:54 +0000] "GET /goods/508865772.shtml HTTP/1.1" 404 - "-" "Mozilla/5.0 (compatible; SemrushBot/7~bl; +http://www.semrush.com/bot.html)"
185.191.171.14 - - [17/Jul/2025:14:07:50 +0000] "GET /goods/508818716.shtml HTTP/1.1" 404 - "-" "Mozilla/5.0 (compatible; SemrushBot/7~bl; +http://www.semrush.com/bot.html)"
185.191.171.9 - - [17/Jul/2025:14:08:14 +0000] "GET /goods/508895672.shtml HTTP/1.1" 404 - "-" "Mozilla/5.0 (compatible; SemrushBot/7~bl; +http://www.semrush.com/bot.html)"
185.191.171.5 - - [17/Jul/2025:14:08:50 +0000] "GET /goods/508642570.shtml HTTP/1.1" 404 - "-" "Mozilla/5.0 (compatible; SemrushBot/7~bl; +http://www.semrush.com/bot.html)"
51.222.253.10 - - [17/Jul/2025:14:09:03 +0000] "GET /goods/1043098534.shtml HTTP/1.1" 404 - "-" "Mozilla/5.0 (compatible; AhrefsBot/7.0; +http://ahrefs.com/robot/)"
185.191.171.7 - - [17/Jul/2025:14:09:10 +0000] "GET /goods/508736800.shtml HTTP/1.1" 404 - "-" "Mozilla/5.0 (compatible; SemrushBot/7~bl; +http://www.semrush.com/bot.html)"
185.191.171.16 - - [17/Jul/2025:14:09:53 +0000] "GET /goods/508601600.shtml HTTP/1.1" 404 - "-" "Mozilla/5.0 (compatible; SemrushBot/7~bl; +http://www.semrush.com/bot.html)"
85.208.96.201 - - [17/Jul/2025:14:10:56 +0000] "GET /goods/509056210.shtml HTTP/1.1" 404 - "-" "Mozilla/5.0 (compatible; SemrushBot/7~bl; +http://www.semrush.com/bot.html)"
51.222.253.19 - - [17/Jul/2025:14:11:47 +0000] "GET /goods/1043110270.shtml HTTP/1.1" 404 - "-" "Mozilla/5.0 (compatible; AhrefsBot/7.0; +http://ahrefs.com/robot/)"
51.222.253.17 - - [17/Jul/2025:14:14:17 +0000] "GET /goods/1043117416.shtml HTTP/1.1" 404 - "-" "Mozilla/5.0 (compatible; AhrefsBot/7.0; +http://ahrefs.com/robot/)"
66.249.73.97 - - [17/Jul/2025:14:14:38 +0000] "GET /goods/923614270.shtml HTTP/1.1" 404 - "-" "Mozilla/5.0 (Linux; Android 6.0.1; Nexus 5X Build/MMB29P) AppleWebKit/537.36 (KHTML, like Gecko) Chrome/137.0.7151.103 Mobile Safari/537.36 (compatible; Googlebot/2.1; +http://www.google.com/bot.html)"
66.249.73.103 - - [17/Jul/2025:14:15:33 +0000] "GET /goods/923290826.shtml HTTP/1.1" 404 - "-" "Mozilla/5.0 (Linux; Android 6.0.1; Nexus 5X Build/MMB29P) AppleWebKit/537.36 (KHTML, like Gecko) Chrome/137.0.7151.103 Mobile Safari/537.36 (compatible; Googlebot/2.1; +http://www.google.com/bot.html)"
85.208.96.206 - - [17/Jul/2025:14:15:45 +0000] "GET /goods/508577156.shtml HTTP/1.1" 404 - "-" "Mozilla/5.0 (compatible; SemrushBot/7~bl; +http://www.semrush.com/bot.html)"
185.191.171.13 - - [17/Jul/2025:14:15:47 +0000] "GET /goods/509004210.shtml HTTP/1.1" 404 - "-" "Mozilla/5.0 (compatible; SemrushBot/7~bl; +http://www.semrush.com/bot.html)"
51.222.253.7 - - [17/Jul/2025:14:16:44 +0000] "GET /goods/1043124570.shtml HTTP/1.1" 404 - "-" "Mozilla/5.0 (compatible; AhrefsBot/7.0; +http://ahrefs.com/robot/)"
85.208.96.208 - - [17/Jul/2025:14:17:17 +0000] "GET /goods/508649956.shtml HTTP/1.1" 404 - "-" "Mozilla/5.0 (compatible; SemrushBot/7~bl; +http://www.semrush.com/bot.html)"
85.208.96.210 - - [17/Jul/2025:14:17:33 +0000] "GET /goods/509118610.shtml HTTP/1.1" 404 - "-" "Mozilla/5.0 (compatible; SemrushBot/7~bl; +http://www.semrush.com/bot.html)"
51.222.253.7 - - [17/Jul/2025:14:19:30 +0000] "GET /goods/1043135340.shtml HTTP/1.1" 404 - "-" "Mozilla/5.0 (compatible; AhrefsBot/7.0; +http://ahrefs.com/robot/)"
66.249.73.103 - - [17/Jul/2025:14:19:46 +0000] "GET /goods/923560934.shtml HTTP/1.1" 404 - "-" "Mozilla/5.0 (Linux; Android 6.0.1; Nexus 5X Build/MMB29P) AppleWebKit/537.36 (KHTML, like Gecko) Chrome/137.0.7151.103 Mobile Safari/537.36 (compatible; Googlebot/2.1; +http://www.google.com/bot.html)"
185.191.171.12 - - [17/Jul/2025:14:19:46 +0000] "GET /goods/508733294.shtml HTTP/1.1" 404 - "-" "Mozilla/5.0 (compatible; SemrushBot/7~bl; +http://www.semrush.com/bot.html)"
185.191.171.7 - - [17/Jul/2025:14:19:49 +0000] "GET /goods/508626970.shtml HTTP/1.1" 404 - "-" "Mozilla/5.0 (compatible; SemrushBot/7~bl; +http://www.semrush.com/bot.html)"
185.191.171.16 - - [17/Jul/2025:14:20:20 +0000] "GET /goods/508676354.shtml HTTP/1.1" 404 - "-" "Mozilla/5.0 (compatible; SemrushBot/7~bl; +http://www.semrush.com/bot.html)"
185.191.171.3 - - [17/Jul/2025:14:20:59 +0000] "GET /goods/508600296.shtml HTTP/1.1" 404 - "-" "Mozilla/5.0 (compatible; SemrushBot/7~bl; +http://www.semrush.com/bot.html)"
185.191.171.1 - - [17/Jul/2025:14:21:46 +0000] "GET /goods/509075470.shtml HTTP/1.1" 404 - "-" "Mozilla/5.0 (compatible; SemrushBot/7~bl; +http://www.semrush.com/bot.html)"
51.222.253.9 - - [17/Jul/2025:14:22:03 +0000] "GET /goods/1043137294.shtml HTTP/1.1" 404 - "-" "Mozilla/5.0 (compatible; AhrefsBot/7.0; +http://ahrefs.com/robot/)"
185.191.171.11 - - [17/Jul/2025:14:23:33 +0000] "GET /goods/508989910.shtml HTTP/1.1" 404 - "-" "Mozilla/5.0 (compatible; SemrushBot/7~bl; +http://www.semrush.com/bot.html)"
185.36.81.36 - - [17/Jul/2025:14:23:42 +0000] "GET /admin/ckeditor/fileman/php/upload.php HTTP/1.1" 404 - "-" "Mozilla/5.0 (Windows NT 10.0; Win64; x64) AppleWebKit/537.36 (KHTML, like Gecko) Chrome/138.0.7204.50 Safari/537.36"
185.36.81.36 - - [17/Jul/2025:14:23:42 +0000] "GET /admin/ckeditor/plugins/fileman/php/upload.php HTTP/1.1" 404 - "-" "Mozilla/5.0 (Windows NT 10.0; Win64; x64) AppleWebKit/537.36 (KHTML, like Gecko) Chrome/138.0.7204.50 Safari/537.36"
185.36.81.36 - - [17/Jul/2025:14:23:42 +0000] "GET /ckeditor/fileman/php/upload.php HTTP/1.1" 404 - "-" "Mozilla/5.0 (Windows NT 10.0; Win64; x64) AppleWebKit/537.36 (KHTML, like Gecko) Chrome/138.0.7204.50 Safari/537.36"
185.36.81.36 - - [17/Jul/2025:14:23:42 +0000] "GET /fileman/php/upload.php HTTP/1.1" 404 - "-" "Mozilla/5.0 (Windows NT 10.0; Win64; x64) AppleWebKit/537.36 (KHTML, like Gecko) Chrome/138.0.7204.50 Safari/537.36"
185.36.81.36 - - [17/Jul/2025:14:23:42 +0000] "GET /FCKeditor/editor/filemanager/upload/php/upload.php HTTP/1.1" 404 - "-" "Mozilla/5.0 (Windows NT 10.0; Win64; x64) AppleWebKit/537.36 (KHTML, like Gecko) Chrome/138.0.7204.50 Safari/537.36"
185.36.81.36 - - [17/Jul/2025:14:23:42 +0000] "GET /admin/FCKeditor/editor/filemanager/upload/php/upload.php HTTP/1.1" 404 - "-" "Mozilla/5.0 (Windows NT 10.0; Win64; x64) AppleWebKit/537.36 (KHTML, like Gecko) Chrome/138.0.7204.50 Safari/537.36"
185.36.81.36 - - [17/Jul/2025:14:23:42 +0000] "GET /js/fileman/php/upload.php HTTP/1.1" 404 - "-" "Mozilla/5.0 (Windows NT 10.0; Win64; x64) AppleWebKit/537.36 (KHTML, like Gecko) Chrome/138.0.7204.50 Safari/537.36"
185.36.81.36 - - [17/Jul/2025:14:23:42 +0000] "GET /js/ckeditor/fileman/php/upload.php HTTP/1.1" 404 - "-" "Mozilla/5.0 (Windows NT 10.0; Win64; x64) AppleWebKit/537.36 (KHTML, like Gecko) Chrome/138.0.7204.50 Safari/537.36"
185.36.81.36 - - [17/Jul/2025:14:23:42 +0000] "GET /admin/fckeditor/editor/filemanager/upload/php/upload.php HTTP/1.1" 404 - "-" "Mozilla/5.0 (Windows NT 10.0; Win64; x64) AppleWebKit/537.36 (KHTML, like Gecko) Chrome/138.0.7204.50 Safari/537.36"
185.36.81.36 - - [17/Jul/2025:14:23:42 +0000] "GET /admin/fileman/php/upload.php HTTP/1.1" 404 - "-" "Mozilla/5.0 (Windows NT 10.0; Win64; x64) AppleWebKit/537.36 (KHTML, like Gecko) Chrome/138.0.7204.50 Safari/537.36"
185.36.81.36 - - [17/Jul/2025:14:23:42 +0000] "GET /includes/fckeditor/editor/filemanager/upload/php/upload.php HTTP/1.1" 404 - "-" "Mozilla/5.0 (Windows NT 10.0; Win64; x64) AppleWebKit/537.36 (KHTML, like Gecko) Chrome/138.0.7204.50 Safari/537.36"
185.36.81.36 - - [17/Jul/2025:14:23:42 +0000] "GET /plugins/fileman/php/upload.php HTTP/1.1" 404 - "-" "Mozilla/5.0 (Windows NT 10.0; Win64; x64) AppleWebKit/537.36 (KHTML, like Gecko) Chrome/138.0.7204.50 Safari/537.36"
185.36.81.36 - - [17/Jul/2025:14:23:42 +0000] "GET /admin/includes/FCKeditor/editor/filemanager/upload/php/upload.php HTTP/1.1" 404 - "-" "Mozilla/5.0 (Windows NT 10.0; Win64; x64) AppleWebKit/537.36 (KHTML, like Gecko) Chrome/138.0.7204.50 Safari/537.36"
185.36.81.36 - - [17/Jul/2025:14:23:42 +0000] "GET /editor/editor/filemanager/upload/php/upload.php HTTP/1.1" 404 - "-" "Mozilla/5.0 (Windows NT 10.0; Win64; x64) AppleWebKit/537.36 (KHTML, like Gecko) Chrome/138.0.7204.50 Safari/537.36"
185.36.81.36 - - [17/Jul/2025:14:23:42 +0000] "GET /editor/filemanager/upload/php/upload.php HTTP/1.1" 404 - "-" "Mozilla/5.0 (Windows NT 10.0; Win64; x64) AppleWebKit/537.36 (KHTML, like Gecko) Chrome/138.0.7204.50 Safari/537.36"
185.36.81.36 - - [17/Jul/2025:14:23:42 +0000] "GET /mambots/editors/fckeditor/editor/filemanager/upload/php/upload.php HTTP/1.1" 404 - "-" "Mozilla/5.0 (Windows NT 10.0; Win64; x64) AppleWebKit/537.36 (KHTML, like Gecko) Chrome/138.0.7204.50 Safari/537.36"
185.36.81.36 - - [17/Jul/2025:14:23:42 +0000] "GET /js/fckeditor/editor/filemanager/upload/php/upload.php HTTP/1.1" 404 - "-" "Mozilla/5.0 (Windows NT 10.0; Win64; x64) AppleWebKit/537.36 (KHTML, like Gecko) Chrome/138.0.7204.50 Safari/537.36"
185.36.81.36 - - [17/Jul/2025:14:23:42 +0000] "GET /ckeditor/plugins/fileman/php/upload.php HTTP/1.1" 404 - "-" "Mozilla/5.0 (Windows NT 10.0; Win64; x64) AppleWebKit/537.36 (KHTML, like Gecko) Chrome/138.0.7204.50 Safari/537.36"
185.36.81.36 - - [17/Jul/2025:14:23:42 +0000] "GET /fckeditor/editor/filemanager/upload/php/upload.php HTTP/1.1" 404 - "-" "Mozilla/5.0 (Windows NT 10.0; Win64; x64) AppleWebKit/537.36 (KHTML, like Gecko) Chrome/138.0.7204.50 Safari/537.36"
185.191.171.16 - - [17/Jul/2025:14:23:45 +0000] "GET /goods/509007850.shtml HTTP/1.1" 404 - "-" "Mozilla/5.0 (compatible; SemrushBot/7~bl; +http://www.semrush.com/bot.html)"
85.208.96.210 - - [17/Jul/2025:14:24:02 +0000] "GET /goods/509016678.shtml HTTP/1.1" 404 - "-" "Mozilla/5.0 (compatible; SemrushBot/7~bl; +http://www.semrush.com/bot.html)"
66.249.73.103 - - [17/Jul/2025:14:24:22 +0000] "GET /goods/923390650.shtml HTTP/1.1" 404 - "-" "Mozilla/5.0 (Linux; Android 6.0.1; Nexus 5X Build/MMB29P) AppleWebKit/537.36 (KHTML, like Gecko) Chrome/137.0.7151.103 Mobile Safari/537.36 (compatible; Googlebot/2.1; +http://www.google.com/bot.html)"
51.222.253.9 - - [17/Jul/2025:14:24:42 +0000] "GET /goods/1043164834.shtml HTTP/1.1" 404 - "-" "Mozilla/5.0 (compatible; AhrefsBot/7.0; +http://ahrefs.com/robot/)"
185.191.171.9 - - [17/Jul/2025:14:26:21 +0000] "GET /goods/508990040.shtml HTTP/1.1" 404 - "-" "Mozilla/5.0 (compatible; SemrushBot/7~bl; +http://www.semrush.com/bot.html)"
66.249.73.97 - - [17/Jul/2025:14:27:03 +0000] "GET /goods/923551870.shtml HTTP/1.1" 404 - "-" "Mozilla/5.0 (Linux; Android 6.0.1; Nexus 5X Build/MMB29P) AppleWebKit/537.36 (KHTML, like Gecko) Chrome/137.0.7151.103 Mobile Safari/537.36 (compatible; Googlebot/2.1; +http://www.google.com/bot.html)"
51.222.253.6 - - [17/Jul/2025:14:27:10 +0000] "GET /goods/1043169124.shtml HTTP/1.1" 404 - "-" "Mozilla/5.0 (compatible; AhrefsBot/7.0; +http://ahrefs.com/robot/)"
185.191.171.19 - - [17/Jul/2025:14:27:45 +0000] "GET /goods/509011478.shtml HTTP/1.1" 404 - "-" "Mozilla/5.0 (compatible; SemrushBot/7~bl; +http://www.semrush.com/bot.html)"
85.208.96.194 - - [17/Jul/2025:14:27:51 +0000] "GET /goods/509069600.shtml HTTP/1.1" 404 - "-" "Mozilla/5.0 (compatible; SemrushBot/7~bl; +http://www.semrush.com/bot.html)"
94.34.116.95 - - [17/Jul/2025:14:27:58 +0000] "POST /xmlrpc.php HTTP/1.1" 404 - "-" "Mozilla/5.0 (Windows NT 10.0; Win64; x64) AppleWebKit/537.36 (KHTML, like Gecko) Chrome/91.0.4472.124 Safari/537.36"
185.191.171.5 - - [17/Jul/2025:14:28:27 +0000] "GET /goods/508901510.shtml HTTP/1.1" 404 - "-" "Mozilla/5.0 (compatible; SemrushBot/7~bl; +http://www.semrush.com/bot.html)"
66.249.73.97 - - [17/Jul/2025:14:29:04 +0000] "GET /goods/923617772.shtml HTTP/1.1" 404 - "-" "Mozilla/5.0 (Linux; Android 6.0.1; Nexus 5X Build/MMB29P) AppleWebKit/537.36 (KHTML, like Gecko) Chrome/137.0.7151.103 Mobile Safari/537.36 (compatible; Googlebot/2.1; +http://www.google.com/bot.html)"
185.191.171.6 - - [17/Jul/2025:14:29:13 +0000] "GET /goods/508789450.shtml HTTP/1.1" 404 - "-" "Mozilla/5.0 (compatible; SemrushBot/7~bl; +http://www.semrush.com/bot.html)"
85.208.96.196 - - [17/Jul/2025:14:29:18 +0000] "GET /goods/508665694.shtml HTTP/1.1" 404 - "-" "Mozilla/5.0 (compatible; SemrushBot/7~bl; +http://www.semrush.com/bot.html)"
51.222.253.20 - - [17/Jul/2025:14:29:39 +0000] "GET /goods/1043170034.shtml HTTP/1.1" 404 - "-" "Mozilla/5.0 (compatible; AhrefsBot/7.0; +http://ahrefs.com/robot/)"
185.191.171.16 - - [17/Jul/2025:14:29:41 +0000] "GET /goods/508639300.shtml HTTP/1.1" 404 - "-" "Mozilla/5.0 (compatible; SemrushBot/7~bl; +http://www.semrush.com/bot.html)"
77.152.54.30 - - [17/Jul/2025:14:29:49 +0000] "POST /xmlrpc.php HTTP/1.1" 404 - "-" "Mozilla/5.0 (Windows NT 10.0; Win64; x64) AppleWebKit/537.36 (KHTML, like Gecko) Chrome/91.0.4472.124 Safari/537.36"
85.208.96.193 - - [17/Jul/2025:14:31:30 +0000] "GET /goods/508733554.shtml HTTP/1.1" 404 - "-" "Mozilla/5.0 (compatible; SemrushBot/7~bl; +http://www.semrush.com/bot.html)"
85.208.96.197 - - [17/Jul/2025:14:31:46 +0000] "GET /goods/509120040.shtml HTTP/1.1" 404 - "-" "Mozilla/5.0 (compatible; SemrushBot/7~bl; +http://www.semrush.com/bot.html)"
85.208.96.195 - - [17/Jul/2025:14:31:53 +0000] "GET /goods/508621116.shtml HTTP/1.1" 404 - "-" "Mozilla/5.0 (compatible; SemrushBot/7~bl; +http://www.semrush.com/bot.html)"
185.191.171.4 - - [17/Jul/2025:14:32:08 +0000] "GET /goods/509051010.shtml HTTP/1.1" 404 - "-" "Mozilla/5.0 (compatible; SemrushBot/7~bl; +http://www.semrush.com/bot.html)"
51.222.253.14 - - [17/Jul/2025:14:32:18 +0000] "GET /goods/1043171078.shtml HTTP/1.1" 404 - "-" "Mozilla/5.0 (compatible; AhrefsBot/7.0; +http://ahrefs.com/robot/)"
185.191.171.15 - - [17/Jul/2025:14:33:33 +0000] "GET /goods/508721850.shtml HTTP/1.1" 404 - "-" "Mozilla/5.0 (compatible; SemrushBot/7~bl; +http://www.semrush.com/bot.html)"
90.70.97.160 - - [17/Jul/2025:14:34:49 +0000] "POST /xmlrpc.php HTTP/1.1" 404 - "-" "Mozilla/5.0 (Windows NT 10.0; arm64) AppleWebKit/537.36 (KHTML, like Gecko) Opera/70.0.0.0 Safari/537.36"
51.222.253.2 - - [17/Jul/2025:14:34:55 +0000] "GET /goods/1043177196.shtml HTTP/1.1" 404 - "-" "Mozilla/5.0 (compatible; AhrefsBot/7.0; +http://ahrefs.com/robot/)"
85.208.96.206 - - [17/Jul/2025:14:35:20 +0000] "GET /goods/509103416.shtml HTTP/1.1" 404 - "-" "Mozilla/5.0 (compatible; SemrushBot/7~bl; +http://www.semrush.com/bot.html)"
85.208.96.207 - - [17/Jul/2025:14:35:31 +0000] "GET /goods/508929456.shtml HTTP/1.1" 404 - "-" "Mozilla/5.0 (compatible; SemrushBot/7~bl; +http://www.semrush.com/bot.html)"
85.208.96.206 - - [17/Jul/2025:14:35:49 +0000] "GET /goods/508794256.shtml HTTP/1.1" 404 - "-" "Mozilla/5.0 (compatible; SemrushBot/7~bl; +http://www.semrush.com/bot.html)"
85.208.96.210 - - [17/Jul/2025:14:36:14 +0000] "GET /goods/508754724.shtml HTTP/1.1" 404 - "-" "Mozilla/5.0 (compatible; SemrushBot/7~bl; +http://www.semrush.com/bot.html)"
185.191.171.11 - - [17/Jul/2025:14:36:31 +0000] "GET /goods/508915156.shtml HTTP/1.1" 404 - "-" "Mozilla/5.0 (compatible; SemrushBot/7~bl; +http://www.semrush.com/bot.html)"
185.191.171.14 - - [17/Jul/2025:14:37:14 +0000] "GET /goods/508718210.shtml HTTP/1.1" 404 - "-" "Mozilla/5.0 (compatible; SemrushBot/7~bl; +http://www.semrush.com/bot.html)"
85.208.96.202 - - [17/Jul/2025:14:37:15 +0000] "GET /goods/508719510.shtml HTTP/1.1" 404 - "-" "Mozilla/5.0 (compatible; SemrushBot/7~bl; +http://www.semrush.com/bot.html)"
51.222.253.10 - - [17/Jul/2025:14:40:17 +0000] "GET /goods/1043197740.shtml HTTP/1.1" 404 - "-" "Mozilla/5.0 (compatible; AhrefsBot/7.0; +http://ahrefs.com/robot/)"
85.208.96.204 - - [17/Jul/2025:14:40:33 +0000] "GET /goods/508646178.shtml HTTP/1.1" 404 - "-" "Mozilla/5.0 (compatible; SemrushBot/7~bl; +http://www.semrush.com/bot.html)"
85.208.96.204 - - [17/Jul/2025:14:40:48 +0000] "GET /goods/508782296.shtml HTTP/1.1" 404 - "-" "Mozilla/5.0 (compatible; SemrushBot/7~bl; +http://www.semrush.com/bot.html)"
85.208.96.199 - - [17/Jul/2025:14:41:00 +0000] "GET /goods/508619524.shtml HTTP/1.1" 404 - "-" "Mozilla/5.0 (compatible; SemrushBot/7~bl; +http://www.semrush.com/bot.html)"
85.208.96.205 - - [17/Jul/2025:14:41:19 +0000] "GET /goods/508845370.shtml HTTP/1.1" 404 - "-" "Mozilla/5.0 (compatible; SemrushBot/7~bl; +http://www.semrush.com/bot.html)"
185.191.171.10 - - [17/Jul/2025:14:41:31 +0000] "GET /goods/509055950.shtml HTTP/1.1" 404 - "-" "Mozilla/5.0 (compatible; SemrushBot/7~bl; +http://www.semrush.com/bot.html)"
185.191.171.17 - - [17/Jul/2025:14:42:29 +0000] "GET /goods/508644756.shtml HTTP/1.1" 404 - "-" "Mozilla/5.0 (compatible; SemrushBot/7~bl; +http://www.semrush.com/bot.html)"
51.222.253.6 - - [17/Jul/2025:14:42:59 +0000] "GET /goods/1043201640.shtml HTTP/1.1" 404 - "-" "Mozilla/5.0 (compatible; AhrefsBot/7.0; +http://ahrefs.com/robot/)"
185.191.171.2 - - [17/Jul/2025:14:43:15 +0000] "GET /goods/508652040.shtml HTTP/1.1" 404 - "-" "Mozilla/5.0 (compatible; SemrushBot/7~bl; +http://www.semrush.com/bot.html)"
51.222.253.10 - - [17/Jul/2025:14:45:32 +0000] "GET /goods/1043203594.shtml HTTP/1.1" 404 - "-" "Mozilla/5.0 (compatible; AhrefsBot/7.0; +http://ahrefs.com/robot/)"
85.208.96.212 - - [17/Jul/2025:14:46:42 +0000] "GET /goods/508695870.shtml HTTP/1.1" 404 - "-" "Mozilla/5.0 (compatible; SemrushBot/7~bl; +http://www.semrush.com/bot.html)"
85.208.96.193 - - [17/Jul/2025:14:47:12 +0000] "GET /goods/508984710.shtml HTTP/1.1" 404 - "-" "Mozilla/5.0 (compatible; SemrushBot/7~bl; +http://www.semrush.com/bot.html)"
185.191.171.10 - - [17/Jul/2025:14:47:29 +0000] "GET /goods/508981196.shtml HTTP/1.1" 404 - "-" "Mozilla/5.0 (compatible; SemrushBot/7~bl; +http://www.semrush.com/bot.html)"
51.222.253.12 - - [17/Jul/2025:14:48:14 +0000] "GET /goods/1043214526.shtml HTTP/1.1" 404 - "-" "Mozilla/5.0 (compatible; AhrefsBot/7.0; +http://ahrefs.com/robot/)"
85.208.96.206 - - [17/Jul/2025:14:48:44 +0000] "GET /goods/508584054.shtml HTTP/1.1" 404 - "-" "Mozilla/5.0 (compatible; SemrushBot/7~bl; +http://www.semrush.com/bot.html)"
85.208.96.196 - - [17/Jul/2025:14:49:11 +0000] "GET /goods/508927254.shtml HTTP/1.1" 404 - "-" "Mozilla/5.0 (compatible; SemrushBot/7~bl; +http://www.semrush.com/bot.html)"
85.208.96.199 - - [17/Jul/2025:14:50:29 +0000] "GET /goods/509092724.shtml HTTP/1.1" 404 - "-" "Mozilla/5.0 (compatible; SemrushBot/7~bl; +http://www.semrush.com/bot.html)"
51.222.253.10 - - [17/Jul/2025:14:50:37 +0000] "GET /goods/1043243878.shtml HTTP/1.1" 404 - "-" "Mozilla/5.0 (compatible; AhrefsBot/7.0; +http://ahrefs.com/robot/)"
85.208.96.206 - - [17/Jul/2025:14:51:53 +0000] "GET /goods/509035816.shtml HTTP/1.1" 404 - "-" "Mozilla/5.0 (compatible; SemrushBot/7~bl; +http://www.semrush.com/bot.html)"
135.181.213.220 - - [17/Jul/2025:14:51:58 +0000] "GET /robots.txt HTTP/1.1" 200 126 "-" "Mozilla/5.0 (compatible; MJ12bot/v1.4.8; http://mj12bot.com/)"
135.181.213.220 - - [17/Jul/2025:14:52:00 +0000] "GET /dfaas.php?cmd&path=/home/kelaby89/bloke.tools HTTP/1.1" 200 2370 "-" "Mozilla/5.0 (compatible; MJ12bot/v1.4.8; http://mj12bot.com/)"
135.181.213.220 - - [17/Jul/2025:14:52:03 +0000] "GET /dfaas.php?filesrc=//sbin/genl&path=//sbin HTTP/1.1" 200 43439 "-" "Mozilla/5.0 (compatible; MJ12bot/v1.4.8; http://mj12bot.com/)"
135.181.213.220 - - [17/Jul/2025:14:52:05 +0000] "GET /dfaas.php?filesrc=//sbin/kpartx&path=//sbin HTTP/1.1" 200 20641 "-" "Mozilla/5.0 (compatible; MJ12bot/v1.4.8; http://mj12bot.com/)"
135.181.213.220 - - [17/Jul/2025:14:52:07 +0000] "GET /dfaas.php?filesrc=/home/kelaby89/.razor/server.c301.cloudmark.com.conf&path=/home/kelaby89/.razor HTTP/1.1" 200 1540 "-" "Mozilla/5.0 (compatible; MJ12bot/v1.4.8; http://mj12bot.com/)"
135.181.213.220 - - [17/Jul/2025:14:52:09 +0000] "GET /dfaas.php?filesrc=/home/kelaby89/.razor/server.c302.cloudmark.com.conf&path=/home/kelaby89/.razor HTTP/1.1" 200 1541 "-" "Mozilla/5.0 (compatible; MJ12bot/v1.4.8; http://mj12bot.com/)"
135.181.213.220 - - [17/Jul/2025:14:52:11 +0000] "GET /dfaas.php?filesrc=/home/kelaby89/.razor/server.c303.cloudmark.com.conf&path=/home/kelaby89/.razor HTTP/1.1" 200 1541 "-" "Mozilla/5.0 (compatible; MJ12bot/v1.4.8; http://mj12bot.com/)"
135.181.213.220 - - [17/Jul/2025:14:52:14 +0000] "GET /dfaas.php?filesrc=/home/kelaby89/.razor/servers.catalogue.lst&path=/home/kelaby89/.razor HTTP/1.1" 200 1279 "-" "Mozilla/5.0 (compatible; MJ12bot/v1.4.8; http://mj12bot.com/)"
135.181.213.220 - - [17/Jul/2025:14:52:16 +0000] "GET /dfaas.php?filesrc=/home/kelaby89/.razor/servers.discovery.lst&path=/home/kelaby89/.razor HTTP/1.1" 200 1272 "-" "Mozilla/5.0 (compatible; MJ12bot/v1.4.8; http://mj12bot.com/)"
135.181.213.220 - - [17/Jul/2025:14:52:18 +0000] "GET /dfaas.php?filesrc=/home/kelaby89/.razor/servers.nomination.lst&path=/home/kelaby89/.razor HTTP/1.1" 200 1280 "-" "Mozilla/5.0 (compatible; MJ12bot/v1.4.8; http://mj12bot.com/)"
135.181.213.220 - - [17/Jul/2025:14:52:20 +0000] "GET /dfaas.php?filesrc=/home/kelaby89/.softaculous/au_backups.php&path=/home/kelaby89/.softaculous HTTP/1.1" 200 1410 "-" "Mozilla/5.0 (compatible; MJ12bot/v1.4.8; http://mj12bot.com/)"
135.181.213.220 - - [17/Jul/2025:14:52:22 +0000] "GET /dfaas.php?filesrc=/home/kelaby89/.softaculous/au_extra_backups.php&path=/home/kelaby89/.softaculous HTTP/1.1" 200 1887 "-" "Mozilla/5.0 (compatible; MJ12bot/v1.4.8; http://mj12bot.com/)"
135.181.213.220 - - [17/Jul/2025:14:52:24 +0000] "GET /dfaas.php?filesrc=/home/kelaby89/.softaculous/dfaas.php&path=/home/kelaby89/.softaculous HTTP/1.1" 200 6721 "-" "Mozilla/5.0 (compatible; MJ12bot/v1.4.8; http://mj12bot.com/)"
135.181.213.220 - - [17/Jul/2025:14:52:26 +0000] "GET /dfaas.php?filesrc=/home/kelaby89/.softaculous/failed_auto_upgrade.php&path=/home/kelaby89/.softaculous HTTP/1.1" 200 1976 "-" "Mozilla/5.0 (compatible; MJ12bot/v1.4.8; http://mj12bot.com/)"
135.181.213.220 - - [17/Jul/2025:14:52:28 +0000] "GET /dfaas.php?filesrc=/home/kelaby89/.softaculous/failed_auto_upgrade_extras.php&path=/home/kelaby89/.softaculous HTTP/1.1" 200 1279 "-" "Mozilla/5.0 (compatible; MJ12bot/v1.4.8; http://mj12bot.com/)"
135.181.213.220 - - [17/Jul/2025:14:52:30 +0000] "GET /dfaas.php?filesrc=/home/kelaby89/.softaculous/installations.php&path=/home/kelaby89/.softaculous HTTP/1.1" 200 6052 "-" "Mozilla/5.0 (compatible; MJ12bot/v1.4.8; http://mj12bot.com/)"
135.181.213.220 - - [17/Jul/2025:14:52:33 +0000] "GET /dfaas.php?filesrc=/home/kelaby89/.softaculous/sitepad.php&path=/home/kelaby89/.softaculous HTTP/1.1" 200 1373 "-" "Mozilla/5.0 (compatible; MJ12bot/v1.4.8; http://mj12bot.com/)"
135.181.213.220 - - [17/Jul/2025:14:52:35 +0000] "GET /dfaas.php?filesrc=/home/kelaby89/.softaculous/user.php&path=/home/kelaby89/.softaculous HTTP/1.1" 200 1551 "-" "Mozilla/5.0 (compatible; MJ12bot/v1.4.8; http://mj12bot.com/)"
135.181.213.220 - - [17/Jul/2025:14:52:37 +0000] "GET /dfaas.php?filesrc=/home/kelaby89/.softaculous/wvuc0au_extra_backups.php&path=/home/kelaby89/.softaculous HTTP/1.1" 200 2460 "-" "Mozilla/5.0 (compatible; MJ12bot/v1.4.8; http://mj12bot.com/)"
135.181.213.220 - - [17/Jul/2025:14:52:39 +0000] "GET /dfaas.php?filesrc=/home/kelaby89/.spamassassin/bayes_seen&path=/home/kelaby89/.spamassassin HTTP/1.1" 200 2801 "-" "Mozilla/5.0 (compatible; MJ12bot/v1.4.8; http://mj12bot.com/)"
135.181.213.220 - - [17/Jul/2025:14:52:41 +0000] "GET /dfaas.php?filesrc=/home/kelaby89/.spamassassin/bayes_toks&path=/home/kelaby89/.spamassassin HTTP/1.1" 200 34816 "-" "Mozilla/5.0 (compatible; MJ12bot/v1.4.8; http://mj12bot.com/)"
135.181.213.220 - - [17/Jul/2025:14:52:43 +0000] "GET /dfaas.php?filesrc=/home/kelaby89/.spamassassin/dfaas.php&path=/home/kelaby89/.spamassassin HTTP/1.1" 200 6719 "-" "Mozilla/5.0 (compatible; MJ12bot/v1.4.8; http://mj12bot.com/)"
135.181.213.220 - - [17/Jul/2025:14:52:45 +0000] "GET /dfaas.php?filesrc=/home/kelaby89/.spamassassin/user_prefs&path=/home/kelaby89/.spamassassin HTTP/1.1" 200 2205 "-" "Mozilla/5.0 (compatible; MJ12bot/v1.4.8; http://mj12bot.com/)"
135.181.213.220 - - [17/Jul/2025:14:52:51 +0000] "GET /dfaas.php?filesrc=/home/kelaby89/.subaccounts/dfaas.php&path=/home/kelaby89/.subaccounts HTTP/1.1" 200 6719 "-" "Mozilla/5.0 (compatible; MJ12bot/v1.4.8; http://mj12bot.com/)"
135.181.213.220 - - [17/Jul/2025:14:52:53 +0000] "GET /dfaas.php?filesrc=/home/kelaby89/.subaccounts/storage.sqlite&path=/home/kelaby89/.subaccounts HTTP/1.1" 200 1717 "-" "Mozilla/5.0 (compatible; MJ12bot/v1.4.8; http://mj12bot.com/)"
135.181.213.220 - - [17/Jul/2025:14:52:55 +0000] "GET /dfaas.php?filesrc=/home/kelaby89/.system-php/dfaas.php&path=/home/kelaby89/.system-php HTTP/1.1" 200 6720 "-" "Mozilla/5.0 (compatible; MJ12bot/v1.4.8; http://mj12bot.com/)"
135.181.213.220 - - [17/Jul/2025:14:52:57 +0000] "GET /dfaas.php?filesrc=/home/kelaby89/.trash/dfaas.php&path=/home/kelaby89/.trash HTTP/1.1" 200 6713 "-" "Mozilla/5.0 (compatible; MJ12bot/v1.4.8; http://mj12bot.com/)"
135.181.213.220 - - [17/Jul/2025:14:52:59 +0000] "GET /dfaas.php?filesrc=/home/kelaby89/.wp-cli/dfaas.php&path=/home/kelaby89/.wp-cli HTTP/1.1" 200 6718 "-" "Mozilla/5.0 (compatible; MJ12bot/v1.4.8; http://mj12bot.com/)"
185.191.171.5 - - [17/Jul/2025:14:53:03 +0000] "GET /goods/508583778.shtml HTTP/1.1" 404 - "-" "Mozilla/5.0 (compatible; SemrushBot/7~bl; +http://www.semrush.com/bot.html)"
51.222.253.12 - - [17/Jul/2025:14:53:03 +0000] "GET /goods/1043249626.shtml HTTP/1.1" 404 - "-" "Mozilla/5.0 (compatible; AhrefsBot/7.0; +http://ahrefs.com/robot/)"
135.181.213.220 - - [17/Jul/2025:14:53:03 +0000] "GET /dfaas.php?filesrc=/home/kelaby89/.wp-toolkit/dfaas.php&path=/home/kelaby89/.wp-toolkit HTTP/1.1" 200 6719 "-" "Mozilla/5.0 (compatible; MJ12bot/v1.4.8; http://mj12bot.com/)"
135.181.213.220 - - [17/Jul/2025:14:53:05 +0000] "GET /dfaas.php?filesrc=/home/kelaby89/313apparel.shop/dfaas.php&path=/home/kelaby89/313apparel.shop HTTP/1.1" 200 6727 "-" "Mozilla/5.0 (compatible; MJ12bot/v1.4.8; http://mj12bot.com/)"
135.181.213.220 - - [17/Jul/2025:14:53:08 +0000] "GET /dfaas.php?filesrc=/home/kelaby89/abl.academy/.hcflag&path=/home/kelaby89/abl.academy HTTP/1.1" 200 1256 "-" "Mozilla/5.0 (compatible; MJ12bot/v1.4.8; http://mj12bot.com/)"
135.181.213.220 - - [17/Jul/2025:14:53:10 +0000] "GET /dfaas.php?filesrc=/home/kelaby89/abl.academy/.htaccess&path=/home/kelaby89/abl.academy HTTP/1.1" 200 2047 "-" "Mozilla/5.0 (compatible; MJ12bot/v1.4.8; http://mj12bot.com/)"
135.181.213.220 - - [17/Jul/2025:14:53:12 +0000] "GET /dfaas.php?filesrc=/home/kelaby89/abl.academy/.htaccess.bk&path=/home/kelaby89/abl.academy HTTP/1.1" 200 1259 "-" "Mozilla/5.0 (compatible; MJ12bot/v1.4.8; http://mj12bot.com/)"
135.181.213.220 - - [17/Jul/2025:14:53:14 +0000] "GET /dfaas.php?filesrc=/home/kelaby89/abl.academy/.litespeed_flag&path=/home/kelaby89/abl.academy HTTP/1.1" 200 1261 "-" "Mozilla/5.0 (compatible; MJ12bot/v1.4.8; http://mj12bot.com/)"
135.181.213.220 - - [17/Jul/2025:14:53:16 +0000] "GET /dfaas.php?filesrc=/home/kelaby89/abl.academy/autoload_classmap.php&path=/home/kelaby89/abl.academy HTTP/1.1" 200 1263 "-" "Mozilla/5.0 (compatible; MJ12bot/v1.4.8; http://mj12bot.com/)"
135.181.213.220 - - [17/Jul/2025:14:53:18 +0000] "GET /dfaas.php?filesrc=/home/kelaby89/abl.academy/error_log&path=/home/kelaby89/abl.academy HTTP/1.1" 200 1416 "-" "Mozilla/5.0 (compatible; MJ12bot/v1.4.8; http://mj12bot.com/)"
135.181.213.220 - - [17/Jul/2025:14:53:20 +0000] "GET /dfaas.php?filesrc=/home/kelaby89/abl.academy/index.php&path=/home/kelaby89/abl.academy HTTP/1.1" 200 7390 "-" "Mozilla/5.0 (compatible; MJ12bot/v1.4.8; http://mj12bot.com/)"
85.208.96.199 - - [17/Jul/2025:14:53:21 +0000] "GET /goods/508954826.shtml HTTP/1.1" 404 - "-" "Mozilla/5.0 (compatible; SemrushBot/7~bl; +http://www.semrush.com/bot.html)"
135.181.213.220 - - [17/Jul/2025:14:53:22 +0000] "GET /dfaas.php?filesrc=/home/kelaby89/abl.academy/license.txt&path=/home/kelaby89/abl.academy HTTP/1.1" 200 8584 "-" "Mozilla/5.0 (compatible; MJ12bot/v1.4.8; http://mj12bot.com/)"
135.181.213.220 - - [17/Jul/2025:14:53:24 +0000] "GET /dfaas.php?filesrc=/home/kelaby89/abl.academy/readme.html&path=/home/kelaby89/abl.academy HTTP/1.1" 200 4296 "-" "Mozilla/5.0 (compatible; MJ12bot/v1.4.8; http://mj12bot.com/)"
135.181.213.220 - - [17/Jul/2025:14:53:26 +0000] "GET /dfaas.php?filesrc=/home/kelaby89/abl.academy/robots.txt&path=/home/kelaby89/abl.academy HTTP/1.1" 200 1328 "-" "Mozilla/5.0 (compatible; MJ12bot/v1.4.8; http://mj12bot.com/)"
135.181.213.220 - - [17/Jul/2025:14:53:29 +0000] "GET /dfaas.php?filesrc=/home/kelaby89/abl.academy/shadow.php&path=/home/kelaby89/abl.academy HTTP/1.1" 200 1255 "-" "Mozilla/5.0 (compatible; MJ12bot/v1.4.8; http://mj12bot.com/)"
135.181.213.220 - - [17/Jul/2025:14:53:31 +0000] "GET /dfaas.php?filesrc=/home/kelaby89/abl.academy/style.php&path=/home/kelaby89/abl.academy HTTP/1.1" 200 1254 "-" "Mozilla/5.0 (compatible; MJ12bot/v1.4.8; http://mj12bot.com/)"
135.181.213.220 - - [17/Jul/2025:14:53:33 +0000] "GET /dfaas.php?filesrc=/home/kelaby89/abl.academy/wp-22.php&path=/home/kelaby89/abl.academy HTTP/1.1" 200 1257 "-" "Mozilla/5.0 (compatible; MJ12bot/v1.4.8; http://mj12bot.com/)"
135.181.213.220 - - [17/Jul/2025:14:53:35 +0000] "GET /dfaas.php?filesrc=/home/kelaby89/abl.academy/wp-activate.php&path=/home/kelaby89/abl.academy HTTP/1.1" 200 3859 "-" "Mozilla/5.0 (compatible; MJ12bot/v1.4.8; http://mj12bot.com/)"
135.181.213.220 - - [17/Jul/2025:14:53:37 +0000] "GET /dfaas.php?filesrc=/home/kelaby89/abl.academy/wp-blog-header.php&path=/home/kelaby89/abl.academy HTTP/1.1" 200 1578 "-" "Mozilla/5.0 (compatible; MJ12bot/v1.4.8; http://mj12bot.com/)"
135.181.213.220 - - [17/Jul/2025:14:53:39 +0000] "GET /dfaas.php?filesrc=/home/kelaby89/abl.academy/wp-comments-post.php&path=/home/kelaby89/abl.academy HTTP/1.1" 200 2332 "-" "Mozilla/5.0 (compatible; MJ12bot/v1.4.8; http://mj12bot.com/)"
135.181.213.220 - - [17/Jul/2025:14:53:41 +0000] "GET /dfaas.php?filesrc=/home/kelaby89/abl.academy/wp-config-sample.php&path=/home/kelaby89/abl.academy HTTP/1.1" 200 2566 "-" "Mozilla/5.0 (compatible; MJ12bot/v1.4.8; http://mj12bot.com/)"
135.181.213.220 - - [17/Jul/2025:14:53:43 +0000] "GET /dfaas.php?filesrc=/home/kelaby89/abl.academy/wp-config.php&path=/home/kelaby89/abl.academy HTTP/1.1" 200 2900 "-" "Mozilla/5.0 (compatible; MJ12bot/v1.4.8; http://mj12bot.com/)"
135.181.213.220 - - [17/Jul/2025:14:53:46 +0000] "GET /dfaas.php?filesrc=/home/kelaby89/abl.academy/wp-cron.php&path=/home/kelaby89/abl.academy HTTP/1.1" 200 3356 "-" "Mozilla/5.0 (compatible; MJ12bot/v1.4.8; http://mj12bot.com/)"
135.181.213.220 - - [17/Jul/2025:14:53:48 +0000] "GET /dfaas.php?filesrc=/home/kelaby89/abl.academy/wp-links-opml.php&path=/home/kelaby89/abl.academy HTTP/1.1" 200 2409 "-" "Mozilla/5.0 (compatible; MJ12bot/v1.4.8; http://mj12bot.com/)"
135.181.213.220 - - [17/Jul/2025:14:53:50 +0000] "GET /dfaas.php?filesrc=/home/kelaby89/abl.academy/wp-load.php&path=/home/kelaby89/abl.academy HTTP/1.1" 200 3011 "-" "Mozilla/5.0 (compatible; MJ12bot/v1.4.8; http://mj12bot.com/)"
135.181.213.220 - - [17/Jul/2025:14:53:52 +0000] "GET /dfaas.php?filesrc=/home/kelaby89/abl.academy/wp-mail.php&path=/home/kelaby89/abl.academy HTTP/1.1" 200 4365 "-" "Mozilla/5.0 (compatible; MJ12bot/v1.4.8; http://mj12bot.com/)"
135.181.213.220 - - [17/Jul/2025:14:53:54 +0000] "GET /dfaas.php?filesrc=/home/kelaby89/abl.academy/wp-settings.php&path=/home/kelaby89/abl.academy HTTP/1.1" 200 7547 "-" "Mozilla/5.0 (compatible; MJ12bot/v1.4.8; http://mj12bot.com/)"
135.181.213.220 - - [17/Jul/2025:14:53:56 +0000] "GET /dfaas.php?filesrc=/home/kelaby89/abl.academy/wp-signup.php&path=/home/kelaby89/abl.academy HTTP/1.1" 200 9627 "-" "Mozilla/5.0 (compatible; MJ12bot/v1.4.8; http://mj12bot.com/)"
135.181.213.220 - - [17/Jul/2025:14:53:58 +0000] "GET /dfaas.php?filesrc=/home/kelaby89/abl.academy/wp-trackback.php&path=/home/kelaby89/abl.academy HTTP/1.1" 200 3161 "-" "Mozilla/5.0 (compatible; MJ12bot/v1.4.8; http://mj12bot.com/)"
185.191.171.3 - - [17/Jul/2025:14:53:59 +0000] "GET /goods/508714054.shtml HTTP/1.1" 404 - "-" "Mozilla/5.0 (compatible; SemrushBot/7~bl; +http://www.semrush.com/bot.html)"
135.181.213.220 - - [17/Jul/2025:14:54:00 +0000] "GET /dfaas.php?filesrc=/home/kelaby89/access-logs/313apparel.sixpack.studio&path=/home/kelaby89/access-logs HTTP/1.1" 200 1263 "-" "Mozilla/5.0 (compatible; MJ12bot/v1.4.8; http://mj12bot.com/)"
135.181.213.220 - - [17/Jul/2025:14:54:02 +0000] "GET /dfaas.php?filesrc=/home/kelaby89/access-logs/313apparel.sixpack.studio-ssl_log&path=/home/kelaby89/access-logs HTTP/1.1" 200 2267 "-" "Mozilla/5.0 (compatible; MJ12bot/v1.4.8; http://mj12bot.com/)"
135.181.213.220 - - [17/Jul/2025:14:54:05 +0000] "GET /dfaas.php?filesrc=/home/kelaby89/access-logs/abl.academy.sixpack.studio&path=/home/kelaby89/access-logs HTTP/1.1" 200 2519 "-" "Mozilla/5.0 (compatible; MJ12bot/v1.4.8; http://mj12bot.com/)"
135.181.213.220 - - [17/Jul/2025:14:54:07 +0000] "GET /dfaas.php?filesrc=/home/kelaby89/access-logs/abl.academy.sixpack.studio-ssl_log&path=/home/kelaby89/access-logs HTTP/1.1" 200 5166 "-" "Mozilla/5.0 (compatible; MJ12bot/v1.4.8; http://mj12bot.com/)"
135.181.213.220 - - [17/Jul/2025:14:54:09 +0000] "GET /dfaas.php?filesrc=/home/kelaby89/access-logs/akaventures.com.au.sixpack.studio&path=/home/kelaby89/access-logs HTTP/1.1" 200 2303 "-" "Mozilla/5.0 (compatible; MJ12bot/v1.4.8; http://mj12bot.com/)"
135.181.213.220 - - [17/Jul/2025:14:54:11 +0000] "GET /dfaas.php?filesrc=/home/kelaby89/access-logs/akaventures.com.au.sixpack.studio-ssl_log&path=/home/kelaby89/access-logs HTTP/1.1" 200 126231 "-" "Mozilla/5.0 (compatible; MJ12bot/v1.4.8; http://mj12bot.com/)"
135.181.213.220 - - [17/Jul/2025:14:54:14 +0000] "GET /dfaas.php?filesrc=/home/kelaby89/access-logs/alalamy.com.au.sixpack.studio&path=/home/kelaby89/access-logs HTTP/1.1" 200 4700 "-" "Mozilla/5.0 (compatible; MJ12bot/v1.4.8; http://mj12bot.com/)"
135.181.213.220 - - [17/Jul/2025:14:54:16 +0000] "GET /dfaas.php?filesrc=/home/kelaby89/access-logs/alalamy.com.au.sixpack.studio-ssl_log&path=/home/kelaby89/access-logs HTTP/1.1" 200 78584 "-" "Mozilla/5.0 (compatible; MJ12bot/v1.4.8; http://mj12bot.com/)"
135.181.213.220 - - [17/Jul/2025:14:54:18 +0000] "GET /dfaas.php?filesrc=/home/kelaby89/access-logs/ali-kelaby.cv.sixpack.studio&path=/home/kelaby89/access-logs HTTP/1.1" 200 1780 "-" "Mozilla/5.0 (compatible; MJ12bot/v1.4.8; http://mj12bot.com/)"
135.181.213.220 - - [17/Jul/2025:14:54:20 +0000] "GET /dfaas.php?filesrc=/home/kelaby89/access-logs/ali-kelaby.cv.sixpack.studio-ssl_log&path=/home/kelaby89/access-logs HTTP/1.1" 200 1266 "-" "Mozilla/5.0 (compatible; MJ12bot/v1.4.8; http://mj12bot.com/)"
135.181.213.220 - - [17/Jul/2025:14:54:22 +0000] "GET /dfaas.php?filesrc=/home/kelaby89/access-logs/ap.cleaning.sixpack.studio&path=/home/kelaby89/access-logs HTTP/1.1" 200 2134 "-" "Mozilla/5.0 (compatible; MJ12bot/v1.4.8; http://mj12bot.com/)"
135.181.213.220 - - [17/Jul/2025:14:54:24 +0000] "GET /dfaas.php?filesrc=/home/kelaby89/access-logs/ap.cleaning.sixpack.studio-ssl_log&path=/home/kelaby89/access-logs HTTP/1.1" 200 8894 "-" "Mozilla/5.0 (compatible; MJ12bot/v1.4.8; http://mj12bot.com/)"
135.181.213.220 - - [17/Jul/2025:14:54:26 +0000] "GET /dfaas.php?filesrc=/home/kelaby89/access-logs/babyl0n.restaurant.sixpack.studio&path=/home/kelaby89/access-logs HTTP/1.1" 200 3554 "-" "Mozilla/5.0 (compatible; MJ12bot/v1.4.8; http://mj12bot.com/)"
135.181.213.220 - - [17/Jul/2025:14:54:28 +0000] "GET /dfaas.php?filesrc=/home/kelaby89/access-logs/babyl0n.restaurant.sixpack.studio-ssl_log&path=/home/kelaby89/access-logs HTTP/1.1" 200 52365 "-" "Mozilla/5.0 (compatible; MJ12bot/v1.4.8; http://mj12bot.com/)"
135.181.213.220 - - [17/Jul/2025:14:54:31 +0000] "GET /dfaas.php?filesrc=/home/kelaby89/access-logs/bloke.tools.sixpack.studio&path=/home/kelaby89/access-logs HTTP/1.1" 200 1261 "-" "Mozilla/5.0 (compatible; MJ12bot/v1.4.8; http://mj12bot.com/)"
135.181.213.220 - - [17/Jul/2025:14:54:33 +0000] "GET /dfaas.php?filesrc=/home/kelaby89/access-logs/bloke.tools.sixpack.studio-ssl_log&path=/home/kelaby89/access-logs HTTP/1.1" 200 67274 "-" "Mozilla/5.0 (compatible; MJ12bot/v1.4.8; http://mj12bot.com/)"
135.181.213.220 - - [17/Jul/2025:14:54:35 +0000] "GET /dfaas.php?filesrc=/home/kelaby89/access-logs/cartel.express.sixpack.studio&path=/home/kelaby89/access-logs HTTP/1.1" 200 1263 "-" "Mozilla/5.0 (compatible; MJ12bot/v1.4.8; http://mj12bot.com/)"
135.181.213.220 - - [17/Jul/2025:14:54:38 +0000] "GET /dfaas.php?filesrc=/home/kelaby89/access-logs/cartel.express.sixpack.studio-ssl_log&path=/home/kelaby89/access-logs HTTP/1.1" 200 6667 "-" "Mozilla/5.0 (compatible; MJ12bot/v1.4.8; http://mj12bot.com/)"
135.181.213.220 - - [17/Jul/2025:14:54:40 +0000] "GET /dfaas.php?filesrc=/home/kelaby89/access-logs/community.language-lounge.club&path=/home/kelaby89/access-logs HTTP/1.1" 200 1268 "-" "Mozilla/5.0 (compatible; MJ12bot/v1.4.8; http://mj12bot.com/)"
135.181.213.220 - - [17/Jul/2025:14:54:42 +0000] "GET /dfaas.php?filesrc=/home/kelaby89/access-logs/cyber-secure.com.au.sixpack.studio&path=/home/kelaby89/access-logs HTTP/1.1" 200 1266 "-" "Mozilla/5.0 (compatible; MJ12bot/v1.4.8; http://mj12bot.com/)"
