194.5.98.25 - - [17/Jul/2025:17:22:17 +0000] "GET /wp-content/plugins/woocommerce/assets/client/blocks/wc-cart-checkout-base-frontend.js?ver=ee046eedc5351d6040d2 HTTP/1.1" 200 56237 "https://sergio-cuchi.tattoo/cart/" "Mozilla/5.0 (X11; Linux x86_64) AppleWebKit/537.36 (KHTML, like Gecko) Ubuntu Chromium/114.0.5775.194 Chrome/114.0.5775.194 Safari/537.36"
194.5.98.25 - - [17/Jul/2025:17:22:17 +0000] "GET /wp-content/plugins/woocommerce/assets/client/blocks/wc-cart-checkout-vendors-frontend.js?ver=dc1dcf69b8c5fe0b6e90 HTTP/1.1" 200 53699 "https://sergio-cuchi.tattoo/cart/" "Mozilla/5.0 (X11; Linux x86_64) AppleWebKit/537.36 (KHTML, like Gecko) Ubuntu Chromium/114.0.5775.194 Chrome/114.0.5775.194 Safari/537.36"
194.5.98.25 - - [17/Jul/2025:17:22:17 +0000] "GET /wp-includes/js/dist/vendor/react.min.js?ver=18.3.1.1 HTTP/1.1" 200 4165 "https://sergio-cuchi.tattoo/cart/" "Mozilla/5.0 (X11; Linux x86_64) AppleWebKit/537.36 (KHTML, like Gecko) Ubuntu Chromium/114.0.5775.194 Chrome/114.0.5775.194 Safari/537.36"
194.5.98.25 - - [17/Jul/2025:17:22:18 +0000] "GET /wp-includes/js/dist/vendor/react-jsx-runtime.min.js?ver=18.3.1 HTTP/1.1" 200 554 "https://sergio-cuchi.tattoo/cart/" "Mozilla/5.0 (X11; Linux x86_64) AppleWebKit/537.36 (KHTML, like Gecko) Ubuntu Chromium/114.0.5775.194 Chrome/114.0.5775.194 Safari/537.36"
194.5.98.25 - - [17/Jul/2025:17:22:18 +0000] "GET /wp-includes/js/dist/vendor/react-dom.min.js?ver=18.3.1.1 HTTP/1.1" 200 41888 "https://sergio-cuchi.tattoo/cart/" "Mozilla/5.0 (X11; Linux x86_64) AppleWebKit/537.36 (KHTML, like Gecko) Ubuntu Chromium/114.0.5775.194 Chrome/114.0.5775.194 Safari/537.36"
194.5.98.25 - - [17/Jul/2025:17:22:18 +0000] "GET /wp-content/plugins/woocommerce/assets/client/blocks/wc-types.js?ver=35dee88875b85ff65531 HTTP/1.1" 200 1585 "https://sergio-cuchi.tattoo/cart/" "Mozilla/5.0 (X11; Linux x86_64) AppleWebKit/537.36 (KHTML, like Gecko) Ubuntu Chromium/114.0.5775.194 Chrome/114.0.5775.194 Safari/537.36"
194.5.98.25 - - [17/Jul/2025:17:22:18 +0000] "GET /wp-content/plugins/woocommerce/assets/client/blocks/blocks-checkout-events.js?ver=2d0fd4590f6cc663947c HTTP/1.1" 200 771 "https://sergio-cuchi.tattoo/cart/" "Mozilla/5.0 (X11; Linux x86_64) AppleWebKit/537.36 (KHTML, like Gecko) Ubuntu Chromium/114.0.5775.194 Chrome/114.0.5775.194 Safari/537.36"
194.5.98.25 - - [17/Jul/2025:17:22:18 +0000] "GET /wp-includes/js/dist/url.min.js?ver=c2964167dfe2477c14ea HTTP/1.1" 200 3851 "https://sergio-cuchi.tattoo/cart/" "Mozilla/5.0 (X11; Linux x86_64) AppleWebKit/537.36 (KHTML, like Gecko) Ubuntu Chromium/114.0.5775.194 Chrome/114.0.5775.194 Safari/537.36"
194.5.98.25 - - [17/Jul/2025:17:22:18 +0000] "GET /wp-includes/js/dist/api-fetch.min.js?ver=3623a576c78df404ff20 HTTP/1.1" 200 2419 "https://sergio-cuchi.tattoo/cart/" "Mozilla/5.0 (X11; Linux x86_64) AppleWebKit/537.36 (KHTML, like Gecko) Ubuntu Chromium/114.0.5775.194 Chrome/114.0.5775.194 Safari/537.36"
194.5.98.25 - - [17/Jul/2025:17:22:18 +0000] "GET /wp-content/plugins/woocommerce/assets/client/blocks/wc-settings.js?ver=4f2e7067bd1c84cca43f HTTP/1.1" 200 2589 "https://sergio-cuchi.tattoo/cart/" "Mozilla/5.0 (X11; Linux x86_64) AppleWebKit/537.36 (KHTML, like Gecko) Ubuntu Chromium/114.0.5775.194 Chrome/114.0.5775.194 Safari/537.36"
194.5.98.25 - - [17/Jul/2025:17:22:19 +0000] "GET /wp-includes/js/dist/deprecated.min.js?ver=e1f84915c5e8ae38964c HTTP/1.1" 200 446 "https://sergio-cuchi.tattoo/cart/" "Mozilla/5.0 (X11; Linux x86_64) AppleWebKit/537.36 (KHTML, like Gecko) Ubuntu Chromium/114.0.5775.194 Chrome/114.0.5775.194 Safari/537.36"
194.5.98.25 - - [17/Jul/2025:17:22:19 +0000] "GET /wp-includes/js/dist/escape-html.min.js?ver=6561a406d2d232a6fbd2 HTTP/1.1" 200 532 "https://sergio-cuchi.tattoo/cart/" "Mozilla/5.0 (X11; Linux x86_64) AppleWebKit/537.36 (KHTML, like Gecko) Ubuntu Chromium/114.0.5775.194 Chrome/114.0.5775.194 Safari/537.36"
194.5.98.25 - - [17/Jul/2025:17:22:19 +0000] "GET /wp-includes/js/dist/dom.min.js?ver=80bd57c84b45cf04f4ce HTTP/1.1" 200 4718 "https://sergio-cuchi.tattoo/cart/" "Mozilla/5.0 (X11; Linux x86_64) AppleWebKit/537.36 (KHTML, like Gecko) Ubuntu Chromium/114.0.5775.194 Chrome/114.0.5775.194 Safari/537.36"
194.5.98.25 - - [17/Jul/2025:17:22:19 +0000] "GET /wp-includes/js/dist/element.min.js?ver=a4eeeadd23c0d7ab1d2d HTTP/1.1" 200 4937 "https://sergio-cuchi.tattoo/cart/" "Mozilla/5.0 (X11; Linux x86_64) AppleWebKit/537.36 (KHTML, like Gecko) Ubuntu Chromium/114.0.5775.194 Chrome/114.0.5775.194 Safari/537.36"
194.5.98.25 - - [17/Jul/2025:17:22:19 +0000] "GET /wp-includes/js/dist/keycodes.min.js?ver=034ff647a54b018581d3 HTTP/1.1" 200 1391 "https://sergio-cuchi.tattoo/cart/" "Mozilla/5.0 (X11; Linux x86_64) AppleWebKit/537.36 (KHTML, like Gecko) Ubuntu Chromium/114.0.5775.194 Chrome/114.0.5775.194 Safari/537.36"
194.5.98.25 - - [17/Jul/2025:17:22:19 +0000] "GET /wp-includes/js/dist/is-shallow-equal.min.js?ver=e0f9f1d78d83f5196979 HTTP/1.1" 200 520 "https://sergio-cuchi.tattoo/cart/" "Mozilla/5.0 (X11; Linux x86_64) AppleWebKit/537.36 (KHTML, like Gecko) Ubuntu Chromium/114.0.5775.194 Chrome/114.0.5775.194 Safari/537.36"
194.5.98.25 - - [17/Jul/2025:17:22:19 +0000] "GET /wp-includes/js/dist/priority-queue.min.js?ver=9c21c957c7e50ffdbf48 HTTP/1.1" 200 1525 "https://sergio-cuchi.tattoo/cart/" "Mozilla/5.0 (X11; Linux x86_64) AppleWebKit/537.36 (KHTML, like Gecko) Ubuntu Chromium/114.0.5775.194 Chrome/114.0.5775.194 Safari/537.36"
194.5.98.25 - - [17/Jul/2025:17:22:19 +0000] "GET /wp-includes/js/dist/compose.min.js?ver=84bcf832a5c99203f3db HTTP/1.1" 200 12815 "https://sergio-cuchi.tattoo/cart/" "Mozilla/5.0 (X11; Linux x86_64) AppleWebKit/537.36 (KHTML, like Gecko) Ubuntu Chromium/114.0.5775.194 Chrome/114.0.5775.194 Safari/537.36"
194.5.98.25 - - [17/Jul/2025:17:22:19 +0000] "GET /wp-includes/js/dist/private-apis.min.js?ver=0f8478f1ba7e0eea562b HTTP/1.1" 200 1011 "https://sergio-cuchi.tattoo/cart/" "Mozilla/5.0 (X11; Linux x86_64) AppleWebKit/537.36 (KHTML, like Gecko) Ubuntu Chromium/114.0.5775.194 Chrome/114.0.5775.194 Safari/537.36"
194.5.98.25 - - [17/Jul/2025:17:22:20 +0000] "GET /wp-includes/js/dist/redux-routine.min.js?ver=8bb92d45458b29590f53 HTTP/1.1" 200 2809 "https://sergio-cuchi.tattoo/cart/" "Mozilla/5.0 (X11; Linux x86_64) AppleWebKit/537.36 (KHTML, like Gecko) Ubuntu Chromium/114.0.5775.194 Chrome/114.0.5775.194 Safari/537.36"
194.5.98.25 - - [17/Jul/2025:17:22:20 +0000] "GET /wp-includes/js/dist/data.min.js?ver=fe6c4835cd00e12493c3 HTTP/1.1" 200 8851 "https://sergio-cuchi.tattoo/cart/" "Mozilla/5.0 (X11; Linux x86_64) AppleWebKit/537.36 (KHTML, like Gecko) Ubuntu Chromium/114.0.5775.194 Chrome/114.0.5775.194 Safari/537.36"
194.5.98.25 - - [17/Jul/2025:17:22:20 +0000] "GET /wp-content/plugins/woocommerce/assets/client/blocks/wc-blocks-registry.js?ver=a54ead1833becfc12662 HTTP/1.1" 200 5041 "https://sergio-cuchi.tattoo/cart/" "Mozilla/5.0 (X11; Linux x86_64) AppleWebKit/537.36 (KHTML, like Gecko) Ubuntu Chromium/114.0.5775.194 Chrome/114.0.5775.194 Safari/537.36"
194.5.98.25 - - [17/Jul/2025:17:22:20 +0000] "GET /wp-includes/js/dist/data-controls.min.js?ver=49f5587e8b90f9e7cc7e HTTP/1.1" 200 636 "https://sergio-cuchi.tattoo/cart/" "Mozilla/5.0 (X11; Linux x86_64) AppleWebKit/537.36 (KHTML, like Gecko) Ubuntu Chromium/114.0.5775.194 Chrome/114.0.5775.194 Safari/537.36"
185.35.202.222 - - [17/Jul/2025:17:22:20 +0000] "GET /wp-content/plugins/woocommerce/assets/client/blocks/wc-blocks-middleware.js?ver=d79dedade2f2e4dc9df4 HTTP/1.1" 200 748 "https://sergio-cuchi.tattoo/cart/" "Mozilla/5.0 (X11; Linux x86_64) AppleWebKit/537.36 (KHTML, like Gecko) Ubuntu Chromium/114.0.5775.194 Chrome/114.0.5775.194 Safari/537.36"
194.5.98.25 - - [17/Jul/2025:17:22:20 +0000] "GET /wp-includes/js/dist/html-entities.min.js?ver=2cd3358363e0675638fb HTTP/1.1" 200 445 "https://sergio-cuchi.tattoo/cart/" "Mozilla/5.0 (X11; Linux x86_64) AppleWebKit/537.36 (KHTML, like Gecko) Ubuntu Chromium/114.0.5775.194 Chrome/114.0.5775.194 Safari/537.36"
194.5.98.25 - - [17/Jul/2025:17:22:20 +0000] "GET /wp-includes/js/dist/dom-ready.min.js?ver=f77871ff7694fffea381 HTTP/1.1" 200 320 "https://sergio-cuchi.tattoo/cart/" "Mozilla/5.0 (X11; Linux x86_64) AppleWebKit/537.36 (KHTML, like Gecko) Ubuntu Chromium/114.0.5775.194 Chrome/114.0.5775.194 Safari/537.36"
185.35.202.222 - - [17/Jul/2025:17:22:20 +0000] "GET /wp-includes/js/dist/notices.min.js?ver=673a68a7ac2f556ed50b HTTP/1.1" 200 947 "https://sergio-cuchi.tattoo/cart/" "Mozilla/5.0 (X11; Linux x86_64) AppleWebKit/537.36 (KHTML, like Gecko) Ubuntu Chromium/114.0.5775.194 Chrome/114.0.5775.194 Safari/537.36"
185.35.202.222 - - [17/Jul/2025:17:22:20 +0000] "GET /wp-content/plugins/woocommerce/assets/client/blocks/wc-blocks-data.js?ver=0829e8e0d76bff927a49 HTTP/1.1" 200 23012 "https://sergio-cuchi.tattoo/cart/" "Mozilla/5.0 (X11; Linux x86_64) AppleWebKit/537.36 (KHTML, like Gecko) Ubuntu Chromium/114.0.5775.194 Chrome/114.0.5775.194 Safari/537.36"
194.5.98.25 - - [17/Jul/2025:17:22:20 +0000] "GET /wp-includes/js/dist/a11y.min.js?ver=3156534cc54473497e14 HTTP/1.1" 200 956 "https://sergio-cuchi.tattoo/cart/" "Mozilla/5.0 (X11; Linux x86_64) AppleWebKit/537.36 (KHTML, like Gecko) Ubuntu Chromium/114.0.5775.194 Chrome/114.0.5775.194 Safari/537.36"
185.35.202.222 - - [17/Jul/2025:17:22:20 +0000] "GET /wp-content/plugins/woocommerce/assets/client/blocks/blocks-components.js?ver=150bd47634d08fcc2dfc HTTP/1.1" 200 1188 "https://sergio-cuchi.tattoo/cart/" "Mozilla/5.0 (X11; Linux x86_64) AppleWebKit/537.36 (KHTML, like Gecko) Ubuntu Chromium/114.0.5775.194 Chrome/114.0.5775.194 Safari/537.36"
194.5.98.25 - - [17/Jul/2025:17:22:21 +0000] "GET /wp-includes/js/dist/primitives.min.js?ver=aef2543ab60c8c9bb609 HTTP/1.1" 200 828 "https://sergio-cuchi.tattoo/cart/" "Mozilla/5.0 (X11; Linux x86_64) AppleWebKit/537.36 (KHTML, like Gecko) Ubuntu Chromium/114.0.5775.194 Chrome/114.0.5775.194 Safari/537.36"
185.35.202.222 - - [17/Jul/2025:17:22:21 +0000] "GET /wp-content/plugins/woocommerce/assets/client/blocks/blocks-checkout.js?ver=831c209cc1dd2f820fc4 HTTP/1.1" 200 1242 "https://sergio-cuchi.tattoo/cart/" "Mozilla/5.0 (X11; Linux x86_64) AppleWebKit/537.36 (KHTML, like Gecko) Ubuntu Chromium/114.0.5775.194 Chrome/114.0.5775.194 Safari/537.36"
194.5.98.25 - - [17/Jul/2025:17:22:21 +0000] "GET /wp-includes/js/dist/warning.min.js?ver=ed7c8b0940914f4fe44b HTTP/1.1" 200 245 "https://sergio-cuchi.tattoo/cart/" "Mozilla/5.0 (X11; Linux x86_64) AppleWebKit/537.36 (KHTML, like Gecko) Ubuntu Chromium/114.0.5775.194 Chrome/114.0.5775.194 Safari/537.36"
194.5.98.25 - - [17/Jul/2025:17:22:21 +0000] "GET /wp-content/plugins/woocommerce/assets/client/blocks/wc-blocks-shared-context.js?ver=1d9ff4f03584490ad390 HTTP/1.1" 200 1031 "https://sergio-cuchi.tattoo/cart/" "Mozilla/5.0 (X11; Linux x86_64) AppleWebKit/537.36 (KHTML, like Gecko) Ubuntu Chromium/114.0.5775.194 Chrome/114.0.5775.194 Safari/537.36"
185.35.202.222 - - [17/Jul/2025:17:22:21 +0000] "GET /wp-content/plugins/woocommerce/assets/client/blocks/price-format.js?ver=57e176e7cc02bdd27978 HTTP/1.1" 200 823 "https://sergio-cuchi.tattoo/cart/" "Mozilla/5.0 (X11; Linux x86_64) AppleWebKit/537.36 (KHTML, like Gecko) Ubuntu Chromium/114.0.5775.194 Chrome/114.0.5775.194 Safari/537.36"
185.35.202.222 - - [17/Jul/2025:17:22:21 +0000] "GET /wp-content/plugins/woocommerce/assets/client/blocks/wc-blocks-shared-hocs.js?ver=99a2a0de38bfa707fc7b HTTP/1.1" 200 1426 "https://sergio-cuchi.tattoo/cart/" "Mozilla/5.0 (X11; Linux x86_64) AppleWebKit/537.36 (KHTML, like Gecko) Ubuntu Chromium/114.0.5775.194 Chrome/114.0.5775.194 Safari/537.36"
194.5.98.25 - - [17/Jul/2025:17:22:21 +0000] "GET /wp-includes/js/dist/autop.min.js?ver=9fb50649848277dd318d HTTP/1.1" 200 2109 "https://sergio-cuchi.tattoo/cart/" "Mozilla/5.0 (X11; Linux x86_64) AppleWebKit/537.36 (KHTML, like Gecko) Ubuntu Chromium/114.0.5775.194 Chrome/114.0.5775.194 Safari/537.36"
185.35.202.222 - - [17/Jul/2025:17:22:21 +0000] "GET /wp-includes/js/dist/plugins.min.js?ver=20303a2de19246c83e5a HTTP/1.1" 200 1864 "https://sergio-cuchi.tattoo/cart/" "Mozilla/5.0 (X11; Linux x86_64) AppleWebKit/537.36 (KHTML, like Gecko) Ubuntu Chromium/114.0.5775.194 Chrome/114.0.5775.194 Safari/537.36"
194.5.98.25 - - [17/Jul/2025:17:22:21 +0000] "GET /wp-includes/js/dist/style-engine.min.js?ver=08cc10e9532531e22456 HTTP/1.1" 200 2076 "https://sergio-cuchi.tattoo/cart/" "Mozilla/5.0 (X11; Linux x86_64) AppleWebKit/537.36 (KHTML, like Gecko) Ubuntu Chromium/114.0.5775.194 Chrome/114.0.5775.194 Safari/537.36"
194.5.98.25 - - [17/Jul/2025:17:22:21 +0000] "GET /wp-includes/js/dist/wordcount.min.js?ver=55d8c2bf3dc99e7ea5ec HTTP/1.1" 200 1018 "https://sergio-cuchi.tattoo/cart/" "Mozilla/5.0 (X11; Linux x86_64) AppleWebKit/537.36 (KHTML, like Gecko) Ubuntu Chromium/114.0.5775.194 Chrome/114.0.5775.194 Safari/537.36"
194.5.98.25 - - [17/Jul/2025:17:22:21 +0000] "GET /wp-content/plugins/woocommerce/assets/js/frontend/add-to-cart.min.js?ver=10.0.2 HTTP/1.1" 200 1407 "https://sergio-cuchi.tattoo/cart/" "Mozilla/5.0 (X11; Linux x86_64) AppleWebKit/537.36 (KHTML, like Gecko) Ubuntu Chromium/114.0.5775.194 Chrome/114.0.5775.194 Safari/537.36"
185.35.202.222 - - [17/Jul/2025:17:22:21 +0000] "GET /wp-content/plugins/woocommerce/assets/client/blocks/cart-frontend.js?ver=87f90889ed47544b57eb HTTP/1.1" 200 5668 "https://sergio-cuchi.tattoo/cart/" "Mozilla/5.0 (X11; Linux x86_64) AppleWebKit/537.36 (KHTML, like Gecko) Ubuntu Chromium/114.0.5775.194 Chrome/114.0.5775.194 Safari/537.36"
185.35.202.222 - - [17/Jul/2025:17:22:21 +0000] "GET /wp-content/plugins/woocommerce/assets/js/jquery-blockui/jquery.blockUI.min.js?ver=2.7.0-wc.10.0.2 HTTP/1.1" 200 3537 "https://sergio-cuchi.tattoo/cart/" "Mozilla/5.0 (X11; Linux x86_64) AppleWebKit/537.36 (KHTML, like Gecko) Ubuntu Chromium/114.0.5775.194 Chrome/114.0.5775.194 Safari/537.36"
194.5.98.25 - - [17/Jul/2025:17:22:21 +0000] "GET /wp-content/plugins/woocommerce/assets/js/frontend/woocommerce.min.js?ver=10.0.2 HTTP/1.1" 200 1532 "https://sergio-cuchi.tattoo/cart/" "Mozilla/5.0 (X11; Linux x86_64) AppleWebKit/537.36 (KHTML, like Gecko) Ubuntu Chromium/114.0.5775.194 Chrome/114.0.5775.194 Safari/537.36"
185.35.202.222 - - [17/Jul/2025:17:22:21 +0000] "GET /wp-content/plugins/woocommerce/assets/js/js-cookie/js.cookie.min.js?ver=2.1.4-wc.10.0.2 HTTP/1.1" 200 833 "https://sergio-cuchi.tattoo/cart/" "Mozilla/5.0 (X11; Linux x86_64) AppleWebKit/537.36 (KHTML, like Gecko) Ubuntu Chromium/114.0.5775.194 Chrome/114.0.5775.194 Safari/537.36"
194.5.98.25 - - [17/Jul/2025:17:22:21 +0000] "GET /wp-content/plugins/woocommerce/assets/js/frontend/country-select.min.js?ver=10.0.2 HTTP/1.1" 200 1130 "https://sergio-cuchi.tattoo/cart/" "Mozilla/5.0 (X11; Linux x86_64) AppleWebKit/537.36 (KHTML, like Gecko) Ubuntu Chromium/114.0.5775.194 Chrome/114.0.5775.194 Safari/537.36"
185.35.202.222 - - [17/Jul/2025:17:22:22 +0000] "GET /wp-content/plugins/woocommerce/assets/js/frontend/cart.min.js?ver=10.0.2 HTTP/1.1" 200 2504 "https://sergio-cuchi.tattoo/cart/" "Mozilla/5.0 (X11; Linux x86_64) AppleWebKit/537.36 (KHTML, like Gecko) Ubuntu Chromium/114.0.5775.194 Chrome/114.0.5775.194 Safari/537.36"
194.5.98.25 - - [17/Jul/2025:17:22:22 +0000] "GET /wp-content/plugins/woocommerce/assets/js/frontend/address-i18n.min.js?ver=10.0.2 HTTP/1.1" 200 983 "https://sergio-cuchi.tattoo/cart/" "Mozilla/5.0 (X11; Linux x86_64) AppleWebKit/537.36 (KHTML, like Gecko) Ubuntu Chromium/114.0.5775.194 Chrome/114.0.5775.194 Safari/537.36"
194.5.98.25 - - [17/Jul/2025:17:22:22 +0000] "GET /wp-content/uploads/2018/09/blog13-150x150.jpg HTTP/1.1" 200 6338 "https://sergio-cuchi.tattoo/cart/" "Mozilla/5.0 (X11; Linux x86_64) AppleWebKit/537.36 (KHTML, like Gecko) Ubuntu Chromium/114.0.5775.194 Chrome/114.0.5775.194 Safari/537.36"
194.5.98.25 - - [17/Jul/2025:17:22:22 +0000] "GET /wp-content/uploads/2018/09/blog12-150x150.jpg HTTP/1.1" 200 6609 "https://sergio-cuchi.tattoo/cart/" "Mozilla/5.0 (X11; Linux x86_64) AppleWebKit/537.36 (KHTML, like Gecko) Ubuntu Chromium/114.0.5775.194 Chrome/114.0.5775.194 Safari/537.36"
185.35.202.222 - - [17/Jul/2025:17:22:22 +0000] "GET /wp-content/uploads/2018/09/blog14-150x150.jpg HTTP/1.1" 200 5227 "https://sergio-cuchi.tattoo/cart/" "Mozilla/5.0 (X11; Linux x86_64) AppleWebKit/537.36 (KHTML, like Gecko) Ubuntu Chromium/114.0.5775.194 Chrome/114.0.5775.194 Safari/537.36"
185.35.202.222 - - [17/Jul/2025:17:22:22 +0000] "GET /wp-content/plugins/woocommerce/assets/js/selectWoo/selectWoo.full.min.js?ver=1.0.9-wc.10.0.2 HTTP/1.1" 200 21879 "https://sergio-cuchi.tattoo/cart/" "Mozilla/5.0 (X11; Linux x86_64) AppleWebKit/537.36 (KHTML, like Gecko) Ubuntu Chromium/114.0.5775.194 Chrome/114.0.5775.194 Safari/537.36"
194.5.98.25 - - [17/Jul/2025:17:22:22 +0000] "GET /wp-content/plugins/woocommerce/assets/client/blocks/cart-blocks/filled-cart-frontend.js?ver=6053b0dfff427ec99f21 HTTP/1.1" 200 338 "https://sergio-cuchi.tattoo/cart/" "Mozilla/5.0 (X11; Linux x86_64) AppleWebKit/537.36 (KHTML, like Gecko) Ubuntu Chromium/114.0.5775.194 Chrome/114.0.5775.194 Safari/537.36"
185.35.202.222 - - [17/Jul/2025:17:22:22 +0000] "GET /wp-content/uploads/2025/01/foot-logo.png HTTP/1.1" 200 34349 "https://sergio-cuchi.tattoo/cart/" "Mozilla/5.0 (X11; Linux x86_64) AppleWebKit/537.36 (KHTML, like Gecko) Ubuntu Chromium/114.0.5775.194 Chrome/114.0.5775.194 Safari/537.36"
194.5.98.25 - - [17/Jul/2025:17:22:22 +0000] "GET /wp-content/plugins/woocommerce/assets/client/blocks/cart-blocks/empty-cart-frontend.js?ver=c9d9379721b7756fd21d HTTP/1.1" 200 396 "https://sergio-cuchi.tattoo/cart/" "Mozilla/5.0 (X11; Linux x86_64) AppleWebKit/537.36 (KHTML, like Gecko) Ubuntu Chromium/114.0.5775.194 Chrome/114.0.5775.194 Safari/537.36"
194.5.98.25 - - [17/Jul/2025:17:22:22 +0000] "GET /wp-content/plugins/woocommerce/assets/css/woocommerce-smallscreen.css?ver=10.0.2 HTTP/1.1" 200 1279 "https://sergio-cuchi.tattoo/cart/" "Mozilla/5.0 (X11; Linux x86_64) AppleWebKit/537.36 (KHTML, like Gecko) Ubuntu Chromium/114.0.5775.194 Chrome/114.0.5775.194 Safari/537.36"
185.35.202.222 - - [17/Jul/2025:17:22:22 +0000] "GET /wp-includes/js/wp-emoji-release.min.js?ver=6.8.2 HTTP/1.1" 200 5163 "https://sergio-cuchi.tattoo/cart/" "Mozilla/5.0 (X11; Linux x86_64) AppleWebKit/537.36 (KHTML, like Gecko) Ubuntu Chromium/114.0.5775.194 Chrome/114.0.5775.194 Safari/537.36"
194.5.98.25 - - [17/Jul/2025:17:22:23 +0000] "GET /wp-content/uploads/2018/09/woo7-200x200.png HTTP/1.1" 200 5233 "https://sergio-cuchi.tattoo/cart/" "Mozilla/5.0 (X11; Linux x86_64) AppleWebKit/537.36 (KHTML, like Gecko) Ubuntu Chromium/114.0.5775.194 Chrome/114.0.5775.194 Safari/537.36"
185.35.202.222 - - [17/Jul/2025:17:22:23 +0000] "GET /wp-content/uploads/2025/01/cropped-android-chrome-512x512-1-32x32.png HTTP/1.1" 200 1294 "https://sergio-cuchi.tattoo/cart/" "Mozilla/5.0 (X11; Linux x86_64) AppleWebKit/537.36 (KHTML, like Gecko) Ubuntu Chromium/114.0.5775.194 Chrome/114.0.5775.194 Safari/537.36"
66.249.79.171 - - [17/Jul/2025:17:25:57 +0000] "GET /?h=6361870121600&mod=f6a539e9&uri=search.php?goods/1993412.shtml HTTP/1.1" 200 19332 "-" "Mozilla/5.0 (Linux; Android 6.0.1; Nexus 5X Build/MMB29P) AppleWebKit/537.36 (KHTML, like Gecko) Chrome/137.0.7151.103 Mobile Safari/537.36 (compatible; Googlebot/2.1; +http://www.google.com/bot.html)"
209.74.77.214 - - [17/Jul/2025:17:27:10 +0000] "POST /wp-cron.php?doing_wp_cron=1752773230.8667390346527099609375 HTTP/1.1" 200 - "-" "WordPress/6.8.2; https://sergio-cuchi.tattoo"
85.208.96.211 - - [17/Jul/2025:17:27:09 +0000] "GET /product-tag/needles/ HTTP/1.1" 200 14034 "-" "Mozilla/5.0 (compatible; SemrushBot/7~bl; +http://www.semrush.com/bot.html)"
66.249.79.170 - - [17/Jul/2025:17:29:37 +0000] "GET /?h=5783485011600&mod=9ec51f6e&uri=shop.php%3Fid%3D193136-57%26name%3Dbest+mi+bluetooth+earphones HTTP/1.1" 200 18385 "-" "Mozilla/5.0 (Linux; Android 6.0.1; Nexus 5X Build/MMB29P) AppleWebKit/537.36 (KHTML, like Gecko) Chrome/137.0.7151.103 Mobile Safari/537.36 (compatible; Googlebot/2.1; +http://www.google.com/bot.html)"
66.249.79.170 - - [17/Jul/2025:17:29:56 +0000] "POST /get-message-notify HTTP/1.1" 200 18155 "https://sergio-cuchi.tattoo/?h=5783485011600&mod=9ec51f6e&uri=shop.php%3Fid%3D193136-57%26name%3Dbest+mi+bluetooth+earphones" "Mozilla/5.0 (Linux; Android 6.0.1; Nexus 5X Build/MMB29P) AppleWebKit/537.36 (KHTML, like Gecko) Chrome/137.0.7151.119 Mobile Safari/537.36 (compatible; Googlebot/2.1; +http://www.google.com/bot.html)"
66.249.79.171 - - [17/Jul/2025:17:29:57 +0000] "GET /?h=5488206041600&mod=0b61a4e8&uri=product.php%3Fid%3D183218-326%26name%3Dri%C3%83%C2%B1oneras+louis+vuitton+hombre HTTP/1.1" 200 18419 "-" "Mozilla/5.0 (Linux; Android 6.0.1; Nexus 5X Build/MMB29P) AppleWebKit/537.36 (KHTML, like Gecko) Chrome/137.0.7151.103 Mobile Safari/537.36 (compatible; Googlebot/2.1; +http://www.google.com/bot.html)"
66.249.79.170 - - [17/Jul/2025:17:30:01 +0000] "GET /?h=5482932041600&mod=0b61a4e8&uri=brands.php%3Fid%3D183042-326%26name%3Dprecio+chamarra+louis+vuitton HTTP/1.1" 200 18390 "-" "Mozilla/5.0 (Linux; Android 6.0.1; Nexus 5X Build/MMB29P) AppleWebKit/537.36 (KHTML, like Gecko) Chrome/137.0.7151.103 Mobile Safari/537.36 (compatible; Googlebot/2.1; +http://www.google.com/bot.html)"
66.249.79.171 - - [17/Jul/2025:17:30:09 +0000] "GET /?h=111832207091600&mod=ebd66384&uri=dp.php%3Fid%3D3732215-400%26name%3Dprince+comedy+new+video HTTP/1.1" 200 18383 "-" "Mozilla/5.0 (Linux; Android 6.0.1; Nexus 5X Build/MMB29P) AppleWebKit/537.36 (KHTML, like Gecko) Chrome/137.0.7151.103 Mobile Safari/537.36 (compatible; Googlebot/2.1; +http://www.google.com/bot.html)"
66.249.79.171 - - [17/Jul/2025:17:30:11 +0000] "GET /?h=4818854011600&mod=404b686c&uri=info.php%3Fid%3D160835-219%26name%3Ddirect+and+indirect+heating HTTP/1.1" 200 18373 "-" "Mozilla/5.0 (Linux; Android 6.0.1; Nexus 5X Build/MMB29P) AppleWebKit/537.36 (KHTML, like Gecko) Chrome/137.0.7151.103 Mobile Safari/537.36 (compatible; Googlebot/2.1; +http://www.google.com/bot.html)"
66.249.79.170 - - [17/Jul/2025:17:30:32 +0000] "GET /?h=4689169001600&mod=1f00a892&uri=shared.php%3Fid%3D156506-287%26name%3Dpentax+ks HTTP/1.1" 200 18361 "-" "Mozilla/5.0 (Linux; Android 6.0.1; Nexus 5X Build/MMB29P) AppleWebKit/537.36 (KHTML, like Gecko) Chrome/137.0.7151.103 Mobile Safari/537.36 (compatible; Googlebot/2.1; +http://www.google.com/bot.html)"
209.74.77.214 - - [17/Jul/2025:17:32:24 +0000] "POST /wp-cron.php?doing_wp_cron=1752773544.7003159523010253906250 HTTP/1.1" 200 - "-" "WordPress/6.8.2; https://sergio-cuchi.tattoo"
49.51.33.159 - - [17/Jul/2025:17:32:22 +0000] "GET /the-fluid-style-of-victor-stone/ HTTP/1.1" 200 18374 "-" "Mozilla/5.0 (iPhone; CPU iPhone OS 13_2_3 like Mac OS X) AppleWebKit/605.1.15 (KHTML, like Gecko) Version/13.0.3 Mobile/15E148 Safari/604.1"
66.249.79.171 - - [17/Jul/2025:17:34:23 +0000] "GET /?h=39633436011600&mod=7232a90e&uri=news.php%3Fid%3D1322757-155%26name%3Dbose+system+setup+see+tv HTTP/1.1" 200 18387 "-" "Mozilla/5.0 (Linux; Android 6.0.1; Nexus 5X Build/MMB29P) AppleWebKit/537.36 (KHTML, like Gecko) Chrome/137.0.7151.103 Mobile Safari/537.36 (compatible; Googlebot/2.1; +http://www.google.com/bot.html)"
66.249.79.171 - - [17/Jul/2025:17:34:31 +0000] "POST /get-message-notify HTTP/1.1" 200 18155 "https://sergio-cuchi.tattoo/?h=39633436011600&mod=7232a90e&uri=news.php%3Fid%3D1322757-155%26name%3Dbose+system+setup+see+tv" "Mozilla/5.0 (Linux; Android 6.0.1; Nexus 5X Build/MMB29P) AppleWebKit/537.36 (KHTML, like Gecko) Chrome/137.0.7151.119 Mobile Safari/537.36 (compatible; Googlebot/2.1; +http://www.google.com/bot.html)"
43.153.49.151 - - [17/Jul/2025:17:42:17 +0000] "GET /wp-content/fonts/oswald/TK3IWkUHHAIjg75cFRf3bXL8LICs1_Fv40pKlN4NNSeSASz7FmlbHYjedg.woff2 HTTP/1.1" 200 13987 "-" "Mozilla/5.0 (iPhone; CPU iPhone OS 13_2_3 like Mac OS X) AppleWebKit/605.1.15 (KHTML, like Gecko) Version/13.0.3 Mobile/15E148 Safari/604.1"
209.74.77.214 - - [17/Jul/2025:17:52:39 +0000] "POST /wp-cron.php?doing_wp_cron=1752774759.8235099315643310546875 HTTP/1.1" 200 - "-" "WordPress/6.8.2; https://sergio-cuchi.tattoo"
57.141.2.1 - - [17/Jul/2025:17:52:37 +0000] "GET /?h=38865028021600& HTTP/1.1" 301 - "-" "meta-externalagent/1.1 (+https://developers.facebook.com/docs/sharing/webmasters/crawler)"
57.141.2.6 - - [17/Jul/2025:17:52:57 +0000] "GET /?h=38865028021600 HTTP/1.1" 200 97956 "-" "meta-externalagent/1.1 (+https://developers.facebook.com/docs/sharing/webmasters/crawler)"
209.74.77.214 - - [17/Jul/2025:17:57:21 +0000] "POST /wp-cron.php?doing_wp_cron=1752775041.3055319786071777343750 HTTP/1.1" 200 - "-" "WordPress/6.8.2; https://sergio-cuchi.tattoo"
49.51.141.76 - - [17/Jul/2025:17:57:19 +0000] "GET /international-tattoo-expo-2018/ HTTP/1.1" 200 18335 "-" "Mozilla/5.0 (iPhone; CPU iPhone OS 13_2_3 like Mac OS X) AppleWebKit/605.1.15 (KHTML, like Gecko) Version/13.0.3 Mobile/15E148 Safari/604.1"
209.74.77.214 - - [17/Jul/2025:18:00:39 +0000] "POST /wp-cron.php?doing_wp_cron=1752775239.4759640693664550781250 HTTP/1.1" 200 - "-" "WordPress/6.8.2; https://sergio-cuchi.tattoo"
209.74.77.214 - - [17/Jul/2025:18:00:39 +0000] "POST /wp-cron.php?doing_wp_cron=1752775239.4757299423217773437500 HTTP/1.1" 200 - "-" "WordPress/6.8.2; https://sergio-cuchi.tattoo"
217.61.227.222 - - [17/Jul/2025:18:00:37 +0000] "GET /checkout HTTP/1.1" 301 - "-" "Mozilla/5.0 (iPhone; CPU iPhone OS 17_6_1 like Mac OS X) AppleWebKit/605.1.15 (KHTML, like Gecko) Version/17.6 Mobile/15E148 Safari/604.1"
185.18.222.147 - - [17/Jul/2025:18:00:38 +0000] "GET /checkout HTTP/1.1" 301 - "-" "Mozilla/5.0 (X11; U; Linux x86_64) AppleWebKit/537.36 (KHTML, like Gecko) Ubuntu Chromium/115.0.5810.222 Chrome/115.0.5810.222 Safari/537.36"
217.61.227.222 - - [17/Jul/2025:18:00:39 +0000] "GET /checkout/ HTTP/1.1" 302 - "https://sergio-cuchi.tattoo/checkout" "Mozilla/5.0 (iPhone; CPU iPhone OS 17_6_1 like Mac OS X) AppleWebKit/605.1.15 (KHTML, like Gecko) Version/17.6 Mobile/15E148 Safari/604.1"
23.146.243.201 - - [17/Jul/2025:18:00:39 +0000] "GET /checkout HTTP/1.1" 301 - "-" "Mozilla/5.0 (iPhone; CPU iPhone OS 18_1_1 like Mac OS X) AppleWebKit/605.1.15 (KHTML, like Gecko) Version/18.1.1 Mobile/15E148 Safari/604.1"
185.18.222.147 - - [17/Jul/2025:18:00:39 +0000] "GET /checkout/ HTTP/1.1" 302 - "https://sergio-cuchi.tattoo/checkout" "Mozilla/5.0 (X11; U; Linux x86_64) AppleWebKit/537.36 (KHTML, like Gecko) Ubuntu Chromium/115.0.5810.222 Chrome/115.0.5810.222 Safari/537.36"
217.61.227.222 - - [17/Jul/2025:18:00:40 +0000] "GET /cart/ HTTP/1.1" 200 66088 "https://sergio-cuchi.tattoo/checkout/" "Mozilla/5.0 (iPhone; CPU iPhone OS 17_6_1 like Mac OS X) AppleWebKit/605.1.15 (KHTML, like Gecko) Version/17.6 Mobile/15E148 Safari/604.1"
23.146.243.201 - - [17/Jul/2025:18:00:40 +0000] "GET /checkout/ HTTP/1.1" 302 - "https://sergio-cuchi.tattoo/checkout" "Mozilla/5.0 (iPhone; CPU iPhone OS 18_1_1 like Mac OS X) AppleWebKit/605.1.15 (KHTML, like Gecko) Version/18.1.1 Mobile/15E148 Safari/604.1"
185.18.222.147 - - [17/Jul/2025:18:00:40 +0000] "GET /cart/ HTTP/1.1" 200 66086 "https://sergio-cuchi.tattoo/checkout/" "Mozilla/5.0 (X11; U; Linux x86_64) AppleWebKit/537.36 (KHTML, like Gecko) Ubuntu Chromium/115.0.5810.222 Chrome/115.0.5810.222 Safari/537.36"
23.146.243.201 - - [17/Jul/2025:18:00:43 +0000] "GET /cart/ HTTP/1.1" 200 66090 "https://sergio-cuchi.tattoo/checkout/" "Mozilla/5.0 (iPhone; CPU iPhone OS 18_1_1 like Mac OS X) AppleWebKit/605.1.15 (KHTML, like Gecko) Version/18.1.1 Mobile/15E148 Safari/604.1"
23.146.243.201 - - [17/Jul/2025:18:00:55 +0000] "GET /checkout HTTP/1.1" 301 - "-" "Mozilla/5.0 (iPhone; CPU iPhone OS 17_6_1 like Mac OS X) AppleWebKit/605.1.15 (KHTML, like Gecko) Version/17.6 Mobile/15E148 Safari/604.1"
23.146.243.201 - - [17/Jul/2025:18:00:56 +0000] "GET /checkout/ HTTP/1.1" 302 - "https://sergio-cuchi.tattoo/checkout" "Mozilla/5.0 (iPhone; CPU iPhone OS 17_6_1 like Mac OS X) AppleWebKit/605.1.15 (KHTML, like Gecko) Version/17.6 Mobile/15E148 Safari/604.1"
23.146.243.201 - - [17/Jul/2025:18:00:57 +0000] "GET /cart/ HTTP/1.1" 200 66086 "https://sergio-cuchi.tattoo/checkout/" "Mozilla/5.0 (iPhone; CPU iPhone OS 17_6_1 like Mac OS X) AppleWebKit/605.1.15 (KHTML, like Gecko) Version/17.6 Mobile/15E148 Safari/604.1"
209.74.77.214 - - [17/Jul/2025:18:01:19 +0000] "POST /wp-cron.php?doing_wp_cron=1752775279.5935530662536621093750 HTTP/1.1" 200 - "-" "WordPress/6.8.2; https://sergio-cuchi.tattoo"
23.146.243.201 - - [17/Jul/2025:18:01:19 +0000] "GET /favicon.ico HTTP/1.1" 302 - "-" "Mozilla/5.0 (iPhone; CPU iPhone OS 18_1_1 like Mac OS X) AppleWebKit/605.1.15 (KHTML, like Gecko) Version/18.1.1 Mobile/15E148 Safari/604.1"
23.146.243.201 - - [17/Jul/2025:18:01:19 +0000] "GET /wp-content/uploads/2025/01/cropped-android-chrome-512x512-1-32x32.png HTTP/1.1" 200 1294 "https://sergio-cuchi.tattoo/favicon.ico" "Mozilla/5.0 (iPhone; CPU iPhone OS 18_1_1 like Mac OS X) AppleWebKit/605.1.15 (KHTML, like Gecko) Version/18.1.1 Mobile/15E148 Safari/604.1"
170.106.113.235 - - [17/Jul/2025:18:02:21 +0000] "GET /wp-content/fonts/open-sans/memSYaGs126MiZpBA-UvWbX2vVnXBbObj2OVZyOOSr4dVJWUgsjZ0B4taVIGxA.woff2 HTTP/1.1" 200 18042 "-" "Mozilla/5.0 (iPhone; CPU iPhone OS 13_2_3 like Mac OS X) AppleWebKit/605.1.15 (KHTML, like Gecko) Version/13.0.3 Mobile/15E148 Safari/604.1"
209.74.77.214 - - [17/Jul/2025:18:04:26 +0000] "POST /wp-cron.php?doing_wp_cron=1752775466.1563339233398437500000 HTTP/1.1" 200 - "-" "WordPress/6.8.2; https://sergio-cuchi.tattoo"
57.141.2.2 - - [17/Jul/2025:18:04:24 +0000] "GET /?h=39186936041600& HTTP/1.1" 301 - "-" "meta-externalagent/1.1 (+https://developers.facebook.com/docs/sharing/webmasters/crawler)"
57.141.2.20 - - [17/Jul/2025:18:04:29 +0000] "GET /?h=58095058031600& HTTP/1.1" 301 - "-" "meta-externalagent/1.1 (+https://developers.facebook.com/docs/sharing/webmasters/crawler)"
57.141.2.20 - - [17/Jul/2025:18:04:32 +0000] "GET /?h=89564725031600& HTTP/1.1" 301 - "-" "meta-externalagent/1.1 (+https://developers.facebook.com/docs/sharing/webmasters/crawler)"
57.141.2.20 - - [17/Jul/2025:18:04:40 +0000] "GET /?h=104949903041600& HTTP/1.1" 301 - "-" "meta-externalagent/1.1 (+https://developers.facebook.com/docs/sharing/webmasters/crawler)"
57.141.2.10 - - [17/Jul/2025:18:04:43 +0000] "GET /?h=39186936041600 HTTP/1.1" 200 97949 "-" "meta-externalagent/1.1 (+https://developers.facebook.com/docs/sharing/webmasters/crawler)"
57.141.2.4 - - [17/Jul/2025:18:04:48 +0000] "GET /?h=58095058031600 HTTP/1.1" 200 97957 "-" "meta-externalagent/1.1 (+https://developers.facebook.com/docs/sharing/webmasters/crawler)"
57.141.2.16 - - [17/Jul/2025:18:04:52 +0000] "GET /?h=104949903041600 HTTP/1.1" 200 97956 "-" "meta-externalagent/1.1 (+https://developers.facebook.com/docs/sharing/webmasters/crawler)"
209.74.77.214 - - [17/Jul/2025:18:10:38 +0000] "POST /wp-cron.php?doing_wp_cron=1752775838.3332269191741943359375 HTTP/1.1" 200 - "-" "WordPress/6.8.2; https://sergio-cuchi.tattoo"
57.141.2.20 - - [17/Jul/2025:18:10:36 +0000] "GET /?h=75266191061600& HTTP/1.1" 301 - "-" "meta-externalagent/1.1 (+https://developers.facebook.com/docs/sharing/webmasters/crawler)"
216.73.216.66 - - [17/Jul/2025:18:12:11 +0000] "GET /robots.txt HTTP/1.1" 200 98 "-" "Mozilla/5.0 AppleWebKit/537.36 (KHTML, like Gecko; compatible; ClaudeBot/1.0; [email protected])"
216.73.216.66 - - [17/Jul/2025:18:12:11 +0000] "GET /wp-sitemap.xml HTTP/1.1" 200 4222 "-" "Mozilla/5.0 AppleWebKit/537.36 (KHTML, like Gecko; compatible; ClaudeBot/1.0; [email protected])"
209.74.77.214 - - [17/Jul/2025:18:14:20 +0000] "POST /wp-cron.php?doing_wp_cron=1752776060.1356499195098876953125 HTTP/1.1" 200 - "-" "WordPress/6.8.2; https://sergio-cuchi.tattoo"
63.179.1.172 - - [17/Jul/2025:18:14:18 +0000] "GET /cart/ HTTP/1.1" 200 66090 "-" "Mozilla/5.0 (Windows NT 10.0; Win64; x64) AppleWebKit/537.36 (KHTML, like Gecko) Chrome/130.0.0.0 Safari/537.36 Edg/130.0.0.0"
63.179.1.172 - - [17/Jul/2025:18:14:20 +0000] "GET /wp-includes/css/dist/block-library/style.min.css?ver=6.8.2 HTTP/1.1" 200 15315 "https://sergio-cuchi.tattoo/cart/" "Mozilla/5.0 (Windows NT 10.0; Win64; x64) AppleWebKit/537.36 (KHTML, like Gecko) Chrome/130.0.0.0 Safari/537.36 Edg/130.0.0.0"
63.179.1.172 - - [17/Jul/2025:18:14:21 +0000] "GET /wp-content/plugins/contact-form-7/includes/css/styles.css?ver=6.1 HTTP/1.1" 200 1031 "https://sergio-cuchi.tattoo/cart/" "Mozilla/5.0 (Windows NT 10.0; Win64; x64) AppleWebKit/537.36 (KHTML, like Gecko) Chrome/130.0.0.0 Safari/537.36 Edg/130.0.0.0"
63.179.1.172 - - [17/Jul/2025:18:14:21 +0000] "GET /wp-includes/css/dashicons.min.css?ver=6.8.2 HTTP/1.1" 200 35730 "https://sergio-cuchi.tattoo/cart/" "Mozilla/5.0 (Windows NT 10.0; Win64; x64) AppleWebKit/537.36 (KHTML, like Gecko) Chrome/130.0.0.0 Safari/537.36 Edg/130.0.0.0"
63.179.1.172 - - [17/Jul/2025:18:14:21 +0000] "GET /wp-content/plugins/maori-features/css/rrssb.css?ver=1.0.0 HTTP/1.1" 200 1446 "https://sergio-cuchi.tattoo/cart/" "Mozilla/5.0 (Windows NT 10.0; Win64; x64) AppleWebKit/537.36 (KHTML, like Gecko) Chrome/130.0.0.0 Safari/537.36 Edg/130.0.0.0"
63.179.1.172 - - [17/Jul/2025:18:14:21 +0000] "GET /wp-content/plugins/video-backgrounds-for-siteorigin-page-builder/assets/jquery.background-video.css?ver=6.8.2 HTTP/1.1" 200 1296 "https://sergio-cuchi.tattoo/cart/" "Mozilla/5.0 (Windows NT 10.0; Win64; x64) AppleWebKit/537.36 (KHTML, like Gecko) Chrome/130.0.0.0 Safari/537.36 Edg/130.0.0.0"
63.179.1.172 - - [17/Jul/2025:18:14:21 +0000] "GET /wp-content/plugins/video-backgrounds-for-siteorigin-page-builder/assets/so_video_background.css?ver=6.8.2 HTTP/1.1" 200 354 "https://sergio-cuchi.tattoo/cart/" "Mozilla/5.0 (Windows NT 10.0; Win64; x64) AppleWebKit/537.36 (KHTML, like Gecko) Chrome/130.0.0.0 Safari/537.36 Edg/130.0.0.0"
63.179.1.172 - - [17/Jul/2025:18:14:21 +0000] "GET /wp-content/plugins/leadconnector/public/css/lc-public.css?ver=3.0.10.1 HTTP/1.1" 200 106 "https://sergio-cuchi.tattoo/cart/" "Mozilla/5.0 (Windows NT 10.0; Win64; x64) AppleWebKit/537.36 (KHTML, like Gecko) Chrome/130.0.0.0 Safari/537.36 Edg/130.0.0.0"
63.179.1.172 - - [17/Jul/2025:18:14:21 +0000] "GET /wp-content/plugins/maori-features/css/style.css?ver=1.0 HTTP/1.1" 200 3605 "https://sergio-cuchi.tattoo/cart/" "Mozilla/5.0 (Windows NT 10.0; Win64; x64) AppleWebKit/537.36 (KHTML, like Gecko) Chrome/130.0.0.0 Safari/537.36 Edg/130.0.0.0"
63.179.1.172 - - [17/Jul/2025:18:14:21 +0000] "GET /wp-content/plugins/so-widgets-bundle/css/lib/select2.css?ver=6.8.2 HTTP/1.1" 200 2435 "https://sergio-cuchi.tattoo/cart/" "Mozilla/5.0 (Windows NT 10.0; Win64; x64) AppleWebKit/537.36 (KHTML, like Gecko) Chrome/130.0.0.0 Safari/537.36 Edg/130.0.0.0"
63.179.1.172 - - [17/Jul/2025:18:14:21 +0000] "GET /wp-content/plugins/woocommerce/assets/css/woocommerce.css?ver=10.0.2 HTTP/1.1" 200 10826 "https://sergio-cuchi.tattoo/cart/" "Mozilla/5.0 (Windows NT 10.0; Win64; x64) AppleWebKit/537.36 (KHTML, like Gecko) Chrome/130.0.0.0 Safari/537.36 Edg/130.0.0.0"
63.179.1.172 - - [17/Jul/2025:18:14:21 +0000] "GET /wp-content/plugins/woocommerce/assets/css/brands.css?ver=10.0.2 HTTP/1.1" 200 684 "https://sergio-cuchi.tattoo/cart/" "Mozilla/5.0 (Windows NT 10.0; Win64; x64) AppleWebKit/537.36 (KHTML, like Gecko) Chrome/130.0.0.0 Safari/537.36 Edg/130.0.0.0"
63.179.1.172 - - [17/Jul/2025:18:14:21 +0000] "GET /wp-content/themes/maori/css/fontawesome.css?ver=1.0.0 HTTP/1.1" 200 7049 "https://sergio-cuchi.tattoo/cart/" "Mozilla/5.0 (Windows NT 10.0; Win64; x64) AppleWebKit/537.36 (KHTML, like Gecko) Chrome/130.0.0.0 Safari/537.36 Edg/130.0.0.0"
63.179.1.172 - - [17/Jul/2025:18:14:21 +0000] "GET /wp-content/themes/maori/css/OverlayScrollbars.min.css?ver=1.5.2 HTTP/1.1" 200 4173 "https://sergio-cuchi.tattoo/cart/" "Mozilla/5.0 (Windows NT 10.0; Win64; x64) AppleWebKit/537.36 (KHTML, like Gecko) Chrome/130.0.0.0 Safari/537.36 Edg/130.0.0.0"
63.179.1.172 - - [17/Jul/2025:18:14:21 +0000] "GET /wp-content/themes/maori/css/slick.css?ver=1.8.0 HTTP/1.1" 200 932 "https://sergio-cuchi.tattoo/cart/" "Mozilla/5.0 (Windows NT 10.0; Win64; x64) AppleWebKit/537.36 (KHTML, like Gecko) Chrome/130.0.0.0 Safari/537.36 Edg/130.0.0.0"
63.179.1.172 - - [17/Jul/2025:18:14:21 +0000] "GET /wp-content/themes/maori/css/bootstrap.min.css?ver=4.1.0 HTTP/1.1" 200 20981 "https://sergio-cuchi.tattoo/cart/" "Mozilla/5.0 (Windows NT 10.0; Win64; x64) AppleWebKit/537.36 (KHTML, like Gecko) Chrome/130.0.0.0 Safari/537.36 Edg/130.0.0.0"
63.179.1.172 - - [17/Jul/2025:18:14:21 +0000] "GET /wp-content/themes/maori/style.css?ver=6.8.2 HTTP/1.1" 200 15219 "https://sergio-cuchi.tattoo/cart/" "Mozilla/5.0 (Windows NT 10.0; Win64; x64) AppleWebKit/537.36 (KHTML, like Gecko) Chrome/130.0.0.0 Safari/537.36 Edg/130.0.0.0"
63.179.1.172 - - [17/Jul/2025:18:14:21 +0000] "GET /wp-content/themes/maori/css/woocommerce.css?ver=1.0 HTTP/1.1" 200 6826 "https://sergio-cuchi.tattoo/cart/" "Mozilla/5.0 (Windows NT 10.0; Win64; x64) AppleWebKit/537.36 (KHTML, like Gecko) Chrome/130.0.0.0 Safari/537.36 Edg/130.0.0.0"
63.179.1.172 - - [17/Jul/2025:18:14:21 +0000] "GET /wp-includes/js/jquery/jquery.min.js?ver=3.7.1 HTTP/1.1" 200 30368 "https://sergio-cuchi.tattoo/cart/" "Mozilla/5.0 (Windows NT 10.0; Win64; x64) AppleWebKit/537.36 (KHTML, like Gecko) Chrome/130.0.0.0 Safari/537.36 Edg/130.0.0.0"
63.179.1.172 - - [17/Jul/2025:18:14:21 +0000] "GET /wp-includes/js/jquery/jquery-migrate.min.js?ver=3.4.1 HTTP/1.1" 200 4872 "https://sergio-cuchi.tattoo/cart/" "Mozilla/5.0 (Windows NT 10.0; Win64; x64) AppleWebKit/537.36 (KHTML, like Gecko) Chrome/130.0.0.0 Safari/537.36 Edg/130.0.0.0"
63.179.1.172 - - [17/Jul/2025:18:14:21 +0000] "GET /wp-content/plugins/maori-features/js/rrssb.min.js?ver=1.0.0 HTTP/1.1" 200 1938 "https://sergio-cuchi.tattoo/cart/" "Mozilla/5.0 (Windows NT 10.0; Win64; x64) AppleWebKit/537.36 (KHTML, like Gecko) Chrome/130.0.0.0 Safari/537.36 Edg/130.0.0.0"
63.179.1.172 - - [17/Jul/2025:18:14:21 +0000] "GET /wp-content/uploads/2025/01/cropped-Untitled-design.png HTTP/1.1" 200 69408 "https://sergio-cuchi.tattoo/cart/" "Mozilla/5.0 (Windows NT 10.0; Win64; x64) AppleWebKit/537.36 (KHTML, like Gecko) Chrome/130.0.0.0 Safari/537.36 Edg/130.0.0.0"
63.179.1.172 - - [17/Jul/2025:18:14:21 +0000] "GET /wp-content/themes/maori/images/mobile-logo.png HTTP/1.1" 200 32222 "https://sergio-cuchi.tattoo/cart/" "Mozilla/5.0 (Windows NT 10.0; Win64; x64) AppleWebKit/537.36 (KHTML, like Gecko) Chrome/130.0.0.0 Safari/537.36 Edg/130.0.0.0"
63.179.1.172 - - [17/Jul/2025:18:14:21 +0000] "GET /wp-content/uploads/2018/09/woo9-300x300.png HTTP/1.1" 200 5804 "https://sergio-cuchi.tattoo/cart/" "Mozilla/5.0 (Windows NT 10.0; Win64; x64) AppleWebKit/537.36 (KHTML, like Gecko) Chrome/130.0.0.0 Safari/537.36 Edg/130.0.0.0"
63.179.1.172 - - [17/Jul/2025:18:14:22 +0000] "GET /wp-content/uploads/2018/09/woo2-300x300.png HTTP/1.1" 200 8134 "https://sergio-cuchi.tattoo/cart/" "Mozilla/5.0 (Windows NT 10.0; Win64; x64) AppleWebKit/537.36 (KHTML, like Gecko) Chrome/130.0.0.0 Safari/537.36 Edg/130.0.0.0"
63.179.1.172 - - [17/Jul/2025:18:14:22 +0000] "GET /wp-content/plugins/woocommerce/assets/client/blocks/all-products.css?ver=wc-10.0.2 HTTP/1.1" 200 3480 "https://sergio-cuchi.tattoo/cart/" "Mozilla/5.0 (Windows NT 10.0; Win64; x64) AppleWebKit/537.36 (KHTML, like Gecko) Chrome/130.0.0.0 Safari/537.36 Edg/130.0.0.0"
63.179.1.172 - - [17/Jul/2025:18:14:22 +0000] "GET /wp-content/plugins/woocommerce/assets/client/blocks/wc-blocks.css?ver=wc-10.0.2 HTTP/1.1" 200 2575 "https://sergio-cuchi.tattoo/cart/" "Mozilla/5.0 (Windows NT 10.0; Win64; x64) AppleWebKit/537.36 (KHTML, like Gecko) Chrome/130.0.0.0 Safari/537.36 Edg/130.0.0.0"
63.179.1.172 - - [17/Jul/2025:18:14:22 +0000] "GET /wp-content/uploads/2018/09/woo8-300x300.png HTTP/1.1" 200 9278 "https://sergio-cuchi.tattoo/cart/" "Mozilla/5.0 (Windows NT 10.0; Win64; x64) AppleWebKit/537.36 (KHTML, like Gecko) Chrome/130.0.0.0 Safari/537.36 Edg/130.0.0.0"
63.179.1.172 - - [17/Jul/2025:18:14:22 +0000] "GET /wp-content/plugins/woocommerce/assets/client/blocks/cart.css?ver=wc-10.0.2 HTTP/1.1" 200 7810 "https://sergio-cuchi.tattoo/cart/" "Mozilla/5.0 (Windows NT 10.0; Win64; x64) AppleWebKit/537.36 (KHTML, like Gecko) Chrome/130.0.0.0 Safari/537.36 Edg/130.0.0.0"
63.179.1.172 - - [17/Jul/2025:18:14:22 +0000] "GET /wp-content/fonts/oswald/TK3IWkUHHAIjg75cFRf3bXL8LICs1_Fv40pKlN4NNSeSASz7FmlWHYg.woff2 HTTP/1.1" 200 21455 "https://sergio-cuchi.tattoo/cart/" "Mozilla/5.0 (Windows NT 10.0; Win64; x64) AppleWebKit/537.36 (KHTML, like Gecko) Chrome/130.0.0.0 Safari/537.36 Edg/130.0.0.0"
63.179.1.172 - - [17/Jul/2025:18:14:22 +0000] "GET /wp-content/themes/maori/fonts/fontawesome-webfont.woff2 HTTP/1.1" 200 77162 "https://sergio-cuchi.tattoo/wp-content/themes/maori/css/fontawesome.css?ver=1.0.0" "Mozilla/5.0 (Windows NT 10.0; Win64; x64) AppleWebKit/537.36 (KHTML, like Gecko) Chrome/130.0.0.0 Safari/537.36 Edg/130.0.0.0"
63.179.1.172 - - [17/Jul/2025:18:14:22 +0000] "GET /wp-content/fonts/open-sans/memSYaGs126MiZpBA-UvWbX2vVnXBbObj2OVZyOOSr4dVJWUgsjZ0B4gaVI.woff2 HTTP/1.1" 200 18675 "https://sergio-cuchi.tattoo/cart/" "Mozilla/5.0 (Windows NT 10.0; Win64; x64) AppleWebKit/537.36 (KHTML, like Gecko) Chrome/130.0.0.0 Safari/537.36 Edg/130.0.0.0"
63.179.1.172 - - [17/Jul/2025:18:14:22 +0000] "GET /wp-content/plugins/woocommerce/assets/client/blocks/packages-style.css?ver=wc-10.0.2 HTTP/1.1" 200 5802 "https://sergio-cuchi.tattoo/cart/" "Mozilla/5.0 (Windows NT 10.0; Win64; x64) AppleWebKit/537.36 (KHTML, like Gecko) Chrome/130.0.0.0 Safari/537.36 Edg/130.0.0.0"
63.179.1.172 - - [17/Jul/2025:18:14:22 +0000] "GET /wp-content/plugins/siteorigin-panels/css/front-flex.min.css?ver=2.32.1 HTTP/1.1" 200 563 "https://sergio-cuchi.tattoo/cart/" "Mozilla/5.0 (Windows NT 10.0; Win64; x64) AppleWebKit/537.36 (KHTML, like Gecko) Chrome/130.0.0.0 Safari/537.36 Edg/130.0.0.0"
63.179.1.172 - - [17/Jul/2025:18:14:22 +0000] "GET /wp-includes/js/dist/hooks.min.js?ver=4d63a3d491d11ffd8ac6 HTTP/1.1" 200 1648 "https://sergio-cuchi.tattoo/cart/" "Mozilla/5.0 (Windows NT 10.0; Win64; x64) AppleWebKit/537.36 (KHTML, like Gecko) Chrome/130.0.0.0 Safari/537.36 Edg/130.0.0.0"
63.179.1.172 - - [17/Jul/2025:18:14:22 +0000] "GET /wp-includes/js/dist/i18n.min.js?ver=5e580eb46a90c2b997e6 HTTP/1.1" 200 3667 "https://sergio-cuchi.tattoo/cart/" "Mozilla/5.0 (Windows NT 10.0; Win64; x64) AppleWebKit/537.36 (KHTML, like Gecko) Chrome/130.0.0.0 Safari/537.36 Edg/130.0.0.0"
63.179.1.172 - - [17/Jul/2025:18:14:22 +0000] "GET /wp-content/plugins/contact-form-7/includes/swv/js/index.js?ver=6.1 HTTP/1.1" 200 3503 "https://sergio-cuchi.tattoo/cart/" "Mozilla/5.0 (Windows NT 10.0; Win64; x64) AppleWebKit/537.36 (KHTML, like Gecko) Chrome/130.0.0.0 Safari/537.36 Edg/130.0.0.0"
63.179.1.172 - - [17/Jul/2025:18:14:22 +0000] "GET /wp-content/plugins/contact-form-7/includes/js/index.js?ver=6.1 HTTP/1.1" 200 4265 "https://sergio-cuchi.tattoo/cart/" "Mozilla/5.0 (Windows NT 10.0; Win64; x64) AppleWebKit/537.36 (KHTML, like Gecko) Chrome/130.0.0.0 Safari/537.36 Edg/130.0.0.0"
63.179.1.172 - - [17/Jul/2025:18:14:22 +0000] "GET /wp-content/plugins/maori-features/js/custom.js?ver=1.0.0 HTTP/1.1" 200 392 "https://sergio-cuchi.tattoo/cart/" "Mozilla/5.0 (Windows NT 10.0; Win64; x64) AppleWebKit/537.36 (KHTML, like Gecko) Chrome/130.0.0.0 Safari/537.36 Edg/130.0.0.0"
63.179.1.172 - - [17/Jul/2025:18:14:22 +0000] "GET /wp-content/plugins/video-backgrounds-for-siteorigin-page-builder/assets/jquery.background-video.js?ver=1.1.1 HTTP/1.1" 200 2795 "https://sergio-cuchi.tattoo/cart/" "Mozilla/5.0 (Windows NT 10.0; Win64; x64) AppleWebKit/537.36 (KHTML, like Gecko) Chrome/130.0.0.0 Safari/537.36 Edg/130.0.0.0"
63.179.1.172 - - [17/Jul/2025:18:14:22 +0000] "GET /wp-content/themes/maori/js/bootstrap.min.js?ver=4.1.0 HTTP/1.1" 200 20443 "https://sergio-cuchi.tattoo/cart/" "Mozilla/5.0 (Windows NT 10.0; Win64; x64) AppleWebKit/537.36 (KHTML, like Gecko) Chrome/130.0.0.0 Safari/537.36 Edg/130.0.0.0"
63.179.1.172 - - [17/Jul/2025:18:14:22 +0000] "GET /wp-content/themes/maori/js/jquery.overlayScrollbars.min.js?ver=1.5.2 HTTP/1.1" 200 18003 "https://sergio-cuchi.tattoo/cart/" "Mozilla/5.0 (Windows NT 10.0; Win64; x64) AppleWebKit/537.36 (KHTML, like Gecko) Chrome/130.0.0.0 Safari/537.36 Edg/130.0.0.0"
63.179.1.172 - - [17/Jul/2025:18:14:22 +0000] "GET /wp-content/themes/maori/js/salvattore.min.js?ver=1.0.9 HTTP/1.1" 200 2503 "https://sergio-cuchi.tattoo/cart/" "Mozilla/5.0 (Windows NT 10.0; Win64; x64) AppleWebKit/537.36 (KHTML, like Gecko) Chrome/130.0.0.0 Safari/537.36 Edg/130.0.0.0"
63.179.1.172 - - [17/Jul/2025:18:14:22 +0000] "GET /wp-content/themes/maori/js/slick/slick.min.js?ver=1.8.0 HTTP/1.1" 200 10753 "https://sergio-cuchi.tattoo/cart/" "Mozilla/5.0 (Windows NT 10.0; Win64; x64) AppleWebKit/537.36 (KHTML, like Gecko) Chrome/130.0.0.0 Safari/537.36 Edg/130.0.0.0"
63.179.1.172 - - [17/Jul/2025:18:14:22 +0000] "GET /wp-content/themes/maori/js/panel.js?ver=1.0.0 HTTP/1.1" 200 797 "https://sergio-cuchi.tattoo/cart/" "Mozilla/5.0 (Windows NT 10.0; Win64; x64) AppleWebKit/537.36 (KHTML, like Gecko) Chrome/130.0.0.0 Safari/537.36 Edg/130.0.0.0"
63.179.1.172 - - [17/Jul/2025:18:14:22 +0000] "GET /wp-content/themes/maori/js/custom.js?ver=1.0.0 HTTP/1.1" 200 1259 "https://sergio-cuchi.tattoo/cart/" "Mozilla/5.0 (Windows NT 10.0; Win64; x64) AppleWebKit/537.36 (KHTML, like Gecko) Chrome/130.0.0.0 Safari/537.36 Edg/130.0.0.0"
63.179.1.172 - - [17/Jul/2025:18:14:22 +0000] "GET /wp-content/plugins/woocommerce/assets/js/sourcebuster/sourcebuster.min.js?ver=10.0.2 HTTP/1.1" 200 4807 "https://sergio-cuchi.tattoo/cart/" "Mozilla/5.0 (Windows NT 10.0; Win64; x64) AppleWebKit/537.36 (KHTML, like Gecko) Chrome/130.0.0.0 Safari/537.36 Edg/130.0.0.0"
63.179.1.172 - - [17/Jul/2025:18:14:22 +0000] "GET /wp-content/plugins/woocommerce/assets/js/frontend/order-attribution.min.js?ver=10.0.2 HTTP/1.1" 200 1128 "https://sergio-cuchi.tattoo/cart/" "Mozilla/5.0 (Windows NT 10.0; Win64; x64) AppleWebKit/537.36 (KHTML, like Gecko) Chrome/130.0.0.0 Safari/537.36 Edg/130.0.0.0"
63.179.1.172 - - [17/Jul/2025:18:14:22 +0000] "GET /wp-includes/js/dist/vendor/wp-polyfill.min.js?ver=3.15.0 HTTP/1.1" 200 14471 "https://sergio-cuchi.tattoo/cart/" "Mozilla/5.0 (Windows NT 10.0; Win64; x64) AppleWebKit/537.36 (KHTML, like Gecko) Chrome/130.0.0.0 Safari/537.36 Edg/130.0.0.0"
63.179.1.172 - - [17/Jul/2025:18:14:22 +0000] "GET /wp-content/plugins/woocommerce/assets/client/blocks/wc-cart-checkout-base-frontend.js?ver=ee046eedc5351d6040d2 HTTP/1.1" 200 56237 "https://sergio-cuchi.tattoo/cart/" "Mozilla/5.0 (Windows NT 10.0; Win64; x64) AppleWebKit/537.36 (KHTML, like Gecko) Chrome/130.0.0.0 Safari/537.36 Edg/130.0.0.0"
63.179.1.172 - - [17/Jul/2025:18:14:22 +0000] "GET /wp-content/plugins/woocommerce/assets/client/blocks/wc-cart-checkout-vendors-frontend.js?ver=dc1dcf69b8c5fe0b6e90 HTTP/1.1" 200 53699 "https://sergio-cuchi.tattoo/cart/" "Mozilla/5.0 (Windows NT 10.0; Win64; x64) AppleWebKit/537.36 (KHTML, like Gecko) Chrome/130.0.0.0 Safari/537.36 Edg/130.0.0.0"
63.179.1.172 - - [17/Jul/2025:18:14:22 +0000] "GET /wp-includes/js/dist/vendor/react.min.js?ver=18.3.1.1 HTTP/1.1" 200 4165 "https://sergio-cuchi.tattoo/cart/" "Mozilla/5.0 (Windows NT 10.0; Win64; x64) AppleWebKit/537.36 (KHTML, like Gecko) Chrome/130.0.0.0 Safari/537.36 Edg/130.0.0.0"
63.179.1.172 - - [17/Jul/2025:18:14:23 +0000] "GET /wp-includes/js/dist/vendor/react-jsx-runtime.min.js?ver=18.3.1 HTTP/1.1" 200 554 "https://sergio-cuchi.tattoo/cart/" "Mozilla/5.0 (Windows NT 10.0; Win64; x64) AppleWebKit/537.36 (KHTML, like Gecko) Chrome/130.0.0.0 Safari/537.36 Edg/130.0.0.0"
63.179.1.172 - - [17/Jul/2025:18:14:23 +0000] "GET /wp-includes/js/dist/vendor/react-dom.min.js?ver=18.3.1.1 HTTP/1.1" 200 41888 "https://sergio-cuchi.tattoo/cart/" "Mozilla/5.0 (Windows NT 10.0; Win64; x64) AppleWebKit/537.36 (KHTML, like Gecko) Chrome/130.0.0.0 Safari/537.36 Edg/130.0.0.0"
63.179.1.172 - - [17/Jul/2025:18:14:23 +0000] "GET /wp-content/plugins/woocommerce/assets/client/blocks/wc-types.js?ver=35dee88875b85ff65531 HTTP/1.1" 200 1585 "https://sergio-cuchi.tattoo/cart/" "Mozilla/5.0 (Windows NT 10.0; Win64; x64) AppleWebKit/537.36 (KHTML, like Gecko) Chrome/130.0.0.0 Safari/537.36 Edg/130.0.0.0"
63.179.1.172 - - [17/Jul/2025:18:14:23 +0000] "GET /wp-content/plugins/woocommerce/assets/client/blocks/blocks-checkout-events.js?ver=2d0fd4590f6cc663947c HTTP/1.1" 200 771 "https://sergio-cuchi.tattoo/cart/" "Mozilla/5.0 (Windows NT 10.0; Win64; x64) AppleWebKit/537.36 (KHTML, like Gecko) Chrome/130.0.0.0 Safari/537.36 Edg/130.0.0.0"
63.179.1.172 - - [17/Jul/2025:18:14:23 +0000] "GET /wp-includes/js/dist/url.min.js?ver=c2964167dfe2477c14ea HTTP/1.1" 200 3851 "https://sergio-cuchi.tattoo/cart/" "Mozilla/5.0 (Windows NT 10.0; Win64; x64) AppleWebKit/537.36 (KHTML, like Gecko) Chrome/130.0.0.0 Safari/537.36 Edg/130.0.0.0"
63.179.1.172 - - [17/Jul/2025:18:14:23 +0000] "GET /wp-includes/js/dist/api-fetch.min.js?ver=3623a576c78df404ff20 HTTP/1.1" 200 2419 "https://sergio-cuchi.tattoo/cart/" "Mozilla/5.0 (Windows NT 10.0; Win64; x64) AppleWebKit/537.36 (KHTML, like Gecko) Chrome/130.0.0.0 Safari/537.36 Edg/130.0.0.0"
63.179.1.172 - - [17/Jul/2025:18:14:23 +0000] "GET /wp-content/plugins/woocommerce/assets/client/blocks/wc-settings.js?ver=4f2e7067bd1c84cca43f HTTP/1.1" 200 2589 "https://sergio-cuchi.tattoo/cart/" "Mozilla/5.0 (Windows NT 10.0; Win64; x64) AppleWebKit/537.36 (KHTML, like Gecko) Chrome/130.0.0.0 Safari/537.36 Edg/130.0.0.0"
63.179.1.172 - - [17/Jul/2025:18:14:23 +0000] "GET /wp-includes/js/dist/deprecated.min.js?ver=e1f84915c5e8ae38964c HTTP/1.1" 200 446 "https://sergio-cuchi.tattoo/cart/" "Mozilla/5.0 (Windows NT 10.0; Win64; x64) AppleWebKit/537.36 (KHTML, like Gecko) Chrome/130.0.0.0 Safari/537.36 Edg/130.0.0.0"
63.179.1.172 - - [17/Jul/2025:18:14:23 +0000] "GET /wp-includes/js/dist/dom.min.js?ver=80bd57c84b45cf04f4ce HTTP/1.1" 200 4718 "https://sergio-cuchi.tattoo/cart/" "Mozilla/5.0 (Windows NT 10.0; Win64; x64) AppleWebKit/537.36 (KHTML, like Gecko) Chrome/130.0.0.0 Safari/537.36 Edg/130.0.0.0"
