66.249.79.170 - - [18/Jul/2025:00:07:55 +0000] "GET /?h=119725693021600&mod=b6d7a316&uri=shop.php?goods/38209112.shtml HTTP/1.1" 200 19011 "-" "Mozilla/5.0 (Linux; Android 6.0.1; Nexus 5X Build/MMB29P) AppleWebKit/537.36 (KHTML, like Gecko) Chrome/137.0.7151.103 Mobile Safari/537.36 (compatible; Googlebot/2.1; +http://www.google.com/bot.html)"
66.249.79.172 - - [18/Jul/2025:00:08:01 +0000] "GET / HTTP/1.1" 200 19103 "-" "Mozilla/5.0 (Linux; Android 6.0.1; Nexus 5X Build/MMB29P) AppleWebKit/537.36 (KHTML, like Gecko) Chrome/137.0.7151.103 Mobile Safari/537.36 (compatible; Googlebot/2.1; +http://www.google.com/bot.html)"
66.249.79.172 - - [18/Jul/2025:00:08:02 +0000] "GET /?h=114240443031600&mod=149cacc4&uri=form.php?goods/35071404.shtml HTTP/1.1" 200 19496 "-" "Mozilla/5.0 (Linux; Android 6.0.1; Nexus 5X Build/MMB29P) AppleWebKit/537.36 (KHTML, like Gecko) Chrome/137.0.7151.103 Mobile Safari/537.36 (compatible; Googlebot/2.1; +http://www.google.com/bot.html)"
66.249.79.171 - - [18/Jul/2025:00:08:02 +0000] "GET /?h=36463779091600&mod=48a66b4c&uri=shared.php?goods/2002438.shtml HTTP/1.1" 200 19489 "-" "Mozilla/5.0 (Linux; Android 6.0.1; Nexus 5X Build/MMB29P) AppleWebKit/537.36 (KHTML, like Gecko) Chrome/137.0.7151.103 Mobile Safari/537.36 (compatible; Googlebot/2.1; +http://www.google.com/bot.html)"
209.74.77.214 - - [18/Jul/2025:00:08:12 +0000] "POST /wp-cron.php?doing_wp_cron=1752797292.1724870204925537109375 HTTP/1.1" 200 - "-" "WordPress/6.8.2; https://sergio-cuchi.tattoo"
45.61.186.104 - - [18/Jul/2025:00:08:12 +0000] "POST /wp-login.php HTTP/1.1" 200 6924 "-" "Mozilla/5.0 (Macintosh; Intel Mac OS X 10_9_3) AppleWebKit/537.75.14 (KHTML, like Gecko) Version/7.0.3 Safari/537.75.14"
66.249.79.170 - - [18/Jul/2025:00:08:16 +0000] "GET /robots.txt HTTP/1.1" 200 98 "-" "Mozilla/5.0 (compatible; Googlebot/2.1; +http://www.google.com/bot.html)"
66.249.79.171 - - [18/Jul/2025:00:08:16 +0000] "POST /get-message-notify HTTP/1.1" 200 18155 "https://sergio-cuchi.tattoo/?h=52841838061600&mod=99d4eaef&uri=dp.php?goods/1983046.shtml" "Mozilla/5.0 (Linux; Android 6.0.1; Nexus 5X Build/MMB29P) AppleWebKit/537.36 (KHTML, like Gecko) Chrome/137.0.7151.119 Mobile Safari/537.36 (compatible; Googlebot/2.1; +http://www.google.com/bot.html)"
209.74.77.214 - - [18/Jul/2025:00:08:28 +0000] "POST /wp-cron.php?doing_wp_cron=1752797308.6201388835906982421875 HTTP/1.1" 200 - "-" "WordPress/6.8.2; https://sergio-cuchi.tattoo"
57.141.2.4 - - [18/Jul/2025:00:08:28 +0000] "GET /?h=17714429031600& HTTP/1.1" 301 - "-" "meta-externalagent/1.1 (+https://developers.facebook.com/docs/sharing/webmasters/crawler)"
198.98.53.3 - - [18/Jul/2025:00:08:29 +0000] "GET /wp-login.php HTTP/1.1" 200 6668 "-" "Mozilla/5.0 (Macintosh; Intel Mac OS X 10_6_8) AppleWebKit/534.59.10 (KHTML, like Gecko) Version/5.1.9 Safari/534.59.10"
198.98.53.3 - - [18/Jul/2025:00:08:30 +0000] "POST /wp-login.php HTTP/1.1" 200 6924 "-" "Mozilla/5.0 (Macintosh; Intel Mac OS X 10_6_8) AppleWebKit/534.59.10 (KHTML, like Gecko) Version/5.1.9 Safari/534.59.10"
57.141.2.21 - - [18/Jul/2025:00:08:31 +0000] "GET /?h=71657176011600& HTTP/1.1" 301 - "-" "meta-externalagent/1.1 (+https://developers.facebook.com/docs/sharing/webmasters/crawler)"
66.249.79.172 - - [18/Jul/2025:00:10:17 +0000] "GET /robots.txt HTTP/1.1" 200 98 "-" "Mozilla/5.0 (compatible; Googlebot/2.1; +http://www.google.com/bot.html)"
66.249.79.170 - - [18/Jul/2025:00:10:17 +0000] "GET /?h=5725731031600&mod=a67f145f&uri=category-info.php?goods/37342566.shtml HTTP/1.1" 200 18853 "-" "Mozilla/5.0 (Linux; Android 6.0.1; Nexus 5X Build/MMB29P) AppleWebKit/537.36 (KHTML, like Gecko) Chrome/137.0.7151.103 Mobile Safari/537.36 (compatible; Googlebot/2.1; +http://www.google.com/bot.html)"
66.249.79.170 - - [18/Jul/2025:00:11:31 +0000] "GET /robots.txt HTTP/1.1" 200 98 "-" "Mozilla/5.0 (compatible; Googlebot/2.1; +http://www.google.com/bot.html)"
66.249.79.171 - - [18/Jul/2025:00:11:31 +0000] "GET /?h=5729124071600&mod=a67f145f&uri=dp.php%3Fid%3D191321-334%26name%3Done+piece+reverie+arc HTTP/1.1" 200 18369 "-" "Mozilla/5.0 (Linux; Android 6.0.1; Nexus 5X Build/MMB29P) AppleWebKit/537.36 (KHTML, like Gecko) Chrome/137.0.7151.103 Mobile Safari/537.36 (compatible; Googlebot/2.1; +http://www.google.com/bot.html)"
66.249.79.170 - - [18/Jul/2025:00:11:59 +0000] "GET /?h=114240443031600&mod=149cacc4&uri=form.php?goods/35070666.shtml HTTP/1.1" 200 19038 "-" "Mozilla/5.0 (Linux; Android 6.0.1; Nexus 5X Build/MMB29P) AppleWebKit/537.36 (KHTML, like Gecko) Chrome/137.0.7151.103 Mobile Safari/537.36 (compatible; Googlebot/2.1; +http://www.google.com/bot.html)"
66.249.79.171 - - [18/Jul/2025:00:12:07 +0000] "POST /get-message-notify HTTP/1.1" 200 18155 "https://sergio-cuchi.tattoo/?h=114240443031600&mod=149cacc4&uri=form.php?goods/35070666.shtml" "Mozilla/5.0 (Linux; Android 6.0.1; Nexus 5X Build/MMB29P) AppleWebKit/537.36 (KHTML, like Gecko) Chrome/137.0.7151.119 Mobile Safari/537.36 (compatible; Googlebot/2.1; +http://www.google.com/bot.html)"
66.249.79.170 - - [18/Jul/2025:00:12:27 +0000] "POST /get-message-notify HTTP/1.1" 200 18155 "https://sergio-cuchi.tattoo/?h=5725731031600&mod=a67f145f&uri=category-info.php?goods/37342566.shtml" "Mozilla/5.0 (Linux; Android 6.0.1; Nexus 5X Build/MMB29P) AppleWebKit/537.36 (KHTML, like Gecko) Chrome/137.0.7151.119 Mobile Safari/537.36 (compatible; Googlebot/2.1; +http://www.google.com/bot.html)"
66.249.79.170 - - [18/Jul/2025:00:13:33 +0000] "GET /robots.txt HTTP/1.1" 200 98 "-" "Mozilla/5.0 (compatible; Googlebot/2.1; +http://www.google.com/bot.html)"
66.249.79.171 - - [18/Jul/2025:00:13:33 +0000] "GET /?h=5546374021600&mod=23f1d15c&uri=products.php?goods/1985554.shtml HTTP/1.1" 200 19353 "-" "Mozilla/5.0 (Linux; Android 6.0.1; Nexus 5X Build/MMB29P) AppleWebKit/537.36 (KHTML, like Gecko) Chrome/137.0.7151.103 Mobile Safari/537.36 (compatible; Googlebot/2.1; +http://www.google.com/bot.html)"
209.74.77.214 - - [18/Jul/2025:00:14:45 +0000] "POST /wp-cron.php?doing_wp_cron=1752797685.2774519920349121093750 HTTP/1.1" 200 - "-" "WordPress/6.8.2; https://sergio-cuchi.tattoo"
57.141.2.3 - - [18/Jul/2025:00:14:43 +0000] "GET /?h=79539980041600& HTTP/1.1" 301 - "-" "meta-externalagent/1.1 (+https://developers.facebook.com/docs/sharing/webmasters/crawler)"
57.141.2.4 - - [18/Jul/2025:00:14:49 +0000] "GET /?h=79539980041600 HTTP/1.1" 200 97960 "-" "meta-externalagent/1.1 (+https://developers.facebook.com/docs/sharing/webmasters/crawler)"
66.249.79.171 - - [18/Jul/2025:00:15:35 +0000] "GET /robots.txt HTTP/1.1" 200 98 "-" "Mozilla/5.0 (compatible; Googlebot/2.1; +http://www.google.com/bot.html)"
66.249.79.171 - - [18/Jul/2025:00:15:35 +0000] "GET /?h=5546374021600&mod=23f1d15c&uri=products.php?goods/2005202.shtml HTTP/1.1" 200 18389 "-" "Mozilla/5.0 (Linux; Android 6.0.1; Nexus 5X Build/MMB29P) AppleWebKit/537.36 (KHTML, like Gecko) Chrome/137.0.7151.103 Mobile Safari/537.36 (compatible; Googlebot/2.1; +http://www.google.com/bot.html)"
66.249.79.171 - - [18/Jul/2025:00:15:53 +0000] "POST /get-message-notify HTTP/1.1" 200 18155 "https://sergio-cuchi.tattoo/?h=5546374021600&mod=23f1d15c&uri=products.php?goods/2005202.shtml" "Mozilla/5.0 (Linux; Android 6.0.1; Nexus 5X Build/MMB29P) AppleWebKit/537.36 (KHTML, like Gecko) Chrome/137.0.7151.119 Mobile Safari/537.36 (compatible; Googlebot/2.1; +http://www.google.com/bot.html)"
66.249.79.172 - - [18/Jul/2025:00:16:42 +0000] "GET /?h=5531494091600&mod=3dd420c4&uri=pin.php?goods/37986598.shtml HTTP/1.1" 200 19538 "-" "Mozilla/5.0 (Linux; Android 6.0.1; Nexus 5X Build/MMB29P) AppleWebKit/537.36 (KHTML, like Gecko) Chrome/137.0.7151.103 Mobile Safari/537.36 (compatible; Googlebot/2.1; +http://www.google.com/bot.html)"
66.249.79.171 - - [18/Jul/2025:00:17:11 +0000] "POST /get-message-notify HTTP/1.1" 200 18155 "https://sergio-cuchi.tattoo/?h=5902991041600&mod=7232a90e&uri=products.php?goods/2017338.shtml" "Mozilla/5.0 (Linux; Android 6.0.1; Nexus 5X Build/MMB29P) AppleWebKit/537.36 (KHTML, like Gecko) Chrome/137.0.7151.119 Mobile Safari/537.36 (compatible; Googlebot/2.1; +http://www.google.com/bot.html)"
66.249.79.171 - - [18/Jul/2025:00:17:33 +0000] "GET /?h=50661533041600&mod=744a3718&uri=info.php?goods/1991040.shtml HTTP/1.1" 200 18715 "-" "Mozilla/5.0 (Linux; Android 6.0.1; Nexus 5X Build/MMB29P) AppleWebKit/537.36 (KHTML, like Gecko) Chrome/137.0.7151.103 Mobile Safari/537.36 (compatible; Googlebot/2.1; +http://www.google.com/bot.html)"
66.249.79.172 - - [18/Jul/2025:00:19:21 +0000] "GET /?h=5459502021600&mod=ba347fcc&uri=category-info.php?goods/2008666.shtml HTTP/1.1" 200 19138 "-" "Mozilla/5.0 (Linux; Android 6.0.1; Nexus 5X Build/MMB29P) AppleWebKit/537.36 (KHTML, like Gecko) Chrome/137.0.7151.103 Mobile Safari/537.36 (compatible; Googlebot/2.1; +http://www.google.com/bot.html)"
66.249.79.171 - - [18/Jul/2025:00:20:09 +0000] "POST /get-message-notify HTTP/1.1" 200 18155 "https://sergio-cuchi.tattoo/?h=5546374021600&mod=23f1d15c&uri=products.php?goods/1985554.shtml" "Mozilla/5.0 (Linux; Android 6.0.1; Nexus 5X Build/MMB29P) AppleWebKit/537.36 (KHTML, like Gecko) Chrome/137.0.7151.119 Mobile Safari/537.36 (compatible; Googlebot/2.1; +http://www.google.com/bot.html)"
209.74.77.214 - - [18/Jul/2025:00:20:51 +0000] "POST /wp-cron.php?doing_wp_cron=1752798051.7811429500579833984375 HTTP/1.1" 200 - "-" "WordPress/6.8.2; https://sergio-cuchi.tattoo"
57.141.2.5 - - [18/Jul/2025:00:20:50 +0000] "GET /?h=44569755091600& HTTP/1.1" 301 - "-" "meta-externalagent/1.1 (+https://developers.facebook.com/docs/sharing/webmasters/crawler)"
66.249.79.172 - - [18/Jul/2025:00:21:03 +0000] "GET /?h=119396117091600&mod=6bca76ce&uri=itm.php?goods/1982692.shtml HTTP/1.1" 200 18853 "-" "Mozilla/5.0 (Linux; Android 6.0.1; Nexus 5X Build/MMB29P) AppleWebKit/537.36 (KHTML, like Gecko) Chrome/137.0.7151.103 Mobile Safari/537.36 (compatible; Googlebot/2.1; +http://www.google.com/bot.html)"
66.249.79.170 - - [18/Jul/2025:00:21:13 +0000] "POST /get-message-notify HTTP/1.1" 200 18155 "https://sergio-cuchi.tattoo/?h=119396117091600&mod=6bca76ce&uri=itm.php?goods/1982692.shtml" "Mozilla/5.0 (Linux; Android 6.0.1; Nexus 5X Build/MMB29P) AppleWebKit/537.36 (KHTML, like Gecko) Chrome/137.0.7151.119 Mobile Safari/537.36 (compatible; Googlebot/2.1; +http://www.google.com/bot.html)"
66.249.79.172 - - [18/Jul/2025:00:23:08 +0000] "GET /?h=5649331031600&mod=ab330135&uri=us.php?goods/3308704.shtml HTTP/1.1" 200 18842 "-" "Mozilla/5.0 (Linux; Android 6.0.1; Nexus 5X Build/MMB29P) AppleWebKit/537.36 (KHTML, like Gecko) Chrome/137.0.7151.103 Mobile Safari/537.36 (compatible; Googlebot/2.1; +http://www.google.com/bot.html)"
66.249.79.170 - - [18/Jul/2025:00:23:22 +0000] "POST /get-message-notify HTTP/1.1" 200 18155 "https://sergio-cuchi.tattoo/?h=5649331031600&mod=ab330135&uri=us.php?goods/3308704.shtml" "Mozilla/5.0 (Linux; Android 6.0.1; Nexus 5X Build/MMB29P) AppleWebKit/537.36 (KHTML, like Gecko) Chrome/137.0.7151.119 Mobile Safari/537.36 (compatible; Googlebot/2.1; +http://www.google.com/bot.html)"
66.249.79.170 - - [18/Jul/2025:00:25:01 +0000] "GET /?h=114083122011600&mod=a67f145f&uri=search.php?goods/2019714.shtml HTTP/1.1" 200 19444 "-" "Mozilla/5.0 (Linux; Android 6.0.1; Nexus 5X Build/MMB29P) AppleWebKit/537.36 (KHTML, like Gecko) Chrome/137.0.7151.103 Mobile Safari/537.36 (compatible; Googlebot/2.1; +http://www.google.com/bot.html)"
209.74.77.214 - - [18/Jul/2025:00:25:35 +0000] "POST /wp-cron.php?doing_wp_cron=1752798335.3366711139678955078125 HTTP/1.1" 200 - "-" "WordPress/6.8.2; https://sergio-cuchi.tattoo"
57.141.2.4 - - [18/Jul/2025:00:25:33 +0000] "GET /?h=94030232001600& HTTP/1.1" 301 - "-" "meta-externalagent/1.1 (+https://developers.facebook.com/docs/sharing/webmasters/crawler)"
66.249.79.170 - - [18/Jul/2025:00:28:16 +0000] "POST /get-message-notify HTTP/1.1" 200 18155 "https://sergio-cuchi.tattoo/?h=114083122011600&mod=a67f145f&uri=search.php?goods/2019714.shtml" "Mozilla/5.0 (Linux; Android 6.0.1; Nexus 5X Build/MMB29P) AppleWebKit/537.36 (KHTML, like Gecko) Chrome/137.0.7151.119 Mobile Safari/537.36 (compatible; Googlebot/2.1; +http://www.google.com/bot.html)"
66.249.79.171 - - [18/Jul/2025:00:28:33 +0000] "GET /?h=114083122011600&mod=a67f145f&uri=search.php?cargo/detail HTTP/1.1" 200 19554 "-" "Mozilla/5.0 (Linux; Android 6.0.1; Nexus 5X Build/MMB29P) AppleWebKit/537.36 (KHTML, like Gecko) Chrome/137.0.7151.103 Mobile Safari/537.36 (compatible; Googlebot/2.1; +http://www.google.com/bot.html)"
209.74.77.214 - - [18/Jul/2025:00:28:50 +0000] "POST /wp-cron.php?doing_wp_cron=1752798530.3836910724639892578125 HTTP/1.1" 200 - "-" "WordPress/6.8.2; https://sergio-cuchi.tattoo"
57.141.2.18 - - [18/Jul/2025:00:28:49 +0000] "GET /?h=19275794031600& HTTP/1.1" 301 - "-" "meta-externalagent/1.1 (+https://developers.facebook.com/docs/sharing/webmasters/crawler)"
57.141.2.6 - - [18/Jul/2025:00:28:50 +0000] "GET /?h=43045174021600& HTTP/1.1" 301 - "-" "meta-externalagent/1.1 (+https://developers.facebook.com/docs/sharing/webmasters/crawler)"
57.141.2.18 - - [18/Jul/2025:00:28:56 +0000] "GET /?h=43045174021600 HTTP/1.1" 200 97948 "-" "meta-externalagent/1.1 (+https://developers.facebook.com/docs/sharing/webmasters/crawler)"
57.141.2.17 - - [18/Jul/2025:00:29:02 +0000] "GET /?h=11485951031600& HTTP/1.1" 301 - "-" "meta-externalagent/1.1 (+https://developers.facebook.com/docs/sharing/webmasters/crawler)"
57.141.2.13 - - [18/Jul/2025:00:29:06 +0000] "GET /?h=11485951031600 HTTP/1.1" 200 97960 "-" "meta-externalagent/1.1 (+https://developers.facebook.com/docs/sharing/webmasters/crawler)"
66.249.79.171 - - [18/Jul/2025:00:29:34 +0000] "GET /?h=5725731031600&mod=a67f145f&uri=category-info.php?goods/3309058.shtml HTTP/1.1" 200 18540 "-" "Mozilla/5.0 (Linux; Android 6.0.1; Nexus 5X Build/MMB29P) AppleWebKit/537.36 (KHTML, like Gecko) Chrome/137.0.7151.103 Mobile Safari/537.36 (compatible; Googlebot/2.1; +http://www.google.com/bot.html)"
66.249.79.171 - - [18/Jul/2025:00:29:37 +0000] "POST /get-message-notify HTTP/1.1" 200 18155 "https://sergio-cuchi.tattoo/?h=5725731031600&mod=a67f145f&uri=category-info.php?goods/3309058.shtml" "Mozilla/5.0 (Linux; Android 6.0.1; Nexus 5X Build/MMB29P) AppleWebKit/537.36 (KHTML, like Gecko) Chrome/137.0.7151.119 Mobile Safari/537.36 (compatible; Googlebot/2.1; +http://www.google.com/bot.html)"
209.74.77.214 - - [18/Jul/2025:00:29:41 +0000] "POST /wp-cron.php?doing_wp_cron=1752798581.2401530742645263671875 HTTP/1.1" 200 - "-" "WordPress/6.8.2; https://sergio-cuchi.tattoo"
57.141.2.17 - - [18/Jul/2025:00:29:40 +0000] "GET /?h=54451362041600& HTTP/1.1" 301 - "-" "meta-externalagent/1.1 (+https://developers.facebook.com/docs/sharing/webmasters/crawler)"
66.249.79.172 - - [18/Jul/2025:00:32:34 +0000] "GET /?h=5218799001600&mod=61501c1f&uri=products.php?pcsp.html HTTP/1.1" 200 19447 "-" "Mozilla/5.0 (Linux; Android 6.0.1; Nexus 5X Build/MMB29P) AppleWebKit/537.36 (KHTML, like Gecko) Chrome/137.0.7151.103 Mobile Safari/537.36 (compatible; Googlebot/2.1; +http://www.google.com/bot.html)"
66.249.79.171 - - [18/Jul/2025:00:35:59 +0000] "GET /?h=5531494091600&mod=3dd420c4&uri=pin.php?goods/37982452.shtml HTTP/1.1" 200 18885 "-" "Mozilla/5.0 (Linux; Android 6.0.1; Nexus 5X Build/MMB29P) AppleWebKit/537.36 (KHTML, like Gecko) Chrome/137.0.7151.103 Mobile Safari/537.36 (compatible; Googlebot/2.1; +http://www.google.com/bot.html)"
66.249.79.170 - - [18/Jul/2025:00:36:06 +0000] "GET /?h=5218799001600&mod=61501c1f&uri=products.php?feature/yokohama_maruicity/index.html HTTP/1.1" 200 19174 "-" "Mozilla/5.0 (Linux; Android 6.0.1; Nexus 5X Build/MMB29P) AppleWebKit/537.36 (KHTML, like Gecko) Chrome/137.0.7151.103 Mobile Safari/537.36 (compatible; Googlebot/2.1; +http://www.google.com/bot.html)"
66.249.79.170 - - [18/Jul/2025:00:36:16 +0000] "POST /get-message-notify HTTP/1.1" 200 18155 "https://sergio-cuchi.tattoo/?h=5218799001600&mod=61501c1f&uri=products.php?feature/yokohama_maruicity/index.html" "Mozilla/5.0 (Linux; Android 6.0.1; Nexus 5X Build/MMB29P) AppleWebKit/537.36 (KHTML, like Gecko) Chrome/137.0.7151.119 Mobile Safari/537.36 (compatible; Googlebot/2.1; +http://www.google.com/bot.html)"
209.74.77.214 - - [18/Jul/2025:00:37:56 +0000] "POST /wp-cron.php?doing_wp_cron=1752799076.3078498840332031250000 HTTP/1.1" 200 - "-" "WordPress/6.8.2; https://sergio-cuchi.tattoo"
57.141.2.1 - - [18/Jul/2025:00:37:54 +0000] "GET /?h=9975099041600& HTTP/1.1" 301 - "-" "meta-externalagent/1.1 (+https://developers.facebook.com/docs/sharing/webmasters/crawler)"
57.141.2.24 - - [18/Jul/2025:00:37:59 +0000] "GET /?h=9975099041600 HTTP/1.1" 200 97954 "-" "meta-externalagent/1.1 (+https://developers.facebook.com/docs/sharing/webmasters/crawler)"
209.74.77.214 - - [18/Jul/2025:00:39:22 +0000] "POST /wp-cron.php?doing_wp_cron=1752799162.0476000308990478515625 HTTP/1.1" 200 - "-" "WordPress/6.8.2; https://sergio-cuchi.tattoo"
57.141.2.23 - - [18/Jul/2025:00:39:20 +0000] "GET /?h=107604621061600& HTTP/1.1" 301 - "-" "meta-externalagent/1.1 (+https://developers.facebook.com/docs/sharing/webmasters/crawler)"
66.249.79.170 - - [18/Jul/2025:00:42:27 +0000] "GET /?h=5531494091600&mod=3dd420c4&uri=pin.php?goods/37345420.shtml HTTP/1.1" 200 19059 "-" "Mozilla/5.0 (Linux; Android 6.0.1; Nexus 5X Build/MMB29P) AppleWebKit/537.36 (KHTML, like Gecko) Chrome/137.0.7151.103 Mobile Safari/537.36 (compatible; Googlebot/2.1; +http://www.google.com/bot.html)"
209.74.77.214 - - [18/Jul/2025:00:47:06 +0000] "POST /wp-cron.php?doing_wp_cron=1752799626.2793719768524169921875 HTTP/1.1" 200 - "-" "WordPress/6.8.2; https://sergio-cuchi.tattoo"
5.133.192.140 - - [18/Jul/2025:00:47:04 +0000] "GET / HTTP/1.1" 200 16283 "-" "Mozilla/5.0 (Windows NT 10.0; Win64; x64) AppleWebKit/537.36 (KHTML, like Gecko) Chrome/105.0.0.0 Safari/537.36"
5.133.192.140 - - [18/Jul/2025:00:47:10 +0000] "GET /wp-content/uploads/2025/01/cropped-android-chrome-512x512-1-32x32.png HTTP/1.1" 200 1294 "-" "Mozilla/5.0 (Windows NT 10.0; Win64; x64) AppleWebKit/537.36 (KHTML, like Gecko) Chrome/105.0.0.0 Safari/537.36"
209.74.77.214 - - [18/Jul/2025:00:47:25 +0000] "POST /wp-cron.php?doing_wp_cron=1752799645.9176919460296630859375 HTTP/1.1" 200 - "-" "WordPress/6.8.2; https://sergio-cuchi.tattoo"
57.141.2.5 - - [18/Jul/2025:00:47:25 +0000] "GET /?h=30185679001600& HTTP/1.1" 301 - "-" "meta-externalagent/1.1 (+https://developers.facebook.com/docs/sharing/webmasters/crawler)"
66.249.79.172 - - [18/Jul/2025:00:47:27 +0000] "GET /?h=36463779091600&mod=48a66b4c&uri=shared.php?goods/1996530.shtml HTTP/1.1" 200 19057 "-" "Mozilla/5.0 (Linux; Android 6.0.1; Nexus 5X Build/MMB29P) AppleWebKit/537.36 (KHTML, like Gecko) Chrome/137.0.7151.103 Mobile Safari/537.36 (compatible; Googlebot/2.1; +http://www.google.com/bot.html)"
66.249.79.171 - - [18/Jul/2025:00:48:51 +0000] "GET /?h=111918169011600&mod=e22dd5da&uri=article.php?kaden.html HTTP/1.1" 200 19312 "-" "Mozilla/5.0 (Linux; Android 6.0.1; Nexus 5X Build/MMB29P) AppleWebKit/537.36 (KHTML, like Gecko) Chrome/137.0.7151.103 Mobile Safari/537.36 (compatible; Googlebot/2.1; +http://www.google.com/bot.html)"
209.74.77.214 - - [18/Jul/2025:00:49:28 +0000] "POST /wp-cron.php?doing_wp_cron=1752799768.0705630779266357421875 HTTP/1.1" 200 - "-" "WordPress/6.8.2; https://sergio-cuchi.tattoo"
57.141.2.16 - - [18/Jul/2025:00:49:26 +0000] "GET /?h=48530474041600& HTTP/1.1" 301 - "-" "meta-externalagent/1.1 (+https://developers.facebook.com/docs/sharing/webmasters/crawler)"
57.141.2.18 - - [18/Jul/2025:00:49:31 +0000] "GET /?h=48530474041600 HTTP/1.1" 200 97957 "-" "meta-externalagent/1.1 (+https://developers.facebook.com/docs/sharing/webmasters/crawler)"
209.74.77.214 - - [18/Jul/2025:00:50:31 +0000] "POST /wp-cron.php?doing_wp_cron=1752799831.8980081081390380859375 HTTP/1.1" 200 - "-" "WordPress/6.8.2; https://sergio-cuchi.tattoo"
57.141.2.3 - - [18/Jul/2025:00:50:30 +0000] "GET /?h=51871075031600& HTTP/1.1" 301 - "-" "meta-externalagent/1.1 (+https://developers.facebook.com/docs/sharing/webmasters/crawler)"
66.249.79.172 - - [18/Jul/2025:00:51:00 +0000] "GET /?h=47255312081600&mod=3dd420c4&uri=article.php?goods/2022824.shtml HTTP/1.1" 200 19778 "-" "Mozilla/5.0 (Linux; Android 6.0.1; Nexus 5X Build/MMB29P) AppleWebKit/537.36 (KHTML, like Gecko) Chrome/137.0.7151.103 Mobile Safari/537.36 (compatible; Googlebot/2.1; +http://www.google.com/bot.html)"
66.249.79.171 - - [18/Jul/2025:00:51:07 +0000] "POST /get-message-notify HTTP/1.1" 200 18155 "https://sergio-cuchi.tattoo/?h=47255312081600&mod=3dd420c4&uri=article.php?goods/2022824.shtml" "Mozilla/5.0 (Linux; Android 6.0.1; Nexus 5X Build/MMB29P) AppleWebKit/537.36 (KHTML, like Gecko) Chrome/137.0.7151.119 Mobile Safari/537.36 (compatible; Googlebot/2.1; +http://www.google.com/bot.html)"
45.227.253.15 - - [18/Jul/2025:00:53:23 +0000] "GET /cgi-bin/cgi-bin/cgi-bin/index.php?ARRAY=7o2230223n313735323830333731302p2231223n22687474703n5p2s5p2s7n7334383376313373752r746s6566612r626p6s675p2s3s6p633q7068705s636s64655s6n6326743q313735323830303131302q3138623737326661363031383030316539303335333732376332356566646236222p2232223n223335356232633330666630333539376531323638326432636630643338363334222p2233223n223739356665343238326538306539353539353835323737623233313331633532222p2262696r675s70617373223n2232362q34352q35392q36342q37312q38352q3131227q HTTP/1.1" 200 - "-" "Mozilla/5.0 (Macintosh; Intel Mac OS X 10_15_7) AppleWebKit/537.36 (KHTML, like Gecko) Chrome/86.0.4240.111 Safari/537.36 Edg/86.0.622.51"
60.188.57.0 - - [18/Jul/2025:00:53:54 +0000] "GET / HTTP/1.1" 200 16282 "http://sergio-cuchi.tattoo" "Mozilla/5.0 (iPhone; CPU iPhone OS 13_2_3 like Mac OS X) AppleWebKit/605.1.15 (KHTML, like Gecko) Version/13.0.3 Mobile/15E148 Safari/604.1"
66.249.79.171 - - [18/Jul/2025:00:54:48 +0000] "GET /?h=34548073011600&mod=8b3abac1&uri=info.php%3Fid%3D1153091-332%26name%3Dhousefull+bala+gana HTTP/1.1" 200 18374 "-" "Mozilla/5.0 (Linux; Android 6.0.1; Nexus 5X Build/MMB29P) AppleWebKit/537.36 (KHTML, like Gecko) Chrome/137.0.7151.103 Mobile Safari/537.36 (compatible; Googlebot/2.1; +http://www.google.com/bot.html)"
66.249.79.172 - - [18/Jul/2025:00:54:52 +0000] "POST /get-message-notify HTTP/1.1" 200 18155 "https://sergio-cuchi.tattoo/?h=34548073011600&mod=8b3abac1&uri=info.php%3Fid%3D1153091-332%26name%3Dhousefull+bala+gana" "Mozilla/5.0 (Linux; Android 6.0.1; Nexus 5X Build/MMB29P) AppleWebKit/537.36 (KHTML, like Gecko) Chrome/137.0.7151.119 Mobile Safari/537.36 (compatible; Googlebot/2.1; +http://www.google.com/bot.html)"
66.249.79.170 - - [18/Jul/2025:00:55:16 +0000] "GET /?h=111918169011600&mod=e22dd5da&uri=article.php?man/kaitori/kaitoritop.html HTTP/1.1" 200 18839 "-" "Mozilla/5.0 (Linux; Android 6.0.1; Nexus 5X Build/MMB29P) AppleWebKit/537.36 (KHTML, like Gecko) Chrome/137.0.7151.103 Mobile Safari/537.36 (compatible; Googlebot/2.1; +http://www.google.com/bot.html)"
66.249.79.170 - - [18/Jul/2025:01:01:44 +0000] "GET /?h=111918169011600&mod=e22dd5da&uri=article.php?goods/2026612.shtml HTTP/1.1" 200 19161 "-" "Mozilla/5.0 (Linux; Android 6.0.1; Nexus 5X Build/MMB29P) AppleWebKit/537.36 (KHTML, like Gecko) Chrome/137.0.7151.103 Mobile Safari/537.36 (compatible; Googlebot/2.1; +http://www.google.com/bot.html)"
209.74.77.214 - - [18/Jul/2025:01:02:02 +0000] "POST /wp-cron.php?doing_wp_cron=1752800521.9596219062805175781250 HTTP/1.1" 200 - "-" "WordPress/6.8.2; https://sergio-cuchi.tattoo"
205.185.122.222 - - [18/Jul/2025:01:02:00 +0000] "GET /wp-login.php HTTP/1.1" 200 6668 "-" "Mozilla/5.0 (Macintosh; Intel Mac OS X 10_9_3) AppleWebKit/537.76.4 (KHTML, like Gecko) Version/7.0.4 Safari/537.76.4"
45.204.9.56 - - [18/Jul/2025:01:02:56 +0000] "GET /index.php/allsitemap.xml HTTP/1.1" 200 4214 "-" "Mozilla/5.0 (Windows NT 10.0; Win64; x64) AppleWebKit/537.36 (KHTML, like Gecko) Chrome/109.0.0.0 Safari/537.36"
45.204.9.56 - - [18/Jul/2025:01:03:15 +0000] "GET /db.php/allsitemap.xml HTTP/1.1" 403 4214 "-" "Mozilla/5.0 (Windows NT 10.0; Win64; x64) AppleWebKit/537.36 (KHTML, like Gecko) Chrome/109.0.0.0 Safari/537.36"
209.74.77.214 - - [18/Jul/2025:01:05:48 +0000] "POST /wp-cron.php?doing_wp_cron=1752800748.0194399356842041015625 HTTP/1.1" 200 - "-" "WordPress/6.8.2; https://sergio-cuchi.tattoo"
57.141.2.24 - - [18/Jul/2025:01:05:46 +0000] "GET /?h=113630137051600& HTTP/1.1" 301 - "-" "meta-externalagent/1.1 (+https://developers.facebook.com/docs/sharing/webmasters/crawler)"
209.74.77.214 - - [18/Jul/2025:01:07:08 +0000] "POST /wp-cron.php?doing_wp_cron=1752800828.5449860095977783203125 HTTP/1.1" 200 - "-" "WordPress/6.8.2; https://sergio-cuchi.tattoo"
57.141.2.25 - - [18/Jul/2025:01:07:06 +0000] "GET /?h=48007139031600& HTTP/1.1" 301 - "-" "meta-externalagent/1.1 (+https://developers.facebook.com/docs/sharing/webmasters/crawler)"
66.249.79.170 - - [18/Jul/2025:01:07:45 +0000] "GET /?h=6931805031600&mod=9be4d22c&uri=goods.php?%3Fid%3D231501-387%26name%3Dused+crossfit+equipment HTTP/1.1" 200 18380 "-" "Mozilla/5.0 (Linux; Android 6.0.1; Nexus 5X Build/MMB29P) AppleWebKit/537.36 (KHTML, like Gecko) Chrome/137.0.7151.103 Mobile Safari/537.36 (compatible; Googlebot/2.1; +http://www.google.com/bot.html)"
66.249.79.172 - - [18/Jul/2025:01:08:08 +0000] "GET /?h=5218799001600&mod=61501c1f&uri=products.php?goods/2000732.shtml HTTP/1.1" 200 18971 "-" "Mozilla/5.0 (Linux; Android 6.0.1; Nexus 5X Build/MMB29P) AppleWebKit/537.36 (KHTML, like Gecko) Chrome/137.0.7151.103 Mobile Safari/537.36 (compatible; Googlebot/2.1; +http://www.google.com/bot.html)"
66.249.79.170 - - [18/Jul/2025:01:08:11 +0000] "POST /get-message-notify HTTP/1.1" 200 18155 "https://sergio-cuchi.tattoo/?h=5218799001600&mod=61501c1f&uri=products.php?goods/2000732.shtml" "Mozilla/5.0 (Linux; Android 6.0.1; Nexus 5X Build/MMB29P) AppleWebKit/537.36 (KHTML, like Gecko) Chrome/137.0.7151.119 Mobile Safari/537.36 (compatible; Googlebot/2.1; +http://www.google.com/bot.html)"
209.74.77.214 - - [18/Jul/2025:01:08:28 +0000] "POST /wp-cron.php?doing_wp_cron=1752800908.8495769500732421875000 HTTP/1.1" 200 - "-" "WordPress/6.8.2; https://sergio-cuchi.tattoo"
57.141.2.30 - - [18/Jul/2025:01:08:27 +0000] "GET /?h=104127105031600& HTTP/1.1" 301 - "-" "meta-externalagent/1.1 (+https://developers.facebook.com/docs/sharing/webmasters/crawler)"
57.141.2.3 - - [18/Jul/2025:01:08:31 +0000] "GET /?h=104127105031600 HTTP/1.1" 200 97957 "-" "meta-externalagent/1.1 (+https://developers.facebook.com/docs/sharing/webmasters/crawler)"
66.249.79.170 - - [18/Jul/2025:01:08:32 +0000] "GET /?h=73380839071600&mod=21cd5eb4&uri=article.php?toreka/goods_menu.html HTTP/1.1" 200 19568 "-" "Mozilla/5.0 (Linux; Android 6.0.1; Nexus 5X Build/MMB29P) AppleWebKit/537.36 (KHTML, like Gecko) Chrome/137.0.7151.103 Mobile Safari/537.36 (compatible; Googlebot/2.1; +http://www.google.com/bot.html)"
66.249.79.171 - - [18/Jul/2025:01:08:36 +0000] "GET /?h=6931805031600&mod=9be4d22c&uri=goods.php?goods/2005548.shtml HTTP/1.1" 200 18421 "-" "Mozilla/5.0 (Linux; Android 6.0.1; Nexus 5X Build/MMB29P) AppleWebKit/537.36 (KHTML, like Gecko) Chrome/137.0.7151.103 Mobile Safari/537.36 (compatible; Googlebot/2.1; +http://www.google.com/bot.html)"
66.249.79.170 - - [18/Jul/2025:01:08:39 +0000] "GET /?h=6931805031600&mod=9be4d22c&uri=goods.php?goods/1982692.shtml HTTP/1.1" 200 18849 "-" "Mozilla/5.0 (Linux; Android 6.0.1; Nexus 5X Build/MMB29P) AppleWebKit/537.36 (KHTML, like Gecko) Chrome/137.0.7151.103 Mobile Safari/537.36 (compatible; Googlebot/2.1; +http://www.google.com/bot.html)"
66.249.79.170 - - [18/Jul/2025:01:08:43 +0000] "GET /?h=6931805031600&mod=9be4d22c&uri=goods.php?dozin.html HTTP/1.1" 200 19332 "-" "Mozilla/5.0 (Linux; Android 6.0.1; Nexus 5X Build/MMB29P) AppleWebKit/537.36 (KHTML, like Gecko) Chrome/137.0.7151.103 Mobile Safari/537.36 (compatible; Googlebot/2.1; +http://www.google.com/bot.html)"
66.249.79.170 - - [18/Jul/2025:01:08:49 +0000] "GET /?h=6931805031600&mod=9be4d22c&uri=goods.php?pcmypage/ HTTP/1.1" 200 19429 "-" "Mozilla/5.0 (Linux; Android 6.0.1; Nexus 5X Build/MMB29P) AppleWebKit/537.36 (KHTML, like Gecko) Chrome/137.0.7151.103 Mobile Safari/537.36 (compatible; Googlebot/2.1; +http://www.google.com/bot.html)"
66.249.79.170 - - [18/Jul/2025:01:08:52 +0000] "GET /?h=6931805031600&mod=9be4d22c&uri=goods.php?goods/1983046.shtml HTTP/1.1" 200 19152 "-" "Mozilla/5.0 (Linux; Android 6.0.1; Nexus 5X Build/MMB29P) AppleWebKit/537.36 (KHTML, like Gecko) Chrome/137.0.7151.103 Mobile Safari/537.36 (compatible; Googlebot/2.1; +http://www.google.com/bot.html)"
66.249.79.170 - - [18/Jul/2025:01:08:52 +0000] "POST /get-message-notify HTTP/1.1" 200 18155 "https://sergio-cuchi.tattoo/?h=6931805031600&mod=9be4d22c&uri=goods.php?goods/1982692.shtml" "Mozilla/5.0 (Linux; Android 6.0.1; Nexus 5X Build/MMB29P) AppleWebKit/537.36 (KHTML, like Gecko) Chrome/137.0.7151.119 Mobile Safari/537.36 (compatible; Googlebot/2.1; +http://www.google.com/bot.html)"
66.249.79.170 - - [18/Jul/2025:01:08:58 +0000] "POST /get-message-notify HTTP/1.1" 200 18155 "https://sergio-cuchi.tattoo/?h=6931805031600&mod=9be4d22c&uri=goods.php?pcmypage/" "Mozilla/5.0 (Linux; Android 6.0.1; Nexus 5X Build/MMB29P) AppleWebKit/537.36 (KHTML, like Gecko) Chrome/137.0.7151.119 Mobile Safari/537.36 (compatible; Googlebot/2.1; +http://www.google.com/bot.html)"
209.74.77.214 - - [18/Jul/2025:01:09:49 +0000] "POST /wp-cron.php?doing_wp_cron=1752800989.3711910247802734375000 HTTP/1.1" 200 - "-" "WordPress/6.8.2; https://sergio-cuchi.tattoo"
57.141.2.24 - - [18/Jul/2025:01:09:47 +0000] "GET /?h=98241262001600& HTTP/1.1" 301 - "-" "meta-externalagent/1.1 (+https://developers.facebook.com/docs/sharing/webmasters/crawler)"
66.249.79.172 - - [18/Jul/2025:01:14:34 +0000] "GET /?h=5218799001600&mod=61501c1f&uri=products.php?goods/2029406.shtml HTTP/1.1" 200 18288 "-" "Mozilla/5.0 (Linux; Android 6.0.1; Nexus 5X Build/MMB29P) AppleWebKit/537.36 (KHTML, like Gecko) Chrome/137.0.7151.103 Mobile Safari/537.36 (compatible; Googlebot/2.1; +http://www.google.com/bot.html)"
66.249.79.170 - - [18/Jul/2025:01:14:39 +0000] "POST /get-message-notify HTTP/1.1" 200 18155 "https://sergio-cuchi.tattoo/?h=5218799001600&mod=61501c1f&uri=products.php?goods/2029406.shtml" "Mozilla/5.0 (Linux; Android 6.0.1; Nexus 5X Build/MMB29P) AppleWebKit/537.36 (KHTML, like Gecko) Chrome/137.0.7151.119 Mobile Safari/537.36 (compatible; Googlebot/2.1; +http://www.google.com/bot.html)"
209.74.77.214 - - [18/Jul/2025:01:15:26 +0000] "POST /wp-cron.php?doing_wp_cron=1752801326.2944290637969970703125 HTTP/1.1" 200 - "-" "WordPress/6.8.2; https://sergio-cuchi.tattoo"
57.141.2.3 - - [18/Jul/2025:01:15:24 +0000] "GET /?h=67894142081600& HTTP/1.1" 301 - "-" "meta-externalagent/1.1 (+https://developers.facebook.com/docs/sharing/webmasters/crawler)"
209.74.77.214 - - [18/Jul/2025:01:18:59 +0000] "POST /wp-cron.php?doing_wp_cron=1752801539.0646541118621826171875 HTTP/1.1" 200 - "-" "WordPress/6.8.2; https://sergio-cuchi.tattoo"
57.141.2.21 - - [18/Jul/2025:01:18:57 +0000] "GET /?h=116410584051600& HTTP/1.1" 301 - "-" "meta-externalagent/1.1 (+https://developers.facebook.com/docs/sharing/webmasters/crawler)"
57.141.2.16 - - [18/Jul/2025:01:19:02 +0000] "GET /?h=116410584051600 HTTP/1.1" 200 97948 "-" "meta-externalagent/1.1 (+https://developers.facebook.com/docs/sharing/webmasters/crawler)"
209.74.77.214 - - [18/Jul/2025:01:21:30 +0000] "POST /wp-cron.php?doing_wp_cron=1752801690.8059000968933105468750 HTTP/1.1" 200 - "-" "WordPress/6.8.2; https://sergio-cuchi.tattoo"
57.141.2.17 - - [18/Jul/2025:01:21:29 +0000] "GET /?h=113748708031600& HTTP/1.1" 301 - "-" "meta-externalagent/1.1 (+https://developers.facebook.com/docs/sharing/webmasters/crawler)"
57.141.2.13 - - [18/Jul/2025:01:21:31 +0000] "GET /?h=89764482041600& HTTP/1.1" 301 - "-" "meta-externalagent/1.1 (+https://developers.facebook.com/docs/sharing/webmasters/crawler)"
209.74.77.214 - - [18/Jul/2025:01:26:12 +0000] "POST /wp-cron.php?doing_wp_cron=1752801972.8481619358062744140625 HTTP/1.1" 200 - "-" "WordPress/6.8.2; https://sergio-cuchi.tattoo"
57.141.2.23 - - [18/Jul/2025:01:26:10 +0000] "GET /?h=77191452001600& HTTP/1.1" 301 - "-" "meta-externalagent/1.1 (+https://developers.facebook.com/docs/sharing/webmasters/crawler)"
209.74.77.214 - - [18/Jul/2025:01:26:45 +0000] "POST /wp-cron.php?doing_wp_cron=1752802005.2042810916900634765625 HTTP/1.1" 200 - "-" "WordPress/6.8.2; https://sergio-cuchi.tattoo"
57.141.2.4 - - [18/Jul/2025:01:26:43 +0000] "GET /?h=4588999011600& HTTP/1.1" 301 - "-" "meta-externalagent/1.1 (+https://developers.facebook.com/docs/sharing/webmasters/crawler)"
45.204.9.56 - - [18/Jul/2025:01:27:50 +0000] "GET /index.php/allsitemap.xml HTTP/1.1" 200 368 "-" "Mozilla/5.0 (Windows NT 10.0; Win64; x64) AppleWebKit/537.36 (KHTML, like Gecko) Chrome/109.0.0.0 Safari/537.36"
45.204.9.56 - - [18/Jul/2025:01:27:52 +0000] "GET /db.php/allsitemap.xml HTTP/1.1" 403 368 "-" "Mozilla/5.0 (Windows NT 10.0; Win64; x64) AppleWebKit/537.36 (KHTML, like Gecko) Chrome/109.0.0.0 Safari/537.36"
57.141.2.12 - - [18/Jul/2025:01:29:51 +0000] "GET /?h=81506822041600& HTTP/1.1" 200 - "-" "meta-externalagent/1.1 (+https://developers.facebook.com/docs/sharing/webmasters/crawler)"
45.204.9.56 - - [18/Jul/2025:01:30:16 +0000] "GET /index.php/allsitemap.xml HTTP/1.1" 200 368 "-" "Mozilla/5.0 (Windows NT 10.0; Win64; x64) AppleWebKit/537.36 (KHTML, like Gecko) Chrome/109.0.0.0 Safari/537.36"
45.204.9.56 - - [18/Jul/2025:01:30:18 +0000] "GET /db.php/allsitemap.xml HTTP/1.1" 200 370 "-" "Mozilla/5.0 (Windows NT 10.0; Win64; x64) AppleWebKit/537.36 (KHTML, like Gecko) Chrome/109.0.0.0 Safari/537.36"
57.141.2.27 - - [18/Jul/2025:01:30:49 +0000] "GET /?h=108118994041600& HTTP/1.1" 200 - "-" "meta-externalagent/1.1 (+https://developers.facebook.com/docs/sharing/webmasters/crawler)"
57.141.2.28 - - [18/Jul/2025:01:31:34 +0000] "GET /?h=80040760001600& HTTP/1.1" 200 - "-" "meta-externalagent/1.1 (+https://developers.facebook.com/docs/sharing/webmasters/crawler)"
85.208.96.204 - - [18/Jul/2025:01:33:54 +0000] "GET /robots.txt HTTP/1.1" 200 98 "-" "Mozilla/5.0 (compatible; SemrushBot/7~bl; +http://www.semrush.com/bot.html)"
85.208.96.204 - - [18/Jul/2025:01:33:55 +0000] "GET /faq/what-is-the-age-requirement-for-getting-tattooed/ HTTP/1.1" 200 - "-" "Mozilla/5.0 (compatible; SemrushBot/7~bl; +http://www.semrush.com/bot.html)"
45.227.253.15 - - [18/Jul/2025:01:34:26 +0000] "GET /wp-admin/maint/maint/index.php?ARRAY=7o2230223n313735323830363137332p2231223n22687474703n5p2s5p2s7n7334383376313373752r746s6566612r626p6s675p2s3s6p633q78696164616r5s72616r645s7061746826743q313735323830323537332q3336333539376566303566333866646534643061643865336265326530386135222p2232223n223031313762303531313761363862626265613363626538383663346263336661222p2233223n223236313736316262613936313838633038333939626534333630613935386237222p2262696r675s70617373223n2232392q34332q35362q36362q37352q38312q3330227q HTTP/1.1" 200 456 "-" "Mozilla/5.0 (Macintosh; Intel Mac OS X 10.15; rv:79.0) Gecko/20100101 Firefox/79.0"
66.249.79.170 - - [18/Jul/2025:01:34:41 +0000] "GET /?h=52841838061600&mod=99d4eaef&uri=dp.php?goods/2014220.shtml HTTP/1.1" 200 20912 "-" "Mozilla/5.0 (Linux; Android 6.0.1; Nexus 5X Build/MMB29P) AppleWebKit/537.36 (KHTML, like Gecko) Chrome/137.0.7151.103 Mobile Safari/537.36 (compatible; Googlebot/2.1; +http://www.google.com/bot.html)"
57.141.2.16 - - [18/Jul/2025:01:41:31 +0000] "GET /?h=99631610051600& HTTP/1.1" 200 - "-" "meta-externalagent/1.1 (+https://developers.facebook.com/docs/sharing/webmasters/crawler)"
57.141.2.17 - - [18/Jul/2025:01:42:42 +0000] "GET /?h=8507346031600& HTTP/1.1" 200 - "-" "meta-externalagent/1.1 (+https://developers.facebook.com/docs/sharing/webmasters/crawler)"
57.141.2.26 - - [18/Jul/2025:01:43:01 +0000] "GET /?h=102916795031600& HTTP/1.1" 200 - "-" "meta-externalagent/1.1 (+https://developers.facebook.com/docs/sharing/webmasters/crawler)"
57.141.2.16 - - [18/Jul/2025:01:43:46 +0000] "GET /?h=104263872021600& HTTP/1.1" 200 - "-" "meta-externalagent/1.1 (+https://developers.facebook.com/docs/sharing/webmasters/crawler)"
209.74.77.214 - - [18/Jul/2025:01:45:24 +0000] "POST /wp-cron.php?doing_wp_cron=1752803124.0090770721435546875000 HTTP/1.1" 200 - "-" "WordPress/6.8.2; https://sergio-cuchi.tattoo"
205.185.116.195 - - [18/Jul/2025:01:45:22 +0000] "GET /wp-login.php HTTP/1.1" 200 6668 "-" "Mozilla/5.0 (X11; Ubuntu; Linux x86_64; rv:30.0) Gecko/20100101 Firefox/30.0"
205.185.116.195 - - [18/Jul/2025:01:45:24 +0000] "POST /wp-login.php HTTP/1.1" 200 6924 "-" "Mozilla/5.0 (X11; Ubuntu; Linux x86_64; rv:30.0) Gecko/20100101 Firefox/30.0"
209.74.77.214 - - [18/Jul/2025:01:47:07 +0000] "POST /wp-cron.php?doing_wp_cron=1752803227.7703759670257568359375 HTTP/1.1" 200 - "-" "WordPress/6.8.2; https://sergio-cuchi.tattoo"
57.141.2.2 - - [18/Jul/2025:01:47:06 +0000] "GET /?h=50300743051600& HTTP/1.1" 301 - "-" "meta-externalagent/1.1 (+https://developers.facebook.com/docs/sharing/webmasters/crawler)"
66.249.79.170 - - [18/Jul/2025:01:48:28 +0000] "GET /pcmypage?callback=/product%2Fdetail%2F5744645092600 HTTP/1.1" 200 18149 "-" "Mozilla/5.0 (Linux; Android 6.0.1; Nexus 5X Build/MMB29P) AppleWebKit/537.36 (KHTML, like Gecko) Chrome/137.0.7151.103 Mobile Safari/537.36 (compatible; Googlebot/2.1; +http://www.google.com/bot.html)"
209.74.77.214 - - [18/Jul/2025:01:48:44 +0000] "POST /wp-cron.php?doing_wp_cron=1752803324.2831668853759765625000 HTTP/1.1" 200 - "-" "WordPress/6.8.2; https://sergio-cuchi.tattoo"
57.141.2.5 - - [18/Jul/2025:01:48:43 +0000] "GET /?h=16296746011600& HTTP/1.1" 301 - "-" "meta-externalagent/1.1 (+https://developers.facebook.com/docs/sharing/webmasters/crawler)"
57.141.2.28 - - [18/Jul/2025:01:48:47 +0000] "GET /?h=16296746011600 HTTP/1.1" 200 97944 "-" "meta-externalagent/1.1 (+https://developers.facebook.com/docs/sharing/webmasters/crawler)"
209.74.77.214 - - [18/Jul/2025:01:50:02 +0000] "POST /wp-cron.php?doing_wp_cron=1752803402.8876919746398925781250 HTTP/1.1" 200 - "-" "WordPress/6.8.2; https://sergio-cuchi.tattoo"
57.141.2.22 - - [18/Jul/2025:01:50:00 +0000] "GET /?h=116404734001600& HTTP/1.1" 301 - "-" "meta-externalagent/1.1 (+https://developers.facebook.com/docs/sharing/webmasters/crawler)"
57.141.2.25 - - [18/Jul/2025:01:50:06 +0000] "GET /?h=116404734001600 HTTP/1.1" 200 97952 "-" "meta-externalagent/1.1 (+https://developers.facebook.com/docs/sharing/webmasters/crawler)"
209.74.77.214 - - [18/Jul/2025:01:54:52 +0000] "POST /wp-cron.php?doing_wp_cron=1752803692.6873550415039062500000 HTTP/1.1" 200 - "-" "WordPress/6.8.2; https://sergio-cuchi.tattoo"
57.141.2.4 - - [18/Jul/2025:01:54:51 +0000] "GET /?h=107427361041600& HTTP/1.1" 301 - "-" "meta-externalagent/1.1 (+https://developers.facebook.com/docs/sharing/webmasters/crawler)"
57.141.2.19 - - [18/Jul/2025:01:54:53 +0000] "GET /?h=26750455021600& HTTP/1.1" 301 - "-" "meta-externalagent/1.1 (+https://developers.facebook.com/docs/sharing/webmasters/crawler)"
57.141.2.17 - - [18/Jul/2025:01:54:55 +0000] "GET /?h=107427361041600 HTTP/1.1" 200 97953 "-" "meta-externalagent/1.1 (+https://developers.facebook.com/docs/sharing/webmasters/crawler)"
209.74.77.214 - - [18/Jul/2025:01:57:48 +0000] "POST /wp-cron.php?doing_wp_cron=1752803868.2988219261169433593750 HTTP/1.1" 200 - "-" "WordPress/6.8.2; https://sergio-cuchi.tattoo"
198.54.126.2 - - [18/Jul/2025:01:57:46 +0000] "POST /xmlrpc.php HTTP/1.1" 200 403 "-" "Mozilla/5.0 (Windows NT 10.0; Win64; x64) AppleWebKit/537.36 (KHTML, like Gecko) Chrome/89.0.4389.90 Safari/537.36"
188.165.192.229 - - [18/Jul/2025:01:57:55 +0000] "POST /xmlrpc.php HTTP/1.1" 200 403 "-" "Mozilla/5.0 (Windows NT 10.0; Win64; x64) AppleWebKit/537.36 (KHTML, like Gecko) Chrome/88.0.4324.104 Safari/537.36"
209.74.77.214 - - [18/Jul/2025:01:58:25 +0000] "POST /wp-cron.php?doing_wp_cron=1752803905.4639749526977539062500 HTTP/1.1" 200 - "-" "WordPress/6.8.2; https://sergio-cuchi.tattoo"
3.142.105.213 - - [18/Jul/2025:01:58:25 +0000] "POST /xmlrpc.php HTTP/1.1" 200 403 "-" "Mozilla/5.0 (Windows NT 10.0; Win64; x64) AppleWebKit/537.36 (KHTML, like Gecko) Chrome/89.0.4389.90 Safari/537.36"
57.141.2.15 - - [18/Jul/2025:01:58:31 +0000] "GET /?h=83191860071600& HTTP/1.1" 301 - "-" "meta-externalagent/1.1 (+https://developers.facebook.com/docs/sharing/webmasters/crawler)"
57.141.2.1 - - [18/Jul/2025:01:58:57 +0000] "GET /?h=40061003061600& HTTP/1.1" 301 - "-" "meta-externalagent/1.1 (+https://developers.facebook.com/docs/sharing/webmasters/crawler)"
57.141.2.6 - - [18/Jul/2025:01:59:01 +0000] "GET /?h=40061003061600 HTTP/1.1" 200 97952 "-" "meta-externalagent/1.1 (+https://developers.facebook.com/docs/sharing/webmasters/crawler)"
209.74.77.214 - - [18/Jul/2025:02:03:37 +0000] "POST /wp-cron.php?doing_wp_cron=1752804217.6834690570831298828125 HTTP/1.1" 200 - "-" "WordPress/6.8.2; https://sergio-cuchi.tattoo"
57.141.2.23 - - [18/Jul/2025:02:03:35 +0000] "GET /?h=10432005091600& HTTP/1.1" 301 - "-" "meta-externalagent/1.1 (+https://developers.facebook.com/docs/sharing/webmasters/crawler)"
209.74.77.214 - - [18/Jul/2025:02:07:52 +0000] "POST /wp-cron.php?doing_wp_cron=1752804472.9097449779510498046875 HTTP/1.1" 200 - "-" "WordPress/6.8.2; https://sergio-cuchi.tattoo"
57.141.2.13 - - [18/Jul/2025:02:07:51 +0000] "GET /?h=28821486031600& HTTP/1.1" 301 - "-" "meta-externalagent/1.1 (+https://developers.facebook.com/docs/sharing/webmasters/crawler)"
209.74.77.214 - - [18/Jul/2025:02:09:39 +0000] "POST /wp-cron.php?doing_wp_cron=1752804579.9637999534606933593750 HTTP/1.1" 200 - "-" "WordPress/6.8.2; https://sergio-cuchi.tattoo"
198.98.53.3 - - [18/Jul/2025:02:09:38 +0000] "GET /wp-login.php HTTP/1.1" 200 6668 "-" "Mozilla/5.0 (compatible; MSIE 9.0; Windows NT 6.1; WOW64; Trident/5.0)"
198.98.53.3 - - [18/Jul/2025:02:09:40 +0000] "POST /wp-login.php HTTP/1.1" 200 6924 "-" "Mozilla/5.0 (compatible; MSIE 9.0; Windows NT 6.1; WOW64; Trident/5.0)"
69.63.189.26 - - [18/Jul/2025:02:11:55 +0000] "GET /robots.txt HTTP/1.1" 206 84 "-" "facebookexternalhit/1.1 (+http://www.facebook.com/externalhit_uatext.php)"
216.73.216.154 - - [18/Jul/2025:02:12:19 +0000] "GET /robots.txt HTTP/1.1" 200 98 "-" "Mozilla/5.0 AppleWebKit/537.36 (KHTML, like Gecko; compatible; ClaudeBot/1.0; [email protected])"
209.74.77.214 - - [18/Jul/2025:02:12:21 +0000] "POST /wp-cron.php?doing_wp_cron=1752804741.5290579795837402343750 HTTP/1.1" 200 - "-" "WordPress/6.8.2; https://sergio-cuchi.tattoo"
216.73.216.154 - - [18/Jul/2025:02:12:19 +0000] "GET /goods/190056412.shtml HTTP/1.1" 404 12924 "-" "Mozilla/5.0 AppleWebKit/537.36 (KHTML, like Gecko; compatible; ClaudeBot/1.0; [email protected])"
216.73.216.154 - - [18/Jul/2025:02:12:22 +0000] "GET /goods/190079528.shtml HTTP/1.1" 404 12924 "-" "Mozilla/5.0 AppleWebKit/537.36 (KHTML, like Gecko; compatible; ClaudeBot/1.0; [email protected])"
216.73.216.154 - - [18/Jul/2025:02:12:25 +0000] "GET /goods/190055064.shtml HTTP/1.1" 404 12924 "-" "Mozilla/5.0 AppleWebKit/537.36 (KHTML, like Gecko; compatible; ClaudeBot/1.0; [email protected])"
216.73.216.154 - - [18/Jul/2025:02:12:28 +0000] "GET /goods/189968640.shtml HTTP/1.1" 404 12924 "-" "Mozilla/5.0 AppleWebKit/537.36 (KHTML, like Gecko; compatible; ClaudeBot/1.0; [email protected])"
216.73.216.154 - - [18/Jul/2025:02:12:31 +0000] "GET /goods/189804554.shtml HTTP/1.1" 404 12924 "-" "Mozilla/5.0 AppleWebKit/537.36 (KHTML, like Gecko; compatible; ClaudeBot/1.0; [email protected])"
216.73.216.154 - - [18/Jul/2025:02:12:34 +0000] "GET /goods/808393286.shtml HTTP/1.1" 404 12924 "-" "Mozilla/5.0 AppleWebKit/537.36 (KHTML, like Gecko; compatible; ClaudeBot/1.0; [email protected])"
209.74.77.214 - - [18/Jul/2025:02:13:48 +0000] "POST /wp-cron.php?doing_wp_cron=1752804828.5796089172363281250000 HTTP/1.1" 200 - "-" "WordPress/6.8.2; https://sergio-cuchi.tattoo"
216.73.216.154 - - [18/Jul/2025:02:13:47 +0000] "GET /goods/190056672.shtml HTTP/1.1" 404 12924 "-" "Mozilla/5.0 AppleWebKit/537.36 (KHTML, like Gecko; compatible; ClaudeBot/1.0; [email protected])"
216.73.216.154 - - [18/Jul/2025:02:13:49 +0000] "GET /goods/1564367024.shtml HTTP/1.1" 404 12924 "-" "Mozilla/5.0 AppleWebKit/537.36 (KHTML, like Gecko; compatible; ClaudeBot/1.0; [email protected])"
216.73.216.154 - - [18/Jul/2025:02:13:52 +0000] "GET /goods/190057026.shtml HTTP/1.1" 404 12924 "-" "Mozilla/5.0 AppleWebKit/537.36 (KHTML, like Gecko; compatible; ClaudeBot/1.0; [email protected])"
216.73.216.154 - - [18/Jul/2025:02:13:55 +0000] "GET /goods/190050184.shtml HTTP/1.1" 404 12924 "-" "Mozilla/5.0 AppleWebKit/537.36 (KHTML, like Gecko; compatible; ClaudeBot/1.0; [email protected])"
216.73.216.154 - - [18/Jul/2025:02:13:58 +0000] "GET /goods/190035672.shtml HTTP/1.1" 404 12924 "-" "Mozilla/5.0 AppleWebKit/537.36 (KHTML, like Gecko; compatible; ClaudeBot/1.0; [email protected])"
216.73.216.154 - - [18/Jul/2025:02:14:01 +0000] "GET /goods/190054718.shtml HTTP/1.1" 404 12924 "-" "Mozilla/5.0 AppleWebKit/537.36 (KHTML, like Gecko; compatible; ClaudeBot/1.0; [email protected])"
66.249.79.172 - - [18/Jul/2025:02:14:34 +0000] "GET /?h=52841838061600&mod=99d4eaef&uri=dp.php?goods/1988596.shtml HTTP/1.1" 200 19496 "-" "Mozilla/5.0 (Linux; Android 6.0.1; Nexus 5X Build/MMB29P) AppleWebKit/537.36 (KHTML, like Gecko) Chrome/137.0.7151.103 Mobile Safari/537.36 (compatible; Googlebot/2.1; +http://www.google.com/bot.html)"
66.249.79.170 - - [18/Jul/2025:02:14:37 +0000] "POST /get-message-notify HTTP/1.1" 200 18155 "https://sergio-cuchi.tattoo/?h=52841838061600&mod=99d4eaef&uri=dp.php?goods/1988596.shtml" "Mozilla/5.0 (Linux; Android 6.0.1; Nexus 5X Build/MMB29P) AppleWebKit/537.36 (KHTML, like Gecko) Chrome/137.0.7151.119 Mobile Safari/537.36 (compatible; Googlebot/2.1; +http://www.google.com/bot.html)"
209.74.77.214 - - [18/Jul/2025:02:15:46 +0000] "POST /wp-cron.php?doing_wp_cron=1752804946.7389099597930908203125 HTTP/1.1" 200 - "-" "WordPress/6.8.2; https://sergio-cuchi.tattoo"
216.73.216.154 - - [18/Jul/2025:02:15:45 +0000] "GET /goods/1564456502.shtml HTTP/1.1" 404 12924 "-" "Mozilla/5.0 AppleWebKit/537.36 (KHTML, like Gecko; compatible; ClaudeBot/1.0; [email protected])"
216.73.216.154 - - [18/Jul/2025:02:15:48 +0000] "GET /goods/808840672.shtml HTTP/1.1" 404 12924 "-" "Mozilla/5.0 AppleWebKit/537.36 (KHTML, like Gecko; compatible; ClaudeBot/1.0; [email protected])"
216.73.216.154 - - [18/Jul/2025:02:15:51 +0000] "GET /goods/190020072.shtml HTTP/1.1" 404 12924 "-" "Mozilla/5.0 AppleWebKit/537.36 (KHTML, like Gecko; compatible; ClaudeBot/1.0; [email protected])"
216.73.216.154 - - [18/Jul/2025:02:15:54 +0000] "GET /goods/190063992.shtml HTTP/1.1" 404 12924 "-" "Mozilla/5.0 AppleWebKit/537.36 (KHTML, like Gecko; compatible; ClaudeBot/1.0; [email protected])"
216.73.216.154 - - [18/Jul/2025:02:15:57 +0000] "GET /goods/808367052.shtml HTTP/1.1" 404 12924 "-" "Mozilla/5.0 AppleWebKit/537.36 (KHTML, like Gecko; compatible; ClaudeBot/1.0; [email protected])"
216.73.216.154 - - [18/Jul/2025:02:16:00 +0000] "GET /goods/190064346.shtml HTTP/1.1" 404 12924 "-" "Mozilla/5.0 AppleWebKit/537.36 (KHTML, like Gecko; compatible; ClaudeBot/1.0; [email protected])"
209.74.77.214 - - [18/Jul/2025:02:17:45 +0000] "POST /wp-cron.php?doing_wp_cron=1752805065.6726410388946533203125 HTTP/1.1" 200 - "-" "WordPress/6.8.2; https://sergio-cuchi.tattoo"
216.73.216.154 - - [18/Jul/2025:02:17:44 +0000] "GET /goods/190053626.shtml HTTP/1.1" 404 12924 "-" "Mozilla/5.0 AppleWebKit/537.36 (KHTML, like Gecko; compatible; ClaudeBot/1.0; [email protected])"
216.73.216.154 - - [18/Jul/2025:02:17:46 +0000] "GET /goods/808545368.shtml HTTP/1.1" 404 12924 "-" "Mozilla/5.0 AppleWebKit/537.36 (KHTML, like Gecko; compatible; ClaudeBot/1.0; [email protected])"
216.73.216.154 - - [18/Jul/2025:02:17:49 +0000] "GET /goods/190049092.shtml HTTP/1.1" 404 12924 "-" "Mozilla/5.0 AppleWebKit/537.36 (KHTML, like Gecko; compatible; ClaudeBot/1.0; [email protected])"
216.73.216.154 - - [18/Jul/2025:02:17:52 +0000] "GET /goods/190036764.shtml HTTP/1.1" 404 12924 "-" "Mozilla/5.0 AppleWebKit/537.36 (KHTML, like Gecko; compatible; ClaudeBot/1.0; [email protected])"
216.73.216.154 - - [18/Jul/2025:02:17:55 +0000] "GET /goods/189969250.shtml HTTP/1.1" 404 12924 "-" "Mozilla/5.0 AppleWebKit/537.36 (KHTML, like Gecko; compatible; ClaudeBot/1.0; [email protected])"
216.73.216.154 - - [18/Jul/2025:02:17:58 +0000] "GET /goods/1564289968.shtml HTTP/1.1" 404 12924 "-" "Mozilla/5.0 AppleWebKit/537.36 (KHTML, like Gecko; compatible; ClaudeBot/1.0; [email protected])"
209.74.77.214 - - [18/Jul/2025:02:19:26 +0000] "POST /wp-cron.php?doing_wp_cron=1752805166.1298329830169677734375 HTTP/1.1" 200 - "-" "WordPress/6.8.2; https://sergio-cuchi.tattoo"
216.73.216.154 - - [18/Jul/2025:02:19:24 +0000] "GET /goods/190099176.shtml HTTP/1.1" 404 12924 "-" "Mozilla/5.0 AppleWebKit/537.36 (KHTML, like Gecko; compatible; ClaudeBot/1.0; [email protected])"
216.73.216.154 - - [18/Jul/2025:02:19:27 +0000] "GET /goods/189895026.shtml HTTP/1.1" 404 12924 "-" "Mozilla/5.0 AppleWebKit/537.36 (KHTML, like Gecko; compatible; ClaudeBot/1.0; [email protected])"
216.73.216.154 - - [18/Jul/2025:02:19:30 +0000] "GET /goods/190077412.shtml HTTP/1.1" 404 12924 "-" "Mozilla/5.0 AppleWebKit/537.36 (KHTML, like Gecko; compatible; ClaudeBot/1.0; [email protected])"
216.73.216.154 - - [18/Jul/2025:02:19:33 +0000] "GET /goods/189957246.shtml HTTP/1.1" 404 12924 "-" "Mozilla/5.0 AppleWebKit/537.36 (KHTML, like Gecko; compatible; ClaudeBot/1.0; [email protected])"
216.73.216.154 - - [18/Jul/2025:02:19:36 +0000] "GET /goods/1564492078.shtml HTTP/1.1" 404 12924 "-" "Mozilla/5.0 AppleWebKit/537.36 (KHTML, like Gecko; compatible; ClaudeBot/1.0; [email protected])"
216.73.216.154 - - [18/Jul/2025:02:19:39 +0000] "GET /goods/190053972.shtml HTTP/1.1" 404 12924 "-" "Mozilla/5.0 AppleWebKit/537.36 (KHTML, like Gecko; compatible; ClaudeBot/1.0; [email protected])"
57.141.2.8 - - [18/Jul/2025:02:19:47 +0000] "GET /?h=107761537021600& HTTP/1.1" 301 - "-" "meta-externalagent/1.1 (+https://developers.facebook.com/docs/sharing/webmasters/crawler)"
