66.249.79.170 - - [17/Jul/2025:19:45:40 +0000] "GET /?h=5198959111600&mod=570f6ff5&uri=goods.php?goods/35329502.shtml HTTP/1.1" 200 18892 "-" "Mozilla/5.0 (Linux; Android 6.0.1; Nexus 5X Build/MMB29P) AppleWebKit/537.36 (KHTML, like Gecko) Chrome/137.0.7151.103 Mobile Safari/537.36 (compatible; Googlebot/2.1; +http://www.google.com/bot.html)"
66.249.79.170 - - [17/Jul/2025:19:45:44 +0000] "GET /?h=5198959111600&mod=570f6ff5&uri=goods.php?goods/35312900.shtml HTTP/1.1" 200 19057 "-" "Mozilla/5.0 (Linux; Android 6.0.1; Nexus 5X Build/MMB29P) AppleWebKit/537.36 (KHTML, like Gecko) Chrome/137.0.7151.103 Mobile Safari/537.36 (compatible; Googlebot/2.1; +http://www.google.com/bot.html)"
66.249.79.170 - - [17/Jul/2025:19:45:48 +0000] "GET /?h=5198959111600&mod=570f6ff5&uri=goods.php?goods/35347056.shtml HTTP/1.1" 200 18558 "-" "Mozilla/5.0 (Linux; Android 6.0.1; Nexus 5X Build/MMB29P) AppleWebKit/537.36 (KHTML, like Gecko) Chrome/137.0.7151.103 Mobile Safari/537.36 (compatible; Googlebot/2.1; +http://www.google.com/bot.html)"
57.141.2.4 - - [17/Jul/2025:19:45:48 +0000] "GET /?h=37638667051600 HTTP/1.1" 200 97952 "-" "meta-externalagent/1.1 (+https://developers.facebook.com/docs/sharing/webmasters/crawler)"
66.249.79.171 - - [17/Jul/2025:19:45:52 +0000] "GET /?h=5198959111600&mod=570f6ff5&uri=goods.php?goods/35336012.shtml HTTP/1.1" 200 18934 "-" "Mozilla/5.0 (Linux; Android 6.0.1; Nexus 5X Build/MMB29P) AppleWebKit/537.36 (KHTML, like Gecko) Chrome/137.0.7151.103 Mobile Safari/537.36 (compatible; Googlebot/2.1; +http://www.google.com/bot.html)"
66.249.79.171 - - [17/Jul/2025:19:45:55 +0000] "GET /?h=5198959111600&mod=570f6ff5&uri=goods.php?goods/35315272.shtml HTTP/1.1" 200 18938 "-" "Mozilla/5.0 (Linux; Android 6.0.1; Nexus 5X Build/MMB29P) AppleWebKit/537.36 (KHTML, like Gecko) Chrome/137.0.7151.103 Mobile Safari/537.36 (compatible; Googlebot/2.1; +http://www.google.com/bot.html)"
66.249.79.171 - - [17/Jul/2025:19:45:59 +0000] "GET /?h=5198959111600&mod=570f6ff5&uri=goods.php?goods/35349564.shtml HTTP/1.1" 200 18586 "-" "Mozilla/5.0 (Linux; Android 6.0.1; Nexus 5X Build/MMB29P) AppleWebKit/537.36 (KHTML, like Gecko) Chrome/137.0.7151.103 Mobile Safari/537.36 (compatible; Googlebot/2.1; +http://www.google.com/bot.html)"
66.249.79.170 - - [17/Jul/2025:19:46:01 +0000] "POST /get-message-notify HTTP/1.1" 200 18155 "https://sergio-cuchi.tattoo/?h=5198959111600&mod=570f6ff5&uri=goods.php?goods/35315272.shtml" "Mozilla/5.0 (Linux; Android 6.0.1; Nexus 5X Build/MMB29P) AppleWebKit/537.36 (KHTML, like Gecko) Chrome/137.0.7151.119 Mobile Safari/537.36 (compatible; Googlebot/2.1; +http://www.google.com/bot.html)"
66.249.79.171 - - [17/Jul/2025:19:46:02 +0000] "GET /?h=5198959111600&mod=570f6ff5&uri=goods.php?goods/35310456.shtml HTTP/1.1" 200 18763 "-" "Mozilla/5.0 (Linux; Android 6.0.1; Nexus 5X Build/MMB29P) AppleWebKit/537.36 (KHTML, like Gecko) Chrome/137.0.7151.103 Mobile Safari/537.36 (compatible; Googlebot/2.1; +http://www.google.com/bot.html)"
66.249.79.171 - - [17/Jul/2025:19:46:03 +0000] "POST /get-message-notify HTTP/1.1" 200 18155 "https://sergio-cuchi.tattoo/?h=5198959111600&mod=570f6ff5&uri=goods.php?goods/35311808.shtml" "Mozilla/5.0 (Linux; Android 6.0.1; Nexus 5X Build/MMB29P) AppleWebKit/537.36 (KHTML, like Gecko) Chrome/137.0.7151.119 Mobile Safari/537.36 (compatible; Googlebot/2.1; +http://www.google.com/bot.html)"
66.249.79.170 - - [17/Jul/2025:19:46:04 +0000] "POST /get-message-notify HTTP/1.1" 200 18155 "https://sergio-cuchi.tattoo/?h=5198959111600&mod=570f6ff5&uri=goods.php?goods/35349564.shtml" "Mozilla/5.0 (Linux; Android 6.0.1; Nexus 5X Build/MMB29P) AppleWebKit/537.36 (KHTML, like Gecko) Chrome/137.0.7151.119 Mobile Safari/537.36 (compatible; Googlebot/2.1; +http://www.google.com/bot.html)"
216.73.216.66 - - [17/Jul/2025:19:46:05 +0000] "GET /goods/815676882.shtml HTTP/1.1" 404 12924 "-" "Mozilla/5.0 AppleWebKit/537.36 (KHTML, like Gecko; compatible; ClaudeBot/1.0; [email protected])"
66.249.79.170 - - [17/Jul/2025:19:46:06 +0000] "GET /?h=5198959111600&mod=570f6ff5&uri=goods.php?goods/35314602.shtml HTTP/1.1" 200 18724 "-" "Mozilla/5.0 (Linux; Android 6.0.1; Nexus 5X Build/MMB29P) AppleWebKit/537.36 (KHTML, like Gecko) Chrome/137.0.7151.103 Mobile Safari/537.36 (compatible; Googlebot/2.1; +http://www.google.com/bot.html)"
216.73.216.66 - - [17/Jul/2025:19:46:07 +0000] "GET /goods/815475450.shtml HTTP/1.1" 404 12924 "-" "Mozilla/5.0 AppleWebKit/537.36 (KHTML, like Gecko; compatible; ClaudeBot/1.0; [email protected])"
66.249.79.170 - - [17/Jul/2025:19:46:10 +0000] "GET /?h=5198959111600&mod=570f6ff5&uri=goods.php?goods/35345038.shtml HTTP/1.1" 200 18291 "-" "Mozilla/5.0 (Linux; Android 6.0.1; Nexus 5X Build/MMB29P) AppleWebKit/537.36 (KHTML, like Gecko) Chrome/137.0.7151.103 Mobile Safari/537.36 (compatible; Googlebot/2.1; +http://www.google.com/bot.html)"
216.73.216.66 - - [17/Jul/2025:19:46:10 +0000] "GET /goods/815790214.shtml HTTP/1.1" 404 12924 "-" "Mozilla/5.0 AppleWebKit/537.36 (KHTML, like Gecko; compatible; ClaudeBot/1.0; [email protected])"
216.73.216.66 - - [17/Jul/2025:19:46:13 +0000] "GET /goods/815638934.shtml HTTP/1.1" 404 12924 "-" "Mozilla/5.0 AppleWebKit/537.36 (KHTML, like Gecko; compatible; ClaudeBot/1.0; [email protected])"
66.249.79.170 - - [17/Jul/2025:19:46:13 +0000] "GET /?h=5198959111600&mod=570f6ff5&uri=goods.php?goods/35323944.shtml HTTP/1.1" 200 19490 "-" "Mozilla/5.0 (Linux; Android 6.0.1; Nexus 5X Build/MMB29P) AppleWebKit/537.36 (KHTML, like Gecko) Chrome/137.0.7151.103 Mobile Safari/537.36 (compatible; Googlebot/2.1; +http://www.google.com/bot.html)"
209.74.77.214 - - [17/Jul/2025:19:46:16 +0000] "POST /wp-cron.php?doing_wp_cron=1752781576.7484190464019775390625 HTTP/1.1" 200 - "-" "WordPress/6.8.2; https://sergio-cuchi.tattoo"
216.73.216.66 - - [17/Jul/2025:19:46:16 +0000] "GET /goods/815410112.shtml HTTP/1.1" 404 12924 "-" "Mozilla/5.0 AppleWebKit/537.36 (KHTML, like Gecko; compatible; ClaudeBot/1.0; [email protected])"
216.73.216.66 - - [17/Jul/2025:19:46:19 +0000] "GET /goods/815523162.shtml HTTP/1.1" 404 12924 "-" "Mozilla/5.0 AppleWebKit/537.36 (KHTML, like Gecko; compatible; ClaudeBot/1.0; [email protected])"
216.73.216.66 - - [17/Jul/2025:19:46:22 +0000] "GET /goods/815828162.shtml HTTP/1.1" 404 12924 "-" "Mozilla/5.0 AppleWebKit/537.36 (KHTML, like Gecko; compatible; ClaudeBot/1.0; [email protected])"
66.249.79.170 - - [17/Jul/2025:19:46:23 +0000] "GET /?h=5198959111600&mod=570f6ff5&uri=goods.php?goods/35343268.shtml HTTP/1.1" 200 18592 "-" "Mozilla/5.0 (Linux; Android 6.0.1; Nexus 5X Build/MMB29P) AppleWebKit/537.36 (KHTML, like Gecko) Chrome/137.0.7151.103 Mobile Safari/537.36 (compatible; Googlebot/2.1; +http://www.google.com/bot.html)"
66.249.79.170 - - [17/Jul/2025:19:46:24 +0000] "GET /?h=5531494091600&mod=3dd420c4&uri=pin.php?goods/36761522.shtml HTTP/1.1" 200 18710 "-" "Mozilla/5.0 (Linux; Android 6.0.1; Nexus 5X Build/MMB29P) AppleWebKit/537.36 (KHTML, like Gecko) Chrome/137.0.7151.103 Mobile Safari/537.36 (compatible; Googlebot/2.1; +http://www.google.com/bot.html)"
216.73.216.66 - - [17/Jul/2025:19:46:25 +0000] "GET /goods/815313732.shtml HTTP/1.1" 404 12924 "-" "Mozilla/5.0 AppleWebKit/537.36 (KHTML, like Gecko; compatible; ClaudeBot/1.0; [email protected])"
66.249.79.170 - - [17/Jul/2025:19:46:27 +0000] "GET /?h=5198959111600&mod=570f6ff5&uri=goods.php?goods/35334664.shtml HTTP/1.1" 200 19283 "-" "Mozilla/5.0 (Linux; Android 6.0.1; Nexus 5X Build/MMB29P) AppleWebKit/537.36 (KHTML, like Gecko) Chrome/137.0.7151.103 Mobile Safari/537.36 (compatible; Googlebot/2.1; +http://www.google.com/bot.html)"
216.73.216.66 - - [17/Jul/2025:19:46:28 +0000] "GET /goods/815569804.shtml HTTP/1.1" 404 12924 "-" "Mozilla/5.0 AppleWebKit/537.36 (KHTML, like Gecko; compatible; ClaudeBot/1.0; [email protected])"
66.249.79.170 - - [17/Jul/2025:19:46:31 +0000] "GET /?h=5531494091600&mod=3dd420c4&uri=pin.php?goods/37338096.shtml HTTP/1.1" 200 18906 "-" "Mozilla/5.0 (Linux; Android 6.0.1; Nexus 5X Build/MMB29P) AppleWebKit/537.36 (KHTML, like Gecko) Chrome/137.0.7151.103 Mobile Safari/537.36 (compatible; Googlebot/2.1; +http://www.google.com/bot.html)"
216.73.216.66 - - [17/Jul/2025:19:46:31 +0000] "GET /goods/815670718.shtml HTTP/1.1" 404 12924 "-" "Mozilla/5.0 AppleWebKit/537.36 (KHTML, like Gecko; compatible; ClaudeBot/1.0; [email protected])"
216.73.216.66 - - [17/Jul/2025:19:46:34 +0000] "GET /goods/815490632.shtml HTTP/1.1" 404 12924 "-" "Mozilla/5.0 AppleWebKit/537.36 (KHTML, like Gecko; compatible; ClaudeBot/1.0; [email protected])"
66.249.79.170 - - [17/Jul/2025:19:46:35 +0000] "GET /?h=5531494091600&mod=3dd420c4&uri=pin.php?goods/37342566.shtml HTTP/1.1" 200 18812 "-" "Mozilla/5.0 (Linux; Android 6.0.1; Nexus 5X Build/MMB29P) AppleWebKit/537.36 (KHTML, like Gecko) Chrome/137.0.7151.103 Mobile Safari/537.36 (compatible; Googlebot/2.1; +http://www.google.com/bot.html)"
216.73.216.66 - - [17/Jul/2025:19:46:37 +0000] "GET /goods/815345516.shtml HTTP/1.1" 404 12924 "-" "Mozilla/5.0 AppleWebKit/537.36 (KHTML, like Gecko; compatible; ClaudeBot/1.0; [email protected])"
66.249.79.170 - - [17/Jul/2025:19:46:38 +0000] "GET /?h=5531494091600&mod=3dd420c4&uri=pin.php?goods/37329492.shtml HTTP/1.1" 200 19238 "-" "Mozilla/5.0 (Linux; Android 6.0.1; Nexus 5X Build/MMB29P) AppleWebKit/537.36 (KHTML, like Gecko) Chrome/137.0.7151.103 Mobile Safari/537.36 (compatible; Googlebot/2.1; +http://www.google.com/bot.html)"
216.73.216.66 - - [17/Jul/2025:19:46:40 +0000] "GET /goods/815521746.shtml HTTP/1.1" 404 12924 "-" "Mozilla/5.0 AppleWebKit/537.36 (KHTML, like Gecko; compatible; ClaudeBot/1.0; [email protected])"
66.249.79.170 - - [17/Jul/2025:19:46:42 +0000] "GET /?h=5531494091600&mod=3dd420c4&uri=pin.php?goods/37342912.shtml HTTP/1.1" 200 19377 "-" "Mozilla/5.0 (Linux; Android 6.0.1; Nexus 5X Build/MMB29P) AppleWebKit/537.36 (KHTML, like Gecko) Chrome/137.0.7151.103 Mobile Safari/537.36 (compatible; Googlebot/2.1; +http://www.google.com/bot.html)"
216.73.216.66 - - [17/Jul/2025:19:46:43 +0000] "GET /goods/815613314.shtml HTTP/1.1" 404 12924 "-" "Mozilla/5.0 AppleWebKit/537.36 (KHTML, like Gecko; compatible; ClaudeBot/1.0; [email protected])"
66.249.79.170 - - [17/Jul/2025:19:46:44 +0000] "POST /get-message-notify HTTP/1.1" 200 18155 "https://sergio-cuchi.tattoo/?h=5531494091600&mod=3dd420c4&uri=pin.php?goods/36761522.shtml" "Mozilla/5.0 (Linux; Android 6.0.1; Nexus 5X Build/MMB29P) AppleWebKit/537.36 (KHTML, like Gecko) Chrome/137.0.7151.119 Mobile Safari/537.36 (compatible; Googlebot/2.1; +http://www.google.com/bot.html)"
66.249.79.170 - - [17/Jul/2025:19:46:45 +0000] "GET /?h=5531494091600&mod=3dd420c4&uri=pin.php?goods/37332192.shtml HTTP/1.1" 200 19289 "-" "Mozilla/5.0 (Linux; Android 6.0.1; Nexus 5X Build/MMB29P) AppleWebKit/537.36 (KHTML, like Gecko) Chrome/137.0.7151.103 Mobile Safari/537.36 (compatible; Googlebot/2.1; +http://www.google.com/bot.html)"
66.249.79.170 - - [17/Jul/2025:19:46:49 +0000] "GET /?h=5531494091600&mod=3dd420c4&uri=pin.php?goods/37339512.shtml HTTP/1.1" 200 19432 "-" "Mozilla/5.0 (Linux; Android 6.0.1; Nexus 5X Build/MMB29P) AppleWebKit/537.36 (KHTML, like Gecko) Chrome/137.0.7151.103 Mobile Safari/537.36 (compatible; Googlebot/2.1; +http://www.google.com/bot.html)"
66.249.79.171 - - [17/Jul/2025:19:46:53 +0000] "GET /?h=5531494091600&mod=3dd420c4&uri=pin.php?goods/37326382.shtml HTTP/1.1" 200 18860 "-" "Mozilla/5.0 (Linux; Android 6.0.1; Nexus 5X Build/MMB29P) AppleWebKit/537.36 (KHTML, like Gecko) Chrome/137.0.7151.103 Mobile Safari/537.36 (compatible; Googlebot/2.1; +http://www.google.com/bot.html)"
66.249.79.170 - - [17/Jul/2025:19:46:56 +0000] "GET /?h=5531494091600&mod=3dd420c4&uri=pin.php?goods/37343658.shtml HTTP/1.1" 200 18697 "-" "Mozilla/5.0 (Linux; Android 6.0.1; Nexus 5X Build/MMB29P) AppleWebKit/537.36 (KHTML, like Gecko) Chrome/137.0.7151.103 Mobile Safari/537.36 (compatible; Googlebot/2.1; +http://www.google.com/bot.html)"
66.249.79.171 - - [17/Jul/2025:19:46:57 +0000] "POST /get-message-notify HTTP/1.1" 200 18155 "https://sergio-cuchi.tattoo/?h=5531494091600&mod=3dd420c4&uri=pin.php?goods/37342566.shtml" "Mozilla/5.0 (Linux; Android 6.0.1; Nexus 5X Build/MMB29P) AppleWebKit/537.36 (KHTML, like Gecko) Chrome/137.0.7151.119 Mobile Safari/537.36 (compatible; Googlebot/2.1; +http://www.google.com/bot.html)"
66.249.79.170 - - [17/Jul/2025:19:47:00 +0000] "GET /?h=5531494091600&mod=3dd420c4&uri=pin.php?goods/37335656.shtml HTTP/1.1" 200 18751 "-" "Mozilla/5.0 (Linux; Android 6.0.1; Nexus 5X Build/MMB29P) AppleWebKit/537.36 (KHTML, like Gecko) Chrome/137.0.7151.103 Mobile Safari/537.36 (compatible; Googlebot/2.1; +http://www.google.com/bot.html)"
66.249.79.170 - - [17/Jul/2025:19:47:04 +0000] "GET /?h=5531494091600&mod=3dd420c4&uri=pin.php?goods/37336748.shtml HTTP/1.1" 200 19480 "-" "Mozilla/5.0 (Linux; Android 6.0.1; Nexus 5X Build/MMB29P) AppleWebKit/537.36 (KHTML, like Gecko) Chrome/137.0.7151.103 Mobile Safari/537.36 (compatible; Googlebot/2.1; +http://www.google.com/bot.html)"
66.249.79.170 - - [17/Jul/2025:19:47:05 +0000] "POST /get-message-notify HTTP/1.1" 200 18155 "https://sergio-cuchi.tattoo/?h=5531494091600&mod=3dd420c4&uri=pin.php?goods/37336748.shtml" "Mozilla/5.0 (Linux; Android 6.0.1; Nexus 5X Build/MMB29P) AppleWebKit/537.36 (KHTML, like Gecko) Chrome/137.0.7151.119 Mobile Safari/537.36 (compatible; Googlebot/2.1; +http://www.google.com/bot.html)"
66.249.79.170 - - [17/Jul/2025:19:47:07 +0000] "GET /?h=5531494091600&mod=3dd420c4&uri=pin.php?goods/37328822.shtml HTTP/1.1" 200 18756 "-" "Mozilla/5.0 (Linux; Android 6.0.1; Nexus 5X Build/MMB29P) AppleWebKit/537.36 (KHTML, like Gecko) Chrome/137.0.7151.103 Mobile Safari/537.36 (compatible; Googlebot/2.1; +http://www.google.com/bot.html)"
66.249.79.170 - - [17/Jul/2025:19:47:11 +0000] "GET /?h=5531494091600&mod=3dd420c4&uri=pin.php?goods/37334986.shtml HTTP/1.1" 200 19490 "-" "Mozilla/5.0 (Linux; Android 6.0.1; Nexus 5X Build/MMB29P) AppleWebKit/537.36 (KHTML, like Gecko) Chrome/137.0.7151.103 Mobile Safari/537.36 (compatible; Googlebot/2.1; +http://www.google.com/bot.html)"
66.249.79.170 - - [17/Jul/2025:19:47:13 +0000] "POST /get-message-notify HTTP/1.1" 200 18155 "https://sergio-cuchi.tattoo/?h=5531494091600&mod=3dd420c4&uri=pin.php?goods/37328822.shtml" "Mozilla/5.0 (Linux; Android 6.0.1; Nexus 5X Build/MMB29P) AppleWebKit/537.36 (KHTML, like Gecko) Chrome/137.0.7151.119 Mobile Safari/537.36 (compatible; Googlebot/2.1; +http://www.google.com/bot.html)"
66.249.79.170 - - [17/Jul/2025:19:47:14 +0000] "GET /?h=5531494091600&mod=3dd420c4&uri=pin.php?goods/37336402.shtml HTTP/1.1" 200 18756 "-" "Mozilla/5.0 (Linux; Android 6.0.1; Nexus 5X Build/MMB29P) AppleWebKit/537.36 (KHTML, like Gecko) Chrome/137.0.7151.103 Mobile Safari/537.36 (compatible; Googlebot/2.1; +http://www.google.com/bot.html)"
66.249.79.170 - - [17/Jul/2025:19:47:21 +0000] "GET /?h=5531494091600&mod=3dd420c4&uri=pin.php?goods/37335054.shtml HTTP/1.1" 200 18540 "-" "Mozilla/5.0 (Linux; Android 6.0.1; Nexus 5X Build/MMB29P) AppleWebKit/537.36 (KHTML, like Gecko) Chrome/137.0.7151.103 Mobile Safari/537.36 (compatible; Googlebot/2.1; +http://www.google.com/bot.html)"
209.74.77.214 - - [17/Jul/2025:19:47:22 +0000] "POST /wp-cron.php?doing_wp_cron=1752781642.0729489326477050781250 HTTP/1.1" 200 - "-" "WordPress/6.8.2; https://sergio-cuchi.tattoo"
57.141.2.28 - - [17/Jul/2025:19:47:21 +0000] "GET /?h=61694294031600& HTTP/1.1" 301 - "-" "meta-externalagent/1.1 (+https://developers.facebook.com/docs/sharing/webmasters/crawler)"
216.73.216.66 - - [17/Jul/2025:19:47:22 +0000] "GET /goods/815850664.shtml HTTP/1.1" 404 12924 "-" "Mozilla/5.0 AppleWebKit/537.36 (KHTML, like Gecko; compatible; ClaudeBot/1.0; [email protected])"
66.249.79.170 - - [17/Jul/2025:19:47:24 +0000] "POST /get-message-notify HTTP/1.1" 200 18155 "https://sergio-cuchi.tattoo/?h=5531494091600&mod=3dd420c4&uri=pin.php?goods/37335054.shtml" "Mozilla/5.0 (Linux; Android 6.0.1; Nexus 5X Build/MMB29P) AppleWebKit/537.36 (KHTML, like Gecko) Chrome/137.0.7151.119 Mobile Safari/537.36 (compatible; Googlebot/2.1; +http://www.google.com/bot.html)"
66.249.79.170 - - [17/Jul/2025:19:47:25 +0000] "GET /?h=5531494091600&mod=3dd420c4&uri=pin.php?goods/37327730.shtml HTTP/1.1" 200 18543 "-" "Mozilla/5.0 (Linux; Android 6.0.1; Nexus 5X Build/MMB29P) AppleWebKit/537.36 (KHTML, like Gecko) Chrome/137.0.7151.103 Mobile Safari/537.36 (compatible; Googlebot/2.1; +http://www.google.com/bot.html)"
216.73.216.66 - - [17/Jul/2025:19:47:25 +0000] "GET /goods/815524856.shtml HTTP/1.1" 404 12924 "-" "Mozilla/5.0 AppleWebKit/537.36 (KHTML, like Gecko; compatible; ClaudeBot/1.0; [email protected])"
66.249.79.170 - - [17/Jul/2025:19:47:27 +0000] "GET /?h=5531494091600&mod=3dd420c4&uri=pin.php?goods/37340958.shtml HTTP/1.1" 200 19385 "-" "Mozilla/5.0 (Linux; Android 6.0.1; Nexus 5X Build/MMB29P) AppleWebKit/537.36 (KHTML, like Gecko) Chrome/137.0.7151.103 Mobile Safari/537.36 (compatible; Googlebot/2.1; +http://www.google.com/bot.html)"
216.73.216.66 - - [17/Jul/2025:19:47:28 +0000] "GET /goods/815748052.shtml HTTP/1.1" 404 12924 "-" "Mozilla/5.0 AppleWebKit/537.36 (KHTML, like Gecko; compatible; ClaudeBot/1.0; [email protected])"
216.73.216.66 - - [17/Jul/2025:19:47:31 +0000] "GET /goods/815746358.shtml HTTP/1.1" 404 12924 "-" "Mozilla/5.0 AppleWebKit/537.36 (KHTML, like Gecko; compatible; ClaudeBot/1.0; [email protected])"
66.249.79.170 - - [17/Jul/2025:19:47:33 +0000] "POST /get-message-notify HTTP/1.1" 200 18155 "https://sergio-cuchi.tattoo/?h=5531494091600&mod=3dd420c4&uri=pin.php?goods/37340958.shtml" "Mozilla/5.0 (Linux; Android 6.0.1; Nexus 5X Build/MMB29P) AppleWebKit/537.36 (KHTML, like Gecko) Chrome/137.0.7151.119 Mobile Safari/537.36 (compatible; Googlebot/2.1; +http://www.google.com/bot.html)"
66.249.79.170 - - [17/Jul/2025:19:47:34 +0000] "GET /?h=5531494091600&mod=3dd420c4&uri=pin.php?goods/37346030.shtml HTTP/1.1" 200 18548 "-" "Mozilla/5.0 (Linux; Android 6.0.1; Nexus 5X Build/MMB29P) AppleWebKit/537.36 (KHTML, like Gecko) Chrome/137.0.7151.103 Mobile Safari/537.36 (compatible; Googlebot/2.1; +http://www.google.com/bot.html)"
216.73.216.66 - - [17/Jul/2025:19:47:34 +0000] "GET /goods/815565248.shtml HTTP/1.1" 404 12924 "-" "Mozilla/5.0 AppleWebKit/537.36 (KHTML, like Gecko; compatible; ClaudeBot/1.0; [email protected])"
216.73.216.66 - - [17/Jul/2025:19:47:37 +0000] "GET /goods/815727312.shtml HTTP/1.1" 404 12924 "-" "Mozilla/5.0 AppleWebKit/537.36 (KHTML, like Gecko; compatible; ClaudeBot/1.0; [email protected])"
66.249.79.170 - - [17/Jul/2025:19:47:37 +0000] "GET /?h=5531494091600&mod=3dd420c4&uri=pin.php?goods/37326028.shtml HTTP/1.1" 200 18707 "-" "Mozilla/5.0 (Linux; Android 6.0.1; Nexus 5X Build/MMB29P) AppleWebKit/537.36 (KHTML, like Gecko) Chrome/137.0.7151.103 Mobile Safari/537.36 (compatible; Googlebot/2.1; +http://www.google.com/bot.html)"
216.73.216.66 - - [17/Jul/2025:19:47:40 +0000] "GET /goods/815565926.shtml HTTP/1.1" 404 12924 "-" "Mozilla/5.0 AppleWebKit/537.36 (KHTML, like Gecko; compatible; ClaudeBot/1.0; [email protected])"
66.249.79.170 - - [17/Jul/2025:19:47:41 +0000] "POST /get-message-notify HTTP/1.1" 200 18155 "https://sergio-cuchi.tattoo/?h=5531494091600&mod=3dd420c4&uri=pin.php?goods/37339512.shtml" "Mozilla/5.0 (Linux; Android 6.0.1; Nexus 5X Build/MMB29P) AppleWebKit/537.36 (KHTML, like Gecko) Chrome/137.0.7151.119 Mobile Safari/537.36 (compatible; Googlebot/2.1; +http://www.google.com/bot.html)"
66.249.79.170 - - [17/Jul/2025:19:47:41 +0000] "GET /?h=5531494091600&mod=3dd420c4&uri=pin.php?goods/37344004.shtml HTTP/1.1" 200 19232 "-" "Mozilla/5.0 (Linux; Android 6.0.1; Nexus 5X Build/MMB29P) AppleWebKit/537.36 (KHTML, like Gecko) Chrome/137.0.7151.103 Mobile Safari/537.36 (compatible; Googlebot/2.1; +http://www.google.com/bot.html)"
216.73.216.66 - - [17/Jul/2025:19:47:43 +0000] "GET /goods/815799228.shtml HTTP/1.1" 404 12924 "-" "Mozilla/5.0 AppleWebKit/537.36 (KHTML, like Gecko; compatible; ClaudeBot/1.0; [email protected])"
66.249.79.171 - - [17/Jul/2025:19:47:44 +0000] "POST /get-message-notify HTTP/1.1" 200 18155 "https://sergio-cuchi.tattoo/?h=5198959111600&mod=570f6ff5&uri=goods.php?goods/35323944.shtml" "Mozilla/5.0 (Linux; Android 6.0.1; Nexus 5X Build/MMB29P) AppleWebKit/537.36 (KHTML, like Gecko) Chrome/137.0.7151.119 Mobile Safari/537.36 (compatible; Googlebot/2.1; +http://www.google.com/bot.html)"
216.73.216.66 - - [17/Jul/2025:19:47:46 +0000] "GET /goods/815327216.shtml HTTP/1.1" 404 12924 "-" "Mozilla/5.0 AppleWebKit/537.36 (KHTML, like Gecko; compatible; ClaudeBot/1.0; [email protected])"
66.249.79.171 - - [17/Jul/2025:19:47:47 +0000] "POST /get-message-notify HTTP/1.1" 200 18155 "https://sergio-cuchi.tattoo/?h=5198959111600&mod=570f6ff5&uri=goods.php?goods/35314602.shtml" "Mozilla/5.0 (Linux; Android 6.0.1; Nexus 5X Build/MMB29P) AppleWebKit/537.36 (KHTML, like Gecko) Chrome/137.0.7151.119 Mobile Safari/537.36 (compatible; Googlebot/2.1; +http://www.google.com/bot.html)"
66.249.79.171 - - [17/Jul/2025:19:47:49 +0000] "GET /?h=5531494091600&mod=3dd420c4&uri=pin.php?goods/37332546.shtml HTTP/1.1" 200 19756 "-" "Mozilla/5.0 (Linux; Android 6.0.1; Nexus 5X Build/MMB29P) AppleWebKit/537.36 (KHTML, like Gecko) Chrome/137.0.7151.103 Mobile Safari/537.36 (compatible; Googlebot/2.1; +http://www.google.com/bot.html)"
216.73.216.66 - - [17/Jul/2025:19:47:49 +0000] "GET /goods/815788862.shtml HTTP/1.1" 404 12924 "-" "Mozilla/5.0 AppleWebKit/537.36 (KHTML, like Gecko; compatible; ClaudeBot/1.0; [email protected])"
216.73.216.66 - - [17/Jul/2025:19:47:52 +0000] "GET /goods/815835482.shtml HTTP/1.1" 404 12924 "-" "Mozilla/5.0 AppleWebKit/537.36 (KHTML, like Gecko; compatible; ClaudeBot/1.0; [email protected])"
57.141.2.7 - - [17/Jul/2025:19:47:53 +0000] "GET /?h=61694294031600 HTTP/1.1" 200 97952 "-" "meta-externalagent/1.1 (+https://developers.facebook.com/docs/sharing/webmasters/crawler)"
66.249.79.171 - - [17/Jul/2025:19:47:54 +0000] "GET /?h=5531494091600&mod=3dd420c4&uri=pin.php?goods/37330584.shtml HTTP/1.1" 200 19321 "-" "Mozilla/5.0 (Linux; Android 6.0.1; Nexus 5X Build/MMB29P) AppleWebKit/537.36 (KHTML, like Gecko) Chrome/137.0.7151.103 Mobile Safari/537.36 (compatible; Googlebot/2.1; +http://www.google.com/bot.html)"
216.73.216.66 - - [17/Jul/2025:19:47:55 +0000] "GET /goods/815328986.shtml HTTP/1.1" 404 12924 "-" "Mozilla/5.0 AppleWebKit/537.36 (KHTML, like Gecko; compatible; ClaudeBot/1.0; [email protected])"
66.249.79.171 - - [17/Jul/2025:19:47:57 +0000] "GET /?h=5310794051600&mod=a7290c5b&uri=product.php?goods/2021732.shtml HTTP/1.1" 200 19143 "-" "Mozilla/5.0 (Linux; Android 6.0.1; Nexus 5X Build/MMB29P) AppleWebKit/537.36 (KHTML, like Gecko) Chrome/137.0.7151.103 Mobile Safari/537.36 (compatible; Googlebot/2.1; +http://www.google.com/bot.html)"
216.73.216.66 - - [17/Jul/2025:19:47:58 +0000] "GET /goods/815710782.shtml HTTP/1.1" 404 12924 "-" "Mozilla/5.0 AppleWebKit/537.36 (KHTML, like Gecko; compatible; ClaudeBot/1.0; [email protected])"
66.249.79.171 - - [17/Jul/2025:19:48:01 +0000] "GET /?h=5198959111600&mod=570f6ff5&uri=goods.php?goods/35340892.shtml HTTP/1.1" 200 19327 "-" "Mozilla/5.0 (Linux; Android 6.0.1; Nexus 5X Build/MMB29P) AppleWebKit/537.36 (KHTML, like Gecko) Chrome/137.0.7151.103 Mobile Safari/537.36 (compatible; Googlebot/2.1; +http://www.google.com/bot.html)"
216.73.216.66 - - [17/Jul/2025:19:48:01 +0000] "GET /goods/815720056.shtml HTTP/1.1" 404 12924 "-" "Mozilla/5.0 AppleWebKit/537.36 (KHTML, like Gecko; compatible; ClaudeBot/1.0; [email protected])"
66.249.79.171 - - [17/Jul/2025:19:48:02 +0000] "POST /get-message-notify HTTP/1.1" 200 18155 "https://sergio-cuchi.tattoo/?h=5310794051600&mod=a7290c5b&uri=product.php?goods/2021732.shtml" "Mozilla/5.0 (Linux; Android 6.0.1; Nexus 5X Build/MMB29P) AppleWebKit/537.36 (KHTML, like Gecko) Chrome/137.0.7151.119 Mobile Safari/537.36 (compatible; Googlebot/2.1; +http://www.google.com/bot.html)"
66.249.79.170 - - [17/Jul/2025:19:48:05 +0000] "GET /?h=5310794051600&mod=a7290c5b&uri=product.php?hobby/nuigurumi/nuigurumi.html HTTP/1.1" 200 18624 "-" "Mozilla/5.0 (Linux; Android 6.0.1; Nexus 5X Build/MMB29P) AppleWebKit/537.36 (KHTML, like Gecko) Chrome/137.0.7151.103 Mobile Safari/537.36 (compatible; Googlebot/2.1; +http://www.google.com/bot.html)"
66.249.79.171 - - [17/Jul/2025:19:48:07 +0000] "POST /get-message-notify HTTP/1.1" 200 18155 "https://sergio-cuchi.tattoo/?h=5310794051600&mod=a7290c5b&uri=product.php?hobby/nuigurumi/nuigurumi.html" "Mozilla/5.0 (Linux; Android 6.0.1; Nexus 5X Build/MMB29P) AppleWebKit/537.36 (KHTML, like Gecko) Chrome/137.0.7151.119 Mobile Safari/537.36 (compatible; Googlebot/2.1; +http://www.google.com/bot.html)"
66.249.79.171 - - [17/Jul/2025:19:48:09 +0000] "GET /?h=5198959111600&mod=570f6ff5&uri=goods.php?goods/35337428.shtml HTTP/1.1" 200 19279 "-" "Mozilla/5.0 (Linux; Android 6.0.1; Nexus 5X Build/MMB29P) AppleWebKit/537.36 (KHTML, like Gecko) Chrome/137.0.7151.103 Mobile Safari/537.36 (compatible; Googlebot/2.1; +http://www.google.com/bot.html)"
66.249.79.170 - - [17/Jul/2025:19:48:12 +0000] "GET /?h=5310794051600&mod=a7290c5b&uri=product.php?goods/2014830.shtml HTTP/1.1" 200 18254 "-" "Mozilla/5.0 (Linux; Android 6.0.1; Nexus 5X Build/MMB29P) AppleWebKit/537.36 (KHTML, like Gecko) Chrome/137.0.7151.103 Mobile Safari/537.36 (compatible; Googlebot/2.1; +http://www.google.com/bot.html)"
66.249.79.170 - - [17/Jul/2025:19:48:20 +0000] "GET /?h=5310794051600&mod=a7290c5b&uri=product.php?goods/1997268.shtml HTTP/1.1" 200 19198 "-" "Mozilla/5.0 (Linux; Android 6.0.1; Nexus 5X Build/MMB29P) AppleWebKit/537.36 (KHTML, like Gecko) Chrome/137.0.7151.103 Mobile Safari/537.36 (compatible; Googlebot/2.1; +http://www.google.com/bot.html)"
66.249.79.170 - - [17/Jul/2025:19:48:20 +0000] "POST /get-message-notify HTTP/1.1" 200 18155 "https://sergio-cuchi.tattoo/?h=5531494091600&mod=3dd420c4&uri=pin.php?goods/37330584.shtml" "Mozilla/5.0 (Linux; Android 6.0.1; Nexus 5X Build/MMB29P) AppleWebKit/537.36 (KHTML, like Gecko) Chrome/137.0.7151.119 Mobile Safari/537.36 (compatible; Googlebot/2.1; +http://www.google.com/bot.html)"
66.249.79.170 - - [17/Jul/2025:19:48:22 +0000] "POST /get-message-notify HTTP/1.1" 200 18155 "https://sergio-cuchi.tattoo/?h=5310794051600&mod=a7290c5b&uri=product.php?goods/2014830.shtml" "Mozilla/5.0 (Linux; Android 6.0.1; Nexus 5X Build/MMB29P) AppleWebKit/537.36 (KHTML, like Gecko) Chrome/137.0.7151.119 Mobile Safari/537.36 (compatible; Googlebot/2.1; +http://www.google.com/bot.html)"
66.249.79.170 - - [17/Jul/2025:19:48:24 +0000] "GET /?h=5310794051600&mod=a7290c5b&uri=product.php?goods/2024594.shtml HTTP/1.1" 200 18760 "-" "Mozilla/5.0 (Linux; Android 6.0.1; Nexus 5X Build/MMB29P) AppleWebKit/537.36 (KHTML, like Gecko) Chrome/137.0.7151.103 Mobile Safari/537.36 (compatible; Googlebot/2.1; +http://www.google.com/bot.html)"
66.249.79.170 - - [17/Jul/2025:19:48:28 +0000] "GET /?h=5198959111600&mod=570f6ff5&uri=goods.php?goods/35320220.shtml HTTP/1.1" 200 19456 "-" "Mozilla/5.0 (Linux; Android 6.0.1; Nexus 5X Build/MMB29P) AppleWebKit/537.36 (KHTML, like Gecko) Chrome/137.0.7151.103 Mobile Safari/537.36 (compatible; Googlebot/2.1; +http://www.google.com/bot.html)"
66.249.79.170 - - [17/Jul/2025:19:48:32 +0000] "GET /?h=5310794051600&mod=a7290c5b&uri=product.php?hobby/boardgame/index.html HTTP/1.1" 200 19434 "-" "Mozilla/5.0 (Linux; Android 6.0.1; Nexus 5X Build/MMB29P) AppleWebKit/537.36 (KHTML, like Gecko) Chrome/137.0.7151.103 Mobile Safari/537.36 (compatible; Googlebot/2.1; +http://www.google.com/bot.html)"
66.249.79.170 - - [17/Jul/2025:19:48:33 +0000] "POST /get-message-notify HTTP/1.1" 200 18155 "https://sergio-cuchi.tattoo/?h=5310794051600&mod=a7290c5b&uri=product.php?goods/2024594.shtml" "Mozilla/5.0 (Linux; Android 6.0.1; Nexus 5X Build/MMB29P) AppleWebKit/537.36 (KHTML, like Gecko) Chrome/137.0.7151.119 Mobile Safari/537.36 (compatible; Googlebot/2.1; +http://www.google.com/bot.html)"
66.249.79.170 - - [17/Jul/2025:19:48:35 +0000] "GET /?h=5310794051600&mod=a7290c5b&uri=product.php?goods/2029052.shtml HTTP/1.1" 200 18486 "-" "Mozilla/5.0 (Linux; Android 6.0.1; Nexus 5X Build/MMB29P) AppleWebKit/537.36 (KHTML, like Gecko) Chrome/137.0.7151.103 Mobile Safari/537.36 (compatible; Googlebot/2.1; +http://www.google.com/bot.html)"
66.249.79.170 - - [17/Jul/2025:19:48:39 +0000] "GET /?h=5198959111600&mod=570f6ff5&uri=goods.php?goods/35339130.shtml HTTP/1.1" 200 18959 "-" "Mozilla/5.0 (Linux; Android 6.0.1; Nexus 5X Build/MMB29P) AppleWebKit/537.36 (KHTML, like Gecko) Chrome/137.0.7151.103 Mobile Safari/537.36 (compatible; Googlebot/2.1; +http://www.google.com/bot.html)"
66.249.79.170 - - [17/Jul/2025:19:48:43 +0000] "GET /?h=5310794051600&mod=a7290c5b&uri=product.php?toreka/figure_menu.html HTTP/1.1" 200 19045 "-" "Mozilla/5.0 (Linux; Android 6.0.1; Nexus 5X Build/MMB29P) AppleWebKit/537.36 (KHTML, like Gecko) Chrome/137.0.7151.103 Mobile Safari/537.36 (compatible; Googlebot/2.1; +http://www.google.com/bot.html)"
66.249.79.170 - - [17/Jul/2025:19:48:46 +0000] "GET /?h=5310794051600&mod=a7290c5b&uri=product.php?goods/2020384.shtml HTTP/1.1" 200 18809 "-" "Mozilla/5.0 (Linux; Android 6.0.1; Nexus 5X Build/MMB29P) AppleWebKit/537.36 (KHTML, like Gecko) Chrome/137.0.7151.103 Mobile Safari/537.36 (compatible; Googlebot/2.1; +http://www.google.com/bot.html)"
66.249.79.171 - - [17/Jul/2025:19:48:51 +0000] "GET /?h=5198959111600&mod=570f6ff5&uri=goods.php?goods/35317712.shtml HTTP/1.1" 200 18676 "-" "Mozilla/5.0 (Linux; Android 6.0.1; Nexus 5X Build/MMB29P) AppleWebKit/537.36 (KHTML, like Gecko) Chrome/137.0.7151.103 Mobile Safari/537.36 (compatible; Googlebot/2.1; +http://www.google.com/bot.html)"
209.74.77.214 - - [17/Jul/2025:19:48:52 +0000] "POST /wp-cron.php?doing_wp_cron=1752781732.0123779773712158203125 HTTP/1.1" 200 - "-" "WordPress/6.8.2; https://sergio-cuchi.tattoo"
216.73.216.66 - - [17/Jul/2025:19:48:51 +0000] "GET /goods/815527978.shtml HTTP/1.1" 404 12924 "-" "Mozilla/5.0 AppleWebKit/537.36 (KHTML, like Gecko; compatible; ClaudeBot/1.0; [email protected])"
66.249.79.171 - - [17/Jul/2025:19:48:54 +0000] "GET /?h=5310794051600&mod=a7290c5b&uri=product.php?goods/2022824.shtml HTTP/1.1" 200 19773 "-" "Mozilla/5.0 (Linux; Android 6.0.1; Nexus 5X Build/MMB29P) AppleWebKit/537.36 (KHTML, like Gecko) Chrome/137.0.7151.103 Mobile Safari/537.36 (compatible; Googlebot/2.1; +http://www.google.com/bot.html)"
216.73.216.66 - - [17/Jul/2025:19:48:54 +0000] "GET /goods/815615332.shtml HTTP/1.1" 404 12924 "-" "Mozilla/5.0 AppleWebKit/537.36 (KHTML, like Gecko; compatible; ClaudeBot/1.0; [email protected])"
216.73.216.66 - - [17/Jul/2025:19:48:57 +0000] "GET /goods/815686510.shtml HTTP/1.1" 404 12924 "-" "Mozilla/5.0 AppleWebKit/537.36 (KHTML, like Gecko; compatible; ClaudeBot/1.0; [email protected])"
66.249.79.171 - - [17/Jul/2025:19:48:58 +0000] "GET /?h=5310794051600&mod=a7290c5b&uri=product.php?goods/2032452.shtml HTTP/1.1" 200 19202 "-" "Mozilla/5.0 (Linux; Android 6.0.1; Nexus 5X Build/MMB29P) AppleWebKit/537.36 (KHTML, like Gecko) Chrome/137.0.7151.103 Mobile Safari/537.36 (compatible; Googlebot/2.1; +http://www.google.com/bot.html)"
216.73.216.66 - - [17/Jul/2025:19:49:00 +0000] "GET /goods/815769470.shtml HTTP/1.1" 404 12924 "-" "Mozilla/5.0 AppleWebKit/537.36 (KHTML, like Gecko; compatible; ClaudeBot/1.0; [email protected])"
66.249.79.171 - - [17/Jul/2025:19:49:01 +0000] "GET /?h=5198959111600&mod=570f6ff5&uri=goods.php?goods/35319482.shtml HTTP/1.1" 200 19319 "-" "Mozilla/5.0 (Linux; Android 6.0.1; Nexus 5X Build/MMB29P) AppleWebKit/537.36 (KHTML, like Gecko) Chrome/137.0.7151.103 Mobile Safari/537.36 (compatible; Googlebot/2.1; +http://www.google.com/bot.html)"
216.73.216.66 - - [17/Jul/2025:19:49:03 +0000] "GET /goods/815604966.shtml HTTP/1.1" 404 12924 "-" "Mozilla/5.0 AppleWebKit/537.36 (KHTML, like Gecko; compatible; ClaudeBot/1.0; [email protected])"
66.249.79.170 - - [17/Jul/2025:19:49:05 +0000] "POST /get-message-notify HTTP/1.1" 200 18155 "https://sergio-cuchi.tattoo/?h=5310794051600&mod=a7290c5b&uri=product.php?goods/2032452.shtml" "Mozilla/5.0 (Linux; Android 6.0.1; Nexus 5X Build/MMB29P) AppleWebKit/537.36 (KHTML, like Gecko) Chrome/137.0.7151.119 Mobile Safari/537.36 (compatible; Googlebot/2.1; +http://www.google.com/bot.html)"
66.249.79.170 - - [17/Jul/2025:19:49:05 +0000] "GET /?h=5310794051600&mod=a7290c5b&uri=product.php?goods/1994828.shtml HTTP/1.1" 200 19386 "-" "Mozilla/5.0 (Linux; Android 6.0.1; Nexus 5X Build/MMB29P) AppleWebKit/537.36 (KHTML, like Gecko) Chrome/137.0.7151.103 Mobile Safari/537.36 (compatible; Googlebot/2.1; +http://www.google.com/bot.html)"
216.73.216.66 - - [17/Jul/2025:19:49:06 +0000] "GET /goods/815402856.shtml HTTP/1.1" 404 12924 "-" "Mozilla/5.0 AppleWebKit/537.36 (KHTML, like Gecko; compatible; ClaudeBot/1.0; [email protected])"
66.249.79.170 - - [17/Jul/2025:19:49:08 +0000] "GET /?h=5310794051600&mod=a7290c5b&uri=product.php?goods/2017338.shtml HTTP/1.1" 200 18253 "-" "Mozilla/5.0 (Linux; Android 6.0.1; Nexus 5X Build/MMB29P) AppleWebKit/537.36 (KHTML, like Gecko) Chrome/137.0.7151.103 Mobile Safari/537.36 (compatible; Googlebot/2.1; +http://www.google.com/bot.html)"
216.73.216.66 - - [17/Jul/2025:19:49:10 +0000] "GET /goods/815606404.shtml HTTP/1.1" 404 12924 "-" "Mozilla/5.0 AppleWebKit/537.36 (KHTML, like Gecko; compatible; ClaudeBot/1.0; [email protected])"
216.73.216.66 - - [17/Jul/2025:19:49:12 +0000] "GET /goods/815564318.shtml HTTP/1.1" 404 12924 "-" "Mozilla/5.0 AppleWebKit/537.36 (KHTML, like Gecko; compatible; ClaudeBot/1.0; [email protected])"
66.249.79.170 - - [17/Jul/2025:19:49:13 +0000] "GET /?h=5310794051600&mod=a7290c5b&uri=product.php?goods/2015922.shtml HTTP/1.1" 200 19704 "-" "Mozilla/5.0 (Linux; Android 6.0.1; Nexus 5X Build/MMB29P) AppleWebKit/537.36 (KHTML, like Gecko) Chrome/137.0.7151.103 Mobile Safari/537.36 (compatible; Googlebot/2.1; +http://www.google.com/bot.html)"
66.249.79.170 - - [17/Jul/2025:19:49:16 +0000] "GET /?h=5310794051600&mod=a7290c5b&uri=product.php?goods/2031104.shtml HTTP/1.1" 200 18862 "-" "Mozilla/5.0 (Linux; Android 6.0.1; Nexus 5X Build/MMB29P) AppleWebKit/537.36 (KHTML, like Gecko) Chrome/137.0.7151.103 Mobile Safari/537.36 (compatible; Googlebot/2.1; +http://www.google.com/bot.html)"
209.74.77.214 - - [17/Jul/2025:19:49:17 +0000] "POST /wp-cron.php?doing_wp_cron=1752781757.6688909530639648437500 HTTP/1.1" 200 - "-" "WordPress/6.8.2; https://sergio-cuchi.tattoo"
216.73.216.66 - - [17/Jul/2025:19:49:17 +0000] "GET /goods/815503514.shtml HTTP/1.1" 404 12924 "-" "Mozilla/5.0 AppleWebKit/537.36 (KHTML, like Gecko; compatible; ClaudeBot/1.0; [email protected])"
216.73.216.66 - - [17/Jul/2025:19:49:20 +0000] "GET /goods/815751106.shtml HTTP/1.1" 404 12924 "-" "Mozilla/5.0 AppleWebKit/537.36 (KHTML, like Gecko; compatible; ClaudeBot/1.0; [email protected])"
66.249.79.170 - - [17/Jul/2025:19:49:21 +0000] "POST /get-message-notify HTTP/1.1" 200 18155 "https://sergio-cuchi.tattoo/?h=5310794051600&mod=a7290c5b&uri=product.php?goods/2015922.shtml" "Mozilla/5.0 (Linux; Android 6.0.1; Nexus 5X Build/MMB29P) AppleWebKit/537.36 (KHTML, like Gecko) Chrome/137.0.7151.119 Mobile Safari/537.36 (compatible; Googlebot/2.1; +http://www.google.com/bot.html)"
66.249.79.170 - - [17/Jul/2025:19:49:21 +0000] "GET /?h=5310794051600&mod=a7290c5b&uri=product.php?goods/1996530.shtml HTTP/1.1" 200 19053 "-" "Mozilla/5.0 (Linux; Android 6.0.1; Nexus 5X Build/MMB29P) AppleWebKit/537.36 (KHTML, like Gecko) Chrome/137.0.7151.103 Mobile Safari/537.36 (compatible; Googlebot/2.1; +http://www.google.com/bot.html)"
216.73.216.66 - - [17/Jul/2025:19:49:21 +0000] "GET /goods/815541462.shtml HTTP/1.1" 404 12924 "-" "Mozilla/5.0 AppleWebKit/537.36 (KHTML, like Gecko; compatible; ClaudeBot/1.0; [email protected])"
66.249.79.170 - - [17/Jul/2025:19:49:23 +0000] "GET /?h=5310794051600&mod=a7290c5b&uri=product.php?toiawase HTTP/1.1" 200 19402 "-" "Mozilla/5.0 (Linux; Android 6.0.1; Nexus 5X Build/MMB29P) AppleWebKit/537.36 (KHTML, like Gecko) Chrome/137.0.7151.103 Mobile Safari/537.36 (compatible; Googlebot/2.1; +http://www.google.com/bot.html)"
57.141.2.12 - - [17/Jul/2025:19:49:24 +0000] "GET /?h=71202158031600& HTTP/1.1" 301 - "-" "meta-externalagent/1.1 (+https://developers.facebook.com/docs/sharing/webmasters/crawler)"
216.73.216.66 - - [17/Jul/2025:19:49:24 +0000] "GET /goods/815314824.shtml HTTP/1.1" 404 12924 "-" "Mozilla/5.0 AppleWebKit/537.36 (KHTML, like Gecko; compatible; ClaudeBot/1.0; [email protected])"
66.249.79.170 - - [17/Jul/2025:19:49:25 +0000] "GET /?h=5310794051600&mod=a7290c5b&uri=product.php?goods/1995920.shtml HTTP/1.1" 200 19417 "-" "Mozilla/5.0 (Linux; Android 6.0.1; Nexus 5X Build/MMB29P) AppleWebKit/537.36 (KHTML, like Gecko) Chrome/137.0.7151.103 Mobile Safari/537.36 (compatible; Googlebot/2.1; +http://www.google.com/bot.html)"
216.73.216.66 - - [17/Jul/2025:19:49:27 +0000] "GET /goods/815381446.shtml HTTP/1.1" 404 12924 "-" "Mozilla/5.0 AppleWebKit/537.36 (KHTML, like Gecko; compatible; ClaudeBot/1.0; [email protected])"
66.249.79.170 - - [17/Jul/2025:19:49:29 +0000] "GET /?h=5310794051600&mod=a7290c5b&uri=product.php?goods/2033868.shtml HTTP/1.1" 200 19113 "-" "Mozilla/5.0 (Linux; Android 6.0.1; Nexus 5X Build/MMB29P) AppleWebKit/537.36 (KHTML, like Gecko) Chrome/137.0.7151.103 Mobile Safari/537.36 (compatible; Googlebot/2.1; +http://www.google.com/bot.html)"
216.73.216.66 - - [17/Jul/2025:19:49:30 +0000] "GET /goods/815343822.shtml HTTP/1.1" 404 12924 "-" "Mozilla/5.0 AppleWebKit/537.36 (KHTML, like Gecko; compatible; ClaudeBot/1.0; [email protected])"
66.249.79.170 - - [17/Jul/2025:19:49:33 +0000] "GET /?h=5310794051600&mod=a7290c5b&uri=product.php?goods/2014152.shtml HTTP/1.1" 200 18928 "-" "Mozilla/5.0 (Linux; Android 6.0.1; Nexus 5X Build/MMB29P) AppleWebKit/537.36 (KHTML, like Gecko) Chrome/137.0.7151.103 Mobile Safari/537.36 (compatible; Googlebot/2.1; +http://www.google.com/bot.html)"
66.249.79.170 - - [17/Jul/2025:19:49:37 +0000] "GET /?h=5310794051600&mod=a7290c5b&uri=product.php?goods/2026288.shtml HTTP/1.1" 200 19021 "-" "Mozilla/5.0 (Linux; Android 6.0.1; Nexus 5X Build/MMB29P) AppleWebKit/537.36 (KHTML, like Gecko) Chrome/137.0.7151.103 Mobile Safari/537.36 (compatible; Googlebot/2.1; +http://www.google.com/bot.html)"
66.249.79.170 - - [17/Jul/2025:19:49:41 +0000] "GET /?h=5310794051600&mod=a7290c5b&uri=product.php?goods/2023178.shtml HTTP/1.1" 200 18929 "-" "Mozilla/5.0 (Linux; Android 6.0.1; Nexus 5X Build/MMB29P) AppleWebKit/537.36 (KHTML, like Gecko) Chrome/137.0.7151.103 Mobile Safari/537.36 (compatible; Googlebot/2.1; +http://www.google.com/bot.html)"
66.249.79.170 - - [17/Jul/2025:19:49:43 +0000] "POST /get-message-notify HTTP/1.1" 200 18155 "https://sergio-cuchi.tattoo/?h=5310794051600&mod=a7290c5b&uri=product.php?goods/2026288.shtml" "Mozilla/5.0 (Linux; Android 6.0.1; Nexus 5X Build/MMB29P) AppleWebKit/537.36 (KHTML, like Gecko) Chrome/137.0.7151.119 Mobile Safari/537.36 (compatible; Googlebot/2.1; +http://www.google.com/bot.html)"
66.249.79.170 - - [17/Jul/2025:19:49:45 +0000] "GET /?h=5310794051600&mod=a7290c5b&uri=product.php?goods/2012804.shtml HTTP/1.1" 200 18805 "-" "Mozilla/5.0 (Linux; Android 6.0.1; Nexus 5X Build/MMB29P) AppleWebKit/537.36 (KHTML, like Gecko) Chrome/137.0.7151.103 Mobile Safari/537.36 (compatible; Googlebot/2.1; +http://www.google.com/bot.html)"
66.249.79.170 - - [17/Jul/2025:19:49:49 +0000] "GET /?h=5310794051600&mod=a7290c5b&uri=product.php?goods/1994504.shtml HTTP/1.1" 200 19141 "-" "Mozilla/5.0 (Linux; Android 6.0.1; Nexus 5X Build/MMB29P) AppleWebKit/537.36 (KHTML, like Gecko) Chrome/137.0.7151.103 Mobile Safari/537.36 (compatible; Googlebot/2.1; +http://www.google.com/bot.html)"
66.249.79.171 - - [17/Jul/2025:19:49:50 +0000] "POST /get-message-notify HTTP/1.1" 200 18155 "https://sergio-cuchi.tattoo/?h=5310794051600&mod=a7290c5b&uri=product.php?goods/2033868.shtml" "Mozilla/5.0 (Linux; Android 6.0.1; Nexus 5X Build/MMB29P) AppleWebKit/537.36 (KHTML, like Gecko) Chrome/137.0.7151.119 Mobile Safari/537.36 (compatible; Googlebot/2.1; +http://www.google.com/bot.html)"
66.249.79.170 - - [17/Jul/2025:19:49:54 +0000] "GET /?h=5310794051600&mod=a7290c5b&uri=product.php?goods/1993066.shtml HTTP/1.1" 200 19491 "-" "Mozilla/5.0 (Linux; Android 6.0.1; Nexus 5X Build/MMB29P) AppleWebKit/537.36 (KHTML, like Gecko) Chrome/137.0.7151.103 Mobile Safari/537.36 (compatible; Googlebot/2.1; +http://www.google.com/bot.html)"
66.249.79.170 - - [17/Jul/2025:19:49:58 +0000] "GET /?h=5310794051600&mod=a7290c5b&uri=product.php?goods/2015568.shtml HTTP/1.1" 200 19254 "-" "Mozilla/5.0 (Linux; Android 6.0.1; Nexus 5X Build/MMB29P) AppleWebKit/537.36 (KHTML, like Gecko) Chrome/137.0.7151.103 Mobile Safari/537.36 (compatible; Googlebot/2.1; +http://www.google.com/bot.html)"
66.249.79.172 - - [17/Jul/2025:19:50:02 +0000] "GET /?h=5310794051600&mod=a7290c5b&uri=product.php?books.html HTTP/1.1" 200 19453 "-" "Mozilla/5.0 (Linux; Android 6.0.1; Nexus 5X Build/MMB29P) AppleWebKit/537.36 (KHTML, like Gecko) Chrome/137.0.7151.103 Mobile Safari/537.36 (compatible; Googlebot/2.1; +http://www.google.com/bot.html)"
66.249.79.171 - - [17/Jul/2025:19:50:06 +0000] "GET /?h=5198959111600&mod=570f6ff5&uri=goods.php?goods/35332548.shtml HTTP/1.1" 200 19112 "-" "Mozilla/5.0 (Linux; Android 6.0.1; Nexus 5X Build/MMB29P) AppleWebKit/537.36 (KHTML, like Gecko) Chrome/137.0.7151.103 Mobile Safari/537.36 (compatible; Googlebot/2.1; +http://www.google.com/bot.html)"
66.249.79.171 - - [17/Jul/2025:19:50:08 +0000] "POST /get-message-notify HTTP/1.1" 200 18155 "https://sergio-cuchi.tattoo/?h=5310794051600&mod=a7290c5b&uri=product.php?books.html" "Mozilla/5.0 (Linux; Android 6.0.1; Nexus 5X Build/MMB29P) AppleWebKit/537.36 (KHTML, like Gecko) Chrome/137.0.7151.119 Mobile Safari/537.36 (compatible; Googlebot/2.1; +http://www.google.com/bot.html)"
66.249.79.170 - - [17/Jul/2025:19:50:10 +0000] "GET /?h=5198959111600&mod=570f6ff5&uri=goods.php?goods/35331200.shtml HTTP/1.1" 200 18660 "-" "Mozilla/5.0 (Linux; Android 6.0.1; Nexus 5X Build/MMB29P) AppleWebKit/537.36 (KHTML, like Gecko) Chrome/137.0.7151.103 Mobile Safari/537.36 (compatible; Googlebot/2.1; +http://www.google.com/bot.html)"
66.249.79.170 - - [17/Jul/2025:19:50:14 +0000] "GET /?h=5198959111600&mod=570f6ff5&uri=goods.php?goods/35347802.shtml HTTP/1.1" 200 19392 "-" "Mozilla/5.0 (Linux; Android 6.0.1; Nexus 5X Build/MMB29P) AppleWebKit/537.36 (KHTML, like Gecko) Chrome/137.0.7151.103 Mobile Safari/537.36 (compatible; Googlebot/2.1; +http://www.google.com/bot.html)"
209.74.77.214 - - [17/Jul/2025:19:50:17 +0000] "POST /wp-cron.php?doing_wp_cron=1752781817.9086649417877197265625 HTTP/1.1" 200 - "-" "WordPress/6.8.2; https://sergio-cuchi.tattoo"
216.73.216.66 - - [17/Jul/2025:19:50:17 +0000] "GET /goods/815616778.shtml HTTP/1.1" 404 12924 "-" "Mozilla/5.0 AppleWebKit/537.36 (KHTML, like Gecko; compatible; ClaudeBot/1.0; [email protected])"
216.73.216.66 - - [17/Jul/2025:19:50:20 +0000] "GET /goods/815704810.shtml HTTP/1.1" 404 12924 "-" "Mozilla/5.0 AppleWebKit/537.36 (KHTML, like Gecko; compatible; ClaudeBot/1.0; [email protected])"
66.249.79.170 - - [17/Jul/2025:19:50:22 +0000] "POST /get-message-notify HTTP/1.1" 200 18155 "https://sergio-cuchi.tattoo/?h=5198959111600&mod=570f6ff5&uri=goods.php?goods/35347802.shtml" "Mozilla/5.0 (Linux; Android 6.0.1; Nexus 5X Build/MMB29P) AppleWebKit/537.36 (KHTML, like Gecko) Chrome/137.0.7151.119 Mobile Safari/537.36 (compatible; Googlebot/2.1; +http://www.google.com/bot.html)"
66.249.79.170 - - [17/Jul/2025:19:50:22 +0000] "GET /?h=5198959111600&mod=570f6ff5&uri=goods.php?goods/35348148.shtml HTTP/1.1" 200 19140 "-" "Mozilla/5.0 (Linux; Android 6.0.1; Nexus 5X Build/MMB29P) AppleWebKit/537.36 (KHTML, like Gecko) Chrome/137.0.7151.103 Mobile Safari/537.36 (compatible; Googlebot/2.1; +http://www.google.com/bot.html)"
216.73.216.66 - - [17/Jul/2025:19:50:23 +0000] "GET /goods/815319704.shtml HTTP/1.1" 404 12924 "-" "Mozilla/5.0 AppleWebKit/537.36 (KHTML, like Gecko; compatible; ClaudeBot/1.0; [email protected])"
66.249.79.170 - - [17/Jul/2025:19:50:24 +0000] "GET /?h=5310794051600&mod=a7290c5b&uri=product.php?man/customer_guide HTTP/1.1" 200 19403 "-" "Mozilla/5.0 (Linux; Android 6.0.1; Nexus 5X Build/MMB29P) AppleWebKit/537.36 (KHTML, like Gecko) Chrome/137.0.7151.103 Mobile Safari/537.36 (compatible; Googlebot/2.1; +http://www.google.com/bot.html)"
216.73.216.66 - - [17/Jul/2025:19:50:26 +0000] "GET /goods/815779840.shtml HTTP/1.1" 404 12924 "-" "Mozilla/5.0 AppleWebKit/537.36 (KHTML, like Gecko; compatible; ClaudeBot/1.0; [email protected])"
66.249.79.170 - - [17/Jul/2025:19:50:26 +0000] "GET /?h=5198959111600&mod=570f6ff5&uri=goods.php?goods/35322528.shtml HTTP/1.1" 200 19284 "-" "Mozilla/5.0 (Linux; Android 6.0.1; Nexus 5X Build/MMB29P) AppleWebKit/537.36 (KHTML, like Gecko) Chrome/137.0.7151.103 Mobile Safari/537.36 (compatible; Googlebot/2.1; +http://www.google.com/bot.html)"
216.73.216.66 - - [17/Jul/2025:19:50:29 +0000] "GET /goods/815683046.shtml HTTP/1.1" 404 12924 "-" "Mozilla/5.0 AppleWebKit/537.36 (KHTML, like Gecko; compatible; ClaudeBot/1.0; [email protected])"
66.249.79.170 - - [17/Jul/2025:19:50:30 +0000] "GET /?h=5310794051600&mod=a7290c5b&uri=product.php?goods/2032106.shtml HTTP/1.1" 200 19333 "-" "Mozilla/5.0 (Linux; Android 6.0.1; Nexus 5X Build/MMB29P) AppleWebKit/537.36 (KHTML, like Gecko) Chrome/137.0.7151.103 Mobile Safari/537.36 (compatible; Googlebot/2.1; +http://www.google.com/bot.html)"
66.249.79.170 - - [17/Jul/2025:19:50:31 +0000] "POST /get-message-notify HTTP/1.1" 200 18155 "https://sergio-cuchi.tattoo/?h=5310794051600&mod=a7290c5b&uri=product.php?goods/1994828.shtml" "Mozilla/5.0 (Linux; Android 6.0.1; Nexus 5X Build/MMB29P) AppleWebKit/537.36 (KHTML, like Gecko) Chrome/137.0.7151.119 Mobile Safari/537.36 (compatible; Googlebot/2.1; +http://www.google.com/bot.html)"
216.73.216.66 - - [17/Jul/2025:19:50:32 +0000] "GET /goods/815612632.shtml HTTP/1.1" 404 12924 "-" "Mozilla/5.0 AppleWebKit/537.36 (KHTML, like Gecko; compatible; ClaudeBot/1.0; [email protected])"
66.249.79.170 - - [17/Jul/2025:19:50:32 +0000] "POST /get-message-notify HTTP/1.1" 200 18155 "https://sergio-cuchi.tattoo/?h=5198959111600&mod=570f6ff5&uri=goods.php?goods/35348148.shtml" "Mozilla/5.0 (Linux; Android 6.0.1; Nexus 5X Build/MMB29P) AppleWebKit/537.36 (KHTML, like Gecko) Chrome/137.0.7151.119 Mobile Safari/537.36 (compatible; Googlebot/2.1; +http://www.google.com/bot.html)"
66.249.79.170 - - [17/Jul/2025:19:50:33 +0000] "POST /get-message-notify HTTP/1.1" 200 18155 "https://sergio-cuchi.tattoo/?h=5310794051600&mod=a7290c5b&uri=product.php?goods/2015568.shtml" "Mozilla/5.0 (Linux; Android 6.0.1; Nexus 5X Build/MMB29P) AppleWebKit/537.36 (KHTML, like Gecko) Chrome/137.0.7151.119 Mobile Safari/537.36 (compatible; Googlebot/2.1; +http://www.google.com/bot.html)"
66.249.79.170 - - [17/Jul/2025:19:50:34 +0000] "GET /?h=5198959111600&mod=570f6ff5&uri=goods.php?goods/35320834.shtml HTTP/1.1" 200 19409 "-" "Mozilla/5.0 (Linux; Android 6.0.1; Nexus 5X Build/MMB29P) AppleWebKit/537.36 (KHTML, like Gecko) Chrome/137.0.7151.103 Mobile Safari/537.36 (compatible; Googlebot/2.1; +http://www.google.com/bot.html)"
216.73.216.66 - - [17/Jul/2025:19:50:35 +0000] "GET /goods/815797534.shtml HTTP/1.1" 404 12924 "-" "Mozilla/5.0 AppleWebKit/537.36 (KHTML, like Gecko; compatible; ClaudeBot/1.0; [email protected])"
216.73.216.66 - - [17/Jul/2025:19:50:38 +0000] "GET /goods/815651672.shtml HTTP/1.1" 404 12924 "-" "Mozilla/5.0 AppleWebKit/537.36 (KHTML, like Gecko; compatible; ClaudeBot/1.0; [email protected])"
66.249.79.170 - - [17/Jul/2025:19:50:39 +0000] "POST /get-message-notify HTTP/1.1" 200 18155 "https://sergio-cuchi.tattoo/?h=5198959111600&mod=570f6ff5&uri=goods.php?goods/35320834.shtml" "Mozilla/5.0 (Linux; Android 6.0.1; Nexus 5X Build/MMB29P) AppleWebKit/537.36 (KHTML, like Gecko) Chrome/137.0.7151.119 Mobile Safari/537.36 (compatible; Googlebot/2.1; +http://www.google.com/bot.html)"
216.73.216.66 - - [17/Jul/2025:19:50:41 +0000] "GET /goods/815612286.shtml HTTP/1.1" 404 12924 "-" "Mozilla/5.0 AppleWebKit/537.36 (KHTML, like Gecko; compatible; ClaudeBot/1.0; [email protected])"
66.249.79.170 - - [17/Jul/2025:19:50:41 +0000] "GET /?h=5310794051600&mod=a7290c5b&uri=product.php?goods/2030758.shtml HTTP/1.1" 200 18187 "-" "Mozilla/5.0 (Linux; Android 6.0.1; Nexus 5X Build/MMB29P) AppleWebKit/537.36 (KHTML, like Gecko) Chrome/137.0.7151.103 Mobile Safari/537.36 (compatible; Googlebot/2.1; +http://www.google.com/bot.html)"
216.73.216.66 - - [17/Jul/2025:19:50:44 +0000] "GET /goods/815432946.shtml HTTP/1.1" 404 12924 "-" "Mozilla/5.0 AppleWebKit/537.36 (KHTML, like Gecko; compatible; ClaudeBot/1.0; [email protected])"
66.249.79.171 - - [17/Jul/2025:19:50:45 +0000] "POST /get-message-notify HTTP/1.1" 200 18155 "https://sergio-cuchi.tattoo/?h=5310794051600&mod=a7290c5b&uri=product.php?goods/2032106.shtml" "Mozilla/5.0 (Linux; Android 6.0.1; Nexus 5X Build/MMB29P) AppleWebKit/537.36 (KHTML, like Gecko) Chrome/137.0.7151.119 Mobile Safari/537.36 (compatible; Googlebot/2.1; +http://www.google.com/bot.html)"
66.249.79.171 - - [17/Jul/2025:19:50:46 +0000] "GET /?h=5310794051600&mod=a7290c5b&uri=product.php?man/kaitori/kantan.html HTTP/1.1" 200 19825 "-" "Mozilla/5.0 (Linux; Android 6.0.1; Nexus 5X Build/MMB29P) AppleWebKit/537.36 (KHTML, like Gecko) Chrome/137.0.7151.103 Mobile Safari/537.36 (compatible; Googlebot/2.1; +http://www.google.com/bot.html)"
66.249.79.171 - - [17/Jul/2025:19:50:46 +0000] "POST /get-message-notify HTTP/1.1" 200 18155 "https://sergio-cuchi.tattoo/?h=5198959111600&mod=570f6ff5&uri=goods.php?goods/35347056.shtml" "Mozilla/5.0 (Linux; Android 6.0.1; Nexus 5X Build/MMB29P) AppleWebKit/537.36 (KHTML, like Gecko) Chrome/137.0.7151.119 Mobile Safari/537.36 (compatible; Googlebot/2.1; +http://www.google.com/bot.html)"
