66.249.79.170 - - [17/Jul/2025:20:38:21 +0000] "GET /?h=111918169011600&mod=e22dd5da&uri=article.php?goods/3277338.shtml HTTP/1.1" 200 19022 "-" "Mozilla/5.0 (Linux; Android 6.0.1; Nexus 5X Build/MMB29P) AppleWebKit/537.36 (KHTML, like Gecko) Chrome/137.0.7151.103 Mobile Safari/537.36 (compatible; Googlebot/2.1; +http://www.google.com/bot.html)"
66.249.79.170 - - [17/Jul/2025:20:38:23 +0000] "GET /?h=52841838061600&mod=99d4eaef&uri=dp.php?goods/33888746.shtml HTTP/1.1" 200 18173 "-" "Mozilla/5.0 (Linux; Android 6.0.1; Nexus 5X Build/MMB29P) AppleWebKit/537.36 (KHTML, like Gecko) Chrome/137.0.7151.103 Mobile Safari/537.36 (compatible; Googlebot/2.1; +http://www.google.com/bot.html)"
66.249.79.170 - - [17/Jul/2025:20:38:26 +0000] "POST /get-message-notify HTTP/1.1" 200 18155 "https://sergio-cuchi.tattoo/?h=52841838061600&mod=99d4eaef&uri=dp.php?goods/33888746.shtml" "Mozilla/5.0 (Linux; Android 6.0.1; Nexus 5X Build/MMB29P) AppleWebKit/537.36 (KHTML, like Gecko) Chrome/137.0.7151.119 Mobile Safari/537.36 (compatible; Googlebot/2.1; +http://www.google.com/bot.html)"
66.249.79.170 - - [17/Jul/2025:20:38:30 +0000] "GET /?h=52841838061600&mod=99d4eaef&uri=dp.php?goods/33876764.shtml HTTP/1.1" 200 19613 "-" "Mozilla/5.0 (Linux; Android 6.0.1; Nexus 5X Build/MMB29P) AppleWebKit/537.36 (KHTML, like Gecko) Chrome/137.0.7151.103 Mobile Safari/537.36 (compatible; Googlebot/2.1; +http://www.google.com/bot.html)"
66.249.79.170 - - [17/Jul/2025:20:38:34 +0000] "GET /?h=5310794051600&mod=a7290c5b&uri=product.php?goods/3285942.shtml HTTP/1.1" 200 19450 "-" "Mozilla/5.0 (Linux; Android 6.0.1; Nexus 5X Build/MMB29P) AppleWebKit/537.36 (KHTML, like Gecko) Chrome/137.0.7151.103 Mobile Safari/537.36 (compatible; Googlebot/2.1; +http://www.google.com/bot.html)"
66.249.79.170 - - [17/Jul/2025:20:38:34 +0000] "POST /get-message-notify HTTP/1.1" 200 18155 "https://sergio-cuchi.tattoo/?h=5725731031600&mod=a67f145f&uri=category-info.php?goods/37139854.shtml" "Mozilla/5.0 (Linux; Android 6.0.1; Nexus 5X Build/MMB29P) AppleWebKit/537.36 (KHTML, like Gecko) Chrome/137.0.7151.119 Mobile Safari/537.36 (compatible; Googlebot/2.1; +http://www.google.com/bot.html)"
66.249.79.170 - - [17/Jul/2025:20:38:38 +0000] "GET /?h=5218799001600&mod=61501c1f&uri=products.php?goods/35824562.shtml HTTP/1.1" 200 19676 "-" "Mozilla/5.0 (Linux; Android 6.0.1; Nexus 5X Build/MMB29P) AppleWebKit/537.36 (KHTML, like Gecko) Chrome/137.0.7151.103 Mobile Safari/537.36 (compatible; Googlebot/2.1; +http://www.google.com/bot.html)"
66.249.79.170 - - [17/Jul/2025:20:38:41 +0000] "GET /?h=5218799001600&mod=61501c1f&uri=products.php?goods/35797658.shtml HTTP/1.1" 200 19392 "-" "Mozilla/5.0 (Linux; Android 6.0.1; Nexus 5X Build/MMB29P) AppleWebKit/537.36 (KHTML, like Gecko) Chrome/137.0.7151.103 Mobile Safari/537.36 (compatible; Googlebot/2.1; +http://www.google.com/bot.html)"
66.249.79.170 - - [17/Jul/2025:20:38:43 +0000] "POST /get-message-notify HTTP/1.1" 200 18155 "https://sergio-cuchi.tattoo/?h=5310794051600&mod=a7290c5b&uri=product.php?toreka/toreka_single.html" "Mozilla/5.0 (Linux; Android 6.0.1; Nexus 5X Build/MMB29P) AppleWebKit/537.36 (KHTML, like Gecko) Chrome/137.0.7151.119 Mobile Safari/537.36 (compatible; Googlebot/2.1; +http://www.google.com/bot.html)"
66.249.79.170 - - [17/Jul/2025:20:38:48 +0000] "GET /?h=5218799001600&mod=61501c1f&uri=products.php?goods/35822860.shtml HTTP/1.1" 200 19583 "-" "Mozilla/5.0 (Linux; Android 6.0.1; Nexus 5X Build/MMB29P) AppleWebKit/537.36 (KHTML, like Gecko) Chrome/137.0.7151.103 Mobile Safari/537.36 (compatible; Googlebot/2.1; +http://www.google.com/bot.html)"
66.249.79.170 - - [17/Jul/2025:20:38:52 +0000] "GET /?h=5218799001600&mod=61501c1f&uri=products.php?goods/35825232.shtml HTTP/1.1" 200 18406 "-" "Mozilla/5.0 (Linux; Android 6.0.1; Nexus 5X Build/MMB29P) AppleWebKit/537.36 (KHTML, like Gecko) Chrome/137.0.7151.103 Mobile Safari/537.36 (compatible; Googlebot/2.1; +http://www.google.com/bot.html)"
209.74.77.214 - - [17/Jul/2025:20:38:55 +0000] "POST /wp-cron.php?doing_wp_cron=1752784735.7815170288085937500000 HTTP/1.1" 200 - "-" "WordPress/6.8.2; https://sergio-cuchi.tattoo"
216.73.216.66 - - [17/Jul/2025:20:38:55 +0000] "GET /goods/815547626.shtml HTTP/1.1" 404 12924 "-" "Mozilla/5.0 AppleWebKit/537.36 (KHTML, like Gecko; compatible; ClaudeBot/1.0; [email protected])"
66.249.79.171 - - [17/Jul/2025:20:38:55 +0000] "GET /?h=5218799001600&mod=61501c1f&uri=products.php?goods/35826324.shtml HTTP/1.1" 200 19409 "-" "Mozilla/5.0 (Linux; Android 6.0.1; Nexus 5X Build/MMB29P) AppleWebKit/537.36 (KHTML, like Gecko) Chrome/137.0.7151.103 Mobile Safari/537.36 (compatible; Googlebot/2.1; +http://www.google.com/bot.html)"
216.73.216.66 - - [17/Jul/2025:20:38:58 +0000] "GET /goods/815550480.shtml HTTP/1.1" 404 12924 "-" "Mozilla/5.0 AppleWebKit/537.36 (KHTML, like Gecko; compatible; ClaudeBot/1.0; [email protected])"
66.249.79.171 - - [17/Jul/2025:20:38:59 +0000] "GET /?h=5533774051600&mod=3dd420c4&uri=news.php?goods/4557984.shtml HTTP/1.1" 200 19141 "-" "Mozilla/5.0 (Linux; Android 6.0.1; Nexus 5X Build/MMB29P) AppleWebKit/537.36 (KHTML, like Gecko) Chrome/137.0.7151.103 Mobile Safari/537.36 (compatible; Googlebot/2.1; +http://www.google.com/bot.html)"
216.73.216.66 - - [17/Jul/2025:20:39:01 +0000] "GET /goods/815355958.shtml HTTP/1.1" 404 12924 "-" "Mozilla/5.0 AppleWebKit/537.36 (KHTML, like Gecko; compatible; ClaudeBot/1.0; [email protected])"
66.249.79.171 - - [17/Jul/2025:20:39:02 +0000] "GET /?h=5533774051600&mod=3dd420c4&uri=news.php?goods/4564566.shtml HTTP/1.1" 200 18938 "-" "Mozilla/5.0 (Linux; Android 6.0.1; Nexus 5X Build/MMB29P) AppleWebKit/537.36 (KHTML, like Gecko) Chrome/137.0.7151.103 Mobile Safari/537.36 (compatible; Googlebot/2.1; +http://www.google.com/bot.html)"
216.73.216.66 - - [17/Jul/2025:20:39:03 +0000] "GET /goods/815675534.shtml HTTP/1.1" 404 12924 "-" "Mozilla/5.0 AppleWebKit/537.36 (KHTML, like Gecko; compatible; ClaudeBot/1.0; [email protected])"
216.73.216.66 - - [17/Jul/2025:20:39:06 +0000] "GET /goods/815465822.shtml HTTP/1.1" 404 12924 "-" "Mozilla/5.0 AppleWebKit/537.36 (KHTML, like Gecko; compatible; ClaudeBot/1.0; [email protected])"
66.249.79.170 - - [17/Jul/2025:20:39:06 +0000] "GET /?h=52841838061600&mod=99d4eaef&uri=dp.php?goods/39248616.shtml HTTP/1.1" 200 18665 "-" "Mozilla/5.0 (Linux; Android 6.0.1; Nexus 5X Build/MMB29P) AppleWebKit/537.36 (KHTML, like Gecko) Chrome/137.0.7151.103 Mobile Safari/537.36 (compatible; Googlebot/2.1; +http://www.google.com/bot.html)"
66.249.79.170 - - [17/Jul/2025:20:39:08 +0000] "POST /get-message-notify HTTP/1.1" 200 18155 "https://sergio-cuchi.tattoo/?h=5533774051600&mod=3dd420c4&uri=news.php?goods/4557984.shtml" "Mozilla/5.0 (Linux; Android 6.0.1; Nexus 5X Build/MMB29P) AppleWebKit/537.36 (KHTML, like Gecko) Chrome/137.0.7151.119 Mobile Safari/537.36 (compatible; Googlebot/2.1; +http://www.google.com/bot.html)"
216.73.216.66 - - [17/Jul/2025:20:39:09 +0000] "GET /goods/815584640.shtml HTTP/1.1" 404 12924 "-" "Mozilla/5.0 AppleWebKit/537.36 (KHTML, like Gecko; compatible; ClaudeBot/1.0; [email protected])"
66.249.79.170 - - [17/Jul/2025:20:39:10 +0000] "GET /?h=5533774051600&mod=3dd420c4&uri=news.php?goods/4536984.shtml HTTP/1.1" 200 18434 "-" "Mozilla/5.0 (Linux; Android 6.0.1; Nexus 5X Build/MMB29P) AppleWebKit/537.36 (KHTML, like Gecko) Chrome/137.0.7151.103 Mobile Safari/537.36 (compatible; Googlebot/2.1; +http://www.google.com/bot.html)"
216.73.216.66 - - [17/Jul/2025:20:39:12 +0000] "GET /goods/815411528.shtml HTTP/1.1" 404 12924 "-" "Mozilla/5.0 AppleWebKit/537.36 (KHTML, like Gecko; compatible; ClaudeBot/1.0; [email protected])"
66.249.79.170 - - [17/Jul/2025:20:39:13 +0000] "GET /?h=5533774051600&mod=3dd420c4&uri=news.php?goods/4553168.shtml HTTP/1.1" 200 18964 "-" "Mozilla/5.0 (Linux; Android 6.0.1; Nexus 5X Build/MMB29P) AppleWebKit/537.36 (KHTML, like Gecko) Chrome/137.0.7151.103 Mobile Safari/537.36 (compatible; Googlebot/2.1; +http://www.google.com/bot.html)"
209.74.77.214 - - [17/Jul/2025:20:39:15 +0000] "POST /wp-cron.php?doing_wp_cron=1752784755.8807609081268310546875 HTTP/1.1" 200 - "-" "WordPress/6.8.2; https://sergio-cuchi.tattoo"
216.73.216.66 - - [17/Jul/2025:20:39:15 +0000] "GET /goods/815810954.shtml HTTP/1.1" 404 12924 "-" "Mozilla/5.0 AppleWebKit/537.36 (KHTML, like Gecko; compatible; ClaudeBot/1.0; [email protected])"
66.249.79.170 - - [17/Jul/2025:20:39:17 +0000] "GET /?h=5533774051600&mod=3dd420c4&uri=news.php?goods/4561448.shtml HTTP/1.1" 200 19338 "-" "Mozilla/5.0 (Linux; Android 6.0.1; Nexus 5X Build/MMB29P) AppleWebKit/537.36 (KHTML, like Gecko) Chrome/137.0.7151.103 Mobile Safari/537.36 (compatible; Googlebot/2.1; +http://www.google.com/bot.html)"
216.73.216.66 - - [17/Jul/2025:20:39:18 +0000] "GET /goods/815366324.shtml HTTP/1.1" 404 12924 "-" "Mozilla/5.0 AppleWebKit/537.36 (KHTML, like Gecko; compatible; ClaudeBot/1.0; [email protected])"
216.73.216.66 - - [17/Jul/2025:20:39:21 +0000] "GET /goods/815415738.shtml HTTP/1.1" 404 12924 "-" "Mozilla/5.0 AppleWebKit/537.36 (KHTML, like Gecko; compatible; ClaudeBot/1.0; [email protected])"
66.249.79.170 - - [17/Jul/2025:20:39:24 +0000] "GET /?h=52841838061600&mod=99d4eaef&uri=dp.php?goods/39251478.shtml HTTP/1.1" 200 18655 "-" "Mozilla/5.0 (Linux; Android 6.0.1; Nexus 5X Build/MMB29P) AppleWebKit/537.36 (KHTML, like Gecko) Chrome/137.0.7151.103 Mobile Safari/537.36 (compatible; Googlebot/2.1; +http://www.google.com/bot.html)"
216.73.216.66 - - [17/Jul/2025:20:39:24 +0000] "GET /goods/815513142.shtml HTTP/1.1" 404 12924 "-" "Mozilla/5.0 AppleWebKit/537.36 (KHTML, like Gecko; compatible; ClaudeBot/1.0; [email protected])"
66.249.79.170 - - [17/Jul/2025:20:39:25 +0000] "POST /get-message-notify HTTP/1.1" 200 18155 "https://sergio-cuchi.tattoo/?h=5533774051600&mod=3dd420c4&uri=news.php?goods/4536984.shtml" "Mozilla/5.0 (Linux; Android 6.0.1; Nexus 5X Build/MMB29P) AppleWebKit/537.36 (KHTML, like Gecko) Chrome/137.0.7151.119 Mobile Safari/537.36 (compatible; Googlebot/2.1; +http://www.google.com/bot.html)"
216.73.216.66 - - [17/Jul/2025:20:39:27 +0000] "GET /goods/815583612.shtml HTTP/1.1" 404 12924 "-" "Mozilla/5.0 AppleWebKit/537.36 (KHTML, like Gecko; compatible; ClaudeBot/1.0; [email protected])"
66.249.79.170 - - [17/Jul/2025:20:39:27 +0000] "GET /?h=5533774051600&mod=3dd420c4&uri=news.php?goods/4562796.shtml HTTP/1.1" 200 18531 "-" "Mozilla/5.0 (Linux; Android 6.0.1; Nexus 5X Build/MMB29P) AppleWebKit/537.36 (KHTML, like Gecko) Chrome/137.0.7151.103 Mobile Safari/537.36 (compatible; Googlebot/2.1; +http://www.google.com/bot.html)"
66.249.79.170 - - [17/Jul/2025:20:39:29 +0000] "GET /?h=52841838061600&mod=99d4eaef&uri=dp.php?goods/39246922.shtml HTTP/1.1" 200 19042 "-" "Mozilla/5.0 (Linux; Android 6.0.1; Nexus 5X Build/MMB29P) AppleWebKit/537.36 (KHTML, like Gecko) Chrome/137.0.7151.103 Mobile Safari/537.36 (compatible; Googlebot/2.1; +http://www.google.com/bot.html)"
216.73.216.66 - - [17/Jul/2025:20:39:30 +0000] "GET /goods/815515582.shtml HTTP/1.1" 404 12924 "-" "Mozilla/5.0 AppleWebKit/537.36 (KHTML, like Gecko; compatible; ClaudeBot/1.0; [email protected])"
66.249.79.170 - - [17/Jul/2025:20:39:32 +0000] "POST /get-message-notify HTTP/1.1" 200 18155 "https://sergio-cuchi.tattoo/?h=52841838061600&mod=99d4eaef&uri=dp.php?goods/39246922.shtml" "Mozilla/5.0 (Linux; Android 6.0.1; Nexus 5X Build/MMB29P) AppleWebKit/537.36 (KHTML, like Gecko) Chrome/137.0.7151.119 Mobile Safari/537.36 (compatible; Googlebot/2.1; +http://www.google.com/bot.html)"
216.73.216.66 - - [17/Jul/2025:20:39:33 +0000] "GET /goods/815775378.shtml HTTP/1.1" 404 12924 "-" "Mozilla/5.0 AppleWebKit/537.36 (KHTML, like Gecko; compatible; ClaudeBot/1.0; [email protected])"
66.249.79.170 - - [17/Jul/2025:20:39:35 +0000] "GET /?h=52841838061600&mod=99d4eaef&uri=dp.php?goods/39254178.shtml HTTP/1.1" 200 19408 "-" "Mozilla/5.0 (Linux; Android 6.0.1; Nexus 5X Build/MMB29P) AppleWebKit/537.36 (KHTML, like Gecko) Chrome/137.0.7151.103 Mobile Safari/537.36 (compatible; Googlebot/2.1; +http://www.google.com/bot.html)"
66.249.79.170 - - [17/Jul/2025:20:39:39 +0000] "GET /?h=5533774051600&mod=3dd420c4&uri=news.php?goods/4551820.shtml HTTP/1.1" 200 18874 "-" "Mozilla/5.0 (Linux; Android 6.0.1; Nexus 5X Build/MMB29P) AppleWebKit/537.36 (KHTML, like Gecko) Chrome/137.0.7151.103 Mobile Safari/537.36 (compatible; Googlebot/2.1; +http://www.google.com/bot.html)"
66.249.79.170 - - [17/Jul/2025:20:39:41 +0000] "GET /?h=5533774051600&mod=3dd420c4&uri=news.php?goods/4554938.shtml HTTP/1.1" 200 19455 "-" "Mozilla/5.0 (Linux; Android 6.0.1; Nexus 5X Build/MMB29P) AppleWebKit/537.36 (KHTML, like Gecko) Chrome/137.0.7151.103 Mobile Safari/537.36 (compatible; Googlebot/2.1; +http://www.google.com/bot.html)"
66.249.79.170 - - [17/Jul/2025:20:39:45 +0000] "GET /?h=5533774051600&mod=3dd420c4&uri=news.php?goods/4543894.shtml HTTP/1.1" 200 18380 "-" "Mozilla/5.0 (Linux; Android 6.0.1; Nexus 5X Build/MMB29P) AppleWebKit/537.36 (KHTML, like Gecko) Chrome/137.0.7151.103 Mobile Safari/537.36 (compatible; Googlebot/2.1; +http://www.google.com/bot.html)"
66.249.79.171 - - [17/Jul/2025:20:39:51 +0000] "POST /get-message-notify HTTP/1.1" 200 18155 "https://sergio-cuchi.tattoo/?h=5533774051600&mod=3dd420c4&uri=news.php?goods/4554938.shtml" "Mozilla/5.0 (Linux; Android 6.0.1; Nexus 5X Build/MMB29P) AppleWebKit/537.36 (KHTML, like Gecko) Chrome/137.0.7151.119 Mobile Safari/537.36 (compatible; Googlebot/2.1; +http://www.google.com/bot.html)"
66.249.79.171 - - [17/Jul/2025:20:39:51 +0000] "GET /?h=5533774051600&mod=3dd420c4&uri=news.php?goods/4556286.shtml HTTP/1.1" 200 18566 "-" "Mozilla/5.0 (Linux; Android 6.0.1; Nexus 5X Build/MMB29P) AppleWebKit/537.36 (KHTML, like Gecko) Chrome/137.0.7151.103 Mobile Safari/537.36 (compatible; Googlebot/2.1; +http://www.google.com/bot.html)"
66.249.79.171 - - [17/Jul/2025:20:39:56 +0000] "GET /?h=5533774051600&mod=3dd420c4&uri=news.php?goods/4552430.shtml HTTP/1.1" 200 19379 "-" "Mozilla/5.0 (Linux; Android 6.0.1; Nexus 5X Build/MMB29P) AppleWebKit/537.36 (KHTML, like Gecko) Chrome/137.0.7151.103 Mobile Safari/537.36 (compatible; Googlebot/2.1; +http://www.google.com/bot.html)"
66.249.79.170 - - [17/Jul/2025:20:40:00 +0000] "GET /?h=5533774051600&mod=3dd420c4&uri=news.php?goods/4562194.shtml HTTP/1.1" 200 19385 "-" "Mozilla/5.0 (Linux; Android 6.0.1; Nexus 5X Build/MMB29P) AppleWebKit/537.36 (KHTML, like Gecko) Chrome/137.0.7151.103 Mobile Safari/537.36 (compatible; Googlebot/2.1; +http://www.google.com/bot.html)"
66.249.79.170 - - [17/Jul/2025:20:40:03 +0000] "POST /get-message-notify HTTP/1.1" 200 18155 "https://sergio-cuchi.tattoo/?h=5533774051600&mod=3dd420c4&uri=news.php?goods/4543894.shtml" "Mozilla/5.0 (Linux; Android 6.0.1; Nexus 5X Build/MMB29P) AppleWebKit/537.36 (KHTML, like Gecko) Chrome/137.0.7151.119 Mobile Safari/537.36 (compatible; Googlebot/2.1; +http://www.google.com/bot.html)"
66.249.79.170 - - [17/Jul/2025:20:40:04 +0000] "GET /?h=5533774051600&mod=3dd420c4&uri=news.php?goods/4564212.shtml HTTP/1.1" 200 19499 "-" "Mozilla/5.0 (Linux; Android 6.0.1; Nexus 5X Build/MMB29P) AppleWebKit/537.36 (KHTML, like Gecko) Chrome/137.0.7151.103 Mobile Safari/537.36 (compatible; Googlebot/2.1; +http://www.google.com/bot.html)"
66.249.79.170 - - [17/Jul/2025:20:40:07 +0000] "GET /?h=5533774051600&mod=3dd420c4&uri=news.php?goods/4559686.shtml HTTP/1.1" 200 18828 "-" "Mozilla/5.0 (Linux; Android 6.0.1; Nexus 5X Build/MMB29P) AppleWebKit/537.36 (KHTML, like Gecko) Chrome/137.0.7151.103 Mobile Safari/537.36 (compatible; Googlebot/2.1; +http://www.google.com/bot.html)"
66.249.79.170 - - [17/Jul/2025:20:40:11 +0000] "GET /?h=52841838061600&mod=99d4eaef&uri=dp.php?goods/39245506.shtml HTTP/1.1" 200 19546 "-" "Mozilla/5.0 (Linux; Android 6.0.1; Nexus 5X Build/MMB29P) AppleWebKit/537.36 (KHTML, like Gecko) Chrome/137.0.7151.103 Mobile Safari/537.36 (compatible; Googlebot/2.1; +http://www.google.com/bot.html)"
66.249.79.170 - - [17/Jul/2025:20:40:13 +0000] "POST /get-message-notify HTTP/1.1" 200 18155 "https://sergio-cuchi.tattoo/?h=5310794051600&mod=a7290c5b&uri=product.php?goods/3285942.shtml" "Mozilla/5.0 (Linux; Android 6.0.1; Nexus 5X Build/MMB29P) AppleWebKit/537.36 (KHTML, like Gecko) Chrome/137.0.7151.119 Mobile Safari/537.36 (compatible; Googlebot/2.1; +http://www.google.com/bot.html)"
66.249.79.170 - - [17/Jul/2025:20:40:15 +0000] "GET /?h=5533774051600&mod=3dd420c4&uri=news.php?goods/4553846.shtml HTTP/1.1" 200 19016 "-" "Mozilla/5.0 (Linux; Android 6.0.1; Nexus 5X Build/MMB29P) AppleWebKit/537.36 (KHTML, like Gecko) Chrome/137.0.7151.103 Mobile Safari/537.36 (compatible; Googlebot/2.1; +http://www.google.com/bot.html)"
66.249.79.170 - - [17/Jul/2025:20:40:19 +0000] "POST /get-message-notify HTTP/1.1" 200 18155 "https://sergio-cuchi.tattoo/?h=5533774051600&mod=3dd420c4&uri=news.php?goods/4562194.shtml" "Mozilla/5.0 (Linux; Android 6.0.1; Nexus 5X Build/MMB29P) AppleWebKit/537.36 (KHTML, like Gecko) Chrome/137.0.7151.119 Mobile Safari/537.36 (compatible; Googlebot/2.1; +http://www.google.com/bot.html)"
66.249.79.170 - - [17/Jul/2025:20:40:19 +0000] "GET /?h=52841838061600&mod=99d4eaef&uri=dp.php?goods/39252826.shtml HTTP/1.1" 200 18573 "-" "Mozilla/5.0 (Linux; Android 6.0.1; Nexus 5X Build/MMB29P) AppleWebKit/537.36 (KHTML, like Gecko) Chrome/137.0.7151.103 Mobile Safari/537.36 (compatible; Googlebot/2.1; +http://www.google.com/bot.html)"
66.249.79.170 - - [17/Jul/2025:20:40:19 +0000] "GET /?h=5531494091600&mod=3dd420c4&uri=pin.php?goods/38607446.shtml HTTP/1.1" 200 19375 "-" "Mozilla/5.0 (Linux; Android 6.0.1; Nexus 5X Build/MMB29P) AppleWebKit/537.36 (KHTML, like Gecko) Chrome/137.0.7151.103 Mobile Safari/537.36 (compatible; Googlebot/2.1; +http://www.google.com/bot.html)"
66.249.79.170 - - [17/Jul/2025:20:40:22 +0000] "GET /?h=5533774051600&mod=3dd420c4&uri=news.php?goods/4557724.shtml HTTP/1.1" 200 18843 "-" "Mozilla/5.0 (Linux; Android 6.0.1; Nexus 5X Build/MMB29P) AppleWebKit/537.36 (KHTML, like Gecko) Chrome/137.0.7151.103 Mobile Safari/537.36 (compatible; Googlebot/2.1; +http://www.google.com/bot.html)"
66.249.79.170 - - [17/Jul/2025:20:40:26 +0000] "GET /?h=52841838061600&mod=99d4eaef&uri=dp.php?goods/39253918.shtml HTTP/1.1" 200 18676 "-" "Mozilla/5.0 (Linux; Android 6.0.1; Nexus 5X Build/MMB29P) AppleWebKit/537.36 (KHTML, like Gecko) Chrome/137.0.7151.103 Mobile Safari/537.36 (compatible; Googlebot/2.1; +http://www.google.com/bot.html)"
66.249.79.170 - - [17/Jul/2025:20:40:30 +0000] "GET /?h=5533774051600&mod=3dd420c4&uri=news.php?goods/4553522.shtml HTTP/1.1" 200 18553 "-" "Mozilla/5.0 (Linux; Android 6.0.1; Nexus 5X Build/MMB29P) AppleWebKit/537.36 (KHTML, like Gecko) Chrome/137.0.7151.103 Mobile Safari/537.36 (compatible; Googlebot/2.1; +http://www.google.com/bot.html)"
66.249.79.170 - - [17/Jul/2025:20:40:34 +0000] "GET /?h=52841838061600&mod=99d4eaef&uri=dp.php?goods/39252472.shtml HTTP/1.1" 200 18925 "-" "Mozilla/5.0 (Linux; Android 6.0.1; Nexus 5X Build/MMB29P) AppleWebKit/537.36 (KHTML, like Gecko) Chrome/137.0.7151.103 Mobile Safari/537.36 (compatible; Googlebot/2.1; +http://www.google.com/bot.html)"
209.74.77.214 - - [17/Jul/2025:20:40:35 +0000] "POST /wp-cron.php?doing_wp_cron=1752784835.1464939117431640625000 HTTP/1.1" 200 - "-" "WordPress/6.8.2; https://sergio-cuchi.tattoo"
216.73.216.66 - - [17/Jul/2025:20:40:34 +0000] "GET /goods/815369788.shtml HTTP/1.1" 404 12924 "-" "Mozilla/5.0 AppleWebKit/537.36 (KHTML, like Gecko; compatible; ClaudeBot/1.0; [email protected])"
216.73.216.66 - - [17/Jul/2025:20:40:37 +0000] "GET /goods/815458178.shtml HTTP/1.1" 404 12924 "-" "Mozilla/5.0 AppleWebKit/537.36 (KHTML, like Gecko; compatible; ClaudeBot/1.0; [email protected])"
66.249.79.170 - - [17/Jul/2025:20:40:38 +0000] "GET /?h=52841838061600&mod=99d4eaef&uri=dp.php?goods/39254588.shtml HTTP/1.1" 200 19041 "-" "Mozilla/5.0 (Linux; Android 6.0.1; Nexus 5X Build/MMB29P) AppleWebKit/537.36 (KHTML, like Gecko) Chrome/137.0.7151.103 Mobile Safari/537.36 (compatible; Googlebot/2.1; +http://www.google.com/bot.html)"
216.73.216.66 - - [17/Jul/2025:20:40:40 +0000] "GET /goods/815507170.shtml HTTP/1.1" 404 12924 "-" "Mozilla/5.0 AppleWebKit/537.36 (KHTML, like Gecko; compatible; ClaudeBot/1.0; [email protected])"
66.249.79.171 - - [17/Jul/2025:20:40:43 +0000] "POST /get-message-notify HTTP/1.1" 200 18155 "https://sergio-cuchi.tattoo/?h=52841838061600&mod=99d4eaef&uri=dp.php?goods/39253918.shtml" "Mozilla/5.0 (Linux; Android 6.0.1; Nexus 5X Build/MMB29P) AppleWebKit/537.36 (KHTML, like Gecko) Chrome/137.0.7151.119 Mobile Safari/537.36 (compatible; Googlebot/2.1; +http://www.google.com/bot.html)"
216.73.216.66 - - [17/Jul/2025:20:40:43 +0000] "GET /goods/815505208.shtml HTTP/1.1" 404 12924 "-" "Mozilla/5.0 AppleWebKit/537.36 (KHTML, like Gecko; compatible; ClaudeBot/1.0; [email protected])"
66.249.79.171 - - [17/Jul/2025:20:40:45 +0000] "GET /?h=5533774051600&mod=3dd420c4&uri=news.php?goods/4544564.shtml HTTP/1.1" 200 18747 "-" "Mozilla/5.0 (Linux; Android 6.0.1; Nexus 5X Build/MMB29P) AppleWebKit/537.36 (KHTML, like Gecko) Chrome/137.0.7151.103 Mobile Safari/537.36 (compatible; Googlebot/2.1; +http://www.google.com/bot.html)"
216.73.216.66 - - [17/Jul/2025:20:40:46 +0000] "GET /goods/815800580.shtml HTTP/1.1" 404 12924 "-" "Mozilla/5.0 AppleWebKit/537.36 (KHTML, like Gecko; compatible; ClaudeBot/1.0; [email protected])"
66.249.79.171 - - [17/Jul/2025:20:40:47 +0000] "POST /get-message-notify HTTP/1.1" 200 18155 "https://sergio-cuchi.tattoo/?h=5533774051600&mod=3dd420c4&uri=news.php?goods/4553522.shtml" "Mozilla/5.0 (Linux; Android 6.0.1; Nexus 5X Build/MMB29P) AppleWebKit/537.36 (KHTML, like Gecko) Chrome/137.0.7151.119 Mobile Safari/537.36 (compatible; Googlebot/2.1; +http://www.google.com/bot.html)"
66.249.79.170 - - [17/Jul/2025:20:40:49 +0000] "GET /?h=52841838061600&mod=99d4eaef&uri=dp.php?goods/39246244.shtml HTTP/1.1" 200 19101 "-" "Mozilla/5.0 (Linux; Android 6.0.1; Nexus 5X Build/MMB29P) AppleWebKit/537.36 (KHTML, like Gecko) Chrome/137.0.7151.103 Mobile Safari/537.36 (compatible; Googlebot/2.1; +http://www.google.com/bot.html)"
216.73.216.66 - - [17/Jul/2025:20:40:49 +0000] "GET /goods/815598478.shtml HTTP/1.1" 404 12924 "-" "Mozilla/5.0 AppleWebKit/537.36 (KHTML, like Gecko; compatible; ClaudeBot/1.0; [email protected])"
66.249.79.171 - - [17/Jul/2025:20:40:52 +0000] "GET /?h=5533774051600&mod=3dd420c4&uri=news.php?goods/4559332.shtml HTTP/1.1" 200 19329 "-" "Mozilla/5.0 (Linux; Android 6.0.1; Nexus 5X Build/MMB29P) AppleWebKit/537.36 (KHTML, like Gecko) Chrome/137.0.7151.103 Mobile Safari/537.36 (compatible; Googlebot/2.1; +http://www.google.com/bot.html)"
216.73.216.66 - - [17/Jul/2025:20:40:53 +0000] "GET /goods/815497888.shtml HTTP/1.1" 404 12924 "-" "Mozilla/5.0 AppleWebKit/537.36 (KHTML, like Gecko; compatible; ClaudeBot/1.0; [email protected])"
66.249.79.170 - - [17/Jul/2025:20:40:54 +0000] "GET /?h=5533774051600&mod=3dd420c4&uri=news.php?goods/4555284.shtml HTTP/1.1" 200 18917 "-" "Mozilla/5.0 (Linux; Android 6.0.1; Nexus 5X Build/MMB29P) AppleWebKit/537.36 (KHTML, like Gecko) Chrome/137.0.7151.103 Mobile Safari/537.36 (compatible; Googlebot/2.1; +http://www.google.com/bot.html)"
216.73.216.66 - - [17/Jul/2025:20:40:55 +0000] "GET /goods/815668278.shtml HTTP/1.1" 404 12924 "-" "Mozilla/5.0 AppleWebKit/537.36 (KHTML, like Gecko; compatible; ClaudeBot/1.0; [email protected])"
216.73.216.66 - - [17/Jul/2025:20:40:58 +0000] "GET /goods/815609168.shtml HTTP/1.1" 404 12924 "-" "Mozilla/5.0 AppleWebKit/537.36 (KHTML, like Gecko; compatible; ClaudeBot/1.0; [email protected])"
66.249.79.170 - - [17/Jul/2025:20:40:58 +0000] "GET /?h=5533774051600&mod=3dd420c4&uri=news.php?goods/4544496.shtml HTTP/1.1" 200 18914 "-" "Mozilla/5.0 (Linux; Android 6.0.1; Nexus 5X Build/MMB29P) AppleWebKit/537.36 (KHTML, like Gecko) Chrome/137.0.7151.103 Mobile Safari/537.36 (compatible; Googlebot/2.1; +http://www.google.com/bot.html)"
57.141.2.10 - - [17/Jul/2025:20:41:00 +0000] "GET /?h=24879030041600& HTTP/1.1" 301 - "-" "meta-externalagent/1.1 (+https://developers.facebook.com/docs/sharing/webmasters/crawler)"
216.73.216.66 - - [17/Jul/2025:20:41:01 +0000] "GET /goods/815366678.shtml HTTP/1.1" 404 12924 "-" "Mozilla/5.0 AppleWebKit/537.36 (KHTML, like Gecko; compatible; ClaudeBot/1.0; [email protected])"
66.249.79.171 - - [17/Jul/2025:20:41:03 +0000] "GET /?h=5533774051600&mod=3dd420c4&uri=news.php?goods/4533520.shtml HTTP/1.1" 200 18553 "-" "Mozilla/5.0 (Linux; Android 6.0.1; Nexus 5X Build/MMB29P) AppleWebKit/537.36 (KHTML, like Gecko) Chrome/137.0.7151.103 Mobile Safari/537.36 (compatible; Googlebot/2.1; +http://www.google.com/bot.html)"
216.73.216.66 - - [17/Jul/2025:20:41:04 +0000] "GET /goods/815698292.shtml HTTP/1.1" 404 12924 "-" "Mozilla/5.0 AppleWebKit/537.36 (KHTML, like Gecko; compatible; ClaudeBot/1.0; [email protected])"
66.249.79.170 - - [17/Jul/2025:20:41:07 +0000] "GET /?h=5198959111600&mod=570f6ff5&uri=goods.php?goods/38208442.shtml HTTP/1.1" 200 18740 "-" "Mozilla/5.0 (Linux; Android 6.0.1; Nexus 5X Build/MMB29P) AppleWebKit/537.36 (KHTML, like Gecko) Chrome/137.0.7151.103 Mobile Safari/537.36 (compatible; Googlebot/2.1; +http://www.google.com/bot.html)"
216.73.216.66 - - [17/Jul/2025:20:41:07 +0000] "GET /goods/815508262.shtml HTTP/1.1" 404 12924 "-" "Mozilla/5.0 AppleWebKit/537.36 (KHTML, like Gecko; compatible; ClaudeBot/1.0; [email protected])"
57.141.2.26 - - [17/Jul/2025:20:41:08 +0000] "GET /?h=24879030041600 HTTP/1.1" 200 97952 "-" "meta-externalagent/1.1 (+https://developers.facebook.com/docs/sharing/webmasters/crawler)"
216.73.216.66 - - [17/Jul/2025:20:41:10 +0000] "GET /goods/815459594.shtml HTTP/1.1" 404 12924 "-" "Mozilla/5.0 AppleWebKit/537.36 (KHTML, like Gecko; compatible; ClaudeBot/1.0; [email protected])"
118.68.66.117 - - [17/Jul/2025:20:41:10 +0000] "POST /wp-comments-post.php HTTP/1.1" 302 - "-" "Mozilla/5.0 (Windows NT 10.0; Win64; x64) AppleWebKit/537.36 (KHTML, like Gecko) Chrome/120.0.0.0 Safari/537.36"
66.249.79.170 - - [17/Jul/2025:20:41:11 +0000] "GET /?h=5198959111600&mod=570f6ff5&uri=goods.php?goods/38201446.shtml HTTP/1.1" 200 18722 "-" "Mozilla/5.0 (Linux; Android 6.0.1; Nexus 5X Build/MMB29P) AppleWebKit/537.36 (KHTML, like Gecko) Chrome/137.0.7151.103 Mobile Safari/537.36 (compatible; Googlebot/2.1; +http://www.google.com/bot.html)"
66.249.79.170 - - [17/Jul/2025:20:41:18 +0000] "GET /?h=5198959111600&mod=570f6ff5&uri=goods.php?goods/38169402.shtml HTTP/1.1" 200 18437 "-" "Mozilla/5.0 (Linux; Android 6.0.1; Nexus 5X Build/MMB29P) AppleWebKit/537.36 (KHTML, like Gecko) Chrome/137.0.7151.103 Mobile Safari/537.36 (compatible; Googlebot/2.1; +http://www.google.com/bot.html)"
66.249.79.170 - - [17/Jul/2025:20:41:21 +0000] "GET /?h=5198959111600&mod=570f6ff5&uri=goods.php?goods/38208766.shtml HTTP/1.1" 200 19154 "-" "Mozilla/5.0 (Linux; Android 6.0.1; Nexus 5X Build/MMB29P) AppleWebKit/537.36 (KHTML, like Gecko) Chrome/137.0.7151.103 Mobile Safari/537.36 (compatible; Googlebot/2.1; +http://www.google.com/bot.html)"
66.249.79.170 - - [17/Jul/2025:20:41:25 +0000] "GET /?h=5198959111600&mod=570f6ff5&uri=goods.php?goods/38202884.shtml HTTP/1.1" 200 19435 "-" "Mozilla/5.0 (Linux; Android 6.0.1; Nexus 5X Build/MMB29P) AppleWebKit/537.36 (KHTML, like Gecko) Chrome/137.0.7151.103 Mobile Safari/537.36 (compatible; Googlebot/2.1; +http://www.google.com/bot.html)"
66.249.79.170 - - [17/Jul/2025:20:41:29 +0000] "GET /?h=5198959111600&mod=570f6ff5&uri=goods.php?goods/38209112.shtml HTTP/1.1" 200 18999 "-" "Mozilla/5.0 (Linux; Android 6.0.1; Nexus 5X Build/MMB29P) AppleWebKit/537.36 (KHTML, like Gecko) Chrome/137.0.7151.103 Mobile Safari/537.36 (compatible; Googlebot/2.1; +http://www.google.com/bot.html)"
66.249.79.170 - - [17/Jul/2025:20:41:30 +0000] "POST /get-message-notify HTTP/1.1" 200 18155 "https://sergio-cuchi.tattoo/?h=5533774051600&mod=3dd420c4&uri=news.php?goods/4533520.shtml" "Mozilla/5.0 (Linux; Android 6.0.1; Nexus 5X Build/MMB29P) AppleWebKit/537.36 (KHTML, like Gecko) Chrome/137.0.7151.119 Mobile Safari/537.36 (compatible; Googlebot/2.1; +http://www.google.com/bot.html)"
66.249.79.170 - - [17/Jul/2025:20:41:32 +0000] "POST /get-message-notify HTTP/1.1" 200 18155 "https://sergio-cuchi.tattoo/?h=5198959111600&mod=570f6ff5&uri=goods.php?goods/38202884.shtml" "Mozilla/5.0 (Linux; Android 6.0.1; Nexus 5X Build/MMB29P) AppleWebKit/537.36 (KHTML, like Gecko) Chrome/137.0.7151.119 Mobile Safari/537.36 (compatible; Googlebot/2.1; +http://www.google.com/bot.html)"
66.249.79.170 - - [17/Jul/2025:20:41:32 +0000] "GET /?h=5725731031600&mod=a67f145f&uri=category-info.php?goods/37102508.shtml HTTP/1.1" 200 19412 "-" "Mozilla/5.0 (Linux; Android 6.0.1; Nexus 5X Build/MMB29P) AppleWebKit/537.36 (KHTML, like Gecko) Chrome/137.0.7151.103 Mobile Safari/537.36 (compatible; Googlebot/2.1; +http://www.google.com/bot.html)"
66.249.79.170 - - [17/Jul/2025:20:41:34 +0000] "POST /get-message-notify HTTP/1.1" 200 18155 "https://sergio-cuchi.tattoo/?h=5198959111600&mod=570f6ff5&uri=goods.php?goods/38169402.shtml" "Mozilla/5.0 (Linux; Android 6.0.1; Nexus 5X Build/MMB29P) AppleWebKit/537.36 (KHTML, like Gecko) Chrome/137.0.7151.119 Mobile Safari/537.36 (compatible; Googlebot/2.1; +http://www.google.com/bot.html)"
66.249.79.170 - - [17/Jul/2025:20:41:35 +0000] "GET /?h=5725731031600&mod=a67f145f&uri=category-info.php?goods/37100068.shtml HTTP/1.1" 200 19515 "-" "Mozilla/5.0 (Linux; Android 6.0.1; Nexus 5X Build/MMB29P) AppleWebKit/537.36 (KHTML, like Gecko) Chrome/137.0.7151.103 Mobile Safari/537.36 (compatible; Googlebot/2.1; +http://www.google.com/bot.html)"
209.74.77.214 - - [17/Jul/2025:20:41:38 +0000] "POST /wp-cron.php?doing_wp_cron=1752784898.9889900684356689453125 HTTP/1.1" 200 - "-" "WordPress/6.8.2; https://sergio-cuchi.tattoo"
118.68.66.117 - - [17/Jul/2025:20:41:38 +0000] "POST /wp-comments-post.php HTTP/1.1" 302 - "-" "Mozilla/5.0 (Windows NT 10.0; Win64; x64) AppleWebKit/537.36 (KHTML, like Gecko) Chrome/120.0.0.0 Safari/537.36"
66.249.79.170 - - [17/Jul/2025:20:41:39 +0000] "GET /?h=5725731031600&mod=a67f145f&uri=category-info.php?goods/37146428.shtml HTTP/1.1" 200 19431 "-" "Mozilla/5.0 (Linux; Android 6.0.1; Nexus 5X Build/MMB29P) AppleWebKit/537.36 (KHTML, like Gecko) Chrome/137.0.7151.103 Mobile Safari/537.36 (compatible; Googlebot/2.1; +http://www.google.com/bot.html)"
66.249.79.170 - - [17/Jul/2025:20:41:43 +0000] "GET /?h=5218799001600&mod=61501c1f&uri=products.php?goods/34528986.shtml HTTP/1.1" 200 19202 "-" "Mozilla/5.0 (Linux; Android 6.0.1; Nexus 5X Build/MMB29P) AppleWebKit/537.36 (KHTML, like Gecko) Chrome/137.0.7151.103 Mobile Safari/537.36 (compatible; Googlebot/2.1; +http://www.google.com/bot.html)"
66.249.79.170 - - [17/Jul/2025:20:41:47 +0000] "GET /?h=5725731031600&mod=a67f145f&uri=category-info.php?goods/37116060.shtml HTTP/1.1" 200 19166 "-" "Mozilla/5.0 (Linux; Android 6.0.1; Nexus 5X Build/MMB29P) AppleWebKit/537.36 (KHTML, like Gecko) Chrome/137.0.7151.103 Mobile Safari/537.36 (compatible; Googlebot/2.1; +http://www.google.com/bot.html)"
66.249.79.170 - - [17/Jul/2025:20:41:49 +0000] "POST /get-message-notify HTTP/1.1" 200 18155 "https://sergio-cuchi.tattoo/?h=5725731031600&mod=a67f145f&uri=category-info.php?goods/37146428.shtml" "Mozilla/5.0 (Linux; Android 6.0.1; Nexus 5X Build/MMB29P) AppleWebKit/537.36 (KHTML, like Gecko) Chrome/137.0.7151.119 Mobile Safari/537.36 (compatible; Googlebot/2.1; +http://www.google.com/bot.html)"
66.249.79.170 - - [17/Jul/2025:20:41:51 +0000] "GET /?h=5725731031600&mod=a67f145f&uri=category-info.php?goods/37144734.shtml HTTP/1.1" 200 19368 "-" "Mozilla/5.0 (Linux; Android 6.0.1; Nexus 5X Build/MMB29P) AppleWebKit/537.36 (KHTML, like Gecko) Chrome/137.0.7151.103 Mobile Safari/537.36 (compatible; Googlebot/2.1; +http://www.google.com/bot.html)"
66.249.79.170 - - [17/Jul/2025:20:41:56 +0000] "GET /?h=5725731031600&mod=a67f145f&uri=category-info.php?goods/37131182.shtml HTTP/1.1" 200 18991 "-" "Mozilla/5.0 (Linux; Android 6.0.1; Nexus 5X Build/MMB29P) AppleWebKit/537.36 (KHTML, like Gecko) Chrome/137.0.7151.103 Mobile Safari/537.36 (compatible; Googlebot/2.1; +http://www.google.com/bot.html)"
66.249.79.172 - - [17/Jul/2025:20:42:00 +0000] "GET /?h=5725731031600&mod=a67f145f&uri=category-info.php?goods/37149482.shtml HTTP/1.1" 200 18981 "-" "Mozilla/5.0 (Linux; Android 6.0.1; Nexus 5X Build/MMB29P) AppleWebKit/537.36 (KHTML, like Gecko) Chrome/137.0.7151.103 Mobile Safari/537.36 (compatible; Googlebot/2.1; +http://www.google.com/bot.html)"
66.249.79.172 - - [17/Jul/2025:20:42:02 +0000] "POST /get-message-notify HTTP/1.1" 200 18155 "https://sergio-cuchi.tattoo/?h=5218799001600&mod=61501c1f&uri=products.php?goods/34528986.shtml" "Mozilla/5.0 (Linux; Android 6.0.1; Nexus 5X Build/MMB29P) AppleWebKit/537.36 (KHTML, like Gecko) Chrome/137.0.7151.119 Mobile Safari/537.36 (compatible; Googlebot/2.1; +http://www.google.com/bot.html)"
66.249.79.170 - - [17/Jul/2025:20:42:04 +0000] "GET /?h=5725731031600&mod=a67f145f&uri=category-info.php?goods/37137414.shtml HTTP/1.1" 200 18867 "-" "Mozilla/5.0 (Linux; Android 6.0.1; Nexus 5X Build/MMB29P) AppleWebKit/537.36 (KHTML, like Gecko) Chrome/137.0.7151.103 Mobile Safari/537.36 (compatible; Googlebot/2.1; +http://www.google.com/bot.html)"
66.249.79.171 - - [17/Jul/2025:20:42:04 +0000] "POST /get-message-notify HTTP/1.1" 200 18155 "https://sergio-cuchi.tattoo/?h=5725731031600&mod=a67f145f&uri=category-info.php?goods/37149482.shtml" "Mozilla/5.0 (Linux; Android 6.0.1; Nexus 5X Build/MMB29P) AppleWebKit/537.36 (KHTML, like Gecko) Chrome/137.0.7151.119 Mobile Safari/537.36 (compatible; Googlebot/2.1; +http://www.google.com/bot.html)"
66.249.79.171 - - [17/Jul/2025:20:42:05 +0000] "POST /get-message-notify HTTP/1.1" 200 18155 "https://sergio-cuchi.tattoo/?h=5725731031600&mod=a67f145f&uri=category-info.php?goods/37100068.shtml" "Mozilla/5.0 (Linux; Android 6.0.1; Nexus 5X Build/MMB29P) AppleWebKit/537.36 (KHTML, like Gecko) Chrome/137.0.7151.119 Mobile Safari/537.36 (compatible; Googlebot/2.1; +http://www.google.com/bot.html)"
209.74.77.214 - - [17/Jul/2025:20:42:07 +0000] "POST /wp-cron.php?doing_wp_cron=1752784927.4492199420928955078125 HTTP/1.1" 200 - "-" "WordPress/6.8.2; https://sergio-cuchi.tattoo"
118.68.66.117 - - [17/Jul/2025:20:42:07 +0000] "POST /wp-comments-post.php HTTP/1.1" 302 - "-" "Mozilla/5.0 (Windows NT 10.0; Win64; x64) AppleWebKit/537.36 (KHTML, like Gecko) Chrome/120.0.0.0 Safari/537.36"
66.249.79.171 - - [17/Jul/2025:20:42:08 +0000] "GET /?h=5218799001600&mod=61501c1f&uri=products.php?goods/34542406.shtml HTTP/1.1" 200 19336 "-" "Mozilla/5.0 (Linux; Android 6.0.1; Nexus 5X Build/MMB29P) AppleWebKit/537.36 (KHTML, like Gecko) Chrome/137.0.7151.103 Mobile Safari/537.36 (compatible; Googlebot/2.1; +http://www.google.com/bot.html)"
66.249.79.170 - - [17/Jul/2025:20:42:12 +0000] "GET /?h=5725731031600&mod=a67f145f&uri=category-info.php?goods/37126626.shtml HTTP/1.1" 200 18278 "-" "Mozilla/5.0 (Linux; Android 6.0.1; Nexus 5X Build/MMB29P) AppleWebKit/537.36 (KHTML, like Gecko) Chrome/137.0.7151.103 Mobile Safari/537.36 (compatible; Googlebot/2.1; +http://www.google.com/bot.html)"
66.249.79.170 - - [17/Jul/2025:20:42:16 +0000] "GET /?h=5725731031600&mod=a67f145f&uri=category-info.php?goods/37119114.shtml HTTP/1.1" 200 19155 "-" "Mozilla/5.0 (Linux; Android 6.0.1; Nexus 5X Build/MMB29P) AppleWebKit/537.36 (KHTML, like Gecko) Chrome/137.0.7151.103 Mobile Safari/537.36 (compatible; Googlebot/2.1; +http://www.google.com/bot.html)"
209.74.77.214 - - [17/Jul/2025:20:42:20 +0000] "POST /wp-cron.php?doing_wp_cron=1752784940.1668601036071777343750 HTTP/1.1" 200 - "-" "WordPress/6.8.2; https://sergio-cuchi.tattoo"
216.73.216.66 - - [17/Jul/2025:20:42:19 +0000] "GET /goods/815662306.shtml HTTP/1.1" 404 12924 "-" "Mozilla/5.0 AppleWebKit/537.36 (KHTML, like Gecko; compatible; ClaudeBot/1.0; [email protected])"
216.73.216.66 - - [17/Jul/2025:20:42:22 +0000] "GET /goods/815446174.shtml HTTP/1.1" 404 12924 "-" "Mozilla/5.0 AppleWebKit/537.36 (KHTML, like Gecko; compatible; ClaudeBot/1.0; [email protected])"
66.249.79.170 - - [17/Jul/2025:20:42:23 +0000] "GET /?h=5725731031600&mod=a67f145f&uri=category-info.php?goods/37097952.shtml HTTP/1.1" 200 18878 "-" "Mozilla/5.0 (Linux; Android 6.0.1; Nexus 5X Build/MMB29P) AppleWebKit/537.36 (KHTML, like Gecko) Chrome/137.0.7151.103 Mobile Safari/537.36 (compatible; Googlebot/2.1; +http://www.google.com/bot.html)"
216.73.216.66 - - [17/Jul/2025:20:42:25 +0000] "GET /goods/815333448.shtml HTTP/1.1" 404 12924 "-" "Mozilla/5.0 AppleWebKit/537.36 (KHTML, like Gecko; compatible; ClaudeBot/1.0; [email protected])"
216.73.216.66 - - [17/Jul/2025:20:42:28 +0000] "GET /goods/815594332.shtml HTTP/1.1" 404 12924 "-" "Mozilla/5.0 AppleWebKit/537.36 (KHTML, like Gecko; compatible; ClaudeBot/1.0; [email protected])"
66.249.79.170 - - [17/Jul/2025:20:42:29 +0000] "POST /get-message-notify HTTP/1.1" 200 18155 "https://sergio-cuchi.tattoo/?h=5725731031600&mod=a67f145f&uri=category-info.php?goods/37119114.shtml" "Mozilla/5.0 (Linux; Android 6.0.1; Nexus 5X Build/MMB29P) AppleWebKit/537.36 (KHTML, like Gecko) Chrome/137.0.7151.119 Mobile Safari/537.36 (compatible; Googlebot/2.1; +http://www.google.com/bot.html)"
66.249.79.170 - - [17/Jul/2025:20:42:30 +0000] "GET /?h=5725731031600&mod=a67f145f&uri=category-info.php?goods/37142964.shtml HTTP/1.1" 200 18939 "-" "Mozilla/5.0 (Linux; Android 6.0.1; Nexus 5X Build/MMB29P) AppleWebKit/537.36 (KHTML, like Gecko) Chrome/137.0.7151.103 Mobile Safari/537.36 (compatible; Googlebot/2.1; +http://www.google.com/bot.html)"
216.73.216.66 - - [17/Jul/2025:20:42:31 +0000] "GET /goods/815342052.shtml HTTP/1.1" 404 12924 "-" "Mozilla/5.0 AppleWebKit/537.36 (KHTML, like Gecko; compatible; ClaudeBot/1.0; [email protected])"
66.249.79.170 - - [17/Jul/2025:20:42:34 +0000] "GET /?h=5218799001600&mod=61501c1f&uri=products.php?goods/34531686.shtml HTTP/1.1" 200 19419 "-" "Mozilla/5.0 (Linux; Android 6.0.1; Nexus 5X Build/MMB29P) AppleWebKit/537.36 (KHTML, like Gecko) Chrome/137.0.7151.103 Mobile Safari/537.36 (compatible; Googlebot/2.1; +http://www.google.com/bot.html)"
216.73.216.66 - - [17/Jul/2025:20:42:34 +0000] "GET /goods/815695182.shtml HTTP/1.1" 404 12924 "-" "Mozilla/5.0 AppleWebKit/537.36 (KHTML, like Gecko; compatible; ClaudeBot/1.0; [email protected])"
66.249.79.170 - - [17/Jul/2025:20:42:36 +0000] "GET /?h=5725731031600&mod=a67f145f&uri=category-info.php?goods/37102832.shtml HTTP/1.1" 200 19082 "-" "Mozilla/5.0 (Linux; Android 6.0.1; Nexus 5X Build/MMB29P) AppleWebKit/537.36 (KHTML, like Gecko) Chrome/137.0.7151.103 Mobile Safari/537.36 (compatible; Googlebot/2.1; +http://www.google.com/bot.html)"
118.68.66.117 - - [17/Jul/2025:20:42:36 +0000] "POST /wp-comments-post.php HTTP/1.1" 302 - "-" "Mozilla/5.0 (Windows NT 10.0; Win64; x64) AppleWebKit/537.36 (KHTML, like Gecko) Chrome/120.0.0.0 Safari/537.36"
209.74.77.214 - - [17/Jul/2025:20:42:38 +0000] "POST /wp-cron.php?doing_wp_cron=1752784958.0139930248260498046875 HTTP/1.1" 200 - "-" "WordPress/6.8.2; https://sergio-cuchi.tattoo"
216.73.216.66 - - [17/Jul/2025:20:42:37 +0000] "GET /goods/815778142.shtml HTTP/1.1" 404 12924 "-" "Mozilla/5.0 AppleWebKit/537.36 (KHTML, like Gecko; compatible; ClaudeBot/1.0; [email protected])"
66.249.79.170 - - [17/Jul/2025:20:42:38 +0000] "GET /?h=5218799001600&mod=61501c1f&uri=products.php?goods/34537658.shtml HTTP/1.1" 200 18709 "-" "Mozilla/5.0 (Linux; Android 6.0.1; Nexus 5X Build/MMB29P) AppleWebKit/537.36 (KHTML, like Gecko) Chrome/137.0.7151.103 Mobile Safari/537.36 (compatible; Googlebot/2.1; +http://www.google.com/bot.html)"
216.73.216.66 - - [17/Jul/2025:20:42:40 +0000] "GET /goods/815354542.shtml HTTP/1.1" 404 12924 "-" "Mozilla/5.0 AppleWebKit/537.36 (KHTML, like Gecko; compatible; ClaudeBot/1.0; [email protected])"
66.249.79.170 - - [17/Jul/2025:20:42:40 +0000] "GET /?h=5725731031600&mod=a67f145f&uri=category-info.php?goods/37109350.shtml HTTP/1.1" 200 19449 "-" "Mozilla/5.0 (Linux; Android 6.0.1; Nexus 5X Build/MMB29P) AppleWebKit/537.36 (KHTML, like Gecko) Chrome/137.0.7151.103 Mobile Safari/537.36 (compatible; Googlebot/2.1; +http://www.google.com/bot.html)"
216.73.216.66 - - [17/Jul/2025:20:42:43 +0000] "GET /goods/815597386.shtml HTTP/1.1" 404 12924 "-" "Mozilla/5.0 AppleWebKit/537.36 (KHTML, like Gecko; compatible; ClaudeBot/1.0; [email protected])"
66.249.79.171 - - [17/Jul/2025:20:42:45 +0000] "GET /?h=5725731031600&mod=a67f145f&uri=category-info.php?goods/37114644.shtml HTTP/1.1" 200 18973 "-" "Mozilla/5.0 (Linux; Android 6.0.1; Nexus 5X Build/MMB29P) AppleWebKit/537.36 (KHTML, like Gecko) Chrome/137.0.7151.103 Mobile Safari/537.36 (compatible; Googlebot/2.1; +http://www.google.com/bot.html)"
216.73.216.66 - - [17/Jul/2025:20:42:46 +0000] "GET /goods/815390788.shtml HTTP/1.1" 404 12924 "-" "Mozilla/5.0 AppleWebKit/537.36 (KHTML, like Gecko; compatible; ClaudeBot/1.0; [email protected])"
66.249.79.170 - - [17/Jul/2025:20:42:47 +0000] "GET /?h=5218799001600&mod=61501c1f&uri=products.php?goods/34225338.shtml HTTP/1.1" 200 19055 "-" "Mozilla/5.0 (Linux; Android 6.0.1; Nexus 5X Build/MMB29P) AppleWebKit/537.36 (KHTML, like Gecko) Chrome/137.0.7151.103 Mobile Safari/537.36 (compatible; Googlebot/2.1; +http://www.google.com/bot.html)"
66.249.79.170 - - [17/Jul/2025:20:42:49 +0000] "GET /?h=5725731031600&mod=a67f145f&uri=category-info.php?goods/37107388.shtml HTTP/1.1" 200 18247 "-" "Mozilla/5.0 (Linux; Android 6.0.1; Nexus 5X Build/MMB29P) AppleWebKit/537.36 (KHTML, like Gecko) Chrome/137.0.7151.103 Mobile Safari/537.36 (compatible; Googlebot/2.1; +http://www.google.com/bot.html)"
216.73.216.66 - - [17/Jul/2025:20:42:49 +0000] "GET /goods/815576292.shtml HTTP/1.1" 404 12924 "-" "Mozilla/5.0 AppleWebKit/537.36 (KHTML, like Gecko; compatible; ClaudeBot/1.0; [email protected])"
216.73.216.66 - - [17/Jul/2025:20:42:52 +0000] "GET /goods/815476188.shtml HTTP/1.1" 404 12924 "-" "Mozilla/5.0 AppleWebKit/537.36 (KHTML, like Gecko; compatible; ClaudeBot/1.0; [email protected])"
66.249.79.171 - - [17/Jul/2025:20:42:53 +0000] "GET /?h=5725731031600&mod=a67f145f&uri=category-info.php?goods/37128388.shtml HTTP/1.1" 200 19775 "-" "Mozilla/5.0 (Linux; Android 6.0.1; Nexus 5X Build/MMB29P) AppleWebKit/537.36 (KHTML, like Gecko) Chrome/137.0.7151.103 Mobile Safari/537.36 (compatible; Googlebot/2.1; +http://www.google.com/bot.html)"
216.73.216.66 - - [17/Jul/2025:20:42:56 +0000] "GET /goods/815654372.shtml HTTP/1.1" 404 12924 "-" "Mozilla/5.0 AppleWebKit/537.36 (KHTML, like Gecko; compatible; ClaudeBot/1.0; [email protected])"
66.249.79.170 - - [17/Jul/2025:20:42:56 +0000] "POST /get-message-notify HTTP/1.1" 200 18155 "https://sergio-cuchi.tattoo/?h=5725731031600&mod=a67f145f&uri=category-info.php?goods/37128388.shtml" "Mozilla/5.0 (Linux; Android 6.0.1; Nexus 5X Build/MMB29P) AppleWebKit/537.36 (KHTML, like Gecko) Chrome/137.0.7151.119 Mobile Safari/537.36 (compatible; Googlebot/2.1; +http://www.google.com/bot.html)"
66.249.79.170 - - [17/Jul/2025:20:42:57 +0000] "GET /?h=5725731031600&mod=a67f145f&uri=category-info.php?goods/37113206.shtml HTTP/1.1" 200 19097 "-" "Mozilla/5.0 (Linux; Android 6.0.1; Nexus 5X Build/MMB29P) AppleWebKit/537.36 (KHTML, like Gecko) Chrome/137.0.7151.103 Mobile Safari/537.36 (compatible; Googlebot/2.1; +http://www.google.com/bot.html)"
66.249.79.172 - - [17/Jul/2025:20:43:01 +0000] "GET /?h=5725731031600&mod=a67f145f&uri=category-info.php?goods/37132944.shtml HTTP/1.1" 200 19433 "-" "Mozilla/5.0 (Linux; Android 6.0.1; Nexus 5X Build/MMB29P) AppleWebKit/537.36 (KHTML, like Gecko) Chrome/137.0.7151.103 Mobile Safari/537.36 (compatible; Googlebot/2.1; +http://www.google.com/bot.html)"
118.68.66.117 - - [17/Jul/2025:20:43:05 +0000] "POST /wp-comments-post.php HTTP/1.1" 302 - "-" "Mozilla/5.0 (Windows NT 10.0; Win64; x64) AppleWebKit/537.36 (KHTML, like Gecko) Chrome/120.0.0.0 Safari/537.36"
66.249.79.171 - - [17/Jul/2025:20:43:07 +0000] "GET /?h=5725731031600&mod=a67f145f&uri=category-info.php?goods/37103186.shtml HTTP/1.1" 200 19614 "-" "Mozilla/5.0 (Linux; Android 6.0.1; Nexus 5X Build/MMB29P) AppleWebKit/537.36 (KHTML, like Gecko) Chrome/137.0.7151.103 Mobile Safari/537.36 (compatible; Googlebot/2.1; +http://www.google.com/bot.html)"
66.249.79.171 - - [17/Jul/2025:20:43:10 +0000] "GET /?h=5725731031600&mod=a67f145f&uri=category-info.php?goods/37138016.shtml HTTP/1.1" 200 19612 "-" "Mozilla/5.0 (Linux; Android 6.0.1; Nexus 5X Build/MMB29P) AppleWebKit/537.36 (KHTML, like Gecko) Chrome/137.0.7151.103 Mobile Safari/537.36 (compatible; Googlebot/2.1; +http://www.google.com/bot.html)"
66.249.79.170 - - [17/Jul/2025:20:43:14 +0000] "GET /?h=5725731031600&mod=a67f145f&uri=category-info.php?goods/37147780.shtml HTTP/1.1" 200 18551 "-" "Mozilla/5.0 (Linux; Android 6.0.1; Nexus 5X Build/MMB29P) AppleWebKit/537.36 (KHTML, like Gecko) Chrome/137.0.7151.103 Mobile Safari/537.36 (compatible; Googlebot/2.1; +http://www.google.com/bot.html)"
66.249.79.170 - - [17/Jul/2025:20:43:18 +0000] "GET /?h=5725731031600&mod=a67f145f&uri=category-info.php?goods/37128064.shtml HTTP/1.1" 200 19436 "-" "Mozilla/5.0 (Linux; Android 6.0.1; Nexus 5X Build/MMB29P) AppleWebKit/537.36 (KHTML, like Gecko) Chrome/137.0.7151.103 Mobile Safari/537.36 (compatible; Googlebot/2.1; +http://www.google.com/bot.html)"
66.249.79.170 - - [17/Jul/2025:20:43:21 +0000] "POST /get-message-notify HTTP/1.1" 200 18155 "https://sergio-cuchi.tattoo/?h=5725731031600&mod=a67f145f&uri=category-info.php?goods/37138016.shtml" "Mozilla/5.0 (Linux; Android 6.0.1; Nexus 5X Build/MMB29P) AppleWebKit/537.36 (KHTML, like Gecko) Chrome/137.0.7151.119 Mobile Safari/537.36 (compatible; Googlebot/2.1; +http://www.google.com/bot.html)"
66.249.79.170 - - [17/Jul/2025:20:43:21 +0000] "GET /?h=5725731031600&mod=a67f145f&uri=category-info.php?goods/37125342.shtml HTTP/1.1" 200 19293 "-" "Mozilla/5.0 (Linux; Android 6.0.1; Nexus 5X Build/MMB29P) AppleWebKit/537.36 (KHTML, like Gecko) Chrome/137.0.7151.103 Mobile Safari/537.36 (compatible; Googlebot/2.1; +http://www.google.com/bot.html)"
66.249.79.170 - - [17/Jul/2025:20:43:25 +0000] "GET /?h=5649331031600&mod=ab330135&uri=us.php?goods/39636576.shtml HTTP/1.1" 200 19500 "-" "Mozilla/5.0 (Linux; Android 6.0.1; Nexus 5X Build/MMB29P) AppleWebKit/537.36 (KHTML, like Gecko) Chrome/137.0.7151.103 Mobile Safari/537.36 (compatible; Googlebot/2.1; +http://www.google.com/bot.html)"
66.249.79.170 - - [17/Jul/2025:20:43:29 +0000] "POST /get-message-notify HTTP/1.1" 200 18155 "https://sergio-cuchi.tattoo/?h=5649331031600&mod=ab330135&uri=us.php?goods/39636576.shtml" "Mozilla/5.0 (Linux; Android 6.0.1; Nexus 5X Build/MMB29P) AppleWebKit/537.36 (KHTML, like Gecko) Chrome/137.0.7151.119 Mobile Safari/537.36 (compatible; Googlebot/2.1; +http://www.google.com/bot.html)"
66.249.79.170 - - [17/Jul/2025:20:43:29 +0000] "GET /?h=5218799001600&mod=61501c1f&uri=products.php?goods/34526614.shtml HTTP/1.1" 200 19359 "-" "Mozilla/5.0 (Linux; Android 6.0.1; Nexus 5X Build/MMB29P) AppleWebKit/537.36 (KHTML, like Gecko) Chrome/137.0.7151.103 Mobile Safari/537.36 (compatible; Googlebot/2.1; +http://www.google.com/bot.html)"
66.249.79.170 - - [17/Jul/2025:20:43:32 +0000] "POST /get-message-notify HTTP/1.1" 200 18155 "https://sergio-cuchi.tattoo/?h=5725731031600&mod=a67f145f&uri=category-info.php?goods/37125342.shtml" "Mozilla/5.0 (Linux; Android 6.0.1; Nexus 5X Build/MMB29P) AppleWebKit/537.36 (KHTML, like Gecko) Chrome/137.0.7151.119 Mobile Safari/537.36 (compatible; Googlebot/2.1; +http://www.google.com/bot.html)"
66.249.79.170 - - [17/Jul/2025:20:43:34 +0000] "GET /?h=5725731031600&mod=a67f145f&uri=category-info.php?goods/37111858.shtml HTTP/1.1" 200 19121 "-" "Mozilla/5.0 (Linux; Android 6.0.1; Nexus 5X Build/MMB29P) AppleWebKit/537.36 (KHTML, like Gecko) Chrome/137.0.7151.103 Mobile Safari/537.36 (compatible; Googlebot/2.1; +http://www.google.com/bot.html)"
209.74.77.214 - - [17/Jul/2025:20:43:37 +0000] "POST /wp-cron.php?doing_wp_cron=1752785017.6664779186248779296875 HTTP/1.1" 200 - "-" "WordPress/6.8.2; https://sergio-cuchi.tattoo"
216.73.216.66 - - [17/Jul/2025:20:43:37 +0000] "GET /goods/815509678.shtml HTTP/1.1" 404 12924 "-" "Mozilla/5.0 AppleWebKit/537.36 (KHTML, like Gecko; compatible; ClaudeBot/1.0; [email protected])"
66.249.79.170 - - [17/Jul/2025:20:43:39 +0000] "POST /get-message-notify HTTP/1.1" 200 18155 "https://sergio-cuchi.tattoo/?h=5725731031600&mod=a67f145f&uri=category-info.php?goods/37111858.shtml" "Mozilla/5.0 (Linux; Android 6.0.1; Nexus 5X Build/MMB29P) AppleWebKit/537.36 (KHTML, like Gecko) Chrome/137.0.7151.119 Mobile Safari/537.36 (compatible; Googlebot/2.1; +http://www.google.com/bot.html)"
216.73.216.66 - - [17/Jul/2025:20:43:40 +0000] "GET /goods/815358398.shtml HTTP/1.1" 404 12924 "-" "Mozilla/5.0 AppleWebKit/537.36 (KHTML, like Gecko; compatible; ClaudeBot/1.0; [email protected])"
66.249.79.170 - - [17/Jul/2025:20:43:40 +0000] "GET /?h=5725731031600&mod=a67f145f&uri=category-info.php?goods/37104278.shtml HTTP/1.1" 200 18276 "-" "Mozilla/5.0 (Linux; Android 6.0.1; Nexus 5X Build/MMB29P) AppleWebKit/537.36 (KHTML, like Gecko) Chrome/137.0.7151.103 Mobile Safari/537.36 (compatible; Googlebot/2.1; +http://www.google.com/bot.html)"
216.73.216.66 - - [17/Jul/2025:20:43:43 +0000] "GET /goods/815351078.shtml HTTP/1.1" 404 12924 "-" "Mozilla/5.0 AppleWebKit/537.36 (KHTML, like Gecko; compatible; ClaudeBot/1.0; [email protected])"
66.249.79.170 - - [17/Jul/2025:20:43:44 +0000] "GET /?h=5725731031600&mod=a67f145f&uri=category-info.php?goods/37101416.shtml HTTP/1.1" 200 19500 "-" "Mozilla/5.0 (Linux; Android 6.0.1; Nexus 5X Build/MMB29P) AppleWebKit/537.36 (KHTML, like Gecko) Chrome/137.0.7151.103 Mobile Safari/537.36 (compatible; Googlebot/2.1; +http://www.google.com/bot.html)"
216.73.216.66 - - [17/Jul/2025:20:43:46 +0000] "GET /goods/815398462.shtml HTTP/1.1" 404 12924 "-" "Mozilla/5.0 AppleWebKit/537.36 (KHTML, like Gecko; compatible; ClaudeBot/1.0; [email protected])"
