66.249.74.100 - - [16/Jul/2025:12:34:15 +0000] "GET /s/acute11118352/ HTTP/1.1" 404 9120 "-" "Mozilla/5.0 (Linux; Android 6.0.1; Nexus 5X Build/MMB29P) AppleWebKit/537.36 (KHTML, like Gecko) Chrome/137.0.7151.103 Mobile Safari/537.36 (compatible; GoogleOther)"
216.73.216.201 - - [16/Jul/2025:12:34:16 +0000] "GET /s/want30996842 HTTP/1.1" 404 9120 "-" "Mozilla/5.0 AppleWebKit/537.36 (KHTML, like Gecko; compatible; ClaudeBot/1.0; [email protected])"
216.73.216.201 - - [16/Jul/2025:12:34:19 +0000] "GET /s/handw40263219 HTTP/1.1" 404 9120 "-" "Mozilla/5.0 AppleWebKit/537.36 (KHTML, like Gecko; compatible; ClaudeBot/1.0; [email protected])"
216.73.216.201 - - [16/Jul/2025:12:34:22 +0000] "GET /s/hell41059091 HTTP/1.1" 404 9120 "-" "Mozilla/5.0 AppleWebKit/537.36 (KHTML, like Gecko; compatible; ClaudeBot/1.0; [email protected])"
216.73.216.201 - - [16/Jul/2025:12:34:25 +0000] "GET /s/gambl12473824 HTTP/1.1" 404 9120 "-" "Mozilla/5.0 AppleWebKit/537.36 (KHTML, like Gecko; compatible; ClaudeBot/1.0; [email protected])"
216.73.216.201 - - [16/Jul/2025:12:34:28 +0000] "GET /s/rest42920843 HTTP/1.1" 404 9120 "-" "Mozilla/5.0 AppleWebKit/537.36 (KHTML, like Gecko; compatible; ClaudeBot/1.0; [email protected])"
216.73.216.201 - - [16/Jul/2025:12:34:31 +0000] "GET /s/fee81506511 HTTP/1.1" 404 9120 "-" "Mozilla/5.0 AppleWebKit/537.36 (KHTML, like Gecko; compatible; ClaudeBot/1.0; [email protected])"
216.73.216.201 - - [16/Jul/2025:12:34:34 +0000] "GET /s/avera11386320 HTTP/1.1" 404 9119 "-" "Mozilla/5.0 AppleWebKit/537.36 (KHTML, like Gecko; compatible; ClaudeBot/1.0; [email protected])"
216.73.216.201 - - [16/Jul/2025:12:34:37 +0000] "GET /s/headl62155013 HTTP/1.1" 404 9120 "-" "Mozilla/5.0 AppleWebKit/537.36 (KHTML, like Gecko; compatible; ClaudeBot/1.0; [email protected])"
216.73.216.201 - - [16/Jul/2025:12:34:40 +0000] "GET /s/embas52971812 HTTP/1.1" 404 9120 "-" "Mozilla/5.0 AppleWebKit/537.36 (KHTML, like Gecko; compatible; ClaudeBot/1.0; [email protected])"
66.249.74.99 - - [16/Jul/2025:12:34:40 +0000] "GET /s/glanc10158808/ HTTP/1.1" 404 9120 "-" "Mozilla/5.0 (Linux; Android 6.0.1; Nexus 5X Build/MMB29P) AppleWebKit/537.36 (KHTML, like Gecko) Chrome/137.0.7151.103 Mobile Safari/537.36 (compatible; GoogleOther)"
209.74.77.214 - - [16/Jul/2025:12:34:43 +0000] "POST /wp-cron.php?doing_wp_cron=1752669283.1508429050445556640625 HTTP/1.1" 200 - "-" "WordPress/6.8.2; https://sixpacksecurity.com.au"
216.73.216.201 - - [16/Jul/2025:12:34:43 +0000] "GET /s/why32421010 HTTP/1.1" 404 9120 "-" "Mozilla/5.0 AppleWebKit/537.36 (KHTML, like Gecko; compatible; ClaudeBot/1.0; [email protected])"
209.74.77.214 - - [16/Jul/2025:12:34:43 +0000] "POST /wp-admin/admin-ajax.php?action=async_litespeed&nonce=F6KHY9QL7igJQYB8GCACmbQlibzmA22M&litespeed_type=imgoptm HTTP/1.1" 200 21 "-" "WordPress/6.8.2; https://sixpacksecurity.com.au"
216.73.216.201 - - [16/Jul/2025:12:34:46 +0000] "GET /s/curta61370765 HTTP/1.1" 404 9120 "-" "Mozilla/5.0 AppleWebKit/537.36 (KHTML, like Gecko; compatible; ClaudeBot/1.0; [email protected])"
216.73.216.201 - - [16/Jul/2025:12:34:49 +0000] "GET /s/clean62796005 HTTP/1.1" 404 9121 "-" "Mozilla/5.0 AppleWebKit/537.36 (KHTML, like Gecko; compatible; ClaudeBot/1.0; [email protected])"
216.73.216.201 - - [16/Jul/2025:12:34:52 +0000] "GET /s/murde81504343 HTTP/1.1" 404 9120 "-" "Mozilla/5.0 AppleWebKit/537.36 (KHTML, like Gecko; compatible; ClaudeBot/1.0; [email protected])"
216.73.216.201 - - [16/Jul/2025:12:34:55 +0000] "GET /s/scrat81025863 HTTP/1.1" 404 9120 "-" "Mozilla/5.0 AppleWebKit/537.36 (KHTML, like Gecko; compatible; ClaudeBot/1.0; [email protected])"
216.73.216.201 - - [16/Jul/2025:12:34:58 +0000] "GET /s/rainc70232662 HTTP/1.1" 404 9121 "-" "Mozilla/5.0 AppleWebKit/537.36 (KHTML, like Gecko; compatible; ClaudeBot/1.0; [email protected])"
66.249.74.100 - - [16/Jul/2025:12:35:01 +0000] "GET /s/austr82397271/ HTTP/1.1" 404 9120 "-" "Mozilla/5.0 (Linux; Android 6.0.1; Nexus 5X Build/MMB29P) AppleWebKit/537.36 (KHTML, like Gecko) Chrome/137.0.7151.103 Mobile Safari/537.36 (compatible; GoogleOther)"
216.73.216.201 - - [16/Jul/2025:12:35:01 +0000] "GET /s/ninet32952002 HTTP/1.1" 404 9120 "-" "Mozilla/5.0 AppleWebKit/537.36 (KHTML, like Gecko; compatible; ClaudeBot/1.0; [email protected])"
216.73.216.201 - - [16/Jul/2025:12:35:05 +0000] "GET /s/oak71941710 HTTP/1.1" 404 9120 "-" "Mozilla/5.0 AppleWebKit/537.36 (KHTML, like Gecko; compatible; ClaudeBot/1.0; [email protected])"
209.74.77.214 - - [16/Jul/2025:12:35:08 +0000] "POST /wp-cron.php?doing_wp_cron=1752669308.3087880611419677734375 HTTP/1.1" 200 - "-" "WordPress/6.8.2; https://sixpacksecurity.com.au"
216.73.216.201 - - [16/Jul/2025:12:35:08 +0000] "GET /s/shall41141603 HTTP/1.1" 404 9120 "-" "Mozilla/5.0 AppleWebKit/537.36 (KHTML, like Gecko; compatible; ClaudeBot/1.0; [email protected])"
216.73.216.201 - - [16/Jul/2025:12:35:11 +0000] "GET /s/chase21421385 HTTP/1.1" 404 9120 "-" "Mozilla/5.0 AppleWebKit/537.36 (KHTML, like Gecko; compatible; ClaudeBot/1.0; [email protected])"
216.73.216.201 - - [16/Jul/2025:12:35:14 +0000] "GET /s/flexi21270057 HTTP/1.1" 404 9120 "-" "Mozilla/5.0 AppleWebKit/537.36 (KHTML, like Gecko; compatible; ClaudeBot/1.0; [email protected])"
216.73.216.201 - - [16/Jul/2025:12:35:17 +0000] "GET /s/aside70982750 HTTP/1.1" 404 9120 "-" "Mozilla/5.0 AppleWebKit/537.36 (KHTML, like Gecko; compatible; ClaudeBot/1.0; [email protected])"
216.73.216.201 - - [16/Jul/2025:12:35:20 +0000] "GET /s/oar20023057 HTTP/1.1" 404 9120 "-" "Mozilla/5.0 AppleWebKit/537.36 (KHTML, like Gecko; compatible; ClaudeBot/1.0; [email protected])"
216.73.216.201 - - [16/Jul/2025:12:35:23 +0000] "GET /s/capti42510875 HTTP/1.1" 404 9120 "-" "Mozilla/5.0 AppleWebKit/537.36 (KHTML, like Gecko; compatible; ClaudeBot/1.0; [email protected])"
216.73.216.201 - - [16/Jul/2025:12:35:26 +0000] "GET /s/brute80330951 HTTP/1.1" 404 9120 "-" "Mozilla/5.0 AppleWebKit/537.36 (KHTML, like Gecko; compatible; ClaudeBot/1.0; [email protected])"
66.249.74.99 - - [16/Jul/2025:12:35:27 +0000] "GET /s/allia42159691/ HTTP/1.1" 404 9120 "-" "Mozilla/5.0 (Linux; Android 6.0.1; Nexus 5X Build/MMB29P) AppleWebKit/537.36 (KHTML, like Gecko) Chrome/137.0.7151.103 Mobile Safari/537.36 (compatible; GoogleOther)"
216.73.216.201 - - [16/Jul/2025:12:35:29 +0000] "GET /s/recal70143094 HTTP/1.1" 404 9120 "-" "Mozilla/5.0 AppleWebKit/537.36 (KHTML, like Gecko; compatible; ClaudeBot/1.0; [email protected])"
216.73.216.201 - - [16/Jul/2025:12:35:32 +0000] "GET /s/pass41916691 HTTP/1.1" 404 9120 "-" "Mozilla/5.0 AppleWebKit/537.36 (KHTML, like Gecko; compatible; ClaudeBot/1.0; [email protected])"
216.73.216.201 - - [16/Jul/2025:12:35:35 +0000] "GET /s/wheth42520739 HTTP/1.1" 404 9119 "-" "Mozilla/5.0 AppleWebKit/537.36 (KHTML, like Gecko; compatible; ClaudeBot/1.0; [email protected])"
216.73.216.201 - - [16/Jul/2025:12:35:38 +0000] "GET /s/effic40978067 HTTP/1.1" 404 9121 "-" "Mozilla/5.0 AppleWebKit/537.36 (KHTML, like Gecko; compatible; ClaudeBot/1.0; [email protected])"
216.73.216.201 - - [16/Jul/2025:12:35:41 +0000] "GET /s/custo60369461 HTTP/1.1" 404 9120 "-" "Mozilla/5.0 AppleWebKit/537.36 (KHTML, like Gecko; compatible; ClaudeBot/1.0; [email protected])"
209.74.77.214 - - [16/Jul/2025:12:35:44 +0000] "POST /wp-cron.php?doing_wp_cron=1752669344.3655300140380859375000 HTTP/1.1" 200 - "-" "WordPress/6.8.2; https://sixpacksecurity.com.au"
216.73.216.201 - - [16/Jul/2025:12:35:44 +0000] "GET /s/comma72709542 HTTP/1.1" 404 9120 "-" "Mozilla/5.0 AppleWebKit/537.36 (KHTML, like Gecko; compatible; ClaudeBot/1.0; [email protected])"
209.74.77.214 - - [16/Jul/2025:12:35:44 +0000] "POST /wp-admin/admin-ajax.php?action=async_litespeed&nonce=xB2UShu4849CZ1qFNcTEPfeyOHrF0ETn&litespeed_type=imgoptm HTTP/1.1" 200 21 "-" "WordPress/6.8.2; https://sixpacksecurity.com.au"
216.73.216.201 - - [16/Jul/2025:12:35:47 +0000] "GET /s/enric80265951 HTTP/1.1" 404 9120 "-" "Mozilla/5.0 AppleWebKit/537.36 (KHTML, like Gecko; compatible; ClaudeBot/1.0; [email protected])"
216.73.216.201 - - [16/Jul/2025:12:35:50 +0000] "GET /s/nest71606486 HTTP/1.1" 404 9120 "-" "Mozilla/5.0 AppleWebKit/537.36 (KHTML, like Gecko; compatible; ClaudeBot/1.0; [email protected])"
66.249.74.99 - - [16/Jul/2025:12:35:52 +0000] "GET /s/jolly51371316/ HTTP/1.1" 404 9120 "-" "Mozilla/5.0 (Linux; Android 6.0.1; Nexus 5X Build/MMB29P) AppleWebKit/537.36 (KHTML, like Gecko) Chrome/137.0.7151.103 Mobile Safari/537.36 (compatible; GoogleOther)"
216.73.216.201 - - [16/Jul/2025:12:35:53 +0000] "GET /s/dash51327532 HTTP/1.1" 404 9120 "-" "Mozilla/5.0 AppleWebKit/537.36 (KHTML, like Gecko; compatible; ClaudeBot/1.0; [email protected])"
209.74.77.214 - - [16/Jul/2025:12:36:20 +0000] "POST /wp-cron.php?doing_wp_cron=1752669380.8789610862731933593750 HTTP/1.1" 200 - "-" "WordPress/6.8.2; https://sixpacksecurity.com.au"
66.249.74.101 - - [16/Jul/2025:12:36:20 +0000] "GET /s/alarm62666741/ HTTP/1.1" 404 9120 "-" "Mozilla/5.0 (Linux; Android 6.0.1; Nexus 5X Build/MMB29P) AppleWebKit/537.36 (KHTML, like Gecko) Chrome/137.0.7151.103 Mobile Safari/537.36 (compatible; GoogleOther)"
216.73.216.201 - - [16/Jul/2025:12:36:21 +0000] "GET /s/rest42020843 HTTP/1.1" 404 9120 "-" "Mozilla/5.0 AppleWebKit/537.36 (KHTML, like Gecko; compatible; ClaudeBot/1.0; [email protected])"
216.73.216.201 - - [16/Jul/2025:12:36:24 +0000] "GET /s/avow60091821 HTTP/1.1" 404 9120 "-" "Mozilla/5.0 AppleWebKit/537.36 (KHTML, like Gecko; compatible; ClaudeBot/1.0; [email protected])"
66.249.74.100 - - [16/Jul/2025:12:36:25 +0000] "GET /s/log70515406/ HTTP/1.1" 404 9120 "-" "Mozilla/5.0 (Linux; Android 6.0.1; Nexus 5X Build/MMB29P) AppleWebKit/537.36 (KHTML, like Gecko) Chrome/137.0.7151.103 Mobile Safari/537.36 (compatible; GoogleOther)"
216.73.216.201 - - [16/Jul/2025:12:36:27 +0000] "GET /s/am10945688 HTTP/1.1" 404 9120 "-" "Mozilla/5.0 AppleWebKit/537.36 (KHTML, like Gecko; compatible; ClaudeBot/1.0; [email protected])"
216.73.216.201 - - [16/Jul/2025:12:36:30 +0000] "GET /s/lifes61709413 HTTP/1.1" 404 9120 "-" "Mozilla/5.0 AppleWebKit/537.36 (KHTML, like Gecko; compatible; ClaudeBot/1.0; [email protected])"
216.73.216.201 - - [16/Jul/2025:12:36:33 +0000] "GET /s/admit51134020 HTTP/1.1" 404 9120 "-" "Mozilla/5.0 AppleWebKit/537.36 (KHTML, like Gecko; compatible; ClaudeBot/1.0; [email protected])"
216.73.216.201 - - [16/Jul/2025:12:36:36 +0000] "GET /s/vain52891188 HTTP/1.1" 404 9119 "-" "Mozilla/5.0 AppleWebKit/537.36 (KHTML, like Gecko; compatible; ClaudeBot/1.0; [email protected])"
216.73.216.201 - - [16/Jul/2025:12:36:39 +0000] "GET /s/packa32404802 HTTP/1.1" 404 9121 "-" "Mozilla/5.0 AppleWebKit/537.36 (KHTML, like Gecko; compatible; ClaudeBot/1.0; [email protected])"
216.73.216.201 - - [16/Jul/2025:12:36:42 +0000] "GET /s/in51112748 HTTP/1.1" 404 9120 "-" "Mozilla/5.0 AppleWebKit/537.36 (KHTML, like Gecko; compatible; ClaudeBot/1.0; [email protected])"
209.74.77.214 - - [16/Jul/2025:12:36:45 +0000] "POST /wp-cron.php?doing_wp_cron=1752669405.4672570228576660156250 HTTP/1.1" 200 - "-" "WordPress/6.8.2; https://sixpacksecurity.com.au"
216.73.216.201 - - [16/Jul/2025:12:36:45 +0000] "GET /s/overw21845841 HTTP/1.1" 404 9120 "-" "Mozilla/5.0 AppleWebKit/537.36 (KHTML, like Gecko; compatible; ClaudeBot/1.0; [email protected])"
209.74.77.214 - - [16/Jul/2025:12:36:45 +0000] "POST /wp-admin/admin-ajax.php?action=async_litespeed&nonce=iJy2L9R47Nkx0NPBn51X3E5zNKoMjxTe&litespeed_type=imgoptm HTTP/1.1" 200 21 "-" "WordPress/6.8.2; https://sixpacksecurity.com.au"
216.73.216.201 - - [16/Jul/2025:12:36:48 +0000] "GET /s/crawl60451357 HTTP/1.1" 404 9121 "-" "Mozilla/5.0 AppleWebKit/537.36 (KHTML, like Gecko; compatible; ClaudeBot/1.0; [email protected])"
216.73.216.201 - - [16/Jul/2025:12:36:51 +0000] "GET /s/abroa21089257 HTTP/1.1" 404 9120 "-" "Mozilla/5.0 AppleWebKit/537.36 (KHTML, like Gecko; compatible; ClaudeBot/1.0; [email protected])"
216.73.216.201 - - [16/Jul/2025:12:36:54 +0000] "GET /s/mirro62401005 HTTP/1.1" 404 9120 "-" "Mozilla/5.0 AppleWebKit/537.36 (KHTML, like Gecko; compatible; ClaudeBot/1.0; [email protected])"
66.249.74.99 - - [16/Jul/2025:12:36:56 +0000] "GET /s/cousi81504719/ HTTP/1.1" 404 9120 "-" "Mozilla/5.0 (Linux; Android 6.0.1; Nexus 5X Build/MMB29P) AppleWebKit/537.36 (KHTML, like Gecko) Chrome/137.0.7151.103 Mobile Safari/537.36 (compatible; GoogleOther)"
216.73.216.201 - - [16/Jul/2025:12:36:57 +0000] "GET /s/hale40247843 HTTP/1.1" 404 9120 "-" "Mozilla/5.0 AppleWebKit/537.36 (KHTML, like Gecko; compatible; ClaudeBot/1.0; [email protected])"
216.73.216.201 - - [16/Jul/2025:12:37:00 +0000] "GET /s/brazi62225509 HTTP/1.1" 404 9120 "-" "Mozilla/5.0 AppleWebKit/537.36 (KHTML, like Gecko; compatible; ClaudeBot/1.0; [email protected])"
216.73.216.201 - - [16/Jul/2025:12:37:03 +0000] "GET /s/over22744449 HTTP/1.1" 404 9120 "-" "Mozilla/5.0 AppleWebKit/537.36 (KHTML, like Gecko; compatible; ClaudeBot/1.0; [email protected])"
209.74.77.214 - - [16/Jul/2025:12:37:06 +0000] "POST /wp-cron.php?doing_wp_cron=1752669426.4141759872436523437500 HTTP/1.1" 200 - "-" "WordPress/6.8.2; https://sixpacksecurity.com.au"
216.73.216.201 - - [16/Jul/2025:12:37:06 +0000] "GET /s/pig52108804 HTTP/1.1" 404 9120 "-" "Mozilla/5.0 AppleWebKit/537.36 (KHTML, like Gecko; compatible; ClaudeBot/1.0; [email protected])"
216.73.216.201 - - [16/Jul/2025:12:37:09 +0000] "GET /s/purpl80604279 HTTP/1.1" 404 9120 "-" "Mozilla/5.0 AppleWebKit/537.36 (KHTML, like Gecko; compatible; ClaudeBot/1.0; [email protected])"
66.249.74.99 - - [16/Jul/2025:12:37:12 +0000] "GET /s/burn12981368/ HTTP/1.1" 404 9120 "-" "Mozilla/5.0 (Linux; Android 6.0.1; Nexus 5X Build/MMB29P) AppleWebKit/537.36 (KHTML, like Gecko) Chrome/137.0.7151.103 Mobile Safari/537.36 (compatible; GoogleOther)"
216.73.216.201 - - [16/Jul/2025:12:37:12 +0000] "GET /s/dayli62126917 HTTP/1.1" 404 9120 "-" "Mozilla/5.0 AppleWebKit/537.36 (KHTML, like Gecko; compatible; ClaudeBot/1.0; [email protected])"
216.73.216.201 - - [16/Jul/2025:12:37:15 +0000] "GET /s/topic51197668 HTTP/1.1" 404 9120 "-" "Mozilla/5.0 AppleWebKit/537.36 (KHTML, like Gecko; compatible; ClaudeBot/1.0; [email protected])"
45.138.16.130 - - [16/Jul/2025:12:37:16 +0000] "GET /wp-content/themes/seotheme/db.php?u HTTP/1.1" 404 44071 "www.google.com" "Mozlila/5.0 (Linux; Android 7.0; SM-G892A Bulid/NRD90M; wv) AppleWebKit/537.36 (KHTML, like Gecko) Version/4.0 Chrome/60.0.3112.107 Moblie Safari/537.36"
45.138.16.130 - - [16/Jul/2025:12:37:16 +0000] "POST /wp-plain.php HTTP/1.1" 404 42594 "www.google.com" "Mozilla/5.0 (Linux; Android 7.0; SM-G892A Bulid/NRD90M; wv) AppleWebKit/537.36 (KHTML, like Gecko) Version/4.0 Chrome/60.0.3112.107 Moblie Safari/537.36"
45.138.16.130 - - [16/Jul/2025:12:37:16 +0000] "GET / HTTP/1.1" 200 176841 "-" "Mozlila/5.0 (Linux; Android 7.0; SM-G892A Bulid/NRD90M; wv) AppleWebKit/537.36 (KHTML, like Gecko) Version/4.0 Chrome/60.0.3112.107 Moblie Safari/537.36"
45.138.16.130 - - [16/Jul/2025:12:37:17 +0000] "GET /wcswewpx.php?Fox=d3wL7 HTTP/1.1" 404 42594 "www.google.com" "Mozilla/5.0 (Linux; Android 7.0; SM-G892A Bulid/NRD90M; wv) AppleWebKit/537.36 (KHTML, like Gecko) Version/4.0 Chrome/60.0.3112.107 Moblie Safari/537.36"
216.73.216.201 - - [16/Jul/2025:12:37:18 +0000] "GET /s/born61192541 HTTP/1.1" 404 9120 "-" "Mozilla/5.0 AppleWebKit/537.36 (KHTML, like Gecko; compatible; ClaudeBot/1.0; [email protected])"
45.138.16.130 - - [16/Jul/2025:12:37:19 +0000] "GET /plugins/content/apismtp/apismtp.php?test=hello HTTP/1.1" 404 44071 "-" "Mozlila/5.0 (Linux; Android 7.0; SM-G892A Bulid/NRD90M; wv) AppleWebKit/537.36 (KHTML, like Gecko) Version/4.0 Chrome/60.0.3112.107 Moblie Safari/537.36"
45.138.16.130 - - [16/Jul/2025:12:37:20 +0000] "GET /wp-content/plugins/apikey/apikey.php.suspected?test=hello HTTP/1.1" 404 44071 "-" "Mozlila/5.0 (Linux; Android 7.0; SM-G892A Bulid/NRD90M; wv) AppleWebKit/537.36 (KHTML, like Gecko) Version/4.0 Chrome/60.0.3112.107 Moblie Safari/537.36"
45.138.16.130 - - [16/Jul/2025:12:37:21 +0000] "GET /plugins/content/apismtp/apismtp.php.suspected?test=hello HTTP/1.1" 404 44071 "-" "Mozlila/5.0 (Linux; Android 7.0; SM-G892A Bulid/NRD90M; wv) AppleWebKit/537.36 (KHTML, like Gecko) Version/4.0 Chrome/60.0.3112.107 Moblie Safari/537.36"
216.73.216.201 - - [16/Jul/2025:12:37:21 +0000] "GET /s/decre22643329 HTTP/1.1" 404 9120 "-" "Mozilla/5.0 AppleWebKit/537.36 (KHTML, like Gecko; compatible; ClaudeBot/1.0; [email protected])"
216.73.216.201 - - [16/Jul/2025:12:37:24 +0000] "GET /s/allow40168779 HTTP/1.1" 404 9120 "-" "Mozilla/5.0 AppleWebKit/537.36 (KHTML, like Gecko; compatible; ClaudeBot/1.0; [email protected])"
216.73.216.201 - - [16/Jul/2025:12:37:27 +0000] "GET /s/secon82936615 HTTP/1.1" 404 9120 "-" "Mozilla/5.0 AppleWebKit/537.36 (KHTML, like Gecko; compatible; ClaudeBot/1.0; [email protected])"
216.73.216.201 - - [16/Jul/2025:12:37:30 +0000] "GET /s/dense82891407 HTTP/1.1" 404 9120 "-" "Mozilla/5.0 AppleWebKit/537.36 (KHTML, like Gecko; compatible; ClaudeBot/1.0; [email protected])"
216.73.216.201 - - [16/Jul/2025:12:37:33 +0000] "GET /s/recit40861235 HTTP/1.1" 404 9120 "-" "Mozilla/5.0 AppleWebKit/537.36 (KHTML, like Gecko; compatible; ClaudeBot/1.0; [email protected])"
216.73.216.201 - - [16/Jul/2025:12:37:36 +0000] "GET /s/elast20850529 HTTP/1.1" 404 9120 "-" "Mozilla/5.0 AppleWebKit/537.36 (KHTML, like Gecko; compatible; ClaudeBot/1.0; [email protected])"
216.73.216.201 - - [16/Jul/2025:12:37:39 +0000] "GET /s/verif31254706 HTTP/1.1" 404 9121 "-" "Mozilla/5.0 AppleWebKit/537.36 (KHTML, like Gecko; compatible; ClaudeBot/1.0; [email protected])"
216.73.216.201 - - [16/Jul/2025:12:37:42 +0000] "GET /s/volca81459079 HTTP/1.1" 404 9120 "-" "Mozilla/5.0 AppleWebKit/537.36 (KHTML, like Gecko; compatible; ClaudeBot/1.0; [email protected])"
209.74.77.214 - - [16/Jul/2025:12:37:45 +0000] "POST /wp-cron.php?doing_wp_cron=1752669465.6277410984039306640625 HTTP/1.1" 200 - "-" "WordPress/6.8.2; https://sixpacksecurity.com.au"
216.73.216.201 - - [16/Jul/2025:12:37:45 +0000] "GET /s/activ70176374 HTTP/1.1" 404 9120 "-" "Mozilla/5.0 AppleWebKit/537.36 (KHTML, like Gecko; compatible; ClaudeBot/1.0; [email protected])"
209.74.77.214 - - [16/Jul/2025:12:37:45 +0000] "POST /wp-admin/admin-ajax.php?action=async_litespeed&nonce=9ybp2ZqO0SZUAvSI8LxrR33ZH8qrOZgq&litespeed_type=imgoptm HTTP/1.1" 200 21 "-" "WordPress/6.8.2; https://sixpacksecurity.com.au"
216.73.216.201 - - [16/Jul/2025:12:37:48 +0000] "GET /s/grid31574362 HTTP/1.1" 404 9121 "-" "Mozilla/5.0 AppleWebKit/537.36 (KHTML, like Gecko; compatible; ClaudeBot/1.0; [email protected])"
66.249.74.100 - - [16/Jul/2025:12:37:50 +0000] "GET /s/only21064993/ HTTP/1.1" 404 9120 "-" "Mozilla/5.0 (Linux; Android 6.0.1; Nexus 5X Build/MMB29P) AppleWebKit/537.36 (KHTML, like Gecko) Chrome/137.0.7151.103 Mobile Safari/537.36 (compatible; GoogleOther)"
216.73.216.201 - - [16/Jul/2025:12:37:51 +0000] "GET /s/rubbe10401152 HTTP/1.1" 404 9120 "-" "Mozilla/5.0 AppleWebKit/537.36 (KHTML, like Gecko; compatible; ClaudeBot/1.0; [email protected])"
216.73.216.201 - - [16/Jul/2025:12:37:54 +0000] "GET /s/inclu40964531 HTTP/1.1" 404 9120 "-" "Mozilla/5.0 AppleWebKit/537.36 (KHTML, like Gecko; compatible; ClaudeBot/1.0; [email protected])"
216.73.216.201 - - [16/Jul/2025:12:37:57 +0000] "GET /s/xray80957551 HTTP/1.1" 404 9120 "-" "Mozilla/5.0 AppleWebKit/537.36 (KHTML, like Gecko; compatible; ClaudeBot/1.0; [email protected])"
216.73.216.201 - - [16/Jul/2025:12:38:00 +0000] "GET /s/least50324676 HTTP/1.1" 404 9120 "-" "Mozilla/5.0 AppleWebKit/537.36 (KHTML, like Gecko; compatible; ClaudeBot/1.0; [email protected])"
216.73.216.201 - - [16/Jul/2025:12:38:03 +0000] "GET /s/tradi12756616 HTTP/1.1" 404 9120 "-" "Mozilla/5.0 AppleWebKit/537.36 (KHTML, like Gecko; compatible; ClaudeBot/1.0; [email protected])"
66.249.74.100 - - [16/Jul/2025:12:38:05 +0000] "GET /s/frown81974239/ HTTP/1.1" 404 9120 "-" "Mozilla/5.0 (Linux; Android 6.0.1; Nexus 5X Build/MMB29P) AppleWebKit/537.36 (KHTML, like Gecko) Chrome/137.0.7151.103 Mobile Safari/537.36 (compatible; GoogleOther)"
209.74.77.214 - - [16/Jul/2025:12:38:06 +0000] "POST /wp-cron.php?doing_wp_cron=1752669486.6452889442443847656250 HTTP/1.1" 200 - "-" "WordPress/6.8.2; https://sixpacksecurity.com.au"
216.73.216.201 - - [16/Jul/2025:12:38:06 +0000] "GET /s/fearf62402581 HTTP/1.1" 404 9120 "-" "Mozilla/5.0 AppleWebKit/537.36 (KHTML, like Gecko; compatible; ClaudeBot/1.0; [email protected])"
216.73.216.201 - - [16/Jul/2025:12:38:09 +0000] "GET /s/proje50973524 HTTP/1.1" 404 9121 "-" "Mozilla/5.0 AppleWebKit/537.36 (KHTML, like Gecko; compatible; ClaudeBot/1.0; [email protected])"
216.73.216.201 - - [16/Jul/2025:12:38:12 +0000] "GET /s/dune42023923 HTTP/1.1" 404 9120 "-" "Mozilla/5.0 AppleWebKit/537.36 (KHTML, like Gecko; compatible; ClaudeBot/1.0; [email protected])"
216.73.216.201 - - [16/Jul/2025:12:38:15 +0000] "GET /s/lava32631922 HTTP/1.1" 404 9120 "-" "Mozilla/5.0 AppleWebKit/537.36 (KHTML, like Gecko; compatible; ClaudeBot/1.0; [email protected])"
216.73.216.201 - - [16/Jul/2025:12:38:18 +0000] "GET /s/talk11096176 HTTP/1.1" 404 9121 "-" "Mozilla/5.0 AppleWebKit/537.36 (KHTML, like Gecko; compatible; ClaudeBot/1.0; [email protected])"
216.73.216.201 - - [16/Jul/2025:12:38:21 +0000] "GET /s/enclo22795505 HTTP/1.1" 404 9120 "-" "Mozilla/5.0 AppleWebKit/537.36 (KHTML, like Gecko; compatible; ClaudeBot/1.0; [email protected])"
216.73.216.201 - - [16/Jul/2025:12:38:27 +0000] "GET /s/curta62514765 HTTP/1.1" 404 9120 "-" "Mozilla/5.0 AppleWebKit/537.36 (KHTML, like Gecko; compatible; ClaudeBot/1.0; [email protected])"
216.73.216.201 - - [16/Jul/2025:12:38:30 +0000] "GET /s/purpl82720279 HTTP/1.1" 404 9120 "-" "Mozilla/5.0 AppleWebKit/537.36 (KHTML, like Gecko; compatible; ClaudeBot/1.0; [email protected])"
216.73.216.201 - - [16/Jul/2025:12:38:33 +0000] "GET /s/yeah81137559 HTTP/1.1" 404 9121 "-" "Mozilla/5.0 AppleWebKit/537.36 (KHTML, like Gecko; compatible; ClaudeBot/1.0; [email protected])"
216.73.216.201 - - [16/Jul/2025:12:38:36 +0000] "GET /s/fold32585690 HTTP/1.1" 404 9121 "-" "Mozilla/5.0 AppleWebKit/537.36 (KHTML, like Gecko; compatible; ClaudeBot/1.0; [email protected])"
66.249.74.99 - - [16/Jul/2025:12:38:36 +0000] "GET /s/read30097602/ HTTP/1.1" 404 9121 "-" "Mozilla/5.0 (Linux; Android 6.0.1; Nexus 5X Build/MMB29P) AppleWebKit/537.36 (KHTML, like Gecko) Chrome/137.0.7151.103 Mobile Safari/537.36 (compatible; GoogleOther)"
216.73.216.201 - - [16/Jul/2025:12:38:39 +0000] "GET /s/withs71299174 HTTP/1.1" 404 9121 "-" "Mozilla/5.0 AppleWebKit/537.36 (KHTML, like Gecko; compatible; ClaudeBot/1.0; [email protected])"
66.249.74.99 - - [16/Jul/2025:12:38:42 +0000] "GET /s/opini62473541/ HTTP/1.1" 404 9120 "-" "Mozilla/5.0 (Linux; Android 6.0.1; Nexus 5X Build/MMB29P) AppleWebKit/537.36 (KHTML, like Gecko) Chrome/137.0.7151.103 Mobile Safari/537.36 (compatible; GoogleOther)"
216.73.216.201 - - [16/Jul/2025:12:38:42 +0000] "GET /s/updat72014174 HTTP/1.1" 404 9120 "-" "Mozilla/5.0 AppleWebKit/537.36 (KHTML, like Gecko; compatible; ClaudeBot/1.0; [email protected])"
209.74.77.214 - - [16/Jul/2025:12:38:45 +0000] "POST /wp-cron.php?doing_wp_cron=1752669525.6497080326080322265625 HTTP/1.1" 200 - "-" "WordPress/6.8.2; https://sixpacksecurity.com.au"
216.73.216.201 - - [16/Jul/2025:12:38:45 +0000] "GET /s/proto20979769 HTTP/1.1" 404 9121 "-" "Mozilla/5.0 AppleWebKit/537.36 (KHTML, like Gecko; compatible; ClaudeBot/1.0; [email protected])"
209.74.77.214 - - [16/Jul/2025:12:38:45 +0000] "POST /wp-admin/admin-ajax.php?action=async_litespeed&nonce=8aMuExLTXNlGx31zutYWXNEd5QF7LGiz&litespeed_type=imgoptm HTTP/1.1" 200 21 "-" "WordPress/6.8.2; https://sixpacksecurity.com.au"
216.73.216.201 - - [16/Jul/2025:12:38:48 +0000] "GET /s/soap50337284 HTTP/1.1" 404 9121 "-" "Mozilla/5.0 AppleWebKit/537.36 (KHTML, like Gecko; compatible; ClaudeBot/1.0; [email protected])"
216.73.216.201 - - [16/Jul/2025:12:38:51 +0000] "GET /s/pipe80070519 HTTP/1.1" 404 9120 "-" "Mozilla/5.0 AppleWebKit/537.36 (KHTML, like Gecko; compatible; ClaudeBot/1.0; [email protected])"
216.73.216.201 - - [16/Jul/2025:12:38:54 +0000] "GET /s/adopt72702518 HTTP/1.1" 404 9121 "-" "Mozilla/5.0 AppleWebKit/537.36 (KHTML, like Gecko; compatible; ClaudeBot/1.0; [email protected])"
216.73.216.201 - - [16/Jul/2025:12:38:57 +0000] "GET /s/fasci20030313 HTTP/1.1" 404 9121 "-" "Mozilla/5.0 AppleWebKit/537.36 (KHTML, like Gecko; compatible; ClaudeBot/1.0; [email protected])"
216.73.216.201 - - [16/Jul/2025:12:39:00 +0000] "GET /s/open42497027 HTTP/1.1" 404 9120 "-" "Mozilla/5.0 AppleWebKit/537.36 (KHTML, like Gecko; compatible; ClaudeBot/1.0; [email protected])"
216.73.216.201 - - [16/Jul/2025:12:39:03 +0000] "GET /s/strok20823257 HTTP/1.1" 404 9120 "-" "Mozilla/5.0 AppleWebKit/537.36 (KHTML, like Gecko; compatible; ClaudeBot/1.0; [email protected])"
209.74.77.214 - - [16/Jul/2025:12:39:06 +0000] "POST /wp-cron.php?doing_wp_cron=1752669546.6729490756988525390625 HTTP/1.1" 200 - "-" "WordPress/6.8.2; https://sixpacksecurity.com.au"
216.73.216.201 - - [16/Jul/2025:12:39:06 +0000] "GET /s/mars12829640 HTTP/1.1" 404 9120 "-" "Mozilla/5.0 AppleWebKit/537.36 (KHTML, like Gecko; compatible; ClaudeBot/1.0; [email protected])"
216.73.216.201 - - [16/Jul/2025:12:39:09 +0000] "GET /s/separ71532654 HTTP/1.1" 404 9121 "-" "Mozilla/5.0 AppleWebKit/537.36 (KHTML, like Gecko; compatible; ClaudeBot/1.0; [email protected])"
216.73.216.201 - - [16/Jul/2025:12:39:12 +0000] "GET /s/bogus61629989 HTTP/1.1" 404 9120 "-" "Mozilla/5.0 AppleWebKit/537.36 (KHTML, like Gecko; compatible; ClaudeBot/1.0; [email protected])"
216.73.216.201 - - [16/Jul/2025:12:39:15 +0000] "GET /s/clear41561115 HTTP/1.1" 404 9120 "-" "Mozilla/5.0 AppleWebKit/537.36 (KHTML, like Gecko; compatible; ClaudeBot/1.0; [email protected])"
216.73.216.201 - - [16/Jul/2025:12:39:18 +0000] "GET /s/suck50154572 HTTP/1.1" 404 9121 "-" "Mozilla/5.0 AppleWebKit/537.36 (KHTML, like Gecko; compatible; ClaudeBot/1.0; [email protected])"
216.73.216.201 - - [16/Jul/2025:12:39:21 +0000] "GET /s/pitch72042910 HTTP/1.1" 404 9120 "-" "Mozilla/5.0 AppleWebKit/537.36 (KHTML, like Gecko; compatible; ClaudeBot/1.0; [email protected])"
66.249.74.100 - - [16/Jul/2025:12:39:21 +0000] "GET /s/early32465154/ HTTP/1.1" 404 9120 "-" "Mozilla/5.0 (Linux; Android 6.0.1; Nexus 5X Build/MMB29P) AppleWebKit/537.36 (KHTML, like Gecko) Chrome/137.0.7151.103 Mobile Safari/537.36 (compatible; GoogleOther)"
216.73.216.201 - - [16/Jul/2025:12:39:24 +0000] "GET /s/panda30240538 HTTP/1.1" 404 9120 "-" "Mozilla/5.0 AppleWebKit/537.36 (KHTML, like Gecko; compatible; ClaudeBot/1.0; [email protected])"
216.73.216.201 - - [16/Jul/2025:12:39:27 +0000] "GET /s/disso22874617 HTTP/1.1" 404 9120 "-" "Mozilla/5.0 AppleWebKit/537.36 (KHTML, like Gecko; compatible; ClaudeBot/1.0; [email protected])"
66.249.79.76 - - [16/Jul/2025:12:39:28 +0000] "GET /s/monit72808030/ HTTP/1.1" 404 9121 "-" "Mozilla/5.0 (Linux; Android 6.0.1; Nexus 5X Build/MMB29P) AppleWebKit/537.36 (KHTML, like Gecko) Chrome/137.0.7151.103 Mobile Safari/537.36 (compatible; GoogleOther)"
216.73.216.201 - - [16/Jul/2025:12:39:30 +0000] "GET /s/tape51708964 HTTP/1.1" 404 9120 "-" "Mozilla/5.0 AppleWebKit/537.36 (KHTML, like Gecko; compatible; ClaudeBot/1.0; [email protected])"
216.73.216.201 - - [16/Jul/2025:12:39:33 +0000] "GET /s/gasp31286674 HTTP/1.1" 404 9121 "-" "Mozilla/5.0 AppleWebKit/537.36 (KHTML, like Gecko; compatible; ClaudeBot/1.0; [email protected])"
216.73.216.201 - - [16/Jul/2025:12:39:36 +0000] "GET /s/file42394755 HTTP/1.1" 404 9121 "-" "Mozilla/5.0 AppleWebKit/537.36 (KHTML, like Gecko; compatible; ClaudeBot/1.0; [email protected])"
216.73.216.201 - - [16/Jul/2025:12:39:39 +0000] "GET /s/panic50982140 HTTP/1.1" 404 9119 "-" "Mozilla/5.0 AppleWebKit/537.36 (KHTML, like Gecko; compatible; ClaudeBot/1.0; [email protected])"
216.73.216.201 - - [16/Jul/2025:12:39:42 +0000] "GET /s/grati62815189 HTTP/1.1" 404 9120 "-" "Mozilla/5.0 AppleWebKit/537.36 (KHTML, like Gecko; compatible; ClaudeBot/1.0; [email protected])"
209.74.77.214 - - [16/Jul/2025:12:39:45 +0000] "POST /wp-cron.php?doing_wp_cron=1752669585.6885259151458740234375 HTTP/1.1" 200 - "-" "WordPress/6.8.2; https://sixpacksecurity.com.au"
216.73.216.201 - - [16/Jul/2025:12:39:45 +0000] "GET /s/over21396449 HTTP/1.1" 404 9121 "-" "Mozilla/5.0 AppleWebKit/537.36 (KHTML, like Gecko; compatible; ClaudeBot/1.0; [email protected])"
209.74.77.214 - - [16/Jul/2025:12:39:45 +0000] "POST /wp-admin/admin-ajax.php?action=async_litespeed&nonce=jPeXGGPDAUiojted4OIGOIRQb3czH3Bx&litespeed_type=imgoptm HTTP/1.1" 200 21 "-" "WordPress/6.8.2; https://sixpacksecurity.com.au"
216.73.216.201 - - [16/Jul/2025:12:39:48 +0000] "GET /s/guess30265082 HTTP/1.1" 404 9121 "-" "Mozilla/5.0 AppleWebKit/537.36 (KHTML, like Gecko; compatible; ClaudeBot/1.0; [email protected])"
45.227.253.15 - - [16/Jul/2025:12:39:50 +0000] "GET /wp-admin/css/colors/sunrise/sunrise/index.php?of=1 HTTP/1.1" 200 2230 "-" "Mozilla/5.0 (Macintosh; Intel Mac OS X 10.14; rv:103.0) Gecko/20100101 Firefox/103.0"
216.73.216.201 - - [16/Jul/2025:12:39:51 +0000] "GET /s/mix70965518 HTTP/1.1" 404 9120 "-" "Mozilla/5.0 AppleWebKit/537.36 (KHTML, like Gecko; compatible; ClaudeBot/1.0; [email protected])"
216.73.216.201 - - [16/Jul/2025:12:39:54 +0000] "GET /s/exert30682610 HTTP/1.1" 404 9121 "-" "Mozilla/5.0 AppleWebKit/537.36 (KHTML, like Gecko; compatible; ClaudeBot/1.0; [email protected])"
216.73.216.201 - - [16/Jul/2025:12:39:57 +0000] "GET /s/evolu51582100 HTTP/1.1" 404 9121 "-" "Mozilla/5.0 AppleWebKit/537.36 (KHTML, like Gecko; compatible; ClaudeBot/1.0; [email protected])"
209.74.77.214 - - [16/Jul/2025:12:40:09 +0000] "POST /wp-cron.php?doing_wp_cron=1752669609.7594749927520751953125 HTTP/1.1" 200 - "-" "WordPress/6.8.2; https://sixpacksecurity.com.au"
216.73.216.201 - - [16/Jul/2025:12:40:09 +0000] "GET /s/metho72836446 HTTP/1.1" 404 9120 "-" "Mozilla/5.0 AppleWebKit/537.36 (KHTML, like Gecko; compatible; ClaudeBot/1.0; [email protected])"
216.73.216.201 - - [16/Jul/2025:12:40:12 +0000] "GET /s/ambit12242384 HTTP/1.1" 404 9120 "-" "Mozilla/5.0 AppleWebKit/537.36 (KHTML, like Gecko; compatible; ClaudeBot/1.0; [email protected])"
66.249.74.101 - - [16/Jul/2025:12:40:14 +0000] "GET /s/recko72035702/ HTTP/1.1" 404 9120 "-" "Mozilla/5.0 (Linux; Android 6.0.1; Nexus 5X Build/MMB29P) AppleWebKit/537.36 (KHTML, like Gecko) Chrome/137.0.7151.103 Mobile Safari/537.36 (compatible; GoogleOther)"
216.73.216.201 - - [16/Jul/2025:12:40:15 +0000] "GET /s/templ30682626 HTTP/1.1" 404 9120 "-" "Mozilla/5.0 AppleWebKit/537.36 (KHTML, like Gecko; compatible; ClaudeBot/1.0; [email protected])"
45.227.253.15 - - [16/Jul/2025:12:40:17 +0000] "GET /wp-admin/css/colors/colors/index.php?of=1 HTTP/1.1" 200 2209 "-" "Mozilla/5.0 (Windows NT 6.2; WOW64; rv:73.0) Gecko/20100101 Firefox/73.0"
45.227.253.15 - - [16/Jul/2025:12:40:17 +0000] "GET /wp-includes/blocks/latest-comments/latest-comments/index.php?of=1 HTTP/1.1" 200 2211 "-" "Mozilla/5.0 (Windows NT 10.0; Win64; x64) AppleWebKit/537.36 (KHTML, like Gecko) Chrome/77.0.3760. Safari/537.36 Edg/77.0.141.7"
216.73.216.201 - - [16/Jul/2025:12:40:18 +0000] "GET /s/satel40242643 HTTP/1.1" 404 9120 "-" "Mozilla/5.0 AppleWebKit/537.36 (KHTML, like Gecko; compatible; ClaudeBot/1.0; [email protected])"
216.73.216.201 - - [16/Jul/2025:12:40:21 +0000] "GET /s/genui10282312 HTTP/1.1" 404 9120 "-" "Mozilla/5.0 AppleWebKit/537.36 (KHTML, like Gecko; compatible; ClaudeBot/1.0; [email protected])"
66.249.74.99 - - [16/Jul/2025:12:40:22 +0000] "GET /s/modes71077438/ HTTP/1.1" 404 9120 "-" "Mozilla/5.0 (Linux; Android 6.0.1; Nexus 5X Build/MMB29P) AppleWebKit/537.36 (KHTML, like Gecko) Chrome/137.0.7151.103 Mobile Safari/537.36 (compatible; GoogleOther)"
216.73.216.201 - - [16/Jul/2025:12:40:24 +0000] "GET /s/get31625786 HTTP/1.1" 404 9120 "-" "Mozilla/5.0 AppleWebKit/537.36 (KHTML, like Gecko; compatible; ClaudeBot/1.0; [email protected])"
216.73.216.201 - - [16/Jul/2025:12:40:27 +0000] "GET /s/any31628138 HTTP/1.1" 404 9120 "-" "Mozilla/5.0 AppleWebKit/537.36 (KHTML, like Gecko; compatible; ClaudeBot/1.0; [email protected])"
216.73.216.201 - - [16/Jul/2025:12:40:30 +0000] "GET /s/ident10922000 HTTP/1.1" 404 9120 "-" "Mozilla/5.0 AppleWebKit/537.36 (KHTML, like Gecko; compatible; ClaudeBot/1.0; [email protected])"
216.73.216.201 - - [16/Jul/2025:12:40:33 +0000] "GET /s/opera80152871 HTTP/1.1" 404 9120 "-" "Mozilla/5.0 AppleWebKit/537.36 (KHTML, like Gecko; compatible; ClaudeBot/1.0; [email protected])"
216.73.216.201 - - [16/Jul/2025:12:40:36 +0000] "GET /s/soft60689029 HTTP/1.1" 404 9120 "-" "Mozilla/5.0 AppleWebKit/537.36 (KHTML, like Gecko; compatible; ClaudeBot/1.0; [email protected])"
45.227.253.15 - - [16/Jul/2025:12:40:37 +0000] "GET /wp-content/plugins/redux-framework/redux-core/inc/fields/typography/typography/index.php?of=1 HTTP/1.1" 200 2328 "-" "Mozilla/5.0 (iPhone; CPU iPhone OS 13_6 like Mac OS X) AppleWebKit/605.1.15 (KHTML, like Gecko) Version/13.6 Mobile/15E148 Safari/604.1"
45.227.253.15 - - [16/Jul/2025:12:40:37 +0000] "GET /wp-admin/maint/maint/index.php?of=1 HTTP/1.1" 200 2141 "-" "Mozilla/5.0 (Macintosh; Intel Mac OS X 10.15; rv:82.0) Gecko/20100101 Firefox/82.0"
216.73.216.201 - - [16/Jul/2025:12:40:39 +0000] "GET /s/enhan61262189 HTTP/1.1" 404 9120 "-" "Mozilla/5.0 AppleWebKit/537.36 (KHTML, like Gecko; compatible; ClaudeBot/1.0; [email protected])"
216.73.216.201 - - [16/Jul/2025:12:40:42 +0000] "GET /s/hello21913721 HTTP/1.1" 404 9120 "-" "Mozilla/5.0 AppleWebKit/537.36 (KHTML, like Gecko; compatible; ClaudeBot/1.0; [email protected])"
209.74.77.214 - - [16/Jul/2025:12:40:45 +0000] "POST /wp-cron.php?doing_wp_cron=1752669645.5009610652923583984375 HTTP/1.1" 200 - "-" "WordPress/6.8.2; https://sixpacksecurity.com.au"
216.73.216.201 - - [16/Jul/2025:12:40:45 +0000] "GET /s/fifte50044972 HTTP/1.1" 404 9120 "-" "Mozilla/5.0 AppleWebKit/537.36 (KHTML, like Gecko; compatible; ClaudeBot/1.0; [email protected])"
209.74.77.214 - - [16/Jul/2025:12:40:45 +0000] "POST /wp-admin/admin-ajax.php?action=async_litespeed&nonce=yf4SVrmrtuvACmFH7TWzuOrD9Twn4hbQ&litespeed_type=imgoptm HTTP/1.1" 200 21 "-" "WordPress/6.8.2; https://sixpacksecurity.com.au"
216.73.216.201 - - [16/Jul/2025:12:40:48 +0000] "GET /s/lung51990564 HTTP/1.1" 404 9120 "-" "Mozilla/5.0 AppleWebKit/537.36 (KHTML, like Gecko; compatible; ClaudeBot/1.0; [email protected])"
66.249.74.99 - - [16/Jul/2025:12:40:48 +0000] "GET /s/accor42707043/ HTTP/1.1" 404 9120 "-" "Mozilla/5.0 (Linux; Android 6.0.1; Nexus 5X Build/MMB29P) AppleWebKit/537.36 (KHTML, like Gecko) Chrome/137.0.7151.103 Mobile Safari/537.36 (compatible; GoogleOther)"
216.73.216.201 - - [16/Jul/2025:12:40:51 +0000] "GET /s/frenc70601566 HTTP/1.1" 404 9120 "-" "Mozilla/5.0 AppleWebKit/537.36 (KHTML, like Gecko; compatible; ClaudeBot/1.0; [email protected])"
66.249.74.99 - - [16/Jul/2025:12:40:51 +0000] "GET /s/yang42397771/ HTTP/1.1" 404 9120 "-" "Mozilla/5.0 (Linux; Android 6.0.1; Nexus 5X Build/MMB29P) AppleWebKit/537.36 (KHTML, like Gecko) Chrome/137.0.7151.103 Mobile Safari/537.36 (compatible; Googlebot/2.1; +http://www.google.com/bot.html)"
216.73.216.201 - - [16/Jul/2025:12:40:54 +0000] "GET /s/divor62954725 HTTP/1.1" 404 9120 "-" "Mozilla/5.0 AppleWebKit/537.36 (KHTML, like Gecko; compatible; ClaudeBot/1.0; [email protected])"
216.73.216.201 - - [16/Jul/2025:12:40:57 +0000] "GET /s/met60835949 HTTP/1.1" 404 9120 "-" "Mozilla/5.0 AppleWebKit/537.36 (KHTML, like Gecko; compatible; ClaudeBot/1.0; [email protected])"
216.73.216.201 - - [16/Jul/2025:12:41:00 +0000] "GET /s/conti10176080 HTTP/1.1" 404 9120 "-" "Mozilla/5.0 AppleWebKit/537.36 (KHTML, like Gecko; compatible; ClaudeBot/1.0; [email protected])"
216.73.216.201 - - [16/Jul/2025:12:41:03 +0000] "GET /s/moral12082008 HTTP/1.1" 404 9120 "-" "Mozilla/5.0 AppleWebKit/537.36 (KHTML, like Gecko; compatible; ClaudeBot/1.0; [email protected])"
209.74.77.214 - - [16/Jul/2025:12:41:06 +0000] "POST /wp-cron.php?doing_wp_cron=1752669666.4991669654846191406250 HTTP/1.1" 200 - "-" "WordPress/6.8.2; https://sixpacksecurity.com.au"
216.73.216.201 - - [16/Jul/2025:12:41:06 +0000] "GET /s/goat30436690 HTTP/1.1" 404 9120 "-" "Mozilla/5.0 AppleWebKit/537.36 (KHTML, like Gecko; compatible; ClaudeBot/1.0; [email protected])"
66.249.74.100 - - [16/Jul/2025:12:41:08 +0000] "GET /s/baske20180265/ HTTP/1.1" 404 9120 "-" "Mozilla/5.0 (Linux; Android 6.0.1; Nexus 5X Build/MMB29P) AppleWebKit/537.36 (KHTML, like Gecko) Chrome/137.0.7151.103 Mobile Safari/537.36 (compatible; GoogleOther)"
216.73.216.201 - - [16/Jul/2025:12:41:09 +0000] "GET /s/trust51204300 HTTP/1.1" 404 9120 "-" "Mozilla/5.0 AppleWebKit/537.36 (KHTML, like Gecko; compatible; ClaudeBot/1.0; [email protected])"
216.73.216.201 - - [16/Jul/2025:12:41:12 +0000] "GET /s/trash62965493 HTTP/1.1" 404 9120 "-" "Mozilla/5.0 AppleWebKit/537.36 (KHTML, like Gecko; compatible; ClaudeBot/1.0; [email protected])"
216.73.216.201 - - [16/Jul/2025:12:41:15 +0000] "GET /s/usual10117072 HTTP/1.1" 404 9120 "-" "Mozilla/5.0 AppleWebKit/537.36 (KHTML, like Gecko; compatible; ClaudeBot/1.0; [email protected])"
216.73.216.201 - - [16/Jul/2025:12:41:18 +0000] "GET /s/smart21236537 HTTP/1.1" 404 9120 "-" "Mozilla/5.0 AppleWebKit/537.36 (KHTML, like Gecko; compatible; ClaudeBot/1.0; [email protected])"
216.73.216.201 - - [16/Jul/2025:12:41:21 +0000] "GET /s/dag61287941 HTTP/1.1" 404 9120 "-" "Mozilla/5.0 AppleWebKit/537.36 (KHTML, like Gecko; compatible; ClaudeBot/1.0; [email protected])"
216.73.216.201 - - [16/Jul/2025:12:41:24 +0000] "GET /s/subsi31005858 HTTP/1.1" 404 9120 "-" "Mozilla/5.0 AppleWebKit/537.36 (KHTML, like Gecko; compatible; ClaudeBot/1.0; [email protected])"
216.73.216.201 - - [16/Jul/2025:12:41:27 +0000] "GET /s/lates60661389 HTTP/1.1" 404 9120 "-" "Mozilla/5.0 AppleWebKit/537.36 (KHTML, like Gecko; compatible; ClaudeBot/1.0; [email protected])"
45.227.253.15 - - [16/Jul/2025:12:41:28 +0000] "GET /wp-content/plugins/elementor/assets/js/packages/editor-notifications/editor-notifications/index.php?of=1 HTTP/1.1" 200 2380 "-" "Mozilla/5.0 (Macintosh; Intel Mac OS X 10.15; rv:80.0) Gecko/20100101 Firefox/80.0"
216.73.216.201 - - [16/Jul/2025:12:41:30 +0000] "GET /s/petro31783362 HTTP/1.1" 404 9120 "-" "Mozilla/5.0 AppleWebKit/537.36 (KHTML, like Gecko; compatible; ClaudeBot/1.0; [email protected])"
216.73.216.201 - - [16/Jul/2025:12:41:33 +0000] "GET /s/solid82260751 HTTP/1.1" 404 9120 "-" "Mozilla/5.0 AppleWebKit/537.36 (KHTML, like Gecko; compatible; ClaudeBot/1.0; [email protected])"
216.73.216.201 - - [16/Jul/2025:12:41:36 +0000] "GET /s/fun10172248 HTTP/1.1" 404 9120 "-" "Mozilla/5.0 AppleWebKit/537.36 (KHTML, like Gecko; compatible; ClaudeBot/1.0; [email protected])"
216.73.216.201 - - [16/Jul/2025:12:41:39 +0000] "GET /s/custo60533461 HTTP/1.1" 404 9120 "-" "Mozilla/5.0 AppleWebKit/537.36 (KHTML, like Gecko; compatible; ClaudeBot/1.0; [email protected])"
66.249.74.99 - - [16/Jul/2025:12:41:41 +0000] "GET /s/payme32295146/ HTTP/1.1" 404 9119 "-" "Mozilla/5.0 (Linux; Android 6.0.1; Nexus 5X Build/MMB29P) AppleWebKit/537.36 (KHTML, like Gecko) Chrome/137.0.7151.103 Mobile Safari/537.36 (compatible; GoogleOther)"
209.74.77.214 - - [16/Jul/2025:12:41:46 +0000] "POST /wp-cron.php?doing_wp_cron=1752669706.3992419242858886718750 HTTP/1.1" 200 - "-" "WordPress/6.8.2; https://sixpacksecurity.com.au"
216.73.216.201 - - [16/Jul/2025:12:41:46 +0000] "GET /s/plus52511044 HTTP/1.1" 404 9120 "-" "Mozilla/5.0 AppleWebKit/537.36 (KHTML, like Gecko; compatible; ClaudeBot/1.0; [email protected])"
209.74.77.214 - - [16/Jul/2025:12:41:46 +0000] "POST /wp-admin/admin-ajax.php?action=async_litespeed&nonce=q1mrQvMuzOlbrAyU0eFWHvr8QR2QkZVN&litespeed_type=imgoptm HTTP/1.1" 200 21 "-" "WordPress/6.8.2; https://sixpacksecurity.com.au"
216.73.216.201 - - [16/Jul/2025:12:41:49 +0000] "GET /s/misgu60954149 HTTP/1.1" 404 9120 "-" "Mozilla/5.0 AppleWebKit/537.36 (KHTML, like Gecko; compatible; ClaudeBot/1.0; [email protected])"
216.73.216.201 - - [16/Jul/2025:12:41:52 +0000] "GET /s/ax71918838 HTTP/1.1" 404 9120 "-" "Mozilla/5.0 AppleWebKit/537.36 (KHTML, like Gecko; compatible; ClaudeBot/1.0; [email protected])"
216.73.216.201 - - [16/Jul/2025:12:41:55 +0000] "GET /s/out82920487 HTTP/1.1" 404 9120 "-" "Mozilla/5.0 AppleWebKit/537.36 (KHTML, like Gecko; compatible; ClaudeBot/1.0; [email protected])"
216.73.216.201 - - [16/Jul/2025:12:41:58 +0000] "GET /s/bat81503071 HTTP/1.1" 404 9120 "-" "Mozilla/5.0 AppleWebKit/537.36 (KHTML, like Gecko; compatible; ClaudeBot/1.0; [email protected])"
216.73.216.201 - - [16/Jul/2025:12:42:01 +0000] "GET /s/backw20970177 HTTP/1.1" 404 9120 "-" "Mozilla/5.0 AppleWebKit/537.36 (KHTML, like Gecko; compatible; ClaudeBot/1.0; [email protected])"
66.249.74.101 - - [16/Jul/2025:12:42:01 +0000] "GET /s/knit40779403/ HTTP/1.1" 404 9120 "-" "Mozilla/5.0 (Linux; Android 6.0.1; Nexus 5X Build/MMB29P) AppleWebKit/537.36 (KHTML, like Gecko) Chrome/137.0.7151.103 Mobile Safari/537.36 (compatible; GoogleOther)"
66.249.74.101 - - [16/Jul/2025:12:42:02 +0000] "GET /s/inapp10286160/ HTTP/1.1" 404 9120 "-" "Mozilla/5.0 (Linux; Android 6.0.1; Nexus 5X Build/MMB29P) AppleWebKit/537.36 (KHTML, like Gecko) Chrome/137.0.7151.103 Mobile Safari/537.36 (compatible; Googlebot/2.1; +http://www.google.com/bot.html)"
216.73.216.201 - - [16/Jul/2025:12:42:04 +0000] "GET /s/overt70398310 HTTP/1.1" 404 9120 "-" "Mozilla/5.0 AppleWebKit/537.36 (KHTML, like Gecko; compatible; ClaudeBot/1.0; [email protected])"
209.74.77.214 - - [16/Jul/2025:12:42:07 +0000] "POST /wp-cron.php?doing_wp_cron=1752669727.2882490158081054687500 HTTP/1.1" 200 - "-" "WordPress/6.8.2; https://sixpacksecurity.com.au"
216.73.216.201 - - [16/Jul/2025:12:42:07 +0000] "GET /s/illus51518268 HTTP/1.1" 404 9120 "-" "Mozilla/5.0 AppleWebKit/537.36 (KHTML, like Gecko; compatible; ClaudeBot/1.0; [email protected])"
216.73.216.201 - - [16/Jul/2025:12:42:10 +0000] "GET /s/know21001769 HTTP/1.1" 404 9120 "-" "Mozilla/5.0 AppleWebKit/537.36 (KHTML, like Gecko; compatible; ClaudeBot/1.0; [email protected])"
216.73.216.201 - - [16/Jul/2025:12:42:13 +0000] "GET /s/all22084921 HTTP/1.1" 404 9120 "-" "Mozilla/5.0 AppleWebKit/537.36 (KHTML, like Gecko; compatible; ClaudeBot/1.0; [email protected])"
216.73.216.201 - - [16/Jul/2025:12:42:16 +0000] "GET /s/rush52293116 HTTP/1.1" 404 9120 "-" "Mozilla/5.0 AppleWebKit/537.36 (KHTML, like Gecko; compatible; ClaudeBot/1.0; [email protected])"
45.227.253.15 - - [16/Jul/2025:12:42:19 +0000] "GET /wp-includes/php-compat/php-compat/index.php?of=1 HTTP/1.1" 200 2158 "-" "Mozilla/5.0 (Windows NT 10.0; Win64; x64; rv:83.0) Gecko/20100101 Firefox/83.0"
216.73.216.201 - - [16/Jul/2025:12:42:19 +0000] "GET /s/expre30996066 HTTP/1.1" 404 9120 "-" "Mozilla/5.0 AppleWebKit/537.36 (KHTML, like Gecko; compatible; ClaudeBot/1.0; [email protected])"
45.227.253.15 - - [16/Jul/2025:12:42:19 +0000] "GET /wp-admin/js/widgets/widgets/index.php?of=1 HTTP/1.1" 200 2102 "-" "Mozilla/5.0 (iPad; U; CPU OS 4_2_3 like Mac OS X; ja) AppleWebKit/533.17.9 (KHTML, like Gecko) Version/5.0.2 Mobile/8J2 Safari/6533.18.5"
45.227.253.15 - - [16/Jul/2025:12:42:19 +0000] "GET /images/images/images/index.php?of=1 HTTP/1.1" 200 2432 "-" "Mozilla/5.0 (iPad; U; CPU OS 4_3_3 like Mac OS X; ja) AppleWebKit/533.17.9 (KHTML, like Gecko) Version/5.0.2 Mobile/8J2 Safari/6533.18.5"
45.227.253.15 - - [16/Jul/2025:12:42:19 +0000] "GET /cgi-bin/cgi-bin/cgi-bin/cgi-bin/index.php?of=1 HTTP/1.1" 200 2332 "-" "Mozilla/5.0 (Macintosh; Intel Mac OS X 10_15_7) AppleWebKit/537.36 (KHTML, like Gecko) Chrome/86.0.4240.111 Safari/537.36 Edg/86.0.622.51"
66.249.74.100 - - [16/Jul/2025:12:42:21 +0000] "GET /s/insig50422148/ HTTP/1.1" 404 9120 "-" "Mozilla/5.0 (Linux; Android 6.0.1; Nexus 5X Build/MMB29P) AppleWebKit/537.36 (KHTML, like Gecko) Chrome/137.0.7151.103 Mobile Safari/537.36 (compatible; GoogleOther)"
216.73.216.201 - - [16/Jul/2025:12:42:22 +0000] "GET /s/calcu51237532 HTTP/1.1" 404 9120 "-" "Mozilla/5.0 AppleWebKit/537.36 (KHTML, like Gecko; compatible; ClaudeBot/1.0; [email protected])"
216.73.216.201 - - [16/Jul/2025:12:42:25 +0000] "GET /s/won42727939 HTTP/1.1" 404 9120 "-" "Mozilla/5.0 AppleWebKit/537.36 (KHTML, like Gecko; compatible; ClaudeBot/1.0; [email protected])"
216.73.216.201 - - [16/Jul/2025:12:42:28 +0000] "GET /s/dose52406692 HTTP/1.1" 404 9120 "-" "Mozilla/5.0 AppleWebKit/537.36 (KHTML, like Gecko; compatible; ClaudeBot/1.0; [email protected])"
66.249.74.99 - - [16/Jul/2025:12:42:28 +0000] "GET /s/inval81681975/ HTTP/1.1" 404 9120 "-" "Mozilla/5.0 (Linux; Android 6.0.1; Nexus 5X Build/MMB29P) AppleWebKit/537.36 (KHTML, like Gecko) Chrome/137.0.7151.103 Mobile Safari/537.36 (compatible; GoogleOther)"
216.73.216.201 - - [16/Jul/2025:12:42:31 +0000] "GET /s/devil41339307 HTTP/1.1" 404 9120 "-" "Mozilla/5.0 AppleWebKit/537.36 (KHTML, like Gecko; compatible; ClaudeBot/1.0; [email protected])"
216.73.216.201 - - [16/Jul/2025:12:42:34 +0000] "GET /s/speec80845207 HTTP/1.1" 404 9120 "-" "Mozilla/5.0 AppleWebKit/537.36 (KHTML, like Gecko; compatible; ClaudeBot/1.0; [email protected])"
216.73.216.201 - - [16/Jul/2025:12:42:37 +0000] "GET /s/searc20316097 HTTP/1.1" 404 9120 "-" "Mozilla/5.0 AppleWebKit/537.36 (KHTML, like Gecko; compatible; ClaudeBot/1.0; [email protected])"
45.227.253.15 - - [16/Jul/2025:12:42:40 +0000] "GET /wp-includes/blocks/comments-title/comments-title/index.php?of=1 HTTP/1.1" 200 2056 "-" "Mozilla/5.0 (Windows NT 10.0; Win64; x64) AppleWebKit/537.36 (KHTML, like Gecko) Chrome/79.0.3970 Safari/537.36 Edg/79.0.143.5"
45.227.253.15 - - [16/Jul/2025:12:42:40 +0000] "GET /wp-admin/css/colors/midnight/midnight/index.php?of=1 HTTP/1.1" 200 2116 "-" "Mozilla/5.0 (Macintosh; Intel Mac OS X 10.14; rv:103.0) Gecko/20100101 Firefox/102.0"
45.227.253.15 - - [16/Jul/2025:12:42:40 +0000] "GET /wp-admin/css/colors/midnight/midnight/midnight/index.php?of=1 HTTP/1.1" 200 2370 "-" "Mozilla/5.0 (Linux; Android 10; Z832 Build/MMB29M) AppleWebKit/537.36 (KHTML, like Gecko) Chrome/85.0.4183.83 Mobile Safari/537.36"
45.227.253.15 - - [16/Jul/2025:12:42:40 +0000] "GET /wp-includes/blocks/code/code/index.php?of=1 HTTP/1.1" 200 2181 "-" "Mozilla/5.0 (Windows NT 10.0; Win64; x64) AppleWebKit/537.36 (KHTML, like Gecko) Chrome/81.0.3282.140 Safari/537.36 Edge/18.17763"
216.73.216.201 - - [16/Jul/2025:12:42:40 +0000] "GET /s/lorn81371855 HTTP/1.1" 404 9119 "-" "Mozilla/5.0 AppleWebKit/537.36 (KHTML, like Gecko; compatible; ClaudeBot/1.0; [email protected])"
209.74.77.214 - - [16/Jul/2025:12:42:43 +0000] "POST /wp-cron.php?doing_wp_cron=1752669763.7229731082916259765625 HTTP/1.1" 200 - "-" "WordPress/6.8.2; https://sixpacksecurity.com.au"
216.73.216.201 - - [16/Jul/2025:12:42:43 +0000] "GET /s/accel22670449 HTTP/1.1" 404 9119 "-" "Mozilla/5.0 AppleWebKit/537.36 (KHTML, like Gecko; compatible; ClaudeBot/1.0; [email protected])"
209.74.77.214 - - [16/Jul/2025:12:42:43 +0000] "POST /wp-admin/admin-ajax.php?action=async_litespeed&nonce=rw1kFzXmuILU63ZlbZSQXihKCwL3qOvr&litespeed_type=imgoptm HTTP/1.1" 200 21 "-" "WordPress/6.8.2; https://sixpacksecurity.com.au"
216.73.216.201 - - [16/Jul/2025:12:42:46 +0000] "GET /s/fix62976309 HTTP/1.1" 404 9119 "-" "Mozilla/5.0 AppleWebKit/537.36 (KHTML, like Gecko; compatible; ClaudeBot/1.0; [email protected])"
45.227.253.15 - - [16/Jul/2025:12:42:47 +0000] "GET /cgi-bin/cgi-bin/index.php?of=1 HTTP/1.1" 200 2212 "-" "Mozilla/5.0 (Windows NT 6.2; WOW64; rv:72.0) Gecko/20100101 Firefox/72.0"
216.73.216.201 - - [16/Jul/2025:12:42:49 +0000] "GET /s/keen81289663 HTTP/1.1" 404 9119 "-" "Mozilla/5.0 AppleWebKit/537.36 (KHTML, like Gecko; compatible; ClaudeBot/1.0; [email protected])"
216.73.216.201 - - [16/Jul/2025:12:42:52 +0000] "GET /s/beef40348723 HTTP/1.1" 404 9120 "-" "Mozilla/5.0 AppleWebKit/537.36 (KHTML, like Gecko; compatible; ClaudeBot/1.0; [email protected])"
45.227.253.15 - - [16/Jul/2025:12:42:55 +0000] "GET /wp-includes/sitemaps/providers/providers/index.php?of=1 HTTP/1.1" 200 2255 "-" "Mozilla/5.0 (iPhone; CPU iPhone OS 10_3 like Mac OS X) AppleWebKit/605.1.15 (KHTML, like Gecko) Version/10.0.4 Mobile/15E148 Safari/604.1"
216.73.216.201 - - [16/Jul/2025:12:42:55 +0000] "GET /s/acces12513776 HTTP/1.1" 404 9120 "-" "Mozilla/5.0 AppleWebKit/537.36 (KHTML, like Gecko; compatible; ClaudeBot/1.0; [email protected])"
216.73.216.201 - - [16/Jul/2025:12:42:58 +0000] "GET /s/stran32388554 HTTP/1.1" 404 9120 "-" "Mozilla/5.0 AppleWebKit/537.36 (KHTML, like Gecko; compatible; ClaudeBot/1.0; [email protected])"
66.249.74.99 - - [16/Jul/2025:12:42:59 +0000] "GET /s/overs82637783/ HTTP/1.1" 404 9120 "-" "Mozilla/5.0 (Linux; Android 6.0.1; Nexus 5X Build/MMB29P) AppleWebKit/537.36 (KHTML, like Gecko) Chrome/137.0.7151.103 Mobile Safari/537.36 (compatible; GoogleOther)"
216.73.216.201 - - [16/Jul/2025:12:43:01 +0000] "GET /s/bread12392928 HTTP/1.1" 404 9120 "-" "Mozilla/5.0 AppleWebKit/537.36 (KHTML, like Gecko; compatible; ClaudeBot/1.0; [email protected])"
216.73.216.201 - - [16/Jul/2025:12:43:04 +0000] "GET /s/anywh52820716 HTTP/1.1" 404 9120 "-" "Mozilla/5.0 AppleWebKit/537.36 (KHTML, like Gecko; compatible; ClaudeBot/1.0; [email protected])"
209.74.77.214 - - [16/Jul/2025:12:43:07 +0000] "POST /wp-cron.php?doing_wp_cron=1752669787.7511920928955078125000 HTTP/1.1" 200 - "-" "WordPress/6.8.2; https://sixpacksecurity.com.au"
216.73.216.201 - - [16/Jul/2025:12:43:07 +0000] "GET /s/lack32034842 HTTP/1.1" 404 9120 "-" "Mozilla/5.0 AppleWebKit/537.36 (KHTML, like Gecko; compatible; ClaudeBot/1.0; [email protected])"
216.73.216.201 - - [16/Jul/2025:12:43:10 +0000] "GET /s/in51324748 HTTP/1.1" 404 9120 "-" "Mozilla/5.0 AppleWebKit/537.36 (KHTML, like Gecko; compatible; ClaudeBot/1.0; [email protected])"
66.249.74.100 - - [16/Jul/2025:12:43:12 +0000] "GET /s/jiff61011845/ HTTP/1.1" 404 9120 "-" "Mozilla/5.0 (Linux; Android 6.0.1; Nexus 5X Build/MMB29P) AppleWebKit/537.36 (KHTML, like Gecko) Chrome/137.0.7151.103 Mobile Safari/537.36 (compatible; GoogleOther)"
