20.171.207.176 - - [17/Jul/2025:12:21:59 +0000] "GET /search.php?majority183009964.html HTTP/1.1" 200 87248 "-" "Mozilla/5.0 AppleWebKit/537.36 (KHTML, like Gecko; compatible; GPTBot/1.2; +https://openai.com/gptbot)"
20.171.207.176 - - [17/Jul/2025:12:22:01 +0000] "GET /search.php?surgeon064020485.html HTTP/1.1" 200 86028 "-" "Mozilla/5.0 AppleWebKit/537.36 (KHTML, like Gecko; compatible; GPTBot/1.2; +https://openai.com/gptbot)"
192.42.116.199 - - [17/Jul/2025:12:22:02 +0000] "POST /customer-service/ HTTP/1.1" 200 14432 "https://topflowroofingplumbing.com.au/customer-service/#wpcf7-f708-p629-o1" "Mozilla/5.0 (Linux; Android 9; VS996) AppleWebKit/537.36 (KHTML, like Gecko) Chrome/81.0.4044.138 Mobile Safari/537.36"
20.171.207.176 - - [17/Jul/2025:12:22:02 +0000] "GET /search.php?often239041878.html HTTP/1.1" 200 85535 "-" "Mozilla/5.0 AppleWebKit/537.36 (KHTML, like Gecko; compatible; GPTBot/1.2; +https://openai.com/gptbot)"
20.171.207.176 - - [17/Jul/2025:12:22:03 +0000] "GET /search.php?wildlife239041880.html HTTP/1.1" 200 86254 "-" "Mozilla/5.0 AppleWebKit/537.36 (KHTML, like Gecko; compatible; GPTBot/1.2; +https://openai.com/gptbot)"
192.42.116.199 - - [17/Jul/2025:12:22:04 +0000] "GET /faq HTTP/1.1" 301 - "https://topflowroofingplumbing.com.au/faq" "Mozilla/5.0 (Linux; Android 9; VS996) AppleWebKit/537.36 (KHTML, like Gecko) Chrome/81.0.4044.138 Mobile Safari/537.36"
20.171.207.176 - - [17/Jul/2025:12:22:04 +0000] "GET /search.php?advise239041876.html HTTP/1.1" 200 86518 "-" "Mozilla/5.0 AppleWebKit/537.36 (KHTML, like Gecko; compatible; GPTBot/1.2; +https://openai.com/gptbot)"
192.42.116.199 - - [17/Jul/2025:12:22:05 +0000] "GET /faq/ HTTP/1.1" 200 13061 "https://topflowroofingplumbing.com.au/faq" "Mozilla/5.0 (Linux; Android 9; VS996) AppleWebKit/537.36 (KHTML, like Gecko) Chrome/81.0.4044.138 Mobile Safari/537.36"
20.171.207.176 - - [17/Jul/2025:12:22:06 +0000] "GET /search.php?troop239041876.html HTTP/1.1" 200 86953 "-" "Mozilla/5.0 AppleWebKit/537.36 (KHTML, like Gecko; compatible; GPTBot/1.2; +https://openai.com/gptbot)"
20.171.207.176 - - [17/Jul/2025:12:22:07 +0000] "GET /search.php?view239041878.html HTTP/1.1" 200 85554 "-" "Mozilla/5.0 AppleWebKit/537.36 (KHTML, like Gecko; compatible; GPTBot/1.2; +https://openai.com/gptbot)"
192.42.116.199 - - [17/Jul/2025:12:22:07 +0000] "POST /faq/ HTTP/1.1" 200 13080 "https://topflowroofingplumbing.com.au/faq/#wpcf7-f574-p550-o1" "Mozilla/5.0 (Linux; Android 9; VS996) AppleWebKit/537.36 (KHTML, like Gecko) Chrome/81.0.4044.138 Mobile Safari/537.36"
20.171.207.176 - - [17/Jul/2025:12:22:08 +0000] "GET /search.php?disc239041876.html HTTP/1.1" 200 86094 "-" "Mozilla/5.0 AppleWebKit/537.36 (KHTML, like Gecko; compatible; GPTBot/1.2; +https://openai.com/gptbot)"
20.171.207.176 - - [17/Jul/2025:12:22:09 +0000] "GET /search.php?equality239006528.html HTTP/1.1" 200 86868 "-" "Mozilla/5.0 AppleWebKit/537.36 (KHTML, like Gecko; compatible; GPTBot/1.2; +https://openai.com/gptbot)"
192.42.116.199 - - [17/Jul/2025:12:22:10 +0000] "GET /feed HTTP/1.1" 301 - "https://topflowroofingplumbing.com.au/feed" "Mozilla/5.0 (Linux; Android 9; VS996) AppleWebKit/537.36 (KHTML, like Gecko) Chrome/81.0.4044.138 Mobile Safari/537.36"
20.171.207.176 - - [17/Jul/2025:12:22:10 +0000] "GET /search.php?mail239041876.html HTTP/1.1" 200 86489 "-" "Mozilla/5.0 AppleWebKit/537.36 (KHTML, like Gecko; compatible; GPTBot/1.2; +https://openai.com/gptbot)"
192.42.116.199 - - [17/Jul/2025:12:22:11 +0000] "GET /feed/ HTTP/1.1" 200 2323 "https://topflowroofingplumbing.com.au/feed" "Mozilla/5.0 (Linux; Android 9; VS996) AppleWebKit/537.36 (KHTML, like Gecko) Chrome/81.0.4044.138 Mobile Safari/537.36"
20.171.207.176 - - [17/Jul/2025:12:22:11 +0000] "GET /search.php?delivery113037542.html HTTP/1.1" 200 85844 "-" "Mozilla/5.0 AppleWebKit/537.36 (KHTML, like Gecko; compatible; GPTBot/1.2; +https://openai.com/gptbot)"
104.244.79.50 - - [17/Jul/2025:12:22:12 +0000] "GET /heating-worker-truned-to-your-ac-as-new-type-heater-2 HTTP/1.1" 301 - "https://topflowroofingplumbing.com.au/heating-worker-truned-to-your-ac-as-new-type-heater-2" "Mozilla/5.0 (Linux; Android 9; VS996) AppleWebKit/537.36 (KHTML, like Gecko) Chrome/81.0.4044.138 Mobile Safari/537.36"
104.244.79.50 - - [17/Jul/2025:12:22:13 +0000] "GET /heating-worker-truned-to-your-ac-as-new-type-heater-2/ HTTP/1.1" 200 13300 "https://topflowroofingplumbing.com.au/heating-worker-truned-to-your-ac-as-new-type-heater-2" "Mozilla/5.0 (Linux; Android 9; VS996) AppleWebKit/537.36 (KHTML, like Gecko) Chrome/81.0.4044.138 Mobile Safari/537.36"
20.171.207.176 - - [17/Jul/2025:12:22:13 +0000] "GET /search.php?cross078027129.html HTTP/1.1" 200 86058 "-" "Mozilla/5.0 AppleWebKit/537.36 (KHTML, like Gecko; compatible; GPTBot/1.2; +https://openai.com/gptbot)"
212.95.50.77 - - [17/Jul/2025:12:22:14 +0000] "POST /wp-comments-post.php HTTP/1.1" 404 11638 "https://topflowroofingplumbing.com.au/wp-comments-post.php" "Mozilla/5.0 (Linux; Android 9; VS996) AppleWebKit/537.36 (KHTML, like Gecko) Chrome/81.0.4044.138 Mobile Safari/537.36"
20.171.207.176 - - [17/Jul/2025:12:22:14 +0000] "GET /search.php?secure102023401.html HTTP/1.1" 200 85998 "-" "Mozilla/5.0 AppleWebKit/537.36 (KHTML, like Gecko; compatible; GPTBot/1.2; +https://openai.com/gptbot)"
20.171.207.176 - - [17/Jul/2025:12:22:15 +0000] "GET /search.php?l=16392&product%2FQ240%3Ff=search HTTP/1.1" 200 87402 "-" "Mozilla/5.0 AppleWebKit/537.36 (KHTML, like Gecko; compatible; GPTBot/1.2; +https://openai.com/gptbot)"
198.98.51.189 - - [17/Jul/2025:12:22:16 +0000] "GET /job-details HTTP/1.1" 301 - "https://topflowroofingplumbing.com.au/job-details" "Mozilla/5.0 (Linux; Android 9; VS996) AppleWebKit/537.36 (KHTML, like Gecko) Chrome/81.0.4044.138 Mobile Safari/537.36"
198.98.51.189 - - [17/Jul/2025:12:22:16 +0000] "GET /job-details/ HTTP/1.1" 200 13926 "https://topflowroofingplumbing.com.au/job-details" "Mozilla/5.0 (Linux; Android 9; VS996) AppleWebKit/537.36 (KHTML, like Gecko) Chrome/81.0.4044.138 Mobile Safari/537.36"
20.171.207.176 - - [17/Jul/2025:12:22:16 +0000] "GET /search.php?confuse239041876.html HTTP/1.1" 200 86562 "-" "Mozilla/5.0 AppleWebKit/537.36 (KHTML, like Gecko; compatible; GPTBot/1.2; +https://openai.com/gptbot)"
20.171.207.176 - - [17/Jul/2025:12:22:18 +0000] "GET /search.php?football218043395.html HTTP/1.1" 200 86458 "-" "Mozilla/5.0 AppleWebKit/537.36 (KHTML, like Gecko; compatible; GPTBot/1.2; +https://openai.com/gptbot)"
209.74.77.214 - - [17/Jul/2025:12:22:18 +0000] "POST /wp-cron.php?doing_wp_cron=1752754938.4740269184112548828125 HTTP/1.1" 403 19482 "-" "WordPress/6.8.1; https://topflowroofingplumbing.com.au"
103.251.167.10 - - [17/Jul/2025:12:22:18 +0000] "GET /plumbing HTTP/1.1" 301 - "https://topflowroofingplumbing.com.au/plumbing" "Mozilla/5.0 (Linux; Android 9; VS996) AppleWebKit/537.36 (KHTML, like Gecko) Chrome/81.0.4044.138 Mobile Safari/537.36"
103.251.167.10 - - [17/Jul/2025:12:22:19 +0000] "GET /plumbing/ HTTP/1.1" 200 18601 "https://topflowroofingplumbing.com.au/plumbing" "Mozilla/5.0 (Linux; Android 9; VS996) AppleWebKit/537.36 (KHTML, like Gecko) Chrome/81.0.4044.138 Mobile Safari/537.36"
20.171.207.176 - - [17/Jul/2025:12:22:19 +0000] "GET /search.php?textbook239041882.html HTTP/1.1" 200 85690 "-" "Mozilla/5.0 AppleWebKit/537.36 (KHTML, like Gecko; compatible; GPTBot/1.2; +https://openai.com/gptbot)"
20.171.207.176 - - [17/Jul/2025:12:22:20 +0000] "GET /search.php?society239041878.html HTTP/1.1" 200 85957 "-" "Mozilla/5.0 AppleWebKit/537.36 (KHTML, like Gecko; compatible; GPTBot/1.2; +https://openai.com/gptbot)"
103.251.167.10 - - [17/Jul/2025:12:22:21 +0000] "POST /plumbing/ HTTP/1.1" 200 18619 "https://topflowroofingplumbing.com.au/plumbing/#wpcf7-f1035-p1017-o1" "Mozilla/5.0 (Linux; Android 9; VS996) AppleWebKit/537.36 (KHTML, like Gecko) Chrome/81.0.4044.138 Mobile Safari/537.36"
20.171.207.176 - - [17/Jul/2025:12:22:21 +0000] "GET /search.php?city239041878.html HTTP/1.1" 200 85563 "-" "Mozilla/5.0 AppleWebKit/537.36 (KHTML, like Gecko; compatible; GPTBot/1.2; +https://openai.com/gptbot)"
20.171.207.176 - - [17/Jul/2025:12:22:22 +0000] "GET /search.php?bank274038091.html HTTP/1.1" 200 86528 "-" "Mozilla/5.0 AppleWebKit/537.36 (KHTML, like Gecko; compatible; GPTBot/1.2; +https://openai.com/gptbot)"
173.0.3.111 - - [17/Jul/2025:12:22:24 +0000] "GET /plumbing-02 HTTP/1.1" 301 - "https://topflowroofingplumbing.com.au/plumbing-02" "Mozilla/5.0 (Linux; Android 9; VS996) AppleWebKit/537.36 (KHTML, like Gecko) Chrome/81.0.4044.138 Mobile Safari/537.36"
20.171.207.176 - - [17/Jul/2025:12:22:24 +0000] "GET /search.php?ridge239041878.html HTTP/1.1" 200 85872 "-" "Mozilla/5.0 AppleWebKit/537.36 (KHTML, like Gecko; compatible; GPTBot/1.2; +https://openai.com/gptbot)"
173.0.3.111 - - [17/Jul/2025:12:22:25 +0000] "GET /plumbing-02/ HTTP/1.1" 200 17667 "https://topflowroofingplumbing.com.au/plumbing-02" "Mozilla/5.0 (Linux; Android 9; VS996) AppleWebKit/537.36 (KHTML, like Gecko) Chrome/81.0.4044.138 Mobile Safari/537.36"
20.171.207.176 - - [17/Jul/2025:12:22:25 +0000] "GET /search.php?ruin288037413.html HTTP/1.1" 200 86275 "-" "Mozilla/5.0 AppleWebKit/537.36 (KHTML, like Gecko; compatible; GPTBot/1.2; +https://openai.com/gptbot)"
20.171.207.176 - - [17/Jul/2025:12:22:26 +0000] "GET /search.php?warn239041876.html HTTP/1.1" 200 85961 "-" "Mozilla/5.0 AppleWebKit/537.36 (KHTML, like Gecko; compatible; GPTBot/1.2; +https://openai.com/gptbot)"
20.171.207.176 - - [17/Jul/2025:12:22:27 +0000] "GET /search.php?array239041876.html HTTP/1.1" 200 86556 "-" "Mozilla/5.0 AppleWebKit/537.36 (KHTML, like Gecko; compatible; GPTBot/1.2; +https://openai.com/gptbot)"
20.171.207.176 - - [17/Jul/2025:12:22:29 +0000] "GET /search.php?routine254035191.html HTTP/1.1" 200 86379 "-" "Mozilla/5.0 AppleWebKit/537.36 (KHTML, like Gecko; compatible; GPTBot/1.2; +https://openai.com/gptbot)"
173.0.3.111 - - [17/Jul/2025:12:22:29 +0000] "POST /plumbing-02/ HTTP/1.1" 200 17678 "https://topflowroofingplumbing.com.au/plumbing-02/#wpcf7-f37-p8-o1" "Mozilla/5.0 (Linux; Android 9; VS996) AppleWebKit/537.36 (KHTML, like Gecko) Chrome/81.0.4044.138 Mobile Safari/537.36"
20.171.207.176 - - [17/Jul/2025:12:22:30 +0000] "GET /search.php?buddy239041876.html HTTP/1.1" 200 86467 "-" "Mozilla/5.0 AppleWebKit/537.36 (KHTML, like Gecko; compatible; GPTBot/1.2; +https://openai.com/gptbot)"
20.171.207.176 - - [17/Jul/2025:12:22:31 +0000] "GET /search.php?rough218043395.html HTTP/1.1" 200 86394 "-" "Mozilla/5.0 AppleWebKit/537.36 (KHTML, like Gecko; compatible; GPTBot/1.2; +https://openai.com/gptbot)"
20.171.207.176 - - [17/Jul/2025:12:22:33 +0000] "GET /search.php?dough239041878.html HTTP/1.1" 200 85872 "-" "Mozilla/5.0 AppleWebKit/537.36 (KHTML, like Gecko; compatible; GPTBot/1.2; +https://openai.com/gptbot)"
173.0.3.111 - - [17/Jul/2025:12:22:33 +0000] "GET /roof-worker-treak-truned-into-your-roof-a-new-type-roof HTTP/1.1" 301 - "https://topflowroofingplumbing.com.au/roof-worker-treak-truned-into-your-roof-a-new-type-roof" "Mozilla/5.0 (Linux; Android 9; VS996) AppleWebKit/537.36 (KHTML, like Gecko) Chrome/81.0.4044.138 Mobile Safari/537.36"
20.171.207.176 - - [17/Jul/2025:12:22:34 +0000] "GET /search.php?advanced239041876.html HTTP/1.1" 200 86470 "-" "Mozilla/5.0 AppleWebKit/537.36 (KHTML, like Gecko; compatible; GPTBot/1.2; +https://openai.com/gptbot)"
173.0.3.111 - - [17/Jul/2025:12:22:34 +0000] "GET /roof-worker-treak-truned-into-your-roof-a-new-type-roof/ HTTP/1.1" 200 13290 "https://topflowroofingplumbing.com.au/roof-worker-treak-truned-into-your-roof-a-new-type-roof" "Mozilla/5.0 (Linux; Android 9; VS996) AppleWebKit/537.36 (KHTML, like Gecko) Chrome/81.0.4044.138 Mobile Safari/537.36"
20.171.207.176 - - [17/Jul/2025:12:22:35 +0000] "GET /search.php?deny274038091.html HTTP/1.1" 200 86128 "-" "Mozilla/5.0 AppleWebKit/537.36 (KHTML, like Gecko; compatible; GPTBot/1.2; +https://openai.com/gptbot)"
20.171.207.176 - - [17/Jul/2025:12:22:37 +0000] "GET /search.php?given239041878.html HTTP/1.1" 200 85853 "-" "Mozilla/5.0 AppleWebKit/537.36 (KHTML, like Gecko; compatible; GPTBot/1.2; +https://openai.com/gptbot)"
20.171.207.176 - - [17/Jul/2025:12:22:38 +0000] "GET /search.php?acquire239041876.html HTTP/1.1" 200 86467 "-" "Mozilla/5.0 AppleWebKit/537.36 (KHTML, like Gecko; compatible; GPTBot/1.2; +https://openai.com/gptbot)"
20.171.207.176 - - [17/Jul/2025:12:22:39 +0000] "GET /search.php?works239007812.html HTTP/1.1" 200 85796 "-" "Mozilla/5.0 AppleWebKit/537.36 (KHTML, like Gecko; compatible; GPTBot/1.2; +https://openai.com/gptbot)"
20.171.207.176 - - [17/Jul/2025:12:22:40 +0000] "GET /search.php?shore239041876.html HTTP/1.1" 200 86496 "-" "Mozilla/5.0 AppleWebKit/537.36 (KHTML, like Gecko; compatible; GPTBot/1.2; +https://openai.com/gptbot)"
20.171.207.176 - - [17/Jul/2025:12:22:41 +0000] "GET /search.php?maybe239041878.html HTTP/1.1" 200 85611 "-" "Mozilla/5.0 AppleWebKit/537.36 (KHTML, like Gecko; compatible; GPTBot/1.2; +https://openai.com/gptbot)"
192.42.116.212 - - [17/Jul/2025:12:22:43 +0000] "POST /wp-comments-post.php HTTP/1.1" 404 11638 "https://topflowroofingplumbing.com.au/wp-comments-post.php" "Mozilla/5.0 (Linux; Android 9; VS996) AppleWebKit/537.36 (KHTML, like Gecko) Chrome/81.0.4044.138 Mobile Safari/537.36"
20.171.207.176 - - [17/Jul/2025:12:22:42 +0000] "GET /search.php?discover239041882.html HTTP/1.1" 200 85861 "-" "Mozilla/5.0 AppleWebKit/537.36 (KHTML, like Gecko; compatible; GPTBot/1.2; +https://openai.com/gptbot)"
20.171.207.176 - - [17/Jul/2025:12:22:44 +0000] "GET /search.php?movie239007812.html HTTP/1.1" 200 85887 "-" "Mozilla/5.0 AppleWebKit/537.36 (KHTML, like Gecko; compatible; GPTBot/1.2; +https://openai.com/gptbot)"
20.171.207.176 - - [17/Jul/2025:12:22:45 +0000] "GET /search.php?location239041876.html HTTP/1.1" 200 86011 "-" "Mozilla/5.0 AppleWebKit/537.36 (KHTML, like Gecko; compatible; GPTBot/1.2; +https://openai.com/gptbot)"
20.171.207.176 - - [17/Jul/2025:12:22:46 +0000] "GET /search.php?longtime277035714.html HTTP/1.1" 200 85523 "-" "Mozilla/5.0 AppleWebKit/537.36 (KHTML, like Gecko; compatible; GPTBot/1.2; +https://openai.com/gptbot)"
20.171.207.176 - - [17/Jul/2025:12:22:47 +0000] "GET /search.php?unite282006451.html HTTP/1.1" 200 86235 "-" "Mozilla/5.0 AppleWebKit/537.36 (KHTML, like Gecko; compatible; GPTBot/1.2; +https://openai.com/gptbot)"
20.171.207.176 - - [17/Jul/2025:12:22:48 +0000] "GET /search.php?dig239041878.html HTTP/1.1" 200 85935 "-" "Mozilla/5.0 AppleWebKit/537.36 (KHTML, like Gecko; compatible; GPTBot/1.2; +https://openai.com/gptbot)"
20.171.207.176 - - [17/Jul/2025:12:22:49 +0000] "GET /search.php?uncle239041876.html HTTP/1.1" 200 86557 "-" "Mozilla/5.0 AppleWebKit/537.36 (KHTML, like Gecko; compatible; GPTBot/1.2; +https://openai.com/gptbot)"
20.171.207.176 - - [17/Jul/2025:12:22:50 +0000] "GET /search.php?drunk227019862.html HTTP/1.1" 200 85732 "-" "Mozilla/5.0 AppleWebKit/537.36 (KHTML, like Gecko; compatible; GPTBot/1.2; +https://openai.com/gptbot)"
20.171.207.176 - - [17/Jul/2025:12:22:52 +0000] "GET /search.php?day239041876.html HTTP/1.1" 200 86162 "-" "Mozilla/5.0 AppleWebKit/537.36 (KHTML, like Gecko; compatible; GPTBot/1.2; +https://openai.com/gptbot)"
20.171.207.176 - - [17/Jul/2025:12:22:53 +0000] "GET /search.php?maybe239041878.html HTTP/1.1" 200 85993 "-" "Mozilla/5.0 AppleWebKit/537.36 (KHTML, like Gecko; compatible; GPTBot/1.2; +https://openai.com/gptbot)"
45.90.185.111 - - [17/Jul/2025:12:22:55 +0000] "GET /testimonials HTTP/1.1" 301 - "https://topflowroofingplumbing.com.au/testimonials" "Mozilla/5.0 (Linux; Android 9; VS996) AppleWebKit/537.36 (KHTML, like Gecko) Chrome/81.0.4044.138 Mobile Safari/537.36"
20.171.207.176 - - [17/Jul/2025:12:22:55 +0000] "GET /search.php?voice198026411.html HTTP/1.1" 200 85375 "-" "Mozilla/5.0 AppleWebKit/537.36 (KHTML, like Gecko; compatible; GPTBot/1.2; +https://openai.com/gptbot)"
45.90.185.111 - - [17/Jul/2025:12:22:55 +0000] "GET /testimonials/ HTTP/1.1" 200 12872 "https://topflowroofingplumbing.com.au/testimonials" "Mozilla/5.0 (Linux; Android 9; VS996) AppleWebKit/537.36 (KHTML, like Gecko) Chrome/81.0.4044.138 Mobile Safari/537.36"
20.171.207.176 - - [17/Jul/2025:12:22:56 +0000] "GET /search.php?row239041878.html HTTP/1.1" 200 85914 "-" "Mozilla/5.0 AppleWebKit/537.36 (KHTML, like Gecko; compatible; GPTBot/1.2; +https://openai.com/gptbot)"
45.90.185.111 - - [17/Jul/2025:12:22:57 +0000] "GET /view-all-services/commercial-services HTTP/1.1" 301 - "https://topflowroofingplumbing.com.au/view-all-services/commercial-services" "Mozilla/5.0 (Linux; Android 9; VS996) AppleWebKit/537.36 (KHTML, like Gecko) Chrome/81.0.4044.138 Mobile Safari/537.36"
45.90.185.111 - - [17/Jul/2025:12:22:57 +0000] "GET /view-all-services/commercial-services/ HTTP/1.1" 200 14862 "https://topflowroofingplumbing.com.au/view-all-services/commercial-services" "Mozilla/5.0 (Linux; Android 9; VS996) AppleWebKit/537.36 (KHTML, like Gecko) Chrome/81.0.4044.138 Mobile Safari/537.36"
20.171.207.176 - - [17/Jul/2025:12:22:57 +0000] "GET /search.php?click239007812.html HTTP/1.1" 200 85480 "-" "Mozilla/5.0 AppleWebKit/537.36 (KHTML, like Gecko; compatible; GPTBot/1.2; +https://openai.com/gptbot)"
20.171.207.176 - - [17/Jul/2025:12:22:58 +0000] "GET /search.php?rub239041876.html HTTP/1.1" 200 86522 "-" "Mozilla/5.0 AppleWebKit/537.36 (KHTML, like Gecko; compatible; GPTBot/1.2; +https://openai.com/gptbot)"
185.220.101.58 - - [17/Jul/2025:12:22:59 +0000] "GET /view-all-services/drain-cleaning HTTP/1.1" 301 - "https://topflowroofingplumbing.com.au/view-all-services/drain-cleaning" "Mozilla/5.0 (Linux; Android 9; VS996) AppleWebKit/537.36 (KHTML, like Gecko) Chrome/81.0.4044.138 Mobile Safari/537.36"
185.220.101.58 - - [17/Jul/2025:12:22:59 +0000] "GET /view-all-services/drain-cleaning/ HTTP/1.1" 200 14865 "https://topflowroofingplumbing.com.au/view-all-services/drain-cleaning" "Mozilla/5.0 (Linux; Android 9; VS996) AppleWebKit/537.36 (KHTML, like Gecko) Chrome/81.0.4044.138 Mobile Safari/537.36"
20.171.207.176 - - [17/Jul/2025:12:23:00 +0000] "GET /search.php?privacy239041876.html HTTP/1.1" 200 86109 "-" "Mozilla/5.0 AppleWebKit/537.36 (KHTML, like Gecko; compatible; GPTBot/1.2; +https://openai.com/gptbot)"
20.171.207.176 - - [17/Jul/2025:12:23:01 +0000] "GET /search.php?solid077000124.html HTTP/1.1" 200 86847 "-" "Mozilla/5.0 AppleWebKit/537.36 (KHTML, like Gecko; compatible; GPTBot/1.2; +https://openai.com/gptbot)"
185.220.101.58 - - [17/Jul/2025:12:23:01 +0000] "GET /view-all-services/faucet-leak-repairs HTTP/1.1" 301 - "https://topflowroofingplumbing.com.au/view-all-services/faucet-leak-repairs" "Mozilla/5.0 (Linux; Android 9; VS996) AppleWebKit/537.36 (KHTML, like Gecko) Chrome/81.0.4044.138 Mobile Safari/537.36"
185.220.101.58 - - [17/Jul/2025:12:23:02 +0000] "GET /view-all-services/faucet-leak-repairs/ HTTP/1.1" 200 14884 "https://topflowroofingplumbing.com.au/view-all-services/faucet-leak-repairs" "Mozilla/5.0 (Linux; Android 9; VS996) AppleWebKit/537.36 (KHTML, like Gecko) Chrome/81.0.4044.138 Mobile Safari/537.36"
20.171.207.176 - - [17/Jul/2025:12:23:02 +0000] "GET /search.php?civic282036951.html HTTP/1.1" 200 86082 "-" "Mozilla/5.0 AppleWebKit/537.36 (KHTML, like Gecko; compatible; GPTBot/1.2; +https://openai.com/gptbot)"
185.220.101.58 - - [17/Jul/2025:12:23:04 +0000] "GET /view-all-services/gas-line-service HTTP/1.1" 301 - "https://topflowroofingplumbing.com.au/view-all-services/gas-line-service" "Mozilla/5.0 (Linux; Android 9; VS996) AppleWebKit/537.36 (KHTML, like Gecko) Chrome/81.0.4044.138 Mobile Safari/537.36"
185.220.101.58 - - [17/Jul/2025:12:23:04 +0000] "GET /view-all-services/gas-line-service/ HTTP/1.1" 200 14871 "https://topflowroofingplumbing.com.au/view-all-services/gas-line-service" "Mozilla/5.0 (Linux; Android 9; VS996) AppleWebKit/537.36 (KHTML, like Gecko) Chrome/81.0.4044.138 Mobile Safari/537.36"
20.171.207.176 - - [17/Jul/2025:12:23:04 +0000] "GET /search.php?decline153047972.html HTTP/1.1" 200 86112 "-" "Mozilla/5.0 AppleWebKit/537.36 (KHTML, like Gecko; compatible; GPTBot/1.2; +https://openai.com/gptbot)"
20.171.207.176 - - [17/Jul/2025:12:23:05 +0000] "GET /search.php?Mrs239041878.html HTTP/1.1" 200 85997 "-" "Mozilla/5.0 AppleWebKit/537.36 (KHTML, like Gecko; compatible; GPTBot/1.2; +https://openai.com/gptbot)"
185.220.101.58 - - [17/Jul/2025:12:23:06 +0000] "GET /view-all-services/heating-cooling HTTP/1.1" 301 - "https://topflowroofingplumbing.com.au/view-all-services/heating-cooling" "Mozilla/5.0 (Linux; Android 9; VS996) AppleWebKit/537.36 (KHTML, like Gecko) Chrome/81.0.4044.138 Mobile Safari/537.36"
20.171.207.176 - - [17/Jul/2025:12:23:06 +0000] "GET /search.php?long239041880.html HTTP/1.1" 200 85838 "-" "Mozilla/5.0 AppleWebKit/537.36 (KHTML, like Gecko; compatible; GPTBot/1.2; +https://openai.com/gptbot)"
185.220.101.58 - - [17/Jul/2025:12:23:07 +0000] "GET /view-all-services/heating-cooling/ HTTP/1.1" 200 14868 "https://topflowroofingplumbing.com.au/view-all-services/heating-cooling" "Mozilla/5.0 (Linux; Android 9; VS996) AppleWebKit/537.36 (KHTML, like Gecko) Chrome/81.0.4044.138 Mobile Safari/537.36"
20.171.207.176 - - [17/Jul/2025:12:23:08 +0000] "GET /search.php?slot239041876.html HTTP/1.1" 200 86523 "-" "Mozilla/5.0 AppleWebKit/537.36 (KHTML, like Gecko; compatible; GPTBot/1.2; +https://openai.com/gptbot)"
20.171.207.176 - - [17/Jul/2025:12:23:09 +0000] "GET /search.php?wolf258026337.html HTTP/1.1" 200 87643 "-" "Mozilla/5.0 AppleWebKit/537.36 (KHTML, like Gecko; compatible; GPTBot/1.2; +https://openai.com/gptbot)"
185.220.101.152 - - [17/Jul/2025:12:23:10 +0000] "GET /view-all-services/plumbing-repairs HTTP/1.1" 301 - "https://topflowroofingplumbing.com.au/view-all-services/plumbing-repairs" "Mozilla/5.0 (Linux; Android 9; VS996) AppleWebKit/537.36 (KHTML, like Gecko) Chrome/81.0.4044.138 Mobile Safari/537.36"
20.171.207.176 - - [17/Jul/2025:12:23:10 +0000] "GET /search.php?build161034832.html HTTP/1.1" 200 86638 "-" "Mozilla/5.0 AppleWebKit/537.36 (KHTML, like Gecko; compatible; GPTBot/1.2; +https://openai.com/gptbot)"
185.220.101.152 - - [17/Jul/2025:12:23:11 +0000] "GET /view-all-services/plumbing-repairs/ HTTP/1.1" 200 15204 "https://topflowroofingplumbing.com.au/view-all-services/plumbing-repairs" "Mozilla/5.0 (Linux; Android 9; VS996) AppleWebKit/537.36 (KHTML, like Gecko) Chrome/81.0.4044.138 Mobile Safari/537.36"
20.171.207.176 - - [17/Jul/2025:12:23:11 +0000] "GET /search.php?south239041878.html HTTP/1.1" 200 85794 "-" "Mozilla/5.0 AppleWebKit/537.36 (KHTML, like Gecko; compatible; GPTBot/1.2; +https://openai.com/gptbot)"
185.220.101.152 - - [17/Jul/2025:12:23:12 +0000] "GET /view-all-services/remodeling-service HTTP/1.1" 301 - "https://topflowroofingplumbing.com.au/view-all-services/remodeling-service" "Mozilla/5.0 (Linux; Android 9; VS996) AppleWebKit/537.36 (KHTML, like Gecko) Chrome/81.0.4044.138 Mobile Safari/537.36"
20.171.207.176 - - [17/Jul/2025:12:23:13 +0000] "GET /search.php?whale239041876.html HTTP/1.1" 200 86501 "-" "Mozilla/5.0 AppleWebKit/537.36 (KHTML, like Gecko; compatible; GPTBot/1.2; +https://openai.com/gptbot)"
185.220.101.152 - - [17/Jul/2025:12:23:13 +0000] "GET /view-all-services/remodeling-service/ HTTP/1.1" 200 14864 "https://topflowroofingplumbing.com.au/view-all-services/remodeling-service" "Mozilla/5.0 (Linux; Android 9; VS996) AppleWebKit/537.36 (KHTML, like Gecko) Chrome/81.0.4044.138 Mobile Safari/537.36"
20.171.207.176 - - [17/Jul/2025:12:23:14 +0000] "GET /search.php?dispute239041878.html HTTP/1.1" 200 85862 "-" "Mozilla/5.0 AppleWebKit/537.36 (KHTML, like Gecko; compatible; GPTBot/1.2; +https://openai.com/gptbot)"
195.176.3.23 - - [17/Jul/2025:12:23:15 +0000] "GET /view-all-services/sewer-cleaning-repair HTTP/1.1" 301 - "https://topflowroofingplumbing.com.au/view-all-services/sewer-cleaning-repair" "Mozilla/5.0 (Linux; Android 9; VS996) AppleWebKit/537.36 (KHTML, like Gecko) Chrome/81.0.4044.138 Mobile Safari/537.36"
20.171.207.176 - - [17/Jul/2025:12:23:15 +0000] "GET /?_bd_prev_page=https%3A%2F%2Ftopflowroofingplumbing.com.au%2Fsuper.py%3Fban282036951.html&_bdsid=wmvk8j.n%7EIGABA.179289870.178487606&_gz=2.195041267.193597919.178427064-866451104.167958109 HTTP/1.1" 301 - "-" "Mozilla/5.0 AppleWebKit/537.36 (KHTML, like Gecko; compatible; GPTBot/1.2; +https://openai.com/gptbot)"
20.171.207.176 - - [17/Jul/2025:12:23:15 +0000] "GET /?_bd_prev_page=https%3A%2F%2Ftopflowroofingplumbing.com.au%2Fsuper.py%3Fban282036951.html&_bdsid=wmvk8j.n~IGABA.179289870.178487606&_gz=2.195041267.193597919.178427064-866451104.167958109 HTTP/1.1" 200 17552 "-" "Mozilla/5.0 AppleWebKit/537.36 (KHTML, like Gecko; compatible; GPTBot/1.2; +https://openai.com/gptbot)"
195.176.3.23 - - [17/Jul/2025:12:23:16 +0000] "GET /view-all-services/sewer-cleaning-repair/ HTTP/1.1" 200 14886 "https://topflowroofingplumbing.com.au/view-all-services/sewer-cleaning-repair" "Mozilla/5.0 (Linux; Android 9; VS996) AppleWebKit/537.36 (KHTML, like Gecko) Chrome/81.0.4044.138 Mobile Safari/537.36"
20.171.207.176 - - [17/Jul/2025:12:23:16 +0000] "GET /search.php?elbow281044096.html HTTP/1.1" 200 85630 "-" "Mozilla/5.0 AppleWebKit/537.36 (KHTML, like Gecko; compatible; GPTBot/1.2; +https://openai.com/gptbot)"
195.176.3.23 - - [17/Jul/2025:12:23:18 +0000] "GET /view-all-services/water-treatment-service HTTP/1.1" 301 - "https://topflowroofingplumbing.com.au/view-all-services/water-treatment-service" "Mozilla/5.0 (Linux; Android 9; VS996) AppleWebKit/537.36 (KHTML, like Gecko) Chrome/81.0.4044.138 Mobile Safari/537.36"
20.171.207.176 - - [17/Jul/2025:12:23:17 +0000] "GET /search.php?nominee274038091.html HTTP/1.1" 200 86703 "-" "Mozilla/5.0 AppleWebKit/537.36 (KHTML, like Gecko; compatible; GPTBot/1.2; +https://openai.com/gptbot)"
209.74.77.214 - - [17/Jul/2025:12:23:19 +0000] "POST /wp-cron.php?doing_wp_cron=1752754999.1032390594482421875000 HTTP/1.1" 403 19328 "-" "WordPress/6.8.1; https://topflowroofingplumbing.com.au"
195.176.3.23 - - [17/Jul/2025:12:23:18 +0000] "GET /view-all-services/water-treatment-service/ HTTP/1.1" 200 14877 "https://topflowroofingplumbing.com.au/view-all-services/water-treatment-service" "Mozilla/5.0 (Linux; Android 9; VS996) AppleWebKit/537.36 (KHTML, like Gecko) Chrome/81.0.4044.138 Mobile Safari/537.36"
20.171.207.176 - - [17/Jul/2025:12:23:19 +0000] "GET /search.php?briefly149005270.html HTTP/1.1" 200 85681 "-" "Mozilla/5.0 AppleWebKit/537.36 (KHTML, like Gecko; compatible; GPTBot/1.2; +https://openai.com/gptbot)"
20.171.207.176 - - [17/Jul/2025:12:23:20 +0000] "GET /search.php?dock239041876.html HTTP/1.1" 200 86456 "-" "Mozilla/5.0 AppleWebKit/537.36 (KHTML, like Gecko; compatible; GPTBot/1.2; +https://openai.com/gptbot)"
195.176.3.23 - - [17/Jul/2025:12:23:20 +0000] "GET /wp-json HTTP/1.1" 200 16612 "https://topflowroofingplumbing.com.au/wp-json" "Mozilla/5.0 (Linux; Android 9; VS996) AppleWebKit/537.36 (KHTML, like Gecko) Chrome/81.0.4044.138 Mobile Safari/537.36"
20.171.207.176 - - [17/Jul/2025:12:23:21 +0000] "GET /search.php?rational156019237.html HTTP/1.1" 200 86055 "-" "Mozilla/5.0 AppleWebKit/537.36 (KHTML, like Gecko; compatible; GPTBot/1.2; +https://openai.com/gptbot)"
195.176.3.23 - - [17/Jul/2025:12:23:22 +0000] "GET /wp-json/oembed/1.0/embed?url=https%3A%2F%2Ftopflowroofingplumbing.com.au%2F HTTP/1.1" 200 1077 "https://topflowroofingplumbing.com.au/wp-json/oembed/1.0/embed?url=https%3A%2F%2Ftopflowroofingplumbing.com.au%2F" "Mozilla/5.0 (Linux; Android 9; VS996) AppleWebKit/537.36 (KHTML, like Gecko) Chrome/81.0.4044.138 Mobile Safari/537.36"
20.171.207.176 - - [17/Jul/2025:12:23:22 +0000] "GET /search.php?cord160049573.html HTTP/1.1" 200 85701 "-" "Mozilla/5.0 AppleWebKit/537.36 (KHTML, like Gecko; compatible; GPTBot/1.2; +https://openai.com/gptbot)"
20.171.207.176 - - [17/Jul/2025:12:23:23 +0000] "GET /search.php?frankly239041878.html HTTP/1.1" 200 85893 "-" "Mozilla/5.0 AppleWebKit/537.36 (KHTML, like Gecko; compatible; GPTBot/1.2; +https://openai.com/gptbot)"
185.220.101.106 - - [17/Jul/2025:12:23:24 +0000] "GET /wp-json/oembed/1.0/embed?url=https%3A%2F%2Ftopflowroofingplumbing.com.au%2F&format=xml HTTP/1.1" 200 1111 "https://topflowroofingplumbing.com.au/wp-json/oembed/1.0/embed?url=https%3A%2F%2Ftopflowroofingplumbing.com.au%2F&format=xml" "Mozilla/5.0 (Linux; Android 9; VS996) AppleWebKit/537.36 (KHTML, like Gecko) Chrome/81.0.4044.138 Mobile Safari/537.36"
20.171.207.176 - - [17/Jul/2025:12:23:25 +0000] "GET /search.php?civilian239041876.html HTTP/1.1" 200 86466 "-" "Mozilla/5.0 AppleWebKit/537.36 (KHTML, like Gecko; compatible; GPTBot/1.2; +https://openai.com/gptbot)"
185.220.101.106 - - [17/Jul/2025:12:23:25 +0000] "GET /wp-json/wp/v2/pages/1312 HTTP/1.1" 200 6701 "https://topflowroofingplumbing.com.au/wp-json/wp/v2/pages/1312" "Mozilla/5.0 (Linux; Android 9; VS996) AppleWebKit/537.36 (KHTML, like Gecko) Chrome/81.0.4044.138 Mobile Safari/537.36"
20.171.207.176 - - [17/Jul/2025:12:23:26 +0000] "GET /search.php?wood239041882.html HTTP/1.1" 200 85790 "-" "Mozilla/5.0 AppleWebKit/537.36 (KHTML, like Gecko; compatible; GPTBot/1.2; +https://openai.com/gptbot)"
185.220.101.106 - - [17/Jul/2025:12:23:26 +0000] "GET /xmlrpc.php?rsd HTTP/1.1" 404 11638 "https://topflowroofingplumbing.com.au/xmlrpc.php?rsd" "Mozilla/5.0 (Linux; Android 9; VS996) AppleWebKit/537.36 (KHTML, like Gecko) Chrome/81.0.4044.138 Mobile Safari/537.36"
20.171.207.176 - - [17/Jul/2025:12:23:27 +0000] "GET /search.php?protein239041878.html HTTP/1.1" 200 85931 "-" "Mozilla/5.0 AppleWebKit/537.36 (KHTML, like Gecko; compatible; GPTBot/1.2; +https://openai.com/gptbot)"
20.171.207.176 - - [17/Jul/2025:12:23:28 +0000] "GET /search.php?inquiry245021580.html HTTP/1.1" 200 84939 "-" "Mozilla/5.0 AppleWebKit/537.36 (KHTML, like Gecko; compatible; GPTBot/1.2; +https://openai.com/gptbot)"
20.171.207.176 - - [17/Jul/2025:12:23:29 +0000] "GET /search.php?uncover124003297.html HTTP/1.1" 200 86087 "-" "Mozilla/5.0 AppleWebKit/537.36 (KHTML, like Gecko; compatible; GPTBot/1.2; +https://openai.com/gptbot)"
20.171.207.176 - - [17/Jul/2025:12:23:30 +0000] "GET /search.php?fork149005270.html HTTP/1.1" 200 85964 "-" "Mozilla/5.0 AppleWebKit/537.36 (KHTML, like Gecko; compatible; GPTBot/1.2; +https://openai.com/gptbot)"
20.171.207.176 - - [17/Jul/2025:12:23:32 +0000] "GET /search.php?decorate239041876.html HTTP/1.1" 200 86938 "-" "Mozilla/5.0 AppleWebKit/537.36 (KHTML, like Gecko; compatible; GPTBot/1.2; +https://openai.com/gptbot)"
20.171.207.176 - - [17/Jul/2025:12:23:33 +0000] "GET /search.php?diplomat239041878.html HTTP/1.1" 200 85932 "-" "Mozilla/5.0 AppleWebKit/537.36 (KHTML, like Gecko; compatible; GPTBot/1.2; +https://openai.com/gptbot)"
20.171.207.176 - - [17/Jul/2025:12:23:34 +0000] "GET /search.php?consensus156019237.html HTTP/1.1" 200 86033 "-" "Mozilla/5.0 AppleWebKit/537.36 (KHTML, like Gecko; compatible; GPTBot/1.2; +https://openai.com/gptbot)"
20.171.207.176 - - [17/Jul/2025:12:23:35 +0000] "GET /search.php?deposit263003294.html HTTP/1.1" 200 85952 "-" "Mozilla/5.0 AppleWebKit/537.36 (KHTML, like Gecko; compatible; GPTBot/1.2; +https://openai.com/gptbot)"
20.171.207.176 - - [17/Jul/2025:12:23:37 +0000] "GET /search.php?anxious274043957.html HTTP/1.1" 200 87380 "-" "Mozilla/5.0 AppleWebKit/537.36 (KHTML, like Gecko; compatible; GPTBot/1.2; +https://openai.com/gptbot)"
20.171.207.176 - - [17/Jul/2025:12:23:38 +0000] "GET /search.php?trim239041876.html HTTP/1.1" 200 86075 "-" "Mozilla/5.0 AppleWebKit/537.36 (KHTML, like Gecko; compatible; GPTBot/1.2; +https://openai.com/gptbot)"
20.171.207.176 - - [17/Jul/2025:12:23:39 +0000] "GET /search.php?enjoy160027561.html HTTP/1.1" 200 86627 "-" "Mozilla/5.0 AppleWebKit/537.36 (KHTML, like Gecko; compatible; GPTBot/1.2; +https://openai.com/gptbot)"
20.171.207.176 - - [17/Jul/2025:12:23:40 +0000] "GET /search.php?virtual239041876.html HTTP/1.1" 200 86561 "-" "Mozilla/5.0 AppleWebKit/537.36 (KHTML, like Gecko; compatible; GPTBot/1.2; +https://openai.com/gptbot)"
20.171.207.176 - - [17/Jul/2025:12:23:41 +0000] "GET /search.php?brave239041878.html HTTP/1.1" 200 85525 "-" "Mozilla/5.0 AppleWebKit/537.36 (KHTML, like Gecko; compatible; GPTBot/1.2; +https://openai.com/gptbot)"
20.171.207.176 - - [17/Jul/2025:12:23:43 +0000] "GET /search.php?educate239041876.html HTTP/1.1" 200 86521 "-" "Mozilla/5.0 AppleWebKit/537.36 (KHTML, like Gecko; compatible; GPTBot/1.2; +https://openai.com/gptbot)"
20.171.207.176 - - [17/Jul/2025:12:23:44 +0000] "GET /search.php?forgive108011429.html HTTP/1.1" 200 85697 "-" "Mozilla/5.0 AppleWebKit/537.36 (KHTML, like Gecko; compatible; GPTBot/1.2; +https://openai.com/gptbot)"
20.171.207.176 - - [17/Jul/2025:12:23:45 +0000] "GET /search.php?allow239041878.html HTTP/1.1" 200 86056 "-" "Mozilla/5.0 AppleWebKit/537.36 (KHTML, like Gecko; compatible; GPTBot/1.2; +https://openai.com/gptbot)"
20.171.207.176 - - [17/Jul/2025:12:23:46 +0000] "GET /search.php?domestic239041876.html HTTP/1.1" 200 86924 "-" "Mozilla/5.0 AppleWebKit/537.36 (KHTML, like Gecko; compatible; GPTBot/1.2; +https://openai.com/gptbot)"
20.171.207.176 - - [17/Jul/2025:12:23:48 +0000] "GET /search.php?sprinkle298017343.html HTTP/1.1" 200 85987 "-" "Mozilla/5.0 AppleWebKit/537.36 (KHTML, like Gecko; compatible; GPTBot/1.2; +https://openai.com/gptbot)"
20.171.207.176 - - [17/Jul/2025:12:23:49 +0000] "GET /search.php?violence178024709.html HTTP/1.1" 200 85165 "-" "Mozilla/5.0 AppleWebKit/537.36 (KHTML, like Gecko; compatible; GPTBot/1.2; +https://openai.com/gptbot)"
20.171.207.176 - - [17/Jul/2025:12:23:50 +0000] "GET /search.php?social262048713.html HTTP/1.1" 200 85721 "-" "Mozilla/5.0 AppleWebKit/537.36 (KHTML, like Gecko; compatible; GPTBot/1.2; +https://openai.com/gptbot)"
20.171.207.176 - - [17/Jul/2025:12:23:52 +0000] "GET /search.php?mountain274019543.html HTTP/1.1" 200 86369 "-" "Mozilla/5.0 AppleWebKit/537.36 (KHTML, like Gecko; compatible; GPTBot/1.2; +https://openai.com/gptbot)"
20.171.207.176 - - [17/Jul/2025:12:23:53 +0000] "GET /search.php?subsidy264034683.html HTTP/1.1" 200 86784 "-" "Mozilla/5.0 AppleWebKit/537.36 (KHTML, like Gecko; compatible; GPTBot/1.2; +https://openai.com/gptbot)"
20.171.207.176 - - [17/Jul/2025:12:23:55 +0000] "GET /search.php?thousand239041878.html HTTP/1.1" 200 85528 "-" "Mozilla/5.0 AppleWebKit/537.36 (KHTML, like Gecko; compatible; GPTBot/1.2; +https://openai.com/gptbot)"
20.171.207.176 - - [17/Jul/2025:12:23:56 +0000] "GET /search.php?dress239041876.html HTTP/1.1" 200 86527 "-" "Mozilla/5.0 AppleWebKit/537.36 (KHTML, like Gecko; compatible; GPTBot/1.2; +https://openai.com/gptbot)"
20.171.207.176 - - [17/Jul/2025:12:23:57 +0000] "GET /search.php?context239041878.html HTTP/1.1" 200 85460 "-" "Mozilla/5.0 AppleWebKit/537.36 (KHTML, like Gecko; compatible; GPTBot/1.2; +https://openai.com/gptbot)"
20.171.207.176 - - [17/Jul/2025:12:23:58 +0000] "GET /search.php?utility239041878.html HTTP/1.1" 200 85939 "-" "Mozilla/5.0 AppleWebKit/537.36 (KHTML, like Gecko; compatible; GPTBot/1.2; +https://openai.com/gptbot)"
20.171.207.176 - - [17/Jul/2025:12:24:00 +0000] "GET /search.php?region239041876.html HTTP/1.1" 200 86985 "-" "Mozilla/5.0 AppleWebKit/537.36 (KHTML, like Gecko; compatible; GPTBot/1.2; +https://openai.com/gptbot)"
20.171.207.176 - - [17/Jul/2025:12:24:01 +0000] "GET /search.php?excited239041878.html HTTP/1.1" 200 86426 "-" "Mozilla/5.0 AppleWebKit/537.36 (KHTML, like Gecko; compatible; GPTBot/1.2; +https://openai.com/gptbot)"
20.171.207.176 - - [17/Jul/2025:12:24:02 +0000] "GET /search.php?fly177043416.html HTTP/1.1" 200 85731 "-" "Mozilla/5.0 AppleWebKit/537.36 (KHTML, like Gecko; compatible; GPTBot/1.2; +https://openai.com/gptbot)"
20.171.207.176 - - [17/Jul/2025:12:24:04 +0000] "GET /search.php?zhHant%2Fproduct%2Fsurugaya%2Fm70270972109%3Fcampaign_uid=f64d716db5e979ed2f947dbaf4296895b951ae7f HTTP/1.1" 200 84951 "-" "Mozilla/5.0 AppleWebKit/537.36 (KHTML, like Gecko; compatible; GPTBot/1.2; +https://openai.com/gptbot)"
20.171.207.176 - - [17/Jul/2025:12:24:05 +0000] "GET /search.php?bind178012769.html HTTP/1.1" 200 86072 "-" "Mozilla/5.0 AppleWebKit/537.36 (KHTML, like Gecko; compatible; GPTBot/1.2; +https://openai.com/gptbot)"
20.171.207.176 - - [17/Jul/2025:12:24:07 +0000] "GET /search.php?regain264034683.html HTTP/1.1" 200 86945 "-" "Mozilla/5.0 AppleWebKit/537.36 (KHTML, like Gecko; compatible; GPTBot/1.2; +https://openai.com/gptbot)"
20.171.207.176 - - [17/Jul/2025:12:24:08 +0000] "GET /search.php?inside239041876.html HTTP/1.1" 200 85928 "-" "Mozilla/5.0 AppleWebKit/537.36 (KHTML, like Gecko; compatible; GPTBot/1.2; +https://openai.com/gptbot)"
20.171.207.176 - - [17/Jul/2025:12:24:09 +0000] "GET /search.php?grab298017343.html HTTP/1.1" 200 86057 "-" "Mozilla/5.0 AppleWebKit/537.36 (KHTML, like Gecko; compatible; GPTBot/1.2; +https://openai.com/gptbot)"
20.171.207.176 - - [17/Jul/2025:12:24:10 +0000] "GET /search.php?booth178024695.html HTTP/1.1" 200 85394 "-" "Mozilla/5.0 AppleWebKit/537.36 (KHTML, like Gecko; compatible; GPTBot/1.2; +https://openai.com/gptbot)"
20.171.207.176 - - [17/Jul/2025:12:24:12 +0000] "GET /search.php?bond265004394.html HTTP/1.1" 200 86166 "-" "Mozilla/5.0 AppleWebKit/537.36 (KHTML, like Gecko; compatible; GPTBot/1.2; +https://openai.com/gptbot)"
20.171.207.176 - - [17/Jul/2025:12:24:13 +0000] "GET /search.php?exactly239041876.html HTTP/1.1" 200 86483 "-" "Mozilla/5.0 AppleWebKit/537.36 (KHTML, like Gecko; compatible; GPTBot/1.2; +https://openai.com/gptbot)"
20.171.207.176 - - [17/Jul/2025:12:24:14 +0000] "GET /search.php?rolling239041882.html HTTP/1.1" 200 85694 "-" "Mozilla/5.0 AppleWebKit/537.36 (KHTML, like Gecko; compatible; GPTBot/1.2; +https://openai.com/gptbot)"
20.171.207.176 - - [17/Jul/2025:12:24:15 +0000] "GET /search.php?illusion239006528.html HTTP/1.1" 200 86778 "-" "Mozilla/5.0 AppleWebKit/537.36 (KHTML, like Gecko; compatible; GPTBot/1.2; +https://openai.com/gptbot)"
20.171.207.176 - - [17/Jul/2025:12:24:16 +0000] "GET /search.php?company153007864.html HTTP/1.1" 200 85597 "-" "Mozilla/5.0 AppleWebKit/537.36 (KHTML, like Gecko; compatible; GPTBot/1.2; +https://openai.com/gptbot)"
20.171.207.176 - - [17/Jul/2025:12:24:17 +0000] "GET /search.php?personal239041876.html HTTP/1.1" 200 86541 "-" "Mozilla/5.0 AppleWebKit/537.36 (KHTML, like Gecko; compatible; GPTBot/1.2; +https://openai.com/gptbot)"
20.171.207.176 - - [17/Jul/2025:12:24:19 +0000] "GET /search.php?bike264035729.html HTTP/1.1" 200 86491 "-" "Mozilla/5.0 AppleWebKit/537.36 (KHTML, like Gecko; compatible; GPTBot/1.2; +https://openai.com/gptbot)"
20.171.207.176 - - [17/Jul/2025:12:24:20 +0000] "GET /search.php?wife264035731.html HTTP/1.1" 200 85502 "-" "Mozilla/5.0 AppleWebKit/537.36 (KHTML, like Gecko; compatible; GPTBot/1.2; +https://openai.com/gptbot)"
20.171.207.176 - - [17/Jul/2025:12:24:21 +0000] "GET /search.php?build239041876.html HTTP/1.1" 200 86579 "-" "Mozilla/5.0 AppleWebKit/537.36 (KHTML, like Gecko; compatible; GPTBot/1.2; +https://openai.com/gptbot)"
20.171.207.176 - - [17/Jul/2025:12:24:22 +0000] "GET /search.php?jaw298017351.html HTTP/1.1" 200 86597 "-" "Mozilla/5.0 AppleWebKit/537.36 (KHTML, like Gecko; compatible; GPTBot/1.2; +https://openai.com/gptbot)"
20.171.207.176 - - [17/Jul/2025:12:24:23 +0000] "GET /search.php?fraud178024695.html HTTP/1.1" 200 85411 "-" "Mozilla/5.0 AppleWebKit/537.36 (KHTML, like Gecko; compatible; GPTBot/1.2; +https://openai.com/gptbot)"
20.171.207.176 - - [17/Jul/2025:12:24:25 +0000] "GET /search.php?alien298017343.html HTTP/1.1" 200 85954 "-" "Mozilla/5.0 AppleWebKit/537.36 (KHTML, like Gecko; compatible; GPTBot/1.2; +https://openai.com/gptbot)"
20.171.207.176 - - [17/Jul/2025:12:24:27 +0000] "GET /search.php?industry239041880.html HTTP/1.1" 200 85883 "-" "Mozilla/5.0 AppleWebKit/537.36 (KHTML, like Gecko; compatible; GPTBot/1.2; +https://openai.com/gptbot)"
20.171.207.176 - - [17/Jul/2025:12:24:28 +0000] "GET /search.php?million153029378.html HTTP/1.1" 200 85882 "-" "Mozilla/5.0 AppleWebKit/537.36 (KHTML, like Gecko; compatible; GPTBot/1.2; +https://openai.com/gptbot)"
20.171.207.176 - - [17/Jul/2025:12:24:29 +0000] "GET /search.php?failure239041878.html HTTP/1.1" 200 86514 "-" "Mozilla/5.0 AppleWebKit/537.36 (KHTML, like Gecko; compatible; GPTBot/1.2; +https://openai.com/gptbot)"
20.171.207.176 - - [17/Jul/2025:12:24:30 +0000] "GET /search.php?function025046360.html HTTP/1.1" 200 86134 "-" "Mozilla/5.0 AppleWebKit/537.36 (KHTML, like Gecko; compatible; GPTBot/1.2; +https://openai.com/gptbot)"
20.171.207.176 - - [17/Jul/2025:12:24:31 +0000] "GET /search.php?round264028653.html HTTP/1.1" 200 86294 "-" "Mozilla/5.0 AppleWebKit/537.36 (KHTML, like Gecko; compatible; GPTBot/1.2; +https://openai.com/gptbot)"
20.171.207.176 - - [17/Jul/2025:12:24:33 +0000] "GET /search.php?improved264035729.html HTTP/1.1" 200 86373 "-" "Mozilla/5.0 AppleWebKit/537.36 (KHTML, like Gecko; compatible; GPTBot/1.2; +https://openai.com/gptbot)"
20.171.207.176 - - [17/Jul/2025:12:24:35 +0000] "GET /search.php?sustain264033195.html HTTP/1.1" 200 86665 "-" "Mozilla/5.0 AppleWebKit/537.36 (KHTML, like Gecko; compatible; GPTBot/1.2; +https://openai.com/gptbot)"
20.171.207.176 - - [17/Jul/2025:12:24:36 +0000] "GET /search.php?outfit187045486.html HTTP/1.1" 200 86590 "-" "Mozilla/5.0 AppleWebKit/537.36 (KHTML, like Gecko; compatible; GPTBot/1.2; +https://openai.com/gptbot)"
20.171.207.176 - - [17/Jul/2025:12:24:37 +0000] "GET /search.php?parking178024695.html HTTP/1.1" 200 85913 "-" "Mozilla/5.0 AppleWebKit/537.36 (KHTML, like Gecko; compatible; GPTBot/1.2; +https://openai.com/gptbot)"
20.171.207.176 - - [17/Jul/2025:12:24:39 +0000] "GET /search.php?anxiety239007812.html HTTP/1.1" 200 85835 "-" "Mozilla/5.0 AppleWebKit/537.36 (KHTML, like Gecko; compatible; GPTBot/1.2; +https://openai.com/gptbot)"
20.171.207.176 - - [17/Jul/2025:12:24:40 +0000] "GET /search.php?generous239006528.html HTTP/1.1" 200 86259 "-" "Mozilla/5.0 AppleWebKit/537.36 (KHTML, like Gecko; compatible; GPTBot/1.2; +https://openai.com/gptbot)"
20.171.207.176 - - [17/Jul/2025:12:24:42 +0000] "GET /search.php?tower153029378.html HTTP/1.1" 200 86320 "-" "Mozilla/5.0 AppleWebKit/537.36 (KHTML, like Gecko; compatible; GPTBot/1.2; +https://openai.com/gptbot)"
20.171.207.176 - - [17/Jul/2025:12:24:43 +0000] "GET /search.php?usual239041876.html HTTP/1.1" 200 86211 "-" "Mozilla/5.0 AppleWebKit/537.36 (KHTML, like Gecko; compatible; GPTBot/1.2; +https://openai.com/gptbot)"
20.171.207.176 - - [17/Jul/2025:12:24:44 +0000] "GET /search.php?fortune239041876.html HTTP/1.1" 200 86578 "-" "Mozilla/5.0 AppleWebKit/537.36 (KHTML, like Gecko; compatible; GPTBot/1.2; +https://openai.com/gptbot)"
20.171.207.176 - - [17/Jul/2025:12:24:45 +0000] "GET /search.php?uncover297038110.html HTTP/1.1" 200 86710 "-" "Mozilla/5.0 AppleWebKit/537.36 (KHTML, like Gecko; compatible; GPTBot/1.2; +https://openai.com/gptbot)"
20.171.207.176 - - [17/Jul/2025:12:24:46 +0000] "GET /search.php?command156024083.html HTTP/1.1" 200 86644 "-" "Mozilla/5.0 AppleWebKit/537.36 (KHTML, like Gecko; compatible; GPTBot/1.2; +https://openai.com/gptbot)"
20.171.207.176 - - [17/Jul/2025:12:24:48 +0000] "GET /search.php?suppose264033195.html HTTP/1.1" 200 86550 "-" "Mozilla/5.0 AppleWebKit/537.36 (KHTML, like Gecko; compatible; GPTBot/1.2; +https://openai.com/gptbot)"
20.171.207.176 - - [17/Jul/2025:12:24:49 +0000] "GET /search.php?product/edit/m75922191645 HTTP/1.1" 200 85713 "-" "Mozilla/5.0 AppleWebKit/537.36 (KHTML, like Gecko; compatible; GPTBot/1.2; +https://openai.com/gptbot)"
20.171.207.176 - - [17/Jul/2025:12:24:50 +0000] "GET /search.php?fully264028653.html HTTP/1.1" 200 86319 "-" "Mozilla/5.0 AppleWebKit/537.36 (KHTML, like Gecko; compatible; GPTBot/1.2; +https://openai.com/gptbot)"
20.171.207.176 - - [17/Jul/2025:12:24:52 +0000] "GET /search.php?proud300037953.html HTTP/1.1" 200 85860 "-" "Mozilla/5.0 AppleWebKit/537.36 (KHTML, like Gecko; compatible; GPTBot/1.2; +https://openai.com/gptbot)"
20.171.207.176 - - [17/Jul/2025:12:24:53 +0000] "GET /search.php?l=6987&product%2FZ171%3Fs=search HTTP/1.1" 200 86581 "-" "Mozilla/5.0 AppleWebKit/537.36 (KHTML, like Gecko; compatible; GPTBot/1.2; +https://openai.com/gptbot)"
20.171.207.176 - - [17/Jul/2025:12:24:54 +0000] "GET /search.php?playoff239041878.html HTTP/1.1" 200 85844 "-" "Mozilla/5.0 AppleWebKit/537.36 (KHTML, like Gecko; compatible; GPTBot/1.2; +https://openai.com/gptbot)"
20.171.207.176 - - [17/Jul/2025:12:24:55 +0000] "GET /search.php?horizon239041878.html HTTP/1.1" 200 85883 "-" "Mozilla/5.0 AppleWebKit/537.36 (KHTML, like Gecko; compatible; GPTBot/1.2; +https://openai.com/gptbot)"
20.171.207.176 - - [17/Jul/2025:12:24:56 +0000] "GET /search.php?constant239041876.html HTTP/1.1" 200 86476 "-" "Mozilla/5.0 AppleWebKit/537.36 (KHTML, like Gecko; compatible; GPTBot/1.2; +https://openai.com/gptbot)"
20.171.207.176 - - [17/Jul/2025:12:24:58 +0000] "GET /search.php?constant239041876.html HTTP/1.1" 200 86925 "-" "Mozilla/5.0 AppleWebKit/537.36 (KHTML, like Gecko; compatible; GPTBot/1.2; +https://openai.com/gptbot)"
20.171.207.176 - - [17/Jul/2025:12:24:59 +0000] "GET /search.php?network253038148.html HTTP/1.1" 200 85922 "-" "Mozilla/5.0 AppleWebKit/537.36 (KHTML, like Gecko; compatible; GPTBot/1.2; +https://openai.com/gptbot)"
20.171.207.176 - - [17/Jul/2025:12:25:00 +0000] "GET /search.php?accident239041878.html HTTP/1.1" 200 85956 "-" "Mozilla/5.0 AppleWebKit/537.36 (KHTML, like Gecko; compatible; GPTBot/1.2; +https://openai.com/gptbot)"
20.171.207.176 - - [17/Jul/2025:12:25:01 +0000] "GET /search.php?eligible239041876.html HTTP/1.1" 200 86438 "-" "Mozilla/5.0 AppleWebKit/537.36 (KHTML, like Gecko; compatible; GPTBot/1.2; +https://openai.com/gptbot)"
20.171.207.176 - - [17/Jul/2025:12:25:02 +0000] "GET /search.php?contend239041878.html HTTP/1.1" 200 85860 "-" "Mozilla/5.0 AppleWebKit/537.36 (KHTML, like Gecko; compatible; GPTBot/1.2; +https://openai.com/gptbot)"
20.171.207.176 - - [17/Jul/2025:12:25:03 +0000] "GET /search.php?convict239041882.html HTTP/1.1" 200 85824 "-" "Mozilla/5.0 AppleWebKit/537.36 (KHTML, like Gecko; compatible; GPTBot/1.2; +https://openai.com/gptbot)"
20.171.207.176 - - [17/Jul/2025:12:25:05 +0000] "GET /search.php?listener239041876.html HTTP/1.1" 200 86366 "-" "Mozilla/5.0 AppleWebKit/537.36 (KHTML, like Gecko; compatible; GPTBot/1.2; +https://openai.com/gptbot)"
20.171.207.176 - - [17/Jul/2025:12:25:06 +0000] "GET /search.php?sunny239041878.html HTTP/1.1" 200 86048 "-" "Mozilla/5.0 AppleWebKit/537.36 (KHTML, like Gecko; compatible; GPTBot/1.2; +https://openai.com/gptbot)"
20.171.207.176 - - [17/Jul/2025:12:25:07 +0000] "GET /search.php?witness173048516.html HTTP/1.1" 200 85954 "-" "Mozilla/5.0 AppleWebKit/537.36 (KHTML, like Gecko; compatible; GPTBot/1.2; +https://openai.com/gptbot)"
20.171.207.176 - - [17/Jul/2025:12:25:08 +0000] "GET /search.php?snow239041882.html HTTP/1.1" 200 85868 "-" "Mozilla/5.0 AppleWebKit/537.36 (KHTML, like Gecko; compatible; GPTBot/1.2; +https://openai.com/gptbot)"
20.171.207.176 - - [17/Jul/2025:12:25:09 +0000] "GET /search.php?draft239041878.html HTTP/1.1" 200 85942 "-" "Mozilla/5.0 AppleWebKit/537.36 (KHTML, like Gecko; compatible; GPTBot/1.2; +https://openai.com/gptbot)"
20.171.207.176 - - [17/Jul/2025:12:25:10 +0000] "GET /search.php?wing239041878.html HTTP/1.1" 200 85833 "-" "Mozilla/5.0 AppleWebKit/537.36 (KHTML, like Gecko; compatible; GPTBot/1.2; +https://openai.com/gptbot)"
20.171.207.176 - - [17/Jul/2025:12:25:12 +0000] "GET /search.php?gravity239041882.html HTTP/1.1" 200 85857 "-" "Mozilla/5.0 AppleWebKit/537.36 (KHTML, like Gecko; compatible; GPTBot/1.2; +https://openai.com/gptbot)"
20.171.207.176 - - [17/Jul/2025:12:25:13 +0000] "GET /search.php?urge239041876.html HTTP/1.1" 200 86918 "-" "Mozilla/5.0 AppleWebKit/537.36 (KHTML, like Gecko; compatible; GPTBot/1.2; +https://openai.com/gptbot)"
20.171.207.176 - - [17/Jul/2025:12:25:14 +0000] "GET /search.php?feel239041876.html HTTP/1.1" 200 86133 "-" "Mozilla/5.0 AppleWebKit/537.36 (KHTML, like Gecko; compatible; GPTBot/1.2; +https://openai.com/gptbot)"
20.171.207.176 - - [17/Jul/2025:12:25:15 +0000] "GET /search.php?warning239041878.html HTTP/1.1" 200 85903 "-" "Mozilla/5.0 AppleWebKit/537.36 (KHTML, like Gecko; compatible; GPTBot/1.2; +https://openai.com/gptbot)"
20.171.207.176 - - [17/Jul/2025:12:25:16 +0000] "GET /search.php?judge239007812.html HTTP/1.1" 200 85916 "-" "Mozilla/5.0 AppleWebKit/537.36 (KHTML, like Gecko; compatible; GPTBot/1.2; +https://openai.com/gptbot)"
20.171.207.176 - - [17/Jul/2025:12:25:17 +0000] "GET /search.php?put239041876.html HTTP/1.1" 200 86550 "-" "Mozilla/5.0 AppleWebKit/537.36 (KHTML, like Gecko; compatible; GPTBot/1.2; +https://openai.com/gptbot)"
20.171.207.176 - - [17/Jul/2025:12:25:19 +0000] "GET /search.php?but239041876.html HTTP/1.1" 200 86565 "-" "Mozilla/5.0 AppleWebKit/537.36 (KHTML, like Gecko; compatible; GPTBot/1.2; +https://openai.com/gptbot)"
20.171.207.176 - - [17/Jul/2025:12:25:20 +0000] "GET /search.php?burn239007812.html HTTP/1.1" 200 85842 "-" "Mozilla/5.0 AppleWebKit/537.36 (KHTML, like Gecko; compatible; GPTBot/1.2; +https://openai.com/gptbot)"
20.171.207.176 - - [17/Jul/2025:12:25:21 +0000] "GET /search.php?lost239041876.html HTTP/1.1" 200 86445 "-" "Mozilla/5.0 AppleWebKit/537.36 (KHTML, like Gecko; compatible; GPTBot/1.2; +https://openai.com/gptbot)"
20.171.207.176 - - [17/Jul/2025:12:25:22 +0000] "GET /search.php?oversee239041878.html HTTP/1.1" 200 86567 "-" "Mozilla/5.0 AppleWebKit/537.36 (KHTML, like Gecko; compatible; GPTBot/1.2; +https://openai.com/gptbot)"
20.171.207.176 - - [17/Jul/2025:12:25:23 +0000] "GET /search.php?voting239006528.html HTTP/1.1" 200 86196 "-" "Mozilla/5.0 AppleWebKit/537.36 (KHTML, like Gecko; compatible; GPTBot/1.2; +https://openai.com/gptbot)"
20.171.207.176 - - [17/Jul/2025:12:25:24 +0000] "GET /search.php?aside239041876.html HTTP/1.1" 200 85916 "-" "Mozilla/5.0 AppleWebKit/537.36 (KHTML, like Gecko; compatible; GPTBot/1.2; +https://openai.com/gptbot)"
