20.171.207.176 - - [17/Jul/2025:12:17:47 +0000] "GET /search.php?bend239006528.html HTTP/1.1" 200 86355 "-" "Mozilla/5.0 AppleWebKit/537.36 (KHTML, like Gecko; compatible; GPTBot/1.2; +https://openai.com/gptbot)"
20.171.207.176 - - [17/Jul/2025:12:17:48 +0000] "GET /search.php?beyond239041876.html HTTP/1.1" 200 86466 "-" "Mozilla/5.0 AppleWebKit/537.36 (KHTML, like Gecko; compatible; GPTBot/1.2; +https://openai.com/gptbot)"
20.171.207.176 - - [17/Jul/2025:12:17:49 +0000] "GET /search.php?foot298017341.html HTTP/1.1" 200 85672 "-" "Mozilla/5.0 AppleWebKit/537.36 (KHTML, like Gecko; compatible; GPTBot/1.2; +https://openai.com/gptbot)"
20.171.207.176 - - [17/Jul/2025:12:17:51 +0000] "GET /search.php?foot298017341.html HTTP/1.1" 200 85591 "-" "Mozilla/5.0 AppleWebKit/537.36 (KHTML, like Gecko; compatible; GPTBot/1.2; +https://openai.com/gptbot)"
20.171.207.176 - - [17/Jul/2025:12:17:52 +0000] "GET /search.php?symbolic239041876.html HTTP/1.1" 200 86493 "-" "Mozilla/5.0 AppleWebKit/537.36 (KHTML, like Gecko; compatible; GPTBot/1.2; +https://openai.com/gptbot)"
20.171.207.176 - - [17/Jul/2025:12:17:53 +0000] "GET /search.php?funeral298017351.html HTTP/1.1" 200 86051 "-" "Mozilla/5.0 AppleWebKit/537.36 (KHTML, like Gecko; compatible; GPTBot/1.2; +https://openai.com/gptbot)"
20.171.207.176 - - [17/Jul/2025:12:17:54 +0000] "GET /search.php?advocate239041878.html HTTP/1.1" 200 85839 "-" "Mozilla/5.0 AppleWebKit/537.36 (KHTML, like Gecko; compatible; GPTBot/1.2; +https://openai.com/gptbot)"
20.171.207.176 - - [17/Jul/2025:12:17:55 +0000] "GET /search.php?destroy239041878.html HTTP/1.1" 200 85897 "-" "Mozilla/5.0 AppleWebKit/537.36 (KHTML, like Gecko; compatible; GPTBot/1.2; +https://openai.com/gptbot)"
20.171.207.176 - - [17/Jul/2025:12:17:56 +0000] "GET /search.php?soldier239041878.html HTTP/1.1" 200 85864 "-" "Mozilla/5.0 AppleWebKit/537.36 (KHTML, like Gecko; compatible; GPTBot/1.2; +https://openai.com/gptbot)"
20.171.207.176 - - [17/Jul/2025:12:17:57 +0000] "GET /search.php?cab239041876.html HTTP/1.1" 200 85909 "-" "Mozilla/5.0 AppleWebKit/537.36 (KHTML, like Gecko; compatible; GPTBot/1.2; +https://openai.com/gptbot)"
20.171.207.176 - - [17/Jul/2025:12:17:59 +0000] "GET /search.php?weed239041878.html HTTP/1.1" 200 85919 "-" "Mozilla/5.0 AppleWebKit/537.36 (KHTML, like Gecko; compatible; GPTBot/1.2; +https://openai.com/gptbot)"
20.171.207.176 - - [17/Jul/2025:12:18:00 +0000] "GET /search.php?beyond239041876.html HTTP/1.1" 200 86394 "-" "Mozilla/5.0 AppleWebKit/537.36 (KHTML, like Gecko; compatible; GPTBot/1.2; +https://openai.com/gptbot)"
20.171.207.176 - - [17/Jul/2025:12:18:01 +0000] "GET /search.php?only239007812.html HTTP/1.1" 200 85814 "-" "Mozilla/5.0 AppleWebKit/537.36 (KHTML, like Gecko; compatible; GPTBot/1.2; +https://openai.com/gptbot)"
20.171.207.176 - - [17/Jul/2025:12:18:02 +0000] "GET /search.php?dignity298044783.html HTTP/1.1" 200 86401 "-" "Mozilla/5.0 AppleWebKit/537.36 (KHTML, like Gecko; compatible; GPTBot/1.2; +https://openai.com/gptbot)"
20.171.207.176 - - [17/Jul/2025:12:18:03 +0000] "GET /search.php?ring239041882.html HTTP/1.1" 200 86394 "-" "Mozilla/5.0 AppleWebKit/537.36 (KHTML, like Gecko; compatible; GPTBot/1.2; +https://openai.com/gptbot)"
20.171.207.176 - - [17/Jul/2025:12:18:05 +0000] "GET /search.php?flash239041876.html HTTP/1.1" 200 86516 "-" "Mozilla/5.0 AppleWebKit/537.36 (KHTML, like Gecko; compatible; GPTBot/1.2; +https://openai.com/gptbot)"
20.171.207.176 - - [17/Jul/2025:12:18:06 +0000] "GET /search.php?sexy239041876.html HTTP/1.1" 200 86435 "-" "Mozilla/5.0 AppleWebKit/537.36 (KHTML, like Gecko; compatible; GPTBot/1.2; +https://openai.com/gptbot)"
20.171.207.176 - - [17/Jul/2025:12:18:07 +0000] "GET /search.php?edge239041878.html HTTP/1.1" 200 85899 "-" "Mozilla/5.0 AppleWebKit/537.36 (KHTML, like Gecko; compatible; GPTBot/1.2; +https://openai.com/gptbot)"
20.171.207.176 - - [17/Jul/2025:12:18:08 +0000] "GET /search.php?ribbon239041878.html HTTP/1.1" 200 85877 "-" "Mozilla/5.0 AppleWebKit/537.36 (KHTML, like Gecko; compatible; GPTBot/1.2; +https://openai.com/gptbot)"
20.171.207.176 - - [17/Jul/2025:12:18:09 +0000] "GET /search.php?surgeon239006528.html HTTP/1.1" 200 86231 "-" "Mozilla/5.0 AppleWebKit/537.36 (KHTML, like Gecko; compatible; GPTBot/1.2; +https://openai.com/gptbot)"
20.171.207.176 - - [17/Jul/2025:12:18:10 +0000] "GET /search.php?administration298017341.html HTTP/1.1" 200 85473 "-" "Mozilla/5.0 AppleWebKit/537.36 (KHTML, like Gecko; compatible; GPTBot/1.2; +https://openai.com/gptbot)"
20.171.207.176 - - [17/Jul/2025:12:18:12 +0000] "GET /search.php?visual239041876.html HTTP/1.1" 200 85953 "-" "Mozilla/5.0 AppleWebKit/537.36 (KHTML, like Gecko; compatible; GPTBot/1.2; +https://openai.com/gptbot)"
20.171.207.176 - - [17/Jul/2025:12:18:13 +0000] "GET /search.php?unfold239041878.html HTTP/1.1" 200 86123 "-" "Mozilla/5.0 AppleWebKit/537.36 (KHTML, like Gecko; compatible; GPTBot/1.2; +https://openai.com/gptbot)"
20.171.207.176 - - [17/Jul/2025:12:18:14 +0000] "GET /search.php?clerk239041876.html HTTP/1.1" 200 86397 "-" "Mozilla/5.0 AppleWebKit/537.36 (KHTML, like Gecko; compatible; GPTBot/1.2; +https://openai.com/gptbot)"
20.171.207.176 - - [17/Jul/2025:12:18:15 +0000] "GET /search.php?beach111022496.html HTTP/1.1" 200 86107 "-" "Mozilla/5.0 AppleWebKit/537.36 (KHTML, like Gecko; compatible; GPTBot/1.2; +https://openai.com/gptbot)"
20.171.207.176 - - [17/Jul/2025:12:18:17 +0000] "GET /search.php?study239041876.html HTTP/1.1" 200 86513 "-" "Mozilla/5.0 AppleWebKit/537.36 (KHTML, like Gecko; compatible; GPTBot/1.2; +https://openai.com/gptbot)"
20.171.207.176 - - [17/Jul/2025:12:18:18 +0000] "GET /search.php?mixture157004862.html HTTP/1.1" 200 86830 "-" "Mozilla/5.0 AppleWebKit/537.36 (KHTML, like Gecko; compatible; GPTBot/1.2; +https://openai.com/gptbot)"
20.171.207.176 - - [17/Jul/2025:12:18:19 +0000] "GET /search.php?acquire239041878.html HTTP/1.1" 200 86408 "-" "Mozilla/5.0 AppleWebKit/537.36 (KHTML, like Gecko; compatible; GPTBot/1.2; +https://openai.com/gptbot)"
20.171.207.176 - - [17/Jul/2025:12:18:20 +0000] "GET /search.php?investor056037495.html HTTP/1.1" 200 86089 "-" "Mozilla/5.0 AppleWebKit/537.36 (KHTML, like Gecko; compatible; GPTBot/1.2; +https://openai.com/gptbot)"
20.171.207.176 - - [17/Jul/2025:12:18:22 +0000] "GET /search.php?l=8056&product%2FR180%3Fa=search HTTP/1.1" 200 85580 "-" "Mozilla/5.0 AppleWebKit/537.36 (KHTML, like Gecko; compatible; GPTBot/1.2; +https://openai.com/gptbot)"
20.171.207.176 - - [17/Jul/2025:12:18:23 +0000] "GET /search.php?towel298017341.html HTTP/1.1" 200 85522 "-" "Mozilla/5.0 AppleWebKit/537.36 (KHTML, like Gecko; compatible; GPTBot/1.2; +https://openai.com/gptbot)"
20.171.207.176 - - [17/Jul/2025:12:18:24 +0000] "GET /search.php?find205047854.html HTTP/1.1" 200 85717 "-" "Mozilla/5.0 AppleWebKit/537.36 (KHTML, like Gecko; compatible; GPTBot/1.2; +https://openai.com/gptbot)"
20.171.207.176 - - [17/Jul/2025:12:18:25 +0000] "GET /search.php?auction238005189.html HTTP/1.1" 200 84920 "-" "Mozilla/5.0 AppleWebKit/537.36 (KHTML, like Gecko; compatible; GPTBot/1.2; +https://openai.com/gptbot)"
20.171.207.176 - - [17/Jul/2025:12:18:27 +0000] "GET /search.php?poverty239041876.html HTTP/1.1" 200 86522 "-" "Mozilla/5.0 AppleWebKit/537.36 (KHTML, like Gecko; compatible; GPTBot/1.2; +https://openai.com/gptbot)"
20.171.207.176 - - [17/Jul/2025:12:18:28 +0000] "GET /search.php?cottage239041876.html HTTP/1.1" 200 86451 "-" "Mozilla/5.0 AppleWebKit/537.36 (KHTML, like Gecko; compatible; GPTBot/1.2; +https://openai.com/gptbot)"
20.171.207.176 - - [17/Jul/2025:12:18:29 +0000] "GET /search.php?nothing239041876.html HTTP/1.1" 200 86096 "-" "Mozilla/5.0 AppleWebKit/537.36 (KHTML, like Gecko; compatible; GPTBot/1.2; +https://openai.com/gptbot)"
20.171.207.176 - - [17/Jul/2025:12:18:30 +0000] "GET /search.php?box239041880.html HTTP/1.1" 200 86292 "-" "Mozilla/5.0 AppleWebKit/537.36 (KHTML, like Gecko; compatible; GPTBot/1.2; +https://openai.com/gptbot)"
20.171.207.176 - - [17/Jul/2025:12:18:31 +0000] "GET /search.php?save239041876.html HTTP/1.1" 200 86546 "-" "Mozilla/5.0 AppleWebKit/537.36 (KHTML, like Gecko; compatible; GPTBot/1.2; +https://openai.com/gptbot)"
20.171.207.176 - - [17/Jul/2025:12:18:32 +0000] "GET /search.php?l=15689&product%2FD1%3Fq=search HTTP/1.1" 200 86325 "-" "Mozilla/5.0 AppleWebKit/537.36 (KHTML, like Gecko; compatible; GPTBot/1.2; +https://openai.com/gptbot)"
20.171.207.176 - - [17/Jul/2025:12:18:33 +0000] "GET /search.php?nervous239007812.html HTTP/1.1" 200 85936 "-" "Mozilla/5.0 AppleWebKit/537.36 (KHTML, like Gecko; compatible; GPTBot/1.2; +https://openai.com/gptbot)"
20.171.207.176 - - [17/Jul/2025:12:18:35 +0000] "GET /search.php?walk129021236.html HTTP/1.1" 200 85594 "-" "Mozilla/5.0 AppleWebKit/537.36 (KHTML, like Gecko; compatible; GPTBot/1.2; +https://openai.com/gptbot)"
20.171.207.176 - - [17/Jul/2025:12:18:36 +0000] "GET /?_bd_prev_page=https%3A%2F%2Ftopflowroofingplumbing.com.au%2Fsuper.py%3Ftrim205032152.html&_bdsid=wmvk8j.n%7EIGABA.179289870.178487606&_gz=2.195041267.193597919.178427064-866451104.167958109 HTTP/1.1" 301 - "-" "Mozilla/5.0 AppleWebKit/537.36 (KHTML, like Gecko; compatible; GPTBot/1.2; +https://openai.com/gptbot)"
20.171.207.176 - - [17/Jul/2025:12:18:36 +0000] "GET /?_bd_prev_page=https%3A%2F%2Ftopflowroofingplumbing.com.au%2Fsuper.py%3Ftrim205032152.html&_bdsid=wmvk8j.n~IGABA.179289870.178487606&_gz=2.195041267.193597919.178427064-866451104.167958109 HTTP/1.1" 200 17552 "-" "Mozilla/5.0 AppleWebKit/537.36 (KHTML, like Gecko; compatible; GPTBot/1.2; +https://openai.com/gptbot)"
20.171.207.176 - - [17/Jul/2025:12:18:37 +0000] "GET /search.php?publicly239041878.html HTTP/1.1" 200 86015 "-" "Mozilla/5.0 AppleWebKit/537.36 (KHTML, like Gecko; compatible; GPTBot/1.2; +https://openai.com/gptbot)"
20.171.207.176 - - [17/Jul/2025:12:18:38 +0000] "GET /search.php?busy239041882.html HTTP/1.1" 200 85808 "-" "Mozilla/5.0 AppleWebKit/537.36 (KHTML, like Gecko; compatible; GPTBot/1.2; +https://openai.com/gptbot)"
20.171.207.176 - - [17/Jul/2025:12:18:39 +0000] "GET /search.php?lion239041878.html HTTP/1.1" 200 85882 "-" "Mozilla/5.0 AppleWebKit/537.36 (KHTML, like Gecko; compatible; GPTBot/1.2; +https://openai.com/gptbot)"
20.171.207.176 - - [17/Jul/2025:12:18:41 +0000] "GET /search.php?golf239041876.html HTTP/1.1" 200 86383 "-" "Mozilla/5.0 AppleWebKit/537.36 (KHTML, like Gecko; compatible; GPTBot/1.2; +https://openai.com/gptbot)"
20.171.207.176 - - [17/Jul/2025:12:18:42 +0000] "GET /search.php?neighboring239041880.html HTTP/1.1" 200 86365 "-" "Mozilla/5.0 AppleWebKit/537.36 (KHTML, like Gecko; compatible; GPTBot/1.2; +https://openai.com/gptbot)"
20.171.207.176 - - [17/Jul/2025:12:18:43 +0000] "GET /search.php?join239041876.html HTTP/1.1" 200 86453 "-" "Mozilla/5.0 AppleWebKit/537.36 (KHTML, like Gecko; compatible; GPTBot/1.2; +https://openai.com/gptbot)"
20.171.207.176 - - [17/Jul/2025:12:18:44 +0000] "GET /search.php?residential239041876.html HTTP/1.1" 200 86953 "-" "Mozilla/5.0 AppleWebKit/537.36 (KHTML, like Gecko; compatible; GPTBot/1.2; +https://openai.com/gptbot)"
20.171.207.176 - - [17/Jul/2025:12:18:45 +0000] "GET /search.php?boy239041878.html HTTP/1.1" 200 85968 "-" "Mozilla/5.0 AppleWebKit/537.36 (KHTML, like Gecko; compatible; GPTBot/1.2; +https://openai.com/gptbot)"
20.171.207.176 - - [17/Jul/2025:12:18:46 +0000] "GET /search.php?clip239041876.html HTTP/1.1" 200 86555 "-" "Mozilla/5.0 AppleWebKit/537.36 (KHTML, like Gecko; compatible; GPTBot/1.2; +https://openai.com/gptbot)"
20.171.207.176 - - [17/Jul/2025:12:18:48 +0000] "GET /search.php?swing238006027.html HTTP/1.1" 200 85592 "-" "Mozilla/5.0 AppleWebKit/537.36 (KHTML, like Gecko; compatible; GPTBot/1.2; +https://openai.com/gptbot)"
20.171.207.176 - - [17/Jul/2025:12:18:49 +0000] "GET /search.php?him239041882.html HTTP/1.1" 200 85834 "-" "Mozilla/5.0 AppleWebKit/537.36 (KHTML, like Gecko; compatible; GPTBot/1.2; +https://openai.com/gptbot)"
20.171.207.176 - - [17/Jul/2025:12:18:50 +0000] "GET /search.php?bid239007812.html HTTP/1.1" 200 85854 "-" "Mozilla/5.0 AppleWebKit/537.36 (KHTML, like Gecko; compatible; GPTBot/1.2; +https://openai.com/gptbot)"
20.171.207.176 - - [17/Jul/2025:12:18:51 +0000] "GET /search.php?lead239041882.html HTTP/1.1" 200 85697 "-" "Mozilla/5.0 AppleWebKit/537.36 (KHTML, like Gecko; compatible; GPTBot/1.2; +https://openai.com/gptbot)"
20.171.207.176 - - [17/Jul/2025:12:18:52 +0000] "GET /search.php?journey095021338.html HTTP/1.1" 200 85286 "-" "Mozilla/5.0 AppleWebKit/537.36 (KHTML, like Gecko; compatible; GPTBot/1.2; +https://openai.com/gptbot)"
20.171.207.176 - - [17/Jul/2025:12:18:53 +0000] "GET /search.php?me239041876.html HTTP/1.1" 200 86575 "-" "Mozilla/5.0 AppleWebKit/537.36 (KHTML, like Gecko; compatible; GPTBot/1.2; +https://openai.com/gptbot)"
20.171.207.176 - - [17/Jul/2025:12:18:55 +0000] "GET /search.php?influential239041880.html HTTP/1.1" 200 86316 "-" "Mozilla/5.0 AppleWebKit/537.36 (KHTML, like Gecko; compatible; GPTBot/1.2; +https://openai.com/gptbot)"
20.171.207.176 - - [17/Jul/2025:12:18:56 +0000] "GET /search.php?lung238005189.html HTTP/1.1" 200 85397 "-" "Mozilla/5.0 AppleWebKit/537.36 (KHTML, like Gecko; compatible; GPTBot/1.2; +https://openai.com/gptbot)"
20.171.207.176 - - [17/Jul/2025:12:18:57 +0000] "GET /search.php?seven239041876.html HTTP/1.1" 200 86477 "-" "Mozilla/5.0 AppleWebKit/537.36 (KHTML, like Gecko; compatible; GPTBot/1.2; +https://openai.com/gptbot)"
20.171.207.176 - - [17/Jul/2025:12:18:58 +0000] "GET /search.php?wage203047448.html HTTP/1.1" 200 85411 "-" "Mozilla/5.0 AppleWebKit/537.36 (KHTML, like Gecko; compatible; GPTBot/1.2; +https://openai.com/gptbot)"
20.171.207.176 - - [17/Jul/2025:12:19:00 +0000] "GET /search.php?ready239041876.html HTTP/1.1" 200 86429 "-" "Mozilla/5.0 AppleWebKit/537.36 (KHTML, like Gecko; compatible; GPTBot/1.2; +https://openai.com/gptbot)"
20.171.207.176 - - [17/Jul/2025:12:19:01 +0000] "GET /search.php?longtime239041878.html HTTP/1.1" 200 85541 "-" "Mozilla/5.0 AppleWebKit/537.36 (KHTML, like Gecko; compatible; GPTBot/1.2; +https://openai.com/gptbot)"
20.171.207.176 - - [17/Jul/2025:12:19:02 +0000] "GET /search.php?fame239041876.html HTTP/1.1" 200 86485 "-" "Mozilla/5.0 AppleWebKit/537.36 (KHTML, like Gecko; compatible; GPTBot/1.2; +https://openai.com/gptbot)"
20.171.207.176 - - [17/Jul/2025:12:19:03 +0000] "GET /search.php?workout239041882.html HTTP/1.1" 200 85332 "-" "Mozilla/5.0 AppleWebKit/537.36 (KHTML, like Gecko; compatible; GPTBot/1.2; +https://openai.com/gptbot)"
20.171.207.176 - - [17/Jul/2025:12:19:04 +0000] "GET /search.php?suggest239041876.html HTTP/1.1" 200 85947 "-" "Mozilla/5.0 AppleWebKit/537.36 (KHTML, like Gecko; compatible; GPTBot/1.2; +https://openai.com/gptbot)"
20.171.207.176 - - [17/Jul/2025:12:19:05 +0000] "GET /search.php?passing239041876.html HTTP/1.1" 200 86395 "-" "Mozilla/5.0 AppleWebKit/537.36 (KHTML, like Gecko; compatible; GPTBot/1.2; +https://openai.com/gptbot)"
20.171.207.176 - - [17/Jul/2025:12:19:07 +0000] "GET /search.php?bombing067030784.html HTTP/1.1" 200 85705 "-" "Mozilla/5.0 AppleWebKit/537.36 (KHTML, like Gecko; compatible; GPTBot/1.2; +https://openai.com/gptbot)"
20.171.207.176 - - [17/Jul/2025:12:19:08 +0000] "GET /search.php?graduate164020389.html HTTP/1.1" 200 86369 "-" "Mozilla/5.0 AppleWebKit/537.36 (KHTML, like Gecko; compatible; GPTBot/1.2; +https://openai.com/gptbot)"
20.171.207.176 - - [17/Jul/2025:12:19:10 +0000] "GET /search.php?privacy209037486.html HTTP/1.1" 200 86227 "-" "Mozilla/5.0 AppleWebKit/537.36 (KHTML, like Gecko; compatible; GPTBot/1.2; +https://openai.com/gptbot)"
20.171.207.176 - - [17/Jul/2025:12:19:11 +0000] "GET /search.php?routine239041876.html HTTP/1.1" 200 86558 "-" "Mozilla/5.0 AppleWebKit/537.36 (KHTML, like Gecko; compatible; GPTBot/1.2; +https://openai.com/gptbot)"
20.171.207.176 - - [17/Jul/2025:12:19:12 +0000] "GET /search.php?inquiry095021336.html HTTP/1.1" 200 85846 "-" "Mozilla/5.0 AppleWebKit/537.36 (KHTML, like Gecko; compatible; GPTBot/1.2; +https://openai.com/gptbot)"
20.171.207.176 - - [17/Jul/2025:12:19:13 +0000] "GET /search.php?down239041876.html HTTP/1.1" 200 86504 "-" "Mozilla/5.0 AppleWebKit/537.36 (KHTML, like Gecko; compatible; GPTBot/1.2; +https://openai.com/gptbot)"
20.171.207.176 - - [17/Jul/2025:12:19:15 +0000] "GET /search.php?object239041876.html HTTP/1.1" 200 85996 "-" "Mozilla/5.0 AppleWebKit/537.36 (KHTML, like Gecko; compatible; GPTBot/1.2; +https://openai.com/gptbot)"
20.171.207.176 - - [17/Jul/2025:12:19:16 +0000] "GET /search.php?l=30192&product%2FA72%3Fz=search HTTP/1.1" 200 85409 "-" "Mozilla/5.0 AppleWebKit/537.36 (KHTML, like Gecko; compatible; GPTBot/1.2; +https://openai.com/gptbot)"
20.171.207.176 - - [17/Jul/2025:12:19:17 +0000] "GET /search.php?now239041878.html HTTP/1.1" 200 86081 "-" "Mozilla/5.0 AppleWebKit/537.36 (KHTML, like Gecko; compatible; GPTBot/1.2; +https://openai.com/gptbot)"
20.171.207.176 - - [17/Jul/2025:12:19:18 +0000] "GET /search.php?routine239041876.html HTTP/1.1" 200 85942 "-" "Mozilla/5.0 AppleWebKit/537.36 (KHTML, like Gecko; compatible; GPTBot/1.2; +https://openai.com/gptbot)"
20.171.207.176 - - [17/Jul/2025:12:19:20 +0000] "GET /search.php?fall239041876.html HTTP/1.1" 200 86468 "-" "Mozilla/5.0 AppleWebKit/537.36 (KHTML, like Gecko; compatible; GPTBot/1.2; +https://openai.com/gptbot)"
20.171.207.176 - - [17/Jul/2025:12:19:21 +0000] "GET /search.php?bulk164020389.html HTTP/1.1" 200 86403 "-" "Mozilla/5.0 AppleWebKit/537.36 (KHTML, like Gecko; compatible; GPTBot/1.2; +https://openai.com/gptbot)"
20.171.207.176 - - [17/Jul/2025:12:19:24 +0000] "GET /search.php?badly239041878.html HTTP/1.1" 200 85876 "-" "Mozilla/5.0 AppleWebKit/537.36 (KHTML, like Gecko; compatible; GPTBot/1.2; +https://openai.com/gptbot)"
20.171.207.176 - - [17/Jul/2025:12:19:25 +0000] "GET /search.php?weigh261043936.html HTTP/1.1" 200 86228 "-" "Mozilla/5.0 AppleWebKit/537.36 (KHTML, like Gecko; compatible; GPTBot/1.2; +https://openai.com/gptbot)"
20.171.207.176 - - [17/Jul/2025:12:19:26 +0000] "GET /search.php?toy239041878.html HTTP/1.1" 200 86034 "-" "Mozilla/5.0 AppleWebKit/537.36 (KHTML, like Gecko; compatible; GPTBot/1.2; +https://openai.com/gptbot)"
20.171.207.176 - - [17/Jul/2025:12:19:27 +0000] "GET /search.php?brown083006574.html HTTP/1.1" 200 86268 "-" "Mozilla/5.0 AppleWebKit/537.36 (KHTML, like Gecko; compatible; GPTBot/1.2; +https://openai.com/gptbot)"
20.171.207.176 - - [17/Jul/2025:12:19:29 +0000] "GET /search.php?l=7763&product%2FV101%3Fy=search HTTP/1.1" 200 85436 "-" "Mozilla/5.0 AppleWebKit/537.36 (KHTML, like Gecko; compatible; GPTBot/1.2; +https://openai.com/gptbot)"
20.171.207.176 - - [17/Jul/2025:12:19:30 +0000] "GET /search.php?stone239041876.html HTTP/1.1" 200 85959 "-" "Mozilla/5.0 AppleWebKit/537.36 (KHTML, like Gecko; compatible; GPTBot/1.2; +https://openai.com/gptbot)"
20.171.207.176 - - [17/Jul/2025:12:19:31 +0000] "GET /search.php?bay239041878.html HTTP/1.1" 200 85560 "-" "Mozilla/5.0 AppleWebKit/537.36 (KHTML, like Gecko; compatible; GPTBot/1.2; +https://openai.com/gptbot)"
20.171.207.176 - - [17/Jul/2025:12:19:33 +0000] "GET /search.php?finger239041876.html HTTP/1.1" 200 86514 "-" "Mozilla/5.0 AppleWebKit/537.36 (KHTML, like Gecko; compatible; GPTBot/1.2; +https://openai.com/gptbot)"
20.171.207.176 - - [17/Jul/2025:12:19:34 +0000] "GET /search.php?drill084025791.html HTTP/1.1" 200 85326 "-" "Mozilla/5.0 AppleWebKit/537.36 (KHTML, like Gecko; compatible; GPTBot/1.2; +https://openai.com/gptbot)"
20.171.207.176 - - [17/Jul/2025:12:19:35 +0000] "GET /search.php?judge239041880.html HTTP/1.1" 200 86345 "-" "Mozilla/5.0 AppleWebKit/537.36 (KHTML, like Gecko; compatible; GPTBot/1.2; +https://openai.com/gptbot)"
20.171.207.176 - - [17/Jul/2025:12:19:36 +0000] "GET /search.php?cool239041876.html HTTP/1.1" 200 86935 "-" "Mozilla/5.0 AppleWebKit/537.36 (KHTML, like Gecko; compatible; GPTBot/1.2; +https://openai.com/gptbot)"
20.171.207.176 - - [17/Jul/2025:12:19:37 +0000] "GET /search.php?fate239041876.html HTTP/1.1" 200 86543 "-" "Mozilla/5.0 AppleWebKit/537.36 (KHTML, like Gecko; compatible; GPTBot/1.2; +https://openai.com/gptbot)"
20.171.207.176 - - [17/Jul/2025:12:19:38 +0000] "GET /search.php?give247007316.html HTTP/1.1" 200 85609 "-" "Mozilla/5.0 AppleWebKit/537.36 (KHTML, like Gecko; compatible; GPTBot/1.2; +https://openai.com/gptbot)"
20.171.207.176 - - [17/Jul/2025:12:19:40 +0000] "GET /search.php?fund241045572.html HTTP/1.1" 200 87314 "-" "Mozilla/5.0 AppleWebKit/537.36 (KHTML, like Gecko; compatible; GPTBot/1.2; +https://openai.com/gptbot)"
20.171.207.176 - - [17/Jul/2025:12:19:42 +0000] "GET /search.php?wing224036309.html HTTP/1.1" 200 86072 "-" "Mozilla/5.0 AppleWebKit/537.36 (KHTML, like Gecko; compatible; GPTBot/1.2; +https://openai.com/gptbot)"
20.171.207.176 - - [17/Jul/2025:12:19:43 +0000] "GET /search.php?product/edit/m81223591146 HTTP/1.1" 200 85300 "-" "Mozilla/5.0 AppleWebKit/537.36 (KHTML, like Gecko; compatible; GPTBot/1.2; +https://openai.com/gptbot)"
20.171.207.176 - - [17/Jul/2025:12:19:45 +0000] "GET /search.php?vote164020389.html HTTP/1.1" 200 86954 "-" "Mozilla/5.0 AppleWebKit/537.36 (KHTML, like Gecko; compatible; GPTBot/1.2; +https://openai.com/gptbot)"
20.171.207.176 - - [17/Jul/2025:12:19:46 +0000] "GET /search.php?door209037486.html HTTP/1.1" 200 86116 "-" "Mozilla/5.0 AppleWebKit/537.36 (KHTML, like Gecko; compatible; GPTBot/1.2; +https://openai.com/gptbot)"
20.171.207.176 - - [17/Jul/2025:12:19:47 +0000] "GET /search.php?buyer095021342.html HTTP/1.1" 200 85946 "-" "Mozilla/5.0 AppleWebKit/537.36 (KHTML, like Gecko; compatible; GPTBot/1.2; +https://openai.com/gptbot)"
20.171.207.176 - - [17/Jul/2025:12:19:49 +0000] "GET /search.php?angel174022283.html HTTP/1.1" 200 84883 "-" "Mozilla/5.0 AppleWebKit/537.36 (KHTML, like Gecko; compatible; GPTBot/1.2; +https://openai.com/gptbot)"
20.171.207.176 - - [17/Jul/2025:12:19:50 +0000] "GET /search.php?naked217006314.html HTTP/1.1" 200 85147 "-" "Mozilla/5.0 AppleWebKit/537.36 (KHTML, like Gecko; compatible; GPTBot/1.2; +https://openai.com/gptbot)"
20.171.207.176 - - [17/Jul/2025:12:19:51 +0000] "GET /search.php?ankle095021346.html HTTP/1.1" 200 85814 "-" "Mozilla/5.0 AppleWebKit/537.36 (KHTML, like Gecko; compatible; GPTBot/1.2; +https://openai.com/gptbot)"
20.171.207.176 - - [17/Jul/2025:12:19:53 +0000] "GET /search.php?daily239041878.html HTTP/1.1" 200 85813 "-" "Mozilla/5.0 AppleWebKit/537.36 (KHTML, like Gecko; compatible; GPTBot/1.2; +https://openai.com/gptbot)"
20.171.207.176 - - [17/Jul/2025:12:19:54 +0000] "GET /search.php?negative286038941.html HTTP/1.1" 200 85123 "-" "Mozilla/5.0 AppleWebKit/537.36 (KHTML, like Gecko; compatible; GPTBot/1.2; +https://openai.com/gptbot)"
20.171.207.176 - - [17/Jul/2025:12:19:55 +0000] "GET /search.php?monument239041876.html HTTP/1.1" 200 86946 "-" "Mozilla/5.0 AppleWebKit/537.36 (KHTML, like Gecko; compatible; GPTBot/1.2; +https://openai.com/gptbot)"
20.171.207.176 - - [17/Jul/2025:12:19:56 +0000] "GET /search.php?abandon084025791.html HTTP/1.1" 200 85749 "-" "Mozilla/5.0 AppleWebKit/537.36 (KHTML, like Gecko; compatible; GPTBot/1.2; +https://openai.com/gptbot)"
20.171.207.176 - - [17/Jul/2025:12:19:58 +0000] "GET /search.php?pulse239041876.html HTTP/1.1" 200 86576 "-" "Mozilla/5.0 AppleWebKit/537.36 (KHTML, like Gecko; compatible; GPTBot/1.2; +https://openai.com/gptbot)"
20.171.207.176 - - [17/Jul/2025:12:19:59 +0000] "GET /search.php?DNA209037486.html HTTP/1.1" 200 86672 "-" "Mozilla/5.0 AppleWebKit/537.36 (KHTML, like Gecko; compatible; GPTBot/1.2; +https://openai.com/gptbot)"
20.171.207.176 - - [17/Jul/2025:12:20:00 +0000] "GET /search.php?pond077034928.html HTTP/1.1" 200 86295 "-" "Mozilla/5.0 AppleWebKit/537.36 (KHTML, like Gecko; compatible; GPTBot/1.2; +https://openai.com/gptbot)"
20.171.207.176 - - [17/Jul/2025:12:20:02 +0000] "GET /search.php?bring095021332.html HTTP/1.1" 200 85967 "-" "Mozilla/5.0 AppleWebKit/537.36 (KHTML, like Gecko; compatible; GPTBot/1.2; +https://openai.com/gptbot)"
20.171.207.176 - - [17/Jul/2025:12:20:03 +0000] "GET /search.php?guidance239007812.html HTTP/1.1" 200 85842 "-" "Mozilla/5.0 AppleWebKit/537.36 (KHTML, like Gecko; compatible; GPTBot/1.2; +https://openai.com/gptbot)"
20.171.207.176 - - [17/Jul/2025:12:20:04 +0000] "GET /search.php?decade174022283.html HTTP/1.1" 200 84995 "-" "Mozilla/5.0 AppleWebKit/537.36 (KHTML, like Gecko; compatible; GPTBot/1.2; +https://openai.com/gptbot)"
20.171.207.176 - - [17/Jul/2025:12:20:07 +0000] "GET /search.php?conflict239041878.html HTTP/1.1" 200 85946 "-" "Mozilla/5.0 AppleWebKit/537.36 (KHTML, like Gecko; compatible; GPTBot/1.2; +https://openai.com/gptbot)"
20.171.207.176 - - [17/Jul/2025:12:20:09 +0000] "GET /search.php?negative286038941.html HTTP/1.1" 200 85609 "-" "Mozilla/5.0 AppleWebKit/537.36 (KHTML, like Gecko; compatible; GPTBot/1.2; +https://openai.com/gptbot)"
20.171.207.176 - - [17/Jul/2025:12:20:10 +0000] "GET /search.php?fever095021348.html HTTP/1.1" 200 86299 "-" "Mozilla/5.0 AppleWebKit/537.36 (KHTML, like Gecko; compatible; GPTBot/1.2; +https://openai.com/gptbot)"
20.171.207.176 - - [17/Jul/2025:12:20:11 +0000] "GET /search.php?debris239041876.html HTTP/1.1" 200 86477 "-" "Mozilla/5.0 AppleWebKit/537.36 (KHTML, like Gecko; compatible; GPTBot/1.2; +https://openai.com/gptbot)"
20.171.207.176 - - [17/Jul/2025:12:20:12 +0000] "GET /search.php?undergo239041878.html HTTP/1.1" 200 85542 "-" "Mozilla/5.0 AppleWebKit/537.36 (KHTML, like Gecko; compatible; GPTBot/1.2; +https://openai.com/gptbot)"
20.171.207.176 - - [17/Jul/2025:12:20:13 +0000] "GET /search.php?office239041876.html HTTP/1.1" 200 86521 "-" "Mozilla/5.0 AppleWebKit/537.36 (KHTML, like Gecko; compatible; GPTBot/1.2; +https://openai.com/gptbot)"
20.171.207.176 - - [17/Jul/2025:12:20:14 +0000] "GET /search.php?story084025791.html HTTP/1.1" 200 85674 "-" "Mozilla/5.0 AppleWebKit/537.36 (KHTML, like Gecko; compatible; GPTBot/1.2; +https://openai.com/gptbot)"
20.171.207.176 - - [17/Jul/2025:12:20:15 +0000] "GET /search.php?glove077034928.html HTTP/1.1" 200 86247 "-" "Mozilla/5.0 AppleWebKit/537.36 (KHTML, like Gecko; compatible; GPTBot/1.2; +https://openai.com/gptbot)"
20.171.207.176 - - [17/Jul/2025:12:20:17 +0000] "GET /search.php?wood095021348.html HTTP/1.1" 200 86310 "-" "Mozilla/5.0 AppleWebKit/537.36 (KHTML, like Gecko; compatible; GPTBot/1.2; +https://openai.com/gptbot)"
20.171.207.176 - - [17/Jul/2025:12:20:18 +0000] "GET /search.php?bow145022932.html HTTP/1.1" 200 86669 "-" "Mozilla/5.0 AppleWebKit/537.36 (KHTML, like Gecko; compatible; GPTBot/1.2; +https://openai.com/gptbot)"
20.171.207.176 - - [17/Jul/2025:12:20:19 +0000] "GET /search.php?undergo239007812.html HTTP/1.1" 200 85515 "-" "Mozilla/5.0 AppleWebKit/537.36 (KHTML, like Gecko; compatible; GPTBot/1.2; +https://openai.com/gptbot)"
20.171.207.176 - - [17/Jul/2025:12:20:21 +0000] "GET /search.php?fucking188030235.html HTTP/1.1" 200 86126 "-" "Mozilla/5.0 AppleWebKit/537.36 (KHTML, like Gecko; compatible; GPTBot/1.2; +https://openai.com/gptbot)"
20.171.207.176 - - [17/Jul/2025:12:20:22 +0000] "GET /search.php?boy095021346.html HTTP/1.1" 200 86369 "-" "Mozilla/5.0 AppleWebKit/537.36 (KHTML, like Gecko; compatible; GPTBot/1.2; +https://openai.com/gptbot)"
20.171.207.176 - - [17/Jul/2025:12:20:24 +0000] "GET /search.php?link032026579.html HTTP/1.1" 200 86478 "-" "Mozilla/5.0 AppleWebKit/537.36 (KHTML, like Gecko; compatible; GPTBot/1.2; +https://openai.com/gptbot)"
20.171.207.176 - - [17/Jul/2025:12:20:25 +0000] "GET /search.php?damn239041878.html HTTP/1.1" 200 85599 "-" "Mozilla/5.0 AppleWebKit/537.36 (KHTML, like Gecko; compatible; GPTBot/1.2; +https://openai.com/gptbot)"
20.171.207.176 - - [17/Jul/2025:12:20:26 +0000] "GET /search.php?block290019853.html HTTP/1.1" 200 85756 "-" "Mozilla/5.0 AppleWebKit/537.36 (KHTML, like Gecko; compatible; GPTBot/1.2; +https://openai.com/gptbot)"
20.171.207.176 - - [17/Jul/2025:12:20:28 +0000] "GET /search.php?leading084025791.html HTTP/1.1" 200 85814 "-" "Mozilla/5.0 AppleWebKit/537.36 (KHTML, like Gecko; compatible; GPTBot/1.2; +https://openai.com/gptbot)"
20.171.207.176 - - [17/Jul/2025:12:20:29 +0000] "GET /search.php?lot111038696.html HTTP/1.1" 200 85215 "-" "Mozilla/5.0 AppleWebKit/537.36 (KHTML, like Gecko; compatible; GPTBot/1.2; +https://openai.com/gptbot)"
20.171.207.176 - - [17/Jul/2025:12:20:30 +0000] "GET /search.php?wood095021348.html HTTP/1.1" 200 86368 "-" "Mozilla/5.0 AppleWebKit/537.36 (KHTML, like Gecko; compatible; GPTBot/1.2; +https://openai.com/gptbot)"
20.171.207.176 - - [17/Jul/2025:12:20:32 +0000] "GET /search.php?l=11590&product%2FT98%3Fi=search HTTP/1.1" 200 87762 "-" "Mozilla/5.0 AppleWebKit/537.36 (KHTML, like Gecko; compatible; GPTBot/1.2; +https://openai.com/gptbot)"
20.171.207.176 - - [17/Jul/2025:12:20:33 +0000] "GET /search.php?sign239041878.html HTTP/1.1" 200 85606 "-" "Mozilla/5.0 AppleWebKit/537.36 (KHTML, like Gecko; compatible; GPTBot/1.2; +https://openai.com/gptbot)"
20.171.207.176 - - [17/Jul/2025:12:20:34 +0000] "GET /search.php?figure239041876.html HTTP/1.1" 200 86360 "-" "Mozilla/5.0 AppleWebKit/537.36 (KHTML, like Gecko; compatible; GPTBot/1.2; +https://openai.com/gptbot)"
20.171.207.176 - - [17/Jul/2025:12:20:35 +0000] "GET /search.php?pizza095021348.html HTTP/1.1" 200 86348 "-" "Mozilla/5.0 AppleWebKit/537.36 (KHTML, like Gecko; compatible; GPTBot/1.2; +https://openai.com/gptbot)"
20.171.207.176 - - [17/Jul/2025:12:20:36 +0000] "GET /search.php?boy095021346.html HTTP/1.1" 200 86358 "-" "Mozilla/5.0 AppleWebKit/537.36 (KHTML, like Gecko; compatible; GPTBot/1.2; +https://openai.com/gptbot)"
20.171.207.176 - - [17/Jul/2025:12:20:37 +0000] "GET /search.php?iron095021342.html HTTP/1.1" 200 85340 "-" "Mozilla/5.0 AppleWebKit/537.36 (KHTML, like Gecko; compatible; GPTBot/1.2; +https://openai.com/gptbot)"
20.171.207.176 - - [17/Jul/2025:12:20:39 +0000] "GET /search.php?gold239007812.html HTTP/1.1" 200 85884 "-" "Mozilla/5.0 AppleWebKit/537.36 (KHTML, like Gecko; compatible; GPTBot/1.2; +https://openai.com/gptbot)"
20.171.207.176 - - [17/Jul/2025:12:20:40 +0000] "GET /search.php?union239041876.html HTTP/1.1" 200 86132 "-" "Mozilla/5.0 AppleWebKit/537.36 (KHTML, like Gecko; compatible; GPTBot/1.2; +https://openai.com/gptbot)"
20.171.207.176 - - [17/Jul/2025:12:20:41 +0000] "GET /search.php?l=27806&product%2FI124%3Fa=search HTTP/1.1" 200 86356 "-" "Mozilla/5.0 AppleWebKit/537.36 (KHTML, like Gecko; compatible; GPTBot/1.2; +https://openai.com/gptbot)"
20.171.207.176 - - [17/Jul/2025:12:20:42 +0000] "GET /search.php?sister084025791.html HTTP/1.1" 200 85828 "-" "Mozilla/5.0 AppleWebKit/537.36 (KHTML, like Gecko; compatible; GPTBot/1.2; +https://openai.com/gptbot)"
20.171.207.176 - - [17/Jul/2025:12:20:44 +0000] "GET /search.php?boil095021344.html HTTP/1.1" 200 85939 "-" "Mozilla/5.0 AppleWebKit/537.36 (KHTML, like Gecko; compatible; GPTBot/1.2; +https://openai.com/gptbot)"
20.171.207.176 - - [17/Jul/2025:12:20:45 +0000] "GET /search.php?donor285042416.html HTTP/1.1" 200 85627 "-" "Mozilla/5.0 AppleWebKit/537.36 (KHTML, like Gecko; compatible; GPTBot/1.2; +https://openai.com/gptbot)"
20.171.207.176 - - [17/Jul/2025:12:20:47 +0000] "GET /search.php?l=34861&product%2FD1%3Fj=search HTTP/1.1" 200 85267 "-" "Mozilla/5.0 AppleWebKit/537.36 (KHTML, like Gecko; compatible; GPTBot/1.2; +https://openai.com/gptbot)"
20.171.207.176 - - [17/Jul/2025:12:20:48 +0000] "GET /search.php?criminal239041876.html HTTP/1.1" 200 86493 "-" "Mozilla/5.0 AppleWebKit/537.36 (KHTML, like Gecko; compatible; GPTBot/1.2; +https://openai.com/gptbot)"
20.171.207.176 - - [17/Jul/2025:12:20:50 +0000] "GET /search.php?criminal239041876.html HTTP/1.1" 200 86494 "-" "Mozilla/5.0 AppleWebKit/537.36 (KHTML, like Gecko; compatible; GPTBot/1.2; +https://openai.com/gptbot)"
20.171.207.176 - - [17/Jul/2025:12:20:51 +0000] "GET /search.php?along239041878.html HTTP/1.1" 200 85956 "-" "Mozilla/5.0 AppleWebKit/537.36 (KHTML, like Gecko; compatible; GPTBot/1.2; +https://openai.com/gptbot)"
20.171.207.176 - - [17/Jul/2025:12:20:52 +0000] "GET /search.php?modify095021342.html HTTP/1.1" 200 85934 "-" "Mozilla/5.0 AppleWebKit/537.36 (KHTML, like Gecko; compatible; GPTBot/1.2; +https://openai.com/gptbot)"
20.171.207.176 - - [17/Jul/2025:12:20:53 +0000] "GET /search.php?frozen239041878.html HTTP/1.1" 200 85975 "-" "Mozilla/5.0 AppleWebKit/537.36 (KHTML, like Gecko; compatible; GPTBot/1.2; +https://openai.com/gptbot)"
20.171.207.176 - - [17/Jul/2025:12:20:54 +0000] "GET /search.php?driving239041876.html HTTP/1.1" 200 86878 "-" "Mozilla/5.0 AppleWebKit/537.36 (KHTML, like Gecko; compatible; GPTBot/1.2; +https://openai.com/gptbot)"
20.171.207.176 - - [17/Jul/2025:12:20:55 +0000] "GET /search.php?distinct084024575.html HTTP/1.1" 200 86581 "-" "Mozilla/5.0 AppleWebKit/537.36 (KHTML, like Gecko; compatible; GPTBot/1.2; +https://openai.com/gptbot)"
20.171.207.176 - - [17/Jul/2025:12:20:57 +0000] "GET /search.php?dough239041880.html HTTP/1.1" 200 86930 "-" "Mozilla/5.0 AppleWebKit/537.36 (KHTML, like Gecko; compatible; GPTBot/1.2; +https://openai.com/gptbot)"
20.171.207.176 - - [17/Jul/2025:12:20:58 +0000] "GET /search.php?cloud133046570.html HTTP/1.1" 200 86083 "-" "Mozilla/5.0 AppleWebKit/537.36 (KHTML, like Gecko; compatible; GPTBot/1.2; +https://openai.com/gptbot)"
20.171.207.176 - - [17/Jul/2025:12:20:59 +0000] "GET /search.php?outer095021348.html HTTP/1.1" 200 86248 "-" "Mozilla/5.0 AppleWebKit/537.36 (KHTML, like Gecko; compatible; GPTBot/1.2; +https://openai.com/gptbot)"
20.171.207.176 - - [17/Jul/2025:12:21:00 +0000] "GET /search.php?nest095021344.html HTTP/1.1" 200 85974 "-" "Mozilla/5.0 AppleWebKit/537.36 (KHTML, like Gecko; compatible; GPTBot/1.2; +https://openai.com/gptbot)"
20.171.207.176 - - [17/Jul/2025:12:21:02 +0000] "GET /search.php?round239041876.html HTTP/1.1" 200 86640 "-" "Mozilla/5.0 AppleWebKit/537.36 (KHTML, like Gecko; compatible; GPTBot/1.2; +https://openai.com/gptbot)"
20.171.207.176 - - [17/Jul/2025:12:21:03 +0000] "GET /search.php?give239041878.html HTTP/1.1" 200 85588 "-" "Mozilla/5.0 AppleWebKit/537.36 (KHTML, like Gecko; compatible; GPTBot/1.2; +https://openai.com/gptbot)"
20.171.207.176 - - [17/Jul/2025:12:21:04 +0000] "GET /search.php?church239041882.html HTTP/1.1" 200 85310 "-" "Mozilla/5.0 AppleWebKit/537.36 (KHTML, like Gecko; compatible; GPTBot/1.2; +https://openai.com/gptbot)"
20.171.207.176 - - [17/Jul/2025:12:21:05 +0000] "GET /search.php?give239041878.html HTTP/1.1" 200 85923 "-" "Mozilla/5.0 AppleWebKit/537.36 (KHTML, like Gecko; compatible; GPTBot/1.2; +https://openai.com/gptbot)"
20.171.207.176 - - [17/Jul/2025:12:21:06 +0000] "GET /search.php?willing239041876.html HTTP/1.1" 200 86530 "-" "Mozilla/5.0 AppleWebKit/537.36 (KHTML, like Gecko; compatible; GPTBot/1.2; +https://openai.com/gptbot)"
20.171.207.176 - - [17/Jul/2025:12:21:08 +0000] "GET /search.php?drill239041878.html HTTP/1.1" 200 85929 "-" "Mozilla/5.0 AppleWebKit/537.36 (KHTML, like Gecko; compatible; GPTBot/1.2; +https://openai.com/gptbot)"
20.171.207.176 - - [17/Jul/2025:12:21:09 +0000] "GET /search.php?blink239041876.html HTTP/1.1" 200 86462 "-" "Mozilla/5.0 AppleWebKit/537.36 (KHTML, like Gecko; compatible; GPTBot/1.2; +https://openai.com/gptbot)"
20.171.207.176 - - [17/Jul/2025:12:21:10 +0000] "GET /search.php?labor130005247.html HTTP/1.1" 200 86001 "-" "Mozilla/5.0 AppleWebKit/537.36 (KHTML, like Gecko; compatible; GPTBot/1.2; +https://openai.com/gptbot)"
20.171.207.176 - - [17/Jul/2025:12:21:11 +0000] "GET /search.php?junior095021348.html HTTP/1.1" 200 86804 "-" "Mozilla/5.0 AppleWebKit/537.36 (KHTML, like Gecko; compatible; GPTBot/1.2; +https://openai.com/gptbot)"
20.171.207.176 - - [17/Jul/2025:12:21:12 +0000] "GET /search.php?heavy239041878.html HTTP/1.1" 200 86483 "-" "Mozilla/5.0 AppleWebKit/537.36 (KHTML, like Gecko; compatible; GPTBot/1.2; +https://openai.com/gptbot)"
20.171.207.176 - - [17/Jul/2025:12:21:13 +0000] "GET /search.php?lady218043395.html HTTP/1.1" 200 86402 "-" "Mozilla/5.0 AppleWebKit/537.36 (KHTML, like Gecko; compatible; GPTBot/1.2; +https://openai.com/gptbot)"
20.171.207.176 - - [17/Jul/2025:12:21:15 +0000] "GET /search.php?relation239041876.html HTTP/1.1" 200 86456 "-" "Mozilla/5.0 AppleWebKit/537.36 (KHTML, like Gecko; compatible; GPTBot/1.2; +https://openai.com/gptbot)"
20.171.207.176 - - [17/Jul/2025:12:21:16 +0000] "GET /search.php?aisle239041876.html HTTP/1.1" 200 86476 "-" "Mozilla/5.0 AppleWebKit/537.36 (KHTML, like Gecko; compatible; GPTBot/1.2; +https://openai.com/gptbot)"
20.171.207.176 - - [17/Jul/2025:12:21:17 +0000] "GET /search.php?which239041876.html HTTP/1.1" 200 85963 "-" "Mozilla/5.0 AppleWebKit/537.36 (KHTML, like Gecko; compatible; GPTBot/1.2; +https://openai.com/gptbot)"
20.171.207.176 - - [17/Jul/2025:12:21:18 +0000] "GET /search.php?ceiling239041876.html HTTP/1.1" 200 86560 "-" "Mozilla/5.0 AppleWebKit/537.36 (KHTML, like Gecko; compatible; GPTBot/1.2; +https://openai.com/gptbot)"
192.42.116.194 - - [17/Jul/2025:12:21:19 +0000] "GET / HTTP/1.1" 200 17432 "topflowroofingplumbing.com.au" "Mozilla/5.0 (Linux; Android 9; VS996) AppleWebKit/537.36 (KHTML, like Gecko) Chrome/81.0.4044.138 Mobile Safari/537.36"
20.171.207.176 - - [17/Jul/2025:12:21:19 +0000] "GET /search.php?lip239041876.html HTTP/1.1" 200 86470 "-" "Mozilla/5.0 AppleWebKit/537.36 (KHTML, like Gecko; compatible; GPTBot/1.2; +https://openai.com/gptbot)"
20.171.207.176 - - [17/Jul/2025:12:21:20 +0000] "GET /search.php?behavior239041876.html HTTP/1.1" 200 85944 "-" "Mozilla/5.0 AppleWebKit/537.36 (KHTML, like Gecko; compatible; GPTBot/1.2; +https://openai.com/gptbot)"
192.42.116.194 - - [17/Jul/2025:12:21:22 +0000] "GET / HTTP/1.1" 200 17432 "https://topflowroofingplumbing.com.au" "Mozilla/5.0 (Linux; Android 9; VS996) AppleWebKit/537.36 (KHTML, like Gecko) Chrome/81.0.4044.138 Mobile Safari/537.36"
20.171.207.176 - - [17/Jul/2025:12:21:21 +0000] "GET /search.php?syndrome239041878.html HTTP/1.1" 200 85568 "-" "Mozilla/5.0 AppleWebKit/537.36 (KHTML, like Gecko; compatible; GPTBot/1.2; +https://openai.com/gptbot)"
20.171.207.176 - - [17/Jul/2025:12:21:23 +0000] "GET /search.php?wound095021332.html HTTP/1.1" 200 85376 "-" "Mozilla/5.0 AppleWebKit/537.36 (KHTML, like Gecko; compatible; GPTBot/1.2; +https://openai.com/gptbot)"
192.42.116.194 - - [17/Jul/2025:12:21:23 +0000] "POST / HTTP/1.1" 200 17477 "https://topflowroofingplumbing.com.au/#wpcf7-f1366-p1312-o2" "Mozilla/5.0 (Linux; Android 9; VS996) AppleWebKit/537.36 (KHTML, like Gecko) Chrome/81.0.4044.138 Mobile Safari/537.36"
20.171.207.176 - - [17/Jul/2025:12:21:24 +0000] "GET /search.php?badly239041876.html HTTP/1.1" 200 86445 "-" "Mozilla/5.0 AppleWebKit/537.36 (KHTML, like Gecko; compatible; GPTBot/1.2; +https://openai.com/gptbot)"
192.42.116.194 - - [17/Jul/2025:12:21:25 +0000] "GET /about-us HTTP/1.1" 301 - "https://topflowroofingplumbing.com.au/about-us" "Mozilla/5.0 (Linux; Android 9; VS996) AppleWebKit/537.36 (KHTML, like Gecko) Chrome/81.0.4044.138 Mobile Safari/537.36"
192.42.116.194 - - [17/Jul/2025:12:21:26 +0000] "GET /about-us/ HTTP/1.1" 200 15068 "https://topflowroofingplumbing.com.au/about-us" "Mozilla/5.0 (Linux; Android 9; VS996) AppleWebKit/537.36 (KHTML, like Gecko) Chrome/81.0.4044.138 Mobile Safari/537.36"
20.171.207.176 - - [17/Jul/2025:12:21:25 +0000] "GET /search.php?bring037046772.html HTTP/1.1" 200 85640 "-" "Mozilla/5.0 AppleWebKit/537.36 (KHTML, like Gecko; compatible; GPTBot/1.2; +https://openai.com/gptbot)"
109.70.100.4 - - [17/Jul/2025:12:21:27 +0000] "GET /air-conditioner-worker-truned-into-ac-as-new-type-cooling HTTP/1.1" 301 - "https://topflowroofingplumbing.com.au/air-conditioner-worker-truned-into-ac-as-new-type-cooling" "Mozilla/5.0 (Linux; Android 9; VS996) AppleWebKit/537.36 (KHTML, like Gecko) Chrome/81.0.4044.138 Mobile Safari/537.36"
20.171.207.176 - - [17/Jul/2025:12:21:27 +0000] "GET /search.php?improved265040398.html HTTP/1.1" 200 86080 "-" "Mozilla/5.0 AppleWebKit/537.36 (KHTML, like Gecko; compatible; GPTBot/1.2; +https://openai.com/gptbot)"
109.70.100.4 - - [17/Jul/2025:12:21:28 +0000] "GET /air-conditioner-worker-truned-into-ac-as-new-type-cooling/ HTTP/1.1" 200 13970 "https://topflowroofingplumbing.com.au/air-conditioner-worker-truned-into-ac-as-new-type-cooling" "Mozilla/5.0 (Linux; Android 9; VS996) AppleWebKit/537.36 (KHTML, like Gecko) Chrome/81.0.4044.138 Mobile Safari/537.36"
20.171.207.176 - - [17/Jul/2025:12:21:28 +0000] "GET /search.php?guidance130048125.html HTTP/1.1" 200 85904 "-" "Mozilla/5.0 AppleWebKit/537.36 (KHTML, like Gecko; compatible; GPTBot/1.2; +https://openai.com/gptbot)"
20.171.207.176 - - [17/Jul/2025:12:21:29 +0000] "GET /search.php?holy239041878.html HTTP/1.1" 200 85884 "-" "Mozilla/5.0 AppleWebKit/537.36 (KHTML, like Gecko; compatible; GPTBot/1.2; +https://openai.com/gptbot)"
109.70.100.4 - - [17/Jul/2025:12:21:30 +0000] "POST /wp-comments-post.php HTTP/1.1" 404 11638 "https://topflowroofingplumbing.com.au/wp-comments-post.php" "Mozilla/5.0 (Linux; Android 9; VS996) AppleWebKit/537.36 (KHTML, like Gecko) Chrome/81.0.4044.138 Mobile Safari/537.36"
20.171.207.176 - - [17/Jul/2025:12:21:30 +0000] "GET /search.php?barrier239041876.html HTTP/1.1" 200 86608 "-" "Mozilla/5.0 AppleWebKit/537.36 (KHTML, like Gecko; compatible; GPTBot/1.2; +https://openai.com/gptbot)"
109.70.100.4 - - [17/Jul/2025:12:21:31 +0000] "GET /all-services-style-01 HTTP/1.1" 301 - "https://topflowroofingplumbing.com.au/all-services-style-01" "Mozilla/5.0 (Linux; Android 9; VS996) AppleWebKit/537.36 (KHTML, like Gecko) Chrome/81.0.4044.138 Mobile Safari/537.36"
109.70.100.4 - - [17/Jul/2025:12:21:32 +0000] "GET /all-services-style-01/ HTTP/1.1" 200 12769 "https://topflowroofingplumbing.com.au/all-services-style-01" "Mozilla/5.0 (Linux; Android 9; VS996) AppleWebKit/537.36 (KHTML, like Gecko) Chrome/81.0.4044.138 Mobile Safari/537.36"
20.171.207.176 - - [17/Jul/2025:12:21:32 +0000] "GET /search.php?knee239041876.html HTTP/1.1" 200 86533 "-" "Mozilla/5.0 AppleWebKit/537.36 (KHTML, like Gecko; compatible; GPTBot/1.2; +https://openai.com/gptbot)"
20.171.207.176 - - [17/Jul/2025:12:21:33 +0000] "GET /search.php?toward239041876.html HTTP/1.1" 200 86008 "-" "Mozilla/5.0 AppleWebKit/537.36 (KHTML, like Gecko; compatible; GPTBot/1.2; +https://openai.com/gptbot)"
109.70.100.4 - - [17/Jul/2025:12:21:33 +0000] "GET /all-services-style-03 HTTP/1.1" 301 - "https://topflowroofingplumbing.com.au/all-services-style-03" "Mozilla/5.0 (Linux; Android 9; VS996) AppleWebKit/537.36 (KHTML, like Gecko) Chrome/81.0.4044.138 Mobile Safari/537.36"
109.70.100.4 - - [17/Jul/2025:12:21:34 +0000] "GET /all-services-style-03/ HTTP/1.1" 200 13145 "https://topflowroofingplumbing.com.au/all-services-style-03" "Mozilla/5.0 (Linux; Android 9; VS996) AppleWebKit/537.36 (KHTML, like Gecko) Chrome/81.0.4044.138 Mobile Safari/537.36"
20.171.207.176 - - [17/Jul/2025:12:21:34 +0000] "GET /search.php?resolve239041876.html HTTP/1.1" 200 86508 "-" "Mozilla/5.0 AppleWebKit/537.36 (KHTML, like Gecko; compatible; GPTBot/1.2; +https://openai.com/gptbot)"
20.171.207.176 - - [17/Jul/2025:12:21:35 +0000] "GET /search.php?dance239041878.html HTTP/1.1" 200 85998 "-" "Mozilla/5.0 AppleWebKit/537.36 (KHTML, like Gecko; compatible; GPTBot/1.2; +https://openai.com/gptbot)"
192.42.116.213 - - [17/Jul/2025:12:21:36 +0000] "GET /book-a-appointment HTTP/1.1" 301 - "https://topflowroofingplumbing.com.au/book-a-appointment" "Mozilla/5.0 (Linux; Android 9; VS996) AppleWebKit/537.36 (KHTML, like Gecko) Chrome/81.0.4044.138 Mobile Safari/537.36"
20.171.207.176 - - [17/Jul/2025:12:21:36 +0000] "GET /search.php?last095021332.html HTTP/1.1" 200 85978 "-" "Mozilla/5.0 AppleWebKit/537.36 (KHTML, like Gecko; compatible; GPTBot/1.2; +https://openai.com/gptbot)"
192.42.116.213 - - [17/Jul/2025:12:21:36 +0000] "GET /book-a-appointment/ HTTP/1.1" 200 14192 "https://topflowroofingplumbing.com.au/book-a-appointment" "Mozilla/5.0 (Linux; Android 9; VS996) AppleWebKit/537.36 (KHTML, like Gecko) Chrome/81.0.4044.138 Mobile Safari/537.36"
20.171.207.176 - - [17/Jul/2025:12:21:37 +0000] "GET /search.php?differ239041876.html HTTP/1.1" 200 86090 "-" "Mozilla/5.0 AppleWebKit/537.36 (KHTML, like Gecko; compatible; GPTBot/1.2; +https://openai.com/gptbot)"
192.42.116.213 - - [17/Jul/2025:12:21:38 +0000] "POST /book-a-appointment/ HTTP/1.1" 200 14437 "https://topflowroofingplumbing.com.au/book-a-appointment/#wpcf7-f553-p549-o1" "Mozilla/5.0 (Linux; Android 9; VS996) AppleWebKit/537.36 (KHTML, like Gecko) Chrome/81.0.4044.138 Mobile Safari/537.36"
20.171.207.176 - - [17/Jul/2025:12:21:39 +0000] "GET /search.php?benefit239041880.html HTTP/1.1" 200 86325 "-" "Mozilla/5.0 AppleWebKit/537.36 (KHTML, like Gecko; compatible; GPTBot/1.2; +https://openai.com/gptbot)"
20.171.207.176 - - [17/Jul/2025:12:21:40 +0000] "GET /search.php?guidance130048125.html HTTP/1.1" 200 85463 "-" "Mozilla/5.0 AppleWebKit/537.36 (KHTML, like Gecko; compatible; GPTBot/1.2; +https://openai.com/gptbot)"
20.171.207.176 - - [17/Jul/2025:12:21:41 +0000] "GET /search.php?wife265040398.html HTTP/1.1" 200 86071 "-" "Mozilla/5.0 AppleWebKit/537.36 (KHTML, like Gecko; compatible; GPTBot/1.2; +https://openai.com/gptbot)"
20.171.207.176 - - [17/Jul/2025:12:21:43 +0000] "GET /search.php?leaf239041878.html HTTP/1.1" 200 85476 "-" "Mozilla/5.0 AppleWebKit/537.36 (KHTML, like Gecko; compatible; GPTBot/1.2; +https://openai.com/gptbot)"
192.42.116.213 - - [17/Jul/2025:12:21:44 +0000] "GET /comments/feed HTTP/1.1" 301 - "https://topflowroofingplumbing.com.au/comments/feed" "Mozilla/5.0 (Linux; Android 9; VS996) AppleWebKit/537.36 (KHTML, like Gecko) Chrome/81.0.4044.138 Mobile Safari/537.36"
20.171.207.176 - - [17/Jul/2025:12:21:44 +0000] "GET /search.php?kneel239041876.html HTTP/1.1" 200 86455 "-" "Mozilla/5.0 AppleWebKit/537.36 (KHTML, like Gecko; compatible; GPTBot/1.2; +https://openai.com/gptbot)"
192.42.116.213 - - [17/Jul/2025:12:21:44 +0000] "GET /comments/feed/ HTTP/1.1" 200 436 "https://topflowroofingplumbing.com.au/comments/feed" "Mozilla/5.0 (Linux; Android 9; VS996) AppleWebKit/537.36 (KHTML, like Gecko) Chrome/81.0.4044.138 Mobile Safari/537.36"
20.171.207.176 - - [17/Jul/2025:12:21:45 +0000] "GET /search.php?abandon133046570.html HTTP/1.1" 200 86112 "-" "Mozilla/5.0 AppleWebKit/537.36 (KHTML, like Gecko; compatible; GPTBot/1.2; +https://openai.com/gptbot)"
20.171.207.176 - - [17/Jul/2025:12:21:46 +0000] "GET /search.php?dance239041876.html HTTP/1.1" 200 86529 "-" "Mozilla/5.0 AppleWebKit/537.36 (KHTML, like Gecko; compatible; GPTBot/1.2; +https://openai.com/gptbot)"
192.42.116.213 - - [17/Jul/2025:12:21:47 +0000] "GET /contact-us HTTP/1.1" 301 - "https://topflowroofingplumbing.com.au/contact-us" "Mozilla/5.0 (Linux; Android 9; VS996) AppleWebKit/537.36 (KHTML, like Gecko) Chrome/81.0.4044.138 Mobile Safari/537.36"
20.171.207.176 - - [17/Jul/2025:12:21:47 +0000] "GET /search.php?fresh239041876.html HTTP/1.1" 200 86506 "-" "Mozilla/5.0 AppleWebKit/537.36 (KHTML, like Gecko; compatible; GPTBot/1.2; +https://openai.com/gptbot)"
20.171.207.176 - - [17/Jul/2025:12:21:48 +0000] "GET /search.php?boat239041878.html HTTP/1.1" 200 85548 "-" "Mozilla/5.0 AppleWebKit/537.36 (KHTML, like Gecko; compatible; GPTBot/1.2; +https://openai.com/gptbot)"
192.42.116.213 - - [17/Jul/2025:12:21:49 +0000] "GET /contact-us/ HTTP/1.1" 200 13920 "https://topflowroofingplumbing.com.au/contact-us" "Mozilla/5.0 (Linux; Android 9; VS996) AppleWebKit/537.36 (KHTML, like Gecko) Chrome/81.0.4044.138 Mobile Safari/537.36"
20.171.207.176 - - [17/Jul/2025:12:21:49 +0000] "GET /search.php?audience239041878.html HTTP/1.1" 200 85958 "-" "Mozilla/5.0 AppleWebKit/537.36 (KHTML, like Gecko; compatible; GPTBot/1.2; +https://openai.com/gptbot)"
20.171.207.176 - - [17/Jul/2025:12:21:51 +0000] "GET /search.php?guy291037358.html HTTP/1.1" 200 87608 "-" "Mozilla/5.0 AppleWebKit/537.36 (KHTML, like Gecko; compatible; GPTBot/1.2; +https://openai.com/gptbot)"
20.171.207.176 - - [17/Jul/2025:12:21:52 +0000] "GET /search.php?ball239041876.html HTTP/1.1" 200 86002 "-" "Mozilla/5.0 AppleWebKit/537.36 (KHTML, like Gecko; compatible; GPTBot/1.2; +https://openai.com/gptbot)"
20.171.207.176 - - [17/Jul/2025:12:21:53 +0000] "GET /search.php?human147039520.html HTTP/1.1" 200 86871 "-" "Mozilla/5.0 AppleWebKit/537.36 (KHTML, like Gecko; compatible; GPTBot/1.2; +https://openai.com/gptbot)"
20.171.207.176 - - [17/Jul/2025:12:21:55 +0000] "GET /search.php?gross239041878.html HTTP/1.1" 200 85933 "-" "Mozilla/5.0 AppleWebKit/537.36 (KHTML, like Gecko; compatible; GPTBot/1.2; +https://openai.com/gptbot)"
45.138.16.113 - - [17/Jul/2025:12:21:55 +0000] "POST /contact-us/ HTTP/1.1" 200 13936 "https://topflowroofingplumbing.com.au/contact-us/#wpcf7-f2293-p2264-o1" "Mozilla/5.0 (Linux; Android 9; VS996) AppleWebKit/537.36 (KHTML, like Gecko) Chrome/81.0.4044.138 Mobile Safari/537.36"
20.171.207.176 - - [17/Jul/2025:12:21:56 +0000] "GET /search.php?devil239007812.html HTTP/1.1" 200 85992 "-" "Mozilla/5.0 AppleWebKit/537.36 (KHTML, like Gecko; compatible; GPTBot/1.2; +https://openai.com/gptbot)"
20.171.207.176 - - [17/Jul/2025:12:21:57 +0000] "GET /search.php?soak078027129.html HTTP/1.1" 200 86355 "-" "Mozilla/5.0 AppleWebKit/537.36 (KHTML, like Gecko; compatible; GPTBot/1.2; +https://openai.com/gptbot)"
45.138.16.113 - - [17/Jul/2025:12:21:58 +0000] "GET /customer-service HTTP/1.1" 301 - "https://topflowroofingplumbing.com.au/customer-service" "Mozilla/5.0 (Linux; Android 9; VS996) AppleWebKit/537.36 (KHTML, like Gecko) Chrome/81.0.4044.138 Mobile Safari/537.36"
20.171.207.176 - - [17/Jul/2025:12:21:58 +0000] "GET /search.php?apology239041876.html HTTP/1.1" 200 85975 "-" "Mozilla/5.0 AppleWebKit/537.36 (KHTML, like Gecko; compatible; GPTBot/1.2; +https://openai.com/gptbot)"
45.138.16.113 - - [17/Jul/2025:12:21:59 +0000] "GET /customer-service/ HTTP/1.1" 200 14405 "https://topflowroofingplumbing.com.au/customer-service" "Mozilla/5.0 (Linux; Android 9; VS996) AppleWebKit/537.36 (KHTML, like Gecko) Chrome/81.0.4044.138 Mobile Safari/537.36"
