Current File : /home/kelaby89/access-logs/kelaby.sixpack.studio |
209.74.77.214 - - [12/Jul/2025:12:24:08 +0000] "POST /wp-cron.php?doing_wp_cron=1752323048.0759229660034179687500 HTTP/1.1" 200 - "-" "WordPress/6.8.1; https://kelaby.company"
151.177.180.31 - - [12/Jul/2025:12:24:07 +0000] "GET /wp-login.php HTTP/1.1" 302 - "" "Mozilla/5.0 (Windows NT 10.0; Win64; x64; rv:137.0) Gecko/20100101 Firefox/137.0"
209.74.77.214 - - [12/Jul/2025:12:25:08 +0000] "POST /wp-cron.php?doing_wp_cron=1752323108.5090279579162597656250 HTTP/1.1" 200 - "-" "WordPress/6.8.1; https://kelaby.company"
149.28.128.19 - - [12/Jul/2025:12:25:08 +0000] "POST /xmlrpc.php HTTP/1.1" 200 225 "-" "Mozilla/5.0 (X11; Ubuntu; Linux x86_64; rv:85.0) Gecko/20100101 Firefox/91.0"
209.74.77.214 - - [12/Jul/2025:12:45:01 +0000] "POST /wp-cron.php?doing_wp_cron=1752324301.5226800441741943359375 HTTP/1.1" 200 - "-" "WordPress/6.8.1; https://kelaby.company"
52.79.150.41 - - [12/Jul/2025:12:45:00 +0000] "GET /wp-login.php HTTP/1.1" 302 - "" "Mozilla/5.0 (Windows NT 10.0; Win64; x64; rv:137.0) Gecko/20100101 Firefox/137.0"
43.153.113.127 - - [12/Jul/2025:12:45:05 +0000] "GET / HTTP/1.1" 301 - "-" "Mozilla/5.0 (iPhone; CPU iPhone OS 13_2_3 like Mac OS X) AppleWebKit/605.1.15 (KHTML, like Gecko) Version/13.0.3 Mobile/15E148 Safari/604.1"
34.219.47.232 - - [12/Jul/2025:13:00:24 +0000] "GET //kelaby.company/wp-content/plugins/elementor-pro/assets/js/elements-handlers.min.js HTTP/1.1" 301 - "-" "Mozilla/5.0 (Windows NT 6.1; WOW64) AppleWebKit/537.36 (KHTML, like Gecko) Chrome/74.0.3729.131 Safari/537.36"
173.208.198.210 - - [12/Jul/2025:13:04:08 +0000] "GET /?testPage HTTP/1.1" 200 78 "-" "Mozilla/5.0 (compatible; Googlebot/2.1; +http://www.google.com/bot.html)"
209.74.77.214 - - [12/Jul/2025:13:04:11 +0000] "POST /wp-cron.php?doing_wp_cron=1752325450.9759979248046875000000 HTTP/1.1" 200 - "-" "WordPress/6.8.1; https://kelaby.company"
173.208.198.210 - - [12/Jul/2025:13:04:09 +0000] "GET /?testPage HTTP/1.1" 301 - "-" "Mozilla/5.0 (Windows NT 10.0; Win64; x64) AppleWebKit/537.36 (KHTML, like Gecko) Chrome/125.0.0.0 Safari/537.36"
209.74.77.214 - - [12/Jul/2025:14:46:52 +0000] "POST /wp-cron.php?doing_wp_cron=1752331611.9460999965667724609375 HTTP/1.1" 200 - "-" "WordPress/6.8.1; https://kelaby.company"
182.44.12.37 - - [12/Jul/2025:14:46:50 +0000] "GET / HTTP/1.1" 301 - "-" "Mozilla/5.0 (iPhone; CPU iPhone OS 13_2_3 like Mac OS X) AppleWebKit/605.1.15 (KHTML, like Gecko) Version/13.0.3 Mobile/15E148 Safari/604.1"
209.74.77.214 - - [12/Jul/2025:14:52:01 +0000] "POST /wp-cron.php?doing_wp_cron=1752331921.3071310520172119140625 HTTP/1.1" 200 - "-" "WordPress/6.8.1; https://kelaby.company"
74.81.43.210 - - [12/Jul/2025:14:52:01 +0000] "POST /xmlrpc.php HTTP/1.1" 200 225 "-" "Mozilla/5.0 (X11; Ubuntu; Linux x86_64; rv:85.0) Gecko/20100101 Firefox/91.0"
209.74.77.214 - - [12/Jul/2025:14:55:45 +0000] "POST /wp-cron.php?doing_wp_cron=1752332144.9681239128112792968750 HTTP/1.1" 200 - "-" "WordPress/6.8.1; https://kelaby.company"
176.100.103.10 - - [12/Jul/2025:14:55:44 +0000] "GET /wp-login.php HTTP/1.1" 302 - "" "Mozilla/5.0 (Windows NT 10.0; Win64; x64; rv:137.0) Gecko/20100101 Firefox/137.0"
209.74.77.214 - - [12/Jul/2025:15:06:15 +0000] "POST /wp-cron.php?doing_wp_cron=1752332775.3909089565277099609375 HTTP/1.1" 200 - "-" "WordPress/6.8.1; https://kelaby.company"
20.188.8.85 - - [12/Jul/2025:15:06:15 +0000] "GET /wp-content/plugins/hellopress/wp_filemanager.php HTTP/1.1" 404 16372 "-" "-"
20.188.8.85 - - [12/Jul/2025:15:06:16 +0000] "GET /file.php HTTP/1.1" 404 16373 "-" "-"
20.188.8.85 - - [12/Jul/2025:15:06:16 +0000] "GET /moon.php HTTP/1.1" 404 16372 "-" "-"
209.74.77.214 - - [12/Jul/2025:15:06:17 +0000] "POST /wp-cron.php?doing_wp_cron=1752332777.4516780376434326171875 HTTP/1.1" 200 - "-" "WordPress/6.8.1; https://kelaby.company"
20.188.8.85 - - [12/Jul/2025:15:06:17 +0000] "GET /admin.php HTTP/1.1" 404 16372 "-" "-"
20.188.8.85 - - [12/Jul/2025:15:06:18 +0000] "GET /radio.php HTTP/1.1" 404 16372 "-" "-"
20.188.8.85 - - [12/Jul/2025:15:06:18 +0000] "GET /log.php HTTP/1.1" 404 16372 "-" "-"
20.188.8.85 - - [12/Jul/2025:15:06:19 +0000] "GET /wp-trackback.php HTTP/1.1" 404 130 "-" "-"
20.188.8.85 - - [12/Jul/2025:15:06:19 +0000] "GET /wp-content/dropdown.php HTTP/1.1" 404 16373 "-" "-"
20.188.8.85 - - [12/Jul/2025:15:06:20 +0000] "GET /wp-includes/index.php HTTP/1.1" 301 - "-" "-"
20.188.8.85 - - [12/Jul/2025:15:06:20 +0000] "GET /wp-includes/ HTTP/1.1" 404 16372 "-" "-"
20.188.8.85 - - [12/Jul/2025:15:06:21 +0000] "GET /simple.php HTTP/1.1" 404 16372 "-" "-"
20.188.8.85 - - [12/Jul/2025:15:06:21 +0000] "GET /about.php HTTP/1.1" 404 16372 "-" "-"
20.188.8.85 - - [12/Jul/2025:15:06:22 +0000] "GET /404.php HTTP/1.1" 404 16372 "-" "-"
20.188.8.85 - - [12/Jul/2025:15:06:23 +0000] "GET /admin/function.php HTTP/1.1" 404 16372 "-" "-"
20.188.8.85 - - [12/Jul/2025:15:06:23 +0000] "GET /wp-includes/assets/about.php HTTP/1.1" 404 16373 "-" "-"
20.188.8.85 - - [12/Jul/2025:15:06:24 +0000] "GET /wp-includes/assets/index.php HTTP/1.1" 301 - "-" "-"
20.188.8.85 - - [12/Jul/2025:15:06:24 +0000] "GET /wp-includes/assets/ HTTP/1.1" 404 16373 "-" "-"
20.188.8.85 - - [12/Jul/2025:15:06:25 +0000] "GET /info.php HTTP/1.1" 404 16373 "-" "-"
20.188.8.85 - - [12/Jul/2025:15:06:25 +0000] "GET /modules/mod_simplefileuploadv1.3/elements/filemanager.php HTTP/1.1" 404 16372 "-" "-"
20.188.8.85 - - [12/Jul/2025:15:06:26 +0000] "GET /config.php HTTP/1.1" 404 16373 "-" "-"
20.188.8.85 - - [12/Jul/2025:15:06:27 +0000] "GET /wp-admin/js/index.php HTTP/1.1" 301 - "-" "-"
20.188.8.85 - - [12/Jul/2025:15:06:27 +0000] "GET /wp-admin/js/ HTTP/1.1" 404 16373 "-" "-"
20.188.8.85 - - [12/Jul/2025:15:06:28 +0000] "GET /fm.php HTTP/1.1" 404 16373 "-" "-"
20.188.8.85 - - [12/Jul/2025:15:06:28 +0000] "GET /wp-admin/js/widgets/index.php HTTP/1.1" 301 - "-" "-"
20.188.8.85 - - [12/Jul/2025:15:06:29 +0000] "GET /wp-admin/js/widgets/ HTTP/1.1" 404 16372 "-" "-"
20.188.8.85 - - [12/Jul/2025:15:06:29 +0000] "GET /ty.php HTTP/1.1" 404 16373 "-" "-"
20.188.8.85 - - [12/Jul/2025:15:06:30 +0000] "GET /wp-includes/assets/admin.php HTTP/1.1" 404 16373 "-" "-"
20.188.8.85 - - [12/Jul/2025:15:06:31 +0000] "GET /wp-includes/fonts/admin.php HTTP/1.1" 404 16373 "-" "-"
20.188.8.85 - - [12/Jul/2025:15:06:31 +0000] "GET /403.php HTTP/1.1" 404 16373 "-" "-"
20.188.8.85 - - [12/Jul/2025:15:06:32 +0000] "GET /as.php HTTP/1.1" 404 16373 "-" "-"
20.188.8.85 - - [12/Jul/2025:15:06:32 +0000] "GET /wp-includes/Text/network.php HTTP/1.1" 404 16372 "-" "-"
20.188.8.85 - - [12/Jul/2025:15:06:33 +0000] "GET /index/function.php HTTP/1.1" 404 16373 "-" "-"
20.188.8.85 - - [12/Jul/2025:15:06:34 +0000] "GET /wp-content/themes/include.php HTTP/1.1" 404 16373 "-" "-"
20.188.8.85 - - [12/Jul/2025:15:06:34 +0000] "GET /alfa.php HTTP/1.1" 404 16372 "-" "-"
20.188.8.85 - - [12/Jul/2025:15:06:35 +0000] "GET /wp-content/upgrade-temp-backup/wp-login.php HTTP/1.1" 404 16373 "-" "-"
20.188.8.85 - - [12/Jul/2025:15:06:38 +0000] "GET /css.php HTTP/1.1" 404 16372 "-" "-"
20.188.8.85 - - [12/Jul/2025:15:06:41 +0000] "GET /wp-content/themes/plugin.php HTTP/1.1" 404 16373 "-" "-"
20.188.8.85 - - [12/Jul/2025:15:06:42 +0000] "GET /wp-admin/includes/index.php HTTP/1.1" 301 - "-" "-"
20.188.8.85 - - [12/Jul/2025:15:06:42 +0000] "GET /wp-admin/includes/ HTTP/1.1" 404 16372 "-" "-"
20.188.8.85 - - [12/Jul/2025:15:06:43 +0000] "GET /index.php HTTP/1.1" 301 - "-" "-"
20.188.8.85 - - [12/Jul/2025:15:06:45 +0000] "GET /classwithtostring.php HTTP/1.1" 404 16372 "-" "-"
20.188.8.85 - - [12/Jul/2025:15:06:45 +0000] "GET /autoload_classmap.php HTTP/1.1" 404 16373 "-" "-"
20.188.8.85 - - [12/Jul/2025:15:06:46 +0000] "GET /item.php HTTP/1.1" 404 16373 "-" "-"
20.188.8.85 - - [12/Jul/2025:15:06:46 +0000] "GET /ini.php HTTP/1.1" 404 16373 "-" "-"
20.188.8.85 - - [12/Jul/2025:15:06:47 +0000] "GET /default.php HTTP/1.1" 404 16372 "-" "-"
20.188.8.85 - - [12/Jul/2025:15:06:48 +0000] "GET /wp-admin/network/about.php HTTP/1.1" 404 16372 "-" "-"
20.188.8.85 - - [12/Jul/2025:15:06:48 +0000] "GET /ok.php HTTP/1.1" 404 16373 "-" "-"
20.188.8.85 - - [12/Jul/2025:15:06:49 +0000] "GET /wp-content/plugins/seoplugins/mar.php HTTP/1.1" 404 16373 "-" "-"
20.188.8.85 - - [12/Jul/2025:15:06:50 +0000] "GET /wp-content/themes/astra/inc/ki1k.php HTTP/1.1" 404 16372 "-" "-"
20.188.8.85 - - [12/Jul/2025:15:06:50 +0000] "GET /inputs.php HTTP/1.1" 404 16372 "-" "-"
20.188.8.85 - - [12/Jul/2025:15:06:51 +0000] "GET /1.php HTTP/1.1" 404 16372 "-" "-"
20.188.8.85 - - [12/Jul/2025:15:06:51 +0000] "GET /infoo.php HTTP/1.1" 404 16372 "-" "-"
20.188.8.85 - - [12/Jul/2025:15:06:52 +0000] "GET /cong.php HTTP/1.1" 404 16372 "-" "-"
20.188.8.85 - - [12/Jul/2025:15:06:53 +0000] "GET /wp-admin/css/colors/ectoplasm/wp-login.php HTTP/1.1" 404 16373 "-" "-"
20.188.8.85 - - [12/Jul/2025:15:06:53 +0000] "GET /wp-content/plugins/dummyyummy/wp-signup.php HTTP/1.1" 404 16372 "-" "-"
20.188.8.85 - - [12/Jul/2025:15:06:54 +0000] "GET /wp-content/uploads/wp-conflg.php HTTP/1.1" 404 16372 "-" "-"
20.188.8.85 - - [12/Jul/2025:15:06:55 +0000] "GET /wp-includes/js/codemirror/about.php HTTP/1.1" 404 16373 "-" "-"
20.188.8.85 - - [12/Jul/2025:15:06:55 +0000] "GET /wp-content/themes/index.php HTTP/1.1" 200 - "-" "-"
20.188.8.85 - - [12/Jul/2025:15:06:55 +0000] "GET /wp-includes/css/dist/preferences/index.php HTTP/1.1" 301 - "-" "-"
20.188.8.85 - - [12/Jul/2025:15:06:56 +0000] "GET /wp-includes/css/dist/preferences/ HTTP/1.1" 404 16373 "-" "-"
20.188.8.85 - - [12/Jul/2025:15:06:56 +0000] "GET /wp-admin/css/colors/blue/index.php HTTP/1.1" 301 - "-" "-"
20.188.8.85 - - [12/Jul/2025:15:06:57 +0000] "GET /wp-admin/css/colors/blue/ HTTP/1.1" 404 16373 "-" "-"
20.188.8.85 - - [12/Jul/2025:15:06:57 +0000] "GET /wp-content/index.php HTTP/1.1" 200 - "-" "-"
20.188.8.85 - - [12/Jul/2025:15:06:58 +0000] "GET /css/colors/blue/atomlib.php HTTP/1.1" 404 16373 "-" "-"
20.188.8.85 - - [12/Jul/2025:15:06:58 +0000] "GET /wp-admin/maint/about.php HTTP/1.1" 404 16372 "-" "-"
20.188.8.85 - - [12/Jul/2025:15:06:59 +0000] "GET /wp-includes/assets/themes.php HTTP/1.1" 404 16373 "-" "-"
20.188.8.85 - - [12/Jul/2025:15:06:59 +0000] "GET /shell.php HTTP/1.1" 404 16373 "-" "-"
20.188.8.85 - - [12/Jul/2025:15:07:00 +0000] "GET /install.php HTTP/1.1" 404 16372 "-" "-"
209.74.77.214 - - [12/Jul/2025:15:07:01 +0000] "POST /wp-cron.php?doing_wp_cron=1752332821.4000430107116699218750 HTTP/1.1" 200 - "-" "WordPress/6.8.1; https://kelaby.company"
20.188.8.85 - - [12/Jul/2025:15:07:01 +0000] "GET /wp-content/languages/chosen.php HTTP/1.1" 404 16373 "-" "-"
20.188.8.85 - - [12/Jul/2025:15:07:02 +0000] "GET /wp-content/plugins/seoplugins/index.php HTTP/1.1" 301 - "-" "-"
20.188.8.85 - - [12/Jul/2025:15:07:02 +0000] "GET /wp-content/plugins/seoplugins/ HTTP/1.1" 404 16372 "-" "-"
20.188.8.85 - - [12/Jul/2025:15:07:03 +0000] "GET /wp-includes/html-api/wp-conflg.php HTTP/1.1" 404 16372 "-" "-"
20.188.8.85 - - [12/Jul/2025:15:07:03 +0000] "GET /wp-admin/js/wp-conflg.php HTTP/1.1" 404 16372 "-" "-"
20.188.8.85 - - [12/Jul/2025:15:07:04 +0000] "GET /wp-content/packed.php HTTP/1.1" 404 16372 "-" "-"
20.188.8.85 - - [12/Jul/2025:15:07:04 +0000] "GET /assets/images/doc.php HTTP/1.1" 404 16373 "-" "-"
20.188.8.85 - - [12/Jul/2025:15:07:05 +0000] "GET /wp.php HTTP/1.1" 404 16372 "-" "-"
20.188.8.85 - - [12/Jul/2025:15:07:06 +0000] "GET /wp-content/themes/file.php HTTP/1.1" 404 16372 "-" "-"
20.188.8.85 - - [12/Jul/2025:15:07:06 +0000] "GET /wp-content/plugins/revslider/includes/external/page/index.php HTTP/1.1" 301 - "-" "-"
20.188.8.85 - - [12/Jul/2025:15:07:07 +0000] "GET /wp-content/plugins/revslider/includes/external/page/ HTTP/1.1" 404 16372 "-" "-"
20.188.8.85 - - [12/Jul/2025:15:07:07 +0000] "GET /m.php HTTP/1.1" 404 16371 "-" "-"
20.188.8.85 - - [12/Jul/2025:15:07:08 +0000] "GET /wp-includes/blocks/wp-conflg.php HTTP/1.1" 404 16373 "-" "-"
20.188.8.85 - - [12/Jul/2025:15:07:09 +0000] "GET /themes.php HTTP/1.1" 404 16372 "-" "-"
20.188.8.85 - - [12/Jul/2025:15:07:09 +0000] "GET /manager.php HTTP/1.1" 404 16372 "-" "-"
20.188.8.85 - - [12/Jul/2025:15:07:10 +0000] "GET /x.php HTTP/1.1" 404 16372 "-" "-"
20.188.8.85 - - [12/Jul/2025:15:07:10 +0000] "GET /wp-includes/ID3/autoload_classmap.php HTTP/1.1" 404 16372 "-" "-"
20.188.8.85 - - [12/Jul/2025:15:07:11 +0000] "GET /muse.php HTTP/1.1" 404 16372 "-" "-"
20.188.8.85 - - [12/Jul/2025:15:07:13 +0000] "GET /alfa-rex2.php HTTP/1.1" 404 16372 "-" "-"
20.188.8.85 - - [12/Jul/2025:15:07:14 +0000] "GET /wp-content/uploads/json.php HTTP/1.1" 404 16372 "-" "-"
20.188.8.85 - - [12/Jul/2025:15:07:14 +0000] "GET /xmrlpc.php HTTP/1.1" 404 16372 "-" "-"
20.188.8.85 - - [12/Jul/2025:15:07:15 +0000] "GET /post.php HTTP/1.1" 404 16373 "-" "-"
20.188.8.85 - - [12/Jul/2025:15:07:16 +0000] "GET /cgi-bin/upfile.php HTTP/1.1" 404 16373 "-" "-"
20.188.8.85 - - [12/Jul/2025:15:07:16 +0000] "GET /wp-content/uploads/index.php HTTP/1.1" 301 - "-" "-"
209.74.77.214 - - [12/Jul/2025:15:07:17 +0000] "POST /wp-cron.php?doing_wp_cron=1752332837.2237110137939453125000 HTTP/1.1" 200 - "-" "WordPress/6.8.1; https://kelaby.company"
20.188.8.85 - - [12/Jul/2025:15:07:17 +0000] "GET /wp-content/uploads/ HTTP/1.1" 404 16371 "-" "-"
20.188.8.85 - - [12/Jul/2025:15:07:17 +0000] "GET /wp-admin/user/chosen.php HTTP/1.1" 404 16373 "-" "-"
20.188.8.85 - - [12/Jul/2025:15:07:18 +0000] "GET /news.php HTTP/1.1" 404 16373 "-" "-"
20.188.8.85 - - [12/Jul/2025:15:07:19 +0000] "GET /wp-admin/wp-conflg.php HTTP/1.1" 404 16373 "-" "-"
20.188.8.85 - - [12/Jul/2025:15:07:19 +0000] "GET /wp-content/uploads/2024/index.php HTTP/1.1" 301 - "-" "-"
20.188.8.85 - - [12/Jul/2025:15:07:20 +0000] "GET /wp-content/uploads/2024/ HTTP/1.1" 404 16372 "-" "-"
20.188.8.85 - - [12/Jul/2025:15:07:20 +0000] "GET /wp-includes/images/smilies/index.php HTTP/1.1" 301 - "-" "-"
20.188.8.85 - - [12/Jul/2025:15:07:21 +0000] "GET /wp-includes/images/smilies/ HTTP/1.1" 404 16373 "-" "-"
20.188.8.85 - - [12/Jul/2025:15:07:21 +0000] "GET /plugins.php HTTP/1.1" 404 16372 "-" "-"
20.188.8.85 - - [12/Jul/2025:15:07:22 +0000] "GET /chosen.php HTTP/1.1" 404 16372 "-" "-"
20.188.8.85 - - [12/Jul/2025:15:07:23 +0000] "GET /wp-includes/ID3/index.php HTTP/1.1" 301 - "-" "-"
20.188.8.85 - - [12/Jul/2025:15:07:23 +0000] "GET /wp-includes/ID3/ HTTP/1.1" 404 16372 "-" "-"
20.188.8.85 - - [12/Jul/2025:15:07:23 +0000] "GET /images/admin.php HTTP/1.1" 404 16372 "-" "-"
20.188.8.85 - - [12/Jul/2025:15:07:25 +0000] "GET /edit.php HTTP/1.1" 404 16373 "-" "-"
20.188.8.85 - - [12/Jul/2025:15:07:25 +0000] "GET /wp-admin/user/admin.php HTTP/1.1" 302 - "-" "-"
20.188.8.85 - - [12/Jul/2025:15:07:26 +0000] "GET /wp-admin/css/colors/index.php HTTP/1.1" 301 - "-" "-"
20.188.8.85 - - [12/Jul/2025:15:07:27 +0000] "GET /wp-admin/css/colors/ HTTP/1.1" 404 16373 "-" "-"
20.188.8.85 - - [12/Jul/2025:15:07:27 +0000] "GET /makeasmtp.php HTTP/1.1" 404 16372 "-" "-"
20.188.8.85 - - [12/Jul/2025:15:07:28 +0000] "GET /wp-content/plugins/seoo/wsoyanz.php HTTP/1.1" 404 16373 "-" "-"
20.188.8.85 - - [12/Jul/2025:15:07:29 +0000] "GET /wp-admin/network/chosen.php HTTP/1.1" 404 16373 "-" "-"
20.188.8.85 - - [12/Jul/2025:15:07:29 +0000] "GET /wp-includes/sodium_compat/autoload_classmap.php HTTP/1.1" 404 16372 "-" "-"
20.188.8.85 - - [12/Jul/2025:15:07:30 +0000] "GET /wp-includes/images/smilies/about.php HTTP/1.1" 404 16372 "-" "-"
20.188.8.85 - - [12/Jul/2025:15:07:31 +0000] "GET /wp-includes/autoload_classmap.php HTTP/1.1" 404 16372 "-" "-"
20.188.8.85 - - [12/Jul/2025:15:07:31 +0000] "GET /wp-admin/network/index.php HTTP/1.1" 302 - "-" "-"
20.188.8.85 - - [12/Jul/2025:15:07:32 +0000] "GET /wp-admin/images/index.php HTTP/1.1" 301 - "-" "-"
20.188.8.85 - - [12/Jul/2025:15:07:33 +0000] "GET /wp-admin/images/ HTTP/1.1" 404 16373 "-" "-"
20.188.8.85 - - [12/Jul/2025:15:07:33 +0000] "GET /wp-admin/yindu.php HTTP/1.1" 404 16372 "-" "-"
2607:a400:5:81::2 - - [12/Jul/2025:15:08:00 +0000] "GET / HTTP/1.1" 301 - "-" "Mozilla/5.0 (Windows NT 10.0; WOW64) AppleWebKit/537.36 (KHTML, like Gecko) Chrome/66.0.3359.117 Safari/537.36"
2607:a400:5:81::3 - - [12/Jul/2025:15:08:02 +0000] "GET / HTTP/1.1" 301 - "-" "Mozilla/5.0 (Windows NT 10.0; WOW64) AppleWebKit/537.36 (KHTML, like Gecko) Chrome/66.0.3359.117 Safari/537.36"
209.74.77.214 - - [12/Jul/2025:15:54:53 +0000] "POST /wp-cron.php?doing_wp_cron=1752335693.1103680133819580078125 HTTP/1.1" 200 - "-" "WordPress/6.8.1; https://kelaby.company"
45.87.174.102 - - [12/Jul/2025:15:54:53 +0000] "GET /wp-login.php HTTP/1.1" 302 - "" "Mozilla/5.0 (Windows NT 10.0; Win64; x64; rv:137.0) Gecko/20100101 Firefox/137.0"
209.74.77.214 - - [12/Jul/2025:15:58:00 +0000] "POST /wp-cron.php?doing_wp_cron=1752335879.9474220275878906250000 HTTP/1.1" 200 - "-" "WordPress/6.8.1; https://kelaby.company"
162.62.231.139 - - [12/Jul/2025:15:57:59 +0000] "GET / HTTP/1.1" 301 - "-" "Mozilla/5.0 (iPhone; CPU iPhone OS 13_2_3 like Mac OS X) AppleWebKit/605.1.15 (KHTML, like Gecko) Version/13.0.3 Mobile/15E148 Safari/604.1"
209.74.77.214 - - [12/Jul/2025:17:12:23 +0000] "POST /wp-cron.php?doing_wp_cron=1752340343.0092809200286865234375 HTTP/1.1" 200 - "-" "WordPress/6.8.1; https://kelaby.company"
185.177.72.104 - - [12/Jul/2025:17:12:22 +0000] "GET /.git/config HTTP/1.1" 404 16372 "-" "Mozilla/5.0 (Windows NT 10.0; Win64; x64) AppleWebKit/537.36 (KHTML, like Gecko) Chrome/91.0.4472.124 Safari/537.36"
209.74.77.214 - - [12/Jul/2025:17:15:30 +0000] "POST /wp-cron.php?doing_wp_cron=1752340530.2959580421447753906250 HTTP/1.1" 200 - "-" "WordPress/6.8.1; https://kelaby.company"
212.147.5.172 - - [12/Jul/2025:17:15:30 +0000] "POST /xmlrpc.php HTTP/1.1" 200 225 "-" "Mozilla/5.0 (X11; Ubuntu; Linux x86_64; rv:85.0) Gecko/20100101 Firefox/91.0"
2a03:2880:11ff:3:: - - [12/Jul/2025:18:16:48 +0000] "GET /robots.txt HTTP/1.1" 200 83 "-" "facebookexternalhit/1.1 (+http://www.facebook.com/externalhit_uatext.php)"
209.74.77.214 - - [12/Jul/2025:18:16:49 +0000] "POST /wp-cron.php?doing_wp_cron=1752344209.0167028903961181640625 HTTP/1.1" 200 - "-" "WordPress/6.8.1; https://kelaby.company"
2a03:2880:11ff:9:: - - [12/Jul/2025:18:16:48 +0000] "GET / HTTP/1.1" 301 - "-" "facebookexternalhit/1.1 (+http://www.facebook.com/externalhit_uatext.php)"
2a03:2880:11ff:71:: - - [12/Jul/2025:18:16:49 +0000] "GET / HTTP/1.1" 301 - "-" "facebookexternalhit/1.1 (+http://www.facebook.com/externalhit_uatext.php)"
209.74.77.214 - - [12/Jul/2025:18:19:18 +0000] "POST /wp-cron.php?doing_wp_cron=1752344358.0612521171569824218750 HTTP/1.1" 200 - "-" "WordPress/6.8.1; https://kelaby.company"
2a03:2880:ff:70:: - - [12/Jul/2025:18:19:17 +0000] "GET /?fbclid=IwZXh0bgNhZW0CMTEAAR5sYyFoFQpqkxzh_Trq5KtY4gNUbSfmSs8A4vjW92GoLugSj9cwvY2-rlU3MA_aem_12e6Q7mLy8UNDyaFmsFr0Q HTTP/1.1" 301 - "-" "Mozilla/5.0 (X11; Linux x86_64) AppleWebKit/537.36 (KHTML, like Gecko) Chrome/138.0.0.0 Safari/537.36"
209.74.77.214 - - [12/Jul/2025:18:23:11 +0000] "POST /wp-cron.php?doing_wp_cron=1752344591.8316910266876220703125 HTTP/1.1" 200 - "-" "WordPress/6.8.1; https://kelaby.company"
68.183.129.11 - - [12/Jul/2025:18:23:11 +0000] "GET / HTTP/1.1" 301 - "-" "curl/7.88.1"
209.74.77.214 - - [12/Jul/2025:18:24:57 +0000] "POST /wp-cron.php?doing_wp_cron=1752344697.1611380577087402343750 HTTP/1.1" 200 - "-" "WordPress/6.8.1; https://kelaby.company"
103.152.79.201 - - [12/Jul/2025:18:24:57 +0000] "POST /xmlrpc.php HTTP/1.1" 200 225 "-" "Mozilla/5.0 (X11; Ubuntu; Linux x86_64; rv:85.0) Gecko/20100101 Firefox/91.0"
209.74.77.214 - - [12/Jul/2025:19:01:48 +0000] "POST /wp-cron.php?doing_wp_cron=1752346908.3044459819793701171875 HTTP/1.1" 200 - "-" "WordPress/6.8.1; https://kelaby.company"
92.205.212.113 - - [12/Jul/2025:19:01:48 +0000] "GET /wp-login.php HTTP/1.1" 302 - "" "Mozilla/5.0 (Windows NT 10.0; Win64; x64; rv:137.0) Gecko/20100101 Firefox/137.0"
209.74.77.214 - - [12/Jul/2025:19:34:59 +0000] "POST /wp-cron.php?doing_wp_cron=1752348899.6544420719146728515625 HTTP/1.1" 200 - "-" "WordPress/6.8.1; https://kelaby.company"
172.236.227.47 - - [12/Jul/2025:19:34:59 +0000] "GET /sftp-config.json HTTP/1.1" 404 16372 "-" "Mozilla/5.0 (Macintosh; Intel Mac OS X 10.15; rv:77.0) Gecko/20100101 Firefox/77.0"
172.236.227.47 - - [12/Jul/2025:19:35:00 +0000] "GET /.vscode/sftp.json HTTP/1.1" 404 16371 "-" "Mozilla/5.0 (Macintosh; Intel Mac OS X 10.15; rv:77.0) Gecko/20100101 Firefox/77.0"
209.74.77.214 - - [12/Jul/2025:19:38:00 +0000] "POST /wp-cron.php?doing_wp_cron=1752349080.1672639846801757812500 HTTP/1.1" 200 - "-" "WordPress/6.8.1; https://kelaby.company"
2406:5900:3:6742:a626:bc21:b549:12f8 - - [12/Jul/2025:19:38:00 +0000] "POST /xmlrpc.php HTTP/1.1" 200 225 "-" "Mozilla/5.0 (X11; Ubuntu; Linux x86_64; rv:85.0) Gecko/20100101 Firefox/91.0"
209.74.77.214 - - [12/Jul/2025:20:29:03 +0000] "POST /wp-cron.php?doing_wp_cron=1752352143.1656188964843750000000 HTTP/1.1" 200 - "-" "WordPress/6.8.1; https://kelaby.company"
51.15.159.20 - - [12/Jul/2025:20:29:03 +0000] "GET /wp-login.php HTTP/1.1" 302 - "" "Mozilla/5.0 (Windows NT 10.0; Win64; x64; rv:137.0) Gecko/20100101 Firefox/137.0"
40.113.19.49 - - [12/Jul/2025:21:03:02 +0000] "GET /html.php HTTP/1.1" 503 - "-" "-"
170.106.72.178 - - [12/Jul/2025:21:03:02 +0000] "GET / HTTP/1.1" 500 1004 "-" "Mozilla/5.0 (iPhone; CPU iPhone OS 13_2_3 like Mac OS X) AppleWebKit/605.1.15 (KHTML, like Gecko) Version/13.0.3 Mobile/15E148 Safari/604.1"
114.117.233.112 - - [12/Jul/2025:20:58:56 +0000] "GET / HTTP/1.1" 500 1004 "-" "Mozilla/5.0 (iPhone; CPU iPhone OS 13_2_3 like Mac OS X) AppleWebKit/605.1.15 (KHTML, like Gecko) Version/13.0.3 Mobile/15E148 Safari/604.1"
209.74.77.214 - - [12/Jul/2025:21:06:33 +0000] "POST /wp-cron.php?doing_wp_cron=1752354393.6672220230102539062500 HTTP/1.1" 200 - "-" "WordPress/6.8.1; https://kelaby.company"
202.131.117.90 - - [12/Jul/2025:21:06:32 +0000] "POST /xmlrpc.php HTTP/1.1" 200 225 "-" "Mozilla/5.0 (X11; Ubuntu; Linux x86_64; rv:85.0) Gecko/20100101 Firefox/91.0"
66.249.79.225 - - [12/Jul/2025:21:21:24 +0000] "GET /robots.txt HTTP/1.1" 200 87 "-" "Mozilla/5.0 (compatible; Googlebot/2.1; +http://www.google.com/bot.html)"
66.249.79.226 - - [12/Jul/2025:21:21:26 +0000] "GET /?h=5673291021960&mod=4b3da53a&uri=search.php%3Fid%3D189430-308%26name%3Djoules+sweatshirts HTTP/1.1" 200 22202 "-" "Mozilla/5.0 (Linux; Android 6.0.1; Nexus 5X Build/MMB29P) AppleWebKit/537.36 (KHTML, like Gecko) Chrome/137.0.7151.103 Mobile Safari/537.36 (compatible; Googlebot/2.1; +http://www.google.com/bot.html)"
66.249.79.226 - - [12/Jul/2025:21:47:04 +0000] "GET /?h=65436239021960&mod=f8cd71b7&uri=form.php%3Fid%3D2183654-328%26name%3Dwanderschuh+renegade HTTP/1.1" 200 22415 "-" "Mozilla/5.0 (Linux; Android 6.0.1; Nexus 5X Build/MMB29P) AppleWebKit/537.36 (KHTML, like Gecko) Chrome/137.0.7151.103 Mobile Safari/537.36 (compatible; Googlebot/2.1; +http://www.google.com/bot.html)"
66.249.79.226 - - [12/Jul/2025:21:47:16 +0000] "POST /get-message-notify HTTP/1.1" 200 20947 "http://www.kelaby.company/?h=65436239021960&mod=f8cd71b7&uri=form.php%3Fid%3D2183654-328%26name%3Dwanderschuh+renegade" "Mozilla/5.0 (Linux; Android 6.0.1; Nexus 5X Build/MMB29P) AppleWebKit/537.36 (KHTML, like Gecko) Chrome/137.0.7151.119 Mobile Safari/537.36 (compatible; Googlebot/2.1; +http://www.google.com/bot.html)"
66.249.79.227 - - [12/Jul/2025:22:12:42 +0000] "GET /?h=5675691021960&mod=4b3da53a&uri=goods.php%3Fid%3D189510-308%26name%3Dbugs+bunny+and+lola+sweatshirt HTTP/1.1" 200 22653 "-" "Mozilla/5.0 (Linux; Android 6.0.1; Nexus 5X Build/MMB29P) AppleWebKit/537.36 (KHTML, like Gecko) Chrome/137.0.7151.103 Mobile Safari/537.36 (compatible; Googlebot/2.1; +http://www.google.com/bot.html)"
209.74.77.214 - - [12/Jul/2025:22:15:26 +0000] "POST /wp-cron.php?doing_wp_cron=1752358525.9746310710906982421875 HTTP/1.1" 200 - "-" "WordPress/6.8.1; https://kelaby.company"
2607:9000:9000:13::b47e - - [12/Jul/2025:22:15:25 +0000] "HEAD / HTTP/1.1" 301 - "https://www.google.com/" "Mozilla/5.0 (Windows NT 10.0; Win64; x64) AppleWebKit/537.36"
35.150.45.130 - - [12/Jul/2025:22:15:27 +0000] "HEAD / HTTP/1.1" 301 - "https://www.google.com/" "Mozilla/5.0 (Windows NT 10.0; Win64; x64) AppleWebKit/537.36"
66.249.79.238 - - [12/Jul/2025:22:26:45 +0000] "GET /?h=5596080031960&mod=e38b7566&uri=itm.php%3Fid%3D186819-331%26name%3Dnike+joyride+cc3+shoes HTTP/1.1" 200 21793 "-" "Mozilla/5.0 (Linux; Android 6.0.1; Nexus 5X Build/MMB29P) AppleWebKit/537.36 (KHTML, like Gecko) Chrome/137.0.7151.103 Mobile Safari/537.36 (compatible; Googlebot/2.1; +http://www.google.com/bot.html)"
66.249.79.238 - - [12/Jul/2025:22:28:25 +0000] "POST /get-message-notify HTTP/1.1" 200 20947 "http://www.kelaby.company/?h=5596080031960&mod=e38b7566&uri=itm.php%3Fid%3D186819-331%26name%3Dnike+joyride+cc3+shoes" "Mozilla/5.0 (Linux; Android 6.0.1; Nexus 5X Build/MMB29P) AppleWebKit/537.36 (KHTML, like Gecko) Chrome/137.0.7151.119 Mobile Safari/537.36 (compatible; Googlebot/2.1; +http://www.google.com/bot.html)"
209.74.77.214 - - [12/Jul/2025:22:34:32 +0000] "POST /wp-cron.php?doing_wp_cron=1752359672.8699939250946044921875 HTTP/1.1" 200 - "-" "WordPress/6.8.1; https://kelaby.company"
50.6.206.128 - - [12/Jul/2025:22:34:32 +0000] "GET /admin/ HTTP/1.1" 302 - "-" "Mozilla/5.0 (Windows NT 10.0; Win64; x64)"
66.249.79.237 - - [12/Jul/2025:22:45:02 +0000] "GET /?h=5662491021960&mod=5ea1e18a&uri=shop.php%3Fid%3D189070-310%26name%3Dasus+strix+rog+rtx+3080 HTTP/1.1" 200 21690 "-" "Mozilla/5.0 (Linux; Android 6.0.1; Nexus 5X Build/MMB29P) AppleWebKit/537.36 (KHTML, like Gecko) Chrome/137.0.7151.103 Mobile Safari/537.36 (compatible; Googlebot/2.1; +http://www.google.com/bot.html)"
209.74.77.214 - - [12/Jul/2025:22:46:50 +0000] "POST /wp-cron.php?doing_wp_cron=1752360410.7038478851318359375000 HTTP/1.1" 200 - "-" "WordPress/6.8.1; https://kelaby.company"
185.177.72.202 - - [12/Jul/2025:22:46:50 +0000] "GET /.git/HEAD HTTP/1.1" 404 16373 "-" "-"
185.177.72.202 - - [12/Jul/2025:22:46:56 +0000] "GET /.aws/config HTTP/1.1" 404 16373 "-" "Mozilla/5.0 (Windows NT 10.0; Win64; x64) AppleWebKit/537.36 (KHTML, like Gecko) Chrome/91.0.4472.124 Safari/537.36"
185.177.72.202 - - [12/Jul/2025:22:46:56 +0000] "GET /.aws/credentials HTTP/1.1" 404 16373 "-" "Mozilla/5.0 (Windows NT 10.0; Win64; x64) AppleWebKit/537.36 (KHTML, like Gecko) Chrome/91.0.4472.124 Safari/537.36"
185.177.72.202 - - [12/Jul/2025:22:46:58 +0000] "GET /.AWS_/credentials HTTP/1.1" 404 16372 "-" "Mozilla/5.0 (Windows NT 10.0; Win64; x64) AppleWebKit/537.36 (KHTML, like Gecko) Chrome/91.0.4472.124 Safari/537.36"
185.177.72.202 - - [12/Jul/2025:22:46:59 +0000] "GET /.env HTTP/1.1" 404 16373 "-" "Mozilla/5.0 (Windows NT 10.0; Win64; x64) AppleWebKit/537.36 (KHTML, like Gecko) Chrome/91.0.4472.124 Safari/537.36"
185.177.72.202 - - [12/Jul/2025:22:46:59 +0000] "GET /.env.bak HTTP/1.1" 404 16373 "-" "Mozilla/5.0 (Windows NT 10.0; Win64; x64) AppleWebKit/537.36 (KHTML, like Gecko) Chrome/91.0.4472.124 Safari/537.36"
185.177.72.202 - - [12/Jul/2025:22:47:00 +0000] "GET /.env.example HTTP/1.1" 404 16372 "-" "Mozilla/5.0 (Windows NT 10.0; Win64; x64) AppleWebKit/537.36 (KHTML, like Gecko) Chrome/91.0.4472.124 Safari/537.36"
209.74.77.214 - - [12/Jul/2025:22:47:01 +0000] "POST /wp-cron.php?doing_wp_cron=1752360421.3988509178161621093750 HTTP/1.1" 200 - "-" "WordPress/6.8.1; https://kelaby.company"
185.177.72.202 - - [12/Jul/2025:22:47:01 +0000] "GET /.env.local HTTP/1.1" 404 16372 "-" "Mozilla/5.0 (Windows NT 10.0; Win64; x64) AppleWebKit/537.36 (KHTML, like Gecko) Chrome/91.0.4472.124 Safari/537.36"
185.177.72.202 - - [12/Jul/2025:22:47:02 +0000] "GET /.env.old HTTP/1.1" 404 16372 "-" "Mozilla/5.0 (Windows NT 10.0; Win64; x64) AppleWebKit/537.36 (KHTML, like Gecko) Chrome/91.0.4472.124 Safari/537.36"
185.177.72.202 - - [12/Jul/2025:22:47:02 +0000] "GET /.env.prod HTTP/1.1" 404 16373 "-" "Mozilla/5.0 (Windows NT 10.0; Win64; x64) AppleWebKit/537.36 (KHTML, like Gecko) Chrome/91.0.4472.124 Safari/537.36"
185.177.72.202 - - [12/Jul/2025:22:47:03 +0000] "GET /.env.production HTTP/1.1" 404 16373 "-" "Mozilla/5.0 (Windows NT 10.0; Win64; x64) AppleWebKit/537.36 (KHTML, like Gecko) Chrome/91.0.4472.124 Safari/537.36"
185.177.72.202 - - [12/Jul/2025:22:47:04 +0000] "GET /.env.production.local HTTP/1.1" 404 16373 "-" "Mozilla/5.0 (Windows NT 10.0; Win64; x64) AppleWebKit/537.36 (KHTML, like Gecko) Chrome/91.0.4472.124 Safari/537.36"
185.177.72.202 - - [12/Jul/2025:22:47:04 +0000] "GET /.env.sample HTTP/1.1" 404 16373 "-" "Mozilla/5.0 (Windows NT 10.0; Win64; x64) AppleWebKit/537.36 (KHTML, like Gecko) Chrome/91.0.4472.124 Safari/537.36"
185.177.72.202 - - [12/Jul/2025:22:47:05 +0000] "GET /.env.stage HTTP/1.1" 404 16373 "-" "Mozilla/5.0 (Windows NT 10.0; Win64; x64) AppleWebKit/537.36 (KHTML, like Gecko) Chrome/91.0.4472.124 Safari/537.36"
185.177.72.202 - - [12/Jul/2025:22:47:06 +0000] "GET /.envs/.production/.django HTTP/1.1" 404 16372 "-" "Mozilla/5.0 (Windows NT 10.0; Win64; x64) AppleWebKit/537.36 (KHTML, like Gecko) Chrome/91.0.4472.124 Safari/537.36"
185.177.72.202 - - [12/Jul/2025:22:47:06 +0000] "GET /.git/config HTTP/1.1" 404 16372 "-" "Mozilla/5.0 (Windows NT 10.0; Win64; x64) AppleWebKit/537.36 (KHTML, like Gecko) Chrome/91.0.4472.124 Safari/537.36"
185.177.72.202 - - [12/Jul/2025:22:47:07 +0000] "GET /.git/HEAD HTTP/1.1" 404 16373 "-" "Mozilla/5.0 (Windows NT 10.0; Win64; x64) AppleWebKit/537.36 (KHTML, like Gecko) Chrome/91.0.4472.124 Safari/537.36"
185.177.72.202 - - [12/Jul/2025:22:47:08 +0000] "GET /.travis.yml HTTP/1.1" 404 16372 "-" "Mozilla/5.0 (Windows NT 10.0; Win64; x64) AppleWebKit/537.36 (KHTML, like Gecko) Chrome/91.0.4472.124 Safari/537.36"
185.177.72.202 - - [12/Jul/2025:22:47:09 +0000] "GET /.vscode/.env HTTP/1.1" 404 16373 "-" "Mozilla/5.0 (Windows NT 10.0; Win64; x64) AppleWebKit/537.36 (KHTML, like Gecko) Chrome/91.0.4472.124 Safari/537.36"
185.177.72.202 - - [12/Jul/2025:22:47:09 +0000] "GET /_phpinfo.php HTTP/1.1" 404 16372 "-" "Mozilla/5.0 (Windows NT 10.0; Win64; x64) AppleWebKit/537.36 (KHTML, like Gecko) Chrome/91.0.4472.124 Safari/537.36"
185.177.72.202 - - [12/Jul/2025:22:47:10 +0000] "GET /_profiler/phpinfo HTTP/1.1" 404 16372 "-" "Mozilla/5.0 (Windows NT 10.0; Win64; x64) AppleWebKit/537.36 (KHTML, like Gecko) Chrome/91.0.4472.124 Safari/537.36"
185.177.72.202 - - [12/Jul/2025:22:47:14 +0000] "GET /_profiler/phpinfo/info.php HTTP/1.1" 404 16373 "-" "Mozilla/5.0 (Windows NT 10.0; Win64; x64) AppleWebKit/537.36 (KHTML, like Gecko) Chrome/91.0.4472.124 Safari/537.36"
185.177.72.202 - - [12/Jul/2025:22:47:15 +0000] "GET /_profiler/phpinfo/phpinfo.php HTTP/1.1" 404 16373 "-" "Mozilla/5.0 (Windows NT 10.0; Win64; x64) AppleWebKit/537.36 (KHTML, like Gecko) Chrome/91.0.4472.124 Safari/537.36"
185.177.72.202 - - [12/Jul/2025:22:47:16 +0000] "GET /?phpinfo=1 HTTP/1.1" 301 - "-" "Mozilla/5.0 (Windows NT 10.0; Win64; x64) AppleWebKit/537.36 (KHTML, like Gecko) Chrome/91.0.4472.124 Safari/537.36"
209.74.77.214 - - [12/Jul/2025:22:48:01 +0000] "POST /wp-cron.php?doing_wp_cron=1752360481.2818388938903808593750 HTTP/1.1" 200 - "-" "WordPress/6.8.1; https://kelaby.company"
2001:470:36:3a2:7132:39e5:b8b7:b2de - - [12/Jul/2025:22:48:01 +0000] "POST /xmlrpc.php HTTP/1.1" 200 225 "-" "Mozilla/5.0 (X11; Ubuntu; Linux x86_64; rv:85.0) Gecko/20100101 Firefox/91.0"
66.249.79.237 - - [12/Jul/2025:22:50:25 +0000] "GET /?h=5672691021960&mod=4b3da53a&uri=shop.php%3Fid%3D189410-308%26name%3Dvans+grey+zip+up+hoodie HTTP/1.1" 200 22046 "-" "Mozilla/5.0 (Linux; Android 6.0.1; Nexus 5X Build/MMB29P) AppleWebKit/537.36 (KHTML, like Gecko) Chrome/137.0.7151.103 Mobile Safari/537.36 (compatible; Googlebot/2.1; +http://www.google.com/bot.html)"
194.163.152.77 - - [12/Jul/2025:22:53:47 +0000] "GET //kelaby.company/wp-content/plugins/elementor/assets/js/webpack.runtime.min.js HTTP/1.1" 301 - "-" "Mozilla/5.0 (Macintosh; Intel Mac OS X 10_13_2) AppleWebKit/537.36 (KHTML, like Gecko) Chrome/75.0.3770.142 Safari/537.36"
194.163.152.77 - - [12/Jul/2025:22:53:47 +0000] "GET //kelaby.company/wp-content/plugins/jeg-elementor-kit/assets/js/sweetalert2/sweetalert2.min.js HTTP/1.1" 301 - "-" "Mozilla/5.0 (iPhone; CPU iPhone OS 12_4 like Mac OS X) AppleWebKit/605.1.15 (KHTML, like Gecko) CriOS/76.0.3809.81 Mobile/15E148 Safari/605.1"
194.163.152.77 - - [12/Jul/2025:22:53:47 +0000] "GET //kelaby.company/wp-includes/js/dist/i18n.min.js HTTP/1.1" 301 - "-" "Mozilla/5.0 (Windows NT 6.1; WOW64) AppleWebKit/537.36 (KHTML, like Gecko) coc_coc_browser/80.0.180 Chrome/74.0.3729.180 Safari/537.36"
66.249.79.227 - - [12/Jul/2025:22:56:12 +0000] "GET /?h=5664591021960&mod=7570fece&uri=us.php%3Fid%3D189140-315%26name%3Duhrenarmband+f%C3%83%C2%BCr+junghans+mega HTTP/1.1" 200 22338 "-" "Mozilla/5.0 (Linux; Android 6.0.1; Nexus 5X Build/MMB29P) AppleWebKit/537.36 (KHTML, like Gecko) Chrome/137.0.7151.103 Mobile Safari/537.36 (compatible; Googlebot/2.1; +http://www.google.com/bot.html)"
66.249.79.227 - - [12/Jul/2025:23:00:29 +0000] "GET /?h=5679591071960&mod=4b3da53a&uri=products.php%3Fid%3D189640-308%26name%3Dawful+lotta+runtz+hoodie HTTP/1.1" 200 21907 "-" "Mozilla/5.0 (Linux; Android 6.0.1; Nexus 5X Build/MMB29P) AppleWebKit/537.36 (KHTML, like Gecko) Chrome/137.0.7151.103 Mobile Safari/537.36 (compatible; Googlebot/2.1; +http://www.google.com/bot.html)"
66.249.79.236 - - [12/Jul/2025:23:08:28 +0000] "GET /?h=5666991021960&mod=4b3da53a&uri=products.php%3Fid%3D189220-308%26name%3Dabercrombie+flannel+hoodie HTTP/1.1" 200 22587 "-" "Mozilla/5.0 (Linux; Android 6.0.1; Nexus 5X Build/MMB29P) AppleWebKit/537.36 (KHTML, like Gecko) Chrome/137.0.7151.103 Mobile Safari/537.36 (compatible; Googlebot/2.1; +http://www.google.com/bot.html)"
66.249.79.226 - - [12/Jul/2025:23:09:30 +0000] "GET /?h=5671791041960&mod=4b3da53a&uri=category-info.php%3Fid%3D189380-308%26name%3Dnext+animal+print+sweatshirt HTTP/1.1" 200 22335 "-" "Mozilla/5.0 (Linux; Android 6.0.1; Nexus 5X Build/MMB29P) AppleWebKit/537.36 (KHTML, like Gecko) Chrome/137.0.7151.103 Mobile Safari/537.36 (compatible; Googlebot/2.1; +http://www.google.com/bot.html)"
66.249.79.227 - - [12/Jul/2025:23:10:05 +0000] "GET /?h=5668791021960&mod=4b3da53a&uri=category-info.php%3Fid%3D189280-308%26name%3Dyouth+lazar+hoodie HTTP/1.1" 200 22016 "-" "Mozilla/5.0 (Linux; Android 6.0.1; Nexus 5X Build/MMB29P) AppleWebKit/537.36 (KHTML, like Gecko) Chrome/137.0.7151.103 Mobile Safari/537.36 (compatible; Googlebot/2.1; +http://www.google.com/bot.html)"
209.74.77.214 - - [12/Jul/2025:23:11:43 +0000] "POST /wp-cron.php?doing_wp_cron=1752361903.6605210304260253906250 HTTP/1.1" 200 - "-" "WordPress/6.8.1; https://kelaby.company"
104.131.20.165 - - [12/Jul/2025:23:11:43 +0000] "GET /wp-login.php HTTP/1.1" 302 - "" "Mozilla/5.0 (Windows NT 10.0; Win64; x64; rv:137.0) Gecko/20100101 Firefox/137.0"
66.249.79.226 - - [12/Jul/2025:23:12:34 +0000] "GET /?h=5672391041960&mod=4b3da53a&uri=blog.php%3Fid%3D189400-308%26name%3Dwish+billie+eilish+hoodie HTTP/1.1" 200 22884 "-" "Mozilla/5.0 (Linux; Android 6.0.1; Nexus 5X Build/MMB29P) AppleWebKit/537.36 (KHTML, like Gecko) Chrome/137.0.7151.103 Mobile Safari/537.36 (compatible; Googlebot/2.1; +http://www.google.com/bot.html)"
66.249.79.225 - - [12/Jul/2025:23:12:53 +0000] "GET /?h=5671491021960&mod=4b3da53a&uri=itm.php%3Fid%3D189370-308%26name%3Dkickers+crewneck HTTP/1.1" 200 22363 "-" "Mozilla/5.0 (Linux; Android 6.0.1; Nexus 5X Build/MMB29P) AppleWebKit/537.36 (KHTML, like Gecko) Chrome/137.0.7151.103 Mobile Safari/537.36 (compatible; Googlebot/2.1; +http://www.google.com/bot.html)"
66.249.79.227 - - [12/Jul/2025:23:13:02 +0000] "GET /?h=5665491021960&mod=4b3da53a&uri=goods.php%3Fid%3D189170-308%26name%3Dsweatshirt+ltb HTTP/1.1" 200 22227 "-" "Mozilla/5.0 (Linux; Android 6.0.1; Nexus 5X Build/MMB29P) AppleWebKit/537.36 (KHTML, like Gecko) Chrome/137.0.7151.103 Mobile Safari/537.36 (compatible; Googlebot/2.1; +http://www.google.com/bot.html)"
66.249.79.225 - - [12/Jul/2025:23:13:15 +0000] "GET /?h=5666691001960&mod=4b3da53a&uri=us.php%3Fid%3D189210-308%26name%3Dalpinestars+riding+hoodie HTTP/1.1" 200 22113 "-" "Mozilla/5.0 (Linux; Android 6.0.1; Nexus 5X Build/MMB29P) AppleWebKit/537.36 (KHTML, like Gecko) Chrome/137.0.7151.103 Mobile Safari/537.36 (compatible; Googlebot/2.1; +http://www.google.com/bot.html)"
66.249.79.225 - - [12/Jul/2025:23:13:33 +0000] "GET /?h=5670891061960&mod=4b3da53a&uri=article.php%3Fid%3D189350-308%26name%3Dbhvr+sweatshirt HTTP/1.1" 200 21818 "-" "Mozilla/5.0 (Linux; Android 6.0.1; Nexus 5X Build/MMB29P) AppleWebKit/537.36 (KHTML, like Gecko) Chrome/137.0.7151.103 Mobile Safari/537.36 (compatible; Googlebot/2.1; +http://www.google.com/bot.html)"
66.249.79.225 - - [12/Jul/2025:23:13:49 +0000] "GET /?h=5681370021960&mod=4b3da53a&uri=pin.php%3Fid%3D189700-308%26name%3Djesus+merch+hoodie HTTP/1.1" 200 21788 "-" "Mozilla/5.0 (Linux; Android 6.0.1; Nexus 5X Build/MMB29P) AppleWebKit/537.36 (KHTML, like Gecko) Chrome/137.0.7151.103 Mobile Safari/537.36 (compatible; Googlebot/2.1; +http://www.google.com/bot.html)"
66.249.79.225 - - [12/Jul/2025:23:13:53 +0000] "GET /?h=5668491001960&mod=4b3da53a&uri=itm.php%3Fid%3D189270-308%26name%3Dpatagonia+womens+hoodie HTTP/1.1" 200 22351 "-" "Mozilla/5.0 (Linux; Android 6.0.1; Nexus 5X Build/MMB29P) AppleWebKit/537.36 (KHTML, like Gecko) Chrome/137.0.7151.103 Mobile Safari/537.36 (compatible; Googlebot/2.1; +http://www.google.com/bot.html)"
66.249.79.227 - - [12/Jul/2025:23:14:01 +0000] "GET /?h=5673891021960&mod=4b3da53a&uri=category-info.php%3Fid%3D189450-308%26name%3Dchicago+blackhawks+sweatshirt HTTP/1.1" 200 21888 "-" "Mozilla/5.0 (Linux; Android 6.0.1; Nexus 5X Build/MMB29P) AppleWebKit/537.36 (KHTML, like Gecko) Chrome/137.0.7151.103 Mobile Safari/537.36 (compatible; Googlebot/2.1; +http://www.google.com/bot.html)"
66.249.79.225 - - [12/Jul/2025:23:14:07 +0000] "GET /?h=5507374011960&mod=f8cd71b7&uri=brands.php%3Fid%3D183859-328%26name%3Drieker+plateau+schuhe HTTP/1.1" 200 21266 "-" "Mozilla/5.0 (Linux; Android 6.0.1; Nexus 5X Build/MMB29P) AppleWebKit/537.36 (KHTML, like Gecko) Chrome/137.0.7151.103 Mobile Safari/537.36 (compatible; Googlebot/2.1; +http://www.google.com/bot.html)"
66.249.79.225 - - [12/Jul/2025:23:14:20 +0000] "GET /?h=5676591021960&mod=4b3da53a&uri=itm.php%3Fid%3D189540-308%26name%3Dladies+sweatshirts+with+designs HTTP/1.1" 200 22787 "-" "Mozilla/5.0 (Linux; Android 6.0.1; Nexus 5X Build/MMB29P) AppleWebKit/537.36 (KHTML, like Gecko) Chrome/137.0.7151.103 Mobile Safari/537.36 (compatible; Googlebot/2.1; +http://www.google.com/bot.html)"
66.249.79.225 - - [12/Jul/2025:23:14:33 +0000] "GET /?h=5686170021960&mod=2076b5ab&uri=form.php%3Fid%3D189860-333%26name%3Dcuban+link+chain+kays HTTP/1.1" 200 21985 "-" "Mozilla/5.0 (Linux; Android 6.0.1; Nexus 5X Build/MMB29P) AppleWebKit/537.36 (KHTML, like Gecko) Chrome/137.0.7151.103 Mobile Safari/537.36 (compatible; Googlebot/2.1; +http://www.google.com/bot.html)"
66.249.79.225 - - [12/Jul/2025:23:14:46 +0000] "GET /?h=119631397021960&mod=e1fe6165&uri=search.php%3Fid%3D3992466-62%26name%3Dif+i+unpair+my+apple+watch+does+it+erase+everything HTTP/1.1" 200 20814 "-" "Mozilla/5.0 (Linux; Android 6.0.1; Nexus 5X Build/MMB29P) AppleWebKit/537.36 (KHTML, like Gecko) Chrome/137.0.7151.103 Mobile Safari/537.36 (compatible; Googlebot/2.1; +http://www.google.com/bot.html)"
66.249.79.226 - - [12/Jul/2025:23:15:02 +0000] "GET /?h=70057124031960&mod=f8cd71b7&uri=info.php%3Fid%3D2337885-328%26name%3Dm%C3%83%C2%A4nner+outdoor+schuhe HTTP/1.1" 200 22383 "-" "Mozilla/5.0 (Linux; Android 6.0.1; Nexus 5X Build/MMB29P) AppleWebKit/537.36 (KHTML, like Gecko) Chrome/137.0.7151.103 Mobile Safari/537.36 (compatible; Googlebot/2.1; +http://www.google.com/bot.html)"
66.249.79.225 - - [12/Jul/2025:23:15:13 +0000] "GET /?h=5684370001960&mod=4b3da53a&uri=products.php%3Fid%3D189800-308%26name%3Dnaruto+hoodie+ichiraku+ramen HTTP/1.1" 200 22517 "-" "Mozilla/5.0 (Linux; Android 6.0.1; Nexus 5X Build/MMB29P) AppleWebKit/537.36 (KHTML, like Gecko) Chrome/137.0.7151.103 Mobile Safari/537.36 (compatible; Googlebot/2.1; +http://www.google.com/bot.html)"
66.249.79.225 - - [12/Jul/2025:23:15:26 +0000] "GET /?h=5551774011960&mod=007ad58e&uri=form.php%3Fid%3D185339-329%26name%3Dlululemon+wanderlust+leggings HTTP/1.1" 200 21714 "-" "Mozilla/5.0 (Linux; Android 6.0.1; Nexus 5X Build/MMB29P) AppleWebKit/537.36 (KHTML, like Gecko) Chrome/137.0.7151.103 Mobile Safari/537.36 (compatible; Googlebot/2.1; +http://www.google.com/bot.html)"
66.249.79.225 - - [12/Jul/2025:23:15:40 +0000] "GET /?h=5678991021960&mod=4b3da53a&uri=category-info.php%3Fid%3D189620-308%26name%3Djcpenney+hoodies+womens HTTP/1.1" 200 22067 "-" "Mozilla/5.0 (Linux; Android 6.0.1; Nexus 5X Build/MMB29P) AppleWebKit/537.36 (KHTML, like Gecko) Chrome/137.0.7151.103 Mobile Safari/537.36 (compatible; Googlebot/2.1; +http://www.google.com/bot.html)"
66.249.79.225 - - [12/Jul/2025:23:15:53 +0000] "GET /?h=5676891041960&mod=4b3da53a&uri=category-info.php%3Fid%3D189550-308%26name%3Dlexi+rivera+hoodie HTTP/1.1" 200 23066 "-" "Mozilla/5.0 (Linux; Android 6.0.1; Nexus 5X Build/MMB29P) AppleWebKit/537.36 (KHTML, like Gecko) Chrome/137.0.7151.103 Mobile Safari/537.36 (compatible; Googlebot/2.1; +http://www.google.com/bot.html)"
66.249.79.226 - - [12/Jul/2025:23:16:03 +0000] "POST /get-message-notify HTTP/1.1" 200 20959 "http://www.kelaby.company/?h=5681370021960&mod=4b3da53a&uri=pin.php%3Fid%3D189700-308%26name%3Djesus+merch+hoodie" "Mozilla/5.0 (Linux; Android 6.0.1; Nexus 5X Build/MMB29P) AppleWebKit/537.36 (KHTML, like Gecko) Chrome/137.0.7151.119 Mobile Safari/537.36 (compatible; Googlebot/2.1; +http://www.google.com/bot.html)"
66.249.79.226 - - [12/Jul/2025:23:16:07 +0000] "GET /?h=5606893011960&mod=6e32552f&uri=news.php%3Fid%3D187189-332%26name%3Dapple+watch+ecg+graph HTTP/1.1" 200 22042 "-" "Mozilla/5.0 (Linux; Android 6.0.1; Nexus 5X Build/MMB29P) AppleWebKit/537.36 (KHTML, like Gecko) Chrome/137.0.7151.103 Mobile Safari/537.36 (compatible; Googlebot/2.1; +http://www.google.com/bot.html)"
66.249.79.226 - - [12/Jul/2025:23:16:10 +0000] "POST /get-message-notify HTTP/1.1" 200 20957 "http://www.kelaby.company/?h=5606893011960&mod=6e32552f&uri=news.php%3Fid%3D187189-332%26name%3Dapple+watch+ecg+graph" "Mozilla/5.0 (Linux; Android 6.0.1; Nexus 5X Build/MMB29P) AppleWebKit/537.36 (KHTML, like Gecko) Chrome/137.0.7151.119 Mobile Safari/537.36 (compatible; Googlebot/2.1; +http://www.google.com/bot.html)"
66.249.79.225 - - [12/Jul/2025:23:16:20 +0000] "GET /?h=5672991001960&mod=4b3da53a&uri=form.php%3Fid%3D189420-308%26name%3Dnike+pale+blue+sweatshirt HTTP/1.1" 200 22889 "-" "Mozilla/5.0 (Linux; Android 6.0.1; Nexus 5X Build/MMB29P) AppleWebKit/537.36 (KHTML, like Gecko) Chrome/137.0.7151.103 Mobile Safari/537.36 (compatible; Googlebot/2.1; +http://www.google.com/bot.html)"
66.249.79.225 - - [12/Jul/2025:23:16:37 +0000] "GET /?h=5684670021960&mod=2076b5ab&uri=blog.php%3Fid%3D189810-333%26name%3Dkay+jewelers+military+discount HTTP/1.1" 200 21057 "-" "Mozilla/5.0 (Linux; Android 6.0.1; Nexus 5X Build/MMB29P) AppleWebKit/537.36 (KHTML, like Gecko) Chrome/137.0.7151.103 Mobile Safari/537.36 (compatible; Googlebot/2.1; +http://www.google.com/bot.html)"
66.249.79.225 - - [12/Jul/2025:23:16:47 +0000] "GET /?h=5540674011960&mod=5ea1e18a&uri=article.php%3Fid%3D184969-310%26name%3Dmsi+rx+380 HTTP/1.1" 200 22340 "-" "Mozilla/5.0 (Linux; Android 6.0.1; Nexus 5X Build/MMB29P) AppleWebKit/537.36 (KHTML, like Gecko) Chrome/137.0.7151.103 Mobile Safari/537.36 (compatible; Googlebot/2.1; +http://www.google.com/bot.html)"
66.249.79.227 - - [12/Jul/2025:23:17:06 +0000] "GET /?h=65424373011960&mod=f8cd71b7&uri=pin.php%3Fid%3D2183257-328%26name%3Dherren+trekking+schuhe HTTP/1.1" 200 21892 "-" "Mozilla/5.0 (Linux; Android 6.0.1; Nexus 5X Build/MMB29P) AppleWebKit/537.36 (KHTML, like Gecko) Chrome/137.0.7151.103 Mobile Safari/537.36 (compatible; Googlebot/2.1; +http://www.google.com/bot.html)"
66.249.79.226 - - [12/Jul/2025:23:17:08 +0000] "POST /get-message-notify HTTP/1.1" 200 20940 "http://www.kelaby.company/?h=65424373011960&mod=f8cd71b7&uri=pin.php%3Fid%3D2183257-328%26name%3Dherren+trekking+schuhe" "Mozilla/5.0 (Linux; Android 6.0.1; Nexus 5X Build/MMB29P) AppleWebKit/537.36 (KHTML, like Gecko) Chrome/137.0.7151.119 Mobile Safari/537.36 (compatible; Googlebot/2.1; +http://www.google.com/bot.html)"
66.249.79.225 - - [12/Jul/2025:23:17:14 +0000] "GET /?h=5507374001960&mod=f8cd71b7&uri=category-info.php%3Fid%3D183859-328%26name%3Drieker+plateau+schuhe HTTP/1.1" 200 21206 "-" "Mozilla/5.0 (Linux; Android 6.0.1; Nexus 5X Build/MMB29P) AppleWebKit/537.36 (KHTML, like Gecko) Chrome/137.0.7151.103 Mobile Safari/537.36 (compatible; Googlebot/2.1; +http://www.google.com/bot.html)"
66.249.79.225 - - [12/Jul/2025:23:17:31 +0000] "GET /?h=5682270041960&mod=4b3da53a&uri=info.php%3Fid%3D189730-308%26name%3Dfrank+and+eileen+sweatshirt HTTP/1.1" 200 22277 "-" "Mozilla/5.0 (Linux; Android 6.0.1; Nexus 5X Build/MMB29P) AppleWebKit/537.36 (KHTML, like Gecko) Chrome/137.0.7151.103 Mobile Safari/537.36 (compatible; Googlebot/2.1; +http://www.google.com/bot.html)"
66.249.79.225 - - [12/Jul/2025:23:17:39 +0000] "GET /?h=5681670021960&mod=4b3da53a&uri=itm.php%3Fid%3D189710-308%26name%3Dnew+style+fashion+mens+hoodie HTTP/1.1" 200 22293 "-" "Mozilla/5.0 (Linux; Android 6.0.1; Nexus 5X Build/MMB29P) AppleWebKit/537.36 (KHTML, like Gecko) Chrome/137.0.7151.103 Mobile Safari/537.36 (compatible; Googlebot/2.1; +http://www.google.com/bot.html)"
66.249.79.225 - - [12/Jul/2025:23:17:53 +0000] "GET /?h=5663391021960&mod=4b3da53a&uri=product.php%3Fid%3D189100-308%26name%3Dlooney+toon+hoodie HTTP/1.1" 200 21801 "-" "Mozilla/5.0 (Linux; Android 6.0.1; Nexus 5X Build/MMB29P) AppleWebKit/537.36 (KHTML, like Gecko) Chrome/137.0.7151.103 Mobile Safari/537.36 (compatible; Googlebot/2.1; +http://www.google.com/bot.html)"
66.249.79.225 - - [12/Jul/2025:23:17:57 +0000] "POST /get-message-notify HTTP/1.1" 200 20948 "http://www.kelaby.company/?h=5663391021960&mod=4b3da53a&uri=product.php%3Fid%3D189100-308%26name%3Dlooney+toon+hoodie" "Mozilla/5.0 (Linux; Android 6.0.1; Nexus 5X Build/MMB29P) AppleWebKit/537.36 (KHTML, like Gecko) Chrome/137.0.7151.119 Mobile Safari/537.36 (compatible; Googlebot/2.1; +http://www.google.com/bot.html)"
66.249.79.227 - - [12/Jul/2025:23:18:07 +0000] "GET /?h=5663691021960&mod=7570fece&uri=category-info.php%3Fid%3D189110-315%26name%3Darmbanduhr+krontaler HTTP/1.1" 200 21357 "-" "Mozilla/5.0 (Linux; Android 6.0.1; Nexus 5X Build/MMB29P) AppleWebKit/537.36 (KHTML, like Gecko) Chrome/137.0.7151.103 Mobile Safari/537.36 (compatible; Googlebot/2.1; +http://www.google.com/bot.html)"
66.249.79.225 - - [12/Jul/2025:23:18:11 +0000] "POST /get-message-notify HTTP/1.1" 200 20944 "http://www.kelaby.company/?h=5663691021960&mod=7570fece&uri=category-info.php%3Fid%3D189110-315%26name%3Darmbanduhr+krontaler" "Mozilla/5.0 (Linux; Android 6.0.1; Nexus 5X Build/MMB29P) AppleWebKit/537.36 (KHTML, like Gecko) Chrome/137.0.7151.119 Mobile Safari/537.36 (compatible; Googlebot/2.1; +http://www.google.com/bot.html)"
66.249.79.225 - - [12/Jul/2025:23:18:21 +0000] "GET /?h=5681091121960&mod=4b3da53a&uri=pin.php%3Fid%3D189690-308%26name%3Dpacific+blue+surf+hoodie HTTP/1.1" 200 21917 "-" "Mozilla/5.0 (Linux; Android 6.0.1; Nexus 5X Build/MMB29P) AppleWebKit/537.36 (KHTML, like Gecko) Chrome/137.0.7151.103 Mobile Safari/537.36 (compatible; Googlebot/2.1; +http://www.google.com/bot.html)"
66.249.79.225 - - [12/Jul/2025:23:18:34 +0000] "GET /?h=5507404021960&mod=f8cd71b7&uri=blog.php%3Fid%3D183860-328%26name%3Dganter+damenschuhe HTTP/1.1" 200 22541 "-" "Mozilla/5.0 (Linux; Android 6.0.1; Nexus 5X Build/MMB29P) AppleWebKit/537.36 (KHTML, like Gecko) Chrome/137.0.7151.103 Mobile Safari/537.36 (compatible; Googlebot/2.1; +http://www.google.com/bot.html)"
66.249.79.225 - - [12/Jul/2025:23:18:39 +0000] "POST /get-message-notify HTTP/1.1" 200 20949 "http://www.kelaby.company/?h=5507404021960&mod=f8cd71b7&uri=blog.php%3Fid%3D183860-328%26name%3Dganter+damenschuhe" "Mozilla/5.0 (Linux; Android 6.0.1; Nexus 5X Build/MMB29P) AppleWebKit/537.36 (KHTML, like Gecko) Chrome/137.0.7151.119 Mobile Safari/537.36 (compatible; Googlebot/2.1; +http://www.google.com/bot.html)"
66.249.79.225 - - [12/Jul/2025:23:18:48 +0000] "GET /?h=70043723001960&mod=f8cd71b7&uri=form.php%3Fid%3D2337438-328%26name%3Dstiefel+robust HTTP/1.1" 200 22252 "-" "Mozilla/5.0 (Linux; Android 6.0.1; Nexus 5X Build/MMB29P) AppleWebKit/537.36 (KHTML, like Gecko) Chrome/137.0.7151.103 Mobile Safari/537.36 (compatible; Googlebot/2.1; +http://www.google.com/bot.html)"
66.249.79.226 - - [12/Jul/2025:23:19:08 +0000] "GET /?h=5680791021960&mod=4b3da53a&uri=goods.php%3Fid%3D189680-308%26name%3Dmens+rugby+hoodies HTTP/1.1" 200 22728 "-" "Mozilla/5.0 (Linux; Android 6.0.1; Nexus 5X Build/MMB29P) AppleWebKit/537.36 (KHTML, like Gecko) Chrome/137.0.7151.103 Mobile Safari/537.36 (compatible; Googlebot/2.1; +http://www.google.com/bot.html)"
66.249.79.225 - - [12/Jul/2025:23:19:20 +0000] "GET /?h=5684070021960&mod=2076b5ab&uri=category-info.php%3Fid%3D189790-333%26name%3Dcumberland+mall+jewelry+stores HTTP/1.1" 200 21360 "-" "Mozilla/5.0 (Linux; Android 6.0.1; Nexus 5X Build/MMB29P) AppleWebKit/537.36 (KHTML, like Gecko) Chrome/137.0.7151.103 Mobile Safari/537.36 (compatible; Googlebot/2.1; +http://www.google.com/bot.html)"
66.249.79.225 - - [12/Jul/2025:23:19:20 +0000] "GET /?h=5518474011960&mod=5ea1e18a&uri=search.php%3Fid%3D184229-310%26name%3Damd+gpu+in+intel+cpu HTTP/1.1" 200 22009 "-" "Mozilla/5.0 (Linux; Android 6.0.1; Nexus 5X Build/MMB29P) AppleWebKit/537.36 (KHTML, like Gecko) Chrome/137.0.7151.103 Mobile Safari/537.36 (compatible; Googlebot/2.1; +http://www.google.com/bot.html)"
