66.249.79.236 - - [12/Jul/2025:23:19:36 +0000] "GET /?h=5666391001960&mod=4b3da53a&uri=blog.php%3Fid%3D189200-308%26name%3Dpink+victoria+secret+half+zip HTTP/1.1" 200 22664 "-" "Mozilla/5.0 (Linux; Android 6.0.1; Nexus 5X Build/MMB29P) AppleWebKit/537.36 (KHTML, like Gecko) Chrome/137.0.7151.103 Mobile Safari/537.36 (compatible; Googlebot/2.1; +http://www.google.com/bot.html)"
66.249.79.236 - - [12/Jul/2025:23:19:48 +0000] "GET /?h=5674191021960&mod=4b3da53a&uri=info.php%3Fid%3D189460-308%26name%3Dcalvin+klein+1981+sweatshirt HTTP/1.1" 200 22349 "-" "Mozilla/5.0 (Linux; Android 6.0.1; Nexus 5X Build/MMB29P) AppleWebKit/537.36 (KHTML, like Gecko) Chrome/137.0.7151.103 Mobile Safari/537.36 (compatible; Googlebot/2.1; +http://www.google.com/bot.html)"
66.249.79.238 - - [12/Jul/2025:23:20:04 +0000] "GET /?h=5666091061960&mod=4b3da53a&uri=news.php%3Fid%3D189190-308%26name%3Dnext+teddy+hoodie HTTP/1.1" 200 22055 "-" "Mozilla/5.0 (Linux; Android 6.0.1; Nexus 5X Build/MMB29P) AppleWebKit/537.36 (KHTML, like Gecko) Chrome/137.0.7151.103 Mobile Safari/537.36 (compatible; Googlebot/2.1; +http://www.google.com/bot.html)"
66.249.79.236 - - [12/Jul/2025:23:20:10 +0000] "GET /?h=5681970021960&mod=2076b5ab&uri=shared.php%3Fid%3D189720-333%26name%3Dkay+custom+name+necklace HTTP/1.1" 200 20888 "-" "Mozilla/5.0 (Linux; Android 6.0.1; Nexus 5X Build/MMB29P) AppleWebKit/537.36 (KHTML, like Gecko) Chrome/137.0.7151.103 Mobile Safari/537.36 (compatible; Googlebot/2.1; +http://www.google.com/bot.html)"
66.249.79.236 - - [12/Jul/2025:23:20:21 +0000] "GET /?h=5667591001960&mod=4b3da53a&uri=goods.php%3Fid%3D189240-308%26name%3Dlankybox+hoodies HTTP/1.1" 200 22988 "-" "Mozilla/5.0 (Linux; Android 6.0.1; Nexus 5X Build/MMB29P) AppleWebKit/537.36 (KHTML, like Gecko) Chrome/137.0.7151.103 Mobile Safari/537.36 (compatible; Googlebot/2.1; +http://www.google.com/bot.html)"
66.249.79.236 - - [12/Jul/2025:23:20:35 +0000] "GET /?h=5671191121960&mod=4b3da53a&uri=itm.php%3Fid%3D189360-308%26name%3Dgray+and+green+hoodie HTTP/1.1" 200 21632 "-" "Mozilla/5.0 (Linux; Android 6.0.1; Nexus 5X Build/MMB29P) AppleWebKit/537.36 (KHTML, like Gecko) Chrome/137.0.7151.103 Mobile Safari/537.36 (compatible; Googlebot/2.1; +http://www.google.com/bot.html)"
66.249.79.236 - - [12/Jul/2025:23:20:47 +0000] "GET /?h=5665791021960&mod=4b3da53a&uri=form.php%3Fid%3D189180-308%26name%3Dcalvin+new+york+sweatshirt+blue HTTP/1.1" 200 22756 "-" "Mozilla/5.0 (Linux; Android 6.0.1; Nexus 5X Build/MMB29P) AppleWebKit/537.36 (KHTML, like Gecko) Chrome/137.0.7151.103 Mobile Safari/537.36 (compatible; Googlebot/2.1; +http://www.google.com/bot.html)"
66.249.79.238 - - [12/Jul/2025:23:21:03 +0000] "GET /?h=5682570021960&mod=2076b5ab&uri=brands.php%3Fid%3D189740-333%26name%3Dprouds+hours HTTP/1.1" 200 21009 "-" "Mozilla/5.0 (Linux; Android 6.0.1; Nexus 5X Build/MMB29P) AppleWebKit/537.36 (KHTML, like Gecko) Chrome/137.0.7151.103 Mobile Safari/537.36 (compatible; Googlebot/2.1; +http://www.google.com/bot.html)"
66.249.79.236 - - [12/Jul/2025:23:21:15 +0000] "GET /?h=5675991021960&mod=4b3da53a&uri=form.php%3Fid%3D189520-308%26name%3Dnext+sweatshirts+for+ladies HTTP/1.1" 200 21784 "-" "Mozilla/5.0 (Linux; Android 6.0.1; Nexus 5X Build/MMB29P) AppleWebKit/537.36 (KHTML, like Gecko) Chrome/137.0.7151.103 Mobile Safari/537.36 (compatible; Googlebot/2.1; +http://www.google.com/bot.html)"
66.249.79.236 - - [12/Jul/2025:23:21:20 +0000] "POST /get-message-notify HTTP/1.1" 200 20943 "http://www.kelaby.company/?h=5675991021960&mod=4b3da53a&uri=form.php%3Fid%3D189520-308%26name%3Dnext+sweatshirts+for+ladies" "Mozilla/5.0 (Linux; Android 6.0.1; Nexus 5X Build/MMB29P) AppleWebKit/537.36 (KHTML, like Gecko) Chrome/137.0.7151.119 Mobile Safari/537.36 (compatible; Googlebot/2.1; +http://www.google.com/bot.html)"
66.249.79.236 - - [12/Jul/2025:23:21:27 +0000] "GET /?h=5562874031960&mod=007ad58e&uri=category-info.php%3Fid%3D185709-329%26name%3Dlululemons+tights HTTP/1.1" 200 22474 "-" "Mozilla/5.0 (Linux; Android 6.0.1; Nexus 5X Build/MMB29P) AppleWebKit/537.36 (KHTML, like Gecko) Chrome/137.0.7151.103 Mobile Safari/537.36 (compatible; Googlebot/2.1; +http://www.google.com/bot.html)"
66.249.79.236 - - [12/Jul/2025:23:21:32 +0000] "POST /get-message-notify HTTP/1.1" 200 20948 "http://www.kelaby.company/?h=5562874031960&mod=007ad58e&uri=category-info.php%3Fid%3D185709-329%26name%3Dlululemons+tights" "Mozilla/5.0 (Linux; Android 6.0.1; Nexus 5X Build/MMB29P) AppleWebKit/537.36 (KHTML, like Gecko) Chrome/137.0.7151.119 Mobile Safari/537.36 (compatible; Googlebot/2.1; +http://www.google.com/bot.html)"
66.249.79.236 - - [12/Jul/2025:23:21:40 +0000] "GET /?h=5585022011960&mod=62c1507b&uri=product.php%3Fid%3D186449-330%26name%3Dstc+1000+temperature+probe HTTP/1.1" 200 21605 "-" "Mozilla/5.0 (Linux; Android 6.0.1; Nexus 5X Build/MMB29P) AppleWebKit/537.36 (KHTML, like Gecko) Chrome/137.0.7151.103 Mobile Safari/537.36 (compatible; Googlebot/2.1; +http://www.google.com/bot.html)"
66.249.79.236 - - [12/Jul/2025:23:21:53 +0000] "GET /?h=5683770021960&mod=2076b5ab&uri=product.php%3Fid%3D189780-333%26name%3Dtodd+reed+engagement+rings HTTP/1.1" 200 20892 "-" "Mozilla/5.0 (Linux; Android 6.0.1; Nexus 5X Build/MMB29P) AppleWebKit/537.36 (KHTML, like Gecko) Chrome/137.0.7151.103 Mobile Safari/537.36 (compatible; Googlebot/2.1; +http://www.google.com/bot.html)"
66.249.79.237 - - [12/Jul/2025:23:22:07 +0000] "GET /?h=5682870001960&mod=4b3da53a&uri=goods.php%3Fid%3D189750-308%26name%3Dstrongman+hoodie HTTP/1.1" 200 22560 "-" "Mozilla/5.0 (Linux; Android 6.0.1; Nexus 5X Build/MMB29P) AppleWebKit/537.36 (KHTML, like Gecko) Chrome/137.0.7151.103 Mobile Safari/537.36 (compatible; Googlebot/2.1; +http://www.google.com/bot.html)"
66.249.79.236 - - [12/Jul/2025:23:22:23 +0000] "GET /?h=5669691021960&mod=4b3da53a&uri=us.php%3Fid%3D189310-308%26name%3Dvintage+bugs+bunny+sweatshirt HTTP/1.1" 200 22805 "-" "Mozilla/5.0 (Linux; Android 6.0.1; Nexus 5X Build/MMB29P) AppleWebKit/537.36 (KHTML, like Gecko) Chrome/137.0.7151.103 Mobile Safari/537.36 (compatible; Googlebot/2.1; +http://www.google.com/bot.html)"
66.249.79.236 - - [12/Jul/2025:23:22:41 +0000] "GET /?h=5674491021960&mod=4b3da53a&uri=blog.php%3Fid%3D189470-308%26name%3Dfluffy+sweatshirts HTTP/1.1" 200 22226 "-" "Mozilla/5.0 (Linux; Android 6.0.1; Nexus 5X Build/MMB29P) AppleWebKit/537.36 (KHTML, like Gecko) Chrome/137.0.7151.103 Mobile Safari/537.36 (compatible; Googlebot/2.1; +http://www.google.com/bot.html)"
66.249.79.236 - - [12/Jul/2025:23:22:56 +0000] "GET /?h=5668191021960&mod=4b3da53a&uri=search.php%3Fid%3D189260-308%26name%3Dvans+simpsons+sweater HTTP/1.1" 200 22129 "-" "Mozilla/5.0 (Linux; Android 6.0.1; Nexus 5X Build/MMB29P) AppleWebKit/537.36 (KHTML, like Gecko) Chrome/137.0.7151.103 Mobile Safari/537.36 (compatible; Googlebot/2.1; +http://www.google.com/bot.html)"
66.249.79.236 - - [12/Jul/2025:23:23:03 +0000] "GET /?h=5667891021960&mod=4b3da53a&uri=dp.php%3Fid%3D189250-308%26name%3Dmcq+patchwork+hoodie HTTP/1.1" 200 21893 "-" "Mozilla/5.0 (Linux; Android 6.0.1; Nexus 5X Build/MMB29P) AppleWebKit/537.36 (KHTML, like Gecko) Chrome/137.0.7151.103 Mobile Safari/537.36 (compatible; Googlebot/2.1; +http://www.google.com/bot.html)"
66.249.79.236 - - [12/Jul/2025:23:23:10 +0000] "POST /get-message-notify HTTP/1.1" 200 20950 "http://www.kelaby.company/?h=5667891021960&mod=4b3da53a&uri=dp.php%3Fid%3D189250-308%26name%3Dmcq+patchwork+hoodie" "Mozilla/5.0 (Linux; Android 6.0.1; Nexus 5X Build/MMB29P) AppleWebKit/537.36 (KHTML, like Gecko) Chrome/137.0.7151.119 Mobile Safari/537.36 (compatible; Googlebot/2.1; +http://www.google.com/bot.html)"
66.249.79.236 - - [12/Jul/2025:23:23:14 +0000] "GET /?h=5675391041960&mod=4b3da53a&uri=brands.php%3Fid%3D189500-308%26name%3Dbasquiat+hoodie+urban+outfitters HTTP/1.1" 200 22148 "-" "Mozilla/5.0 (Linux; Android 6.0.1; Nexus 5X Build/MMB29P) AppleWebKit/537.36 (KHTML, like Gecko) Chrome/137.0.7151.103 Mobile Safari/537.36 (compatible; Googlebot/2.1; +http://www.google.com/bot.html)"
66.249.79.236 - - [12/Jul/2025:23:23:26 +0000] "GET /?h=5685270021960&mod=2076b5ab&uri=article.php%3Fid%3D189830-333%26name%3Dbeach+glass+jewelry HTTP/1.1" 200 20910 "-" "Mozilla/5.0 (Linux; Android 6.0.1; Nexus 5X Build/MMB29P) AppleWebKit/537.36 (KHTML, like Gecko) Chrome/137.0.7151.103 Mobile Safari/537.36 (compatible; Googlebot/2.1; +http://www.google.com/bot.html)"
66.249.79.236 - - [12/Jul/2025:23:23:39 +0000] "GET /?h=5573944011960&mod=62c1507b&uri=shop.php%3Fid%3D186079-330%26name%3Dhoneywell+suitepro HTTP/1.1" 200 21994 "-" "Mozilla/5.0 (Linux; Android 6.0.1; Nexus 5X Build/MMB29P) AppleWebKit/537.36 (KHTML, like Gecko) Chrome/137.0.7151.103 Mobile Safari/537.36 (compatible; Googlebot/2.1; +http://www.google.com/bot.html)"
66.249.79.236 - - [12/Jul/2025:23:23:52 +0000] "GET /?h=5670591041960&mod=4b3da53a&uri=shop.php%3Fid%3D189340-308%26name%3Dwalmart+hanes+crew+neck HTTP/1.1" 200 21886 "-" "Mozilla/5.0 (Linux; Android 6.0.1; Nexus 5X Build/MMB29P) AppleWebKit/537.36 (KHTML, like Gecko) Chrome/137.0.7151.103 Mobile Safari/537.36 (compatible; Googlebot/2.1; +http://www.google.com/bot.html)"
66.249.79.236 - - [12/Jul/2025:23:23:56 +0000] "POST /get-message-notify HTTP/1.1" 200 20949 "http://www.kelaby.company/?h=5670591041960&mod=4b3da53a&uri=shop.php%3Fid%3D189340-308%26name%3Dwalmart+hanes+crew+neck" "Mozilla/5.0 (Linux; Android 6.0.1; Nexus 5X Build/MMB29P) AppleWebKit/537.36 (KHTML, like Gecko) Chrome/137.0.7151.119 Mobile Safari/537.36 (compatible; Googlebot/2.1; +http://www.google.com/bot.html)"
66.249.66.13 - - [12/Jul/2025:23:24:14 +0000] "GET /?h=5676291021960&mod=4b3da53a&uri=pin.php%3Fid%3D189530-308%26name%3Dbelstaff+hoodie+black HTTP/1.1" 200 22549 "-" "Mozilla/5.0 (Linux; Android 6.0.1; Nexus 5X Build/MMB29P) AppleWebKit/537.36 (KHTML, like Gecko) Chrome/137.0.7151.103 Mobile Safari/537.36 (compatible; Googlebot/2.1; +http://www.google.com/bot.html)"
66.249.79.236 - - [12/Jul/2025:23:24:21 +0000] "GET /?h=5677191021960&mod=4b3da53a&uri=products.php%3Fid%3D189560-308%26name%3Dpowerpuff+girls+bubbles+hoodie HTTP/1.1" 200 21985 "-" "Mozilla/5.0 (Linux; Android 6.0.1; Nexus 5X Build/MMB29P) AppleWebKit/537.36 (KHTML, like Gecko) Chrome/137.0.7151.103 Mobile Safari/537.36 (compatible; Googlebot/2.1; +http://www.google.com/bot.html)"
209.74.77.214 - - [12/Jul/2025:23:24:35 +0000] "POST /wp-cron.php?doing_wp_cron=1752362675.5260119438171386718750 HTTP/1.1" 200 - "-" "WordPress/6.8.1; https://kelaby.company"
45.82.78.254 - - [12/Jul/2025:23:24:35 +0000] "GET / HTTP/1.1" 301 - "-" "Mozilla/5.0 (Macintosh; Intel Mac OS X 10_15_7) AppleWebKit/537.36 (KHTML, like Gecko) Chrome/114.0.0.0 Safari/537.36"
66.249.79.236 - - [12/Jul/2025:23:24:32 +0000] "GET /?h=5664291021960&mod=4b3da53a&uri=blog.php%3Fid%3D189130-308%26name%3Dgrey+lightweight+hoodie HTTP/1.1" 200 22435 "-" "Mozilla/5.0 (Linux; Android 6.0.1; Nexus 5X Build/MMB29P) AppleWebKit/537.36 (KHTML, like Gecko) Chrome/137.0.7151.103 Mobile Safari/537.36 (compatible; Googlebot/2.1; +http://www.google.com/bot.html)"
66.249.79.236 - - [12/Jul/2025:23:24:53 +0000] "GET /?h=5662791001960&mod=7570fece&uri=form.php%3Fid%3D189080-315%26name%3Dswiss+military+hanowa+reparatur HTTP/1.1" 200 21823 "-" "Mozilla/5.0 (Linux; Android 6.0.1; Nexus 5X Build/MMB29P) AppleWebKit/537.36 (KHTML, like Gecko) Chrome/137.0.7151.103 Mobile Safari/537.36 (compatible; Googlebot/2.1; +http://www.google.com/bot.html)"
66.249.79.237 - - [12/Jul/2025:23:25:05 +0000] "GET /?h=5672091021960&mod=4b3da53a&uri=products.php%3Fid%3D189390-308%26name%3Dsweat+tops+women HTTP/1.1" 200 22799 "-" "Mozilla/5.0 (Linux; Android 6.0.1; Nexus 5X Build/MMB29P) AppleWebKit/537.36 (KHTML, like Gecko) Chrome/137.0.7151.103 Mobile Safari/537.36 (compatible; Googlebot/2.1; +http://www.google.com/bot.html)"
66.249.79.236 - - [12/Jul/2025:23:25:12 +0000] "GET /?h=5683170041960&mod=2076b5ab&uri=article.php%3Fid%3D189760-333%26name%3Dsapphire+tiffany+necklace HTTP/1.1" 200 21281 "-" "Mozilla/5.0 (Linux; Android 6.0.1; Nexus 5X Build/MMB29P) AppleWebKit/537.36 (KHTML, like Gecko) Chrome/137.0.7151.103 Mobile Safari/537.36 (compatible; Googlebot/2.1; +http://www.google.com/bot.html)"
66.249.79.236 - - [12/Jul/2025:23:25:33 +0000] "GET /?h=5663091021960&mod=4b3da53a&uri=search.php%3Fid%3D189090-308%26name%3Dalpinestars+stella+sektor+v2 HTTP/1.1" 200 22352 "-" "Mozilla/5.0 (Linux; Android 6.0.1; Nexus 5X Build/MMB29P) AppleWebKit/537.36 (KHTML, like Gecko) Chrome/137.0.7151.103 Mobile Safari/537.36 (compatible; Googlebot/2.1; +http://www.google.com/bot.html)"
66.249.79.236 - - [12/Jul/2025:23:25:43 +0000] "GET /?h=5663991001960&mod=4b3da53a&uri=products.php%3Fid%3D189120-308%26name%3Dpch+hoodie HTTP/1.1" 200 22352 "-" "Mozilla/5.0 (Linux; Android 6.0.1; Nexus 5X Build/MMB29P) AppleWebKit/537.36 (KHTML, like Gecko) Chrome/137.0.7151.103 Mobile Safari/537.36 (compatible; Googlebot/2.1; +http://www.google.com/bot.html)"
66.249.79.236 - - [12/Jul/2025:23:25:52 +0000] "GET /?h=5674791001960&mod=4b3da53a&uri=shop.php%3Fid%3D189480-308%26name%3Dsupreme+milan+hooded+sweatshirt+black HTTP/1.1" 200 21973 "-" "Mozilla/5.0 (Linux; Android 6.0.1; Nexus 5X Build/MMB29P) AppleWebKit/537.36 (KHTML, like Gecko) Chrome/137.0.7151.103 Mobile Safari/537.36 (compatible; Googlebot/2.1; +http://www.google.com/bot.html)"
66.249.79.238 - - [12/Jul/2025:23:26:12 +0000] "GET /?h=5677791021960&mod=4b3da53a&uri=shop.php%3Fid%3D189580-308%26name%3Dmixed+media+hoodie+coach HTTP/1.1" 200 21628 "-" "Mozilla/5.0 (Linux; Android 6.0.1; Nexus 5X Build/MMB29P) AppleWebKit/537.36 (KHTML, like Gecko) Chrome/137.0.7151.103 Mobile Safari/537.36 (compatible; Googlebot/2.1; +http://www.google.com/bot.html)"
66.249.79.236 - - [12/Jul/2025:23:26:21 +0000] "GET /?h=5664891021960&mod=4b3da53a&uri=article.php%3Fid%3D189150-308%26name%3Dsoft+green+hoodie HTTP/1.1" 200 22042 "-" "Mozilla/5.0 (Linux; Android 6.0.1; Nexus 5X Build/MMB29P) AppleWebKit/537.36 (KHTML, like Gecko) Chrome/137.0.7151.103 Mobile Safari/537.36 (compatible; Googlebot/2.1; +http://www.google.com/bot.html)"
66.249.79.236 - - [12/Jul/2025:23:26:32 +0000] "GET /?h=5678091021960&mod=4b3da53a&uri=dp.php%3Fid%3D189590-308%26name%3Dgucci+mickey+mouse+hoodie+pink HTTP/1.1" 200 22200 "-" "Mozilla/5.0 (Linux; Android 6.0.1; Nexus 5X Build/MMB29P) AppleWebKit/537.36 (KHTML, like Gecko) Chrome/137.0.7151.103 Mobile Safari/537.36 (compatible; Googlebot/2.1; +http://www.google.com/bot.html)"
66.249.79.236 - - [12/Jul/2025:23:26:35 +0000] "POST /get-message-notify HTTP/1.1" 200 20953 "http://www.kelaby.company/?h=5678091021960&mod=4b3da53a&uri=dp.php%3Fid%3D189590-308%26name%3Dgucci+mickey+mouse+hoodie+pink" "Mozilla/5.0 (Linux; Android 6.0.1; Nexus 5X Build/MMB29P) AppleWebKit/537.36 (KHTML, like Gecko) Chrome/137.0.7151.119 Mobile Safari/537.36 (compatible; Googlebot/2.1; +http://www.google.com/bot.html)"
66.249.79.236 - - [12/Jul/2025:23:26:45 +0000] "GET /?h=5529574011960&mod=5ea1e18a&uri=info.php%3Fid%3D184599-310%26name%3Dnvidia+geforce+gtx+780+laptop HTTP/1.1" 200 21726 "-" "Mozilla/5.0 (Linux; Android 6.0.1; Nexus 5X Build/MMB29P) AppleWebKit/537.36 (KHTML, like Gecko) Chrome/137.0.7151.103 Mobile Safari/537.36 (compatible; Googlebot/2.1; +http://www.google.com/bot.html)"
66.249.79.236 - - [12/Jul/2025:23:26:53 +0000] "POST /get-message-notify HTTP/1.1" 200 20951 "http://www.kelaby.company/?h=5529574011960&mod=5ea1e18a&uri=info.php%3Fid%3D184599-310%26name%3Dnvidia+geforce+gtx+780+laptop" "Mozilla/5.0 (Linux; Android 6.0.1; Nexus 5X Build/MMB29P) AppleWebKit/537.36 (KHTML, like Gecko) Chrome/137.0.7151.119 Mobile Safari/537.36 (compatible; Googlebot/2.1; +http://www.google.com/bot.html)"
66.249.79.236 - - [12/Jul/2025:23:26:58 +0000] "GET /?h=5673591021960&mod=4b3da53a&uri=product.php%3Fid%3D189440-308%26name%3Dnext+boys+black+hoodie HTTP/1.1" 200 22448 "-" "Mozilla/5.0 (Linux; Android 6.0.1; Nexus 5X Build/MMB29P) AppleWebKit/537.36 (KHTML, like Gecko) Chrome/137.0.7151.103 Mobile Safari/537.36 (compatible; Googlebot/2.1; +http://www.google.com/bot.html)"
66.249.79.236 - - [12/Jul/2025:23:27:20 +0000] "GET /?h=5683470021960&mod=2076b5ab&uri=search.php%3Fid%3D189770-333%26name%3Dscorpio+birthstone+earrings HTTP/1.1" 200 21306 "-" "Mozilla/5.0 (Linux; Android 6.0.1; Nexus 5X Build/MMB29P) AppleWebKit/537.36 (KHTML, like Gecko) Chrome/137.0.7151.103 Mobile Safari/537.36 (compatible; Googlebot/2.1; +http://www.google.com/bot.html)"
66.249.79.236 - - [12/Jul/2025:23:27:27 +0000] "GET /?h=5680191121960&mod=4b3da53a&uri=news.php%3Fid%3D189660-308%26name%3Dprestonsstylez+hoodie+amazon HTTP/1.1" 200 21822 "-" "Mozilla/5.0 (Linux; Android 6.0.1; Nexus 5X Build/MMB29P) AppleWebKit/537.36 (KHTML, like Gecko) Chrome/137.0.7151.103 Mobile Safari/537.36 (compatible; Googlebot/2.1; +http://www.google.com/bot.html)"
66.249.79.236 - - [12/Jul/2025:23:27:33 +0000] "POST /get-message-notify HTTP/1.1" 200 20956 "http://www.kelaby.company/?h=5680191121960&mod=4b3da53a&uri=news.php%3Fid%3D189660-308%26name%3Dprestonsstylez+hoodie+amazon" "Mozilla/5.0 (Linux; Android 6.0.1; Nexus 5X Build/MMB29P) AppleWebKit/537.36 (KHTML, like Gecko) Chrome/137.0.7151.119 Mobile Safari/537.36 (compatible; Googlebot/2.1; +http://www.google.com/bot.html)"
66.249.79.236 - - [12/Jul/2025:23:27:40 +0000] "GET /?h=5679291121960&mod=4b3da53a&uri=blog.php%3Fid%3D189630-308%26name%3Djoules+hoodies HTTP/1.1" 200 21799 "-" "Mozilla/5.0 (Linux; Android 6.0.1; Nexus 5X Build/MMB29P) AppleWebKit/537.36 (KHTML, like Gecko) Chrome/137.0.7151.103 Mobile Safari/537.36 (compatible; Googlebot/2.1; +http://www.google.com/bot.html)"
66.249.79.238 - - [12/Jul/2025:23:28:16 +0000] "GET /?h=5669991021960&mod=4b3da53a&uri=article.php%3Fid%3D189320-308%26name%3Ddior+cd+hoodie+grey HTTP/1.1" 200 21932 "-" "Mozilla/5.0 (Linux; Android 6.0.1; Nexus 5X Build/MMB29P) AppleWebKit/537.36 (KHTML, like Gecko) Chrome/137.0.7151.103 Mobile Safari/537.36 (compatible; Googlebot/2.1; +http://www.google.com/bot.html)"
66.249.79.236 - - [12/Jul/2025:23:28:26 +0000] "GET /?h=5670291021960&mod=4b3da53a&uri=news.php%3Fid%3D189330-308%26name%3Daeropostale+hoodies+for+guys HTTP/1.1" 200 22186 "-" "Mozilla/5.0 (Linux; Android 6.0.1; Nexus 5X Build/MMB29P) AppleWebKit/537.36 (KHTML, like Gecko) Chrome/137.0.7151.103 Mobile Safari/537.36 (compatible; Googlebot/2.1; +http://www.google.com/bot.html)"
66.249.79.236 - - [12/Jul/2025:23:28:40 +0000] "GET /?h=86400058011960&mod=f8cd71b7&uri=news.php%3Fid%3D2883304-328%26name%3Drieker+sandalen+schwarz+42 HTTP/1.1" 200 21733 "-" "Mozilla/5.0 (Linux; Android 6.0.1; Nexus 5X Build/MMB29P) AppleWebKit/537.36 (KHTML, like Gecko) Chrome/137.0.7151.103 Mobile Safari/537.36 (compatible; Googlebot/2.1; +http://www.google.com/bot.html)"
66.249.79.236 - - [12/Jul/2025:23:28:47 +0000] "GET /?h=70031794011960&mod=f8cd71b7&uri=pin.php%3Fid%3D2337039-328%26name%3Doverknees+gestreift HTTP/1.1" 200 20980 "-" "Mozilla/5.0 (Linux; Android 6.0.1; Nexus 5X Build/MMB29P) AppleWebKit/537.36 (KHTML, like Gecko) Chrome/137.0.7151.103 Mobile Safari/537.36 (compatible; Googlebot/2.1; +http://www.google.com/bot.html)"
66.249.79.236 - - [12/Jul/2025:23:28:54 +0000] "GET /?h=86388872031960&mod=f8cd71b7&uri=form.php%3Fid%3D2882931-328%26name%3Ddamen+stiefel+weite+g HTTP/1.1" 200 22061 "-" "Mozilla/5.0 (Linux; Android 6.0.1; Nexus 5X Build/MMB29P) AppleWebKit/537.36 (KHTML, like Gecko) Chrome/137.0.7151.103 Mobile Safari/537.36 (compatible; Googlebot/2.1; +http://www.google.com/bot.html)"
66.249.79.236 - - [12/Jul/2025:23:29:01 +0000] "GET /?h=5678691021960&mod=4b3da53a&uri=product.php%3Fid%3D189610-308%26name%3Durban+outfitters+zip+hoodie HTTP/1.1" 200 22508 "-" "Mozilla/5.0 (Linux; Android 6.0.1; Nexus 5X Build/MMB29P) AppleWebKit/537.36 (KHTML, like Gecko) Chrome/137.0.7151.103 Mobile Safari/537.36 (compatible; Googlebot/2.1; +http://www.google.com/bot.html)"
66.249.79.236 - - [12/Jul/2025:23:29:04 +0000] "POST /get-message-notify HTTP/1.1" 200 20934 "http://www.kelaby.company/?h=5678691021960&mod=4b3da53a&uri=product.php%3Fid%3D189610-308%26name%3Durban+outfitters+zip+hoodie" "Mozilla/5.0 (Linux; Android 6.0.1; Nexus 5X Build/MMB29P) AppleWebKit/537.36 (KHTML, like Gecko) Chrome/137.0.7151.119 Mobile Safari/537.36 (compatible; Googlebot/2.1; +http://www.google.com/bot.html)"
66.249.79.236 - - [12/Jul/2025:23:29:12 +0000] "GET /?h=5684970041960&mod=2076b5ab&uri=shared.php%3Fid%3D189820-333%26name%3Dmens+wedding+ring+thickness HTTP/1.1" 200 21021 "-" "Mozilla/5.0 (Linux; Android 6.0.1; Nexus 5X Build/MMB29P) AppleWebKit/537.36 (KHTML, like Gecko) Chrome/137.0.7151.103 Mobile Safari/537.36 (compatible; Googlebot/2.1; +http://www.google.com/bot.html)"
66.249.79.236 - - [12/Jul/2025:23:29:16 +0000] "POST /get-message-notify HTTP/1.1" 200 20945 "http://www.kelaby.company/?h=5684970041960&mod=2076b5ab&uri=shared.php%3Fid%3D189820-333%26name%3Dmens+wedding+ring+thickness" "Mozilla/5.0 (Linux; Android 6.0.1; Nexus 5X Build/MMB29P) AppleWebKit/537.36 (KHTML, like Gecko) Chrome/137.0.7151.119 Mobile Safari/537.36 (compatible; Googlebot/2.1; +http://www.google.com/bot.html)"
66.249.79.236 - - [12/Jul/2025:23:29:25 +0000] "GET /?h=5680491071960&mod=4b3da53a&uri=dp.php%3Fid%3D189670-308%26name%3Danaal+nathrakh+hoodie HTTP/1.1" 200 21802 "-" "Mozilla/5.0 (Linux; Android 6.0.1; Nexus 5X Build/MMB29P) AppleWebKit/537.36 (KHTML, like Gecko) Chrome/137.0.7151.103 Mobile Safari/537.36 (compatible; Googlebot/2.1; +http://www.google.com/bot.html)"
66.249.79.236 - - [12/Jul/2025:23:29:38 +0000] "GET /?h=5669391121960&mod=4b3da53a&uri=us.php%3Fid%3D189300-308%26name%3Diceberg+crewneck HTTP/1.1" 200 22209 "-" "Mozilla/5.0 (Linux; Android 6.0.1; Nexus 5X Build/MMB29P) AppleWebKit/537.36 (KHTML, like Gecko) Chrome/137.0.7151.103 Mobile Safari/537.36 (compatible; Googlebot/2.1; +http://www.google.com/bot.html)"
66.249.79.236 - - [12/Jul/2025:23:29:42 +0000] "POST /get-message-notify HTTP/1.1" 200 20963 "http://www.kelaby.company/?h=5669391121960&mod=4b3da53a&uri=us.php%3Fid%3D189300-308%26name%3Diceberg+crewneck" "Mozilla/5.0 (Linux; Android 6.0.1; Nexus 5X Build/MMB29P) AppleWebKit/537.36 (KHTML, like Gecko) Chrome/137.0.7151.119 Mobile Safari/537.36 (compatible; Googlebot/2.1; +http://www.google.com/bot.html)"
66.249.79.237 - - [12/Jul/2025:23:30:03 +0000] "GET /?h=5665191071960&mod=4b3da53a&uri=dp.php%3Fid%3D189160-308%26name%3Dsoft+drawstring+hoodie+monki HTTP/1.1" 200 22273 "-" "Mozilla/5.0 (Linux; Android 6.0.1; Nexus 5X Build/MMB29P) AppleWebKit/537.36 (KHTML, like Gecko) Chrome/137.0.7151.103 Mobile Safari/537.36 (compatible; Googlebot/2.1; +http://www.google.com/bot.html)"
66.249.79.236 - - [12/Jul/2025:23:34:33 +0000] "GET / HTTP/1.1" 200 21805 "-" "Mozilla/5.0 (Linux; Android 6.0.1; Nexus 5X Build/MMB29P) AppleWebKit/537.36 (KHTML, like Gecko) Chrome/137.0.7151.103 Mobile Safari/537.36 (compatible; Googlebot/2.1; +http://www.google.com/bot.html)"
173.208.198.210 - - [12/Jul/2025:23:36:49 +0000] "GET /?testPage HTTP/1.1" 200 78 "-" "Mozilla/5.0 (compatible; Googlebot/2.1; +http://www.google.com/bot.html)"
209.74.77.214 - - [12/Jul/2025:23:36:56 +0000] "POST /wp-cron.php?doing_wp_cron=1752363416.6025071144104003906250 HTTP/1.1" 200 - "-" "WordPress/6.8.1; https://kelaby.company"
173.208.198.210 - - [12/Jul/2025:23:36:54 +0000] "GET /?testPage HTTP/1.1" 301 - "-" "Mozilla/5.0 (Windows NT 10.0; Win64; x64) AppleWebKit/537.36 (KHTML, like Gecko) Chrome/125.0.0.0 Safari/537.36"
66.249.79.225 - - [12/Jul/2025:23:50:27 +0000] "GET /?h=5667291021960&mod=4b3da53a&uri=brands.php%3Fid%3D189230-308%26name%3Dmichael+kors+hoodie+women%27s HTTP/1.1" 200 21855 "-" "Mozilla/5.0 (Linux; Android 6.0.1; Nexus 5X Build/MMB29P) AppleWebKit/537.36 (KHTML, like Gecko) Chrome/137.0.7151.103 Mobile Safari/537.36 (compatible; Googlebot/2.1; +http://www.google.com/bot.html)"
66.249.79.225 - - [12/Jul/2025:23:50:32 +0000] "POST /get-message-notify HTTP/1.1" 200 20952 "http://www.kelaby.company/?h=5667291021960&mod=4b3da53a&uri=brands.php%3Fid%3D189230-308%26name%3Dmichael+kors+hoodie+women%27s" "Mozilla/5.0 (Linux; Android 6.0.1; Nexus 5X Build/MMB29P) AppleWebKit/537.36 (KHTML, like Gecko) Chrome/137.0.7151.119 Mobile Safari/537.36 (compatible; Googlebot/2.1; +http://www.google.com/bot.html)"
209.74.77.214 - - [12/Jul/2025:23:58:03 +0000] "POST /wp-cron.php?doing_wp_cron=1752364683.0492110252380371093750 HTTP/1.1" 200 - "-" "WordPress/6.8.1; https://kelaby.company"
119.45.20.16 - - [12/Jul/2025:23:58:02 +0000] "GET / HTTP/1.1" 301 - "-" "Mozilla/5.0 (iPhone; CPU iPhone OS 13_2_3 like Mac OS X) AppleWebKit/605.1.15 (KHTML, like Gecko) Version/13.0.3 Mobile/15E148 Safari/604.1"
209.74.77.214 - - [13/Jul/2025:00:32:19 +0000] "POST /wp-cron.php?doing_wp_cron=1752366739.8329670429229736328125 HTTP/1.1" 200 - "-" "WordPress/6.8.1; https://kelaby.company"
107.174.224.18 - - [13/Jul/2025:00:32:19 +0000] "GET / HTTP/1.1" 301 - "-" "Mozilla/5.0"
209.74.77.214 - - [13/Jul/2025:00:43:00 +0000] "POST /wp-cron.php?doing_wp_cron=1752367380.6302909851074218750000 HTTP/1.1" 200 - "-" "WordPress/6.8.1; https://kelaby.company"
80.155.166.92 - - [13/Jul/2025:00:43:00 +0000] "POST /xmlrpc.php HTTP/1.1" 200 225 "-" "Mozilla/5.0 (X11; Ubuntu; Linux x86_64; rv:85.0) Gecko/20100101 Firefox/91.0"
209.74.77.214 - - [13/Jul/2025:01:23:41 +0000] "POST /wp-cron.php?doing_wp_cron=1752369821.0173110961914062500000 HTTP/1.1" 200 - "-" "WordPress/6.8.1; https://kelaby.company"
49.51.183.84 - - [13/Jul/2025:01:23:39 +0000] "GET / HTTP/1.1" 301 - "-" "Mozilla/5.0 (iPhone; CPU iPhone OS 13_2_3 like Mac OS X) AppleWebKit/605.1.15 (KHTML, like Gecko) Version/13.0.3 Mobile/15E148 Safari/604.1"
209.74.77.214 - - [13/Jul/2025:02:54:50 +0000] "POST /wp-cron.php?doing_wp_cron=1752375290.5678989887237548828125 HTTP/1.1" 200 - "-" "WordPress/6.8.1; https://kelaby.company"
223.178.208.5 - - [13/Jul/2025:02:54:49 +0000] "POST /xmlrpc.php HTTP/1.1" 200 225 "-" "Mozilla/5.0 (X11; Ubuntu; Linux x86_64; rv:85.0) Gecko/20100101 Firefox/91.0"
209.74.77.214 - - [13/Jul/2025:02:58:43 +0000] "POST /wp-cron.php?doing_wp_cron=1752375523.2834100723266601562500 HTTP/1.1" 200 - "-" "WordPress/6.8.1; https://kelaby.company"
106.227.49.113 - - [13/Jul/2025:02:58:42 +0000] "GET / HTTP/1.1" 301 - "-" "Mozilla/5.0 (iPhone; CPU iPhone OS 13_2_3 like Mac OS X) AppleWebKit/605.1.15 (KHTML, like Gecko) Version/13.0.3 Mobile/15E148 Safari/604.1"
209.74.77.214 - - [13/Jul/2025:03:05:33 +0000] "POST /wp-cron.php?doing_wp_cron=1752375933.5130620002746582031250 HTTP/1.1" 200 - "-" "WordPress/6.8.1; https://kelaby.company"
120.24.23.234 - - [13/Jul/2025:03:05:32 +0000] "POST /wp-login.php HTTP/1.1" 302 - "http://kelaby.company" "Mozilla/5.0 (Windows NT 11.0; Win64; x64) AppleWebKit/537.36 (KHTML, like Gecko) Chrome/126.0.0.0 Safari/537.36 Edg/126.0.0.0"
209.74.77.214 - - [13/Jul/2025:03:13:36 +0000] "POST /wp-cron.php?doing_wp_cron=1752376416.1637339591979980468750 HTTP/1.1" 200 - "-" "WordPress/6.8.1; https://kelaby.company"
13.74.216.48 - - [13/Jul/2025:03:13:28 +0000] "GET /wp-content/plugins/hellopress/wp_filemanager.php HTTP/1.1" 404 16371 "-" "-"
13.74.216.48 - - [13/Jul/2025:03:13:36 +0000] "GET /function/function.php HTTP/1.1" 404 16371 "-" "-"
13.74.216.48 - - [13/Jul/2025:03:13:37 +0000] "GET /.well-known/log.php HTTP/1.1" 404 16371 "-" "-"
13.74.216.48 - - [13/Jul/2025:03:13:38 +0000] "GET /mar.php HTTP/1.1" 404 16371 "-" "-"
13.74.216.48 - - [13/Jul/2025:03:13:38 +0000] "GET /.well-known/gecko-litespeed.php HTTP/1.1" 404 16371 "-" "-"
13.74.216.48 - - [13/Jul/2025:03:13:39 +0000] "GET /update/f35.php HTTP/1.1" 404 16371 "-" "-"
13.74.216.48 - - [13/Jul/2025:03:13:40 +0000] "GET /system_log.php HTTP/1.1" 404 16372 "-" "-"
13.74.216.48 - - [13/Jul/2025:03:13:40 +0000] "GET /lock360.php HTTP/1.1" 404 16372 "-" "-"
13.74.216.48 - - [13/Jul/2025:03:13:41 +0000] "GET /atomlib.php HTTP/1.1" 404 16371 "-" "-"
13.74.216.48 - - [13/Jul/2025:03:13:42 +0000] "GET /wp-content/themes/aahana/json.php HTTP/1.1" 404 16371 "-" "-"
13.74.216.48 - - [13/Jul/2025:03:13:42 +0000] "GET /cgi-bin/cgi-bin/about.php7 HTTP/1.1" 404 16371 "-" "-"
13.74.216.48 - - [13/Jul/2025:03:13:43 +0000] "GET /wp-content/plugins/hellopress/wp_filemanager.php HTTP/1.1" 404 16371 "-" "-"
13.74.216.48 - - [13/Jul/2025:03:13:43 +0000] "GET /themes.php HTTP/1.1" 404 16372 "-" "-"
13.74.216.48 - - [13/Jul/2025:03:13:44 +0000] "GET /goat1.php HTTP/1.1" 404 16372 "-" "-"
13.74.216.48 - - [13/Jul/2025:03:13:45 +0000] "GET /bless.php HTTP/1.1" 404 16371 "-" "-"
13.74.216.48 - - [13/Jul/2025:03:13:45 +0000] "GET /baxa1.phP8 HTTP/1.1" 404 16371 "-" "-"
13.74.216.48 - - [13/Jul/2025:03:13:46 +0000] "GET /wp-configs.php HTTP/1.1" 404 16371 "-" "-"
13.74.216.48 - - [13/Jul/2025:03:13:47 +0000] "GET /wp-content/upgrade/index.php HTTP/1.1" 301 - "-" "-"
13.74.216.48 - - [13/Jul/2025:03:13:47 +0000] "GET /wp-content/upgrade/ HTTP/1.1" 404 16371 "-" "-"
13.74.216.48 - - [13/Jul/2025:03:13:47 +0000] "GET /wp-content/plugins/wp-conflg.php HTTP/1.1" 404 16371 "-" "-"
13.74.216.48 - - [13/Jul/2025:03:13:48 +0000] "GET /02.php HTTP/1.1" 404 16371 "-" "-"
13.74.216.48 - - [13/Jul/2025:03:13:49 +0000] "GET /wp-includes/IXR/index.php HTTP/1.1" 301 - "-" "-"
13.74.216.48 - - [13/Jul/2025:03:13:49 +0000] "GET /wp-includes/IXR/ HTTP/1.1" 404 16371 "-" "-"
13.74.216.48 - - [13/Jul/2025:03:13:50 +0000] "GET /up.php HTTP/1.1" 404 16371 "-" "-"
13.74.216.48 - - [13/Jul/2025:03:13:50 +0000] "GET /mail.php HTTP/1.1" 404 16371 "-" "-"
13.74.216.48 - - [13/Jul/2025:03:13:51 +0000] "GET /jp.php HTTP/1.1" 404 16371 "-" "-"
13.74.216.48 - - [13/Jul/2025:03:13:52 +0000] "GET /media.php HTTP/1.1" 404 16371 "-" "-"
13.74.216.48 - - [13/Jul/2025:03:13:52 +0000] "GET /wp-content/themes/about.php HTTP/1.1" 404 16371 "-" "-"
13.74.216.48 - - [13/Jul/2025:03:13:53 +0000] "GET /worksec.php HTTP/1.1" 404 16371 "-" "-"
13.74.216.48 - - [13/Jul/2025:03:13:53 +0000] "GET /.well-known/pki-validation/dropdown.php HTTP/1.1" 404 - "-" "-"
13.74.216.48 - - [13/Jul/2025:03:13:54 +0000] "GET /menu.php HTTP/1.1" 404 16371 "-" "-"
13.74.216.48 - - [13/Jul/2025:03:13:54 +0000] "GET /log.php HTTP/1.1" 404 16371 "-" "-"
13.74.216.48 - - [13/Jul/2025:03:13:55 +0000] "GET /class.php HTTP/1.1" 404 16370 "-" "-"
13.74.216.48 - - [13/Jul/2025:03:13:55 +0000] "GET /.well-known/pki-validation/index.php HTTP/1.1" 404 - "-" "-"
13.74.216.48 - - [13/Jul/2025:03:13:56 +0000] "GET /wp-includes/SimplePie/index.php HTTP/1.1" 301 - "-" "-"
13.74.216.48 - - [13/Jul/2025:03:13:56 +0000] "GET /wp-includes/SimplePie/ HTTP/1.1" 404 16371 "-" "-"
13.74.216.48 - - [13/Jul/2025:03:13:57 +0000] "GET /wp-content/plugins/wp-help/index.php HTTP/1.1" 301 - "-" "-"
13.74.216.48 - - [13/Jul/2025:03:13:57 +0000] "GET /wp-content/plugins/wp-help/ HTTP/1.1" 404 16371 "-" "-"
13.74.216.48 - - [13/Jul/2025:03:13:58 +0000] "GET /wp-conflg.php HTTP/1.1" 404 16371 "-" "-"
13.74.216.48 - - [13/Jul/2025:03:13:58 +0000] "GET /wp-content/themes/twentytwentytwo/index.php HTTP/1.1" 301 - "-" "-"
13.74.216.48 - - [13/Jul/2025:03:13:58 +0000] "GET /wp-content/themes/twentytwentytwo/ HTTP/1.1" 404 16371 "-" "-"
13.74.216.48 - - [13/Jul/2025:03:13:59 +0000] "GET /wp-includes/block-patterns/index.php HTTP/1.1" 301 - "-" "-"
13.74.216.48 - - [13/Jul/2025:03:13:59 +0000] "GET /wp-includes/block-patterns/ HTTP/1.1" 404 16372 "-" "-"
13.74.216.48 - - [13/Jul/2025:03:14:00 +0000] "GET /wp-includes/Text/Diff/Engine/about.php HTTP/1.1" 404 16371 "-" "-"
209.74.77.214 - - [13/Jul/2025:03:14:01 +0000] "POST /wp-cron.php?doing_wp_cron=1752376441.3909199237823486328125 HTTP/1.1" 200 - "-" "WordPress/6.8.1; https://kelaby.company"
13.74.216.48 - - [13/Jul/2025:03:14:01 +0000] "GET /wp-admin/images/file.php HTTP/1.1" 404 16371 "-" "-"
13.74.216.48 - - [13/Jul/2025:03:14:02 +0000] "GET /wp-includes/pomo/about.php HTTP/1.1" 404 16372 "-" "-"
13.74.216.48 - - [13/Jul/2025:03:14:02 +0000] "GET /wp-content/uploads/wp.php HTTP/1.1" 404 16371 "-" "-"
13.74.216.48 - - [13/Jul/2025:03:14:03 +0000] "GET /wp-content/themes/cay-van-phong/filemanager.php HTTP/1.1" 404 16372 "-" "-"
13.74.216.48 - - [13/Jul/2025:03:14:03 +0000] "GET /wp-content/cong.php HTTP/1.1" 404 16372 "-" "-"
13.74.216.48 - - [13/Jul/2025:03:14:04 +0000] "GET /wp-includes/js/about.php HTTP/1.1" 404 16372 "-" "-"
13.74.216.48 - - [13/Jul/2025:03:14:05 +0000] "GET /cc.php HTTP/1.1" 404 16372 "-" "-"
13.74.216.48 - - [13/Jul/2025:03:14:05 +0000] "GET /wp-includes/IXR/about.php HTTP/1.1" 404 16372 "-" "-"
13.74.216.48 - - [13/Jul/2025:03:14:06 +0000] "GET /wp-mail.php/wp-includes/ID3/getid3s.php HTTP/1.1" 403 1060 "-" "-"
13.74.216.48 - - [13/Jul/2025:03:14:06 +0000] "GET /wp-admin/function.php HTTP/1.1" 404 16371 "-" "-"
13.74.216.48 - - [13/Jul/2025:03:14:07 +0000] "GET /wp-admin/css/colors/blue/atomlib.php HTTP/1.1" 404 16372 "-" "-"
13.74.216.48 - - [13/Jul/2025:03:14:08 +0000] "GET /wp-content/themes.php HTTP/1.1" 404 16371 "-" "-"
13.74.216.48 - - [13/Jul/2025:03:14:08 +0000] "GET /wp-content/packed.php HTTP/1.1" 404 16371 "-" "-"
13.74.216.48 - - [13/Jul/2025:03:14:09 +0000] "GET /wp-includes/js/codemirror/index.php HTTP/1.1" 301 - "-" "-"
13.74.216.48 - - [13/Jul/2025:03:14:09 +0000] "GET /wp-includes/js/codemirror/ HTTP/1.1" 404 16372 "-" "-"
13.74.216.48 - - [13/Jul/2025:03:14:10 +0000] "GET /wp-admin/includes/xmrlpc.php HTTP/1.1" 404 16372 "-" "-"
13.74.216.48 - - [13/Jul/2025:03:14:10 +0000] "GET /wp-content/themes/admin.php HTTP/1.1" 404 16372 "-" "-"
13.74.216.48 - - [13/Jul/2025:03:14:11 +0000] "GET /wp-admin/css/wp-conflg.php HTTP/1.1" 404 16371 "-" "-"
13.74.216.48 - - [13/Jul/2025:03:14:12 +0000] "GET /wp-includes/Text/Diff/about.php HTTP/1.1" 404 16372 "-" "-"
13.74.216.48 - - [13/Jul/2025:03:14:12 +0000] "GET /wp-includes/block-supports/about.php HTTP/1.1" 404 16372 "-" "-"
13.74.216.48 - - [13/Jul/2025:03:14:13 +0000] "GET /wp-admin/chosen.php HTTP/1.1" 404 16371 "-" "-"
13.74.216.48 - - [13/Jul/2025:03:14:13 +0000] "GET /wp-content/themes/file.php HTTP/1.1" 404 16371 "-" "-"
13.74.216.48 - - [13/Jul/2025:03:14:14 +0000] "GET /wp-includes/fonts/admin.php HTTP/1.1" 404 16371 "-" "-"
13.74.216.48 - - [13/Jul/2025:03:14:15 +0000] "GET /wp-admin/classwithtostring.php HTTP/1.1" 404 16372 "-" "-"
13.74.216.48 - - [13/Jul/2025:03:14:15 +0000] "GET /wp-content/upgrade/admin.php HTTP/1.1" 404 16371 "-" "-"
13.74.216.48 - - [13/Jul/2025:03:14:16 +0000] "GET /wp-admin/log.php HTTP/1.1" 404 16372 "-" "-"
209.74.77.214 - - [13/Jul/2025:03:14:17 +0000] "POST /wp-cron.php?doing_wp_cron=1752376457.2049450874328613281250 HTTP/1.1" 200 - "-" "WordPress/6.8.1; https://kelaby.company"
13.74.216.48 - - [13/Jul/2025:03:14:17 +0000] "GET /wp-content/uploads/2024/index.php HTTP/1.1" 301 - "-" "-"
13.74.216.48 - - [13/Jul/2025:03:14:17 +0000] "GET /wp-content/uploads/2024/ HTTP/1.1" 404 16372 "-" "-"
13.74.216.48 - - [13/Jul/2025:03:14:18 +0000] "GET /wp-admin/js/wp-conflg.php HTTP/1.1" 404 16372 "-" "-"
13.74.216.48 - - [13/Jul/2025:03:14:18 +0000] "GET /wp-content/themes/twentytwentytwo/alfa-rex.php HTTP/1.1" 404 16372 "-" "-"
13.74.216.48 - - [13/Jul/2025:03:14:19 +0000] "GET /wp-includes/style-engine/index.php HTTP/1.1" 301 - "-" "-"
13.74.216.48 - - [13/Jul/2025:03:14:19 +0000] "GET /wp-includes/style-engine/ HTTP/1.1" 404 16371 "-" "-"
13.74.216.48 - - [13/Jul/2025:03:14:20 +0000] "GET /wp-includes/Text/wp-conflg.php HTTP/1.1" 404 16371 "-" "-"
13.74.216.48 - - [13/Jul/2025:03:14:20 +0000] "GET /wp-content/languages/chosen.php HTTP/1.1" 404 16371 "-" "-"
13.74.216.48 - - [13/Jul/2025:03:14:21 +0000] "GET /wp-admin/network/chosen.php HTTP/1.1" 404 16372 "-" "-"
13.74.216.48 - - [13/Jul/2025:03:14:22 +0000] "GET /wp-includes/html-api/index.php HTTP/1.1" 301 - "-" "-"
13.74.216.48 - - [13/Jul/2025:03:14:22 +0000] "GET /wp-includes/html-api/ HTTP/1.1" 404 16371 "-" "-"
209.74.77.214 - - [13/Jul/2025:03:40:40 +0000] "POST /wp-cron.php?doing_wp_cron=1752378040.7897779941558837890625 HTTP/1.1" 200 - "-" "WordPress/6.8.1; https://kelaby.company"
2402:1f00:8300:2a3:: - - [13/Jul/2025:03:40:39 +0000] "POST /wp-login.php HTTP/1.1" 302 - "http://kelaby.company" "Mozilla/5.0 (Windows NT 10.0; Win64; x64) AppleWebKit/537.36 (KHTML, like Gecko) Chrome/113.0.5672.126 Safari/537.36 Edg/113.0.1774.50"
209.74.77.214 - - [13/Jul/2025:04:16:10 +0000] "POST /wp-cron.php?doing_wp_cron=1752380170.4607710838317871093750 HTTP/1.1" 200 - "-" "WordPress/6.8.1; https://kelaby.company"
2001:41d0:403:20c2::1 - - [13/Jul/2025:04:16:09 +0000] "POST /wp-login.php HTTP/1.1" 302 - "http://kelaby.company" "Mozilla/5.0 (Macintosh; Intel Mac OS X 10_15_7) AppleWebKit/537.36 (KHTML, like Gecko) Chrome/115.0.5790.102 Safari/537.36"
2a03:2880:2ff:1:: - - [13/Jul/2025:04:18:44 +0000] "GET /robots.txt HTTP/1.1" 200 83 "-" "facebookexternalhit/1.1 (+http://www.facebook.com/externalhit_uatext.php)"
209.74.77.214 - - [13/Jul/2025:04:52:10 +0000] "POST /wp-cron.php?doing_wp_cron=1752382329.9725708961486816406250 HTTP/1.1" 200 - "-" "WordPress/6.8.1; https://kelaby.company"
20.204.164.126 - - [13/Jul/2025:04:52:09 +0000] "POST /wp-login.php HTTP/1.1" 302 - "http://kelaby.company" "Mozilla/5.0 (Macintosh; Intel Mac OS X 10_15_7; rv:127.0) Gecko/20100101 Firefox/127.0"
209.74.77.214 - - [13/Jul/2025:05:28:29 +0000] "POST /wp-cron.php?doing_wp_cron=1752384508.9460949897766113281250 HTTP/1.1" 200 - "-" "WordPress/6.8.1; https://kelaby.company"
65.181.112.107 - - [13/Jul/2025:05:28:28 +0000] "POST /xmlrpc.php HTTP/1.1" 200 225 "-" "Mozilla/5.0 (X11; Ubuntu; Linux x86_64; rv:85.0) Gecko/20100101 Firefox/91.0"
43.157.172.39 - - [13/Jul/2025:05:29:38 +0000] "GET / HTTP/1.1" 301 - "-" "Mozilla/5.0 (iPhone; CPU iPhone OS 13_2_3 like Mac OS X) AppleWebKit/605.1.15 (KHTML, like Gecko) Version/13.0.3 Mobile/15E148 Safari/604.1"
209.74.77.214 - - [13/Jul/2025:05:57:29 +0000] "POST /wp-cron.php?doing_wp_cron=1752386249.8462500572204589843750 HTTP/1.1" 200 - "-" "WordPress/6.8.1; https://kelaby.company"
42.83.147.56 - - [13/Jul/2025:05:57:29 +0000] "GET / HTTP/1.1" 301 - "-" "Mozilla/5.0 (Windows NT 6.1; Win64; x64) AppleWebKit/537.36 (KHTML, like Gecko)Chrome/74.0.3729.169 Safari/537.36"
209.74.77.214 - - [13/Jul/2025:06:04:25 +0000] "POST /wp-cron.php?doing_wp_cron=1752386665.6094460487365722656250 HTTP/1.1" 200 - "-" "WordPress/6.8.1; https://kelaby.company"
113.219.218.197 - - [13/Jul/2025:06:04:25 +0000] "GET / HTTP/1.1" 301 - "-" "Mozilla/5.0 (iPhone; CPU iPhone OS 13_2_3 like Mac OS X) AppleWebKit/605.1.15 (KHTML, like Gecko) Version/13.0.3 Mobile/15E148 Safari/604.1"
66.249.79.225 - - [13/Jul/2025:06:25:25 +0000] "GET /robots.txt HTTP/1.1" 200 87 "-" "Mozilla/5.0 (compatible; Googlebot/2.1; +http://www.google.com/bot.html)"
66.249.79.225 - - [13/Jul/2025:06:25:25 +0000] "GET /?h=5796638031960&mod=9bbcf8c9&uri=pin.php%3Fid%3D193575-336%26name%3Dborse+mk+in+offerta HTTP/1.1" 200 20824 "-" "Mozilla/5.0 (Linux; Android 6.0.1; Nexus 5X Build/MMB29P) AppleWebKit/537.36 (KHTML, like Gecko) Chrome/137.0.7151.103 Mobile Safari/537.36 (compatible; Googlebot/2.1; +http://www.google.com/bot.html)"
66.249.79.225 - - [13/Jul/2025:06:32:29 +0000] "GET /?h=5507344001960&mod=f8cd71b7&uri=news.php%3Fid%3D183858-328%26name%3Dstoffstiefel+damen HTTP/1.1" 200 22052 "-" "Mozilla/5.0 (Linux; Android 6.0.1; Nexus 5X Build/MMB29P) AppleWebKit/537.36 (KHTML, like Gecko) Chrome/137.0.7151.103 Mobile Safari/537.36 (compatible; Googlebot/2.1; +http://www.google.com/bot.html)"
66.249.79.237 - - [13/Jul/2025:06:36:56 +0000] "GET /?h=5792318091960&mod=49856ed4&uri=info.php%3Fid%3D193431-57%26name%3Draycon+active+noise+cancelling+earbuds HTTP/1.1" 200 21800 "-" "Mozilla/5.0 (Linux; Android 6.0.1; Nexus 5X Build/MMB29P) AppleWebKit/537.36 (KHTML, like Gecko) Chrome/137.0.7151.103 Mobile Safari/537.36 (compatible; Googlebot/2.1; +http://www.google.com/bot.html)"
66.249.79.225 - - [13/Jul/2025:07:03:53 +0000] "GET /?h=5677491001960&mod=4b3da53a&uri=news.php%3Fid%3D189570-308%26name%3Dsoft+hoodies+for+girls HTTP/1.1" 200 22221 "-" "Mozilla/5.0 (Linux; Android 6.0.1; Nexus 5X Build/MMB29P) AppleWebKit/537.36 (KHTML, like Gecko) Chrome/137.0.7151.103 Mobile Safari/537.36 (compatible; Googlebot/2.1; +http://www.google.com/bot.html)"
66.249.79.225 - - [13/Jul/2025:07:15:05 +0000] "GET /?h=5679891021960&mod=4b3da53a&uri=us.php%3Fid%3D189650-308%26name%3Dbershka+street+fighter+hoodie HTTP/1.1" 200 21912 "-" "Mozilla/5.0 (Linux; Android 6.0.1; Nexus 5X Build/MMB29P) AppleWebKit/537.36 (KHTML, like Gecko) Chrome/137.0.7151.103 Mobile Safari/537.36 (compatible; Googlebot/2.1; +http://www.google.com/bot.html)"
66.249.79.225 - - [13/Jul/2025:07:17:54 +0000] "GET /?h=5675091071960&mod=4b3da53a&uri=shop.php%3Fid%3D189490-308%26name%3Dmickey+mouse+hoodie+gucci HTTP/1.1" 200 22175 "-" "Mozilla/5.0 (Linux; Android 6.0.1; Nexus 5X Build/MMB29P) AppleWebKit/537.36 (KHTML, like Gecko) Chrome/137.0.7151.103 Mobile Safari/537.36 (compatible; Googlebot/2.1; +http://www.google.com/bot.html)"
66.249.79.225 - - [13/Jul/2025:07:18:26 +0000] "POST /get-message-notify HTTP/1.1" 200 20946 "http://www.kelaby.company/?h=5679891021960&mod=4b3da53a&uri=us.php%3Fid%3D189650-308%26name%3Dbershka+street+fighter+hoodie" "Mozilla/5.0 (Linux; Android 6.0.1; Nexus 5X Build/MMB29P) AppleWebKit/537.36 (KHTML, like Gecko) Chrome/137.0.7151.119 Mobile Safari/537.36 (compatible; Googlebot/2.1; +http://www.google.com/bot.html)"
209.74.77.214 - - [13/Jul/2025:07:22:54 +0000] "POST /wp-cron.php?doing_wp_cron=1752391374.2972750663757324218750 HTTP/1.1" 200 - "-" "WordPress/6.8.1; https://kelaby.company"
44.203.197.209 - - [13/Jul/2025:07:22:54 +0000] "GET / HTTP/1.1" 301 - "-" "Mozilla/5.0 (Windows NT 10.0; Win64; x64) AppleWebKit/537.36 (KHTML, like Gecko) Chrome/78.0.3904.108 Safari/537.36"
66.249.79.237 - - [13/Jul/2025:07:34:47 +0000] "GET /?h=5678391001960&mod=4b3da53a&uri=pin.php%3Fid%3D189600-308%26name%3Dcup+noodles+hoodie HTTP/1.1" 200 22192 "-" "Mozilla/5.0 (Linux; Android 6.0.1; Nexus 5X Build/MMB29P) AppleWebKit/537.36 (KHTML, like Gecko) Chrome/137.0.7151.103 Mobile Safari/537.36 (compatible; Googlebot/2.1; +http://www.google.com/bot.html)"
66.249.79.238 - - [13/Jul/2025:07:42:36 +0000] "GET /?h=5669091021960&mod=4b3da53a&uri=info.php%3Fid%3D189290-308%26name%3Dflamingo+melting+pop+hoodie+amazon HTTP/1.1" 200 22046 "-" "Mozilla/5.0 (Linux; Android 6.0.1; Nexus 5X Build/MMB29P) AppleWebKit/537.36 (KHTML, like Gecko) Chrome/137.0.7151.103 Mobile Safari/537.36 (compatible; Googlebot/2.1; +http://www.google.com/bot.html)"
209.74.77.214 - - [13/Jul/2025:07:42:52 +0000] "POST /wp-cron.php?doing_wp_cron=1752392572.6337609291076660156250 HTTP/1.1" 200 - "-" "WordPress/6.8.1; https://kelaby.company"
196.251.87.218 - - [13/Jul/2025:07:42:52 +0000] "GET / HTTP/1.1" 301 - "-" "Mozlila/5.0 (Linux; Android 7.0; SM-G892A Bulid/NRD90M; wv) AppleWebKit/537.36 (KHTML, like Gecko) Version/4.0 Chrome/60.0.3112.107 Moblie Safari/537.36"
196.251.87.218 - - [13/Jul/2025:07:42:52 +0000] "GET /wp-content/plugins/fix/up.php HTTP/1.1" 404 16371 "-" "Mozilla/5.0 (Windows NT 10.0; Win64; x64) AppleWebKit/537.36 (KHTML, like Gecko) Chrome/85.0.4183.102 Safari/537.36"
196.251.87.218 - - [13/Jul/2025:07:42:52 +0000] "POST /ALFA_DATA/alfacgiapi/perl.alfa HTTP/1.1" 404 16322 "www.google.com" "Mozlila/5.0 (Linux; Android 7.0; SM-G892A Bulid/NRD90M; wv) AppleWebKit/537.36 (KHTML, like Gecko) Version/4.0 Chrome/60.0.3112.107 Moblie Safari/537.36"
196.251.87.218 - - [13/Jul/2025:07:42:52 +0000] "POST /wp-plain.php HTTP/1.1" 404 16371 "www.google.com" "Mozilla/5.0 (Linux; Android 7.0; SM-G892A Bulid/NRD90M; wv) AppleWebKit/537.36 (KHTML, like Gecko) Version/4.0 Chrome/60.0.3112.107 Moblie Safari/537.36"
196.251.87.218 - - [13/Jul/2025:07:42:52 +0000] "GET /wp-content/themes/seotheme/db.php?u HTTP/1.1" 404 16372 "www.google.com" "Mozlila/5.0 (Linux; Android 7.0; SM-G892A Bulid/NRD90M; wv) AppleWebKit/537.36 (KHTML, like Gecko) Version/4.0 Chrome/60.0.3112.107 Moblie Safari/537.36"
196.251.87.218 - - [13/Jul/2025:07:42:53 +0000] "POST /alfacgiapi/perl.alfa HTTP/1.1" 404 16322 "www.google.com" "Mozlila/5.0 (Linux; Android 7.0; SM-G892A Bulid/NRD90M; wv) AppleWebKit/537.36 (KHTML, like Gecko) Version/4.0 Chrome/60.0.3112.107 Moblie Safari/537.36"
196.251.87.218 - - [13/Jul/2025:07:42:53 +0000] "GET /ikrydmld.php?Fox=d3wL7 HTTP/1.1" 404 16371 "www.google.com" "Mozilla/5.0 (Linux; Android 7.0; SM-G892A Bulid/NRD90M; wv) AppleWebKit/537.36 (KHTML, like Gecko) Version/4.0 Chrome/60.0.3112.107 Moblie Safari/537.36"
104.199.106.137 - - [13/Jul/2025:07:51:50 +0000] "GET /robots.txt HTTP/1.1" 200 83 "-" "Mozilla/5.0 (compatible; VelenPublicWebCrawler/1.0; +https://velen.io)"
209.74.77.214 - - [13/Jul/2025:07:51:51 +0000] "POST /wp-cron.php?doing_wp_cron=1752393111.0148360729217529296875 HTTP/1.1" 200 - "-" "WordPress/6.8.1; https://kelaby.company"
104.199.106.137 - - [13/Jul/2025:07:51:50 +0000] "GET /subsidiaries HTTP/1.1" 301 - "-" "Mozilla/5.0 (compatible; VelenPublicWebCrawler/1.0; +https://velen.io)"
104.199.106.137 - - [13/Jul/2025:07:51:53 +0000] "GET /subsidiaries/ HTTP/1.1" 200 18381 "http://kelaby.company/subsidiaries" "Mozilla/5.0 (compatible; VelenPublicWebCrawler/1.0; +https://velen.io)"
66.249.79.237 - - [13/Jul/2025:07:57:22 +0000] "GET /?h=5702367021960&mod=2076b5ab&uri=shared.php%3Fid%3D190400-333%26name%3Dgreat+mall+jewelry+stores HTTP/1.1" 200 22476 "-" "Mozilla/5.0 (Linux; Android 6.0.1; Nexus 5X Build/MMB29P) AppleWebKit/537.36 (KHTML, like Gecko) Chrome/137.0.7151.103 Mobile Safari/537.36 (compatible; Googlebot/2.1; +http://www.google.com/bot.html)"
66.249.79.238 - - [13/Jul/2025:07:57:26 +0000] "GET /?h=5684820081960&mod=2076b5ab&uri=search.php%3Fid%3D189815-333%26name%3Damelia+rue+amethyst+necklace HTTP/1.1" 200 20356 "-" "Mozilla/5.0 (Linux; Android 6.0.1; Nexus 5X Build/MMB29P) AppleWebKit/537.36 (KHTML, like Gecko) Chrome/137.0.7151.103 Mobile Safari/537.36 (compatible; Googlebot/2.1; +http://www.google.com/bot.html)"
66.249.79.237 - - [13/Jul/2025:07:57:30 +0000] "GET /?h=5794478031960&mod=9bbcf8c9&uri=products.php%3Fid%3D193503-336%26name%3Dborse+con+rete+di+plastica+tutorial HTTP/1.1" 200 21215 "-" "Mozilla/5.0 (Linux; Android 6.0.1; Nexus 5X Build/MMB29P) AppleWebKit/537.36 (KHTML, like Gecko) Chrome/137.0.7151.103 Mobile Safari/537.36 (compatible; Googlebot/2.1; +http://www.google.com/bot.html)"
66.249.79.236 - - [13/Jul/2025:07:57:35 +0000] "GET /?h=5792078011960&mod=49856ed4&uri=shop.php%3Fid%3D193423-57%26name%3Damps+air+true+wireless+earbuds HTTP/1.1" 200 22007 "-" "Mozilla/5.0 (Linux; Android 6.0.1; Nexus 5X Build/MMB29P) AppleWebKit/537.36 (KHTML, like Gecko) Chrome/137.0.7151.103 Mobile Safari/537.36 (compatible; Googlebot/2.1; +http://www.google.com/bot.html)"
66.249.79.236 - - [13/Jul/2025:07:57:40 +0000] "GET /?h=5719395081960&mod=4428d361&uri=shop.php%3Fid%3D190985-334%26name%3Dgintama+serious+arcs HTTP/1.1" 200 22077 "-" "Mozilla/5.0 (Linux; Android 6.0.1; Nexus 5X Build/MMB29P) AppleWebKit/537.36 (KHTML, like Gecko) Chrome/137.0.7151.103 Mobile Safari/537.36 (compatible; Googlebot/2.1; +http://www.google.com/bot.html)"
66.249.79.236 - - [13/Jul/2025:07:57:45 +0000] "GET /?h=38329836051960&mod=4b3da53a&uri=itm.php%3Fid%3D1279271-308%26name%3Dwind+proof+coat HTTP/1.1" 200 21648 "-" "Mozilla/5.0 (Linux; Android 6.0.1; Nexus 5X Build/MMB29P) AppleWebKit/537.36 (KHTML, like Gecko) Chrome/137.0.7151.103 Mobile Safari/537.36 (compatible; Googlebot/2.1; +http://www.google.com/bot.html)"
66.249.79.236 - - [13/Jul/2025:07:57:50 +0000] "GET /?h=5791375011960&mod=49856ed4&uri=dp.php%3Fid%3D193399-57%26name%3Dbest+bluetooth+earbuds+for+sports+2020 HTTP/1.1" 200 22257 "-" "Mozilla/5.0 (Linux; Android 6.0.1; Nexus 5X Build/MMB29P) AppleWebKit/537.36 (KHTML, like Gecko) Chrome/137.0.7151.103 Mobile Safari/537.36 (compatible; Googlebot/2.1; +http://www.google.com/bot.html)"
66.249.79.236 - - [13/Jul/2025:07:57:55 +0000] "GET /?h=5667321031960&mod=4b3da53a&uri=blog.php%3Fid%3D189231-308%26name%3Dswiss+military+sweatshirt HTTP/1.1" 200 22417 "-" "Mozilla/5.0 (Linux; Android 6.0.1; Nexus 5X Build/MMB29P) AppleWebKit/537.36 (KHTML, like Gecko) Chrome/137.0.7151.103 Mobile Safari/537.36 (compatible; Googlebot/2.1; +http://www.google.com/bot.html)"
66.249.79.238 - - [13/Jul/2025:07:58:01 +0000] "GET /?h=5796398001960&mod=9bbcf8c9&uri=brands.php%3Fid%3D193567-336%26name%3Do+bag+a+secchiello HTTP/1.1" 200 21043 "-" "Mozilla/5.0 (Linux; Android 6.0.1; Nexus 5X Build/MMB29P) AppleWebKit/537.36 (KHTML, like Gecko) Chrome/137.0.7151.103 Mobile Safari/537.36 (compatible; Googlebot/2.1; +http://www.google.com/bot.html)"
66.249.79.236 - - [13/Jul/2025:07:58:10 +0000] "GET /?h=5793278011960&mod=49856ed4&uri=category-info.php%3Fid%3D193463-57%26name%3Dinfinity+glide+120+earphones HTTP/1.1" 200 22074 "-" "Mozilla/5.0 (Linux; Android 6.0.1; Nexus 5X Build/MMB29P) AppleWebKit/537.36 (KHTML, like Gecko) Chrome/137.0.7151.103 Mobile Safari/537.36 (compatible; Googlebot/2.1; +http://www.google.com/bot.html)"
66.249.79.236 - - [13/Jul/2025:07:58:15 +0000] "GET /?h=37147927071960&mod=4b3da53a&uri=blog.php%3Fid%3D1239844-308%26name%3Dnike+oatmeal+swoosh+hoodie HTTP/1.1" 200 21762 "-" "Mozilla/5.0 (Linux; Android 6.0.1; Nexus 5X Build/MMB29P) AppleWebKit/537.36 (KHTML, like Gecko) Chrome/137.0.7151.103 Mobile Safari/537.36 (compatible; Googlebot/2.1; +http://www.google.com/bot.html)"
66.249.79.236 - - [13/Jul/2025:07:58:20 +0000] "GET /?h=36361300011960&mod=4b3da53a&uri=blog.php%3Fid%3D1213585-308%26name%3Dchristmas+pjs+plt HTTP/1.1" 200 22033 "-" "Mozilla/5.0 (Linux; Android 6.0.1; Nexus 5X Build/MMB29P) AppleWebKit/537.36 (KHTML, like Gecko) Chrome/137.0.7151.103 Mobile Safari/537.36 (compatible; Googlebot/2.1; +http://www.google.com/bot.html)"
66.249.79.236 - - [13/Jul/2025:07:58:28 +0000] "GET /?h=119733373041960&mod=2d629f2f&uri=news.php%3Fid%3D3995866-539%26name%3Dfifa+21+gameplay+switch HTTP/1.1" 200 21191 "-" "Mozilla/5.0 (Linux; Android 6.0.1; Nexus 5X Build/MMB29P) AppleWebKit/537.36 (KHTML, like Gecko) Chrome/137.0.7151.103 Mobile Safari/537.36 (compatible; Googlebot/2.1; +http://www.google.com/bot.html)"
