66.249.74.130 - - [14/Jul/2025:15:35:25 +0000] "GET /?y=77910396011940&mod=aa5f65a0&uri=pin.php?entity/7807616.shtm HTTP/1.1" 200 19388 "-" "Mozilla/5.0 (Linux; Android 6.0.1; Nexus 5X Build/MMB29P) AppleWebKit/537.36 (KHTML, like Gecko) Chrome/137.0.7151.103 Mobile Safari/537.36 (compatible; GoogleOther)"
66.249.74.131 - - [14/Jul/2025:15:35:25 +0000] "POST /get-message-notify HTTP/1.1" 200 18283 "https://akaventures.com.au/?y=119603440001940&mod=3bd8c683&uri=pin.php?entity/7962717.shtm" "Mozilla/5.0 (Linux; Android 6.0.1; Nexus 5X Build/MMB29P) AppleWebKit/537.36 (KHTML, like Gecko) Chrome/137.0.7151.119 Mobile Safari/537.36 (compatible; Googlebot/2.1; +http://www.google.com/bot.html)"
66.249.74.132 - - [14/Jul/2025:15:35:26 +0000] "GET /?y=6151295011940&mod=49734ad1&uri=pin.php?entity/9217812.shtm HTTP/1.1" 200 18802 "-" "Mozilla/5.0 (Linux; Android 6.0.1; Nexus 5X Build/MMB29P) AppleWebKit/537.36 (KHTML, like Gecko) Chrome/137.0.7151.103 Mobile Safari/537.36 (compatible; GoogleOther)"
66.249.74.132 - - [14/Jul/2025:15:35:27 +0000] "GET /?y=95148309031940&mod=dc781c44&uri=pin.php?entity/7891560.shtm HTTP/1.1" 200 19258 "-" "Mozilla/5.0 (Linux; Android 6.0.1; Nexus 5X Build/MMB29P) AppleWebKit/537.36 (KHTML, like Gecko) Chrome/137.0.7151.103 Mobile Safari/537.36 (compatible; GoogleOther)"
66.249.74.130 - - [14/Jul/2025:15:35:28 +0000] "GET /?y=119603440001940&mod=3bd8c683&uri=pin.php?entity/9189475.shtm HTTP/1.1" 200 19526 "-" "Mozilla/5.0 (Linux; Android 6.0.1; Nexus 5X Build/MMB29P) AppleWebKit/537.36 (KHTML, like Gecko) Chrome/137.0.7151.103 Mobile Safari/537.36 (compatible; GoogleOther)"
66.249.74.132 - - [14/Jul/2025:15:35:28 +0000] "GET /?y=9405790021940&mod=e554409d&uri=us.php?entity/2355680.shtm HTTP/1.1" 200 18831 "-" "Mozilla/5.0 (Linux; Android 6.0.1; Nexus 5X Build/MMB29P) AppleWebKit/537.36 (KHTML, like Gecko) Chrome/137.0.7151.103 Mobile Safari/537.36 (compatible; Googlebot/2.1; +http://www.google.com/bot.html)"
66.249.74.132 - - [14/Jul/2025:15:35:28 +0000] "GET /?y=60576233021940&mod=0eab014d&uri=pin.php?entity/702928126.shtm HTTP/1.1" 200 19061 "-" "Mozilla/5.0 (Linux; Android 6.0.1; Nexus 5X Build/MMB29P) AppleWebKit/537.36 (KHTML, like Gecko) Chrome/137.0.7151.103 Mobile Safari/537.36 (compatible; GoogleOther)"
66.249.74.130 - - [14/Jul/2025:15:35:29 +0000] "GET /?y=9405790021940&mod=e554409d&uri=us.php?entity/2357866.shtm HTTP/1.1" 200 18943 "-" "Mozilla/5.0 (Linux; Android 6.0.1; Nexus 5X Build/MMB29P) AppleWebKit/537.36 (KHTML, like Gecko) Chrome/137.0.7151.103 Mobile Safari/537.36 (compatible; Googlebot/2.1; +http://www.google.com/bot.html)"
66.249.74.130 - - [14/Jul/2025:15:35:29 +0000] "GET /?y=6151295011940&mod=49734ad1&uri=pin.php?entity/9181375.shtm HTTP/1.1" 200 18284 "-" "Mozilla/5.0 (Linux; Android 6.0.1; Nexus 5X Build/MMB29P) AppleWebKit/537.36 (KHTML, like Gecko) Chrome/137.0.7151.103 Mobile Safari/537.36 (compatible; GoogleOther)"
66.249.74.130 - - [14/Jul/2025:15:35:30 +0000] "GET /?y=5381055031940&mod=da960bb5&uri=blog.php?entity/6396012.shtm HTTP/1.1" 200 19482 "-" "Mozilla/5.0 (Linux; Android 6.0.1; Nexus 5X Build/MMB29P) AppleWebKit/537.36 (KHTML, like Gecko) Chrome/137.0.7151.103 Mobile Safari/537.36 (compatible; GoogleOther)"
66.249.74.130 - - [14/Jul/2025:15:35:31 +0000] "GET /?y=6226241031940&mod=3ca5a9d2&uri=news.php%3Fid%3D207946-359%26name%3Dml720+ete HTTP/1.1" 200 19374 "-" "Mozilla/5.0 (Linux; Android 6.0.1; Nexus 5X Build/MMB29P) AppleWebKit/537.36 (KHTML, like Gecko) Chrome/137.0.7151.103 Mobile Safari/537.36 (compatible; Googlebot/2.1; +http://www.google.com/bot.html)"
66.249.74.132 - - [14/Jul/2025:15:35:31 +0000] "GET /?y=70791163081940&mod=66f0eb7a&uri=pin.php?entity/2333629.shtm HTTP/1.1" 200 19431 "-" "Mozilla/5.0 (Linux; Android 6.0.1; Nexus 5X Build/MMB29P) AppleWebKit/537.36 (KHTML, like Gecko) Chrome/137.0.7151.103 Mobile Safari/537.36 (compatible; GoogleOther)"
66.249.74.133 - - [14/Jul/2025:15:35:32 +0000] "GET /?y=6151295011940&mod=49734ad1&uri=pin.php?entity/6420371.shtm HTTP/1.1" 200 19222 "-" "Mozilla/5.0 (Linux; Android 6.0.1; Nexus 5X Build/MMB29P) AppleWebKit/537.36 (KHTML, like Gecko) Chrome/137.0.7151.103 Mobile Safari/537.36 (compatible; GoogleOther)"
66.249.74.130 - - [14/Jul/2025:15:35:33 +0000] "GET /?y=77910396011940&mod=aa5f65a0&uri=pin.php?entity/5101902.shtm HTTP/1.1" 200 18855 "-" "Mozilla/5.0 (Linux; Android 6.0.1; Nexus 5X Build/MMB29P) AppleWebKit/537.36 (KHTML, like Gecko) Chrome/137.0.7151.103 Mobile Safari/537.36 (compatible; GoogleOther)"
66.249.74.131 - - [14/Jul/2025:15:35:34 +0000] "GET /?y=23723367011940&mod=6941a637&uri=pin.php?entity/40004546.shtm HTTP/1.1" 200 19228 "-" "Mozilla/5.0 (Linux; Android 6.0.1; Nexus 5X Build/MMB29P) AppleWebKit/537.36 (KHTML, like Gecko) Chrome/137.0.7151.103 Mobile Safari/537.36 (compatible; GoogleOther)"
66.249.74.132 - - [14/Jul/2025:15:35:35 +0000] "GET /?y=5381055031940&mod=da960bb5&uri=blog.php?entity/6446404.shtm HTTP/1.1" 200 19161 "-" "Mozilla/5.0 (Linux; Android 6.0.1; Nexus 5X Build/MMB29P) AppleWebKit/537.36 (KHTML, like Gecko) Chrome/137.0.7151.103 Mobile Safari/537.36 (compatible; GoogleOther)"
66.249.74.133 - - [14/Jul/2025:15:35:36 +0000] "POST /get-message-notify HTTP/1.1" 200 18283 "https://akaventures.com.au/?y=5397315141940&mod=da960bb5&uri=pin.php?entity/10717992.shtm" "Mozilla/5.0 (Linux; Android 6.0.1; Nexus 5X Build/MMB29P) AppleWebKit/537.36 (KHTML, like Gecko) Chrome/137.0.7151.119 Mobile Safari/537.36 (compatible; Googlebot/2.1; +http://www.google.com/bot.html)"
66.249.74.131 - - [14/Jul/2025:15:35:36 +0000] "GET /?y=21098826071940&mod=7aba29c4&uri=itm.php?recruit HTTP/1.1" 200 19542 "-" "Mozilla/5.0 (Linux; Android 6.0.1; Nexus 5X Build/MMB29P) AppleWebKit/537.36 (KHTML, like Gecko) Chrome/137.0.7151.103 Mobile Safari/537.36 (compatible; GoogleOther)"
66.249.74.132 - - [14/Jul/2025:15:35:36 +0000] "GET /?y=10099440011940&mod=410e7a82&uri=pin.php?entity/9309917.shtm HTTP/1.1" 200 19109 "-" "Mozilla/5.0 (Linux; Android 6.0.1; Nexus 5X Build/MMB29P) AppleWebKit/537.36 (KHTML, like Gecko) Chrome/137.0.7151.103 Mobile Safari/537.36 (compatible; GoogleOther)"
66.249.74.132 - - [14/Jul/2025:15:35:37 +0000] "GET /?y=103564277001940&mod=6f097859&uri=blog.php?entity/7782814.shtm HTTP/1.1" 200 18990 "-" "Mozilla/5.0 (Linux; Android 6.0.1; Nexus 5X Build/MMB29P) AppleWebKit/537.36 (KHTML, like Gecko) Chrome/137.0.7151.103 Mobile Safari/537.36 (compatible; GoogleOther)"
66.249.74.133 - - [14/Jul/2025:15:35:38 +0000] "GET /?y=102118151021940&mod=906a14e7&uri=pin.php?entity/9138244.shtm HTTP/1.1" 200 19438 "-" "Mozilla/5.0 (Linux; Android 6.0.1; Nexus 5X Build/MMB29P) AppleWebKit/537.36 (KHTML, like Gecko) Chrome/137.0.7151.103 Mobile Safari/537.36 (compatible; GoogleOther)"
66.249.74.131 - - [14/Jul/2025:15:35:39 +0000] "GET /?y=6151295011940&mod=49734ad1&uri=pin.php?entity/9193327.shtm HTTP/1.1" 200 19574 "-" "Mozilla/5.0 (Linux; Android 6.0.1; Nexus 5X Build/MMB29P) AppleWebKit/537.36 (KHTML, like Gecko) Chrome/137.0.7151.103 Mobile Safari/537.36 (compatible; GoogleOther)"
66.249.74.130 - - [14/Jul/2025:15:35:40 +0000] "GET /?y=119603440001940&mod=3bd8c683&uri=pin.php?entity/9194676.shtm HTTP/1.1" 200 19473 "-" "Mozilla/5.0 (Linux; Android 6.0.1; Nexus 5X Build/MMB29P) AppleWebKit/537.36 (KHTML, like Gecko) Chrome/137.0.7151.103 Mobile Safari/537.36 (compatible; GoogleOther)"
66.249.74.133 - - [14/Jul/2025:15:35:41 +0000] "GET /?y=5397315141940&mod=da960bb5&uri=pin.php?entity/6569361.shtm HTTP/1.1" 200 19321 "-" "Mozilla/5.0 (Linux; Android 6.0.1; Nexus 5X Build/MMB29P) AppleWebKit/537.36 (KHTML, like Gecko) Chrome/137.0.7151.103 Mobile Safari/537.36 (compatible; GoogleOther)"
66.249.74.131 - - [14/Jul/2025:15:35:42 +0000] "GET /?y=3319053031940&mod=0bf28731&uri=pin.php?entity/7842137.shtm HTTP/1.1" 200 19134 "-" "Mozilla/5.0 (Linux; Android 6.0.1; Nexus 5X Build/MMB29P) AppleWebKit/537.36 (KHTML, like Gecko) Chrome/137.0.7151.103 Mobile Safari/537.36 (compatible; GoogleOther)"
66.249.74.133 - - [14/Jul/2025:15:35:43 +0000] "POST /get-message-notify HTTP/1.1" 200 18283 "https://akaventures.com.au/?y=5397315141940&mod=da960bb5&uri=pin.php?entity/9257731.shtm" "Mozilla/5.0 (Linux; Android 6.0.1; Nexus 5X Build/MMB29P) AppleWebKit/537.36 (KHTML, like Gecko) Chrome/137.0.7151.119 Mobile Safari/537.36 (compatible; Googlebot/2.1; +http://www.google.com/bot.html)"
66.249.74.132 - - [14/Jul/2025:15:35:43 +0000] "GET /?y=116394294111940&mod=35126465&uri=shop.php?entity/9209456.shtm HTTP/1.1" 200 19339 "-" "Mozilla/5.0 (Linux; Android 6.0.1; Nexus 5X Build/MMB29P) AppleWebKit/537.36 (KHTML, like Gecko) Chrome/137.0.7151.103 Mobile Safari/537.36 (compatible; GoogleOther)"
66.249.74.134 - - [14/Jul/2025:15:35:44 +0000] "GET /?y=28323126001940&mod=1731592a&uri=pin.php?entity/7918174.shtm HTTP/1.1" 200 19148 "-" "Mozilla/5.0 (Linux; Android 6.0.1; Nexus 5X Build/MMB29P) AppleWebKit/537.36 (KHTML, like Gecko) Chrome/137.0.7151.103 Mobile Safari/537.36 (compatible; GoogleOther)"
66.249.74.130 - - [14/Jul/2025:15:35:45 +0000] "GET /?y=61730954041940&mod=feac1b90&uri=pin.php?entity/9071723.shtm HTTP/1.1" 200 19372 "-" "Mozilla/5.0 (Linux; Android 6.0.1; Nexus 5X Build/MMB29P) AppleWebKit/537.36 (KHTML, like Gecko) Chrome/137.0.7151.103 Mobile Safari/537.36 (compatible; GoogleOther)"
66.249.74.134 - - [14/Jul/2025:15:35:46 +0000] "GET /?y=61730954041940&mod=feac1b90&uri=pin.php?entity/7771691.shtm HTTP/1.1" 200 19490 "-" "Mozilla/5.0 (Linux; Android 6.0.1; Nexus 5X Build/MMB29P) AppleWebKit/537.36 (KHTML, like Gecko) Chrome/137.0.7151.103 Mobile Safari/537.36 (compatible; GoogleOther)"
66.249.74.132 - - [14/Jul/2025:15:35:46 +0000] "GET /?y=28323126001940&mod=1731592a&uri=pin.php?entity/7967926.shtm HTTP/1.1" 200 19575 "-" "Mozilla/5.0 (Linux; Android 6.0.1; Nexus 5X Build/MMB29P) AppleWebKit/537.36 (KHTML, like Gecko) Chrome/137.0.7151.103 Mobile Safari/537.36 (compatible; GoogleOther)"
66.249.74.133 - - [14/Jul/2025:15:35:48 +0000] "GET /?y=19542964021940&mod=0a0e4e7c&uri=pin.php?entity/7858847.shtm HTTP/1.1" 200 19111 "-" "Mozilla/5.0 (Linux; Android 6.0.1; Nexus 5X Build/MMB29P) AppleWebKit/537.36 (KHTML, like Gecko) Chrome/137.0.7151.103 Mobile Safari/537.36 (compatible; GoogleOther)"
66.249.74.134 - - [14/Jul/2025:15:35:48 +0000] "GET /?y=41676671011940&mod=4b9ef0c6&uri=us.php?vintagegame.html HTTP/1.1" 200 19296 "-" "Mozilla/5.0 (Linux; Android 6.0.1; Nexus 5X Build/MMB29P) AppleWebKit/537.36 (KHTML, like Gecko) Chrome/137.0.7151.103 Mobile Safari/537.36 (compatible; GoogleOther)"
66.249.74.133 - - [14/Jul/2025:15:35:49 +0000] "GET /?y=77326434031940&mod=d0e848ab&uri=blog.php?entity/3713552.shtm HTTP/1.1" 200 19409 "-" "Mozilla/5.0 (Linux; Android 6.0.1; Nexus 5X Build/MMB29P) AppleWebKit/537.36 (KHTML, like Gecko) Chrome/137.0.7151.103 Mobile Safari/537.36 (compatible; GoogleOther)"
66.249.74.131 - - [14/Jul/2025:15:35:49 +0000] "GET /?y=95148309031940&mod=dc781c44&uri=pin.php?entity/6529450.shtm HTTP/1.1" 200 18826 "-" "Mozilla/5.0 (Linux; Android 6.0.1; Nexus 5X Build/MMB29P) AppleWebKit/537.36 (KHTML, like Gecko) Chrome/137.0.7151.103 Mobile Safari/537.36 (compatible; GoogleOther)"
66.249.74.131 - - [14/Jul/2025:15:35:50 +0000] "GET /?y=46343825021940&mod=afcf99a0&uri=pin.php?entity/3766587.shtm HTTP/1.1" 200 19545 "-" "Mozilla/5.0 (Linux; Android 6.0.1; Nexus 5X Build/MMB29P) AppleWebKit/537.36 (KHTML, like Gecko) Chrome/137.0.7151.103 Mobile Safari/537.36 (compatible; GoogleOther)"
66.249.74.131 - - [14/Jul/2025:15:35:51 +0000] "GET /?y=95669366031940&mod=bba1c9b7&uri=blog.php?entity/5047520.shtm HTTP/1.1" 200 19755 "-" "Mozilla/5.0 (Linux; Android 6.0.1; Nexus 5X Build/MMB29P) AppleWebKit/537.36 (KHTML, like Gecko) Chrome/137.0.7151.103 Mobile Safari/537.36 (compatible; GoogleOther)"
66.249.74.132 - - [14/Jul/2025:15:35:53 +0000] "GET /?y=46343825021940&mod=afcf99a0&uri=pin.php?entity/5124715.shtm HTTP/1.1" 200 18601 "-" "Mozilla/5.0 (Linux; Android 6.0.1; Nexus 5X Build/MMB29P) AppleWebKit/537.36 (KHTML, like Gecko) Chrome/137.0.7151.103 Mobile Safari/537.36 (compatible; GoogleOther)"
66.249.74.132 - - [14/Jul/2025:15:35:53 +0000] "GET /?y=62034113021940&mod=93cf926b&uri=pin.php?entity/7778182.shtm HTTP/1.1" 200 19860 "-" "Mozilla/5.0 (Linux; Android 6.0.1; Nexus 5X Build/MMB29P) AppleWebKit/537.36 (KHTML, like Gecko) Chrome/137.0.7151.103 Mobile Safari/537.36 (compatible; GoogleOther)"
66.249.74.132 - - [14/Jul/2025:15:35:54 +0000] "GET /?y=28323126001940&mod=1731592a&uri=pin.php?entity/9339042.shtm HTTP/1.1" 200 19389 "-" "Mozilla/5.0 (Linux; Android 6.0.1; Nexus 5X Build/MMB29P) AppleWebKit/537.36 (KHTML, like Gecko) Chrome/137.0.7151.103 Mobile Safari/537.36 (compatible; GoogleOther)"
66.249.74.135 - - [14/Jul/2025:15:35:55 +0000] "GET /?y=111637560001940&mod=af235cb0&uri=pin.php?entity/9256380.shtm HTTP/1.1" 200 19433 "-" "Mozilla/5.0 (Linux; Android 6.0.1; Nexus 5X Build/MMB29P) AppleWebKit/537.36 (KHTML, like Gecko) Chrome/137.0.7151.103 Mobile Safari/537.36 (compatible; GoogleOther)"
66.249.74.133 - - [14/Jul/2025:15:35:55 +0000] "POST /get-message-notify HTTP/1.1" 200 18283 "https://akaventures.com.au/?y=104540408041940&mod=87db0ea3&uri=blog.php?recruit" "Mozilla/5.0 (Linux; Android 6.0.1; Nexus 5X Build/MMB29P) AppleWebKit/537.36 (KHTML, like Gecko) Chrome/137.0.7151.119 Mobile Safari/537.36 (compatible; Googlebot/2.1; +http://www.google.com/bot.html)"
66.249.74.133 - - [14/Jul/2025:15:35:56 +0000] "GET /?y=5397315141940&mod=da960bb5&uri=pin.php?entity/9136117.shtm HTTP/1.1" 200 19333 "-" "Mozilla/5.0 (Linux; Android 6.0.1; Nexus 5X Build/MMB29P) AppleWebKit/537.36 (KHTML, like Gecko) Chrome/137.0.7151.103 Mobile Safari/537.36 (compatible; GoogleOther)"
66.249.74.134 - - [14/Jul/2025:15:35:57 +0000] "GET /?y=46343825021940&mod=afcf99a0&uri=pin.php?entity/5162505.shtm HTTP/1.1" 200 18755 "-" "Mozilla/5.0 (Linux; Android 6.0.1; Nexus 5X Build/MMB29P) AppleWebKit/537.36 (KHTML, like Gecko) Chrome/137.0.7151.103 Mobile Safari/537.36 (compatible; GoogleOther)"
66.249.74.130 - - [14/Jul/2025:15:35:58 +0000] "GET /?y=60576233021940&mod=0eab014d&uri=pin.php?entity/7920681.shtm HTTP/1.1" 200 18365 "-" "Mozilla/5.0 (Linux; Android 6.0.1; Nexus 5X Build/MMB29P) AppleWebKit/537.36 (KHTML, like Gecko) Chrome/137.0.7151.103 Mobile Safari/537.36 (compatible; GoogleOther)"
66.249.74.135 - - [14/Jul/2025:15:35:59 +0000] "GET /?y=98158206041940&mod=5d97e76b&uri=shared.php?events/ HTTP/1.1" 200 18861 "-" "Mozilla/5.0 (Linux; Android 6.0.1; Nexus 5X Build/MMB29P) AppleWebKit/537.36 (KHTML, like Gecko) Chrome/137.0.7151.103 Mobile Safari/537.36 (compatible; GoogleOther)"
66.249.74.133 - - [14/Jul/2025:15:36:00 +0000] "GET /?y=3319053031940&mod=0bf28731&uri=pin.php?entity/9142096.shtm HTTP/1.1" 200 18958 "-" "Mozilla/5.0 (Linux; Android 6.0.1; Nexus 5X Build/MMB29P) AppleWebKit/537.36 (KHTML, like Gecko) Chrome/137.0.7151.103 Mobile Safari/537.36 (compatible; GoogleOther)"
66.249.74.133 - - [14/Jul/2025:15:36:01 +0000] "GET /?y=21098826071940&mod=7aba29c4&uri=itm.php?cargo/detail HTTP/1.1" 200 19724 "-" "Mozilla/5.0 (Linux; Android 6.0.1; Nexus 5X Build/MMB29P) AppleWebKit/537.36 (KHTML, like Gecko) Chrome/137.0.7151.103 Mobile Safari/537.36 (compatible; GoogleOther)"
66.249.74.132 - - [14/Jul/2025:15:36:01 +0000] "GET /?y=119603440001940&mod=3bd8c683&uri=pin.php?entity/40096395.shtm HTTP/1.1" 200 19452 "-" "Mozilla/5.0 (Linux; Android 6.0.1; Nexus 5X Build/MMB29P) AppleWebKit/537.36 (KHTML, like Gecko) Chrome/137.0.7151.103 Mobile Safari/537.36 (compatible; GoogleOther)"
66.249.74.130 - - [14/Jul/2025:15:36:02 +0000] "GET /?y=6151295011940&mod=49734ad1&uri=pin.php?entity/9153280.shtm HTTP/1.1" 200 18688 "-" "Mozilla/5.0 (Linux; Android 6.0.1; Nexus 5X Build/MMB29P) AppleWebKit/537.36 (KHTML, like Gecko) Chrome/137.0.7151.103 Mobile Safari/537.36 (compatible; GoogleOther)"
66.249.74.133 - - [14/Jul/2025:15:36:03 +0000] "GET /?y=71542041011940&mod=0adf033e&uri=pin.php?entity/5112052.shtm HTTP/1.1" 200 19432 "-" "Mozilla/5.0 (Linux; Android 6.0.1; Nexus 5X Build/MMB29P) AppleWebKit/537.36 (KHTML, like Gecko) Chrome/137.0.7151.103 Mobile Safari/537.36 (compatible; GoogleOther)"
66.249.74.133 - - [14/Jul/2025:15:36:07 +0000] "GET /?y=5381055031940&mod=da960bb5&uri=blog.php?entity/3698065.shtm HTTP/1.1" 200 19384 "-" "Mozilla/5.0 (Linux; Android 6.0.1; Nexus 5X Build/MMB29P) AppleWebKit/537.36 (KHTML, like Gecko) Chrome/137.0.7151.103 Mobile Safari/537.36 (compatible; GoogleOther)"
66.249.74.132 - - [14/Jul/2025:15:36:09 +0000] "GET /?y=95142729021940&mod=8978fc46&uri=pin.php?entity/7717632.shtm HTTP/1.1" 200 19254 "-" "Mozilla/5.0 (Linux; Android 6.0.1; Nexus 5X Build/MMB29P) AppleWebKit/537.36 (KHTML, like Gecko) Chrome/137.0.7151.103 Mobile Safari/537.36 (compatible; GoogleOther)"
66.249.74.132 - - [14/Jul/2025:15:36:09 +0000] "GET /?y=60576233021940&mod=0eab014d&uri=pin.php?entity/6371133.shtm HTTP/1.1" 200 19525 "-" "Mozilla/5.0 (Linux; Android 6.0.1; Nexus 5X Build/MMB29P) AppleWebKit/537.36 (KHTML, like Gecko) Chrome/137.0.7151.103 Mobile Safari/537.36 (compatible; GoogleOther)"
66.249.74.131 - - [14/Jul/2025:15:36:10 +0000] "GET /?y=78106110021940&mod=4689b494&uri=pin.php?entity/7847346.shtm HTTP/1.1" 200 18925 "-" "Mozilla/5.0 (Linux; Android 6.0.1; Nexus 5X Build/MMB29P) AppleWebKit/537.36 (KHTML, like Gecko) Chrome/137.0.7151.103 Mobile Safari/537.36 (compatible; GoogleOther)"
66.249.74.130 - - [14/Jul/2025:15:36:10 +0000] "GET /?y=3319053031940&mod=0bf28731&uri=pin.php?entity/9246547.shtm HTTP/1.1" 200 19551 "-" "Mozilla/5.0 (Linux; Android 6.0.1; Nexus 5X Build/MMB29P) AppleWebKit/537.36 (KHTML, like Gecko) Chrome/137.0.7151.103 Mobile Safari/537.36 (compatible; GoogleOther)"
66.249.74.131 - - [14/Jul/2025:15:36:11 +0000] "GET /?y=116394294111940&mod=35126465&uri=shop.php?entity/7855446.shtm HTTP/1.1" 200 18432 "-" "Mozilla/5.0 (Linux; Android 6.0.1; Nexus 5X Build/MMB29P) AppleWebKit/537.36 (KHTML, like Gecko) Chrome/137.0.7151.103 Mobile Safari/537.36 (compatible; GoogleOther)"
66.249.74.130 - - [14/Jul/2025:15:36:11 +0000] "GET /?y=23795827061940&mod=943a587a&uri=blog.php?entity/6378721.shtm HTTP/1.1" 200 19669 "-" "Mozilla/5.0 (Linux; Android 6.0.1; Nexus 5X Build/MMB29P) AppleWebKit/537.36 (KHTML, like Gecko) Chrome/137.0.7151.103 Mobile Safari/537.36 (compatible; GoogleOther)"
66.249.74.131 - - [14/Jul/2025:15:36:12 +0000] "POST /get-message-notify HTTP/1.1" 200 18283 "https://akaventures.com.au/?y=23795827061940&mod=943a587a&uri=blog.php?entity/7797594.shtm" "Mozilla/5.0 (Linux; Android 6.0.1; Nexus 5X Build/MMB29P) AppleWebKit/537.36 (KHTML, like Gecko) Chrome/137.0.7151.119 Mobile Safari/537.36 (compatible; Googlebot/2.1; +http://www.google.com/bot.html)"
66.249.74.132 - - [14/Jul/2025:15:36:12 +0000] "GET /?y=119603440001940&mod=3bd8c683&uri=pin.php?entity/6556056.shtm HTTP/1.1" 200 18896 "-" "Mozilla/5.0 (Linux; Android 6.0.1; Nexus 5X Build/MMB29P) AppleWebKit/537.36 (KHTML, like Gecko) Chrome/137.0.7151.103 Mobile Safari/537.36 (compatible; GoogleOther)"
66.249.74.130 - - [14/Jul/2025:15:36:12 +0000] "POST /get-message-notify HTTP/1.1" 200 18283 "https://akaventures.com.au/?y=5381055031940&mod=da960bb5&uri=blog.php?entity/6443253.shtm" "Mozilla/5.0 (Linux; Android 6.0.1; Nexus 5X Build/MMB29P) AppleWebKit/537.36 (KHTML, like Gecko) Chrome/137.0.7151.119 Mobile Safari/537.36 (compatible; Googlebot/2.1; +http://www.google.com/bot.html)"
66.249.74.132 - - [14/Jul/2025:15:36:13 +0000] "GET /?y=5397315141940&mod=da960bb5&uri=pin.php?entity/6375893.shtm HTTP/1.1" 200 19112 "-" "Mozilla/5.0 (Linux; Android 6.0.1; Nexus 5X Build/MMB29P) AppleWebKit/537.36 (KHTML, like Gecko) Chrome/137.0.7151.103 Mobile Safari/537.36 (compatible; GoogleOther)"
66.249.74.130 - - [14/Jul/2025:15:36:13 +0000] "GET /?y=114050549061940&mod=b751142d&uri=shared.php?pcmypage/ HTTP/1.1" 200 19595 "-" "Mozilla/5.0 (Linux; Android 6.0.1; Nexus 5X Build/MMB29P) AppleWebKit/537.36 (KHTML, like Gecko) Chrome/137.0.7151.103 Mobile Safari/537.36 (compatible; GoogleOther)"
66.249.74.131 - - [14/Jul/2025:15:36:14 +0000] "GET /?y=60576233021940&mod=0eab014d&uri=pin.php?entity/9194034.shtm HTTP/1.1" 200 19350 "-" "Mozilla/5.0 (Linux; Android 6.0.1; Nexus 5X Build/MMB29P) AppleWebKit/537.36 (KHTML, like Gecko) Chrome/137.0.7151.103 Mobile Safari/537.36 (compatible; GoogleOther)"
66.249.74.132 - - [14/Jul/2025:15:36:15 +0000] "GET /?y=116394294111940&mod=35126465&uri=shop.php?entity/7844965.shtm HTTP/1.1" 200 19354 "-" "Mozilla/5.0 (Linux; Android 6.0.1; Nexus 5X Build/MMB29P) AppleWebKit/537.36 (KHTML, like Gecko) Chrome/137.0.7151.103 Mobile Safari/537.36 (compatible; GoogleOther)"
66.249.74.132 - - [14/Jul/2025:15:36:15 +0000] "GET /?y=111637560001940&mod=af235cb0&uri=pin.php?entity/7896062.shtm HTTP/1.1" 200 19303 "-" "Mozilla/5.0 (Linux; Android 6.0.1; Nexus 5X Build/MMB29P) AppleWebKit/537.36 (KHTML, like Gecko) Chrome/137.0.7151.103 Mobile Safari/537.36 (compatible; GoogleOther)"
66.249.74.131 - - [14/Jul/2025:15:36:17 +0000] "GET /?y=23723367011940&mod=6941a637&uri=pin.php?entity/41342240.shtm HTTP/1.1" 200 18309 "-" "Mozilla/5.0 (Linux; Android 6.0.1; Nexus 5X Build/MMB29P) AppleWebKit/537.36 (KHTML, like Gecko) Chrome/137.0.7151.103 Mobile Safari/537.36 (compatible; GoogleOther)"
66.249.74.131 - - [14/Jul/2025:15:36:17 +0000] "GET /?y=5397315141940&mod=da960bb5&uri=pin.php?entity/7826715.shtm HTTP/1.1" 200 19130 "-" "Mozilla/5.0 (Linux; Android 6.0.1; Nexus 5X Build/MMB29P) AppleWebKit/537.36 (KHTML, like Gecko) Chrome/137.0.7151.103 Mobile Safari/537.36 (compatible; GoogleOther)"
66.249.74.130 - - [14/Jul/2025:15:36:18 +0000] "GET /?y=71542041011940&mod=0adf033e&uri=pin.php?entity/6540240.shtm HTTP/1.1" 200 19354 "-" "Mozilla/5.0 (Linux; Android 6.0.1; Nexus 5X Build/MMB29P) AppleWebKit/537.36 (KHTML, like Gecko) Chrome/137.0.7151.103 Mobile Safari/537.36 (compatible; GoogleOther)"
66.249.74.130 - - [14/Jul/2025:15:36:19 +0000] "GET /?y=5397315141940&mod=da960bb5&uri=pin.php?entity/7784992.shtm HTTP/1.1" 200 18770 "-" "Mozilla/5.0 (Linux; Android 6.0.1; Nexus 5X Build/MMB29P) AppleWebKit/537.36 (KHTML, like Gecko) Chrome/137.0.7151.103 Mobile Safari/537.36 (compatible; GoogleOther)"
66.249.74.131 - - [14/Jul/2025:15:36:20 +0000] "GET /?y=60576233021940&mod=0eab014d&uri=pin.php?entity/3711691.shtm HTTP/1.1" 200 19266 "-" "Mozilla/5.0 (Linux; Android 6.0.1; Nexus 5X Build/MMB29P) AppleWebKit/537.36 (KHTML, like Gecko) Chrome/137.0.7151.103 Mobile Safari/537.36 (compatible; GoogleOther)"
66.249.74.131 - - [14/Jul/2025:15:36:20 +0000] "POST /get-message-notify HTTP/1.1" 200 18283 "https://akaventures.com.au/?y=104540408041940&mod=87db0ea3&uri=blog.php?product/edit/A2264500596" "Mozilla/5.0 (Linux; Android 6.0.1; Nexus 5X Build/MMB29P) AppleWebKit/537.36 (KHTML, like Gecko) Chrome/137.0.7151.119 Mobile Safari/537.36 (compatible; Googlebot/2.1; +http://www.google.com/bot.html)"
66.249.74.131 - - [14/Jul/2025:15:36:21 +0000] "GET /?y=60576233021940&mod=0eab014d&uri=pin.php?entity/700143023.shtm HTTP/1.1" 200 19018 "-" "Mozilla/5.0 (Linux; Android 6.0.1; Nexus 5X Build/MMB29P) AppleWebKit/537.36 (KHTML, like Gecko) Chrome/137.0.7151.103 Mobile Safari/537.36 (compatible; GoogleOther)"
66.249.74.130 - - [14/Jul/2025:15:36:22 +0000] "GET /?y=61730954041940&mod=feac1b90&uri=pin.php?entity/9149556.shtm HTTP/1.1" 200 19380 "-" "Mozilla/5.0 (Linux; Android 6.0.1; Nexus 5X Build/MMB29P) AppleWebKit/537.36 (KHTML, like Gecko) Chrome/137.0.7151.103 Mobile Safari/537.36 (compatible; GoogleOther)"
66.249.74.130 - - [14/Jul/2025:15:36:22 +0000] "POST /get-message-notify HTTP/1.1" 200 18283 "https://akaventures.com.au/?y=23723367011940&mod=6941a637&uri=pin.php?entity/44076689.shtm" "Mozilla/5.0 (Linux; Android 6.0.1; Nexus 5X Build/MMB29P) AppleWebKit/537.36 (KHTML, like Gecko) Chrome/137.0.7151.119 Mobile Safari/537.36 (compatible; Googlebot/2.1; +http://www.google.com/bot.html)"
66.249.74.130 - - [14/Jul/2025:15:36:23 +0000] "POST /get-message-notify HTTP/1.1" 200 18283 "https://akaventures.com.au/?y=119603440001940&mod=3bd8c683&uri=pin.php?entity/7925183.shtm" "Mozilla/5.0 (Linux; Android 6.0.1; Nexus 5X Build/MMB29P) AppleWebKit/537.36 (KHTML, like Gecko) Chrome/137.0.7151.119 Mobile Safari/537.36 (compatible; Googlebot/2.1; +http://www.google.com/bot.html)"
66.249.74.130 - - [14/Jul/2025:15:36:23 +0000] "GET /?y=46066830021940&mod=1f9b0fbd&uri=dp.php?cargo/detail HTTP/1.1" 200 19720 "-" "Mozilla/5.0 (Linux; Android 6.0.1; Nexus 5X Build/MMB29P) AppleWebKit/537.36 (KHTML, like Gecko) Chrome/137.0.7151.103 Mobile Safari/537.36 (compatible; GoogleOther)"
66.249.74.130 - - [14/Jul/2025:15:36:24 +0000] "GET /?y=81694388011940&mod=6eebba19&uri=pin.php?entity/7918816.shtm HTTP/1.1" 200 18874 "-" "Mozilla/5.0 (Linux; Android 6.0.1; Nexus 5X Build/MMB29P) AppleWebKit/537.36 (KHTML, like Gecko) Chrome/137.0.7151.103 Mobile Safari/537.36 (compatible; GoogleOther)"
66.249.74.131 - - [14/Jul/2025:15:36:25 +0000] "GET /?y=19542964021940&mod=0a0e4e7c&uri=pin.php?entity/6369979.shtm HTTP/1.1" 200 18727 "-" "Mozilla/5.0 (Linux; Android 6.0.1; Nexus 5X Build/MMB29P) AppleWebKit/537.36 (KHTML, like Gecko) Chrome/137.0.7151.103 Mobile Safari/537.36 (compatible; GoogleOther)"
66.249.74.131 - - [14/Jul/2025:15:36:26 +0000] "GET /?y=6863064001940&mod=df4fb1d4&uri=product.php?vintagegame.html HTTP/1.1" 200 19300 "-" "Mozilla/5.0 (Linux; Android 6.0.1; Nexus 5X Build/MMB29P) AppleWebKit/537.36 (KHTML, like Gecko) Chrome/137.0.7151.103 Mobile Safari/537.36 (compatible; GoogleOther)"
66.249.74.130 - - [14/Jul/2025:15:36:26 +0000] "GET /?y=81694388011940&mod=6eebba19&uri=pin.php?entity/7927489.shtm HTTP/1.1" 200 18888 "-" "Mozilla/5.0 (Linux; Android 6.0.1; Nexus 5X Build/MMB29P) AppleWebKit/537.36 (KHTML, like Gecko) Chrome/137.0.7151.103 Mobile Safari/537.36 (compatible; GoogleOther)"
66.249.74.130 - - [14/Jul/2025:15:36:27 +0000] "GET /?y=60576233021940&mod=0eab014d&uri=pin.php?entity/7720460.shtm HTTP/1.1" 200 18895 "-" "Mozilla/5.0 (Linux; Android 6.0.1; Nexus 5X Build/MMB29P) AppleWebKit/537.36 (KHTML, like Gecko) Chrome/137.0.7151.103 Mobile Safari/537.36 (compatible; GoogleOther)"
66.249.74.130 - - [14/Jul/2025:15:36:28 +0000] "GET /?y=19542964021940&mod=0a0e4e7c&uri=pin.php?entity/7888732.shtm HTTP/1.1" 200 19804 "-" "Mozilla/5.0 (Linux; Android 6.0.1; Nexus 5X Build/MMB29P) AppleWebKit/537.36 (KHTML, like Gecko) Chrome/137.0.7151.103 Mobile Safari/537.36 (compatible; GoogleOther)"
66.249.74.130 - - [14/Jul/2025:15:36:29 +0000] "GET /?y=46343825021940&mod=afcf99a0&uri=pin.php?entity/5078116.shtm HTTP/1.1" 200 19180 "-" "Mozilla/5.0 (Linux; Android 6.0.1; Nexus 5X Build/MMB29P) AppleWebKit/537.36 (KHTML, like Gecko) Chrome/137.0.7151.103 Mobile Safari/537.36 (compatible; GoogleOther)"
66.249.74.130 - - [14/Jul/2025:15:36:30 +0000] "GET /?y=23723367011940&mod=6941a637&uri=pin.php?entity/41411463.shtm HTTP/1.1" 200 19471 "-" "Mozilla/5.0 (Linux; Android 6.0.1; Nexus 5X Build/MMB29P) AppleWebKit/537.36 (KHTML, like Gecko) Chrome/137.0.7151.103 Mobile Safari/537.36 (compatible; GoogleOther)"
66.249.74.132 - - [14/Jul/2025:15:36:31 +0000] "GET /?y=61730954041940&mod=feac1b90&uri=pin.php?entity/9062270.shtm HTTP/1.1" 200 19374 "-" "Mozilla/5.0 (Linux; Android 6.0.1; Nexus 5X Build/MMB29P) AppleWebKit/537.36 (KHTML, like Gecko) Chrome/137.0.7151.103 Mobile Safari/537.36 (compatible; GoogleOther)"
66.249.74.130 - - [14/Jul/2025:15:36:32 +0000] "GET /?y=5397315141940&mod=da960bb5&uri=pin.php?entity/9320528.shtm HTTP/1.1" 200 18928 "-" "Mozilla/5.0 (Linux; Android 6.0.1; Nexus 5X Build/MMB29P) AppleWebKit/537.36 (KHTML, like Gecko) Chrome/137.0.7151.103 Mobile Safari/537.36 (compatible; GoogleOther)"
66.249.74.132 - - [14/Jul/2025:15:36:33 +0000] "GET /?y=103564277001940&mod=6f097859&uri=blog.php?entity/6417994.shtm HTTP/1.1" 200 18216 "-" "Mozilla/5.0 (Linux; Android 6.0.1; Nexus 5X Build/MMB29P) AppleWebKit/537.36 (KHTML, like Gecko) Chrome/137.0.7151.103 Mobile Safari/537.36 (compatible; GoogleOther)"
66.249.74.132 - - [14/Jul/2025:15:36:33 +0000] "GET /?y=111637560001940&mod=af235cb0&uri=pin.php?entity/9190044.shtm HTTP/1.1" 200 19325 "-" "Mozilla/5.0 (Linux; Android 6.0.1; Nexus 5X Build/MMB29P) AppleWebKit/537.36 (KHTML, like Gecko) Chrome/137.0.7151.103 Mobile Safari/537.36 (compatible; GoogleOther)"
66.249.74.132 - - [14/Jul/2025:15:36:35 +0000] "GET /?y=23723367011940&mod=6941a637&uri=pin.php?entity/41315634.shtm HTTP/1.1" 200 19120 "-" "Mozilla/5.0 (Linux; Android 6.0.1; Nexus 5X Build/MMB29P) AppleWebKit/537.36 (KHTML, like Gecko) Chrome/137.0.7151.103 Mobile Safari/537.36 (compatible; GoogleOther)"
66.249.74.130 - - [14/Jul/2025:15:36:36 +0000] "GET /?y=60576233021940&mod=0eab014d&uri=pin.php?entity/3773395.shtm HTTP/1.1" 200 18626 "-" "Mozilla/5.0 (Linux; Android 6.0.1; Nexus 5X Build/MMB29P) AppleWebKit/537.36 (KHTML, like Gecko) Chrome/137.0.7151.103 Mobile Safari/537.36 (compatible; GoogleOther)"
66.249.74.131 - - [14/Jul/2025:15:36:37 +0000] "GET /?y=60576233021940&mod=0eab014d&uri=pin.php?entity/37860399.shtm HTTP/1.1" 200 18689 "-" "Mozilla/5.0 (Linux; Android 6.0.1; Nexus 5X Build/MMB29P) AppleWebKit/537.36 (KHTML, like Gecko) Chrome/137.0.7151.103 Mobile Safari/537.36 (compatible; GoogleOther)"
66.249.74.131 - - [14/Jul/2025:15:36:38 +0000] "GET /?y=41676671011940&mod=4b9ef0c6&uri=us.php?feature/yokohama_maruicity/index.html HTTP/1.1" 200 19148 "-" "Mozilla/5.0 (Linux; Android 6.0.1; Nexus 5X Build/MMB29P) AppleWebKit/537.36 (KHTML, like Gecko) Chrome/137.0.7151.103 Mobile Safari/537.36 (compatible; GoogleOther)"
66.249.74.130 - - [14/Jul/2025:15:36:38 +0000] "GET /?y=85587532071940&mod=8fc03372&uri=goods.php?entity/3704883.shtm HTTP/1.1" 200 19352 "-" "Mozilla/5.0 (Linux; Android 6.0.1; Nexus 5X Build/MMB29P) AppleWebKit/537.36 (KHTML, like Gecko) Chrome/137.0.7151.103 Mobile Safari/537.36 (compatible; GoogleOther)"
66.249.74.130 - - [14/Jul/2025:15:36:39 +0000] "GET /?y=23723367011940&mod=6941a637&uri=pin.php?entity/41364864.shtm HTTP/1.1" 200 19271 "-" "Mozilla/5.0 (Linux; Android 6.0.1; Nexus 5X Build/MMB29P) AppleWebKit/537.36 (KHTML, like Gecko) Chrome/137.0.7151.103 Mobile Safari/537.36 (compatible; GoogleOther)"
66.249.74.132 - - [14/Jul/2025:15:36:39 +0000] "GET /?y=119603440001940&mod=3bd8c683&uri=pin.php?entity/40102502.shtm HTTP/1.1" 200 19351 "-" "Mozilla/5.0 (Linux; Android 6.0.1; Nexus 5X Build/MMB29P) AppleWebKit/537.36 (KHTML, like Gecko) Chrome/137.0.7151.103 Mobile Safari/537.36 (compatible; GoogleOther)"
66.249.74.133 - - [14/Jul/2025:15:36:40 +0000] "GET /?y=6151295011940&mod=49734ad1&uri=pin.php?entity/7736532.shtm HTTP/1.1" 200 19258 "-" "Mozilla/5.0 (Linux; Android 6.0.1; Nexus 5X Build/MMB29P) AppleWebKit/537.36 (KHTML, like Gecko) Chrome/137.0.7151.103 Mobile Safari/537.36 (compatible; GoogleOther)"
66.249.74.131 - - [14/Jul/2025:15:36:41 +0000] "GET /?y=111637560001940&mod=af235cb0&uri=pin.php?entity/9291797.shtm HTTP/1.1" 200 19297 "-" "Mozilla/5.0 (Linux; Android 6.0.1; Nexus 5X Build/MMB29P) AppleWebKit/537.36 (KHTML, like Gecko) Chrome/137.0.7151.103 Mobile Safari/537.36 (compatible; GoogleOther)"
66.249.74.130 - - [14/Jul/2025:15:36:42 +0000] "GET /?y=111637560001940&mod=af235cb0&uri=pin.php?entity/10598509.shtm HTTP/1.1" 200 19411 "-" "Mozilla/5.0 (Linux; Android 6.0.1; Nexus 5X Build/MMB29P) AppleWebKit/537.36 (KHTML, like Gecko) Chrome/137.0.7151.103 Mobile Safari/537.36 (compatible; GoogleOther)"
66.249.74.130 - - [14/Jul/2025:15:36:43 +0000] "GET /?y=71542041011940&mod=0adf033e&uri=pin.php?entity/42243315.shtm HTTP/1.1" 200 19205 "-" "Mozilla/5.0 (Linux; Android 6.0.1; Nexus 5X Build/MMB29P) AppleWebKit/537.36 (KHTML, like Gecko) Chrome/137.0.7151.103 Mobile Safari/537.36 (compatible; GoogleOther)"
66.249.74.132 - - [14/Jul/2025:15:36:43 +0000] "GET /?y=9405790021940&mod=e554409d&uri=us.php?entity/2349061.shtm HTTP/1.1" 200 19352 "-" "Mozilla/5.0 (Linux; Android 6.0.1; Nexus 5X Build/MMB29P) AppleWebKit/537.36 (KHTML, like Gecko) Chrome/137.0.7151.103 Mobile Safari/537.36 (compatible; Googlebot/2.1; +http://www.google.com/bot.html)"
66.249.74.132 - - [14/Jul/2025:15:36:44 +0000] "GET /?y=23795827061940&mod=943a587a&uri=blog.php?entity/7818359.shtm HTTP/1.1" 200 19473 "-" "Mozilla/5.0 (Linux; Android 6.0.1; Nexus 5X Build/MMB29P) AppleWebKit/537.36 (KHTML, like Gecko) Chrome/137.0.7151.103 Mobile Safari/537.36 (compatible; GoogleOther)"
66.249.74.131 - - [14/Jul/2025:15:36:44 +0000] "POST /get-message-notify HTTP/1.1" 200 18283 "https://akaventures.com.au/?y=10099440011940&mod=410e7a82&uri=pin.php?entity/5027466.shtm" "Mozilla/5.0 (Linux; Android 6.0.1; Nexus 5X Build/MMB29P) AppleWebKit/537.36 (KHTML, like Gecko) Chrome/137.0.7151.119 Mobile Safari/537.36 (compatible; Googlebot/2.1; +http://www.google.com/bot.html)"
66.249.74.130 - - [14/Jul/2025:15:36:45 +0000] "GET /?y=71542041011940&mod=0adf033e&uri=pin.php?entity/5122594.shtm HTTP/1.1" 200 19479 "-" "Mozilla/5.0 (Linux; Android 6.0.1; Nexus 5X Build/MMB29P) AppleWebKit/537.36 (KHTML, like Gecko) Chrome/137.0.7151.103 Mobile Safari/537.36 (compatible; GoogleOther)"
66.249.74.131 - - [14/Jul/2025:15:36:46 +0000] "GET /?y=23723367011940&mod=6941a637&uri=pin.php?entity/41378362.shtm HTTP/1.1" 200 18935 "-" "Mozilla/5.0 (Linux; Android 6.0.1; Nexus 5X Build/MMB29P) AppleWebKit/537.36 (KHTML, like Gecko) Chrome/137.0.7151.103 Mobile Safari/537.36 (compatible; GoogleOther)"
66.249.74.130 - - [14/Jul/2025:15:36:47 +0000] "GET /?y=116394294111940&mod=35126465&uri=shop.php?entity/9296612.shtm HTTP/1.1" 200 18945 "-" "Mozilla/5.0 (Linux; Android 6.0.1; Nexus 5X Build/MMB29P) AppleWebKit/537.36 (KHTML, like Gecko) Chrome/137.0.7151.103 Mobile Safari/537.36 (compatible; GoogleOther)"
66.249.74.131 - - [14/Jul/2025:15:36:48 +0000] "GET /?y=23723367011940&mod=6941a637&uri=pin.php?entity/41328939.shtm HTTP/1.1" 200 19528 "-" "Mozilla/5.0 (Linux; Android 6.0.1; Nexus 5X Build/MMB29P) AppleWebKit/537.36 (KHTML, like Gecko) Chrome/137.0.7151.103 Mobile Safari/537.36 (compatible; GoogleOther)"
66.249.74.131 - - [14/Jul/2025:15:36:49 +0000] "GET /?y=62034113021940&mod=93cf926b&uri=pin.php?entity/10560591.shtm HTTP/1.1" 200 18652 "-" "Mozilla/5.0 (Linux; Android 6.0.1; Nexus 5X Build/MMB29P) AppleWebKit/537.36 (KHTML, like Gecko) Chrome/137.0.7151.103 Mobile Safari/537.36 (compatible; GoogleOther)"
66.249.74.132 - - [14/Jul/2025:15:36:50 +0000] "GET /?y=111637560001940&mod=af235cb0&uri=pin.php?entity/9245385.shtm HTTP/1.1" 200 18641 "-" "Mozilla/5.0 (Linux; Android 6.0.1; Nexus 5X Build/MMB29P) AppleWebKit/537.36 (KHTML, like Gecko) Chrome/137.0.7151.103 Mobile Safari/537.36 (compatible; GoogleOther)"
66.249.74.132 - - [14/Jul/2025:15:36:50 +0000] "GET /?y=50937607051940&mod=7d1ef862&uri=category-info.php?entity/2356391.shtm HTTP/1.1" 200 19379 "-" "Mozilla/5.0 (Linux; Android 6.0.1; Nexus 5X Build/MMB29P) AppleWebKit/537.36 (KHTML, like Gecko) Chrome/137.0.7151.103 Mobile Safari/537.36 (compatible; GoogleOther)"
66.249.74.133 - - [14/Jul/2025:15:36:51 +0000] "GET /?y=95142729021940&mod=8978fc46&uri=pin.php?entity/3784579.shtm HTTP/1.1" 200 18298 "-" "Mozilla/5.0 (Linux; Android 6.0.1; Nexus 5X Build/MMB29P) AppleWebKit/537.36 (KHTML, like Gecko) Chrome/137.0.7151.103 Mobile Safari/537.36 (compatible; GoogleOther)"
66.249.74.133 - - [14/Jul/2025:15:36:51 +0000] "GET /?y=119603440001940&mod=3bd8c683&uri=pin.php?entity/9233242.shtm HTTP/1.1" 200 19561 "-" "Mozilla/5.0 (Linux; Android 6.0.1; Nexus 5X Build/MMB29P) AppleWebKit/537.36 (KHTML, like Gecko) Chrome/137.0.7151.103 Mobile Safari/537.36 (compatible; GoogleOther)"
66.249.74.130 - - [14/Jul/2025:15:36:53 +0000] "GET /?y=103564277001940&mod=6f097859&uri=blog.php?entity/7793604.shtm HTTP/1.1" 200 18939 "-" "Mozilla/5.0 (Linux; Android 6.0.1; Nexus 5X Build/MMB29P) AppleWebKit/537.36 (KHTML, like Gecko) Chrome/137.0.7151.103 Mobile Safari/537.36 (compatible; GoogleOther)"
66.249.74.134 - - [14/Jul/2025:15:36:53 +0000] "POST /get-message-notify HTTP/1.1" 200 18283 "https://akaventures.com.au/?y=116394294111940&mod=35126465&uri=shop.php?entity/7844965.shtm" "Mozilla/5.0 (Linux; Android 6.0.1; Nexus 5X Build/MMB29P) AppleWebKit/537.36 (KHTML, like Gecko) Chrome/137.0.7151.119 Mobile Safari/537.36 (compatible; Googlebot/2.1; +http://www.google.com/bot.html)"
66.249.74.131 - - [14/Jul/2025:15:36:53 +0000] "GET /?y=5397315141940&mod=da960bb5&uri=pin.php?entity/7788917.shtm HTTP/1.1" 200 18639 "-" "Mozilla/5.0 (Linux; Android 6.0.1; Nexus 5X Build/MMB29P) AppleWebKit/537.36 (KHTML, like Gecko) Chrome/137.0.7151.103 Mobile Safari/537.36 (compatible; GoogleOther)"
66.249.74.133 - - [14/Jul/2025:15:36:54 +0000] "GET /?y=60576233021940&mod=0eab014d&uri=pin.php?entity/7767128.shtm HTTP/1.1" 200 18915 "-" "Mozilla/5.0 (Linux; Android 6.0.1; Nexus 5X Build/MMB29P) AppleWebKit/537.36 (KHTML, like Gecko) Chrome/137.0.7151.103 Mobile Safari/537.36 (compatible; GoogleOther)"
66.249.74.134 - - [14/Jul/2025:15:36:55 +0000] "GET /?y=71542041011940&mod=0adf033e&uri=pin.php?entity/6455912.shtm HTTP/1.1" 200 19864 "-" "Mozilla/5.0 (Linux; Android 6.0.1; Nexus 5X Build/MMB29P) AppleWebKit/537.36 (KHTML, like Gecko) Chrome/137.0.7151.103 Mobile Safari/537.36 (compatible; GoogleOther)"
66.249.74.133 - - [14/Jul/2025:15:36:56 +0000] "POST /get-message-notify HTTP/1.1" 200 18283 "https://akaventures.com.au/?y=46343825021940&mod=afcf99a0&uri=pin.php?entity/2377792.shtm" "Mozilla/5.0 (Linux; Android 6.0.1; Nexus 5X Build/MMB29P) AppleWebKit/537.36 (KHTML, like Gecko) Chrome/137.0.7151.119 Mobile Safari/537.36 (compatible; Googlebot/2.1; +http://www.google.com/bot.html)"
66.249.74.131 - - [14/Jul/2025:15:36:56 +0000] "GET /?y=116394294111940&mod=35126465&uri=shop.php?entity/9251748.shtm HTTP/1.1" 200 19198 "-" "Mozilla/5.0 (Linux; Android 6.0.1; Nexus 5X Build/MMB29P) AppleWebKit/537.36 (KHTML, like Gecko) Chrome/137.0.7151.103 Mobile Safari/537.36 (compatible; GoogleOther)"
66.249.74.131 - - [14/Jul/2025:15:36:57 +0000] "GET /?y=6151295011940&mod=49734ad1&uri=pin.php?entity/6409187.shtm HTTP/1.1" 200 19940 "-" "Mozilla/5.0 (Linux; Android 6.0.1; Nexus 5X Build/MMB29P) AppleWebKit/537.36 (KHTML, like Gecko) Chrome/137.0.7151.103 Mobile Safari/537.36 (compatible; GoogleOther)"
66.249.74.132 - - [14/Jul/2025:15:36:58 +0000] "GET /?y=61730954041940&mod=feac1b90&uri=pin.php?entity/9114015.shtm HTTP/1.1" 200 19326 "-" "Mozilla/5.0 (Linux; Android 6.0.1; Nexus 5X Build/MMB29P) AppleWebKit/537.36 (KHTML, like Gecko) Chrome/137.0.7151.103 Mobile Safari/537.36 (compatible; GoogleOther)"
66.249.74.131 - - [14/Jul/2025:15:36:59 +0000] "GET /?y=23795827061940&mod=943a587a&uri=blog.php?entity/6380590.shtm HTTP/1.1" 200 19406 "-" "Mozilla/5.0 (Linux; Android 6.0.1; Nexus 5X Build/MMB29P) AppleWebKit/537.36 (KHTML, like Gecko) Chrome/137.0.7151.103 Mobile Safari/537.36 (compatible; GoogleOther)"
66.249.74.135 - - [14/Jul/2025:15:37:00 +0000] "GET /?y=119603440001940&mod=3bd8c683&uri=pin.php?entity/9193969.shtm HTTP/1.1" 200 19426 "-" "Mozilla/5.0 (Linux; Android 6.0.1; Nexus 5X Build/MMB29P) AppleWebKit/537.36 (KHTML, like Gecko) Chrome/137.0.7151.103 Mobile Safari/537.36 (compatible; GoogleOther)"
66.249.74.134 - - [14/Jul/2025:15:37:01 +0000] "GET /?y=102118151021940&mod=906a14e7&uri=pin.php?entity/9251886.shtm HTTP/1.1" 200 18926 "-" "Mozilla/5.0 (Linux; Android 6.0.1; Nexus 5X Build/MMB29P) AppleWebKit/537.36 (KHTML, like Gecko) Chrome/137.0.7151.103 Mobile Safari/537.36 (compatible; GoogleOther)"
66.249.74.133 - - [14/Jul/2025:15:37:02 +0000] "GET /?y=113925450011940&mod=84106259&uri=pin.php?entity/5124715.shtm HTTP/1.1" 200 18605 "-" "Mozilla/5.0 (Linux; Android 6.0.1; Nexus 5X Build/MMB29P) AppleWebKit/537.36 (KHTML, like Gecko) Chrome/137.0.7151.103 Mobile Safari/537.36 (compatible; GoogleOther)"
66.249.74.132 - - [14/Jul/2025:15:37:02 +0000] "GET /?y=50937607051940&mod=7d1ef862&uri=category-info.php?entity/2330939.shtm HTTP/1.1" 200 19511 "-" "Mozilla/5.0 (Linux; Android 6.0.1; Nexus 5X Build/MMB29P) AppleWebKit/537.36 (KHTML, like Gecko) Chrome/137.0.7151.103 Mobile Safari/537.36 (compatible; GoogleOther)"
66.249.74.131 - - [14/Jul/2025:15:37:03 +0000] "POST /get-message-notify HTTP/1.1" 200 18283 "https://akaventures.com.au/?y=23795827061940&mod=943a587a&uri=blog.php?entity/6413169.shtm" "Mozilla/5.0 (Linux; Android 6.0.1; Nexus 5X Build/MMB29P) AppleWebKit/537.36 (KHTML, like Gecko) Chrome/137.0.7151.119 Mobile Safari/537.36 (compatible; Googlebot/2.1; +http://www.google.com/bot.html)"
66.249.74.132 - - [14/Jul/2025:15:37:03 +0000] "GET /?y=28323126001940&mod=1731592a&uri=pin.php?entity/7951789.shtm HTTP/1.1" 200 18594 "-" "Mozilla/5.0 (Linux; Android 6.0.1; Nexus 5X Build/MMB29P) AppleWebKit/537.36 (KHTML, like Gecko) Chrome/137.0.7151.103 Mobile Safari/537.36 (compatible; GoogleOther)"
66.249.74.131 - - [14/Jul/2025:15:37:04 +0000] "GET /?y=60576233021940&mod=0eab014d&uri=pin.php?entity/7769505.shtm HTTP/1.1" 200 19436 "-" "Mozilla/5.0 (Linux; Android 6.0.1; Nexus 5X Build/MMB29P) AppleWebKit/537.36 (KHTML, like Gecko) Chrome/137.0.7151.103 Mobile Safari/537.36 (compatible; GoogleOther)"
66.249.74.132 - - [14/Jul/2025:15:37:05 +0000] "GET /?y=28323126001940&mod=1731592a&uri=pin.php?entity/9350994.shtm HTTP/1.1" 200 19196 "-" "Mozilla/5.0 (Linux; Android 6.0.1; Nexus 5X Build/MMB29P) AppleWebKit/537.36 (KHTML, like Gecko) Chrome/137.0.7151.103 Mobile Safari/537.36 (compatible; GoogleOther)"
66.249.74.131 - - [14/Jul/2025:15:37:06 +0000] "GET /?y=95148309031940&mod=dc781c44&uri=pin.php?entity/3682387.shtm HTTP/1.1" 200 18703 "-" "Mozilla/5.0 (Linux; Android 6.0.1; Nexus 5X Build/MMB29P) AppleWebKit/537.36 (KHTML, like Gecko) Chrome/137.0.7151.103 Mobile Safari/537.36 (compatible; GoogleOther)"
66.249.74.130 - - [14/Jul/2025:15:37:07 +0000] "GET /?y=116394294111940&mod=35126465&uri=shop.php?entity/9240564.shtm HTTP/1.1" 200 18749 "-" "Mozilla/5.0 (Linux; Android 6.0.1; Nexus 5X Build/MMB29P) AppleWebKit/537.36 (KHTML, like Gecko) Chrome/137.0.7151.103 Mobile Safari/537.36 (compatible; GoogleOther)"
66.249.74.133 - - [14/Jul/2025:15:37:08 +0000] "GET /?y=119603440001940&mod=3bd8c683&uri=pin.php?entity/9238577.shtm HTTP/1.1" 200 18722 "-" "Mozilla/5.0 (Linux; Android 6.0.1; Nexus 5X Build/MMB29P) AppleWebKit/537.36 (KHTML, like Gecko) Chrome/137.0.7151.103 Mobile Safari/537.36 (compatible; GoogleOther)"
66.249.74.131 - - [14/Jul/2025:15:37:09 +0000] "GET /?y=42754630011940&mod=41109bd8&uri=blog.php?entity/6527646.shtm HTTP/1.1" 200 19157 "-" "Mozilla/5.0 (Linux; Android 6.0.1; Nexus 5X Build/MMB29P) AppleWebKit/537.36 (KHTML, like Gecko) Chrome/137.0.7151.103 Mobile Safari/537.36 (compatible; GoogleOther)"
66.249.74.131 - - [14/Jul/2025:15:37:09 +0000] "GET /?y=6151295011940&mod=49734ad1&uri=pin.php?entity/7744374.shtm HTTP/1.1" 200 19110 "-" "Mozilla/5.0 (Linux; Android 6.0.1; Nexus 5X Build/MMB29P) AppleWebKit/537.36 (KHTML, like Gecko) Chrome/137.0.7151.103 Mobile Safari/537.36 (compatible; GoogleOther)"
66.249.74.132 - - [14/Jul/2025:15:37:10 +0000] "GET /?y=42754630011940&mod=41109bd8&uri=blog.php?entity/7938801.shtm HTTP/1.1" 200 19293 "-" "Mozilla/5.0 (Linux; Android 6.0.1; Nexus 5X Build/MMB29P) AppleWebKit/537.36 (KHTML, like Gecko) Chrome/137.0.7151.103 Mobile Safari/537.36 (compatible; GoogleOther)"
66.249.74.132 - - [14/Jul/2025:15:37:11 +0000] "GET /?y=60576233021940&mod=0eab014d&uri=pin.php?entity/702865321.shtm HTTP/1.1" 200 18867 "-" "Mozilla/5.0 (Linux; Android 6.0.1; Nexus 5X Build/MMB29P) AppleWebKit/537.36 (KHTML, like Gecko) Chrome/137.0.7151.103 Mobile Safari/537.36 (compatible; GoogleOther)"
66.249.74.132 - - [14/Jul/2025:15:37:12 +0000] "POST /get-message-notify HTTP/1.1" 200 18283 "https://akaventures.com.au/?y=50937607051940&mod=7d1ef862&uri=category-info.php?entity/2330939.shtm" "Mozilla/5.0 (Linux; Android 6.0.1; Nexus 5X Build/MMB29P) AppleWebKit/537.36 (KHTML, like Gecko) Chrome/137.0.7151.119 Mobile Safari/537.36 (compatible; Googlebot/2.1; +http://www.google.com/bot.html)"
66.249.74.131 - - [14/Jul/2025:15:37:12 +0000] "GET /?y=5397315141940&mod=da960bb5&uri=pin.php?entity/7953264.shtm HTTP/1.1" 200 19605 "-" "Mozilla/5.0 (Linux; Android 6.0.1; Nexus 5X Build/MMB29P) AppleWebKit/537.36 (KHTML, like Gecko) Chrome/137.0.7151.103 Mobile Safari/537.36 (compatible; GoogleOther)"
66.249.74.132 - - [14/Jul/2025:15:37:13 +0000] "GET /?y=111637560001940&mod=af235cb0&uri=pin.php?entity/9220583.shtm HTTP/1.1" 200 19021 "-" "Mozilla/5.0 (Linux; Android 6.0.1; Nexus 5X Build/MMB29P) AppleWebKit/537.36 (KHTML, like Gecko) Chrome/137.0.7151.103 Mobile Safari/537.36 (compatible; GoogleOther)"
66.249.74.132 - - [14/Jul/2025:15:37:14 +0000] "GET /?y=3319053031940&mod=0bf28731&uri=pin.php?entity/9189337.shtm HTTP/1.1" 200 18929 "-" "Mozilla/5.0 (Linux; Android 6.0.1; Nexus 5X Build/MMB29P) AppleWebKit/537.36 (KHTML, like Gecko) Chrome/137.0.7151.103 Mobile Safari/537.36 (compatible; GoogleOther)"
66.249.74.132 - - [14/Jul/2025:15:37:15 +0000] "GET /?y=22029597061940&mod=3a12d7c8&uri=products.php?product/edit/A2264500596 HTTP/1.1" 200 18610 "-" "Mozilla/5.0 (Linux; Android 6.0.1; Nexus 5X Build/MMB29P) AppleWebKit/537.36 (KHTML, like Gecko) Chrome/137.0.7151.103 Mobile Safari/537.36 (compatible; GoogleOther)"
66.249.74.131 - - [14/Jul/2025:15:37:15 +0000] "GET /?y=62034113021940&mod=93cf926b&uri=pin.php?entity/9142807.shtm HTTP/1.1" 200 18763 "-" "Mozilla/5.0 (Linux; Android 6.0.1; Nexus 5X Build/MMB29P) AppleWebKit/537.36 (KHTML, like Gecko) Chrome/137.0.7151.103 Mobile Safari/537.36 (compatible; GoogleOther)"
66.249.74.130 - - [14/Jul/2025:15:37:16 +0000] "GET /?y=62034113021940&mod=93cf926b&uri=pin.php?entity/10511865.shtm HTTP/1.1" 200 19279 "-" "Mozilla/5.0 (Linux; Android 6.0.1; Nexus 5X Build/MMB29P) AppleWebKit/537.36 (KHTML, like Gecko) Chrome/137.0.7151.103 Mobile Safari/537.36 (compatible; GoogleOther)"
66.249.74.130 - - [14/Jul/2025:15:37:16 +0000] "POST /get-message-notify HTTP/1.1" 200 18283 "https://akaventures.com.au/?y=77910396011940&mod=aa5f65a0&uri=pin.php?entity/10485131.shtm" "Mozilla/5.0 (Linux; Android 6.0.1; Nexus 5X Build/MMB29P) AppleWebKit/537.36 (KHTML, like Gecko) Chrome/137.0.7151.119 Mobile Safari/537.36 (compatible; Googlebot/2.1; +http://www.google.com/bot.html)"
66.249.74.131 - - [14/Jul/2025:15:37:17 +0000] "GET /?y=46343825021940&mod=afcf99a0&uri=pin.php?entity/3693561.shtm HTTP/1.1" 200 18909 "-" "Mozilla/5.0 (Linux; Android 6.0.1; Nexus 5X Build/MMB29P) AppleWebKit/537.36 (KHTML, like Gecko) Chrome/137.0.7151.103 Mobile Safari/537.36 (compatible; GoogleOther)"
66.249.74.131 - - [14/Jul/2025:15:37:18 +0000] "POST /get-message-notify HTTP/1.1" 200 18283 "https://akaventures.com.au/?y=102118151021940&mod=906a14e7&uri=pin.php?entity/7775612.shtm" "Mozilla/5.0 (Linux; Android 6.0.1; Nexus 5X Build/MMB29P) AppleWebKit/537.36 (KHTML, like Gecko) Chrome/137.0.7151.119 Mobile Safari/537.36 (compatible; Googlebot/2.1; +http://www.google.com/bot.html)"
66.249.74.131 - - [14/Jul/2025:15:37:18 +0000] "GET /?y=61730954041940&mod=feac1b90&uri=pin.php?entity/6433103.shtm HTTP/1.1" 200 19561 "-" "Mozilla/5.0 (Linux; Android 6.0.1; Nexus 5X Build/MMB29P) AppleWebKit/537.36 (KHTML, like Gecko) Chrome/137.0.7151.103 Mobile Safari/537.36 (compatible; GoogleOther)"
66.249.74.131 - - [14/Jul/2025:15:37:19 +0000] "POST /get-message-notify HTTP/1.1" 200 18283 "https://akaventures.com.au/?y=41676671011940&mod=4b9ef0c6&uri=us.php?feature/campaign/index.html" "Mozilla/5.0 (Linux; Android 6.0.1; Nexus 5X Build/MMB29P) AppleWebKit/537.36 (KHTML, like Gecko) Chrome/137.0.7151.119 Mobile Safari/537.36 (compatible; Googlebot/2.1; +http://www.google.com/bot.html)"
66.249.74.130 - - [14/Jul/2025:15:37:19 +0000] "GET /?y=60576233021940&mod=0eab014d&uri=pin.php?product/edit/A3732756327 HTTP/1.1" 200 19277 "-" "Mozilla/5.0 (Linux; Android 6.0.1; Nexus 5X Build/MMB29P) AppleWebKit/537.36 (KHTML, like Gecko) Chrome/137.0.7151.103 Mobile Safari/537.36 (compatible; GoogleOther)"
66.249.74.130 - - [14/Jul/2025:15:37:20 +0000] "GET /?y=116394294111940&mod=35126465&uri=shop.php?entity/9251886.shtm HTTP/1.1" 200 18922 "-" "Mozilla/5.0 (Linux; Android 6.0.1; Nexus 5X Build/MMB29P) AppleWebKit/537.36 (KHTML, like Gecko) Chrome/137.0.7151.103 Mobile Safari/537.36 (compatible; GoogleOther)"
66.249.74.131 - - [14/Jul/2025:15:37:21 +0000] "GET /?y=81694388011940&mod=6eebba19&uri=pin.php?entity/5098101.shtm HTTP/1.1" 200 18473 "-" "Mozilla/5.0 (Linux; Android 6.0.1; Nexus 5X Build/MMB29P) AppleWebKit/537.36 (KHTML, like Gecko) Chrome/137.0.7151.103 Mobile Safari/537.36 (compatible; GoogleOther)"
66.249.74.131 - - [14/Jul/2025:15:37:22 +0000] "GET /?y=23723367011940&mod=6941a637&uri=pin.php?entity/41317755.shtm HTTP/1.1" 200 19644 "-" "Mozilla/5.0 (Linux; Android 6.0.1; Nexus 5X Build/MMB29P) AppleWebKit/537.36 (KHTML, like Gecko) Chrome/137.0.7151.103 Mobile Safari/537.36 (compatible; GoogleOther)"
66.249.74.131 - - [14/Jul/2025:15:37:23 +0000] "GET /?y=3319053031940&mod=0bf28731&uri=pin.php?entity/6366578.shtm HTTP/1.1" 200 18390 "-" "Mozilla/5.0 (Linux; Android 6.0.1; Nexus 5X Build/MMB29P) AppleWebKit/537.36 (KHTML, like Gecko) Chrome/137.0.7151.103 Mobile Safari/537.36 (compatible; GoogleOther)"
66.249.74.130 - - [14/Jul/2025:15:37:23 +0000] "POST /get-message-notify HTTP/1.1" 200 18283 "https://akaventures.com.au/?y=21098826071940&mod=7aba29c4&uri=itm.php?cargo/detail" "Mozilla/5.0 (Linux; Android 6.0.1; Nexus 5X Build/MMB29P) AppleWebKit/537.36 (KHTML, like Gecko) Chrome/137.0.7151.119 Mobile Safari/537.36 (compatible; Googlebot/2.1; +http://www.google.com/bot.html)"
66.249.74.131 - - [14/Jul/2025:15:37:24 +0000] "GET /?y=61730954041940&mod=feac1b90&uri=pin.php?entity/7782814.shtm HTTP/1.1" 200 18984 "-" "Mozilla/5.0 (Linux; Android 6.0.1; Nexus 5X Build/MMB29P) AppleWebKit/537.36 (KHTML, like Gecko) Chrome/137.0.7151.103 Mobile Safari/537.36 (compatible; GoogleOther)"
