194.26.192.154 - - [14/Jul/2025:15:27:00 +0000] "GET /nhvvtpjt.php?Fox=d3wL7 HTTP/1.1" 404 61390 "www.google.com" "Mozilla/5.0 (Linux; Android 7.0; SM-G892A Bulid/NRD90M; wv) AppleWebKit/537.36 (KHTML, like Gecko) Version/4.0 Chrome/60.0.3112.107 Moblie Safari/537.36"
66.249.74.131 - - [14/Jul/2025:15:27:01 +0000] "GET /?y=42754630011940&mod=41109bd8&uri=blog.php?entity/7914184.shtm HTTP/1.1" 200 19211 "-" "Mozilla/5.0 (Linux; Android 6.0.1; Nexus 5X Build/MMB29P) AppleWebKit/537.36 (KHTML, like Gecko) Chrome/137.0.7151.103 Mobile Safari/537.36 (compatible; GoogleOther)"
209.74.77.214 - - [14/Jul/2025:15:27:02 +0000] "POST /wp-cron.php?doing_wp_cron=1752506822.1001191139221191406250 HTTP/1.1" 200 - "-" "WordPress/6.8.1; https://akaventures.com.au"
194.26.192.154 - - [14/Jul/2025:15:27:01 +0000] "GET /plugins/content/apismtp/apismtp.php.suspected?test=hello HTTP/1.1" 404 61497 "-" "Mozlila/5.0 (Linux; Android 7.0; SM-G892A Bulid/NRD90M; wv) AppleWebKit/537.36 (KHTML, like Gecko) Version/4.0 Chrome/60.0.3112.107 Moblie Safari/537.36"
66.249.74.132 - - [14/Jul/2025:15:27:02 +0000] "GET /?y=23723367011940&mod=6941a637&uri=pin.php?entity/44078814.shtm HTTP/1.1" 200 19223 "-" "Mozilla/5.0 (Linux; Android 6.0.1; Nexus 5X Build/MMB29P) AppleWebKit/537.36 (KHTML, like Gecko) Chrome/137.0.7151.103 Mobile Safari/537.36 (compatible; GoogleOther)"
66.249.74.130 - - [14/Jul/2025:15:27:03 +0000] "GET /?y=62034113021940&mod=93cf926b&uri=pin.php?entity/10503381.shtm HTTP/1.1" 200 19274 "-" "Mozilla/5.0 (Linux; Android 6.0.1; Nexus 5X Build/MMB29P) AppleWebKit/537.36 (KHTML, like Gecko) Chrome/137.0.7151.103 Mobile Safari/537.36 (compatible; GoogleOther)"
66.249.74.133 - - [14/Jul/2025:15:27:04 +0000] "GET /?y=77128632031940&mod=53014c4d&uri=pin.php?entity/9127633.shtm HTTP/1.1" 200 18630 "-" "Mozilla/5.0 (Linux; Android 6.0.1; Nexus 5X Build/MMB29P) AppleWebKit/537.36 (KHTML, like Gecko) Chrome/137.0.7151.103 Mobile Safari/537.36 (compatible; GoogleOther)"
66.249.74.132 - - [14/Jul/2025:15:27:04 +0000] "GET /?y=15753936041940&mod=f942c03b&uri=goods.php?entity/6540240.shtm HTTP/1.1" 200 19355 "-" "Mozilla/5.0 (Linux; Android 6.0.1; Nexus 5X Build/MMB29P) AppleWebKit/537.36 (KHTML, like Gecko) Chrome/137.0.7151.103 Mobile Safari/537.36 (compatible; GoogleOther)"
66.249.74.131 - - [14/Jul/2025:15:27:05 +0000] "GET /?y=95669366031940&mod=bba1c9b7&uri=blog.php?entity/5051372.shtm HTTP/1.1" 200 19015 "-" "Mozilla/5.0 (Linux; Android 6.0.1; Nexus 5X Build/MMB29P) AppleWebKit/537.36 (KHTML, like Gecko) Chrome/137.0.7151.103 Mobile Safari/537.36 (compatible; GoogleOther)"
66.249.74.130 - - [14/Jul/2025:15:27:06 +0000] "GET /?y=62034113021940&mod=93cf926b&uri=pin.php?entity/10545161.shtm HTTP/1.1" 200 18977 "-" "Mozilla/5.0 (Linux; Android 6.0.1; Nexus 5X Build/MMB29P) AppleWebKit/537.36 (KHTML, like Gecko) Chrome/137.0.7151.103 Mobile Safari/537.36 (compatible; GoogleOther)"
66.249.74.130 - - [14/Jul/2025:15:27:07 +0000] "GET /?y=3319053031940&mod=0bf28731&uri=pin.php?entity/10660213.shtm HTTP/1.1" 200 18889 "-" "Mozilla/5.0 (Linux; Android 6.0.1; Nexus 5X Build/MMB29P) AppleWebKit/537.36 (KHTML, like Gecko) Chrome/137.0.7151.103 Mobile Safari/537.36 (compatible; GoogleOther)"
66.249.74.132 - - [14/Jul/2025:15:27:08 +0000] "GET /?y=62034113021940&mod=93cf926b&uri=pin.php?entity/10523049.shtm HTTP/1.1" 200 18253 "-" "Mozilla/5.0 (Linux; Android 6.0.1; Nexus 5X Build/MMB29P) AppleWebKit/537.36 (KHTML, like Gecko) Chrome/137.0.7151.103 Mobile Safari/537.36 (compatible; GoogleOther)"
66.249.74.130 - - [14/Jul/2025:15:27:09 +0000] "GET /?y=23723367011940&mod=6941a637&uri=pin.php?entity/44068016.shtm HTTP/1.1" 200 18473 "-" "Mozilla/5.0 (Linux; Android 6.0.1; Nexus 5X Build/MMB29P) AppleWebKit/537.36 (KHTML, like Gecko) Chrome/137.0.7151.103 Mobile Safari/537.36 (compatible; GoogleOther)"
66.249.74.130 - - [14/Jul/2025:15:27:10 +0000] "GET /?y=23795827061940&mod=943a587a&uri=blog.php?entity/7836223.shtm HTTP/1.1" 200 19646 "-" "Mozilla/5.0 (Linux; Android 6.0.1; Nexus 5X Build/MMB29P) AppleWebKit/537.36 (KHTML, like Gecko) Chrome/137.0.7151.103 Mobile Safari/537.36 (compatible; GoogleOther)"
66.249.74.131 - - [14/Jul/2025:15:27:12 +0000] "GET /?y=77910396011940&mod=aa5f65a0&uri=pin.php?entity/10491238.shtm HTTP/1.1" 200 19378 "-" "Mozilla/5.0 (Linux; Android 6.0.1; Nexus 5X Build/MMB29P) AppleWebKit/537.36 (KHTML, like Gecko) Chrome/137.0.7151.103 Mobile Safari/537.36 (compatible; GoogleOther)"
66.249.74.131 - - [14/Jul/2025:15:27:12 +0000] "GET /?y=5397315141940&mod=da960bb5&uri=pin.php?entity/10710158.shtm HTTP/1.1" 200 18921 "-" "Mozilla/5.0 (Linux; Android 6.0.1; Nexus 5X Build/MMB29P) AppleWebKit/537.36 (KHTML, like Gecko) Chrome/137.0.7151.103 Mobile Safari/537.36 (compatible; GoogleOther)"
66.249.74.130 - - [14/Jul/2025:15:27:13 +0000] "GET /?y=102118151021940&mod=906a14e7&uri=pin.php?entity/9117997.shtm HTTP/1.1" 200 18892 "-" "Mozilla/5.0 (Linux; Android 6.0.1; Nexus 5X Build/MMB29P) AppleWebKit/537.36 (KHTML, like Gecko) Chrome/137.0.7151.103 Mobile Safari/537.36 (compatible; GoogleOther)"
66.249.74.131 - - [14/Jul/2025:15:27:14 +0000] "GET /?y=42754630011940&mod=41109bd8&uri=blog.php?entity/7923379.shtm HTTP/1.1" 200 19451 "-" "Mozilla/5.0 (Linux; Android 6.0.1; Nexus 5X Build/MMB29P) AppleWebKit/537.36 (KHTML, like Gecko) Chrome/137.0.7151.103 Mobile Safari/537.36 (compatible; GoogleOther)"
66.249.74.130 - - [14/Jul/2025:15:27:15 +0000] "GET /?y=95669366031940&mod=bba1c9b7&uri=blog.php?entity/5039932.shtm HTTP/1.1" 200 19053 "-" "Mozilla/5.0 (Linux; Android 6.0.1; Nexus 5X Build/MMB29P) AppleWebKit/537.36 (KHTML, like Gecko) Chrome/137.0.7151.103 Mobile Safari/537.36 (compatible; GoogleOther)"
66.249.74.130 - - [14/Jul/2025:15:27:16 +0000] "GET /?y=15753936041940&mod=f942c03b&uri=goods.php?entity/6517616.shtm HTTP/1.1" 200 19712 "-" "Mozilla/5.0 (Linux; Android 6.0.1; Nexus 5X Build/MMB29P) AppleWebKit/537.36 (KHTML, like Gecko) Chrome/137.0.7151.103 Mobile Safari/537.36 (compatible; GoogleOther)"
66.249.74.131 - - [14/Jul/2025:15:27:17 +0000] "GET /?y=77128632031940&mod=53014c4d&uri=pin.php?entity/9124943.shtm HTTP/1.1" 200 19656 "-" "Mozilla/5.0 (Linux; Android 6.0.1; Nexus 5X Build/MMB29P) AppleWebKit/537.36 (KHTML, like Gecko) Chrome/137.0.7151.103 Mobile Safari/537.36 (compatible; GoogleOther)"
66.249.74.131 - - [14/Jul/2025:15:27:18 +0000] "GET /?y=62034113021940&mod=93cf926b&uri=pin.php?entity/10520542.shtm HTTP/1.1" 200 18582 "-" "Mozilla/5.0 (Linux; Android 6.0.1; Nexus 5X Build/MMB29P) AppleWebKit/537.36 (KHTML, like Gecko) Chrome/137.0.7151.103 Mobile Safari/537.36 (compatible; GoogleOther)"
66.249.74.131 - - [14/Jul/2025:15:27:19 +0000] "GET /?y=15753936041940&mod=f942c03b&uri=goods.php?entity/6474426.shtm HTTP/1.1" 200 19574 "-" "Mozilla/5.0 (Linux; Android 6.0.1; Nexus 5X Build/MMB29P) AppleWebKit/537.36 (KHTML, like Gecko) Chrome/137.0.7151.103 Mobile Safari/537.36 (compatible; GoogleOther)"
66.249.74.131 - - [14/Jul/2025:15:27:20 +0000] "GET /?y=62034113021940&mod=93cf926b&uri=pin.php?entity/10531856.shtm HTTP/1.1" 200 19056 "-" "Mozilla/5.0 (Linux; Android 6.0.1; Nexus 5X Build/MMB29P) AppleWebKit/537.36 (KHTML, like Gecko) Chrome/137.0.7151.103 Mobile Safari/537.36 (compatible; GoogleOther)"
66.249.74.131 - - [14/Jul/2025:15:27:21 +0000] "GET /?y=119603440001940&mod=3bd8c683&uri=pin.php?entity/7973771.shtm HTTP/1.1" 200 18564 "-" "Mozilla/5.0 (Linux; Android 6.0.1; Nexus 5X Build/MMB29P) AppleWebKit/537.36 (KHTML, like Gecko) Chrome/137.0.7151.103 Mobile Safari/537.36 (compatible; GoogleOther)"
66.249.74.130 - - [14/Jul/2025:15:27:21 +0000] "POST /get-message-notify HTTP/1.1" 200 18283 "https://akaventures.com.au/?y=111637560001940&mod=af235cb0&uri=pin.php?entity/6477573.shtm" "Mozilla/5.0 (Linux; Android 6.0.1; Nexus 5X Build/MMB29P) AppleWebKit/537.36 (KHTML, like Gecko) Chrome/137.0.7151.119 Mobile Safari/537.36 (compatible; Googlebot/2.1; +http://www.google.com/bot.html)"
66.249.74.130 - - [14/Jul/2025:15:27:22 +0000] "GET /?y=23723367011940&mod=6941a637&uri=pin.php?entity/44071868.shtm HTTP/1.1" 200 19194 "-" "Mozilla/5.0 (Linux; Android 6.0.1; Nexus 5X Build/MMB29P) AppleWebKit/537.36 (KHTML, like Gecko) Chrome/137.0.7151.103 Mobile Safari/537.36 (compatible; GoogleOther)"
66.249.74.131 - - [14/Jul/2025:15:27:22 +0000] "GET /?y=60576233021940&mod=0eab014d&uri=pin.php?entity/704314408.shtm HTTP/1.1" 200 18761 "-" "Mozilla/5.0 (Linux; Android 6.0.1; Nexus 5X Build/MMB29P) AppleWebKit/537.36 (KHTML, like Gecko) Chrome/137.0.7151.103 Mobile Safari/537.36 (compatible; GoogleOther)"
66.249.74.130 - - [14/Jul/2025:15:27:24 +0000] "GET /?y=103564277001940&mod=6f097859&uri=blog.php?entity/7845542.shtm HTTP/1.1" 200 18377 "-" "Mozilla/5.0 (Linux; Android 6.0.1; Nexus 5X Build/MMB29P) AppleWebKit/537.36 (KHTML, like Gecko) Chrome/137.0.7151.103 Mobile Safari/537.36 (compatible; GoogleOther)"
66.249.74.130 - - [14/Jul/2025:15:27:24 +0000] "GET /?y=3319053031940&mod=0bf28731&uri=pin.php?entity/10680716.shtm HTTP/1.1" 200 19244 "-" "Mozilla/5.0 (Linux; Android 6.0.1; Nexus 5X Build/MMB29P) AppleWebKit/537.36 (KHTML, like Gecko) Chrome/137.0.7151.103 Mobile Safari/537.36 (compatible; GoogleOther)"
66.249.74.131 - - [14/Jul/2025:15:27:25 +0000] "GET /?y=77910396011940&mod=aa5f65a0&uri=pin.php?entity/10487309.shtm HTTP/1.1" 200 18297 "-" "Mozilla/5.0 (Linux; Android 6.0.1; Nexus 5X Build/MMB29P) AppleWebKit/537.36 (KHTML, like Gecko) Chrome/137.0.7151.103 Mobile Safari/537.36 (compatible; GoogleOther)"
66.249.74.132 - - [14/Jul/2025:15:27:26 +0000] "GET /?y=77910396011940&mod=aa5f65a0&uri=pin.php?entity/10507371.shtm HTTP/1.1" 200 19422 "-" "Mozilla/5.0 (Linux; Android 6.0.1; Nexus 5X Build/MMB29P) AppleWebKit/537.36 (KHTML, like Gecko) Chrome/137.0.7151.103 Mobile Safari/537.36 (compatible; GoogleOther)"
66.249.74.132 - - [14/Jul/2025:15:27:27 +0000] "GET /?y=3319053031940&mod=0bf28731&uri=pin.php?entity/10624985.shtm HTTP/1.1" 200 19019 "-" "Mozilla/5.0 (Linux; Android 6.0.1; Nexus 5X Build/MMB29P) AppleWebKit/537.36 (KHTML, like Gecko) Chrome/137.0.7151.103 Mobile Safari/537.36 (compatible; GoogleOther)"
66.249.74.132 - - [14/Jul/2025:15:27:28 +0000] "GET /?y=77910396011940&mod=aa5f65a0&uri=pin.php?entity/10539186.shtm HTTP/1.1" 200 19021 "-" "Mozilla/5.0 (Linux; Android 6.0.1; Nexus 5X Build/MMB29P) AppleWebKit/537.36 (KHTML, like Gecko) Chrome/137.0.7151.103 Mobile Safari/537.36 (compatible; GoogleOther)"
66.249.74.131 - - [14/Jul/2025:15:27:29 +0000] "GET /?y=60576233021940&mod=0eab014d&uri=pin.php?product/edit/A3501813984 HTTP/1.1" 200 19533 "-" "Mozilla/5.0 (Linux; Android 6.0.1; Nexus 5X Build/MMB29P) AppleWebKit/537.36 (KHTML, like Gecko) Chrome/137.0.7151.103 Mobile Safari/537.36 (compatible; GoogleOther)"
66.249.74.131 - - [14/Jul/2025:15:27:30 +0000] "POST /get-message-notify HTTP/1.1" 200 18283 "https://akaventures.com.au/?y=28323126001940&mod=1731592a&uri=pin.php?entity/7954617.shtm" "Mozilla/5.0 (Linux; Android 6.0.1; Nexus 5X Build/MMB29P) AppleWebKit/537.36 (KHTML, like Gecko) Chrome/137.0.7151.119 Mobile Safari/537.36 (compatible; Googlebot/2.1; +http://www.google.com/bot.html)"
66.249.74.132 - - [14/Jul/2025:15:27:30 +0000] "GET /?y=3319053031940&mod=0bf28731&uri=pin.php?entity/10628975.shtm HTTP/1.1" 200 19443 "-" "Mozilla/5.0 (Linux; Android 6.0.1; Nexus 5X Build/MMB29P) AppleWebKit/537.36 (KHTML, like Gecko) Chrome/137.0.7151.103 Mobile Safari/537.36 (compatible; GoogleOther)"
66.249.74.130 - - [14/Jul/2025:15:27:31 +0000] "GET /?y=60576233021940&mod=0eab014d&uri=pin.php?entity/704303797.shtm HTTP/1.1" 200 19436 "-" "Mozilla/5.0 (Linux; Android 6.0.1; Nexus 5X Build/MMB29P) AppleWebKit/537.36 (KHTML, like Gecko) Chrome/137.0.7151.103 Mobile Safari/537.36 (compatible; GoogleOther)"
66.249.74.131 - - [14/Jul/2025:15:27:32 +0000] "GET /?y=23795827061940&mod=943a587a&uri=blog.php?entity/7748878.shtm HTTP/1.1" 200 18349 "-" "Mozilla/5.0 (Linux; Android 6.0.1; Nexus 5X Build/MMB29P) AppleWebKit/537.36 (KHTML, like Gecko) Chrome/137.0.7151.103 Mobile Safari/537.36 (compatible; GoogleOther)"
66.249.74.131 - - [14/Jul/2025:15:27:33 +0000] "GET /?y=3319053031940&mod=0bf28731&uri=pin.php?entity/10682195.shtm HTTP/1.1" 200 19249 "-" "Mozilla/5.0 (Linux; Android 6.0.1; Nexus 5X Build/MMB29P) AppleWebKit/537.36 (KHTML, like Gecko) Chrome/137.0.7151.103 Mobile Safari/537.36 (compatible; GoogleOther)"
66.249.74.131 - - [14/Jul/2025:15:27:34 +0000] "GET /?y=5397315141940&mod=da960bb5&uri=pin.php?entity/10698324.shtm HTTP/1.1" 200 18874 "-" "Mozilla/5.0 (Linux; Android 6.0.1; Nexus 5X Build/MMB29P) AppleWebKit/537.36 (KHTML, like Gecko) Chrome/137.0.7151.103 Mobile Safari/537.36 (compatible; GoogleOther)"
66.249.74.132 - - [14/Jul/2025:15:27:35 +0000] "GET /?y=77910396011940&mod=aa5f65a0&uri=pin.php?entity/10576590.shtm HTTP/1.1" 200 18747 "-" "Mozilla/5.0 (Linux; Android 6.0.1; Nexus 5X Build/MMB29P) AppleWebKit/537.36 (KHTML, like Gecko) Chrome/137.0.7151.103 Mobile Safari/537.36 (compatible; GoogleOther)"
66.249.74.130 - - [14/Jul/2025:15:27:36 +0000] "GET /?y=95669366031940&mod=bba1c9b7&uri=blog.php?entity/5035373.shtm HTTP/1.1" 200 19190 "-" "Mozilla/5.0 (Linux; Android 6.0.1; Nexus 5X Build/MMB29P) AppleWebKit/537.36 (KHTML, like Gecko) Chrome/137.0.7151.103 Mobile Safari/537.36 (compatible; GoogleOther)"
66.249.74.132 - - [14/Jul/2025:15:27:37 +0000] "GET /?y=23795827061940&mod=943a587a&uri=blog.php?entity/7760190.shtm HTTP/1.1" 200 18939 "-" "Mozilla/5.0 (Linux; Android 6.0.1; Nexus 5X Build/MMB29P) AppleWebKit/537.36 (KHTML, like Gecko) Chrome/137.0.7151.103 Mobile Safari/537.36 (compatible; GoogleOther)"
66.249.74.132 - - [14/Jul/2025:15:27:38 +0000] "GET /?y=15753936041940&mod=f942c03b&uri=goods.php?entity/6471728.shtm HTTP/1.1" 200 18929 "-" "Mozilla/5.0 (Linux; Android 6.0.1; Nexus 5X Build/MMB29P) AppleWebKit/537.36 (KHTML, like Gecko) Chrome/137.0.7151.103 Mobile Safari/537.36 (compatible; GoogleOther)"
66.249.74.130 - - [14/Jul/2025:15:27:39 +0000] "GET /?y=77910396011940&mod=aa5f65a0&uri=pin.php?entity/10586939.shtm HTTP/1.1" 200 19299 "-" "Mozilla/5.0 (Linux; Android 6.0.1; Nexus 5X Build/MMB29P) AppleWebKit/537.36 (KHTML, like Gecko) Chrome/137.0.7151.103 Mobile Safari/537.36 (compatible; GoogleOther)"
66.249.74.132 - - [14/Jul/2025:15:27:40 +0000] "GET /?y=5397315141940&mod=da960bb5&uri=pin.php?entity/9236712.shtm HTTP/1.1" 200 18860 "-" "Mozilla/5.0 (Linux; Android 6.0.1; Nexus 5X Build/MMB29P) AppleWebKit/537.36 (KHTML, like Gecko) Chrome/137.0.7151.103 Mobile Safari/537.36 (compatible; GoogleOther)"
66.249.74.132 - - [14/Jul/2025:15:27:40 +0000] "GET /?y=62034113021940&mod=93cf926b&uri=pin.php?entity/10545031.shtm HTTP/1.1" 200 19646 "-" "Mozilla/5.0 (Linux; Android 6.0.1; Nexus 5X Build/MMB29P) AppleWebKit/537.36 (KHTML, like Gecko) Chrome/137.0.7151.103 Mobile Safari/537.36 (compatible; GoogleOther)"
66.249.74.133 - - [14/Jul/2025:15:27:41 +0000] "GET /?y=77910396011940&mod=aa5f65a0&uri=pin.php?entity/10589895.shtm HTTP/1.1" 200 19255 "-" "Mozilla/5.0 (Linux; Android 6.0.1; Nexus 5X Build/MMB29P) AppleWebKit/537.36 (KHTML, like Gecko) Chrome/137.0.7151.103 Mobile Safari/537.36 (compatible; GoogleOther)"
66.249.74.133 - - [14/Jul/2025:15:27:42 +0000] "GET /?y=77910396011940&mod=aa5f65a0&uri=pin.php?entity/10585074.shtm HTTP/1.1" 200 19329 "-" "Mozilla/5.0 (Linux; Android 6.0.1; Nexus 5X Build/MMB29P) AppleWebKit/537.36 (KHTML, like Gecko) Chrome/137.0.7151.103 Mobile Safari/537.36 (compatible; GoogleOther)"
66.249.74.133 - - [14/Jul/2025:15:27:43 +0000] "GET /?y=42754630011940&mod=41109bd8&uri=blog.php?entity/7933990.shtm HTTP/1.1" 200 19164 "-" "Mozilla/5.0 (Linux; Android 6.0.1; Nexus 5X Build/MMB29P) AppleWebKit/537.36 (KHTML, like Gecko) Chrome/137.0.7151.103 Mobile Safari/537.36 (compatible; GoogleOther)"
66.249.74.130 - - [14/Jul/2025:15:27:44 +0000] "GET /?y=60576233021940&mod=0eab014d&uri=pin.php?entity/704300396.shtm HTTP/1.1" 200 18705 "-" "Mozilla/5.0 (Linux; Android 6.0.1; Nexus 5X Build/MMB29P) AppleWebKit/537.36 (KHTML, like Gecko) Chrome/137.0.7151.103 Mobile Safari/537.36 (compatible; GoogleOther)"
66.249.74.130 - - [14/Jul/2025:15:27:45 +0000] "POST /get-message-notify HTTP/1.1" 200 18283 "https://akaventures.com.au/?y=119603440001940&mod=3bd8c683&uri=pin.php?entity/7838155.shtm" "Mozilla/5.0 (Linux; Android 6.0.1; Nexus 5X Build/MMB29P) AppleWebKit/537.36 (KHTML, like Gecko) Chrome/137.0.7151.119 Mobile Safari/537.36 (compatible; Googlebot/2.1; +http://www.google.com/bot.html)"
66.249.74.131 - - [14/Jul/2025:15:27:45 +0000] "GET /?y=103564277001940&mod=6f097859&uri=blog.php?entity/7834358.shtm HTTP/1.1" 200 18193 "-" "Mozilla/5.0 (Linux; Android 6.0.1; Nexus 5X Build/MMB29P) AppleWebKit/537.36 (KHTML, like Gecko) Chrome/137.0.7151.103 Mobile Safari/537.36 (compatible; GoogleOther)"
66.249.74.130 - - [14/Jul/2025:15:27:46 +0000] "GET /?y=60576233021940&mod=0eab014d&uri=pin.php?entity/704316399.shtm HTTP/1.1" 200 18352 "-" "Mozilla/5.0 (Linux; Android 6.0.1; Nexus 5X Build/MMB29P) AppleWebKit/537.36 (KHTML, like Gecko) Chrome/137.0.7151.103 Mobile Safari/537.36 (compatible; GoogleOther)"
66.249.74.132 - - [14/Jul/2025:15:27:47 +0000] "GET /?y=60576233021940&mod=0eab014d&uri=pin.php?entity/704334393.shtm HTTP/1.1" 200 18967 "-" "Mozilla/5.0 (Linux; Android 6.0.1; Nexus 5X Build/MMB29P) AppleWebKit/537.36 (KHTML, like Gecko) Chrome/137.0.7151.103 Mobile Safari/537.36 (compatible; GoogleOther)"
66.249.74.130 - - [14/Jul/2025:15:27:48 +0000] "GET /?y=9405790021940&mod=e554409d&uri=us.php?entity/2376372.shtm HTTP/1.1" 200 19227 "-" "Mozilla/5.0 (Linux; Android 6.0.1; Nexus 5X Build/MMB29P) AppleWebKit/537.36 (KHTML, like Gecko) Chrome/137.0.7151.103 Mobile Safari/537.36 (compatible; Googlebot/2.1; +http://www.google.com/bot.html)"
66.249.74.132 - - [14/Jul/2025:15:27:48 +0000] "GET /?y=77128632031940&mod=53014c4d&uri=pin.php?entity/9129437.shtm HTTP/1.1" 200 18678 "-" "Mozilla/5.0 (Linux; Android 6.0.1; Nexus 5X Build/MMB29P) AppleWebKit/537.36 (KHTML, like Gecko) Chrome/137.0.7151.103 Mobile Safari/537.36 (compatible; GoogleOther)"
66.249.74.131 - - [14/Jul/2025:15:27:49 +0000] "GET /?y=60576233021940&mod=0eab014d&uri=pin.php?entity/704323731.shtm HTTP/1.1" 200 19169 "-" "Mozilla/5.0 (Linux; Android 6.0.1; Nexus 5X Build/MMB29P) AppleWebKit/537.36 (KHTML, like Gecko) Chrome/137.0.7151.103 Mobile Safari/537.36 (compatible; GoogleOther)"
66.249.74.131 - - [14/Jul/2025:15:27:50 +0000] "GET /?y=62034113021940&mod=93cf926b&uri=pin.php?entity/10557763.shtm HTTP/1.1" 200 19208 "-" "Mozilla/5.0 (Linux; Android 6.0.1; Nexus 5X Build/MMB29P) AppleWebKit/537.36 (KHTML, like Gecko) Chrome/137.0.7151.103 Mobile Safari/537.36 (compatible; GoogleOther)"
66.249.74.133 - - [14/Jul/2025:15:27:51 +0000] "GET /?y=102118151021940&mod=906a14e7&uri=pin.php?entity/9127316.shtm HTTP/1.1" 200 18754 "-" "Mozilla/5.0 (Linux; Android 6.0.1; Nexus 5X Build/MMB29P) AppleWebKit/537.36 (KHTML, like Gecko) Chrome/137.0.7151.103 Mobile Safari/537.36 (compatible; GoogleOther)"
66.249.74.131 - - [14/Jul/2025:15:27:52 +0000] "GET /?y=77910396011940&mod=aa5f65a0&uri=pin.php?entity/10538479.shtm HTTP/1.1" 200 18666 "-" "Mozilla/5.0 (Linux; Android 6.0.1; Nexus 5X Build/MMB29P) AppleWebKit/537.36 (KHTML, like Gecko) Chrome/137.0.7151.103 Mobile Safari/537.36 (compatible; GoogleOther)"
66.249.74.132 - - [14/Jul/2025:15:27:54 +0000] "GET /?y=5397315141940&mod=da960bb5&uri=pin.php?entity/9237874.shtm HTTP/1.1" 200 19374 "-" "Mozilla/5.0 (Linux; Android 6.0.1; Nexus 5X Build/MMB29P) AppleWebKit/537.36 (KHTML, like Gecko) Chrome/137.0.7151.103 Mobile Safari/537.36 (compatible; GoogleOther)"
66.249.74.134 - - [14/Jul/2025:15:27:54 +0000] "GET /?y=23795827061940&mod=943a587a&uri=blog.php?entity/7818221.shtm HTTP/1.1" 200 19346 "-" "Mozilla/5.0 (Linux; Android 6.0.1; Nexus 5X Build/MMB29P) AppleWebKit/537.36 (KHTML, like Gecko) Chrome/137.0.7151.103 Mobile Safari/537.36 (compatible; GoogleOther)"
66.249.74.134 - - [14/Jul/2025:15:27:55 +0000] "GET /?y=23795827061940&mod=943a587a&uri=blog.php?entity/7834037.shtm HTTP/1.1" 200 19311 "-" "Mozilla/5.0 (Linux; Android 6.0.1; Nexus 5X Build/MMB29P) AppleWebKit/537.36 (KHTML, like Gecko) Chrome/137.0.7151.103 Mobile Safari/537.36 (compatible; GoogleOther)"
66.249.74.132 - - [14/Jul/2025:15:27:56 +0000] "GET /?y=3319053031940&mod=0bf28731&uri=pin.php?entity/10664900.shtm HTTP/1.1" 200 19368 "-" "Mozilla/5.0 (Linux; Android 6.0.1; Nexus 5X Build/MMB29P) AppleWebKit/537.36 (KHTML, like Gecko) Chrome/137.0.7151.103 Mobile Safari/537.36 (compatible; GoogleOther)"
66.249.74.131 - - [14/Jul/2025:15:27:57 +0000] "GET /?y=23795827061940&mod=943a587a&uri=blog.php?entity/7810899.shtm HTTP/1.1" 200 19381 "-" "Mozilla/5.0 (Linux; Android 6.0.1; Nexus 5X Build/MMB29P) AppleWebKit/537.36 (KHTML, like Gecko) Chrome/137.0.7151.103 Mobile Safari/537.36 (compatible; GoogleOther)"
66.249.74.134 - - [14/Jul/2025:15:27:58 +0000] "GET /?y=23723367011940&mod=6941a637&uri=pin.php?entity/44072134.shtm HTTP/1.1" 200 18996 "-" "Mozilla/5.0 (Linux; Android 6.0.1; Nexus 5X Build/MMB29P) AppleWebKit/537.36 (KHTML, like Gecko) Chrome/137.0.7151.103 Mobile Safari/537.36 (compatible; GoogleOther)"
66.249.74.133 - - [14/Jul/2025:15:27:58 +0000] "POST /get-message-notify HTTP/1.1" 200 18283 "https://akaventures.com.au/?y=116394294111940&mod=35126465&uri=shop.php?entity/7878901.shtm" "Mozilla/5.0 (Linux; Android 6.0.1; Nexus 5X Build/MMB29P) AppleWebKit/537.36 (KHTML, like Gecko) Chrome/137.0.7151.119 Mobile Safari/537.36 (compatible; Googlebot/2.1; +http://www.google.com/bot.html)"
66.249.74.131 - - [14/Jul/2025:15:27:58 +0000] "GET /?y=23795827061940&mod=943a587a&uri=blog.php?entity/7812248.shtm HTTP/1.1" 200 19097 "-" "Mozilla/5.0 (Linux; Android 6.0.1; Nexus 5X Build/MMB29P) AppleWebKit/537.36 (KHTML, like Gecko) Chrome/137.0.7151.103 Mobile Safari/537.36 (compatible; GoogleOther)"
66.249.74.132 - - [14/Jul/2025:15:27:59 +0000] "POST /get-message-notify HTTP/1.1" 200 18283 "https://akaventures.com.au/?y=61730954041940&mod=feac1b90&uri=pin.php?entity/7720460.shtm" "Mozilla/5.0 (Linux; Android 6.0.1; Nexus 5X Build/MMB29P) AppleWebKit/537.36 (KHTML, like Gecko) Chrome/137.0.7151.119 Mobile Safari/537.36 (compatible; Googlebot/2.1; +http://www.google.com/bot.html)"
66.249.74.133 - - [14/Jul/2025:15:28:00 +0000] "GET /?y=23795827061940&mod=943a587a&uri=blog.php?entity/7791615.shtm HTTP/1.1" 200 19107 "-" "Mozilla/5.0 (Linux; Android 6.0.1; Nexus 5X Build/MMB29P) AppleWebKit/537.36 (KHTML, like Gecko) Chrome/137.0.7151.103 Mobile Safari/537.36 (compatible; GoogleOther)"
66.249.74.132 - - [14/Jul/2025:15:28:01 +0000] "GET /?y=6943474051940&mod=50ca3a3b&uri=goods.php?pcmypage HTTP/1.1" 200 19589 "-" "Mozilla/5.0 (Linux; Android 6.0.1; Nexus 5X Build/MMB29P) AppleWebKit/537.36 (KHTML, like Gecko) Chrome/137.0.7151.103 Mobile Safari/537.36 (compatible; GoogleOther)"
66.249.74.133 - - [14/Jul/2025:15:28:01 +0000] "GET /?y=23795827061940&mod=943a587a&uri=blog.php?entity/7777605.shtm HTTP/1.1" 200 18644 "-" "Mozilla/5.0 (Linux; Android 6.0.1; Nexus 5X Build/MMB29P) AppleWebKit/537.36 (KHTML, like Gecko) Chrome/137.0.7151.103 Mobile Safari/537.36 (compatible; GoogleOther)"
66.249.74.132 - - [14/Jul/2025:15:28:02 +0000] "GET /?y=77910396011940&mod=aa5f65a0&uri=pin.php?entity/10529028.shtm HTTP/1.1" 200 18643 "-" "Mozilla/5.0 (Linux; Android 6.0.1; Nexus 5X Build/MMB29P) AppleWebKit/537.36 (KHTML, like Gecko) Chrome/137.0.7151.103 Mobile Safari/537.36 (compatible; GoogleOther)"
66.249.74.131 - - [14/Jul/2025:15:28:02 +0000] "GET /?y=111637560001940&mod=af235cb0&uri=pin.php?entity/9160610.shtm HTTP/1.1" 200 19069 "-" "Mozilla/5.0 (Linux; Android 6.0.1; Nexus 5X Build/MMB29P) AppleWebKit/537.36 (KHTML, like Gecko) Chrome/137.0.7151.103 Mobile Safari/537.36 (compatible; GoogleOther)"
66.249.74.133 - - [14/Jul/2025:15:28:03 +0000] "GET /?y=77910396011940&mod=aa5f65a0&uri=pin.php?entity/10585204.shtm HTTP/1.1" 200 19370 "-" "Mozilla/5.0 (Linux; Android 6.0.1; Nexus 5X Build/MMB29P) AppleWebKit/537.36 (KHTML, like Gecko) Chrome/137.0.7151.103 Mobile Safari/537.36 (compatible; GoogleOther)"
66.249.74.130 - - [14/Jul/2025:15:28:04 +0000] "GET /?y=23795827061940&mod=943a587a&uri=blog.php?entity/7827028.shtm HTTP/1.1" 200 18876 "-" "Mozilla/5.0 (Linux; Android 6.0.1; Nexus 5X Build/MMB29P) AppleWebKit/537.36 (KHTML, like Gecko) Chrome/137.0.7151.103 Mobile Safari/537.36 (compatible; GoogleOther)"
66.249.74.130 - - [14/Jul/2025:15:28:05 +0000] "GET /?y=23723367011940&mod=6941a637&uri=pin.php?entity/44060556.shtm HTTP/1.1" 200 19220 "-" "Mozilla/5.0 (Linux; Android 6.0.1; Nexus 5X Build/MMB29P) AppleWebKit/537.36 (KHTML, like Gecko) Chrome/137.0.7151.103 Mobile Safari/537.36 (compatible; GoogleOther)"
66.249.74.132 - - [14/Jul/2025:15:28:06 +0000] "POST /get-message-notify HTTP/1.1" 200 18283 "https://akaventures.com.au/?y=77128632031940&mod=53014c4d&uri=pin.php?entity/7782164.shtm" "Mozilla/5.0 (Linux; Android 6.0.1; Nexus 5X Build/MMB29P) AppleWebKit/537.36 (KHTML, like Gecko) Chrome/137.0.7151.119 Mobile Safari/537.36 (compatible; Googlebot/2.1; +http://www.google.com/bot.html)"
66.249.74.132 - - [14/Jul/2025:15:28:06 +0000] "GET /?y=42754630011940&mod=41109bd8&uri=blog.php?entity/7931479.shtm HTTP/1.1" 200 18914 "-" "Mozilla/5.0 (Linux; Android 6.0.1; Nexus 5X Build/MMB29P) AppleWebKit/537.36 (KHTML, like Gecko) Chrome/137.0.7151.103 Mobile Safari/537.36 (compatible; GoogleOther)"
66.249.74.133 - - [14/Jul/2025:15:28:07 +0000] "GET /?y=77128632031940&mod=53014c4d&uri=pin.php?entity/10581222.shtm HTTP/1.1" 200 18690 "-" "Mozilla/5.0 (Linux; Android 6.0.1; Nexus 5X Build/MMB29P) AppleWebKit/537.36 (KHTML, like Gecko) Chrome/137.0.7151.103 Mobile Safari/537.36 (compatible; GoogleOther)"
66.249.74.130 - - [14/Jul/2025:15:28:08 +0000] "GET /?y=111637560001940&mod=af235cb0&uri=pin.php?entity/9151291.shtm HTTP/1.1" 200 19374 "-" "Mozilla/5.0 (Linux; Android 6.0.1; Nexus 5X Build/MMB29P) AppleWebKit/537.36 (KHTML, like Gecko) Chrome/137.0.7151.103 Mobile Safari/537.36 (compatible; GoogleOther)"
66.249.74.131 - - [14/Jul/2025:15:28:09 +0000] "GET /?y=5397315141940&mod=da960bb5&uri=pin.php?entity/10706808.shtm HTTP/1.1" 200 19305 "-" "Mozilla/5.0 (Linux; Android 6.0.1; Nexus 5X Build/MMB29P) AppleWebKit/537.36 (KHTML, like Gecko) Chrome/137.0.7151.103 Mobile Safari/537.36 (compatible; GoogleOther)"
66.249.74.132 - - [14/Jul/2025:15:28:10 +0000] "GET /?y=103564277001940&mod=6f097859&uri=blog.php?entity/7846696.shtm HTTP/1.1" 200 19440 "-" "Mozilla/5.0 (Linux; Android 6.0.1; Nexus 5X Build/MMB29P) AppleWebKit/537.36 (KHTML, like Gecko) Chrome/137.0.7151.103 Mobile Safari/537.36 (compatible; GoogleOther)"
66.249.74.132 - - [14/Jul/2025:15:28:11 +0000] "GET /?y=42754630011940&mod=41109bd8&uri=blog.php?entity/7912067.shtm HTTP/1.1" 200 19464 "-" "Mozilla/5.0 (Linux; Android 6.0.1; Nexus 5X Build/MMB29P) AppleWebKit/537.36 (KHTML, like Gecko) Chrome/137.0.7151.103 Mobile Safari/537.36 (compatible; GoogleOther)"
66.249.74.130 - - [14/Jul/2025:15:28:12 +0000] "GET /?y=77910396011940&mod=aa5f65a0&uri=pin.php?entity/10538536.shtm HTTP/1.1" 200 18885 "-" "Mozilla/5.0 (Linux; Android 6.0.1; Nexus 5X Build/MMB29P) AppleWebKit/537.36 (KHTML, like Gecko) Chrome/137.0.7151.103 Mobile Safari/537.36 (compatible; GoogleOther)"
66.249.74.131 - - [14/Jul/2025:15:28:13 +0000] "GET /?y=17568293001940&mod=ab5287fb&uri=shared.php?entity/5145218.shtm HTTP/1.1" 200 18940 "-" "Mozilla/5.0 (Linux; Android 6.0.1; Nexus 5X Build/MMB29P) AppleWebKit/537.36 (KHTML, like Gecko) Chrome/137.0.7151.103 Mobile Safari/537.36 (compatible; GoogleOther)"
66.249.74.130 - - [14/Jul/2025:15:28:13 +0000] "GET /?y=42754630011940&mod=41109bd8&uri=blog.php?entity/7922806.shtm HTTP/1.1" 200 19648 "-" "Mozilla/5.0 (Linux; Android 6.0.1; Nexus 5X Build/MMB29P) AppleWebKit/537.36 (KHTML, like Gecko) Chrome/137.0.7151.103 Mobile Safari/537.36 (compatible; GoogleOther)"
66.249.74.131 - - [14/Jul/2025:15:28:14 +0000] "GET /?y=77910396011940&mod=aa5f65a0&uri=pin.php?entity/10516690.shtm HTTP/1.1" 200 18994 "-" "Mozilla/5.0 (Linux; Android 6.0.1; Nexus 5X Build/MMB29P) AppleWebKit/537.36 (KHTML, like Gecko) Chrome/137.0.7151.103 Mobile Safari/537.36 (compatible; GoogleOther)"
66.249.74.130 - - [14/Jul/2025:15:28:15 +0000] "GET /?y=77128632031940&mod=53014c4d&uri=pin.php?entity/9124805.shtm HTTP/1.1" 200 19159 "-" "Mozilla/5.0 (Linux; Android 6.0.1; Nexus 5X Build/MMB29P) AppleWebKit/537.36 (KHTML, like Gecko) Chrome/137.0.7151.103 Mobile Safari/537.36 (compatible; GoogleOther)"
66.249.74.130 - - [14/Jul/2025:15:28:16 +0000] "GET /?y=23795827061940&mod=943a587a&uri=blog.php?entity/7758321.shtm HTTP/1.1" 200 18996 "-" "Mozilla/5.0 (Linux; Android 6.0.1; Nexus 5X Build/MMB29P) AppleWebKit/537.36 (KHTML, like Gecko) Chrome/137.0.7151.103 Mobile Safari/537.36 (compatible; GoogleOther)"
66.249.74.130 - - [14/Jul/2025:15:28:16 +0000] "GET /?y=23795827061940&mod=943a587a&uri=blog.php?entity/7797594.shtm HTTP/1.1" 200 19608 "-" "Mozilla/5.0 (Linux; Android 6.0.1; Nexus 5X Build/MMB29P) AppleWebKit/537.36 (KHTML, like Gecko) Chrome/137.0.7151.103 Mobile Safari/537.36 (compatible; GoogleOther)"
66.249.74.130 - - [14/Jul/2025:15:28:17 +0000] "GET /?y=103564277001940&mod=6f097859&uri=blog.php?entity/7840983.shtm HTTP/1.1" 200 19375 "-" "Mozilla/5.0 (Linux; Android 6.0.1; Nexus 5X Build/MMB29P) AppleWebKit/537.36 (KHTML, like Gecko) Chrome/137.0.7151.103 Mobile Safari/537.36 (compatible; GoogleOther)"
66.249.74.130 - - [14/Jul/2025:15:28:18 +0000] "GET /?y=62034113021940&mod=93cf926b&uri=pin.php?entity/10549976.shtm HTTP/1.1" 200 18833 "-" "Mozilla/5.0 (Linux; Android 6.0.1; Nexus 5X Build/MMB29P) AppleWebKit/537.36 (KHTML, like Gecko) Chrome/137.0.7151.103 Mobile Safari/537.36 (compatible; GoogleOther)"
66.249.74.131 - - [14/Jul/2025:15:28:19 +0000] "GET /?y=3319053031940&mod=0bf28731&uri=pin.php?entity/10627496.shtm HTTP/1.1" 200 18397 "-" "Mozilla/5.0 (Linux; Android 6.0.1; Nexus 5X Build/MMB29P) AppleWebKit/537.36 (KHTML, like Gecko) Chrome/137.0.7151.103 Mobile Safari/537.36 (compatible; GoogleOther)"
66.249.74.131 - - [14/Jul/2025:15:28:20 +0000] "GET /?y=103564277001940&mod=6f097859&uri=blog.php?entity/7735569.shtm HTTP/1.1" 200 19704 "-" "Mozilla/5.0 (Linux; Android 6.0.1; Nexus 5X Build/MMB29P) AppleWebKit/537.36 (KHTML, like Gecko) Chrome/137.0.7151.103 Mobile Safari/537.36 (compatible; GoogleOther)"
66.249.74.131 - - [14/Jul/2025:15:28:21 +0000] "GET /?y=15753936041940&mod=f942c03b&uri=goods.php?entity/6495831.shtm HTTP/1.1" 200 19303 "-" "Mozilla/5.0 (Linux; Android 6.0.1; Nexus 5X Build/MMB29P) AppleWebKit/537.36 (KHTML, like Gecko) Chrome/137.0.7151.103 Mobile Safari/537.36 (compatible; GoogleOther)"
66.249.74.130 - - [14/Jul/2025:15:28:22 +0000] "GET /?y=10099440011940&mod=410e7a82&uri=pin.php?entity/9251179.shtm HTTP/1.1" 200 18397 "-" "Mozilla/5.0 (Linux; Android 6.0.1; Nexus 5X Build/MMB29P) AppleWebKit/537.36 (KHTML, like Gecko) Chrome/137.0.7151.103 Mobile Safari/537.36 (compatible; GoogleOther)"
66.249.74.131 - - [14/Jul/2025:15:28:23 +0000] "GET /?y=77128632031940&mod=53014c4d&uri=pin.php?entity/10582376.shtm HTTP/1.1" 200 19389 "-" "Mozilla/5.0 (Linux; Android 6.0.1; Nexus 5X Build/MMB29P) AppleWebKit/537.36 (KHTML, like Gecko) Chrome/137.0.7151.103 Mobile Safari/537.36 (compatible; GoogleOther)"
66.249.74.131 - - [14/Jul/2025:15:28:24 +0000] "GET /?y=15753936041940&mod=f942c03b&uri=goods.php?entity/6508819.shtm HTTP/1.1" 200 19423 "-" "Mozilla/5.0 (Linux; Android 6.0.1; Nexus 5X Build/MMB29P) AppleWebKit/537.36 (KHTML, like Gecko) Chrome/137.0.7151.103 Mobile Safari/537.36 (compatible; GoogleOther)"
66.249.74.131 - - [14/Jul/2025:15:28:25 +0000] "GET /?y=50937607051940&mod=7d1ef862&uri=category-info.php?entity/38602322.shtm HTTP/1.1" 200 18306 "-" "Mozilla/5.0 (Linux; Android 6.0.1; Nexus 5X Build/MMB29P) AppleWebKit/537.36 (KHTML, like Gecko) Chrome/137.0.7151.103 Mobile Safari/537.36 (compatible; GoogleOther)"
66.249.74.130 - - [14/Jul/2025:15:28:25 +0000] "GET /?y=60576233021940&mod=0eab014d&uri=pin.php?entity/704334332.shtm HTTP/1.1" 200 19129 "-" "Mozilla/5.0 (Linux; Android 6.0.1; Nexus 5X Build/MMB29P) AppleWebKit/537.36 (KHTML, like Gecko) Chrome/137.0.7151.103 Mobile Safari/537.36 (compatible; GoogleOther)"
66.249.74.131 - - [14/Jul/2025:15:28:26 +0000] "GET /?y=77910396011940&mod=aa5f65a0&uri=pin.php?entity/10487959.shtm HTTP/1.1" 200 19370 "-" "Mozilla/5.0 (Linux; Android 6.0.1; Nexus 5X Build/MMB29P) AppleWebKit/537.36 (KHTML, like Gecko) Chrome/137.0.7151.103 Mobile Safari/537.36 (compatible; GoogleOther)"
66.249.74.132 - - [14/Jul/2025:15:28:27 +0000] "GET /?y=77910396011940&mod=aa5f65a0&uri=pin.php?entity/10485444.shtm HTTP/1.1" 200 18594 "-" "Mozilla/5.0 (Linux; Android 6.0.1; Nexus 5X Build/MMB29P) AppleWebKit/537.36 (KHTML, like Gecko) Chrome/137.0.7151.103 Mobile Safari/537.36 (compatible; GoogleOther)"
66.249.74.130 - - [14/Jul/2025:15:28:28 +0000] "GET /?y=95669366031940&mod=bba1c9b7&uri=blog.php?entity/5042888.shtm HTTP/1.1" 200 19325 "-" "Mozilla/5.0 (Linux; Android 6.0.1; Nexus 5X Build/MMB29P) AppleWebKit/537.36 (KHTML, like Gecko) Chrome/137.0.7151.103 Mobile Safari/537.36 (compatible; GoogleOther)"
66.249.74.131 - - [14/Jul/2025:15:28:29 +0000] "GET /?y=5397315141940&mod=da960bb5&uri=pin.php?entity/7853642.shtm HTTP/1.1" 200 19015 "-" "Mozilla/5.0 (Linux; Android 6.0.1; Nexus 5X Build/MMB29P) AppleWebKit/537.36 (KHTML, like Gecko) Chrome/137.0.7151.103 Mobile Safari/537.36 (compatible; GoogleOther)"
66.249.74.130 - - [14/Jul/2025:15:28:30 +0000] "GET /?y=15753936041940&mod=f942c03b&uri=goods.php?entity/6510936.shtm HTTP/1.1" 200 19068 "-" "Mozilla/5.0 (Linux; Android 6.0.1; Nexus 5X Build/MMB29P) AppleWebKit/537.36 (KHTML, like Gecko) Chrome/137.0.7151.103 Mobile Safari/537.36 (compatible; GoogleOther)"
66.249.74.130 - - [14/Jul/2025:15:28:31 +0000] "GET /?y=42754630011940&mod=41109bd8&uri=blog.php?entity/7954617.shtm HTTP/1.1" 200 18785 "-" "Mozilla/5.0 (Linux; Android 6.0.1; Nexus 5X Build/MMB29P) AppleWebKit/537.36 (KHTML, like Gecko) Chrome/137.0.7151.103 Mobile Safari/537.36 (compatible; GoogleOther)"
66.249.74.130 - - [14/Jul/2025:15:28:32 +0000] "GET /?y=103564277001940&mod=6f097859&uri=blog.php?entity/7840333.shtm HTTP/1.1" 200 19277 "-" "Mozilla/5.0 (Linux; Android 6.0.1; Nexus 5X Build/MMB29P) AppleWebKit/537.36 (KHTML, like Gecko) Chrome/137.0.7151.103 Mobile Safari/537.36 (compatible; GoogleOther)"
66.249.74.130 - - [14/Jul/2025:15:28:33 +0000] "GET /?y=60576233021940&mod=0eab014d&uri=pin.php?entity/704291912.shtm HTTP/1.1" 200 18852 "-" "Mozilla/5.0 (Linux; Android 6.0.1; Nexus 5X Build/MMB29P) AppleWebKit/537.36 (KHTML, like Gecko) Chrome/137.0.7151.103 Mobile Safari/537.36 (compatible; GoogleOther)"
66.249.74.132 - - [14/Jul/2025:15:28:34 +0000] "GET /?y=23795827061940&mod=943a587a&uri=blog.php?entity/7740384.shtm HTTP/1.1" 200 19299 "-" "Mozilla/5.0 (Linux; Android 6.0.1; Nexus 5X Build/MMB29P) AppleWebKit/537.36 (KHTML, like Gecko) Chrome/137.0.7151.103 Mobile Safari/537.36 (compatible; GoogleOther)"
66.249.74.130 - - [14/Jul/2025:15:28:34 +0000] "GET /?y=46343825021940&mod=afcf99a0&uri=pin.php?entity/6387077.shtm HTTP/1.1" 200 19555 "-" "Mozilla/5.0 (Linux; Android 6.0.1; Nexus 5X Build/MMB29P) AppleWebKit/537.36 (KHTML, like Gecko) Chrome/137.0.7151.103 Mobile Safari/537.36 (compatible; GoogleOther)"
66.249.74.132 - - [14/Jul/2025:15:28:35 +0000] "GET /?y=15753936041940&mod=f942c03b&uri=goods.php?entity/6493645.shtm HTTP/1.1" 200 19127 "-" "Mozilla/5.0 (Linux; Android 6.0.1; Nexus 5X Build/MMB29P) AppleWebKit/537.36 (KHTML, like Gecko) Chrome/137.0.7151.103 Mobile Safari/537.36 (compatible; GoogleOther)"
66.249.74.130 - - [14/Jul/2025:15:28:36 +0000] "GET /?y=61730954041940&mod=feac1b90&uri=pin.php?entity/6441132.shtm HTTP/1.1" 200 19489 "-" "Mozilla/5.0 (Linux; Android 6.0.1; Nexus 5X Build/MMB29P) AppleWebKit/537.36 (KHTML, like Gecko) Chrome/137.0.7151.103 Mobile Safari/537.36 (compatible; GoogleOther)"
66.249.74.133 - - [14/Jul/2025:15:28:38 +0000] "GET /?y=77910396011940&mod=aa5f65a0&uri=pin.php?entity/10589578.shtm HTTP/1.1" 200 19023 "-" "Mozilla/5.0 (Linux; Android 6.0.1; Nexus 5X Build/MMB29P) AppleWebKit/537.36 (KHTML, like Gecko) Chrome/137.0.7151.103 Mobile Safari/537.36 (compatible; GoogleOther)"
66.249.74.133 - - [14/Jul/2025:15:28:38 +0000] "GET /?y=77910396011940&mod=aa5f65a0&uri=pin.php?entity/10571903.shtm HTTP/1.1" 200 19668 "-" "Mozilla/5.0 (Linux; Android 6.0.1; Nexus 5X Build/MMB29P) AppleWebKit/537.36 (KHTML, like Gecko) Chrome/137.0.7151.103 Mobile Safari/537.36 (compatible; GoogleOther)"
66.249.74.131 - - [14/Jul/2025:15:28:39 +0000] "GET /?y=60576233021940&mod=0eab014d&uri=pin.php?entity/704336390.shtm HTTP/1.1" 200 18737 "-" "Mozilla/5.0 (Linux; Android 6.0.1; Nexus 5X Build/MMB29P) AppleWebKit/537.36 (KHTML, like Gecko) Chrome/137.0.7151.103 Mobile Safari/537.36 (compatible; GoogleOther)"
66.249.74.130 - - [14/Jul/2025:15:28:40 +0000] "GET /?y=23723367011940&mod=6941a637&uri=pin.php?entity/44051887.shtm HTTP/1.1" 200 19516 "-" "Mozilla/5.0 (Linux; Android 6.0.1; Nexus 5X Build/MMB29P) AppleWebKit/537.36 (KHTML, like Gecko) Chrome/137.0.7151.103 Mobile Safari/537.36 (compatible; GoogleOther)"
66.249.74.133 - - [14/Jul/2025:15:28:41 +0000] "GET /?y=103564277001940&mod=6f097859&uri=blog.php?entity/7811606.shtm HTTP/1.1" 200 19483 "-" "Mozilla/5.0 (Linux; Android 6.0.1; Nexus 5X Build/MMB29P) AppleWebKit/537.36 (KHTML, like Gecko) Chrome/137.0.7151.103 Mobile Safari/537.36 (compatible; GoogleOther)"
66.249.74.130 - - [14/Jul/2025:15:28:42 +0000] "GET /?y=95669366031940&mod=bba1c9b7&uri=blog.php?entity/5038201.shtm HTTP/1.1" 200 19284 "-" "Mozilla/5.0 (Linux; Android 6.0.1; Nexus 5X Build/MMB29P) AppleWebKit/537.36 (KHTML, like Gecko) Chrome/137.0.7151.103 Mobile Safari/537.36 (compatible; GoogleOther)"
66.249.74.132 - - [14/Jul/2025:15:28:43 +0000] "GET /?y=77910396011940&mod=aa5f65a0&uri=pin.php?entity/10489113.shtm HTTP/1.1" 200 19130 "-" "Mozilla/5.0 (Linux; Android 6.0.1; Nexus 5X Build/MMB29P) AppleWebKit/537.36 (KHTML, like Gecko) Chrome/137.0.7151.103 Mobile Safari/537.36 (compatible; GoogleOther)"
66.249.74.130 - - [14/Jul/2025:15:28:44 +0000] "GET /?y=23795827061940&mod=943a587a&uri=blog.php?entity/7836034.shtm HTTP/1.1" 200 19396 "-" "Mozilla/5.0 (Linux; Android 6.0.1; Nexus 5X Build/MMB29P) AppleWebKit/537.36 (KHTML, like Gecko) Chrome/137.0.7151.103 Mobile Safari/537.36 (compatible; GoogleOther)"
66.249.74.133 - - [14/Jul/2025:15:28:44 +0000] "GET /?y=70175998041940&mod=b0d69515&uri=shop.php?entity/2371813.shtm HTTP/1.1" 200 18941 "-" "Mozilla/5.0 (Linux; Android 6.0.1; Nexus 5X Build/MMB29P) AppleWebKit/537.36 (KHTML, like Gecko) Chrome/137.0.7151.103 Mobile Safari/537.36 (compatible; Googlebot/2.1; +http://www.google.com/bot.html)"
66.249.74.131 - - [14/Jul/2025:15:28:45 +0000] "GET /?y=23795827061940&mod=943a587a&uri=blog.php?entity/7745016.shtm HTTP/1.1" 200 18447 "-" "Mozilla/5.0 (Linux; Android 6.0.1; Nexus 5X Build/MMB29P) AppleWebKit/537.36 (KHTML, like Gecko) Chrome/137.0.7151.103 Mobile Safari/537.36 (compatible; GoogleOther)"
66.249.74.133 - - [14/Jul/2025:15:28:46 +0000] "GET /?y=103564277001940&mod=6f097859&uri=blog.php?entity/7822083.shtm HTTP/1.1" 200 18745 "-" "Mozilla/5.0 (Linux; Android 6.0.1; Nexus 5X Build/MMB29P) AppleWebKit/537.36 (KHTML, like Gecko) Chrome/137.0.7151.103 Mobile Safari/537.36 (compatible; GoogleOther)"
66.249.74.133 - - [14/Jul/2025:15:28:46 +0000] "POST /get-message-notify HTTP/1.1" 200 18283 "https://akaventures.com.au/?y=70175998041940&mod=b0d69515&uri=shop.php?entity/2371813.shtm" "Mozilla/5.0 (Linux; Android 6.0.1; Nexus 5X Build/MMB29P) AppleWebKit/537.36 (KHTML, like Gecko) Chrome/137.0.7151.119 Mobile Safari/537.36 (compatible; Googlebot/2.1; +http://www.google.com/bot.html)"
66.249.74.132 - - [14/Jul/2025:15:28:47 +0000] "GET /?y=62034113021940&mod=93cf926b&uri=pin.php?entity/10520672.shtm HTTP/1.1" 200 18919 "-" "Mozilla/5.0 (Linux; Android 6.0.1; Nexus 5X Build/MMB29P) AppleWebKit/537.36 (KHTML, like Gecko) Chrome/137.0.7151.103 Mobile Safari/537.36 (compatible; GoogleOther)"
66.249.74.132 - - [14/Jul/2025:15:28:48 +0000] "GET /?y=62034113021940&mod=93cf926b&uri=pin.php?entity/10518417.shtm HTTP/1.1" 200 19444 "-" "Mozilla/5.0 (Linux; Android 6.0.1; Nexus 5X Build/MMB29P) AppleWebKit/537.36 (KHTML, like Gecko) Chrome/137.0.7151.103 Mobile Safari/537.36 (compatible; GoogleOther)"
66.249.74.130 - - [14/Jul/2025:15:28:49 +0000] "GET /?y=103564277001940&mod=6f097859&uri=blog.php?entity/7858274.shtm HTTP/1.1" 200 18884 "-" "Mozilla/5.0 (Linux; Android 6.0.1; Nexus 5X Build/MMB29P) AppleWebKit/537.36 (KHTML, like Gecko) Chrome/137.0.7151.103 Mobile Safari/537.36 (compatible; GoogleOther)"
66.249.74.130 - - [14/Jul/2025:15:28:49 +0000] "GET /?y=17568293001940&mod=ab5287fb&uri=shared.php?entity/5159805.shtm HTTP/1.1" 200 18995 "-" "Mozilla/5.0 (Linux; Android 6.0.1; Nexus 5X Build/MMB29P) AppleWebKit/537.36 (KHTML, like Gecko) Chrome/137.0.7151.103 Mobile Safari/537.36 (compatible; GoogleOther)"
66.249.74.134 - - [14/Jul/2025:15:28:50 +0000] "GET /?y=42754630011940&mod=41109bd8&uri=blog.php?entity/7918816.shtm HTTP/1.1" 200 18871 "-" "Mozilla/5.0 (Linux; Android 6.0.1; Nexus 5X Build/MMB29P) AppleWebKit/537.36 (KHTML, like Gecko) Chrome/137.0.7151.103 Mobile Safari/537.36 (compatible; GoogleOther)"
66.249.74.131 - - [14/Jul/2025:15:28:51 +0000] "GET /?y=23795827061940&mod=943a587a&uri=blog.php?entity/7822725.shtm HTTP/1.1" 200 19522 "-" "Mozilla/5.0 (Linux; Android 6.0.1; Nexus 5X Build/MMB29P) AppleWebKit/537.36 (KHTML, like Gecko) Chrome/137.0.7151.103 Mobile Safari/537.36 (compatible; GoogleOther)"
66.249.74.134 - - [14/Jul/2025:15:28:52 +0000] "GET /?y=103564277001940&mod=6f097859&uri=blog.php?entity/7835512.shtm HTTP/1.1" 200 19305 "-" "Mozilla/5.0 (Linux; Android 6.0.1; Nexus 5X Build/MMB29P) AppleWebKit/537.36 (KHTML, like Gecko) Chrome/137.0.7151.103 Mobile Safari/537.36 (compatible; GoogleOther)"
66.249.74.130 - - [14/Jul/2025:15:28:52 +0000] "GET /?y=102118151021940&mod=906a14e7&uri=pin.php?entity/9112211.shtm HTTP/1.1" 200 19410 "-" "Mozilla/5.0 (Linux; Android 6.0.1; Nexus 5X Build/MMB29P) AppleWebKit/537.36 (KHTML, like Gecko) Chrome/137.0.7151.103 Mobile Safari/537.36 (compatible; GoogleOther)"
66.249.74.131 - - [14/Jul/2025:15:28:53 +0000] "GET /?y=62034113021940&mod=93cf926b&uri=pin.php?entity/10533977.shtm HTTP/1.1" 200 19492 "-" "Mozilla/5.0 (Linux; Android 6.0.1; Nexus 5X Build/MMB29P) AppleWebKit/537.36 (KHTML, like Gecko) Chrome/137.0.7151.103 Mobile Safari/537.36 (compatible; GoogleOther)"
66.249.74.133 - - [14/Jul/2025:15:28:54 +0000] "GET /?y=42754630011940&mod=41109bd8&uri=blog.php?entity/7955907.shtm HTTP/1.1" 200 19884 "-" "Mozilla/5.0 (Linux; Android 6.0.1; Nexus 5X Build/MMB29P) AppleWebKit/537.36 (KHTML, like Gecko) Chrome/137.0.7151.103 Mobile Safari/537.36 (compatible; GoogleOther)"
66.249.74.132 - - [14/Jul/2025:15:28:55 +0000] "POST /get-message-notify HTTP/1.1" 200 18283 "https://akaventures.com.au/?y=17568293001940&mod=ab5287fb&uri=shared.php?entity/5145218.shtm" "Mozilla/5.0 (Linux; Android 6.0.1; Nexus 5X Build/MMB29P) AppleWebKit/537.36 (KHTML, like Gecko) Chrome/137.0.7151.119 Mobile Safari/537.36 (compatible; Googlebot/2.1; +http://www.google.com/bot.html)"
66.249.74.133 - - [14/Jul/2025:15:28:55 +0000] "GET /?y=15753936041940&mod=f942c03b&uri=goods.php?entity/6502836.shtm HTTP/1.1" 200 19026 "-" "Mozilla/5.0 (Linux; Android 6.0.1; Nexus 5X Build/MMB29P) AppleWebKit/537.36 (KHTML, like Gecko) Chrome/137.0.7151.103 Mobile Safari/537.36 (compatible; GoogleOther)"
66.249.74.131 - - [14/Jul/2025:15:28:56 +0000] "GET /?y=46343825021940&mod=afcf99a0&uri=pin.php?product/edit/A776629839 HTTP/1.1" 200 19396 "-" "Mozilla/5.0 (Linux; Android 6.0.1; Nexus 5X Build/MMB29P) AppleWebKit/537.36 (KHTML, like Gecko) Chrome/137.0.7151.103 Mobile Safari/537.36 (compatible; GoogleOther)"
66.249.74.131 - - [14/Jul/2025:15:28:57 +0000] "GET /?y=60576233021940&mod=0eab014d&uri=pin.php?entity/704285291.shtm HTTP/1.1" 200 19205 "-" "Mozilla/5.0 (Linux; Android 6.0.1; Nexus 5X Build/MMB29P) AppleWebKit/537.36 (KHTML, like Gecko) Chrome/137.0.7151.103 Mobile Safari/537.36 (compatible; GoogleOther)"
66.249.74.132 - - [14/Jul/2025:15:28:58 +0000] "GET /?y=42754630011940&mod=41109bd8&uri=blog.php?entity/7936680.shtm HTTP/1.1" 200 19138 "-" "Mozilla/5.0 (Linux; Android 6.0.1; Nexus 5X Build/MMB29P) AppleWebKit/537.36 (KHTML, like Gecko) Chrome/137.0.7151.103 Mobile Safari/537.36 (compatible; GoogleOther)"
66.249.74.134 - - [14/Jul/2025:15:28:59 +0000] "GET /?y=103564277001940&mod=6f097859&uri=blog.php?entity/7813727.shtm HTTP/1.1" 200 19171 "-" "Mozilla/5.0 (Linux; Android 6.0.1; Nexus 5X Build/MMB29P) AppleWebKit/537.36 (KHTML, like Gecko) Chrome/137.0.7151.103 Mobile Safari/537.36 (compatible; GoogleOther)"
66.249.74.131 - - [14/Jul/2025:15:29:00 +0000] "GET /?y=23795827061940&mod=943a587a&uri=blog.php?entity/7800101.shtm HTTP/1.1" 200 18895 "-" "Mozilla/5.0 (Linux; Android 6.0.1; Nexus 5X Build/MMB29P) AppleWebKit/537.36 (KHTML, like Gecko) Chrome/137.0.7151.103 Mobile Safari/537.36 (compatible; GoogleOther)"
66.249.74.131 - - [14/Jul/2025:15:29:01 +0000] "GET /?y=60576233021940&mod=0eab014d&uri=pin.php?product/edit/A3280217083 HTTP/1.1" 200 19374 "-" "Mozilla/5.0 (Linux; Android 6.0.1; Nexus 5X Build/MMB29P) AppleWebKit/537.36 (KHTML, like Gecko) Chrome/137.0.7151.103 Mobile Safari/537.36 (compatible; GoogleOther)"
66.249.74.132 - - [14/Jul/2025:15:29:02 +0000] "GET /?y=29988083001940&mod=13ff4cdd&uri=form.php?entity/3722686.shtm HTTP/1.1" 200 19321 "-" "Mozilla/5.0 (Linux; Android 6.0.1; Nexus 5X Build/MMB29P) AppleWebKit/537.36 (KHTML, like Gecko) Chrome/137.0.7151.103 Mobile Safari/537.36 (compatible; GoogleOther)"
66.249.74.130 - - [14/Jul/2025:15:29:03 +0000] "GET /?y=5396475051940&mod=da960bb5&uri=goods.php%3Fid%3D180159-270%26name%3Dsmelly+markers+mr+sketch HTTP/1.1" 200 19399 "-" "Mozilla/5.0 (Linux; Android 6.0.1; Nexus 5X Build/MMB29P) AppleWebKit/537.36 (KHTML, like Gecko) Chrome/137.0.7151.103 Mobile Safari/537.36 (compatible; GoogleOther)"
66.249.74.132 - - [14/Jul/2025:15:29:03 +0000] "GET /?y=6133955051940&mod=306708aa&uri=news.php%3Fid%3D204833-208%26name%3Dvoigtlander+apo+lanthar+50mm+f2 HTTP/1.1" 200 19414 "-" "Mozilla/5.0 (Linux; Android 6.0.1; Nexus 5X Build/MMB29P) AppleWebKit/537.36 (KHTML, like Gecko) Chrome/137.0.7151.103 Mobile Safari/537.36 (compatible; GoogleOther)"
66.249.74.131 - - [14/Jul/2025:15:29:04 +0000] "GET /?y=6129875051940&mod=306708aa&uri=news.php%3Fid%3D204697-208%26name%3Dsuper+35mm+sony HTTP/1.1" 200 19387 "-" "Mozilla/5.0 (Linux; Android 6.0.1; Nexus 5X Build/MMB29P) AppleWebKit/537.36 (KHTML, like Gecko) Chrome/137.0.7151.103 Mobile Safari/537.36 (compatible; GoogleOther)"
66.249.74.130 - - [14/Jul/2025:15:29:05 +0000] "GET /?y=36441224011940&mod=0f3bf5e6&uri=blog.php%3Fid%3D1216273-684%26name%3Dswaro+15x56 HTTP/1.1" 200 19384 "-" "Mozilla/5.0 (Linux; Android 6.0.1; Nexus 5X Build/MMB29P) AppleWebKit/537.36 (KHTML, like Gecko) Chrome/137.0.7151.103 Mobile Safari/537.36 (compatible; GoogleOther)"
66.249.74.132 - - [14/Jul/2025:15:29:05 +0000] "POST /get-message-notify HTTP/1.1" 200 18283 "https://akaventures.com.au/?y=3319053031940&mod=0bf28731&uri=pin.php?entity/6412015.shtm" "Mozilla/5.0 (Linux; Android 6.0.1; Nexus 5X Build/MMB29P) AppleWebKit/537.36 (KHTML, like Gecko) Chrome/137.0.7151.119 Mobile Safari/537.36 (compatible; Googlebot/2.1; +http://www.google.com/bot.html)"
66.249.74.130 - - [14/Jul/2025:15:29:06 +0000] "GET /?y=6130265041940&mod=306708aa&uri=shop.php%3Fid%3D204710-208%26name%3Dnight+vision+handycam HTTP/1.1" 200 19391 "-" "Mozilla/5.0 (Linux; Android 6.0.1; Nexus 5X Build/MMB29P) AppleWebKit/537.36 (KHTML, like Gecko) Chrome/137.0.7151.103 Mobile Safari/537.36 (compatible; GoogleOther)"
66.249.74.131 - - [14/Jul/2025:15:29:07 +0000] "POST /get-message-notify HTTP/1.1" 200 18283 "https://akaventures.com.au/?y=9405790021940&mod=e554409d&uri=us.php?entity/2376372.shtm" "Mozilla/5.0 (Linux; Android 6.0.1; Nexus 5X Build/MMB29P) AppleWebKit/537.36 (KHTML, like Gecko) Chrome/137.0.7151.119 Mobile Safari/537.36 (compatible; Googlebot/2.1; +http://www.google.com/bot.html)"
66.249.74.134 - - [14/Jul/2025:15:29:07 +0000] "GET /?y=77128632031940&mod=53014c4d&uri=pin.php?entity/10529995.shtm HTTP/1.1" 200 18649 "-" "Mozilla/5.0 (Linux; Android 6.0.1; Nexus 5X Build/MMB29P) AppleWebKit/537.36 (KHTML, like Gecko) Chrome/137.0.7151.103 Mobile Safari/537.36 (compatible; GoogleOther)"
66.249.74.131 - - [14/Jul/2025:15:29:08 +0000] "GET /?y=77910396011940&mod=aa5f65a0&uri=pin.php?entity/10591756.shtm HTTP/1.1" 200 19551 "-" "Mozilla/5.0 (Linux; Android 6.0.1; Nexus 5X Build/MMB29P) AppleWebKit/537.36 (KHTML, like Gecko) Chrome/137.0.7151.103 Mobile Safari/537.36 (compatible; GoogleOther)"
66.249.74.132 - - [14/Jul/2025:15:29:09 +0000] "GET /?y=5397315141940&mod=da960bb5&uri=pin.php?entity/10692345.shtm HTTP/1.1" 200 19451 "-" "Mozilla/5.0 (Linux; Android 6.0.1; Nexus 5X Build/MMB29P) AppleWebKit/537.36 (KHTML, like Gecko) Chrome/137.0.7151.103 Mobile Safari/537.36 (compatible; GoogleOther)"
66.249.74.133 - - [14/Jul/2025:15:29:10 +0000] "GET /?y=102118151021940&mod=906a14e7&uri=pin.php?entity/9124943.shtm HTTP/1.1" 200 19656 "-" "Mozilla/5.0 (Linux; Android 6.0.1; Nexus 5X Build/MMB29P) AppleWebKit/537.36 (KHTML, like Gecko) Chrome/137.0.7151.103 Mobile Safari/537.36 (compatible; GoogleOther)"
66.249.74.133 - - [14/Jul/2025:15:29:10 +0000] "GET /?y=60576233021940&mod=0eab014d&uri=pin.php?entity/704303094.shtm HTTP/1.1" 200 18998 "-" "Mozilla/5.0 (Linux; Android 6.0.1; Nexus 5X Build/MMB29P) AppleWebKit/537.36 (KHTML, like Gecko) Chrome/137.0.7151.103 Mobile Safari/537.36 (compatible; GoogleOther)"
66.249.74.130 - - [14/Jul/2025:15:29:11 +0000] "GET /?y=46343825021940&mod=afcf99a0&uri=pin.php?entity/6409894.shtm HTTP/1.1" 200 19466 "-" "Mozilla/5.0 (Linux; Android 6.0.1; Nexus 5X Build/MMB29P) AppleWebKit/537.36 (KHTML, like Gecko) Chrome/137.0.7151.103 Mobile Safari/537.36 (compatible; GoogleOther)"
