66.249.74.132 - - [14/Jul/2025:15:17:32 +0000] "GET /?y=5381055031940&mod=da960bb5&uri=blog.php?entity/9216658.shtm HTTP/1.1" 200 18870 "-" "Mozilla/5.0 (Linux; Android 6.0.1; Nexus 5X Build/MMB29P) AppleWebKit/537.36 (KHTML, like Gecko) Chrome/137.0.7151.103 Mobile Safari/537.36 (compatible; GoogleOther)"
66.249.74.132 - - [14/Jul/2025:15:17:33 +0000] "GET /?y=5381055031940&mod=da960bb5&uri=blog.php?entity/6431299.shtm HTTP/1.1" 200 19669 "-" "Mozilla/5.0 (Linux; Android 6.0.1; Nexus 5X Build/MMB29P) AppleWebKit/537.36 (KHTML, like Gecko) Chrome/137.0.7151.103 Mobile Safari/537.36 (compatible; GoogleOther)"
66.249.74.130 - - [14/Jul/2025:15:17:34 +0000] "GET /?y=78106110021940&mod=4689b494&uri=pin.php?entity/6407066.shtm HTTP/1.1" 200 19319 "-" "Mozilla/5.0 (Linux; Android 6.0.1; Nexus 5X Build/MMB29P) AppleWebKit/537.36 (KHTML, like Gecko) Chrome/137.0.7151.103 Mobile Safari/537.36 (compatible; GoogleOther)"
66.249.74.130 - - [14/Jul/2025:15:17:35 +0000] "GET /?y=5381055031940&mod=da960bb5&uri=blog.php?entity/9207981.shtm HTTP/1.1" 200 19409 "-" "Mozilla/5.0 (Linux; Android 6.0.1; Nexus 5X Build/MMB29P) AppleWebKit/537.36 (KHTML, like Gecko) Chrome/137.0.7151.103 Mobile Safari/537.36 (compatible; GoogleOther)"
66.249.74.130 - - [14/Jul/2025:15:17:36 +0000] "GET /?y=5381055031940&mod=da960bb5&uri=blog.php?entity/6393895.shtm HTTP/1.1" 200 19532 "-" "Mozilla/5.0 (Linux; Android 6.0.1; Nexus 5X Build/MMB29P) AppleWebKit/537.36 (KHTML, like Gecko) Chrome/137.0.7151.103 Mobile Safari/537.36 (compatible; GoogleOther)"
66.249.74.132 - - [14/Jul/2025:15:17:37 +0000] "POST /get-message-notify HTTP/1.1" 200 18283 "https://akaventures.com.au/?y=117425592121940&mod=ca690a61&uri=article.php?entity/2355741.shtm" "Mozilla/5.0 (Linux; Android 6.0.1; Nexus 5X Build/MMB29P) AppleWebKit/537.36 (KHTML, like Gecko) Chrome/137.0.7151.119 Mobile Safari/537.36 (compatible; Googlebot/2.1; +http://www.google.com/bot.html)"
66.249.74.131 - - [14/Jul/2025:15:17:37 +0000] "GET /?y=5381055031940&mod=da960bb5&uri=blog.php?entity/6404685.shtm HTTP/1.1" 200 19050 "-" "Mozilla/5.0 (Linux; Android 6.0.1; Nexus 5X Build/MMB29P) AppleWebKit/537.36 (KHTML, like Gecko) Chrome/137.0.7151.103 Mobile Safari/537.36 (compatible; GoogleOther)"
66.249.74.130 - - [14/Jul/2025:15:17:38 +0000] "GET /?y=71542041011940&mod=0adf033e&uri=pin.php?entity/5127088.shtm HTTP/1.1" 200 19181 "-" "Mozilla/5.0 (Linux; Android 6.0.1; Nexus 5X Build/MMB29P) AppleWebKit/537.36 (KHTML, like Gecko) Chrome/137.0.7151.103 Mobile Safari/537.36 (compatible; GoogleOther)"
66.249.74.130 - - [14/Jul/2025:15:17:39 +0000] "GET /?y=5381055031940&mod=da960bb5&uri=blog.php?entity/9173915.shtm HTTP/1.1" 200 18869 "-" "Mozilla/5.0 (Linux; Android 6.0.1; Nexus 5X Build/MMB29P) AppleWebKit/537.36 (KHTML, like Gecko) Chrome/137.0.7151.103 Mobile Safari/537.36 (compatible; GoogleOther)"
66.249.74.132 - - [14/Jul/2025:15:17:40 +0000] "GET /?y=5381055031940&mod=da960bb5&uri=blog.php?entity/9156758.shtm HTTP/1.1" 200 18629 "-" "Mozilla/5.0 (Linux; Android 6.0.1; Nexus 5X Build/MMB29P) AppleWebKit/537.36 (KHTML, like Gecko) Chrome/137.0.7151.103 Mobile Safari/537.36 (compatible; GoogleOther)"
66.249.74.131 - - [14/Jul/2025:15:17:41 +0000] "GET /?y=103564277001940&mod=6f097859&uri=blog.php?entity/6433810.shtm HTTP/1.1" 200 18834 "-" "Mozilla/5.0 (Linux; Android 6.0.1; Nexus 5X Build/MMB29P) AppleWebKit/537.36 (KHTML, like Gecko) Chrome/137.0.7151.103 Mobile Safari/537.36 (compatible; GoogleOther)"
66.249.74.132 - - [14/Jul/2025:15:17:42 +0000] "GET /?y=23795827061940&mod=943a587a&uri=blog.php?entity/6399864.shtm HTTP/1.1" 200 18850 "-" "Mozilla/5.0 (Linux; Android 6.0.1; Nexus 5X Build/MMB29P) AppleWebKit/537.36 (KHTML, like Gecko) Chrome/137.0.7151.103 Mobile Safari/537.36 (compatible; GoogleOther)"
66.249.74.133 - - [14/Jul/2025:15:17:43 +0000] "GET /?y=5381055031940&mod=da960bb5&uri=blog.php?entity/9185485.shtm HTTP/1.1" 200 18211 "-" "Mozilla/5.0 (Linux; Android 6.0.1; Nexus 5X Build/MMB29P) AppleWebKit/537.36 (KHTML, like Gecko) Chrome/137.0.7151.103 Mobile Safari/537.36 (compatible; GoogleOther)"
66.249.74.132 - - [14/Jul/2025:15:17:43 +0000] "GET /?y=77128632031940&mod=53014c4d&uri=pin.php?entity/7795469.shtm HTTP/1.1" 200 18943 "-" "Mozilla/5.0 (Linux; Android 6.0.1; Nexus 5X Build/MMB29P) AppleWebKit/537.36 (KHTML, like Gecko) Chrome/137.0.7151.103 Mobile Safari/537.36 (compatible; GoogleOther)"
66.249.74.132 - - [14/Jul/2025:15:17:44 +0000] "GET /?y=78106110021940&mod=4689b494&uri=pin.php?entity/6402564.shtm HTTP/1.1" 200 19569 "-" "Mozilla/5.0 (Linux; Android 6.0.1; Nexus 5X Build/MMB29P) AppleWebKit/537.36 (KHTML, like Gecko) Chrome/137.0.7151.103 Mobile Safari/537.36 (compatible; GoogleOther)"
66.249.74.133 - - [14/Jul/2025:15:17:45 +0000] "GET /?y=46343825021940&mod=afcf99a0&uri=pin.php?product_archives HTTP/1.1" 200 18654 "-" "Mozilla/5.0 (Linux; Android 6.0.1; Nexus 5X Build/MMB29P) AppleWebKit/537.36 (KHTML, like Gecko) Chrome/137.0.7151.103 Mobile Safari/537.36 (compatible; GoogleOther)"
66.249.74.131 - - [14/Jul/2025:15:17:46 +0000] "GET /?y=42754630011940&mod=41109bd8&uri=blog.php?entity/6567557.shtm HTTP/1.1" 200 19007 "-" "Mozilla/5.0 (Linux; Android 6.0.1; Nexus 5X Build/MMB29P) AppleWebKit/537.36 (KHTML, like Gecko) Chrome/137.0.7151.103 Mobile Safari/537.36 (compatible; GoogleOther)"
66.249.74.130 - - [14/Jul/2025:15:17:47 +0000] "GET /?y=103564277001940&mod=6f097859&uri=blog.php?entity/6398389.shtm HTTP/1.1" 200 18977 "-" "Mozilla/5.0 (Linux; Android 6.0.1; Nexus 5X Build/MMB29P) AppleWebKit/537.36 (KHTML, like Gecko) Chrome/137.0.7151.103 Mobile Safari/537.36 (compatible; GoogleOther)"
66.249.74.133 - - [14/Jul/2025:15:17:48 +0000] "GET /?y=42754630011940&mod=41109bd8&uri=blog.php?entity/6538253.shtm HTTP/1.1" 200 19534 "-" "Mozilla/5.0 (Linux; Android 6.0.1; Nexus 5X Build/MMB29P) AppleWebKit/537.36 (KHTML, like Gecko) Chrome/137.0.7151.103 Mobile Safari/537.36 (compatible; GoogleOther)"
66.249.74.131 - - [14/Jul/2025:15:17:49 +0000] "GET /?y=61730954041940&mod=feac1b90&uri=pin.php?entity/6436500.shtm HTTP/1.1" 200 19115 "-" "Mozilla/5.0 (Linux; Android 6.0.1; Nexus 5X Build/MMB29P) AppleWebKit/537.36 (KHTML, like Gecko) Chrome/137.0.7151.103 Mobile Safari/537.36 (compatible; GoogleOther)"
66.249.74.130 - - [14/Jul/2025:15:17:50 +0000] "GET /?y=103564277001940&mod=6f097859&uri=blog.php?entity/6431941.shtm HTTP/1.1" 200 19627 "-" "Mozilla/5.0 (Linux; Android 6.0.1; Nexus 5X Build/MMB29P) AppleWebKit/537.36 (KHTML, like Gecko) Chrome/137.0.7151.103 Mobile Safari/537.36 (compatible; GoogleOther)"
66.249.74.133 - - [14/Jul/2025:15:17:51 +0000] "GET /?y=5381055031940&mod=da960bb5&uri=blog.php?entity/9220640.shtm HTTP/1.1" 200 19358 "-" "Mozilla/5.0 (Linux; Android 6.0.1; Nexus 5X Build/MMB29P) AppleWebKit/537.36 (KHTML, like Gecko) Chrome/137.0.7151.103 Mobile Safari/537.36 (compatible; GoogleOther)"
66.249.74.130 - - [14/Jul/2025:15:17:52 +0000] "GET /?y=23795827061940&mod=943a587a&uri=blog.php?entity/6409187.shtm HTTP/1.1" 200 19948 "-" "Mozilla/5.0 (Linux; Android 6.0.1; Nexus 5X Build/MMB29P) AppleWebKit/537.36 (KHTML, like Gecko) Chrome/137.0.7151.103 Mobile Safari/537.36 (compatible; GoogleOther)"
66.249.74.131 - - [14/Jul/2025:15:17:53 +0000] "GET /?y=23795827061940&mod=943a587a&uri=blog.php?entity/6377762.shtm HTTP/1.1" 200 19702 "-" "Mozilla/5.0 (Linux; Android 6.0.1; Nexus 5X Build/MMB29P) AppleWebKit/537.36 (KHTML, like Gecko) Chrome/137.0.7151.103 Mobile Safari/537.36 (compatible; GoogleOther)"
66.249.74.130 - - [14/Jul/2025:15:17:54 +0000] "GET /?y=5381055031940&mod=da960bb5&uri=blog.php?entity/9193969.shtm HTTP/1.1" 200 19421 "-" "Mozilla/5.0 (Linux; Android 6.0.1; Nexus 5X Build/MMB29P) AppleWebKit/537.36 (KHTML, like Gecko) Chrome/137.0.7151.103 Mobile Safari/537.36 (compatible; GoogleOther)"
66.249.74.131 - - [14/Jul/2025:15:17:55 +0000] "GET /?y=103564277001940&mod=6f097859&uri=blog.php?entity/6442611.shtm HTTP/1.1" 200 18705 "-" "Mozilla/5.0 (Linux; Android 6.0.1; Nexus 5X Build/MMB29P) AppleWebKit/537.36 (KHTML, like Gecko) Chrome/137.0.7151.103 Mobile Safari/537.36 (compatible; GoogleOther)"
66.249.74.134 - - [14/Jul/2025:15:17:56 +0000] "GET /?y=5381055031940&mod=da960bb5&uri=blog.php?entity/9182657.shtm HTTP/1.1" 200 18816 "-" "Mozilla/5.0 (Linux; Android 6.0.1; Nexus 5X Build/MMB29P) AppleWebKit/537.36 (KHTML, like Gecko) Chrome/137.0.7151.103 Mobile Safari/537.36 (compatible; GoogleOther)"
66.249.74.134 - - [14/Jul/2025:15:17:57 +0000] "GET /?y=5381055031940&mod=da960bb5&uri=blog.php?entity/9225272.shtm HTTP/1.1" 200 19619 "-" "Mozilla/5.0 (Linux; Android 6.0.1; Nexus 5X Build/MMB29P) AppleWebKit/537.36 (KHTML, like Gecko) Chrome/137.0.7151.103 Mobile Safari/537.36 (compatible; GoogleOther)"
66.249.74.133 - - [14/Jul/2025:15:17:58 +0000] "GET /?y=23795827061940&mod=943a587a&uri=blog.php?entity/6433672.shtm HTTP/1.1" 200 18703 "-" "Mozilla/5.0 (Linux; Android 6.0.1; Nexus 5X Build/MMB29P) AppleWebKit/537.36 (KHTML, like Gecko) Chrome/137.0.7151.103 Mobile Safari/537.36 (compatible; GoogleOther)"
66.249.74.132 - - [14/Jul/2025:15:17:59 +0000] "GET /?y=77128632031940&mod=53014c4d&uri=pin.php?entity/7773808.shtm HTTP/1.1" 200 18814 "-" "Mozilla/5.0 (Linux; Android 6.0.1; Nexus 5X Build/MMB29P) AppleWebKit/537.36 (KHTML, like Gecko) Chrome/137.0.7151.103 Mobile Safari/537.36 (compatible; GoogleOther)"
66.249.74.131 - - [14/Jul/2025:15:18:00 +0000] "GET /?y=5381055031940&mod=da960bb5&uri=blog.php?entity/9183364.shtm HTTP/1.1" 200 18698 "-" "Mozilla/5.0 (Linux; Android 6.0.1; Nexus 5X Build/MMB29P) AppleWebKit/537.36 (KHTML, like Gecko) Chrome/137.0.7151.103 Mobile Safari/537.36 (compatible; GoogleOther)"
66.249.74.130 - - [14/Jul/2025:15:18:01 +0000] "GET /?y=5381055031940&mod=da960bb5&uri=blog.php?entity/9221290.shtm HTTP/1.1" 200 19364 "-" "Mozilla/5.0 (Linux; Android 6.0.1; Nexus 5X Build/MMB29P) AppleWebKit/537.36 (KHTML, like Gecko) Chrome/137.0.7151.103 Mobile Safari/537.36 (compatible; GoogleOther)"
66.249.74.130 - - [14/Jul/2025:15:18:01 +0000] "GET /?y=116394294111940&mod=35126465&uri=shop.php?entity/7887578.shtm HTTP/1.1" 200 19503 "-" "Mozilla/5.0 (Linux; Android 6.0.1; Nexus 5X Build/MMB29P) AppleWebKit/537.36 (KHTML, like Gecko) Chrome/137.0.7151.103 Mobile Safari/537.36 (compatible; GoogleOther)"
66.249.74.132 - - [14/Jul/2025:15:18:02 +0000] "GET /?y=5381055031940&mod=da960bb5&uri=blog.php?entity/9190044.shtm HTTP/1.1" 200 19317 "-" "Mozilla/5.0 (Linux; Android 6.0.1; Nexus 5X Build/MMB29P) AppleWebKit/537.36 (KHTML, like Gecko) Chrome/137.0.7151.103 Mobile Safari/537.36 (compatible; GoogleOther)"
66.249.74.132 - - [14/Jul/2025:15:18:03 +0000] "GET /?y=5381055031940&mod=da960bb5&uri=blog.php?entity/9207339.shtm HTTP/1.1" 200 19495 "-" "Mozilla/5.0 (Linux; Android 6.0.1; Nexus 5X Build/MMB29P) AppleWebKit/537.36 (KHTML, like Gecko) Chrome/137.0.7151.103 Mobile Safari/537.36 (compatible; GoogleOther)"
66.249.74.132 - - [14/Jul/2025:15:18:04 +0000] "GET /?y=116394294111940&mod=35126465&uri=shop.php?entity/7837505.shtm HTTP/1.1" 200 18447 "-" "Mozilla/5.0 (Linux; Android 6.0.1; Nexus 5X Build/MMB29P) AppleWebKit/537.36 (KHTML, like Gecko) Chrome/137.0.7151.103 Mobile Safari/537.36 (compatible; GoogleOther)"
66.249.74.133 - - [14/Jul/2025:15:18:05 +0000] "GET /?y=5381055031940&mod=da960bb5&uri=blog.php?entity/6446977.shtm HTTP/1.1" 200 19754 "-" "Mozilla/5.0 (Linux; Android 6.0.1; Nexus 5X Build/MMB29P) AppleWebKit/537.36 (KHTML, like Gecko) Chrome/137.0.7151.103 Mobile Safari/537.36 (compatible; GoogleOther)"
66.249.74.132 - - [14/Jul/2025:15:18:06 +0000] "GET /?y=23795827061940&mod=943a587a&uri=blog.php?entity/6389905.shtm HTTP/1.1" 200 19511 "-" "Mozilla/5.0 (Linux; Android 6.0.1; Nexus 5X Build/MMB29P) AppleWebKit/537.36 (KHTML, like Gecko) Chrome/137.0.7151.103 Mobile Safari/537.36 (compatible; GoogleOther)"
66.249.74.130 - - [14/Jul/2025:15:18:07 +0000] "GET /?y=71542041011940&mod=0adf033e&uri=pin.php?entity/5098751.shtm HTTP/1.1" 200 18215 "-" "Mozilla/5.0 (Linux; Android 6.0.1; Nexus 5X Build/MMB29P) AppleWebKit/537.36 (KHTML, like Gecko) Chrome/137.0.7151.103 Mobile Safari/537.36 (compatible; GoogleOther)"
66.249.74.130 - - [14/Jul/2025:15:18:08 +0000] "GET /?y=42754630011940&mod=41109bd8&uri=blog.php?entity/6571486.shtm HTTP/1.1" 200 19421 "-" "Mozilla/5.0 (Linux; Android 6.0.1; Nexus 5X Build/MMB29P) AppleWebKit/537.36 (KHTML, like Gecko) Chrome/137.0.7151.103 Mobile Safari/537.36 (compatible; GoogleOther)"
66.249.74.132 - - [14/Jul/2025:15:18:09 +0000] "GET /?y=119603440001940&mod=3bd8c683&uri=pin.php?product/edit/A1077743197 HTTP/1.1" 200 19433 "-" "Mozilla/5.0 (Linux; Android 6.0.1; Nexus 5X Build/MMB29P) AppleWebKit/537.36 (KHTML, like Gecko) Chrome/137.0.7151.103 Mobile Safari/537.36 (compatible; GoogleOther)"
66.249.74.132 - - [14/Jul/2025:15:18:10 +0000] "GET /?y=5381055031940&mod=da960bb5&uri=blog.php?entity/9213830.shtm HTTP/1.1" 200 19059 "-" "Mozilla/5.0 (Linux; Android 6.0.1; Nexus 5X Build/MMB29P) AppleWebKit/537.36 (KHTML, like Gecko) Chrome/137.0.7151.103 Mobile Safari/537.36 (compatible; GoogleOther)"
66.249.74.131 - - [14/Jul/2025:15:18:11 +0000] "GET /?y=42754630011940&mod=41109bd8&uri=blog.php?entity/6528800.shtm HTTP/1.1" 200 19492 "-" "Mozilla/5.0 (Linux; Android 6.0.1; Nexus 5X Build/MMB29P) AppleWebKit/537.36 (KHTML, like Gecko) Chrome/137.0.7151.103 Mobile Safari/537.36 (compatible; GoogleOther)"
66.249.74.130 - - [14/Jul/2025:15:18:12 +0000] "GET /?y=103564277001940&mod=6f097859&uri=blog.php?entity/6425316.shtm HTTP/1.1" 200 18715 "-" "Mozilla/5.0 (Linux; Android 6.0.1; Nexus 5X Build/MMB29P) AppleWebKit/537.36 (KHTML, like Gecko) Chrome/137.0.7151.103 Mobile Safari/537.36 (compatible; GoogleOther)"
66.249.74.131 - - [14/Jul/2025:15:18:13 +0000] "GET /?y=103564277001940&mod=6f097859&uri=blog.php?entity/6401857.shtm HTTP/1.1" 200 18666 "-" "Mozilla/5.0 (Linux; Android 6.0.1; Nexus 5X Build/MMB29P) AppleWebKit/537.36 (KHTML, like Gecko) Chrome/137.0.7151.103 Mobile Safari/537.36 (compatible; GoogleOther)"
66.249.74.131 - - [14/Jul/2025:15:18:14 +0000] "GET /?y=77128632031940&mod=53014c4d&uri=pin.php?entity/7849524.shtm HTTP/1.1" 200 19493 "-" "Mozilla/5.0 (Linux; Android 6.0.1; Nexus 5X Build/MMB29P) AppleWebKit/537.36 (KHTML, like Gecko) Chrome/137.0.7151.103 Mobile Safari/537.36 (compatible; GoogleOther)"
66.249.74.130 - - [14/Jul/2025:15:18:15 +0000] "GET /?y=42754630011940&mod=41109bd8&uri=blog.php?entity/6547700.shtm HTTP/1.1" 200 18674 "-" "Mozilla/5.0 (Linux; Android 6.0.1; Nexus 5X Build/MMB29P) AppleWebKit/537.36 (KHTML, like Gecko) Chrome/137.0.7151.103 Mobile Safari/537.36 (compatible; GoogleOther)"
66.249.74.130 - - [14/Jul/2025:15:18:15 +0000] "GET /?y=35494843051940&mod=d014392a&uri=blog.php?entity/2375665.shtm HTTP/1.1" 200 19321 "-" "Mozilla/5.0 (Linux; Android 6.0.1; Nexus 5X Build/MMB29P) AppleWebKit/537.36 (KHTML, like Gecko) Chrome/137.0.7151.103 Mobile Safari/537.36 (compatible; Googlebot/2.1; +http://www.google.com/bot.html)"
66.249.74.130 - - [14/Jul/2025:15:18:16 +0000] "GET /?y=42754630011940&mod=41109bd8&uri=blog.php?entity/6538123.shtm HTTP/1.1" 200 19608 "-" "Mozilla/5.0 (Linux; Android 6.0.1; Nexus 5X Build/MMB29P) AppleWebKit/537.36 (KHTML, like Gecko) Chrome/137.0.7151.103 Mobile Safari/537.36 (compatible; GoogleOther)"
66.249.74.131 - - [14/Jul/2025:15:18:17 +0000] "GET /?y=116394294111940&mod=35126465&uri=shop.php?entity/7852167.shtm HTTP/1.1" 200 18950 "-" "Mozilla/5.0 (Linux; Android 6.0.1; Nexus 5X Build/MMB29P) AppleWebKit/537.36 (KHTML, like Gecko) Chrome/137.0.7151.103 Mobile Safari/537.36 (compatible; GoogleOther)"
66.249.74.130 - - [14/Jul/2025:15:18:18 +0000] "GET /?y=5381055031940&mod=da960bb5&uri=blog.php?entity/6431941.shtm HTTP/1.1" 200 19623 "-" "Mozilla/5.0 (Linux; Android 6.0.1; Nexus 5X Build/MMB29P) AppleWebKit/537.36 (KHTML, like Gecko) Chrome/137.0.7151.103 Mobile Safari/537.36 (compatible; GoogleOther)"
66.249.74.131 - - [14/Jul/2025:15:18:19 +0000] "GET /?y=5381055031940&mod=da960bb5&uri=blog.php?entity/9237874.shtm HTTP/1.1" 200 19377 "-" "Mozilla/5.0 (Linux; Android 6.0.1; Nexus 5X Build/MMB29P) AppleWebKit/537.36 (KHTML, like Gecko) Chrome/137.0.7151.103 Mobile Safari/537.36 (compatible; GoogleOther)"
66.249.74.131 - - [14/Jul/2025:15:18:19 +0000] "GET /?y=42754630011940&mod=41109bd8&uri=blog.php?entity/5017436.shtm HTTP/1.1" 200 19491 "-" "Mozilla/5.0 (Linux; Android 6.0.1; Nexus 5X Build/MMB29P) AppleWebKit/537.36 (KHTML, like Gecko) Chrome/137.0.7151.103 Mobile Safari/537.36 (compatible; GoogleOther)"
66.249.74.130 - - [14/Jul/2025:15:18:20 +0000] "GET /?y=23795827061940&mod=943a587a&uri=blog.php?entity/6401857.shtm HTTP/1.1" 200 18663 "-" "Mozilla/5.0 (Linux; Android 6.0.1; Nexus 5X Build/MMB29P) AppleWebKit/537.36 (KHTML, like Gecko) Chrome/137.0.7151.103 Mobile Safari/537.36 (compatible; GoogleOther)"
66.249.74.131 - - [14/Jul/2025:15:18:21 +0000] "GET /?y=42754630011940&mod=41109bd8&uri=blog.php?entity/6554252.shtm HTTP/1.1" 200 18607 "-" "Mozilla/5.0 (Linux; Android 6.0.1; Nexus 5X Build/MMB29P) AppleWebKit/537.36 (KHTML, like Gecko) Chrome/137.0.7151.103 Mobile Safari/537.36 (compatible; GoogleOther)"
66.249.74.131 - - [14/Jul/2025:15:18:22 +0000] "GET /?y=6943474051940&mod=50ca3a3b&uri=goods.php?entity/3736304.shtm HTTP/1.1" 200 18713 "-" "Mozilla/5.0 (Linux; Android 6.0.1; Nexus 5X Build/MMB29P) AppleWebKit/537.36 (KHTML, like Gecko) Chrome/137.0.7151.103 Mobile Safari/537.36 (compatible; GoogleOther)"
66.249.74.131 - - [14/Jul/2025:15:18:22 +0000] "GET /?y=103564277001940&mod=6f097859&uri=blog.php?entity/6413819.shtm HTTP/1.1" 200 19325 "-" "Mozilla/5.0 (Linux; Android 6.0.1; Nexus 5X Build/MMB29P) AppleWebKit/537.36 (KHTML, like Gecko) Chrome/137.0.7151.103 Mobile Safari/537.36 (compatible; GoogleOther)"
66.249.74.131 - - [14/Jul/2025:15:18:23 +0000] "GET /?y=103564277001940&mod=6f097859&uri=blog.php?entity/6389202.shtm HTTP/1.1" 200 18880 "-" "Mozilla/5.0 (Linux; Android 6.0.1; Nexus 5X Build/MMB29P) AppleWebKit/537.36 (KHTML, like Gecko) Chrome/137.0.7151.103 Mobile Safari/537.36 (compatible; GoogleOther)"
66.249.74.131 - - [14/Jul/2025:15:18:24 +0000] "GET /?y=103564277001940&mod=6f097859&uri=blog.php?entity/6428985.shtm HTTP/1.1" 200 19643 "-" "Mozilla/5.0 (Linux; Android 6.0.1; Nexus 5X Build/MMB29P) AppleWebKit/537.36 (KHTML, like Gecko) Chrome/137.0.7151.103 Mobile Safari/537.36 (compatible; GoogleOther)"
66.249.74.130 - - [14/Jul/2025:15:18:25 +0000] "GET /?y=5381055031940&mod=da960bb5&uri=blog.php?entity/9222444.shtm HTTP/1.1" 200 19020 "-" "Mozilla/5.0 (Linux; Android 6.0.1; Nexus 5X Build/MMB29P) AppleWebKit/537.36 (KHTML, like Gecko) Chrome/137.0.7151.103 Mobile Safari/537.36 (compatible; GoogleOther)"
66.249.74.131 - - [14/Jul/2025:15:18:26 +0000] "GET /?y=23795827061940&mod=943a587a&uri=blog.php?entity/6413819.shtm HTTP/1.1" 200 19322 "-" "Mozilla/5.0 (Linux; Android 6.0.1; Nexus 5X Build/MMB29P) AppleWebKit/537.36 (KHTML, like Gecko) Chrome/137.0.7151.103 Mobile Safari/537.36 (compatible; GoogleOther)"
66.249.74.132 - - [14/Jul/2025:15:18:27 +0000] "GET /?y=42754630011940&mod=41109bd8&uri=blog.php?entity/6535425.shtm HTTP/1.1" 200 18280 "-" "Mozilla/5.0 (Linux; Android 6.0.1; Nexus 5X Build/MMB29P) AppleWebKit/537.36 (KHTML, like Gecko) Chrome/137.0.7151.103 Mobile Safari/537.36 (compatible; GoogleOther)"
66.249.74.130 - - [14/Jul/2025:15:18:28 +0000] "GET /?y=15753936041940&mod=f942c03b&uri=goods.php?entity/5104730.shtm HTTP/1.1" 200 19026 "-" "Mozilla/5.0 (Linux; Android 6.0.1; Nexus 5X Build/MMB29P) AppleWebKit/537.36 (KHTML, like Gecko) Chrome/137.0.7151.103 Mobile Safari/537.36 (compatible; GoogleOther)"
66.249.74.131 - - [14/Jul/2025:15:18:29 +0000] "GET /?y=23795827061940&mod=943a587a&uri=blog.php?entity/6428985.shtm HTTP/1.1" 200 19643 "-" "Mozilla/5.0 (Linux; Android 6.0.1; Nexus 5X Build/MMB29P) AppleWebKit/537.36 (KHTML, like Gecko) Chrome/137.0.7151.103 Mobile Safari/537.36 (compatible; GoogleOther)"
66.249.74.130 - - [14/Jul/2025:15:18:30 +0000] "GET /?y=5381055031940&mod=da960bb5&uri=blog.php?entity/9204511.shtm HTTP/1.1" 200 18745 "-" "Mozilla/5.0 (Linux; Android 6.0.1; Nexus 5X Build/MMB29P) AppleWebKit/537.36 (KHTML, like Gecko) Chrome/137.0.7151.103 Mobile Safari/537.36 (compatible; GoogleOther)"
66.249.74.130 - - [14/Jul/2025:15:18:31 +0000] "GET /?y=5381055031940&mod=da960bb5&uri=blog.php?entity/9220583.shtm HTTP/1.1" 200 19016 "-" "Mozilla/5.0 (Linux; Android 6.0.1; Nexus 5X Build/MMB29P) AppleWebKit/537.36 (KHTML, like Gecko) Chrome/137.0.7151.103 Mobile Safari/537.36 (compatible; GoogleOther)"
66.249.74.130 - - [14/Jul/2025:15:18:32 +0000] "GET /?y=103564277001940&mod=6f097859&uri=blog.php?entity/6405335.shtm HTTP/1.1" 200 19404 "-" "Mozilla/5.0 (Linux; Android 6.0.1; Nexus 5X Build/MMB29P) AppleWebKit/537.36 (KHTML, like Gecko) Chrome/137.0.7151.103 Mobile Safari/537.36 (compatible; GoogleOther)"
66.249.74.130 - - [14/Jul/2025:15:18:33 +0000] "GET /?y=42754630011940&mod=41109bd8&uri=blog.php?entity/6547058.shtm HTTP/1.1" 200 19142 "-" "Mozilla/5.0 (Linux; Android 6.0.1; Nexus 5X Build/MMB29P) AppleWebKit/537.36 (KHTML, like Gecko) Chrome/137.0.7151.103 Mobile Safari/537.36 (compatible; GoogleOther)"
66.249.74.131 - - [14/Jul/2025:15:18:34 +0000] "GET /?y=42754630011940&mod=41109bd8&uri=blog.php?entity/6550855.shtm HTTP/1.1" 200 19318 "-" "Mozilla/5.0 (Linux; Android 6.0.1; Nexus 5X Build/MMB29P) AppleWebKit/537.36 (KHTML, like Gecko) Chrome/137.0.7151.103 Mobile Safari/537.36 (compatible; GoogleOther)"
66.249.74.130 - - [14/Jul/2025:15:18:35 +0000] "GET /?y=116394294111940&mod=35126465&uri=shop.php?entity/7882625.shtm HTTP/1.1" 200 19015 "-" "Mozilla/5.0 (Linux; Android 6.0.1; Nexus 5X Build/MMB29P) AppleWebKit/537.36 (KHTML, like Gecko) Chrome/137.0.7151.103 Mobile Safari/537.36 (compatible; GoogleOther)"
66.249.74.132 - - [14/Jul/2025:15:18:36 +0000] "GET /?y=23795827061940&mod=943a587a&uri=blog.php?entity/6405335.shtm HTTP/1.1" 200 19403 "-" "Mozilla/5.0 (Linux; Android 6.0.1; Nexus 5X Build/MMB29P) AppleWebKit/537.36 (KHTML, like Gecko) Chrome/137.0.7151.103 Mobile Safari/537.36 (compatible; GoogleOther)"
66.249.74.132 - - [14/Jul/2025:15:18:37 +0000] "GET /?y=5381055031940&mod=da960bb5&uri=blog.php?entity/9241275.shtm HTTP/1.1" 200 18444 "-" "Mozilla/5.0 (Linux; Android 6.0.1; Nexus 5X Build/MMB29P) AppleWebKit/537.36 (KHTML, like Gecko) Chrome/137.0.7151.103 Mobile Safari/537.36 (compatible; GoogleOther)"
66.249.74.130 - - [14/Jul/2025:15:18:37 +0000] "GET /?y=5381055031940&mod=da960bb5&uri=blog.php?entity/9162861.shtm HTTP/1.1" 200 18766 "-" "Mozilla/5.0 (Linux; Android 6.0.1; Nexus 5X Build/MMB29P) AppleWebKit/537.36 (KHTML, like Gecko) Chrome/137.0.7151.103 Mobile Safari/537.36 (compatible; GoogleOther)"
66.249.74.132 - - [14/Jul/2025:15:18:38 +0000] "GET /?y=5381055031940&mod=da960bb5&uri=blog.php?entity/6389202.shtm HTTP/1.1" 200 18879 "-" "Mozilla/5.0 (Linux; Android 6.0.1; Nexus 5X Build/MMB29P) AppleWebKit/537.36 (KHTML, like Gecko) Chrome/137.0.7151.103 Mobile Safari/537.36 (compatible; GoogleOther)"
66.249.74.132 - - [14/Jul/2025:15:18:39 +0000] "GET /?y=5381055031940&mod=da960bb5&uri=blog.php?entity/9168710.shtm HTTP/1.1" 200 18656 "-" "Mozilla/5.0 (Linux; Android 6.0.1; Nexus 5X Build/MMB29P) AppleWebKit/537.36 (KHTML, like Gecko) Chrome/137.0.7151.103 Mobile Safari/537.36 (compatible; GoogleOther)"
66.249.74.133 - - [14/Jul/2025:15:18:40 +0000] "GET /?y=77128632031940&mod=53014c4d&uri=pin.php?entity/7802929.shtm HTTP/1.1" 200 18247 "-" "Mozilla/5.0 (Linux; Android 6.0.1; Nexus 5X Build/MMB29P) AppleWebKit/537.36 (KHTML, like Gecko) Chrome/137.0.7151.103 Mobile Safari/537.36 (compatible; GoogleOther)"
66.249.74.130 - - [14/Jul/2025:15:18:41 +0000] "GET /?y=78106110021940&mod=4689b494&uri=pin.php?entity/6397747.shtm HTTP/1.1" 200 18986 "-" "Mozilla/5.0 (Linux; Android 6.0.1; Nexus 5X Build/MMB29P) AppleWebKit/537.36 (KHTML, like Gecko) Chrome/137.0.7151.103 Mobile Safari/537.36 (compatible; GoogleOther)"
66.249.74.132 - - [14/Jul/2025:15:18:42 +0000] "POST /get-message-notify HTTP/1.1" 200 18283 "https://akaventures.com.au/?y=3319053031940&mod=0bf28731&uri=pin.php?entity/7893364.shtm" "Mozilla/5.0 (Linux; Android 6.0.1; Nexus 5X Build/MMB29P) AppleWebKit/537.36 (KHTML, like Gecko) Chrome/137.0.7151.119 Mobile Safari/537.36 (compatible; Googlebot/2.1; +http://www.google.com/bot.html)"
66.249.74.131 - - [14/Jul/2025:15:18:42 +0000] "GET /?y=60576233021940&mod=0eab014d&uri=pin.php?product/edit/A2356414040 HTTP/1.1" 200 18434 "-" "Mozilla/5.0 (Linux; Android 6.0.1; Nexus 5X Build/MMB29P) AppleWebKit/537.36 (KHTML, like Gecko) Chrome/137.0.7151.103 Mobile Safari/537.36 (compatible; GoogleOther)"
66.249.74.133 - - [14/Jul/2025:15:18:43 +0000] "GET /?y=5381055031940&mod=da960bb5&uri=blog.php?entity/9187354.shtm HTTP/1.1" 200 19375 "-" "Mozilla/5.0 (Linux; Android 6.0.1; Nexus 5X Build/MMB29P) AppleWebKit/537.36 (KHTML, like Gecko) Chrome/137.0.7151.103 Mobile Safari/537.36 (compatible; GoogleOther)"
66.249.74.130 - - [14/Jul/2025:15:18:44 +0000] "GET /?y=5381055031940&mod=da960bb5&uri=blog.php?entity/9165242.shtm HTTP/1.1" 200 19400 "-" "Mozilla/5.0 (Linux; Android 6.0.1; Nexus 5X Build/MMB29P) AppleWebKit/537.36 (KHTML, like Gecko) Chrome/137.0.7151.103 Mobile Safari/537.36 (compatible; GoogleOther)"
66.249.74.132 - - [14/Jul/2025:15:18:45 +0000] "GET /?y=103564277001940&mod=6f097859&uri=blog.php?entity/6406489.shtm HTTP/1.1" 200 19071 "-" "Mozilla/5.0 (Linux; Android 6.0.1; Nexus 5X Build/MMB29P) AppleWebKit/537.36 (KHTML, like Gecko) Chrome/137.0.7151.103 Mobile Safari/537.36 (compatible; GoogleOther)"
66.249.74.133 - - [14/Jul/2025:15:18:46 +0000] "GET /?y=23795827061940&mod=943a587a&uri=blog.php?entity/6396012.shtm HTTP/1.1" 200 19486 "-" "Mozilla/5.0 (Linux; Android 6.0.1; Nexus 5X Build/MMB29P) AppleWebKit/537.36 (KHTML, like Gecko) Chrome/137.0.7151.103 Mobile Safari/537.36 (compatible; GoogleOther)"
66.249.74.133 - - [14/Jul/2025:15:18:47 +0000] "GET /?y=5381055031940&mod=da960bb5&uri=blog.php?entity/6411698.shtm HTTP/1.1" 200 19497 "-" "Mozilla/5.0 (Linux; Android 6.0.1; Nexus 5X Build/MMB29P) AppleWebKit/537.36 (KHTML, like Gecko) Chrome/137.0.7151.103 Mobile Safari/537.36 (compatible; GoogleOther)"
66.249.74.133 - - [14/Jul/2025:15:18:48 +0000] "GET /?y=23795827061940&mod=943a587a&uri=blog.php?entity/6437662.shtm HTTP/1.1" 200 19201 "-" "Mozilla/5.0 (Linux; Android 6.0.1; Nexus 5X Build/MMB29P) AppleWebKit/537.36 (KHTML, like Gecko) Chrome/137.0.7151.103 Mobile Safari/537.36 (compatible; GoogleOther)"
66.249.74.132 - - [14/Jul/2025:15:18:49 +0000] "GET /?y=103564277001940&mod=6f097859&uri=blog.php?entity/6453734.shtm HTTP/1.1" 200 18797 "-" "Mozilla/5.0 (Linux; Android 6.0.1; Nexus 5X Build/MMB29P) AppleWebKit/537.36 (KHTML, like Gecko) Chrome/137.0.7151.103 Mobile Safari/537.36 (compatible; GoogleOther)"
66.249.74.131 - - [14/Jul/2025:15:18:50 +0000] "GET /?y=60576233021940&mod=0eab014d&uri=pin.php?product/edit/A3228135153 HTTP/1.1" 200 19332 "-" "Mozilla/5.0 (Linux; Android 6.0.1; Nexus 5X Build/MMB29P) AppleWebKit/537.36 (KHTML, like Gecko) Chrome/137.0.7151.103 Mobile Safari/537.36 (compatible; GoogleOther)"
66.249.74.130 - - [14/Jul/2025:15:18:51 +0000] "GET /?y=60576233021940&mod=0eab014d&uri=pin.php?product/edit/A3818449215 HTTP/1.1" 200 18853 "-" "Mozilla/5.0 (Linux; Android 6.0.1; Nexus 5X Build/MMB29P) AppleWebKit/537.36 (KHTML, like Gecko) Chrome/137.0.7151.103 Mobile Safari/537.36 (compatible; GoogleOther)"
66.249.74.133 - - [14/Jul/2025:15:18:52 +0000] "GET /?y=5381055031940&mod=da960bb5&uri=blog.php?entity/6444984.shtm HTTP/1.1" 200 19590 "-" "Mozilla/5.0 (Linux; Android 6.0.1; Nexus 5X Build/MMB29P) AppleWebKit/537.36 (KHTML, like Gecko) Chrome/137.0.7151.103 Mobile Safari/537.36 (compatible; GoogleOther)"
66.249.74.134 - - [14/Jul/2025:15:18:53 +0000] "GET /?y=23795827061940&mod=943a587a&uri=blog.php?entity/6413169.shtm HTTP/1.1" 200 18992 "-" "Mozilla/5.0 (Linux; Android 6.0.1; Nexus 5X Build/MMB29P) AppleWebKit/537.36 (KHTML, like Gecko) Chrome/137.0.7151.103 Mobile Safari/537.36 (compatible; GoogleOther)"
66.249.74.132 - - [14/Jul/2025:15:18:54 +0000] "GET /?y=42754630011940&mod=41109bd8&uri=blog.php?entity/6531571.shtm HTTP/1.1" 200 19415 "-" "Mozilla/5.0 (Linux; Android 6.0.1; Nexus 5X Build/MMB29P) AppleWebKit/537.36 (KHTML, like Gecko) Chrome/137.0.7151.103 Mobile Safari/537.36 (compatible; GoogleOther)"
66.249.74.130 - - [14/Jul/2025:15:18:55 +0000] "GET /?y=42754630011940&mod=41109bd8&uri=blog.php?entity/6566984.shtm HTTP/1.1" 200 18797 "-" "Mozilla/5.0 (Linux; Android 6.0.1; Nexus 5X Build/MMB29P) AppleWebKit/537.36 (KHTML, like Gecko) Chrome/137.0.7151.103 Mobile Safari/537.36 (compatible; GoogleOther)"
66.249.74.134 - - [14/Jul/2025:15:18:55 +0000] "GET /?y=5381055031940&mod=da960bb5&uri=blog.php?entity/9150129.shtm HTTP/1.1" 200 18762 "-" "Mozilla/5.0 (Linux; Android 6.0.1; Nexus 5X Build/MMB29P) AppleWebKit/537.36 (KHTML, like Gecko) Chrome/137.0.7151.103 Mobile Safari/537.36 (compatible; GoogleOther)"
66.249.74.130 - - [14/Jul/2025:15:18:56 +0000] "GET /?y=5381055031940&mod=da960bb5&uri=blog.php?entity/9247896.shtm HTTP/1.1" 200 18842 "-" "Mozilla/5.0 (Linux; Android 6.0.1; Nexus 5X Build/MMB29P) AppleWebKit/537.36 (KHTML, like Gecko) Chrome/137.0.7151.103 Mobile Safari/537.36 (compatible; GoogleOther)"
66.249.74.132 - - [14/Jul/2025:15:18:57 +0000] "GET /?y=5381055031940&mod=da960bb5&uri=blog.php?entity/9233945.shtm HTTP/1.1" 200 18716 "-" "Mozilla/5.0 (Linux; Android 6.0.1; Nexus 5X Build/MMB29P) AppleWebKit/537.36 (KHTML, like Gecko) Chrome/137.0.7151.103 Mobile Safari/537.36 (compatible; GoogleOther)"
66.249.74.132 - - [14/Jul/2025:15:18:58 +0000] "GET /?y=5381055031940&mod=da960bb5&uri=blog.php?entity/9209456.shtm HTTP/1.1" 200 19340 "-" "Mozilla/5.0 (Linux; Android 6.0.1; Nexus 5X Build/MMB29P) AppleWebKit/537.36 (KHTML, like Gecko) Chrome/137.0.7151.103 Mobile Safari/537.36 (compatible; GoogleOther)"
66.249.74.134 - - [14/Jul/2025:15:19:00 +0000] "GET /?y=23795827061940&mod=943a587a&uri=blog.php?entity/6413876.shtm HTTP/1.1" 200 19560 "-" "Mozilla/5.0 (Linux; Android 6.0.1; Nexus 5X Build/MMB29P) AppleWebKit/537.36 (KHTML, like Gecko) Chrome/137.0.7151.103 Mobile Safari/537.36 (compatible; GoogleOther)"
66.249.74.132 - - [14/Jul/2025:15:19:01 +0000] "GET /?y=5381055031940&mod=da960bb5&uri=blog.php?entity/9196797.shtm HTTP/1.1" 200 19224 "-" "Mozilla/5.0 (Linux; Android 6.0.1; Nexus 5X Build/MMB29P) AppleWebKit/537.36 (KHTML, like Gecko) Chrome/137.0.7151.103 Mobile Safari/537.36 (compatible; GoogleOther)"
66.249.74.132 - - [14/Jul/2025:15:19:01 +0000] "GET /?y=103564277001940&mod=6f097859&uri=blog.php?entity/6407066.shtm HTTP/1.1" 200 19336 "-" "Mozilla/5.0 (Linux; Android 6.0.1; Nexus 5X Build/MMB29P) AppleWebKit/537.36 (KHTML, like Gecko) Chrome/137.0.7151.103 Mobile Safari/537.36 (compatible; GoogleOther)"
66.249.74.133 - - [14/Jul/2025:15:19:02 +0000] "GET /?y=5381055031940&mod=da960bb5&uri=blog.php?entity/9156051.shtm HTTP/1.1" 200 19136 "-" "Mozilla/5.0 (Linux; Android 6.0.1; Nexus 5X Build/MMB29P) AppleWebKit/537.36 (KHTML, like Gecko) Chrome/137.0.7151.103 Mobile Safari/537.36 (compatible; GoogleOther)"
66.249.74.131 - - [14/Jul/2025:15:19:03 +0000] "GET /?y=76764728061940&mod=540c90ed&uri=shop.php?entity/5147022.shtm HTTP/1.1" 200 18295 "-" "Mozilla/5.0 (Linux; Android 6.0.1; Nexus 5X Build/MMB29P) AppleWebKit/537.36 (KHTML, like Gecko) Chrome/137.0.7151.103 Mobile Safari/537.36 (compatible; GoogleOther)"
66.249.74.133 - - [14/Jul/2025:15:19:04 +0000] "GET /?y=23795827061940&mod=943a587a&uri=blog.php?entity/6407066.shtm HTTP/1.1" 200 19323 "-" "Mozilla/5.0 (Linux; Android 6.0.1; Nexus 5X Build/MMB29P) AppleWebKit/537.36 (KHTML, like Gecko) Chrome/137.0.7151.103 Mobile Safari/537.36 (compatible; GoogleOther)"
66.249.74.131 - - [14/Jul/2025:15:19:05 +0000] "GET /?y=5381055031940&mod=da960bb5&uri=blog.php?entity/6413169.shtm HTTP/1.1" 200 18990 "-" "Mozilla/5.0 (Linux; Android 6.0.1; Nexus 5X Build/MMB29P) AppleWebKit/537.36 (KHTML, like Gecko) Chrome/137.0.7151.103 Mobile Safari/537.36 (compatible; GoogleOther)"
66.249.74.132 - - [14/Jul/2025:15:19:06 +0000] "GET /?y=112673491071940&mod=827fc26e&uri=itm.php?entity/41333884.shtm HTTP/1.1" 200 19468 "-" "Mozilla/5.0 (Linux; Android 6.0.1; Nexus 5X Build/MMB29P) AppleWebKit/537.36 (KHTML, like Gecko) Chrome/137.0.7151.103 Mobile Safari/537.36 (compatible; GoogleOther)"
66.249.74.131 - - [14/Jul/2025:15:19:07 +0000] "GET /?y=42754630011940&mod=41109bd8&uri=blog.php?entity/6533749.shtm HTTP/1.1" 200 19405 "-" "Mozilla/5.0 (Linux; Android 6.0.1; Nexus 5X Build/MMB29P) AppleWebKit/537.36 (KHTML, like Gecko) Chrome/137.0.7151.103 Mobile Safari/537.36 (compatible; GoogleOther)"
66.249.74.131 - - [14/Jul/2025:15:19:08 +0000] "GET /?y=6943474051940&mod=50ca3a3b&uri=goods.php?product/edit/A2064806600 HTTP/1.1" 200 19833 "-" "Mozilla/5.0 (Linux; Android 6.0.1; Nexus 5X Build/MMB29P) AppleWebKit/537.36 (KHTML, like Gecko) Chrome/137.0.7151.103 Mobile Safari/537.36 (compatible; GoogleOther)"
66.249.74.130 - - [14/Jul/2025:15:19:09 +0000] "GET /?y=112673491071940&mod=827fc26e&uri=itm.php?entity/41355545.shtm HTTP/1.1" 200 18557 "-" "Mozilla/5.0 (Linux; Android 6.0.1; Nexus 5X Build/MMB29P) AppleWebKit/537.36 (KHTML, like Gecko) Chrome/137.0.7151.103 Mobile Safari/537.36 (compatible; GoogleOther)"
66.249.74.131 - - [14/Jul/2025:15:19:10 +0000] "GET /?y=42754630011940&mod=41109bd8&uri=blog.php?entity/6531628.shtm HTTP/1.1" 200 18859 "-" "Mozilla/5.0 (Linux; Android 6.0.1; Nexus 5X Build/MMB29P) AppleWebKit/537.36 (KHTML, like Gecko) Chrome/137.0.7151.103 Mobile Safari/537.36 (compatible; GoogleOther)"
66.249.74.131 - - [14/Jul/2025:15:19:11 +0000] "GET /?y=5381055031940&mod=da960bb5&uri=blog.php?entity/6413876.shtm HTTP/1.1" 200 19557 "-" "Mozilla/5.0 (Linux; Android 6.0.1; Nexus 5X Build/MMB29P) AppleWebKit/537.36 (KHTML, like Gecko) Chrome/137.0.7151.103 Mobile Safari/537.36 (compatible; GoogleOther)"
66.249.74.130 - - [14/Jul/2025:15:19:12 +0000] "GET /?y=112673491071940&mod=827fc26e&uri=itm.php?entity/41363188.shtm HTTP/1.1" 200 19510 "-" "Mozilla/5.0 (Linux; Android 6.0.1; Nexus 5X Build/MMB29P) AppleWebKit/537.36 (KHTML, like Gecko) Chrome/137.0.7151.103 Mobile Safari/537.36 (compatible; GoogleOther)"
66.249.74.130 - - [14/Jul/2025:15:19:13 +0000] "GET /?y=112673491071940&mod=827fc26e&uri=itm.php?entity/41367692.shtm HTTP/1.1" 200 19283 "-" "Mozilla/5.0 (Linux; Android 6.0.1; Nexus 5X Build/MMB29P) AppleWebKit/537.36 (KHTML, like Gecko) Chrome/137.0.7151.103 Mobile Safari/537.36 (compatible; GoogleOther)"
66.249.74.131 - - [14/Jul/2025:15:19:13 +0000] "GET /?y=5381055031940&mod=da960bb5&uri=blog.php?entity/6442294.shtm HTTP/1.1" 200 19124 "-" "Mozilla/5.0 (Linux; Android 6.0.1; Nexus 5X Build/MMB29P) AppleWebKit/537.36 (KHTML, like Gecko) Chrome/137.0.7151.103 Mobile Safari/537.36 (compatible; GoogleOther)"
66.249.74.131 - - [14/Jul/2025:15:19:14 +0000] "GET /?y=5381055031940&mod=da960bb5&uri=blog.php?entity/6443253.shtm HTTP/1.1" 200 19564 "-" "Mozilla/5.0 (Linux; Android 6.0.1; Nexus 5X Build/MMB29P) AppleWebKit/537.36 (KHTML, like Gecko) Chrome/137.0.7151.103 Mobile Safari/537.36 (compatible; GoogleOther)"
66.249.74.131 - - [14/Jul/2025:15:19:15 +0000] "GET /?y=46343825021940&mod=afcf99a0&uri=pin.php?product/edit/A2947241441 HTTP/1.1" 200 18570 "-" "Mozilla/5.0 (Linux; Android 6.0.1; Nexus 5X Build/MMB29P) AppleWebKit/537.36 (KHTML, like Gecko) Chrome/137.0.7151.103 Mobile Safari/537.36 (compatible; GoogleOther)"
66.249.74.131 - - [14/Jul/2025:15:19:16 +0000] "GET /?y=60576233021940&mod=0eab014d&uri=pin.php?product/edit/A1114454453 HTTP/1.1" 200 19396 "-" "Mozilla/5.0 (Linux; Android 6.0.1; Nexus 5X Build/MMB29P) AppleWebKit/537.36 (KHTML, like Gecko) Chrome/137.0.7151.103 Mobile Safari/537.36 (compatible; GoogleOther)"
66.249.74.131 - - [14/Jul/2025:15:19:17 +0000] "GET /?y=42754630011940&mod=41109bd8&uri=blog.php?entity/6549565.shtm HTTP/1.1" 200 18844 "-" "Mozilla/5.0 (Linux; Android 6.0.1; Nexus 5X Build/MMB29P) AppleWebKit/537.36 (KHTML, like Gecko) Chrome/137.0.7151.103 Mobile Safari/537.36 (compatible; GoogleOther)"
66.249.74.131 - - [14/Jul/2025:15:19:18 +0000] "GET /?y=19542964021940&mod=0a0e4e7c&uri=pin.php?entity/7875431.shtm HTTP/1.1" 200 18320 "-" "Mozilla/5.0 (Linux; Android 6.0.1; Nexus 5X Build/MMB29P) AppleWebKit/537.36 (KHTML, like Gecko) Chrome/137.0.7151.103 Mobile Safari/537.36 (compatible; GoogleOther)"
66.249.74.131 - - [14/Jul/2025:15:19:19 +0000] "GET /?y=64171865051940&mod=ded0be50&uri=pin.php?entity/5060183.shtm HTTP/1.1" 200 19298 "-" "Mozilla/5.0 (Linux; Android 6.0.1; Nexus 5X Build/MMB29P) AppleWebKit/537.36 (KHTML, like Gecko) Chrome/137.0.7151.103 Mobile Safari/537.36 (compatible; GoogleOther)"
66.249.74.131 - - [14/Jul/2025:15:19:20 +0000] "GET /?y=19542964021940&mod=0a0e4e7c&uri=pin.php?entity/7860964.shtm HTTP/1.1" 200 19172 "-" "Mozilla/5.0 (Linux; Android 6.0.1; Nexus 5X Build/MMB29P) AppleWebKit/537.36 (KHTML, like Gecko) Chrome/137.0.7151.103 Mobile Safari/537.36 (compatible; GoogleOther)"
66.249.74.130 - - [14/Jul/2025:15:19:21 +0000] "GET /?y=61730954041940&mod=feac1b90&uri=pin.php?entity/9076217.shtm HTTP/1.1" 200 18933 "-" "Mozilla/5.0 (Linux; Android 6.0.1; Nexus 5X Build/MMB29P) AppleWebKit/537.36 (KHTML, like Gecko) Chrome/137.0.7151.103 Mobile Safari/537.36 (compatible; GoogleOther)"
66.249.74.131 - - [14/Jul/2025:15:19:22 +0000] "GET /?y=119603440001940&mod=3bd8c683&uri=pin.php?entity/10579097.shtm HTTP/1.1" 200 19129 "-" "Mozilla/5.0 (Linux; Android 6.0.1; Nexus 5X Build/MMB29P) AppleWebKit/537.36 (KHTML, like Gecko) Chrome/137.0.7151.103 Mobile Safari/537.36 (compatible; GoogleOther)"
66.249.74.130 - - [14/Jul/2025:15:19:23 +0000] "GET /?y=46343825021940&mod=afcf99a0&uri=pin.php?entity/5122529.shtm HTTP/1.1" 200 19358 "-" "Mozilla/5.0 (Linux; Android 6.0.1; Nexus 5X Build/MMB29P) AppleWebKit/537.36 (KHTML, like Gecko) Chrome/137.0.7151.103 Mobile Safari/537.36 (compatible; GoogleOther)"
66.249.74.131 - - [14/Jul/2025:15:19:24 +0000] "GET /?y=5349200081940&mod=7d0bbf7a&uri=news.php?entity/2355038.shtm HTTP/1.1" 200 19515 "-" "Mozilla/5.0 (Linux; Android 6.0.1; Nexus 5X Build/MMB29P) AppleWebKit/537.36 (KHTML, like Gecko) Chrome/137.0.7151.103 Mobile Safari/537.36 (compatible; GoogleOther)"
66.249.74.130 - - [14/Jul/2025:15:19:24 +0000] "GET /?y=60576233021940&mod=0eab014d&uri=pin.php?entity/702829658.shtm HTTP/1.1" 200 18952 "-" "Mozilla/5.0 (Linux; Android 6.0.1; Nexus 5X Build/MMB29P) AppleWebKit/537.36 (KHTML, like Gecko) Chrome/137.0.7151.103 Mobile Safari/537.36 (compatible; GoogleOther)"
66.249.74.131 - - [14/Jul/2025:15:19:25 +0000] "GET /?y=102118151021940&mod=906a14e7&uri=pin.php?entity/9152254.shtm HTTP/1.1" 200 19241 "-" "Mozilla/5.0 (Linux; Android 6.0.1; Nexus 5X Build/MMB29P) AppleWebKit/537.36 (KHTML, like Gecko) Chrome/137.0.7151.103 Mobile Safari/537.36 (compatible; GoogleOther)"
66.249.74.130 - - [14/Jul/2025:15:19:26 +0000] "POST /get-message-notify HTTP/1.1" 200 18283 "https://akaventures.com.au/?y=28323126001940&mod=1731592a&uri=pin.php?entity/7945430.shtm" "Mozilla/5.0 (Linux; Android 6.0.1; Nexus 5X Build/MMB29P) AppleWebKit/537.36 (KHTML, like Gecko) Chrome/137.0.7151.119 Mobile Safari/537.36 (compatible; Googlebot/2.1; +http://www.google.com/bot.html)"
66.249.74.130 - - [14/Jul/2025:15:19:26 +0000] "GET /?y=102118151021940&mod=906a14e7&uri=pin.php?entity/9197831.shtm HTTP/1.1" 200 19344 "-" "Mozilla/5.0 (Linux; Android 6.0.1; Nexus 5X Build/MMB29P) AppleWebKit/537.36 (KHTML, like Gecko) Chrome/137.0.7151.103 Mobile Safari/537.36 (compatible; GoogleOther)"
66.249.74.131 - - [14/Jul/2025:15:19:27 +0000] "GET /?y=119603440001940&mod=3bd8c683&uri=pin.php?entity/10603068.shtm HTTP/1.1" 200 19407 "-" "Mozilla/5.0 (Linux; Android 6.0.1; Nexus 5X Build/MMB29P) AppleWebKit/537.36 (KHTML, like Gecko) Chrome/137.0.7151.103 Mobile Safari/537.36 (compatible; GoogleOther)"
66.249.74.130 - - [14/Jul/2025:15:19:28 +0000] "GET /?y=60576233021940&mod=0eab014d&uri=pin.php?entity/702923494.shtm HTTP/1.1" 200 18870 "-" "Mozilla/5.0 (Linux; Android 6.0.1; Nexus 5X Build/MMB29P) AppleWebKit/537.36 (KHTML, like Gecko) Chrome/137.0.7151.103 Mobile Safari/537.36 (compatible; GoogleOther)"
66.249.74.131 - - [14/Jul/2025:15:19:29 +0000] "GET /?y=5397315141940&mod=da960bb5&uri=pin.php?entity/9185485.shtm HTTP/1.1" 200 18208 "-" "Mozilla/5.0 (Linux; Android 6.0.1; Nexus 5X Build/MMB29P) AppleWebKit/537.36 (KHTML, like Gecko) Chrome/137.0.7151.103 Mobile Safari/537.36 (compatible; GoogleOther)"
66.249.74.132 - - [14/Jul/2025:15:19:30 +0000] "GET /?y=23723367011940&mod=6941a637&uri=pin.php?entity/42756093.shtm HTTP/1.1" 200 18657 "-" "Mozilla/5.0 (Linux; Android 6.0.1; Nexus 5X Build/MMB29P) AppleWebKit/537.36 (KHTML, like Gecko) Chrome/137.0.7151.103 Mobile Safari/537.36 (compatible; GoogleOther)"
66.249.74.131 - - [14/Jul/2025:15:19:31 +0000] "GET /?y=95142729021940&mod=8978fc46&uri=pin.php?entity/7737694.shtm HTTP/1.1" 200 18847 "-" "Mozilla/5.0 (Linux; Android 6.0.1; Nexus 5X Build/MMB29P) AppleWebKit/537.36 (KHTML, like Gecko) Chrome/137.0.7151.103 Mobile Safari/537.36 (compatible; GoogleOther)"
66.249.74.130 - - [14/Jul/2025:15:19:32 +0000] "GET /?y=46343825021940&mod=afcf99a0&uri=pin.php?entity/5044050.shtm HTTP/1.1" 200 19571 "-" "Mozilla/5.0 (Linux; Android 6.0.1; Nexus 5X Build/MMB29P) AppleWebKit/537.36 (KHTML, like Gecko) Chrome/137.0.7151.103 Mobile Safari/537.36 (compatible; GoogleOther)"
66.249.74.132 - - [14/Jul/2025:15:19:32 +0000] "GET /?y=23723367011940&mod=6941a637&uri=pin.php?entity/7801064.shtm HTTP/1.1" 200 19270 "-" "Mozilla/5.0 (Linux; Android 6.0.1; Nexus 5X Build/MMB29P) AppleWebKit/537.36 (KHTML, like Gecko) Chrome/137.0.7151.103 Mobile Safari/537.36 (compatible; GoogleOther)"
66.249.74.130 - - [14/Jul/2025:15:19:33 +0000] "POST /get-message-notify HTTP/1.1" 200 18283 "https://akaventures.com.au/?y=3869582071940&mod=9cbf28c4&uri=pin.php?entity/3782586.shtm" "Mozilla/5.0 (Linux; Android 6.0.1; Nexus 5X Build/MMB29P) AppleWebKit/537.36 (KHTML, like Gecko) Chrome/137.0.7151.119 Mobile Safari/537.36 (compatible; Googlebot/2.1; +http://www.google.com/bot.html)"
66.249.74.131 - - [14/Jul/2025:15:19:33 +0000] "GET /?y=95142729021940&mod=8978fc46&uri=pin.php?entity/7933990.shtm HTTP/1.1" 200 19161 "-" "Mozilla/5.0 (Linux; Android 6.0.1; Nexus 5X Build/MMB29P) AppleWebKit/537.36 (KHTML, like Gecko) Chrome/137.0.7151.103 Mobile Safari/537.36 (compatible; GoogleOther)"
66.249.74.130 - - [14/Jul/2025:15:19:34 +0000] "GET /?y=119603440001940&mod=3bd8c683&uri=pin.php?entity/7905515.shtm HTTP/1.1" 200 19325 "-" "Mozilla/5.0 (Linux; Android 6.0.1; Nexus 5X Build/MMB29P) AppleWebKit/537.36 (KHTML, like Gecko) Chrome/137.0.7151.103 Mobile Safari/537.36 (compatible; GoogleOther)"
66.249.74.131 - - [14/Jul/2025:15:19:35 +0000] "GET /?y=113925450011940&mod=84106259&uri=pin.php?entity/7893364.shtm HTTP/1.1" 200 19515 "-" "Mozilla/5.0 (Linux; Android 6.0.1; Nexus 5X Build/MMB29P) AppleWebKit/537.36 (KHTML, like Gecko) Chrome/137.0.7151.103 Mobile Safari/537.36 (compatible; GoogleOther)"
66.249.74.130 - - [14/Jul/2025:15:19:36 +0000] "POST /get-message-notify HTTP/1.1" 200 18283 "https://akaventures.com.au/?y=29988083001940&mod=13ff4cdd&uri=form.php?entity/2355741.shtm" "Mozilla/5.0 (Linux; Android 6.0.1; Nexus 5X Build/MMB29P) AppleWebKit/537.36 (KHTML, like Gecko) Chrome/137.0.7151.119 Mobile Safari/537.36 (compatible; Googlebot/2.1; +http://www.google.com/bot.html)"
66.249.74.130 - - [14/Jul/2025:15:19:37 +0000] "GET /?y=60576233021940&mod=0eab014d&uri=pin.php?entity/701507514.shtm HTTP/1.1" 200 19494 "-" "Mozilla/5.0 (Linux; Android 6.0.1; Nexus 5X Build/MMB29P) AppleWebKit/537.36 (KHTML, like Gecko) Chrome/137.0.7151.103 Mobile Safari/537.36 (compatible; GoogleOther)"
66.249.74.132 - - [14/Jul/2025:15:19:37 +0000] "GET /?y=19542964021940&mod=0a0e4e7c&uri=pin.php?entity/7784935.shtm HTTP/1.1" 200 19224 "-" "Mozilla/5.0 (Linux; Android 6.0.1; Nexus 5X Build/MMB29P) AppleWebKit/537.36 (KHTML, like Gecko) Chrome/137.0.7151.103 Mobile Safari/537.36 (compatible; GoogleOther)"
66.249.74.131 - - [14/Jul/2025:15:19:38 +0000] "GET /?y=77128632031940&mod=53014c4d&uri=pin.php?entity/9160610.shtm HTTP/1.1" 200 19069 "-" "Mozilla/5.0 (Linux; Android 6.0.1; Nexus 5X Build/MMB29P) AppleWebKit/537.36 (KHTML, like Gecko) Chrome/137.0.7151.103 Mobile Safari/537.36 (compatible; GoogleOther)"
66.249.74.133 - - [14/Jul/2025:15:19:39 +0000] "GET /?y=62034113021940&mod=93cf926b&uri=pin.php?entity/9189337.shtm HTTP/1.1" 200 18929 "-" "Mozilla/5.0 (Linux; Android 6.0.1; Nexus 5X Build/MMB29P) AppleWebKit/537.36 (KHTML, like Gecko) Chrome/137.0.7151.103 Mobile Safari/537.36 (compatible; GoogleOther)"
66.249.74.133 - - [14/Jul/2025:15:19:40 +0000] "GET /?y=19542964021940&mod=0a0e4e7c&uri=pin.php?entity/6556056.shtm HTTP/1.1" 200 18890 "-" "Mozilla/5.0 (Linux; Android 6.0.1; Nexus 5X Build/MMB29P) AppleWebKit/537.36 (KHTML, like Gecko) Chrome/137.0.7151.103 Mobile Safari/537.36 (compatible; GoogleOther)"
66.249.74.130 - - [14/Jul/2025:15:19:41 +0000] "GET /?y=78106110021940&mod=4689b494&uri=pin.php?entity/7864954.shtm HTTP/1.1" 200 19761 "-" "Mozilla/5.0 (Linux; Android 6.0.1; Nexus 5X Build/MMB29P) AppleWebKit/537.36 (KHTML, like Gecko) Chrome/137.0.7151.103 Mobile Safari/537.36 (compatible; GoogleOther)"
66.249.74.132 - - [14/Jul/2025:15:19:42 +0000] "GET /?y=60576233021940&mod=0eab014d&uri=pin.php?entity/9176032.shtm HTTP/1.1" 200 19413 "-" "Mozilla/5.0 (Linux; Android 6.0.1; Nexus 5X Build/MMB29P) AppleWebKit/537.36 (KHTML, like Gecko) Chrome/137.0.7151.103 Mobile Safari/537.36 (compatible; GoogleOther)"
66.249.74.130 - - [14/Jul/2025:15:19:43 +0000] "GET /?y=95148309031940&mod=dc781c44&uri=pin.php?entity/7949282.shtm HTTP/1.1" 200 19357 "-" "Mozilla/5.0 (Linux; Android 6.0.1; Nexus 5X Build/MMB29P) AppleWebKit/537.36 (KHTML, like Gecko) Chrome/137.0.7151.103 Mobile Safari/537.36 (compatible; GoogleOther)"
66.249.74.133 - - [14/Jul/2025:15:19:44 +0000] "GET /?y=60576233021940&mod=0eab014d&uri=pin.php?entity/701439130.shtm HTTP/1.1" 200 19096 "-" "Mozilla/5.0 (Linux; Android 6.0.1; Nexus 5X Build/MMB29P) AppleWebKit/537.36 (KHTML, like Gecko) Chrome/137.0.7151.103 Mobile Safari/537.36 (compatible; GoogleOther)"
66.249.74.133 - - [14/Jul/2025:15:19:44 +0000] "POST /get-message-notify HTTP/1.1" 200 18283 "https://akaventures.com.au/?y=60576233021940&mod=0eab014d&uri=pin.php?entity/702829658.shtm" "Mozilla/5.0 (Linux; Android 6.0.1; Nexus 5X Build/MMB29P) AppleWebKit/537.36 (KHTML, like Gecko) Chrome/137.0.7151.119 Mobile Safari/537.36 (compatible; Googlebot/2.1; +http://www.google.com/bot.html)"
66.249.74.132 - - [14/Jul/2025:15:19:45 +0000] "GET /?y=111637560001940&mod=af235cb0&uri=pin.php?entity/10615670.shtm HTTP/1.1" 200 19368 "-" "Mozilla/5.0 (Linux; Android 6.0.1; Nexus 5X Build/MMB29P) AppleWebKit/537.36 (KHTML, like Gecko) Chrome/137.0.7151.103 Mobile Safari/537.36 (compatible; GoogleOther)"
66.249.74.132 - - [14/Jul/2025:15:19:46 +0000] "GET /?y=116394294111940&mod=35126465&uri=shop.php?entity/9217812.shtm HTTP/1.1" 200 18809 "-" "Mozilla/5.0 (Linux; Android 6.0.1; Nexus 5X Build/MMB29P) AppleWebKit/537.36 (KHTML, like Gecko) Chrome/137.0.7151.103 Mobile Safari/537.36 (compatible; GoogleOther)"
66.249.74.130 - - [14/Jul/2025:15:19:47 +0000] "GET /?y=71542041011940&mod=0adf033e&uri=pin.php?entity/6544872.shtm HTTP/1.1" 200 19144 "-" "Mozilla/5.0 (Linux; Android 6.0.1; Nexus 5X Build/MMB29P) AppleWebKit/537.36 (KHTML, like Gecko) Chrome/137.0.7151.103 Mobile Safari/537.36 (compatible; GoogleOther)"
66.249.74.132 - - [14/Jul/2025:15:19:48 +0000] "GET /?y=95148309031940&mod=dc781c44&uri=pin.php?entity/7929358.shtm HTTP/1.1" 200 18952 "-" "Mozilla/5.0 (Linux; Android 6.0.1; Nexus 5X Build/MMB29P) AppleWebKit/537.36 (KHTML, like Gecko) Chrome/137.0.7151.103 Mobile Safari/537.36 (compatible; GoogleOther)"
66.249.74.133 - - [14/Jul/2025:15:19:48 +0000] "GET /?y=6860904051940&mod=dd93cf0e&uri=products.php?feature/utsunomiya/index.html HTTP/1.1" 200 19508 "-" "Mozilla/5.0 (Linux; Android 6.0.1; Nexus 5X Build/MMB29P) AppleWebKit/537.36 (KHTML, like Gecko) Chrome/137.0.7151.103 Mobile Safari/537.36 (compatible; GoogleOther)"
66.249.74.130 - - [14/Jul/2025:15:19:50 +0000] "GET /?y=19542964021940&mod=0a0e4e7c&uri=pin.php?entity/7867589.shtm HTTP/1.1" 200 19381 "-" "Mozilla/5.0 (Linux; Android 6.0.1; Nexus 5X Build/MMB29P) AppleWebKit/537.36 (KHTML, like Gecko) Chrome/137.0.7151.103 Mobile Safari/537.36 (compatible; GoogleOther)"
66.249.74.131 - - [14/Jul/2025:15:19:51 +0000] "GET /?y=78106110021940&mod=4689b494&uri=pin.php?entity/7818928.shtm HTTP/1.1" 200 19050 "-" "Mozilla/5.0 (Linux; Android 6.0.1; Nexus 5X Build/MMB29P) AppleWebKit/537.36 (KHTML, like Gecko) Chrome/137.0.7151.103 Mobile Safari/537.36 (compatible; GoogleOther)"
66.249.74.132 - - [14/Jul/2025:15:19:51 +0000] "GET /?y=116394294111940&mod=35126465&uri=shop.php?entity/38751312.shtm HTTP/1.1" 200 18296 "-" "Mozilla/5.0 (Linux; Android 6.0.1; Nexus 5X Build/MMB29P) AppleWebKit/537.36 (KHTML, like Gecko) Chrome/137.0.7151.103 Mobile Safari/537.36 (compatible; GoogleOther)"
66.249.74.133 - - [14/Jul/2025:15:19:51 +0000] "POST /get-message-notify HTTP/1.1" 200 18283 "https://akaventures.com.au/?y=62034113021940&mod=93cf926b&uri=pin.php?entity/9160610.shtm" "Mozilla/5.0 (Linux; Android 6.0.1; Nexus 5X Build/MMB29P) AppleWebKit/537.36 (KHTML, like Gecko) Chrome/137.0.7151.119 Mobile Safari/537.36 (compatible; Googlebot/2.1; +http://www.google.com/bot.html)"
66.249.74.131 - - [14/Jul/2025:15:19:52 +0000] "GET /?y=46066830021940&mod=1f9b0fbd&uri=dp.php?events/ HTTP/1.1" 200 18855 "-" "Mozilla/5.0 (Linux; Android 6.0.1; Nexus 5X Build/MMB29P) AppleWebKit/537.36 (KHTML, like Gecko) Chrome/137.0.7151.103 Mobile Safari/537.36 (compatible; GoogleOther)"
