66.249.74.131 - - [14/Jul/2025:15:54:05 +0000] "GET /?y=98158206041940&mod=5d97e76b&uri=shared.php?%3Fid%3D3275798-768%26name%3Dquiz+red+and+black+dress HTTP/1.1" 200 19407 "-" "Mozilla/5.0 (Linux; Android 6.0.1; Nexus 5X Build/MMB29P) AppleWebKit/537.36 (KHTML, like Gecko) Chrome/137.0.7151.103 Mobile Safari/537.36 (compatible; GoogleOther)"
66.249.74.130 - - [14/Jul/2025:15:54:06 +0000] "GET /?y=60576233021940&mod=0eab014d&uri=pin.php?entity/9142096.shtm HTTP/1.1" 200 18963 "-" "Mozilla/5.0 (Linux; Android 6.0.1; Nexus 5X Build/MMB29P) AppleWebKit/537.36 (KHTML, like Gecko) Chrome/137.0.7151.103 Mobile Safari/537.36 (compatible; GoogleOther)"
66.249.74.133 - - [14/Jul/2025:15:54:06 +0000] "POST /get-message-notify HTTP/1.1" 200 18283 "https://akaventures.com.au/?y=6860904051940&mod=dd93cf0e&uri=products.php?feature/utsunomiya/index.html" "Mozilla/5.0 (Linux; Android 6.0.1; Nexus 5X Build/MMB29P) AppleWebKit/537.36 (KHTML, like Gecko) Chrome/137.0.7151.119 Mobile Safari/537.36 (compatible; Googlebot/2.1; +http://www.google.com/bot.html)"
66.249.74.130 - - [14/Jul/2025:15:54:06 +0000] "GET /?y=3319053031940&mod=0bf28731&uri=pin.php?entity/9144924.shtm HTTP/1.1" 200 18767 "-" "Mozilla/5.0 (Linux; Android 6.0.1; Nexus 5X Build/MMB29P) AppleWebKit/537.36 (KHTML, like Gecko) Chrome/137.0.7151.103 Mobile Safari/537.36 (compatible; GoogleOther)"
66.249.74.131 - - [14/Jul/2025:15:54:07 +0000] "POST /get-message-notify HTTP/1.1" 200 18283 "https://akaventures.com.au/?y=10099440011940&mod=410e7a82&uri=pin.php?entity/7909367.shtm" "Mozilla/5.0 (Linux; Android 6.0.1; Nexus 5X Build/MMB29P) AppleWebKit/537.36 (KHTML, like Gecko) Chrome/137.0.7151.119 Mobile Safari/537.36 (compatible; Googlebot/2.1; +http://www.google.com/bot.html)"
66.249.74.130 - - [14/Jul/2025:15:54:07 +0000] "GET /?y=23723367011940&mod=6941a637&uri=pin.php?entity/42775377.shtm HTTP/1.1" 200 19513 "-" "Mozilla/5.0 (Linux; Android 6.0.1; Nexus 5X Build/MMB29P) AppleWebKit/537.36 (KHTML, like Gecko) Chrome/137.0.7151.103 Mobile Safari/537.36 (compatible; GoogleOther)"
66.249.74.133 - - [14/Jul/2025:15:54:08 +0000] "GET /?y=3319053031940&mod=0bf28731&uri=pin.php?entity/7860964.shtm HTTP/1.1" 200 19170 "-" "Mozilla/5.0 (Linux; Android 6.0.1; Nexus 5X Build/MMB29P) AppleWebKit/537.36 (KHTML, like Gecko) Chrome/137.0.7151.103 Mobile Safari/537.36 (compatible; GoogleOther)"
66.249.74.132 - - [14/Jul/2025:15:54:09 +0000] "GET /?y=119603440001940&mod=3bd8c683&uri=pin.php?entity/7966569.shtm HTTP/1.1" 200 19425 "-" "Mozilla/5.0 (Linux; Android 6.0.1; Nexus 5X Build/MMB29P) AppleWebKit/537.36 (KHTML, like Gecko) Chrome/137.0.7151.103 Mobile Safari/537.36 (compatible; GoogleOther)"
66.249.74.132 - - [14/Jul/2025:15:54:10 +0000] "GET /?y=111637560001940&mod=af235cb0&uri=pin.php?entity/10622864.shtm HTTP/1.1" 200 18715 "-" "Mozilla/5.0 (Linux; Android 6.0.1; Nexus 5X Build/MMB29P) AppleWebKit/537.36 (KHTML, like Gecko) Chrome/137.0.7151.103 Mobile Safari/537.36 (compatible; GoogleOther)"
66.249.74.131 - - [14/Jul/2025:15:54:10 +0000] "POST /get-message-notify HTTP/1.1" 200 18283 "https://akaventures.com.au/?y=3319053031940&mod=0bf28731&uri=pin.php?entity/7795469.shtm" "Mozilla/5.0 (Linux; Android 6.0.1; Nexus 5X Build/MMB29P) AppleWebKit/537.36 (KHTML, like Gecko) Chrome/137.0.7151.119 Mobile Safari/537.36 (compatible; Googlebot/2.1; +http://www.google.com/bot.html)"
66.249.74.131 - - [14/Jul/2025:15:54:11 +0000] "GET /?y=119603440001940&mod=3bd8c683&uri=pin.php?entity/7947157.shtm HTTP/1.1" 200 18938 "-" "Mozilla/5.0 (Linux; Android 6.0.1; Nexus 5X Build/MMB29P) AppleWebKit/537.36 (KHTML, like Gecko) Chrome/137.0.7151.103 Mobile Safari/537.36 (compatible; GoogleOther)"
66.249.74.131 - - [14/Jul/2025:15:54:12 +0000] "GET /?y=5397315141940&mod=da960bb5&uri=pin.php?entity/9176743.shtm HTTP/1.1" 200 18289 "-" "Mozilla/5.0 (Linux; Android 6.0.1; Nexus 5X Build/MMB29P) AppleWebKit/537.36 (KHTML, like Gecko) Chrome/137.0.7151.103 Mobile Safari/537.36 (compatible; GoogleOther)"
66.249.74.130 - - [14/Jul/2025:15:54:13 +0000] "GET /?y=28323126001940&mod=1731592a&uri=pin.php?entity/7922668.shtm HTTP/1.1" 200 18757 "-" "Mozilla/5.0 (Linux; Android 6.0.1; Nexus 5X Build/MMB29P) AppleWebKit/537.36 (KHTML, like Gecko) Chrome/137.0.7151.103 Mobile Safari/537.36 (compatible; GoogleOther)"
66.249.74.130 - - [14/Jul/2025:15:54:14 +0000] "GET /?y=61730954041940&mod=feac1b90&uri=pin.php?entity/9206628.shtm HTTP/1.1" 200 19327 "-" "Mozilla/5.0 (Linux; Android 6.0.1; Nexus 5X Build/MMB29P) AppleWebKit/537.36 (KHTML, like Gecko) Chrome/137.0.7151.103 Mobile Safari/537.36 (compatible; GoogleOther)"
66.249.74.131 - - [14/Jul/2025:15:54:15 +0000] "GET /?y=62034113021940&mod=93cf926b&uri=pin.php?entity/10551138.shtm HTTP/1.1" 200 19394 "-" "Mozilla/5.0 (Linux; Android 6.0.1; Nexus 5X Build/MMB29P) AppleWebKit/537.36 (KHTML, like Gecko) Chrome/137.0.7151.103 Mobile Safari/537.36 (compatible; GoogleOther)"
66.249.74.130 - - [14/Jul/2025:15:54:16 +0000] "GET /?y=46343825021940&mod=afcf99a0&uri=pin.php?entity/2329135.shtm HTTP/1.1" 200 18468 "-" "Mozilla/5.0 (Linux; Android 6.0.1; Nexus 5X Build/MMB29P) AppleWebKit/537.36 (KHTML, like Gecko) Chrome/137.0.7151.103 Mobile Safari/537.36 (compatible; GoogleOther)"
66.249.74.131 - - [14/Jul/2025:15:54:16 +0000] "GET /?y=4944844021940&mod=3a9aa4b8&uri=goods.php?entity/2368985.shtm HTTP/1.1" 200 19191 "-" "Mozilla/5.0 (Linux; Android 6.0.1; Nexus 5X Build/MMB29P) AppleWebKit/537.36 (KHTML, like Gecko) Chrome/137.0.7151.103 Mobile Safari/537.36 (compatible; GoogleOther)"
66.249.74.130 - - [14/Jul/2025:15:54:17 +0000] "GET /?y=23723367011940&mod=6941a637&uri=pin.php?entity/7762183.shtm HTTP/1.1" 200 19406 "-" "Mozilla/5.0 (Linux; Android 6.0.1; Nexus 5X Build/MMB29P) AppleWebKit/537.36 (KHTML, like Gecko) Chrome/137.0.7151.103 Mobile Safari/537.36 (compatible; GoogleOther)"
66.249.74.131 - - [14/Jul/2025:15:54:18 +0000] "GET /?y=60576233021940&mod=0eab014d&uri=pin.php?entity/37835075.shtm HTTP/1.1" 200 18341 "-" "Mozilla/5.0 (Linux; Android 6.0.1; Nexus 5X Build/MMB29P) AppleWebKit/537.36 (KHTML, like Gecko) Chrome/137.0.7151.103 Mobile Safari/537.36 (compatible; GoogleOther)"
66.249.74.130 - - [14/Jul/2025:15:54:19 +0000] "POST /get-message-notify HTTP/1.1" 200 18283 "https://akaventures.com.au/?y=5381055031940&mod=da960bb5&uri=blog.php?entity/10633792.shtm" "Mozilla/5.0 (Linux; Android 6.0.1; Nexus 5X Build/MMB29P) AppleWebKit/537.36 (KHTML, like Gecko) Chrome/137.0.7151.119 Mobile Safari/537.36 (compatible; Googlebot/2.1; +http://www.google.com/bot.html)"
66.249.74.130 - - [14/Jul/2025:15:54:19 +0000] "GET /?y=5381055031940&mod=da960bb5&uri=blog.php?entity/10618370.shtm HTTP/1.1" 200 19375 "-" "Mozilla/5.0 (Linux; Android 6.0.1; Nexus 5X Build/MMB29P) AppleWebKit/537.36 (KHTML, like Gecko) Chrome/137.0.7151.103 Mobile Safari/537.36 (compatible; GoogleOther)"
66.249.74.131 - - [14/Jul/2025:15:54:20 +0000] "GET /?y=103564277001940&mod=6f097859&uri=blog.php?entity/7826715.shtm HTTP/1.1" 200 19134 "-" "Mozilla/5.0 (Linux; Android 6.0.1; Nexus 5X Build/MMB29P) AppleWebKit/537.36 (KHTML, like Gecko) Chrome/137.0.7151.103 Mobile Safari/537.36 (compatible; GoogleOther)"
66.249.74.131 - - [14/Jul/2025:15:54:21 +0000] "GET /?y=60576233021940&mod=0eab014d&uri=pin.php?entity/7773495.shtm HTTP/1.1" 200 19537 "-" "Mozilla/5.0 (Linux; Android 6.0.1; Nexus 5X Build/MMB29P) AppleWebKit/537.36 (KHTML, like Gecko) Chrome/137.0.7151.103 Mobile Safari/537.36 (compatible; GoogleOther)"
66.249.74.130 - - [14/Jul/2025:15:54:21 +0000] "GET /?y=80169334121940&mod=e2c9cd93&uri=blog.php?entity/2340575.shtm HTTP/1.1" 200 18791 "-" "Mozilla/5.0 (Linux; Android 6.0.1; Nexus 5X Build/MMB29P) AppleWebKit/537.36 (KHTML, like Gecko) Chrome/137.0.7151.103 Mobile Safari/537.36 (compatible; Googlebot/2.1; +http://www.google.com/bot.html)"
66.249.74.131 - - [14/Jul/2025:15:54:21 +0000] "POST /get-message-notify HTTP/1.1" 200 18283 "https://akaventures.com.au/?y=5397315141940&mod=da960bb5&uri=pin.php?entity/7938801.shtm" "Mozilla/5.0 (Linux; Android 6.0.1; Nexus 5X Build/MMB29P) AppleWebKit/537.36 (KHTML, like Gecko) Chrome/137.0.7151.119 Mobile Safari/537.36 (compatible; Googlebot/2.1; +http://www.google.com/bot.html)"
66.249.74.130 - - [14/Jul/2025:15:54:22 +0000] "GET /?y=9405790021940&mod=e554409d&uri=us.php?entity/2362370.shtm HTTP/1.1" 200 19015 "-" "Mozilla/5.0 (Linux; Android 6.0.1; Nexus 5X Build/MMB29P) AppleWebKit/537.36 (KHTML, like Gecko) Chrome/137.0.7151.103 Mobile Safari/537.36 (compatible; Googlebot/2.1; +http://www.google.com/bot.html)"
66.249.74.130 - - [14/Jul/2025:15:54:22 +0000] "GET /?y=23795827061940&mod=943a587a&uri=blog.php?entity/6415808.shtm HTTP/1.1" 200 19265 "-" "Mozilla/5.0 (Linux; Android 6.0.1; Nexus 5X Build/MMB29P) AppleWebKit/537.36 (KHTML, like Gecko) Chrome/137.0.7151.103 Mobile Safari/537.36 (compatible; GoogleOther)"
66.249.74.130 - - [14/Jul/2025:15:54:23 +0000] "GET /?y=61730954041940&mod=feac1b90&uri=pin.php?entity/9184526.shtm HTTP/1.1" 200 18215 "-" "Mozilla/5.0 (Linux; Android 6.0.1; Nexus 5X Build/MMB29P) AppleWebKit/537.36 (KHTML, like Gecko) Chrome/137.0.7151.103 Mobile Safari/537.36 (compatible; GoogleOther)"
66.249.74.131 - - [14/Jul/2025:15:54:24 +0000] "GET /?y=103564277001940&mod=6f097859&uri=blog.php?entity/6400386.shtm HTTP/1.1" 200 19330 "-" "Mozilla/5.0 (Linux; Android 6.0.1; Nexus 5X Build/MMB29P) AppleWebKit/537.36 (KHTML, like Gecko) Chrome/137.0.7151.103 Mobile Safari/537.36 (compatible; GoogleOther)"
66.249.74.131 - - [14/Jul/2025:15:54:24 +0000] "POST /get-message-notify HTTP/1.1" 200 18283 "https://akaventures.com.au/?y=5381055031940&mod=da960bb5&uri=blog.php?entity/10618370.shtm" "Mozilla/5.0 (Linux; Android 6.0.1; Nexus 5X Build/MMB29P) AppleWebKit/537.36 (KHTML, like Gecko) Chrome/137.0.7151.119 Mobile Safari/537.36 (compatible; Googlebot/2.1; +http://www.google.com/bot.html)"
66.249.74.131 - - [14/Jul/2025:15:54:24 +0000] "GET /?y=113925450011940&mod=84106259&uri=pin.php?entity/9216081.shtm HTTP/1.1" 200 19302 "-" "Mozilla/5.0 (Linux; Android 6.0.1; Nexus 5X Build/MMB29P) AppleWebKit/537.36 (KHTML, like Gecko) Chrome/137.0.7151.103 Mobile Safari/537.36 (compatible; GoogleOther)"
66.249.74.131 - - [14/Jul/2025:15:54:25 +0000] "GET /?y=81694388011940&mod=6eebba19&uri=pin.php?entity/7975888.shtm HTTP/1.1" 200 19309 "-" "Mozilla/5.0 (Linux; Android 6.0.1; Nexus 5X Build/MMB29P) AppleWebKit/537.36 (KHTML, like Gecko) Chrome/137.0.7151.103 Mobile Safari/537.36 (compatible; GoogleOther)"
66.249.74.131 - - [14/Jul/2025:15:54:26 +0000] "GET /?y=3319053031940&mod=0bf28731&uri=pin.php?entity/9212099.shtm HTTP/1.1" 200 18730 "-" "Mozilla/5.0 (Linux; Android 6.0.1; Nexus 5X Build/MMB29P) AppleWebKit/537.36 (KHTML, like Gecko) Chrome/137.0.7151.103 Mobile Safari/537.36 (compatible; GoogleOther)"
66.249.74.130 - - [14/Jul/2025:15:54:27 +0000] "POST /get-message-notify HTTP/1.1" 200 18283 "https://akaventures.com.au/?y=61730954041940&mod=feac1b90&uri=pin.php?entity/9206628.shtm" "Mozilla/5.0 (Linux; Android 6.0.1; Nexus 5X Build/MMB29P) AppleWebKit/537.36 (KHTML, like Gecko) Chrome/137.0.7151.119 Mobile Safari/537.36 (compatible; Googlebot/2.1; +http://www.google.com/bot.html)"
66.249.74.132 - - [14/Jul/2025:15:54:27 +0000] "POST /get-message-notify HTTP/1.1" 200 18283 "https://akaventures.com.au/?y=103564277001940&mod=6f097859&uri=blog.php?entity/7826715.shtm" "Mozilla/5.0 (Linux; Android 6.0.1; Nexus 5X Build/MMB29P) AppleWebKit/537.36 (KHTML, like Gecko) Chrome/137.0.7151.119 Mobile Safari/537.36 (compatible; Googlebot/2.1; +http://www.google.com/bot.html)"
66.249.74.130 - - [14/Jul/2025:15:54:27 +0000] "GET /?y=46343825021940&mod=afcf99a0&uri=pin.php?entity/5147022.shtm HTTP/1.1" 200 18296 "-" "Mozilla/5.0 (Linux; Android 6.0.1; Nexus 5X Build/MMB29P) AppleWebKit/537.36 (KHTML, like Gecko) Chrome/137.0.7151.103 Mobile Safari/537.36 (compatible; GoogleOther)"
66.249.74.130 - - [14/Jul/2025:15:54:28 +0000] "POST /get-message-notify HTTP/1.1" 200 18283 "https://akaventures.com.au/?y=23723367011940&mod=6941a637&uri=pin.php?entity/41369171.shtm" "Mozilla/5.0 (Linux; Android 6.0.1; Nexus 5X Build/MMB29P) AppleWebKit/537.36 (KHTML, like Gecko) Chrome/137.0.7151.119 Mobile Safari/537.36 (compatible; Googlebot/2.1; +http://www.google.com/bot.html)"
66.249.74.132 - - [14/Jul/2025:15:54:28 +0000] "GET /?y=23795827061940&mod=943a587a&uri=blog.php?entity/7798947.shtm HTTP/1.1" 200 18893 "-" "Mozilla/5.0 (Linux; Android 6.0.1; Nexus 5X Build/MMB29P) AppleWebKit/537.36 (KHTML, like Gecko) Chrome/137.0.7151.103 Mobile Safari/537.36 (compatible; GoogleOther)"
66.249.74.130 - - [14/Jul/2025:15:54:29 +0000] "GET /?y=102788374091940&mod=24df0ecc&uri=blog.php?entity/2326307.shtm HTTP/1.1" 200 19177 "-" "Mozilla/5.0 (Linux; Android 6.0.1; Nexus 5X Build/MMB29P) AppleWebKit/537.36 (KHTML, like Gecko) Chrome/137.0.7151.103 Mobile Safari/537.36 (compatible; GoogleOther)"
66.249.74.131 - - [14/Jul/2025:15:54:29 +0000] "POST /get-message-notify HTTP/1.1" 200 18283 "https://akaventures.com.au/?y=111637560001940&mod=af235cb0&uri=pin.php?entity/9289290.shtm" "Mozilla/5.0 (Linux; Android 6.0.1; Nexus 5X Build/MMB29P) AppleWebKit/537.36 (KHTML, like Gecko) Chrome/137.0.7151.119 Mobile Safari/537.36 (compatible; Googlebot/2.1; +http://www.google.com/bot.html)"
66.249.74.132 - - [14/Jul/2025:15:54:29 +0000] "GET /?y=23723367011940&mod=6941a637&uri=pin.php?entity/42792156.shtm HTTP/1.1" 200 19645 "-" "Mozilla/5.0 (Linux; Android 6.0.1; Nexus 5X Build/MMB29P) AppleWebKit/537.36 (KHTML, like Gecko) Chrome/137.0.7151.103 Mobile Safari/537.36 (compatible; GoogleOther)"
66.249.74.131 - - [14/Jul/2025:15:54:30 +0000] "GET /?y=77128632031940&mod=53014c4d&uri=pin.php?entity/7809737.shtm HTTP/1.1" 200 18643 "-" "Mozilla/5.0 (Linux; Android 6.0.1; Nexus 5X Build/MMB29P) AppleWebKit/537.36 (KHTML, like Gecko) Chrome/137.0.7151.103 Mobile Safari/537.36 (compatible; GoogleOther)"
66.249.74.131 - - [14/Jul/2025:15:54:31 +0000] "GET /?y=23723367011940&mod=6941a637&uri=pin.php?entity/6385084.shtm HTTP/1.1" 200 19364 "-" "Mozilla/5.0 (Linux; Android 6.0.1; Nexus 5X Build/MMB29P) AppleWebKit/537.36 (KHTML, like Gecko) Chrome/137.0.7151.103 Mobile Safari/537.36 (compatible; GoogleOther)"
66.249.74.131 - - [14/Jul/2025:15:54:32 +0000] "GET /?y=28323126001940&mod=1731592a&uri=pin.php?entity/9342894.shtm HTTP/1.1" 200 19403 "-" "Mozilla/5.0 (Linux; Android 6.0.1; Nexus 5X Build/MMB29P) AppleWebKit/537.36 (KHTML, like Gecko) Chrome/137.0.7151.103 Mobile Safari/537.36 (compatible; GoogleOther)"
66.249.74.132 - - [14/Jul/2025:15:54:33 +0000] "GET /?y=111637560001940&mod=af235cb0&uri=pin.php?entity/9309600.shtm HTTP/1.1" 200 19373 "-" "Mozilla/5.0 (Linux; Android 6.0.1; Nexus 5X Build/MMB29P) AppleWebKit/537.36 (KHTML, like Gecko) Chrome/137.0.7151.103 Mobile Safari/537.36 (compatible; GoogleOther)"
66.249.74.131 - - [14/Jul/2025:15:54:34 +0000] "GET /?y=60576233021940&mod=0eab014d&uri=pin.php?entity/702784794.shtm HTTP/1.1" 200 19598 "-" "Mozilla/5.0 (Linux; Android 6.0.1; Nexus 5X Build/MMB29P) AppleWebKit/537.36 (KHTML, like Gecko) Chrome/137.0.7151.103 Mobile Safari/537.36 (compatible; GoogleOther)"
66.249.74.132 - - [14/Jul/2025:15:54:35 +0000] "GET /?y=42754630011940&mod=41109bd8&uri=blog.php?entity/6536388.shtm HTTP/1.1" 200 18823 "-" "Mozilla/5.0 (Linux; Android 6.0.1; Nexus 5X Build/MMB29P) AppleWebKit/537.36 (KHTML, like Gecko) Chrome/137.0.7151.103 Mobile Safari/537.36 (compatible; GoogleOther)"
66.249.74.132 - - [14/Jul/2025:15:54:36 +0000] "GET /?y=6151295011940&mod=49734ad1&uri=pin.php?entity/7747074.shtm HTTP/1.1" 200 18664 "-" "Mozilla/5.0 (Linux; Android 6.0.1; Nexus 5X Build/MMB29P) AppleWebKit/537.36 (KHTML, like Gecko) Chrome/137.0.7151.103 Mobile Safari/537.36 (compatible; GoogleOther)"
66.249.74.131 - - [14/Jul/2025:15:54:37 +0000] "POST /get-message-notify HTTP/1.1" 200 18283 "https://akaventures.com.au/?y=23795827061940&mod=943a587a&uri=blog.php?entity/7798947.shtm" "Mozilla/5.0 (Linux; Android 6.0.1; Nexus 5X Build/MMB29P) AppleWebKit/537.36 (KHTML, like Gecko) Chrome/137.0.7151.119 Mobile Safari/537.36 (compatible; Googlebot/2.1; +http://www.google.com/bot.html)"
66.249.74.132 - - [14/Jul/2025:15:54:37 +0000] "GET /?y=111637560001940&mod=af235cb0&uri=pin.php?entity/9273860.shtm HTTP/1.1" 200 19420 "-" "Mozilla/5.0 (Linux; Android 6.0.1; Nexus 5X Build/MMB29P) AppleWebKit/537.36 (KHTML, like Gecko) Chrome/137.0.7151.103 Mobile Safari/537.36 (compatible; GoogleOther)"
66.249.74.131 - - [14/Jul/2025:15:54:38 +0000] "GET /?y=28323126001940&mod=1731592a&uri=pin.php?entity/7899916.shtm HTTP/1.1" 200 19353 "-" "Mozilla/5.0 (Linux; Android 6.0.1; Nexus 5X Build/MMB29P) AppleWebKit/537.36 (KHTML, like Gecko) Chrome/137.0.7151.103 Mobile Safari/537.36 (compatible; GoogleOther)"
66.249.74.132 - - [14/Jul/2025:15:54:39 +0000] "GET /?y=111637560001940&mod=af235cb0&uri=pin.php?entity/9233945.shtm HTTP/1.1" 200 18718 "-" "Mozilla/5.0 (Linux; Android 6.0.1; Nexus 5X Build/MMB29P) AppleWebKit/537.36 (KHTML, like Gecko) Chrome/137.0.7151.103 Mobile Safari/537.36 (compatible; GoogleOther)"
66.249.74.131 - - [14/Jul/2025:15:54:40 +0000] "GET /?y=77910396011940&mod=aa5f65a0&uri=pin.php?entity/7810899.shtm HTTP/1.1" 200 19379 "-" "Mozilla/5.0 (Linux; Android 6.0.1; Nexus 5X Build/MMB29P) AppleWebKit/537.36 (KHTML, like Gecko) Chrome/137.0.7151.103 Mobile Safari/537.36 (compatible; GoogleOther)"
66.249.74.131 - - [14/Jul/2025:15:54:41 +0000] "GET /?y=23795827061940&mod=943a587a&uri=blog.php?entity/6417994.shtm HTTP/1.1" 200 18208 "-" "Mozilla/5.0 (Linux; Android 6.0.1; Nexus 5X Build/MMB29P) AppleWebKit/537.36 (KHTML, like Gecko) Chrome/137.0.7151.103 Mobile Safari/537.36 (compatible; GoogleOther)"
66.249.74.132 - - [14/Jul/2025:15:54:41 +0000] "GET /?y=14499388071940&mod=df798c6c&uri=shop.php?feature/shoplist-friendly/index.html HTTP/1.1" 200 19289 "-" "Mozilla/5.0 (Linux; Android 6.0.1; Nexus 5X Build/MMB29P) AppleWebKit/537.36 (KHTML, like Gecko) Chrome/137.0.7151.103 Mobile Safari/537.36 (compatible; GoogleOther)"
66.249.74.130 - - [14/Jul/2025:15:54:42 +0000] "GET /?y=60576233021940&mod=0eab014d&uri=pin.php?entity/702796937.shtm HTTP/1.1" 200 18621 "-" "Mozilla/5.0 (Linux; Android 6.0.1; Nexus 5X Build/MMB29P) AppleWebKit/537.36 (KHTML, like Gecko) Chrome/137.0.7151.103 Mobile Safari/537.36 (compatible; GoogleOther)"
66.249.74.133 - - [14/Jul/2025:15:54:43 +0000] "POST /get-message-notify HTTP/1.1" 200 18283 "https://akaventures.com.au/?y=61730954041940&mod=feac1b90&uri=pin.php?entity/9184526.shtm" "Mozilla/5.0 (Linux; Android 6.0.1; Nexus 5X Build/MMB29P) AppleWebKit/537.36 (KHTML, like Gecko) Chrome/137.0.7151.119 Mobile Safari/537.36 (compatible; Googlebot/2.1; +http://www.google.com/bot.html)"
66.249.74.133 - - [14/Jul/2025:15:54:43 +0000] "GET /?y=19542964021940&mod=0a0e4e7c&uri=pin.php?entity/7898055.shtm HTTP/1.1" 200 19285 "-" "Mozilla/5.0 (Linux; Android 6.0.1; Nexus 5X Build/MMB29P) AppleWebKit/537.36 (KHTML, like Gecko) Chrome/137.0.7151.103 Mobile Safari/537.36 (compatible; GoogleOther)"
66.249.74.131 - - [14/Jul/2025:15:54:44 +0000] "GET /?y=60576233021940&mod=0eab014d&uri=pin.php?entity/37855706.shtm HTTP/1.1" 200 18788 "-" "Mozilla/5.0 (Linux; Android 6.0.1; Nexus 5X Build/MMB29P) AppleWebKit/537.36 (KHTML, like Gecko) Chrome/137.0.7151.103 Mobile Safari/537.36 (compatible; GoogleOther)"
66.249.74.132 - - [14/Jul/2025:15:54:44 +0000] "GET /?y=119603440001940&mod=3bd8c683&uri=pin.php?entity/7914184.shtm HTTP/1.1" 200 19210 "-" "Mozilla/5.0 (Linux; Android 6.0.1; Nexus 5X Build/MMB29P) AppleWebKit/537.36 (KHTML, like Gecko) Chrome/137.0.7151.103 Mobile Safari/537.36 (compatible; GoogleOther)"
66.249.74.132 - - [14/Jul/2025:15:54:45 +0000] "GET /?y=95142729021940&mod=8978fc46&uri=pin.php?entity/6529767.shtm HTTP/1.1" 200 19049 "-" "Mozilla/5.0 (Linux; Android 6.0.1; Nexus 5X Build/MMB29P) AppleWebKit/537.36 (KHTML, like Gecko) Chrome/137.0.7151.103 Mobile Safari/537.36 (compatible; GoogleOther)"
66.249.74.131 - - [14/Jul/2025:15:54:46 +0000] "GET /?y=60576233021940&mod=0eab014d&uri=pin.php?entity/7776451.shtm HTTP/1.1" 200 18421 "-" "Mozilla/5.0 (Linux; Android 6.0.1; Nexus 5X Build/MMB29P) AppleWebKit/537.36 (KHTML, like Gecko) Chrome/137.0.7151.103 Mobile Safari/537.36 (compatible; GoogleOther)"
66.249.74.134 - - [14/Jul/2025:15:54:47 +0000] "GET /?y=103564277001940&mod=6f097859&uri=blog.php?entity/7815531.shtm HTTP/1.1" 200 19166 "-" "Mozilla/5.0 (Linux; Android 6.0.1; Nexus 5X Build/MMB29P) AppleWebKit/537.36 (KHTML, like Gecko) Chrome/137.0.7151.103 Mobile Safari/537.36 (compatible; GoogleOther)"
66.249.74.134 - - [14/Jul/2025:15:54:48 +0000] "GET /?y=119603440001940&mod=3bd8c683&uri=pin.php?entity/40092994.shtm HTTP/1.1" 200 18854 "-" "Mozilla/5.0 (Linux; Android 6.0.1; Nexus 5X Build/MMB29P) AppleWebKit/537.36 (KHTML, like Gecko) Chrome/137.0.7151.103 Mobile Safari/537.36 (compatible; GoogleOther)"
66.249.74.131 - - [14/Jul/2025:15:54:49 +0000] "GET /?y=5397315141940&mod=da960bb5&uri=pin.php?entity/9098199.shtm HTTP/1.1" 200 18558 "-" "Mozilla/5.0 (Linux; Android 6.0.1; Nexus 5X Build/MMB29P) AppleWebKit/537.36 (KHTML, like Gecko) Chrome/137.0.7151.103 Mobile Safari/537.36 (compatible; GoogleOther)"
66.249.74.130 - - [14/Jul/2025:15:54:50 +0000] "GET /?y=119603440001940&mod=3bd8c683&uri=pin.php?entity/9178860.shtm HTTP/1.1" 200 19311 "-" "Mozilla/5.0 (Linux; Android 6.0.1; Nexus 5X Build/MMB29P) AppleWebKit/537.36 (KHTML, like Gecko) Chrome/137.0.7151.103 Mobile Safari/537.36 (compatible; GoogleOther)"
66.249.74.134 - - [14/Jul/2025:15:54:51 +0000] "GET /?y=46343825021940&mod=afcf99a0&uri=pin.php?entity/2337877.shtm HTTP/1.1" 200 19519 "-" "Mozilla/5.0 (Linux; Android 6.0.1; Nexus 5X Build/MMB29P) AppleWebKit/537.36 (KHTML, like Gecko) Chrome/137.0.7151.103 Mobile Safari/537.36 (compatible; GoogleOther)"
66.249.74.131 - - [14/Jul/2025:15:54:52 +0000] "POST /get-message-notify HTTP/1.1" 200 18283 "https://akaventures.com.au/?y=111637560001940&mod=af235cb0&uri=pin.php?entity/9233945.shtm" "Mozilla/5.0 (Linux; Android 6.0.1; Nexus 5X Build/MMB29P) AppleWebKit/537.36 (KHTML, like Gecko) Chrome/137.0.7151.119 Mobile Safari/537.36 (compatible; Googlebot/2.1; +http://www.google.com/bot.html)"
66.249.74.133 - - [14/Jul/2025:15:54:54 +0000] "POST /get-message-notify HTTP/1.1" 200 18283 "https://akaventures.com.au/?y=23795827061940&mod=943a587a&uri=blog.php?entity/6417994.shtm" "Mozilla/5.0 (Linux; Android 6.0.1; Nexus 5X Build/MMB29P) AppleWebKit/537.36 (KHTML, like Gecko) Chrome/137.0.7151.119 Mobile Safari/537.36 (compatible; Googlebot/2.1; +http://www.google.com/bot.html)"
66.249.74.133 - - [14/Jul/2025:15:54:54 +0000] "GET /?y=4060656021940&mod=022823b8&uri=dp.php?entity/2326307.shtm HTTP/1.1" 200 19165 "-" "Mozilla/5.0 (Linux; Android 6.0.1; Nexus 5X Build/MMB29P) AppleWebKit/537.36 (KHTML, like Gecko) Chrome/137.0.7151.103 Mobile Safari/537.36 (compatible; GoogleOther)"
66.249.74.132 - - [14/Jul/2025:15:54:54 +0000] "GET /?y=60576233021940&mod=0eab014d&uri=pin.php?entity/701531430.shtm HTTP/1.1" 200 19202 "-" "Mozilla/5.0 (Linux; Android 6.0.1; Nexus 5X Build/MMB29P) AppleWebKit/537.36 (KHTML, like Gecko) Chrome/137.0.7151.103 Mobile Safari/537.36 (compatible; GoogleOther)"
66.249.74.131 - - [14/Jul/2025:15:54:55 +0000] "GET /?y=5397315141940&mod=da960bb5&uri=pin.php?entity/9171217.shtm HTTP/1.1" 200 18475 "-" "Mozilla/5.0 (Linux; Android 6.0.1; Nexus 5X Build/MMB29P) AppleWebKit/537.36 (KHTML, like Gecko) Chrome/137.0.7151.103 Mobile Safari/537.36 (compatible; GoogleOther)"
66.249.74.131 - - [14/Jul/2025:15:54:55 +0000] "POST /get-message-notify HTTP/1.1" 200 18283 "https://akaventures.com.au/?y=23723367011940&mod=6941a637&uri=pin.php?entity/6385084.shtm" "Mozilla/5.0 (Linux; Android 6.0.1; Nexus 5X Build/MMB29P) AppleWebKit/537.36 (KHTML, like Gecko) Chrome/137.0.7151.119 Mobile Safari/537.36 (compatible; Googlebot/2.1; +http://www.google.com/bot.html)"
66.249.74.132 - - [14/Jul/2025:15:54:55 +0000] "GET /?y=60576233021940&mod=0eab014d&uri=pin.php?entity/9182657.shtm HTTP/1.1" 200 18817 "-" "Mozilla/5.0 (Linux; Android 6.0.1; Nexus 5X Build/MMB29P) AppleWebKit/537.36 (KHTML, like Gecko) Chrome/137.0.7151.103 Mobile Safari/537.36 (compatible; GoogleOther)"
66.249.74.130 - - [14/Jul/2025:15:54:56 +0000] "GET /?y=77128632031940&mod=53014c4d&uri=pin.php?entity/9180664.shtm HTTP/1.1" 200 18178 "-" "Mozilla/5.0 (Linux; Android 6.0.1; Nexus 5X Build/MMB29P) AppleWebKit/537.36 (KHTML, like Gecko) Chrome/137.0.7151.103 Mobile Safari/537.36 (compatible; GoogleOther)"
66.249.74.131 - - [14/Jul/2025:15:54:56 +0000] "GET /?y=19542964021940&mod=0a0e4e7c&uri=pin.php?entity/6422626.shtm HTTP/1.1" 200 19822 "-" "Mozilla/5.0 (Linux; Android 6.0.1; Nexus 5X Build/MMB29P) AppleWebKit/537.36 (KHTML, like Gecko) Chrome/137.0.7151.103 Mobile Safari/537.36 (compatible; GoogleOther)"
66.249.74.133 - - [14/Jul/2025:15:54:57 +0000] "GET /?y=113925450011940&mod=84106259&uri=pin.php?entity/9182722.shtm HTTP/1.1" 200 18219 "-" "Mozilla/5.0 (Linux; Android 6.0.1; Nexus 5X Build/MMB29P) AppleWebKit/537.36 (KHTML, like Gecko) Chrome/137.0.7151.103 Mobile Safari/537.36 (compatible; GoogleOther)"
66.249.74.134 - - [14/Jul/2025:15:54:58 +0000] "GET /?y=113925450011940&mod=84106259&uri=pin.php?entity/9242695.shtm HTTP/1.1" 200 19429 "-" "Mozilla/5.0 (Linux; Android 6.0.1; Nexus 5X Build/MMB29P) AppleWebKit/537.36 (KHTML, like Gecko) Chrome/137.0.7151.103 Mobile Safari/537.36 (compatible; GoogleOther)"
66.249.74.132 - - [14/Jul/2025:15:54:59 +0000] "GET /?y=19542964021940&mod=0a0e4e7c&uri=pin.php?entity/7844965.shtm HTTP/1.1" 200 19352 "-" "Mozilla/5.0 (Linux; Android 6.0.1; Nexus 5X Build/MMB29P) AppleWebKit/537.36 (KHTML, like Gecko) Chrome/137.0.7151.103 Mobile Safari/537.36 (compatible; GoogleOther)"
66.249.74.133 - - [14/Jul/2025:15:55:00 +0000] "GET /?y=77910396011940&mod=aa5f65a0&uri=pin.php?entity/9173342.shtm HTTP/1.1" 200 18965 "-" "Mozilla/5.0 (Linux; Android 6.0.1; Nexus 5X Build/MMB29P) AppleWebKit/537.36 (KHTML, like Gecko) Chrome/137.0.7151.103 Mobile Safari/537.36 (compatible; GoogleOther)"
66.249.74.133 - - [14/Jul/2025:15:55:01 +0000] "GET /?y=46343825021940&mod=afcf99a0&uri=pin.php?entity/5062556.shtm HTTP/1.1" 200 19442 "-" "Mozilla/5.0 (Linux; Android 6.0.1; Nexus 5X Build/MMB29P) AppleWebKit/537.36 (KHTML, like Gecko) Chrome/137.0.7151.103 Mobile Safari/537.36 (compatible; GoogleOther)"
66.249.74.132 - - [14/Jul/2025:15:55:01 +0000] "POST /get-message-notify HTTP/1.1" 200 18283 "https://akaventures.com.au/?y=98158206041940&mod=5d97e76b&uri=shared.php?entity/2346938.shtm" "Mozilla/5.0 (Linux; Android 6.0.1; Nexus 5X Build/MMB29P) AppleWebKit/537.36 (KHTML, like Gecko) Chrome/137.0.7151.119 Mobile Safari/537.36 (compatible; Googlebot/2.1; +http://www.google.com/bot.html)"
66.249.74.134 - - [14/Jul/2025:15:55:02 +0000] "GET /?y=113925450011940&mod=84106259&uri=pin.php?entity/6480401.shtm HTTP/1.1" 200 19655 "-" "Mozilla/5.0 (Linux; Android 6.0.1; Nexus 5X Build/MMB29P) AppleWebKit/537.36 (KHTML, like Gecko) Chrome/137.0.7151.103 Mobile Safari/537.36 (compatible; GoogleOther)"
66.249.74.130 - - [14/Jul/2025:15:55:02 +0000] "GET /?y=23723367011940&mod=6941a637&uri=pin.php?entity/41384849.shtm HTTP/1.1" 200 19287 "-" "Mozilla/5.0 (Linux; Android 6.0.1; Nexus 5X Build/MMB29P) AppleWebKit/537.36 (KHTML, like Gecko) Chrome/137.0.7151.103 Mobile Safari/537.36 (compatible; GoogleOther)"
66.249.74.133 - - [14/Jul/2025:15:55:03 +0000] "GET /?y=103564277001940&mod=6f097859&uri=blog.php?entity/7850174.shtm HTTP/1.1" 200 19462 "-" "Mozilla/5.0 (Linux; Android 6.0.1; Nexus 5X Build/MMB29P) AppleWebKit/537.36 (KHTML, like Gecko) Chrome/137.0.7151.103 Mobile Safari/537.36 (compatible; GoogleOther)"
66.249.74.133 - - [14/Jul/2025:15:55:04 +0000] "POST /get-message-notify HTTP/1.1" 200 18283 "https://akaventures.com.au/?y=116394294111940&mod=35126465&uri=shop.php?entity/9211833.shtm" "Mozilla/5.0 (Linux; Android 6.0.1; Nexus 5X Build/MMB29P) AppleWebKit/537.36 (KHTML, like Gecko) Chrome/137.0.7151.119 Mobile Safari/537.36 (compatible; Googlebot/2.1; +http://www.google.com/bot.html)"
66.249.74.131 - - [14/Jul/2025:15:55:04 +0000] "GET /?y=23723367011940&mod=6941a637&uri=pin.php?entity/41295966.shtm HTTP/1.1" 200 18856 "-" "Mozilla/5.0 (Linux; Android 6.0.1; Nexus 5X Build/MMB29P) AppleWebKit/537.36 (KHTML, like Gecko) Chrome/137.0.7151.103 Mobile Safari/537.36 (compatible; GoogleOther)"
66.249.74.130 - - [14/Jul/2025:15:55:05 +0000] "GET /?y=5397315141940&mod=da960bb5&uri=pin.php?entity/9333703.shtm HTTP/1.1" 200 19388 "-" "Mozilla/5.0 (Linux; Android 6.0.1; Nexus 5X Build/MMB29P) AppleWebKit/537.36 (KHTML, like Gecko) Chrome/137.0.7151.103 Mobile Safari/537.36 (compatible; GoogleOther)"
66.249.74.132 - - [14/Jul/2025:15:55:06 +0000] "GET /?y=5268885001940&mod=539c2943&uri=news.php?entity/2363071.shtm HTTP/1.1" 200 18780 "-" "Mozilla/5.0 (Linux; Android 6.0.1; Nexus 5X Build/MMB29P) AppleWebKit/537.36 (KHTML, like Gecko) Chrome/137.0.7151.103 Mobile Safari/537.36 (compatible; GoogleOther)"
66.249.74.132 - - [14/Jul/2025:15:55:06 +0000] "GET /?y=3319053031940&mod=0bf28731&uri=pin.php?entity/9267178.shtm HTTP/1.1" 200 19341 "-" "Mozilla/5.0 (Linux; Android 6.0.1; Nexus 5X Build/MMB29P) AppleWebKit/537.36 (KHTML, like Gecko) Chrome/137.0.7151.103 Mobile Safari/537.36 (compatible; GoogleOther)"
66.249.74.130 - - [14/Jul/2025:15:55:07 +0000] "GET /?y=23795827061940&mod=943a587a&uri=blog.php?entity/7798297.shtm HTTP/1.1" 200 19833 "-" "Mozilla/5.0 (Linux; Android 6.0.1; Nexus 5X Build/MMB29P) AppleWebKit/537.36 (KHTML, like Gecko) Chrome/137.0.7151.103 Mobile Safari/537.36 (compatible; GoogleOther)"
66.249.74.133 - - [14/Jul/2025:15:55:08 +0000] "GET /?y=119603440001940&mod=3bd8c683&uri=pin.php?entity/9196155.shtm HTTP/1.1" 200 19160 "-" "Mozilla/5.0 (Linux; Android 6.0.1; Nexus 5X Build/MMB29P) AppleWebKit/537.36 (KHTML, like Gecko) Chrome/137.0.7151.103 Mobile Safari/537.36 (compatible; GoogleOther)"
66.249.74.130 - - [14/Jul/2025:15:55:09 +0000] "GET /?y=58102768011940&mod=4e1612ec&uri=pin.php?entity/6389263.shtm HTTP/1.1" 200 19552 "-" "Mozilla/5.0 (Linux; Android 6.0.1; Nexus 5X Build/MMB29P) AppleWebKit/537.36 (KHTML, like Gecko) Chrome/137.0.7151.103 Mobile Safari/537.36 (compatible; GoogleOther)"
66.249.74.130 - - [14/Jul/2025:15:55:10 +0000] "GET /?y=23723367011940&mod=6941a637&uri=pin.php?entity/42682760.shtm HTTP/1.1" 200 19026 "-" "Mozilla/5.0 (Linux; Android 6.0.1; Nexus 5X Build/MMB29P) AppleWebKit/537.36 (KHTML, like Gecko) Chrome/137.0.7151.103 Mobile Safari/537.36 (compatible; GoogleOther)"
66.249.74.132 - - [14/Jul/2025:15:55:11 +0000] "POST /get-message-notify HTTP/1.1" 200 18283 "https://akaventures.com.au/?y=28323126001940&mod=1731592a&uri=pin.php?entity/7899916.shtm" "Mozilla/5.0 (Linux; Android 6.0.1; Nexus 5X Build/MMB29P) AppleWebKit/537.36 (KHTML, like Gecko) Chrome/137.0.7151.119 Mobile Safari/537.36 (compatible; Googlebot/2.1; +http://www.google.com/bot.html)"
66.249.74.132 - - [14/Jul/2025:15:55:11 +0000] "GET /?y=61730954041940&mod=feac1b90&uri=pin.php?entity/9133427.shtm HTTP/1.1" 200 19739 "-" "Mozilla/5.0 (Linux; Android 6.0.1; Nexus 5X Build/MMB29P) AppleWebKit/537.36 (KHTML, like Gecko) Chrome/137.0.7151.103 Mobile Safari/537.36 (compatible; GoogleOther)"
66.249.74.130 - - [14/Jul/2025:15:55:12 +0000] "GET /?y=78106110021940&mod=4689b494&uri=pin.php?entity/6445250.shtm HTTP/1.1" 200 19604 "-" "Mozilla/5.0 (Linux; Android 6.0.1; Nexus 5X Build/MMB29P) AppleWebKit/537.36 (KHTML, like Gecko) Chrome/137.0.7151.103 Mobile Safari/537.36 (compatible; GoogleOther)"
66.249.74.130 - - [14/Jul/2025:15:55:13 +0000] "GET /?y=60576233021940&mod=0eab014d&uri=pin.php?entity/702785111.shtm HTTP/1.1" 200 18925 "-" "Mozilla/5.0 (Linux; Android 6.0.1; Nexus 5X Build/MMB29P) AppleWebKit/537.36 (KHTML, like Gecko) Chrome/137.0.7151.103 Mobile Safari/537.36 (compatible; GoogleOther)"
66.249.74.132 - - [14/Jul/2025:15:55:14 +0000] "GET /?y=6151295011940&mod=49734ad1&uri=pin.php?entity/9183364.shtm HTTP/1.1" 200 18695 "-" "Mozilla/5.0 (Linux; Android 6.0.1; Nexus 5X Build/MMB29P) AppleWebKit/537.36 (KHTML, like Gecko) Chrome/137.0.7151.103 Mobile Safari/537.36 (compatible; GoogleOther)"
66.249.74.130 - - [14/Jul/2025:15:55:14 +0000] "POST /get-message-notify HTTP/1.1" 200 18283 "https://akaventures.com.au/?y=15753936041940&mod=f942c03b&uri=goods.php?entity/6490882.shtm" "Mozilla/5.0 (Linux; Android 6.0.1; Nexus 5X Build/MMB29P) AppleWebKit/537.36 (KHTML, like Gecko) Chrome/137.0.7151.119 Mobile Safari/537.36 (compatible; Googlebot/2.1; +http://www.google.com/bot.html)"
66.249.74.131 - - [14/Jul/2025:15:55:15 +0000] "GET /?y=23723367011940&mod=6941a637&uri=pin.php?entity/41427592.shtm HTTP/1.1" 200 18791 "-" "Mozilla/5.0 (Linux; Android 6.0.1; Nexus 5X Build/MMB29P) AppleWebKit/537.36 (KHTML, like Gecko) Chrome/137.0.7151.103 Mobile Safari/537.36 (compatible; GoogleOther)"
66.249.74.130 - - [14/Jul/2025:15:55:15 +0000] "POST /get-message-notify HTTP/1.1" 200 18283 "https://akaventures.com.au/?y=46343825021940&mod=afcf99a0&uri=pin.php?entity/5062556.shtm" "Mozilla/5.0 (Linux; Android 6.0.1; Nexus 5X Build/MMB29P) AppleWebKit/537.36 (KHTML, like Gecko) Chrome/137.0.7151.119 Mobile Safari/537.36 (compatible; Googlebot/2.1; +http://www.google.com/bot.html)"
66.249.74.130 - - [14/Jul/2025:15:55:16 +0000] "GET /?y=119603440001940&mod=3bd8c683&uri=pin.php?entity/7960466.shtm HTTP/1.1" 200 19224 "-" "Mozilla/5.0 (Linux; Android 6.0.1; Nexus 5X Build/MMB29P) AppleWebKit/537.36 (KHTML, like Gecko) Chrome/137.0.7151.103 Mobile Safari/537.36 (compatible; GoogleOther)"
66.249.74.131 - - [14/Jul/2025:15:55:17 +0000] "GET /?y=71542041011940&mod=0adf033e&uri=pin.php?entity/42202626.shtm HTTP/1.1" 200 18469 "-" "Mozilla/5.0 (Linux; Android 6.0.1; Nexus 5X Build/MMB29P) AppleWebKit/537.36 (KHTML, like Gecko) Chrome/137.0.7151.103 Mobile Safari/537.36 (compatible; GoogleOther)"
66.249.74.131 - - [14/Jul/2025:15:55:18 +0000] "GET /?y=95142729021940&mod=8978fc46&uri=pin.php?entity/7931479.shtm HTTP/1.1" 200 18912 "-" "Mozilla/5.0 (Linux; Android 6.0.1; Nexus 5X Build/MMB29P) AppleWebKit/537.36 (KHTML, like Gecko) Chrome/137.0.7151.103 Mobile Safari/537.36 (compatible; GoogleOther)"
66.249.74.131 - - [14/Jul/2025:15:55:18 +0000] "GET /?y=5268885001940&mod=539c2943&uri=news.php?entity/2376372.shtm HTTP/1.1" 200 19231 "-" "Mozilla/5.0 (Linux; Android 6.0.1; Nexus 5X Build/MMB29P) AppleWebKit/537.36 (KHTML, like Gecko) Chrome/137.0.7151.103 Mobile Safari/537.36 (compatible; GoogleOther)"
66.249.74.131 - - [14/Jul/2025:15:55:19 +0000] "GET /?y=119603440001940&mod=3bd8c683&uri=pin.php?entity/9176743.shtm HTTP/1.1" 200 18293 "-" "Mozilla/5.0 (Linux; Android 6.0.1; Nexus 5X Build/MMB29P) AppleWebKit/537.36 (KHTML, like Gecko) Chrome/137.0.7151.103 Mobile Safari/537.36 (compatible; GoogleOther)"
66.249.74.130 - - [14/Jul/2025:15:55:19 +0000] "POST /get-message-notify HTTP/1.1" 200 18283 "https://akaventures.com.au/?y=103564277001940&mod=6f097859&uri=blog.php?entity/7815531.shtm" "Mozilla/5.0 (Linux; Android 6.0.1; Nexus 5X Build/MMB29P) AppleWebKit/537.36 (KHTML, like Gecko) Chrome/137.0.7151.119 Mobile Safari/537.36 (compatible; Googlebot/2.1; +http://www.google.com/bot.html)"
66.249.74.131 - - [14/Jul/2025:15:55:19 +0000] "GET /?y=58102768011940&mod=4e1612ec&uri=pin.php?entity/7807047.shtm HTTP/1.1" 200 19397 "-" "Mozilla/5.0 (Linux; Android 6.0.1; Nexus 5X Build/MMB29P) AppleWebKit/537.36 (KHTML, like Gecko) Chrome/137.0.7151.103 Mobile Safari/537.36 (compatible; GoogleOther)"
66.249.74.131 - - [14/Jul/2025:15:55:20 +0000] "GET /?y=23723367011940&mod=6941a637&uri=pin.php?entity/40029870.shtm HTTP/1.1" 200 18560 "-" "Mozilla/5.0 (Linux; Android 6.0.1; Nexus 5X Build/MMB29P) AppleWebKit/537.36 (KHTML, like Gecko) Chrome/137.0.7151.103 Mobile Safari/537.36 (compatible; GoogleOther)"
66.249.74.131 - - [14/Jul/2025:15:55:21 +0000] "POST /get-message-notify HTTP/1.1" 200 18283 "https://akaventures.com.au/?y=95142729021940&mod=8978fc46&uri=pin.php?entity/7922668.shtm" "Mozilla/5.0 (Linux; Android 6.0.1; Nexus 5X Build/MMB29P) AppleWebKit/537.36 (KHTML, like Gecko) Chrome/137.0.7151.119 Mobile Safari/537.36 (compatible; Googlebot/2.1; +http://www.google.com/bot.html)"
66.249.74.131 - - [14/Jul/2025:15:55:21 +0000] "GET /?y=46343825021940&mod=afcf99a0&uri=pin.php?entity/5070656.shtm HTTP/1.1" 200 18958 "-" "Mozilla/5.0 (Linux; Android 6.0.1; Nexus 5X Build/MMB29P) AppleWebKit/537.36 (KHTML, like Gecko) Chrome/137.0.7151.103 Mobile Safari/537.36 (compatible; GoogleOther)"
66.249.74.131 - - [14/Jul/2025:15:55:22 +0000] "POST /get-message-notify HTTP/1.1" 200 18283 "https://akaventures.com.au/?y=119603440001940&mod=3bd8c683&uri=pin.php?entity/9178860.shtm" "Mozilla/5.0 (Linux; Android 6.0.1; Nexus 5X Build/MMB29P) AppleWebKit/537.36 (KHTML, like Gecko) Chrome/137.0.7151.119 Mobile Safari/537.36 (compatible; Googlebot/2.1; +http://www.google.com/bot.html)"
66.249.74.131 - - [14/Jul/2025:15:55:22 +0000] "GET /?y=119603440001940&mod=3bd8c683&uri=pin.php?entity/9151933.shtm HTTP/1.1" 200 18764 "-" "Mozilla/5.0 (Linux; Android 6.0.1; Nexus 5X Build/MMB29P) AppleWebKit/537.36 (KHTML, like Gecko) Chrome/137.0.7151.103 Mobile Safari/537.36 (compatible; GoogleOther)"
66.249.74.132 - - [14/Jul/2025:15:55:23 +0000] "GET /?y=95148309031940&mod=dc781c44&uri=pin.php?entity/7946584.shtm HTTP/1.1" 200 19368 "-" "Mozilla/5.0 (Linux; Android 6.0.1; Nexus 5X Build/MMB29P) AppleWebKit/537.36 (KHTML, like Gecko) Chrome/137.0.7151.103 Mobile Safari/537.36 (compatible; GoogleOther)"
66.249.74.130 - - [14/Jul/2025:15:55:24 +0000] "GET /?y=119603440001940&mod=3bd8c683&uri=pin.php?entity/9243264.shtm HTTP/1.1" 200 19696 "-" "Mozilla/5.0 (Linux; Android 6.0.1; Nexus 5X Build/MMB29P) AppleWebKit/537.36 (KHTML, like Gecko) Chrome/137.0.7151.103 Mobile Safari/537.36 (compatible; GoogleOther)"
66.249.74.131 - - [14/Jul/2025:15:55:25 +0000] "GET /?y=23723367011940&mod=6941a637&uri=pin.php?entity/41378297.shtm HTTP/1.1" 200 19357 "-" "Mozilla/5.0 (Linux; Android 6.0.1; Nexus 5X Build/MMB29P) AppleWebKit/537.36 (KHTML, like Gecko) Chrome/137.0.7151.103 Mobile Safari/537.36 (compatible; GoogleOther)"
66.249.74.132 - - [14/Jul/2025:15:55:26 +0000] "GET /?y=102118151021940&mod=906a14e7&uri=pin.php?entity/9173342.shtm HTTP/1.1" 200 18967 "-" "Mozilla/5.0 (Linux; Android 6.0.1; Nexus 5X Build/MMB29P) AppleWebKit/537.36 (KHTML, like Gecko) Chrome/137.0.7151.103 Mobile Safari/537.36 (compatible; GoogleOther)"
66.249.74.132 - - [14/Jul/2025:15:55:27 +0000] "GET /?y=5397315141940&mod=da960bb5&uri=pin.php?entity/7835512.shtm HTTP/1.1" 200 19303 "-" "Mozilla/5.0 (Linux; Android 6.0.1; Nexus 5X Build/MMB29P) AppleWebKit/537.36 (KHTML, like Gecko) Chrome/137.0.7151.103 Mobile Safari/537.36 (compatible; GoogleOther)"
66.249.74.130 - - [14/Jul/2025:15:55:28 +0000] "GET /?y=62034113021940&mod=93cf926b&uri=pin.php?entity/9184526.shtm HTTP/1.1" 200 18215 "-" "Mozilla/5.0 (Linux; Android 6.0.1; Nexus 5X Build/MMB29P) AppleWebKit/537.36 (KHTML, like Gecko) Chrome/137.0.7151.103 Mobile Safari/537.36 (compatible; GoogleOther)"
66.249.74.132 - - [14/Jul/2025:15:55:29 +0000] "GET /?y=81694388011940&mod=6eebba19&uri=pin.php?entity/7949282.shtm HTTP/1.1" 200 19358 "-" "Mozilla/5.0 (Linux; Android 6.0.1; Nexus 5X Build/MMB29P) AppleWebKit/537.36 (KHTML, like Gecko) Chrome/137.0.7151.103 Mobile Safari/537.36 (compatible; GoogleOther)"
66.249.74.130 - - [14/Jul/2025:15:55:30 +0000] "GET /?y=111637560001940&mod=af235cb0&uri=pin.php?entity/7896765.shtm HTTP/1.1" 200 19365 "-" "Mozilla/5.0 (Linux; Android 6.0.1; Nexus 5X Build/MMB29P) AppleWebKit/537.36 (KHTML, like Gecko) Chrome/137.0.7151.103 Mobile Safari/537.36 (compatible; GoogleOther)"
66.249.74.130 - - [14/Jul/2025:15:55:30 +0000] "GET /?y=97021345051940&mod=a0f845a8&uri=shop.php?product_archives HTTP/1.1" 200 18653 "-" "Mozilla/5.0 (Linux; Android 6.0.1; Nexus 5X Build/MMB29P) AppleWebKit/537.36 (KHTML, like Gecko) Chrome/137.0.7151.103 Mobile Safari/537.36 (compatible; GoogleOther)"
66.249.74.132 - - [14/Jul/2025:15:55:31 +0000] "GET /?y=61730954041940&mod=feac1b90&uri=pin.php?entity/7769826.shtm HTTP/1.1" 200 19357 "-" "Mozilla/5.0 (Linux; Android 6.0.1; Nexus 5X Build/MMB29P) AppleWebKit/537.36 (KHTML, like Gecko) Chrome/137.0.7151.103 Mobile Safari/537.36 (compatible; GoogleOther)"
66.249.74.130 - - [14/Jul/2025:15:55:31 +0000] "POST /get-message-notify HTTP/1.1" 200 18283 "https://akaventures.com.au/?y=5268885001940&mod=539c2943&uri=news.php?entity/2363071.shtm" "Mozilla/5.0 (Linux; Android 6.0.1; Nexus 5X Build/MMB29P) AppleWebKit/537.36 (KHTML, like Gecko) Chrome/137.0.7151.119 Mobile Safari/537.36 (compatible; Googlebot/2.1; +http://www.google.com/bot.html)"
66.249.74.132 - - [14/Jul/2025:15:55:32 +0000] "GET /?y=5397315141940&mod=da960bb5&uri=pin.php?entity/6369268.shtm HTTP/1.1" 200 19004 "-" "Mozilla/5.0 (Linux; Android 6.0.1; Nexus 5X Build/MMB29P) AppleWebKit/537.36 (KHTML, like Gecko) Chrome/137.0.7151.103 Mobile Safari/537.36 (compatible; GoogleOther)"
66.249.74.133 - - [14/Jul/2025:15:55:33 +0000] "GET /?y=23723367011940&mod=6941a637&uri=pin.php?entity/41320455.shtm HTTP/1.1" 200 19085 "-" "Mozilla/5.0 (Linux; Android 6.0.1; Nexus 5X Build/MMB29P) AppleWebKit/537.36 (KHTML, like Gecko) Chrome/137.0.7151.103 Mobile Safari/537.36 (compatible; GoogleOther)"
66.249.74.133 - - [14/Jul/2025:15:55:34 +0000] "GET /?y=5397315141940&mod=da960bb5&uri=pin.php?entity/7821049.shtm HTTP/1.1" 200 18981 "-" "Mozilla/5.0 (Linux; Android 6.0.1; Nexus 5X Build/MMB29P) AppleWebKit/537.36 (KHTML, like Gecko) Chrome/137.0.7151.103 Mobile Safari/537.36 (compatible; GoogleOther)"
66.249.74.130 - - [14/Jul/2025:15:55:35 +0000] "GET /?y=102118151021940&mod=906a14e7&uri=pin.php?entity/9158229.shtm HTTP/1.1" 200 19351 "-" "Mozilla/5.0 (Linux; Android 6.0.1; Nexus 5X Build/MMB29P) AppleWebKit/537.36 (KHTML, like Gecko) Chrome/137.0.7151.103 Mobile Safari/537.36 (compatible; GoogleOther)"
66.249.74.133 - - [14/Jul/2025:15:55:36 +0000] "GET /?y=23723367011940&mod=6941a637&uri=pin.php?entity/7793742.shtm HTTP/1.1" 200 19445 "-" "Mozilla/5.0 (Linux; Android 6.0.1; Nexus 5X Build/MMB29P) AppleWebKit/537.36 (KHTML, like Gecko) Chrome/137.0.7151.103 Mobile Safari/537.36 (compatible; GoogleOther)"
66.249.74.133 - - [14/Jul/2025:15:55:37 +0000] "GET /?y=19542964021940&mod=0a0e4e7c&uri=pin.php?entity/6393757.shtm HTTP/1.1" 200 18978 "-" "Mozilla/5.0 (Linux; Android 6.0.1; Nexus 5X Build/MMB29P) AppleWebKit/537.36 (KHTML, like Gecko) Chrome/137.0.7151.103 Mobile Safari/537.36 (compatible; GoogleOther)"
66.249.74.130 - - [14/Jul/2025:15:55:37 +0000] "POST /get-message-notify HTTP/1.1" 200 18283 "https://akaventures.com.au/?y=5397315141940&mod=da960bb5&uri=pin.php?entity/9291667.shtm" "Mozilla/5.0 (Linux; Android 6.0.1; Nexus 5X Build/MMB29P) AppleWebKit/537.36 (KHTML, like Gecko) Chrome/137.0.7151.119 Mobile Safari/537.36 (compatible; Googlebot/2.1; +http://www.google.com/bot.html)"
66.249.74.133 - - [14/Jul/2025:15:55:37 +0000] "GET /?y=78106110021940&mod=4689b494&uri=pin.php?entity/7824911.shtm HTTP/1.1" 200 19483 "-" "Mozilla/5.0 (Linux; Android 6.0.1; Nexus 5X Build/MMB29P) AppleWebKit/537.36 (KHTML, like Gecko) Chrome/137.0.7151.103 Mobile Safari/537.36 (compatible; GoogleOther)"
66.249.74.130 - - [14/Jul/2025:15:55:38 +0000] "GET /?y=3319053031940&mod=0bf28731&uri=pin.php?entity/7793604.shtm HTTP/1.1" 200 18932 "-" "Mozilla/5.0 (Linux; Android 6.0.1; Nexus 5X Build/MMB29P) AppleWebKit/537.36 (KHTML, like Gecko) Chrome/137.0.7151.103 Mobile Safari/537.36 (compatible; GoogleOther)"
66.249.74.130 - - [14/Jul/2025:15:55:39 +0000] "GET /?y=3319053031940&mod=0bf28731&uri=pin.php?entity/9184843.shtm HTTP/1.1" 200 18980 "-" "Mozilla/5.0 (Linux; Android 6.0.1; Nexus 5X Build/MMB29P) AppleWebKit/537.36 (KHTML, like Gecko) Chrome/137.0.7151.103 Mobile Safari/537.36 (compatible; GoogleOther)"
66.249.74.133 - - [14/Jul/2025:15:55:40 +0000] "GET /?y=10099440011940&mod=410e7a82&uri=pin.php?entity/9311786.shtm HTTP/1.1" 200 19412 "-" "Mozilla/5.0 (Linux; Android 6.0.1; Nexus 5X Build/MMB29P) AppleWebKit/537.36 (KHTML, like Gecko) Chrome/137.0.7151.103 Mobile Safari/537.36 (compatible; GoogleOther)"
66.249.74.132 - - [14/Jul/2025:15:55:41 +0000] "GET /?y=58102768011940&mod=4e1612ec&uri=pin.php?entity/6414526.shtm HTTP/1.1" 200 18792 "-" "Mozilla/5.0 (Linux; Android 6.0.1; Nexus 5X Build/MMB29P) AppleWebKit/537.36 (KHTML, like Gecko) Chrome/137.0.7151.103 Mobile Safari/537.36 (compatible; GoogleOther)"
66.249.74.132 - - [14/Jul/2025:15:55:41 +0000] "POST /get-message-notify HTTP/1.1" 200 18283 "https://akaventures.com.au/?y=102118151021940&mod=906a14e7&uri=pin.php?entity/9173342.shtm" "Mozilla/5.0 (Linux; Android 6.0.1; Nexus 5X Build/MMB29P) AppleWebKit/537.36 (KHTML, like Gecko) Chrome/137.0.7151.119 Mobile Safari/537.36 (compatible; Googlebot/2.1; +http://www.google.com/bot.html)"
66.249.74.133 - - [14/Jul/2025:15:55:42 +0000] "GET /?y=58102768011940&mod=4e1612ec&uri=pin.php?entity/7757679.shtm HTTP/1.1" 200 18618 "-" "Mozilla/5.0 (Linux; Android 6.0.1; Nexus 5X Build/MMB29P) AppleWebKit/537.36 (KHTML, like Gecko) Chrome/137.0.7151.103 Mobile Safari/537.36 (compatible; GoogleOther)"
66.249.74.133 - - [14/Jul/2025:15:55:43 +0000] "GET /?y=5349200081940&mod=7d0bbf7a&uri=news.php?feature/utsunomiya/index.html HTTP/1.1" 200 19505 "-" "Mozilla/5.0 (Linux; Android 6.0.1; Nexus 5X Build/MMB29P) AppleWebKit/537.36 (KHTML, like Gecko) Chrome/137.0.7151.103 Mobile Safari/537.36 (compatible; GoogleOther)"
66.249.74.133 - - [14/Jul/2025:15:55:43 +0000] "GET /?y=19542964021940&mod=0a0e4e7c&uri=pin.php?entity/7810899.shtm HTTP/1.1" 200 19376 "-" "Mozilla/5.0 (Linux; Android 6.0.1; Nexus 5X Build/MMB29P) AppleWebKit/537.36 (KHTML, like Gecko) Chrome/137.0.7151.103 Mobile Safari/537.36 (compatible; GoogleOther)"
66.249.74.133 - - [14/Jul/2025:15:55:44 +0000] "GET /?y=23723367011940&mod=6941a637&uri=pin.php?entity/41390956.shtm HTTP/1.1" 200 19527 "-" "Mozilla/5.0 (Linux; Android 6.0.1; Nexus 5X Build/MMB29P) AppleWebKit/537.36 (KHTML, like Gecko) Chrome/137.0.7151.103 Mobile Safari/537.36 (compatible; GoogleOther)"
66.249.74.132 - - [14/Jul/2025:15:55:45 +0000] "POST /get-message-notify HTTP/1.1" 200 18283 "https://akaventures.com.au/?y=23723367011940&mod=6941a637&uri=pin.php?entity/42682760.shtm" "Mozilla/5.0 (Linux; Android 6.0.1; Nexus 5X Build/MMB29P) AppleWebKit/537.36 (KHTML, like Gecko) Chrome/137.0.7151.119 Mobile Safari/537.36 (compatible; Googlebot/2.1; +http://www.google.com/bot.html)"
66.249.74.132 - - [14/Jul/2025:15:55:45 +0000] "GET /?y=60576233021940&mod=0eab014d&uri=pin.php?entity/701503012.shtm HTTP/1.1" 200 18611 "-" "Mozilla/5.0 (Linux; Android 6.0.1; Nexus 5X Build/MMB29P) AppleWebKit/537.36 (KHTML, like Gecko) Chrome/137.0.7151.103 Mobile Safari/537.36 (compatible; GoogleOther)"
66.249.74.131 - - [14/Jul/2025:15:55:46 +0000] "GET /?y=113925450011940&mod=84106259&uri=pin.php?entity/6480340.shtm HTTP/1.1" 200 19968 "-" "Mozilla/5.0 (Linux; Android 6.0.1; Nexus 5X Build/MMB29P) AppleWebKit/537.36 (KHTML, like Gecko) Chrome/137.0.7151.103 Mobile Safari/537.36 (compatible; GoogleOther)"
66.249.74.131 - - [14/Jul/2025:15:55:47 +0000] "GET /?y=5381055031940&mod=da960bb5&uri=blog.php?entity/6427831.shtm HTTP/1.1" 200 19327 "-" "Mozilla/5.0 (Linux; Android 6.0.1; Nexus 5X Build/MMB29P) AppleWebKit/537.36 (KHTML, like Gecko) Chrome/137.0.7151.103 Mobile Safari/537.36 (compatible; GoogleOther)"
66.249.74.132 - - [14/Jul/2025:15:55:48 +0000] "GET /?y=5397315141940&mod=da960bb5&uri=pin.php?entity/9194676.shtm HTTP/1.1" 200 19465 "-" "Mozilla/5.0 (Linux; Android 6.0.1; Nexus 5X Build/MMB29P) AppleWebKit/537.36 (KHTML, like Gecko) Chrome/137.0.7151.103 Mobile Safari/537.36 (compatible; GoogleOther)"
66.249.74.134 - - [14/Jul/2025:15:55:49 +0000] "GET /?y=77128632031940&mod=53014c4d&uri=pin.php?entity/9130144.shtm HTTP/1.1" 200 19325 "-" "Mozilla/5.0 (Linux; Android 6.0.1; Nexus 5X Build/MMB29P) AppleWebKit/537.36 (KHTML, like Gecko) Chrome/137.0.7151.103 Mobile Safari/537.36 (compatible; GoogleOther)"
66.249.74.133 - - [14/Jul/2025:15:55:50 +0000] "GET /?y=95148309031940&mod=dc781c44&uri=pin.php?entity/7956092.shtm HTTP/1.1" 200 19911 "-" "Mozilla/5.0 (Linux; Android 6.0.1; Nexus 5X Build/MMB29P) AppleWebKit/537.36 (KHTML, like Gecko) Chrome/137.0.7151.103 Mobile Safari/537.36 (compatible; GoogleOther)"
66.249.74.133 - - [14/Jul/2025:15:55:51 +0000] "GET /?y=5381055031940&mod=da960bb5&uri=blog.php?entity/9227265.shtm HTTP/1.1" 200 19383 "-" "Mozilla/5.0 (Linux; Android 6.0.1; Nexus 5X Build/MMB29P) AppleWebKit/537.36 (KHTML, like Gecko) Chrome/137.0.7151.103 Mobile Safari/537.36 (compatible; GoogleOther)"
66.249.74.133 - - [14/Jul/2025:15:55:52 +0000] "GET /?y=71542041011940&mod=0adf033e&uri=pin.php?entity/42220563.shtm HTTP/1.1" 200 18844 "-" "Mozilla/5.0 (Linux; Android 6.0.1; Nexus 5X Build/MMB29P) AppleWebKit/537.36 (KHTML, like Gecko) Chrome/137.0.7151.103 Mobile Safari/537.36 (compatible; GoogleOther)"
66.249.74.130 - - [14/Jul/2025:15:55:53 +0000] "GET /?y=3319053031940&mod=0bf28731&uri=pin.php?entity/9156108.shtm HTTP/1.1" 200 19291 "-" "Mozilla/5.0 (Linux; Android 6.0.1; Nexus 5X Build/MMB29P) AppleWebKit/537.36 (KHTML, like Gecko) Chrome/137.0.7151.103 Mobile Safari/537.36 (compatible; GoogleOther)"
66.249.74.132 - - [14/Jul/2025:15:55:53 +0000] "GET /?y=6052494091940&mod=f032df87&uri=blog.php?entity/2326307.shtm HTTP/1.1" 200 19168 "-" "Mozilla/5.0 (Linux; Android 6.0.1; Nexus 5X Build/MMB29P) AppleWebKit/537.36 (KHTML, like Gecko) Chrome/137.0.7151.103 Mobile Safari/537.36 (compatible; Googlebot/2.1; +http://www.google.com/bot.html)"
66.249.74.131 - - [14/Jul/2025:15:55:53 +0000] "GET /?y=64603307021940&mod=04524c7b&uri=brands.php?entity/42287082.shtm HTTP/1.1" 200 19083 "-" "Mozilla/5.0 (Linux; Android 6.0.1; Nexus 5X Build/MMB29P) AppleWebKit/537.36 (KHTML, like Gecko) Chrome/137.0.7151.103 Mobile Safari/537.36 (compatible; GoogleOther)"
