66.249.74.133 - - [14/Jul/2025:15:24:44 +0000] "GET /?y=98158206041940&mod=5d97e76b&uri=shared.php?entity/2355038.shtm HTTP/1.1" 200 19526 "-" "Mozilla/5.0 (Linux; Android 6.0.1; Nexus 5X Build/MMB29P) AppleWebKit/537.36 (KHTML, like Gecko) Chrome/137.0.7151.103 Mobile Safari/537.36 (compatible; GoogleOther)"
66.249.74.130 - - [14/Jul/2025:15:24:45 +0000] "GET /?y=28323126001940&mod=1731592a&uri=pin.php?entity/9300281.shtm HTTP/1.1" 200 19388 "-" "Mozilla/5.0 (Linux; Android 6.0.1; Nexus 5X Build/MMB29P) AppleWebKit/537.36 (KHTML, like Gecko) Chrome/137.0.7151.103 Mobile Safari/537.36 (compatible; GoogleOther)"
66.249.74.132 - - [14/Jul/2025:15:24:45 +0000] "GET /?y=113925450011940&mod=84106259&uri=pin.php?entity/7825553.shtm HTTP/1.1" 200 19458 "-" "Mozilla/5.0 (Linux; Android 6.0.1; Nexus 5X Build/MMB29P) AppleWebKit/537.36 (KHTML, like Gecko) Chrome/137.0.7151.103 Mobile Safari/537.36 (compatible; GoogleOther)"
66.249.74.133 - - [14/Jul/2025:15:24:48 +0000] "GET /?y=77128632031940&mod=53014c4d&uri=pin.php?entity/9142746.shtm HTTP/1.1" 200 18842 "-" "Mozilla/5.0 (Linux; Android 6.0.1; Nexus 5X Build/MMB29P) AppleWebKit/537.36 (KHTML, like Gecko) Chrome/137.0.7151.103 Mobile Safari/537.36 (compatible; GoogleOther)"
66.249.74.133 - - [14/Jul/2025:15:24:48 +0000] "GET /?y=78106110021940&mod=4689b494&uri=pin.php?entity/7759028.shtm HTTP/1.1" 200 18583 "-" "Mozilla/5.0 (Linux; Android 6.0.1; Nexus 5X Build/MMB29P) AppleWebKit/537.36 (KHTML, like Gecko) Chrome/137.0.7151.103 Mobile Safari/537.36 (compatible; GoogleOther)"
66.249.74.133 - - [14/Jul/2025:15:24:48 +0000] "POST /get-message-notify HTTP/1.1" 200 18283 "https://akaventures.com.au/?y=3319053031940&mod=0bf28731&uri=pin.php?entity/6411698.shtm" "Mozilla/5.0 (Linux; Android 6.0.1; Nexus 5X Build/MMB29P) AppleWebKit/537.36 (KHTML, like Gecko) Chrome/137.0.7151.119 Mobile Safari/537.36 (compatible; Googlebot/2.1; +http://www.google.com/bot.html)"
66.249.74.130 - - [14/Jul/2025:15:24:48 +0000] "POST /get-message-notify HTTP/1.1" 200 18283 "https://akaventures.com.au/?y=5397315141940&mod=da960bb5&uri=pin.php?entity/7743212.shtm" "Mozilla/5.0 (Linux; Android 6.0.1; Nexus 5X Build/MMB29P) AppleWebKit/537.36 (KHTML, like Gecko) Chrome/137.0.7151.119 Mobile Safari/537.36 (compatible; Googlebot/2.1; +http://www.google.com/bot.html)"
66.249.74.130 - - [14/Jul/2025:15:24:49 +0000] "GET /?y=15753936041940&mod=f942c03b&uri=goods.php?entity/6513764.shtm HTTP/1.1" 200 19055 "-" "Mozilla/5.0 (Linux; Android 6.0.1; Nexus 5X Build/MMB29P) AppleWebKit/537.36 (KHTML, like Gecko) Chrome/137.0.7151.103 Mobile Safari/537.36 (compatible; GoogleOther)"
66.249.74.131 - - [14/Jul/2025:15:24:49 +0000] "GET /?y=3319053031940&mod=0bf28731&uri=pin.php?entity/9196155.shtm HTTP/1.1" 200 19149 "-" "Mozilla/5.0 (Linux; Android 6.0.1; Nexus 5X Build/MMB29P) AppleWebKit/537.36 (KHTML, like Gecko) Chrome/137.0.7151.103 Mobile Safari/537.36 (compatible; GoogleOther)"
66.249.74.130 - - [14/Jul/2025:15:24:50 +0000] "GET /?y=19542964021940&mod=0a0e4e7c&uri=pin.php?entity/7778312.shtm HTTP/1.1" 200 19484 "-" "Mozilla/5.0 (Linux; Android 6.0.1; Nexus 5X Build/MMB29P) AppleWebKit/537.36 (KHTML, like Gecko) Chrome/137.0.7151.103 Mobile Safari/537.36 (compatible; GoogleOther)"
66.249.74.130 - - [14/Jul/2025:15:24:51 +0000] "GET /?y=61730954041940&mod=feac1b90&uri=pin.php?entity/9182657.shtm HTTP/1.1" 200 18817 "-" "Mozilla/5.0 (Linux; Android 6.0.1; Nexus 5X Build/MMB29P) AppleWebKit/537.36 (KHTML, like Gecko) Chrome/137.0.7151.103 Mobile Safari/537.36 (compatible; GoogleOther)"
66.249.74.131 - - [14/Jul/2025:15:24:52 +0000] "GET /?y=5381055031940&mod=da960bb5&uri=blog.php?entity/10588928.shtm HTTP/1.1" 200 19428 "-" "Mozilla/5.0 (Linux; Android 6.0.1; Nexus 5X Build/MMB29P) AppleWebKit/537.36 (KHTML, like Gecko) Chrome/137.0.7151.103 Mobile Safari/537.36 (compatible; GoogleOther)"
66.249.74.130 - - [14/Jul/2025:15:24:53 +0000] "GET /?y=102118151021940&mod=906a14e7&uri=pin.php?entity/9262676.shtm HTTP/1.1" 200 19344 "-" "Mozilla/5.0 (Linux; Android 6.0.1; Nexus 5X Build/MMB29P) AppleWebKit/537.36 (KHTML, like Gecko) Chrome/137.0.7151.103 Mobile Safari/537.36 (compatible; GoogleOther)"
66.249.74.131 - - [14/Jul/2025:15:24:54 +0000] "GET /?y=28323126001940&mod=1731592a&uri=pin.php?entity/7969080.shtm HTTP/1.1" 200 18336 "-" "Mozilla/5.0 (Linux; Android 6.0.1; Nexus 5X Build/MMB29P) AppleWebKit/537.36 (KHTML, like Gecko) Chrome/137.0.7151.103 Mobile Safari/537.36 (compatible; GoogleOther)"
66.249.74.132 - - [14/Jul/2025:15:24:55 +0000] "GET /?y=111637560001940&mod=af235cb0&uri=pin.php?entity/10619012.shtm HTTP/1.1" 200 19319 "-" "Mozilla/5.0 (Linux; Android 6.0.1; Nexus 5X Build/MMB29P) AppleWebKit/537.36 (KHTML, like Gecko) Chrome/137.0.7151.103 Mobile Safari/537.36 (compatible; GoogleOther)"
66.249.74.133 - - [14/Jul/2025:15:24:56 +0000] "GET /?y=3319053031940&mod=0bf28731&uri=pin.php?entity/9122822.shtm HTTP/1.1" 200 18657 "-" "Mozilla/5.0 (Linux; Android 6.0.1; Nexus 5X Build/MMB29P) AppleWebKit/537.36 (KHTML, like Gecko) Chrome/137.0.7151.103 Mobile Safari/537.36 (compatible; GoogleOther)"
66.249.74.131 - - [14/Jul/2025:15:24:57 +0000] "GET /?y=60576233021940&mod=0eab014d&uri=pin.php?entity/701534120.shtm HTTP/1.1" 200 19420 "-" "Mozilla/5.0 (Linux; Android 6.0.1; Nexus 5X Build/MMB29P) AppleWebKit/537.36 (KHTML, like Gecko) Chrome/137.0.7151.103 Mobile Safari/537.36 (compatible; GoogleOther)"
66.249.74.130 - - [14/Jul/2025:15:24:58 +0000] "GET /?y=15753936041940&mod=f942c03b&uri=goods.php?entity/5105303.shtm HTTP/1.1" 200 19372 "-" "Mozilla/5.0 (Linux; Android 6.0.1; Nexus 5X Build/MMB29P) AppleWebKit/537.36 (KHTML, like Gecko) Chrome/137.0.7151.103 Mobile Safari/537.36 (compatible; GoogleOther)"
66.249.74.134 - - [14/Jul/2025:15:24:59 +0000] "GET /?y=19542964021940&mod=0a0e4e7c&uri=pin.php?entity/6377762.shtm HTTP/1.1" 200 19701 "-" "Mozilla/5.0 (Linux; Android 6.0.1; Nexus 5X Build/MMB29P) AppleWebKit/537.36 (KHTML, like Gecko) Chrome/137.0.7151.103 Mobile Safari/537.36 (compatible; GoogleOther)"
66.249.74.133 - - [14/Jul/2025:15:24:59 +0000] "GET /?y=113925450011940&mod=84106259&uri=pin.php?entity/7898055.shtm HTTP/1.1" 200 19285 "-" "Mozilla/5.0 (Linux; Android 6.0.1; Nexus 5X Build/MMB29P) AppleWebKit/537.36 (KHTML, like Gecko) Chrome/137.0.7151.103 Mobile Safari/537.36 (compatible; GoogleOther)"
66.249.74.131 - - [14/Jul/2025:15:25:00 +0000] "GET /?y=119603440001940&mod=3bd8c683&uri=pin.php?entity/7944467.shtm HTTP/1.1" 200 18590 "-" "Mozilla/5.0 (Linux; Android 6.0.1; Nexus 5X Build/MMB29P) AppleWebKit/537.36 (KHTML, like Gecko) Chrome/137.0.7151.103 Mobile Safari/537.36 (compatible; GoogleOther)"
66.249.74.130 - - [14/Jul/2025:15:25:02 +0000] "GET /?y=5397315141940&mod=da960bb5&uri=pin.php?entity/6568719.shtm HTTP/1.1" 200 19067 "-" "Mozilla/5.0 (Linux; Android 6.0.1; Nexus 5X Build/MMB29P) AppleWebKit/537.36 (KHTML, like Gecko) Chrome/137.0.7151.103 Mobile Safari/537.36 (compatible; GoogleOther)"
66.249.74.133 - - [14/Jul/2025:15:25:02 +0000] "GET /?y=23795827061940&mod=943a587a&uri=blog.php?entity/38584064.shtm HTTP/1.1" 200 18970 "-" "Mozilla/5.0 (Linux; Android 6.0.1; Nexus 5X Build/MMB29P) AppleWebKit/537.36 (KHTML, like Gecko) Chrome/137.0.7151.103 Mobile Safari/537.36 (compatible; GoogleOther)"
66.249.74.133 - - [14/Jul/2025:15:25:03 +0000] "GET /?y=78106110021940&mod=4689b494&uri=pin.php?entity/7850174.shtm HTTP/1.1" 200 19462 "-" "Mozilla/5.0 (Linux; Android 6.0.1; Nexus 5X Build/MMB29P) AppleWebKit/537.36 (KHTML, like Gecko) Chrome/137.0.7151.103 Mobile Safari/537.36 (compatible; GoogleOther)"
66.249.74.131 - - [14/Jul/2025:15:25:04 +0000] "GET /?y=60576233021940&mod=0eab014d&uri=pin.php?entity/7784285.shtm HTTP/1.1" 200 19362 "-" "Mozilla/5.0 (Linux; Android 6.0.1; Nexus 5X Build/MMB29P) AppleWebKit/537.36 (KHTML, like Gecko) Chrome/137.0.7151.103 Mobile Safari/537.36 (compatible; GoogleOther)"
66.249.74.132 - - [14/Jul/2025:15:25:05 +0000] "GET /?y=77128632031940&mod=53014c4d&uri=pin.php?entity/9233884.shtm HTTP/1.1" 200 19222 "-" "Mozilla/5.0 (Linux; Android 6.0.1; Nexus 5X Build/MMB29P) AppleWebKit/537.36 (KHTML, like Gecko) Chrome/137.0.7151.103 Mobile Safari/537.36 (compatible; GoogleOther)"
66.249.74.130 - - [14/Jul/2025:15:25:06 +0000] "GET /?y=95142729021940&mod=8978fc46&uri=pin.php?entity/9289290.shtm HTTP/1.1" 200 18909 "-" "Mozilla/5.0 (Linux; Android 6.0.1; Nexus 5X Build/MMB29P) AppleWebKit/537.36 (KHTML, like Gecko) Chrome/137.0.7151.103 Mobile Safari/537.36 (compatible; GoogleOther)"
66.249.74.132 - - [14/Jul/2025:15:25:07 +0000] "GET /?y=60576233021940&mod=0eab014d&uri=pin.php?entity/702847522.shtm HTTP/1.1" 200 19390 "-" "Mozilla/5.0 (Linux; Android 6.0.1; Nexus 5X Build/MMB29P) AppleWebKit/537.36 (KHTML, like Gecko) Chrome/137.0.7151.103 Mobile Safari/537.36 (compatible; GoogleOther)"
66.249.74.131 - - [14/Jul/2025:15:25:08 +0000] "GET /?y=111637560001940&mod=af235cb0&uri=pin.php?entity/9347715.shtm HTTP/1.1" 200 18276 "-" "Mozilla/5.0 (Linux; Android 6.0.1; Nexus 5X Build/MMB29P) AppleWebKit/537.36 (KHTML, like Gecko) Chrome/137.0.7151.103 Mobile Safari/537.36 (compatible; GoogleOther)"
66.249.74.131 - - [14/Jul/2025:15:25:09 +0000] "GET /?y=81694388011940&mod=6eebba19&uri=pin.php?entity/7953975.shtm HTTP/1.1" 200 19487 "-" "Mozilla/5.0 (Linux; Android 6.0.1; Nexus 5X Build/MMB29P) AppleWebKit/537.36 (KHTML, like Gecko) Chrome/137.0.7151.103 Mobile Safari/537.36 (compatible; GoogleOther)"
66.249.74.131 - - [14/Jul/2025:15:25:10 +0000] "GET /?y=81890744021940&mod=cdf1e288&uri=product.php?entity/5056193.shtm HTTP/1.1" 200 19563 "-" "Mozilla/5.0 (Linux; Android 6.0.1; Nexus 5X Build/MMB29P) AppleWebKit/537.36 (KHTML, like Gecko) Chrome/137.0.7151.103 Mobile Safari/537.36 (compatible; GoogleOther)"
66.249.74.130 - - [14/Jul/2025:15:25:11 +0000] "GET /?y=23723367011940&mod=6941a637&uri=pin.php?entity/41435507.shtm HTTP/1.1" 200 19367 "-" "Mozilla/5.0 (Linux; Android 6.0.1; Nexus 5X Build/MMB29P) AppleWebKit/537.36 (KHTML, like Gecko) Chrome/137.0.7151.103 Mobile Safari/537.36 (compatible; GoogleOther)"
66.249.74.131 - - [14/Jul/2025:15:25:12 +0000] "GET /?y=46343825021940&mod=afcf99a0&uri=pin.php?entity/3774102.shtm HTTP/1.1" 200 18581 "-" "Mozilla/5.0 (Linux; Android 6.0.1; Nexus 5X Build/MMB29P) AppleWebKit/537.36 (KHTML, like Gecko) Chrome/137.0.7151.103 Mobile Safari/537.36 (compatible; GoogleOther)"
66.249.74.130 - - [14/Jul/2025:15:25:13 +0000] "GET /?y=78106110021940&mod=4689b494&uri=pin.php?entity/7865596.shtm HTTP/1.1" 200 19396 "-" "Mozilla/5.0 (Linux; Android 6.0.1; Nexus 5X Build/MMB29P) AppleWebKit/537.36 (KHTML, like Gecko) Chrome/137.0.7151.103 Mobile Safari/537.36 (compatible; GoogleOther)"
66.249.74.130 - - [14/Jul/2025:15:25:14 +0000] "GET /?y=81694388011940&mod=6eebba19&uri=pin.php?entity/7978403.shtm HTTP/1.1" 200 19256 "-" "Mozilla/5.0 (Linux; Android 6.0.1; Nexus 5X Build/MMB29P) AppleWebKit/537.36 (KHTML, like Gecko) Chrome/137.0.7151.103 Mobile Safari/537.36 (compatible; GoogleOther)"
66.249.74.131 - - [14/Jul/2025:15:25:15 +0000] "GET /?y=15753936041940&mod=f942c03b&uri=goods.php?entity/6498204.shtm HTTP/1.1" 200 19404 "-" "Mozilla/5.0 (Linux; Android 6.0.1; Nexus 5X Build/MMB29P) AppleWebKit/537.36 (KHTML, like Gecko) Chrome/137.0.7151.103 Mobile Safari/537.36 (compatible; GoogleOther)"
66.249.74.131 - - [14/Jul/2025:15:25:16 +0000] "GET /?y=58102768011940&mod=4e1612ec&uri=pin.php?entity/6373772.shtm HTTP/1.1" 200 19425 "-" "Mozilla/5.0 (Linux; Android 6.0.1; Nexus 5X Build/MMB29P) AppleWebKit/537.36 (KHTML, like Gecko) Chrome/137.0.7151.103 Mobile Safari/537.36 (compatible; GoogleOther)"
66.249.74.131 - - [14/Jul/2025:15:25:16 +0000] "GET /?y=60576233021940&mod=0eab014d&uri=pin.php?entity/9086759.shtm HTTP/1.1" 200 19501 "-" "Mozilla/5.0 (Linux; Android 6.0.1; Nexus 5X Build/MMB29P) AppleWebKit/537.36 (KHTML, like Gecko) Chrome/137.0.7151.103 Mobile Safari/537.36 (compatible; GoogleOther)"
66.249.74.130 - - [14/Jul/2025:15:25:17 +0000] "GET /?y=5397315141940&mod=da960bb5&uri=pin.php?entity/9251886.shtm HTTP/1.1" 200 18921 "-" "Mozilla/5.0 (Linux; Android 6.0.1; Nexus 5X Build/MMB29P) AppleWebKit/537.36 (KHTML, like Gecko) Chrome/137.0.7151.103 Mobile Safari/537.36 (compatible; GoogleOther)"
66.249.74.130 - - [14/Jul/2025:15:25:18 +0000] "GET /?y=111637560001940&mod=af235cb0&uri=pin.php?entity/9296299.shtm HTTP/1.1" 200 19326 "-" "Mozilla/5.0 (Linux; Android 6.0.1; Nexus 5X Build/MMB29P) AppleWebKit/537.36 (KHTML, like Gecko) Chrome/137.0.7151.103 Mobile Safari/537.36 (compatible; GoogleOther)"
66.249.74.131 - - [14/Jul/2025:15:25:19 +0000] "GET /?y=23795827061940&mod=943a587a&uri=blog.php?entity/7838212.shtm HTTP/1.1" 200 18186 "-" "Mozilla/5.0 (Linux; Android 6.0.1; Nexus 5X Build/MMB29P) AppleWebKit/537.36 (KHTML, like Gecko) Chrome/137.0.7151.103 Mobile Safari/537.36 (compatible; GoogleOther)"
66.249.74.130 - - [14/Jul/2025:15:25:21 +0000] "GET /?y=19542964021940&mod=0a0e4e7c&uri=pin.php?entity/7872148.shtm HTTP/1.1" 200 19328 "-" "Mozilla/5.0 (Linux; Android 6.0.1; Nexus 5X Build/MMB29P) AppleWebKit/537.36 (KHTML, like Gecko) Chrome/137.0.7151.103 Mobile Safari/537.36 (compatible; GoogleOther)"
66.249.74.130 - - [14/Jul/2025:15:25:21 +0000] "GET /?y=5397315141940&mod=da960bb5&uri=pin.php?entity/6369979.shtm HTTP/1.1" 200 18730 "-" "Mozilla/5.0 (Linux; Android 6.0.1; Nexus 5X Build/MMB29P) AppleWebKit/537.36 (KHTML, like Gecko) Chrome/137.0.7151.103 Mobile Safari/537.36 (compatible; GoogleOther)"
66.249.74.130 - - [14/Jul/2025:15:25:22 +0000] "GET /?y=5397315141940&mod=da960bb5&uri=pin.php?entity/9255738.shtm HTTP/1.1" 200 19515 "-" "Mozilla/5.0 (Linux; Android 6.0.1; Nexus 5X Build/MMB29P) AppleWebKit/537.36 (KHTML, like Gecko) Chrome/137.0.7151.103 Mobile Safari/537.36 (compatible; GoogleOther)"
66.249.74.131 - - [14/Jul/2025:15:25:23 +0000] "GET /?y=23723367011940&mod=6941a637&uri=pin.php?entity/41416408.shtm HTTP/1.1" 200 18342 "-" "Mozilla/5.0 (Linux; Android 6.0.1; Nexus 5X Build/MMB29P) AppleWebKit/537.36 (KHTML, like Gecko) Chrome/137.0.7151.103 Mobile Safari/537.36 (compatible; GoogleOther)"
66.249.74.131 - - [14/Jul/2025:15:25:24 +0000] "GET /?y=62034113021940&mod=93cf926b&uri=pin.php?entity/10524524.shtm HTTP/1.1" 200 18790 "-" "Mozilla/5.0 (Linux; Android 6.0.1; Nexus 5X Build/MMB29P) AppleWebKit/537.36 (KHTML, like Gecko) Chrome/137.0.7151.103 Mobile Safari/537.36 (compatible; GoogleOther)"
66.249.74.130 - - [14/Jul/2025:15:25:25 +0000] "GET /?y=102118151021940&mod=906a14e7&uri=pin.php?entity/7824911.shtm HTTP/1.1" 200 19491 "-" "Mozilla/5.0 (Linux; Android 6.0.1; Nexus 5X Build/MMB29P) AppleWebKit/537.36 (KHTML, like Gecko) Chrome/137.0.7151.103 Mobile Safari/537.36 (compatible; GoogleOther)"
66.249.74.130 - - [14/Jul/2025:15:25:26 +0000] "GET /?y=28323126001940&mod=1731592a&uri=pin.php?entity/9356199.shtm HTTP/1.1" 200 19392 "-" "Mozilla/5.0 (Linux; Android 6.0.1; Nexus 5X Build/MMB29P) AppleWebKit/537.36 (KHTML, like Gecko) Chrome/137.0.7151.103 Mobile Safari/537.36 (compatible; GoogleOther)"
66.249.74.130 - - [14/Jul/2025:15:25:27 +0000] "GET /?y=19542964021940&mod=0a0e4e7c&uri=pin.php?entity/7794315.shtm HTTP/1.1" 200 19417 "-" "Mozilla/5.0 (Linux; Android 6.0.1; Nexus 5X Build/MMB29P) AppleWebKit/537.36 (KHTML, like Gecko) Chrome/137.0.7151.103 Mobile Safari/537.36 (compatible; GoogleOther)"
66.249.74.131 - - [14/Jul/2025:15:25:28 +0000] "GET /?y=77128632031940&mod=53014c4d&uri=pin.php?entity/9160033.shtm HTTP/1.1" 200 18846 "-" "Mozilla/5.0 (Linux; Android 6.0.1; Nexus 5X Build/MMB29P) AppleWebKit/537.36 (KHTML, like Gecko) Chrome/137.0.7151.103 Mobile Safari/537.36 (compatible; GoogleOther)"
66.249.74.130 - - [14/Jul/2025:15:25:29 +0000] "GET /?y=71542041011940&mod=0adf033e&uri=pin.php?entity/6531628.shtm HTTP/1.1" 200 18861 "-" "Mozilla/5.0 (Linux; Android 6.0.1; Nexus 5X Build/MMB29P) AppleWebKit/537.36 (KHTML, like Gecko) Chrome/137.0.7151.103 Mobile Safari/537.36 (compatible; GoogleOther)"
66.249.74.130 - - [14/Jul/2025:15:25:30 +0000] "GET /?y=19542964021940&mod=0a0e4e7c&uri=pin.php?entity/7900566.shtm HTTP/1.1" 200 19389 "-" "Mozilla/5.0 (Linux; Android 6.0.1; Nexus 5X Build/MMB29P) AppleWebKit/537.36 (KHTML, like Gecko) Chrome/137.0.7151.103 Mobile Safari/537.36 (compatible; GoogleOther)"
66.249.74.130 - - [14/Jul/2025:15:25:31 +0000] "GET /?y=113925450011940&mod=84106259&uri=pin.php?entity/9231117.shtm HTTP/1.1" 200 18389 "-" "Mozilla/5.0 (Linux; Android 6.0.1; Nexus 5X Build/MMB29P) AppleWebKit/537.36 (KHTML, like Gecko) Chrome/137.0.7151.103 Mobile Safari/537.36 (compatible; GoogleOther)"
66.249.74.130 - - [14/Jul/2025:15:25:32 +0000] "GET /?y=19542964021940&mod=0a0e4e7c&uri=pin.php?entity/7793742.shtm HTTP/1.1" 200 19447 "-" "Mozilla/5.0 (Linux; Android 6.0.1; Nexus 5X Build/MMB29P) AppleWebKit/537.36 (KHTML, like Gecko) Chrome/137.0.7151.103 Mobile Safari/537.36 (compatible; GoogleOther)"
66.249.74.130 - - [14/Jul/2025:15:25:33 +0000] "GET /?y=5397315141940&mod=da960bb5&uri=pin.php?entity/6367151.shtm HTTP/1.1" 200 19427 "-" "Mozilla/5.0 (Linux; Android 6.0.1; Nexus 5X Build/MMB29P) AppleWebKit/537.36 (KHTML, like Gecko) Chrome/137.0.7151.103 Mobile Safari/537.36 (compatible; GoogleOther)"
66.249.74.130 - - [14/Jul/2025:15:25:34 +0000] "GET /?y=113925450011940&mod=84106259&uri=pin.php?entity/7954617.shtm HTTP/1.1" 200 18791 "-" "Mozilla/5.0 (Linux; Android 6.0.1; Nexus 5X Build/MMB29P) AppleWebKit/537.36 (KHTML, like Gecko) Chrome/137.0.7151.103 Mobile Safari/537.36 (compatible; GoogleOther)"
66.249.74.131 - - [14/Jul/2025:15:25:35 +0000] "GET /?y=71542041011940&mod=0adf033e&uri=pin.php?entity/6527646.shtm HTTP/1.1" 200 19157 "-" "Mozilla/5.0 (Linux; Android 6.0.1; Nexus 5X Build/MMB29P) AppleWebKit/537.36 (KHTML, like Gecko) Chrome/137.0.7151.103 Mobile Safari/537.36 (compatible; GoogleOther)"
66.249.74.130 - - [14/Jul/2025:15:25:35 +0000] "GET /?y=70791163081940&mod=66f0eb7a&uri=pin.php?entity/2355038.shtm HTTP/1.1" 200 19517 "-" "Mozilla/5.0 (Linux; Android 6.0.1; Nexus 5X Build/MMB29P) AppleWebKit/537.36 (KHTML, like Gecko) Chrome/137.0.7151.103 Mobile Safari/537.36 (compatible; GoogleOther)"
66.249.74.131 - - [14/Jul/2025:15:25:36 +0000] "GET /?y=111637560001940&mod=af235cb0&uri=pin.php?entity/9293784.shtm HTTP/1.1" 200 18702 "-" "Mozilla/5.0 (Linux; Android 6.0.1; Nexus 5X Build/MMB29P) AppleWebKit/537.36 (KHTML, like Gecko) Chrome/137.0.7151.103 Mobile Safari/537.36 (compatible; GoogleOther)"
66.249.74.131 - - [14/Jul/2025:15:25:37 +0000] "GET /?y=46343825021940&mod=afcf99a0&uri=pin.php?entity/5167137.shtm HTTP/1.1" 200 19578 "-" "Mozilla/5.0 (Linux; Android 6.0.1; Nexus 5X Build/MMB29P) AppleWebKit/537.36 (KHTML, like Gecko) Chrome/137.0.7151.103 Mobile Safari/537.36 (compatible; GoogleOther)"
66.249.74.131 - - [14/Jul/2025:15:25:38 +0000] "GET /?y=46343825021940&mod=afcf99a0&uri=pin.php?entity/5064815.shtm HTTP/1.1" 200 19441 "-" "Mozilla/5.0 (Linux; Android 6.0.1; Nexus 5X Build/MMB29P) AppleWebKit/537.36 (KHTML, like Gecko) Chrome/137.0.7151.103 Mobile Safari/537.36 (compatible; GoogleOther)"
66.249.74.131 - - [14/Jul/2025:15:25:39 +0000] "GET /?y=95148309031940&mod=dc781c44&uri=pin.php?entity/7920551.shtm HTTP/1.1" 200 19374 "-" "Mozilla/5.0 (Linux; Android 6.0.1; Nexus 5X Build/MMB29P) AppleWebKit/537.36 (KHTML, like Gecko) Chrome/137.0.7151.103 Mobile Safari/537.36 (compatible; GoogleOther)"
66.249.74.130 - - [14/Jul/2025:15:25:40 +0000] "GET /?y=119603440001940&mod=3bd8c683&uri=pin.php?entity/40093697.shtm HTTP/1.1" 200 19464 "-" "Mozilla/5.0 (Linux; Android 6.0.1; Nexus 5X Build/MMB29P) AppleWebKit/537.36 (KHTML, like Gecko) Chrome/137.0.7151.103 Mobile Safari/537.36 (compatible; GoogleOther)"
66.249.74.130 - - [14/Jul/2025:15:25:41 +0000] "GET /?y=111637560001940&mod=af235cb0&uri=pin.php?entity/9246547.shtm HTTP/1.1" 200 19556 "-" "Mozilla/5.0 (Linux; Android 6.0.1; Nexus 5X Build/MMB29P) AppleWebKit/537.36 (KHTML, like Gecko) Chrome/137.0.7151.103 Mobile Safari/537.36 (compatible; GoogleOther)"
66.249.74.130 - - [14/Jul/2025:15:25:42 +0000] "GET /?y=60576233021940&mod=0eab014d&uri=pin.php?entity/702791474.shtm HTTP/1.1" 200 19002 "-" "Mozilla/5.0 (Linux; Android 6.0.1; Nexus 5X Build/MMB29P) AppleWebKit/537.36 (KHTML, like Gecko) Chrome/137.0.7151.103 Mobile Safari/537.36 (compatible; GoogleOther)"
66.249.74.131 - - [14/Jul/2025:15:25:43 +0000] "GET /?y=5753517031940&mod=587fa921&uri=category-info.php?hobby/boardgame/index.html HTTP/1.1" 200 19539 "-" "Mozilla/5.0 (Linux; Android 6.0.1; Nexus 5X Build/MMB29P) AppleWebKit/537.36 (KHTML, like Gecko) Chrome/137.0.7151.103 Mobile Safari/537.36 (compatible; Googlebot/2.1; +http://www.google.com/bot.html)"
66.249.74.133 - - [14/Jul/2025:15:25:43 +0000] "GET /?y=95148309031940&mod=dc781c44&uri=pin.php?entity/7970047.shtm HTTP/1.1" 200 19151 "-" "Mozilla/5.0 (Linux; Android 6.0.1; Nexus 5X Build/MMB29P) AppleWebKit/537.36 (KHTML, like Gecko) Chrome/137.0.7151.103 Mobile Safari/537.36 (compatible; GoogleOther)"
66.249.74.132 - - [14/Jul/2025:15:25:44 +0000] "GET /?y=6151295011940&mod=49734ad1&uri=pin.php?entity/9162861.shtm HTTP/1.1" 200 18766 "-" "Mozilla/5.0 (Linux; Android 6.0.1; Nexus 5X Build/MMB29P) AppleWebKit/537.36 (KHTML, like Gecko) Chrome/137.0.7151.103 Mobile Safari/537.36 (compatible; GoogleOther)"
66.249.74.133 - - [14/Jul/2025:15:25:45 +0000] "GET /?y=71542041011940&mod=0adf033e&uri=pin.php?entity/6473719.shtm HTTP/1.1" 200 18460 "-" "Mozilla/5.0 (Linux; Android 6.0.1; Nexus 5X Build/MMB29P) AppleWebKit/537.36 (KHTML, like Gecko) Chrome/137.0.7151.103 Mobile Safari/537.36 (compatible; GoogleOther)"
66.249.75.200 - - [14/Jul/2025:15:25:46 +0000] "GET /?y=75434074011940&mod=cf1a7166&uri=pin.php?entity/2384472.shtm HTTP/1.1" 200 19207 "-" "Mozilla/5.0 (Linux; Android 6.0.1; Nexus 5X Build/MMB29P) AppleWebKit/537.36 (KHTML, like Gecko) Chrome/137.0.7151.103 Mobile Safari/537.36 (compatible; GoogleOther)"
66.249.74.130 - - [14/Jul/2025:15:25:47 +0000] "GET /?y=119603440001940&mod=3bd8c683&uri=pin.php?entity/9182657.shtm HTTP/1.1" 200 18821 "-" "Mozilla/5.0 (Linux; Android 6.0.1; Nexus 5X Build/MMB29P) AppleWebKit/537.36 (KHTML, like Gecko) Chrome/137.0.7151.103 Mobile Safari/537.36 (compatible; GoogleOther)"
66.249.74.130 - - [14/Jul/2025:15:25:48 +0000] "GET /?y=19542964021940&mod=0a0e4e7c&uri=pin.php?entity/7761149.shtm HTTP/1.1" 200 19292 "-" "Mozilla/5.0 (Linux; Android 6.0.1; Nexus 5X Build/MMB29P) AppleWebKit/537.36 (KHTML, like Gecko) Chrome/137.0.7151.103 Mobile Safari/537.36 (compatible; GoogleOther)"
66.249.74.132 - - [14/Jul/2025:15:25:50 +0000] "GET /?y=28323126001940&mod=1731592a&uri=pin.php?entity/7958735.shtm HTTP/1.1" 200 19334 "-" "Mozilla/5.0 (Linux; Android 6.0.1; Nexus 5X Build/MMB29P) AppleWebKit/537.36 (KHTML, like Gecko) Chrome/137.0.7151.103 Mobile Safari/537.36 (compatible; GoogleOther)"
66.249.74.132 - - [14/Jul/2025:15:25:50 +0000] "POST /get-message-notify HTTP/1.1" 200 18283 "https://akaventures.com.au/?y=77128632031940&mod=53014c4d&uri=pin.php?entity/7834358.shtm" "Mozilla/5.0 (Linux; Android 6.0.1; Nexus 5X Build/MMB29P) AppleWebKit/537.36 (KHTML, like Gecko) Chrome/137.0.7151.119 Mobile Safari/537.36 (compatible; Googlebot/2.1; +http://www.google.com/bot.html)"
66.249.74.133 - - [14/Jul/2025:15:25:51 +0000] "GET /?y=77910396011940&mod=aa5f65a0&uri=pin.php?entity/10531726.shtm HTTP/1.1" 200 19238 "-" "Mozilla/5.0 (Linux; Android 6.0.1; Nexus 5X Build/MMB29P) AppleWebKit/537.36 (KHTML, like Gecko) Chrome/137.0.7151.103 Mobile Safari/537.36 (compatible; GoogleOther)"
66.249.74.133 - - [14/Jul/2025:15:25:51 +0000] "GET /?y=3319053031940&mod=0bf28731&uri=pin.php?entity/10673522.shtm HTTP/1.1" 200 19623 "-" "Mozilla/5.0 (Linux; Android 6.0.1; Nexus 5X Build/MMB29P) AppleWebKit/537.36 (KHTML, like Gecko) Chrome/137.0.7151.103 Mobile Safari/537.36 (compatible; GoogleOther)"
66.249.74.133 - - [14/Jul/2025:15:25:53 +0000] "GET /?y=77910396011940&mod=aa5f65a0&uri=pin.php?entity/10573892.shtm HTTP/1.1" 200 19233 "-" "Mozilla/5.0 (Linux; Android 6.0.1; Nexus 5X Build/MMB29P) AppleWebKit/537.36 (KHTML, like Gecko) Chrome/137.0.7151.103 Mobile Safari/537.36 (compatible; GoogleOther)"
66.249.74.133 - - [14/Jul/2025:15:25:54 +0000] "GET /?y=77910396011940&mod=aa5f65a0&uri=pin.php?entity/10576269.shtm HTTP/1.1" 200 19769 "-" "Mozilla/5.0 (Linux; Android 6.0.1; Nexus 5X Build/MMB29P) AppleWebKit/537.36 (KHTML, like Gecko) Chrome/137.0.7151.103 Mobile Safari/537.36 (compatible; GoogleOther)"
66.249.74.131 - - [14/Jul/2025:15:25:54 +0000] "GET /?y=5397315141940&mod=da960bb5&uri=pin.php?entity/10696207.shtm HTTP/1.1" 200 18634 "-" "Mozilla/5.0 (Linux; Android 6.0.1; Nexus 5X Build/MMB29P) AppleWebKit/537.36 (KHTML, like Gecko) Chrome/137.0.7151.103 Mobile Safari/537.36 (compatible; GoogleOther)"
66.249.74.131 - - [14/Jul/2025:15:25:55 +0000] "GET /?y=3319053031940&mod=0bf28731&uri=pin.php?entity/10669532.shtm HTTP/1.1" 200 18969 "-" "Mozilla/5.0 (Linux; Android 6.0.1; Nexus 5X Build/MMB29P) AppleWebKit/537.36 (KHTML, like Gecko) Chrome/137.0.7151.103 Mobile Safari/537.36 (compatible; GoogleOther)"
66.249.74.133 - - [14/Jul/2025:15:25:57 +0000] "GET /?y=77128632031940&mod=53014c4d&uri=pin.php?entity/10545031.shtm HTTP/1.1" 200 19644 "-" "Mozilla/5.0 (Linux; Android 6.0.1; Nexus 5X Build/MMB29P) AppleWebKit/537.36 (KHTML, like Gecko) Chrome/137.0.7151.103 Mobile Safari/537.36 (compatible; GoogleOther)"
66.249.74.130 - - [14/Jul/2025:15:25:58 +0000] "GET /?y=62034113021940&mod=93cf926b&uri=pin.php?entity/10531149.shtm HTTP/1.1" 200 18972 "-" "Mozilla/5.0 (Linux; Android 6.0.1; Nexus 5X Build/MMB29P) AppleWebKit/537.36 (KHTML, like Gecko) Chrome/137.0.7151.103 Mobile Safari/537.36 (compatible; GoogleOther)"
66.249.74.130 - - [14/Jul/2025:15:25:58 +0000] "GET /?y=77910396011940&mod=aa5f65a0&uri=pin.php?entity/10486606.shtm HTTP/1.1" 200 19363 "-" "Mozilla/5.0 (Linux; Android 6.0.1; Nexus 5X Build/MMB29P) AppleWebKit/537.36 (KHTML, like Gecko) Chrome/137.0.7151.103 Mobile Safari/537.36 (compatible; GoogleOther)"
66.249.74.134 - - [14/Jul/2025:15:25:59 +0000] "GET /?y=103564277001940&mod=6f097859&uri=blog.php?entity/6458427.shtm HTTP/1.1" 200 19351 "-" "Mozilla/5.0 (Linux; Android 6.0.1; Nexus 5X Build/MMB29P) AppleWebKit/537.36 (KHTML, like Gecko) Chrome/137.0.7151.103 Mobile Safari/537.36 (compatible; GoogleOther)"
66.249.74.132 - - [14/Jul/2025:15:26:00 +0000] "POST /get-message-notify HTTP/1.1" 200 18283 "https://akaventures.com.au/?y=77128632031940&mod=53014c4d&uri=pin.php?entity/7833395.shtm" "Mozilla/5.0 (Linux; Android 6.0.1; Nexus 5X Build/MMB29P) AppleWebKit/537.36 (KHTML, like Gecko) Chrome/137.0.7151.119 Mobile Safari/537.36 (compatible; Googlebot/2.1; +http://www.google.com/bot.html)"
66.249.74.133 - - [14/Jul/2025:15:26:00 +0000] "GET /?y=103564277001940&mod=6f097859&uri=blog.php?entity/7818928.shtm HTTP/1.1" 200 19065 "-" "Mozilla/5.0 (Linux; Android 6.0.1; Nexus 5X Build/MMB29P) AppleWebKit/537.36 (KHTML, like Gecko) Chrome/137.0.7151.103 Mobile Safari/537.36 (compatible; GoogleOther)"
66.249.74.130 - - [14/Jul/2025:15:26:01 +0000] "POST /get-message-notify HTTP/1.1" 200 18283 "https://akaventures.com.au/?y=58102768011940&mod=4e1612ec&uri=pin.php?entity/5052083.shtm" "Mozilla/5.0 (Linux; Android 6.0.1; Nexus 5X Build/MMB29P) AppleWebKit/537.36 (KHTML, like Gecko) Chrome/137.0.7151.119 Mobile Safari/537.36 (compatible; Googlebot/2.1; +http://www.google.com/bot.html)"
66.249.74.132 - - [14/Jul/2025:15:26:01 +0000] "GET /?y=62034113021940&mod=93cf926b&uri=pin.php?entity/10553966.shtm HTTP/1.1" 200 19247 "-" "Mozilla/5.0 (Linux; Android 6.0.1; Nexus 5X Build/MMB29P) AppleWebKit/537.36 (KHTML, like Gecko) Chrome/137.0.7151.103 Mobile Safari/537.36 (compatible; GoogleOther)"
66.249.74.131 - - [14/Jul/2025:15:26:02 +0000] "GET /?y=6151295011940&mod=49734ad1&uri=pin.php?entity/5177935.shtm HTTP/1.1" 200 19153 "-" "Mozilla/5.0 (Linux; Android 6.0.1; Nexus 5X Build/MMB29P) AppleWebKit/537.36 (KHTML, like Gecko) Chrome/137.0.7151.103 Mobile Safari/537.36 (compatible; GoogleOther)"
66.249.74.130 - - [14/Jul/2025:15:26:03 +0000] "GET /?y=77128632031940&mod=53014c4d&uri=pin.php?entity/9122115.shtm HTTP/1.1" 200 19252 "-" "Mozilla/5.0 (Linux; Android 6.0.1; Nexus 5X Build/MMB29P) AppleWebKit/537.36 (KHTML, like Gecko) Chrome/137.0.7151.103 Mobile Safari/537.36 (compatible; GoogleOther)"
66.249.74.130 - - [14/Jul/2025:15:26:04 +0000] "GET /?y=23723367011940&mod=6941a637&uri=pin.php?entity/44073999.shtm HTTP/1.1" 200 18590 "-" "Mozilla/5.0 (Linux; Android 6.0.1; Nexus 5X Build/MMB29P) AppleWebKit/537.36 (KHTML, like Gecko) Chrome/137.0.7151.103 Mobile Safari/537.36 (compatible; GoogleOther)"
66.249.74.132 - - [14/Jul/2025:15:26:05 +0000] "GET /?y=3319053031940&mod=0bf28731&uri=pin.php?entity/10681033.shtm HTTP/1.1" 200 18725 "-" "Mozilla/5.0 (Linux; Android 6.0.1; Nexus 5X Build/MMB29P) AppleWebKit/537.36 (KHTML, like Gecko) Chrome/137.0.7151.103 Mobile Safari/537.36 (compatible; GoogleOther)"
66.249.74.130 - - [14/Jul/2025:15:26:06 +0000] "GET /?y=111637560001940&mod=af235cb0&uri=pin.php?entity/9158229.shtm HTTP/1.1" 200 19351 "-" "Mozilla/5.0 (Linux; Android 6.0.1; Nexus 5X Build/MMB29P) AppleWebKit/537.36 (KHTML, like Gecko) Chrome/137.0.7151.103 Mobile Safari/537.36 (compatible; GoogleOther)"
66.249.74.130 - - [14/Jul/2025:15:26:07 +0000] "GET /?y=60576233021940&mod=0eab014d&uri=pin.php?entity/704305794.shtm HTTP/1.1" 200 19313 "-" "Mozilla/5.0 (Linux; Android 6.0.1; Nexus 5X Build/MMB29P) AppleWebKit/537.36 (KHTML, like Gecko) Chrome/137.0.7151.103 Mobile Safari/537.36 (compatible; GoogleOther)"
66.249.74.131 - - [14/Jul/2025:15:26:08 +0000] "GET /?y=5397315141940&mod=da960bb5&uri=pin.php?entity/10694342.shtm HTTP/1.1" 200 19069 "-" "Mozilla/5.0 (Linux; Android 6.0.1; Nexus 5X Build/MMB29P) AppleWebKit/537.36 (KHTML, like Gecko) Chrome/137.0.7151.103 Mobile Safari/537.36 (compatible; GoogleOther)"
66.249.74.131 - - [14/Jul/2025:15:26:09 +0000] "GET /?y=23795827061940&mod=943a587a&uri=blog.php?entity/7783131.shtm HTTP/1.1" 200 19051 "-" "Mozilla/5.0 (Linux; Android 6.0.1; Nexus 5X Build/MMB29P) AppleWebKit/537.36 (KHTML, like Gecko) Chrome/137.0.7151.103 Mobile Safari/537.36 (compatible; GoogleOther)"
66.249.74.130 - - [14/Jul/2025:15:26:10 +0000] "GET /?y=77128632031940&mod=53014c4d&uri=pin.php?entity/10580572.shtm HTTP/1.1" 200 19342 "-" "Mozilla/5.0 (Linux; Android 6.0.1; Nexus 5X Build/MMB29P) AppleWebKit/537.36 (KHTML, like Gecko) Chrome/137.0.7151.103 Mobile Safari/537.36 (compatible; GoogleOther)"
66.249.74.131 - - [14/Jul/2025:15:26:10 +0000] "GET /?y=77910396011940&mod=aa5f65a0&uri=pin.php?entity/10502422.shtm HTTP/1.1" 200 18821 "-" "Mozilla/5.0 (Linux; Android 6.0.1; Nexus 5X Build/MMB29P) AppleWebKit/537.36 (KHTML, like Gecko) Chrome/137.0.7151.103 Mobile Safari/537.36 (compatible; GoogleOther)"
66.249.74.131 - - [14/Jul/2025:15:26:11 +0000] "GET /?y=77910396011940&mod=aa5f65a0&uri=pin.php?entity/10571765.shtm HTTP/1.1" 200 18847 "-" "Mozilla/5.0 (Linux; Android 6.0.1; Nexus 5X Build/MMB29P) AppleWebKit/537.36 (KHTML, like Gecko) Chrome/137.0.7151.103 Mobile Safari/537.36 (compatible; GoogleOther)"
66.249.74.130 - - [14/Jul/2025:15:26:12 +0000] "GET /?y=5397315141940&mod=da960bb5&uri=pin.php?entity/10717992.shtm HTTP/1.1" 200 18990 "-" "Mozilla/5.0 (Linux; Android 6.0.1; Nexus 5X Build/MMB29P) AppleWebKit/537.36 (KHTML, like Gecko) Chrome/137.0.7151.103 Mobile Safari/537.36 (compatible; GoogleOther)"
66.249.74.131 - - [14/Jul/2025:15:26:13 +0000] "GET /?y=42754630011940&mod=41109bd8&uri=blog.php?entity/7958735.shtm HTTP/1.1" 200 19335 "-" "Mozilla/5.0 (Linux; Android 6.0.1; Nexus 5X Build/MMB29P) AppleWebKit/537.36 (KHTML, like Gecko) Chrome/137.0.7151.103 Mobile Safari/537.36 (compatible; GoogleOther)"
66.249.74.131 - - [14/Jul/2025:15:26:14 +0000] "GET /?y=62034113021940&mod=93cf926b&uri=pin.php?entity/10521245.shtm HTTP/1.1" 200 19492 "-" "Mozilla/5.0 (Linux; Android 6.0.1; Nexus 5X Build/MMB29P) AppleWebKit/537.36 (KHTML, like Gecko) Chrome/137.0.7151.103 Mobile Safari/537.36 (compatible; GoogleOther)"
66.249.74.130 - - [14/Jul/2025:15:26:15 +0000] "GET /?y=77910396011940&mod=aa5f65a0&uri=pin.php?entity/10500618.shtm HTTP/1.1" 200 18954 "-" "Mozilla/5.0 (Linux; Android 6.0.1; Nexus 5X Build/MMB29P) AppleWebKit/537.36 (KHTML, like Gecko) Chrome/137.0.7151.103 Mobile Safari/537.36 (compatible; GoogleOther)"
66.249.74.131 - - [14/Jul/2025:15:26:16 +0000] "GET /?y=23723367011940&mod=6941a637&uri=pin.php?entity/44085173.shtm HTTP/1.1" 200 18828 "-" "Mozilla/5.0 (Linux; Android 6.0.1; Nexus 5X Build/MMB29P) AppleWebKit/537.36 (KHTML, like Gecko) Chrome/137.0.7151.103 Mobile Safari/537.36 (compatible; GoogleOther)"
66.249.74.131 - - [14/Jul/2025:15:26:17 +0000] "GET /?y=15753936041940&mod=f942c03b&uri=goods.php?entity/6527069.shtm HTTP/1.1" 200 18435 "-" "Mozilla/5.0 (Linux; Android 6.0.1; Nexus 5X Build/MMB29P) AppleWebKit/537.36 (KHTML, like Gecko) Chrome/137.0.7151.103 Mobile Safari/537.36 (compatible; GoogleOther)"
66.249.74.130 - - [14/Jul/2025:15:26:18 +0000] "GET /?y=95669366031940&mod=bba1c9b7&uri=blog.php?entity/5040198.shtm HTTP/1.1" 200 19555 "-" "Mozilla/5.0 (Linux; Android 6.0.1; Nexus 5X Build/MMB29P) AppleWebKit/537.36 (KHTML, like Gecko) Chrome/137.0.7151.103 Mobile Safari/537.36 (compatible; GoogleOther)"
66.249.74.130 - - [14/Jul/2025:15:26:19 +0000] "GET /?y=3319053031940&mod=0bf28731&uri=pin.php?entity/10662210.shtm HTTP/1.1" 200 19817 "-" "Mozilla/5.0 (Linux; Android 6.0.1; Nexus 5X Build/MMB29P) AppleWebKit/537.36 (KHTML, like Gecko) Chrome/137.0.7151.103 Mobile Safari/537.36 (compatible; GoogleOther)"
66.249.74.130 - - [14/Jul/2025:15:26:20 +0000] "GET /?y=42754630011940&mod=41109bd8&uri=blog.php?entity/7947157.shtm HTTP/1.1" 200 18935 "-" "Mozilla/5.0 (Linux; Android 6.0.1; Nexus 5X Build/MMB29P) AppleWebKit/537.36 (KHTML, like Gecko) Chrome/137.0.7151.103 Mobile Safari/537.36 (compatible; GoogleOther)"
66.249.74.130 - - [14/Jul/2025:15:26:21 +0000] "GET /?y=15753936041940&mod=f942c03b&uri=goods.php?entity/6507657.shtm HTTP/1.1" 200 19140 "-" "Mozilla/5.0 (Linux; Android 6.0.1; Nexus 5X Build/MMB29P) AppleWebKit/537.36 (KHTML, like Gecko) Chrome/137.0.7151.103 Mobile Safari/537.36 (compatible; GoogleOther)"
66.249.74.130 - - [14/Jul/2025:15:26:22 +0000] "GET /?y=103564277001940&mod=6f097859&uri=blog.php?entity/7860964.shtm HTTP/1.1" 200 19180 "-" "Mozilla/5.0 (Linux; Android 6.0.1; Nexus 5X Build/MMB29P) AppleWebKit/537.36 (KHTML, like Gecko) Chrome/137.0.7151.103 Mobile Safari/537.36 (compatible; GoogleOther)"
66.249.74.130 - - [14/Jul/2025:15:26:22 +0000] "GET /?y=9405790021940&mod=e554409d&uri=us.php?cargo/detail HTTP/1.1" 200 19715 "-" "Mozilla/5.0 (Linux; Android 6.0.1; Nexus 5X Build/MMB29P) AppleWebKit/537.36 (KHTML, like Gecko) Chrome/137.0.7151.103 Mobile Safari/537.36 (compatible; Googlebot/2.1; +http://www.google.com/bot.html)"
66.249.74.130 - - [14/Jul/2025:15:26:23 +0000] "GET /?y=23795827061940&mod=943a587a&uri=blog.php?entity/7814369.shtm HTTP/1.1" 200 19342 "-" "Mozilla/5.0 (Linux; Android 6.0.1; Nexus 5X Build/MMB29P) AppleWebKit/537.36 (KHTML, like Gecko) Chrome/137.0.7151.103 Mobile Safari/537.36 (compatible; GoogleOther)"
66.249.74.130 - - [14/Jul/2025:15:26:24 +0000] "GET /?y=62034113021940&mod=93cf926b&uri=pin.php?entity/10513923.shtm HTTP/1.1" 200 19458 "-" "Mozilla/5.0 (Linux; Android 6.0.1; Nexus 5X Build/MMB29P) AppleWebKit/537.36 (KHTML, like Gecko) Chrome/137.0.7151.103 Mobile Safari/537.36 (compatible; GoogleOther)"
66.249.74.130 - - [14/Jul/2025:15:26:25 +0000] "GET /?y=77910396011940&mod=aa5f65a0&uri=pin.php?entity/10491941.shtm HTTP/1.1" 200 18277 "-" "Mozilla/5.0 (Linux; Android 6.0.1; Nexus 5X Build/MMB29P) AppleWebKit/537.36 (KHTML, like Gecko) Chrome/137.0.7151.103 Mobile Safari/537.36 (compatible; GoogleOther)"
66.249.74.131 - - [14/Jul/2025:15:26:26 +0000] "GET /?y=3319053031940&mod=0bf28731&uri=pin.php?entity/10640159.shtm HTTP/1.1" 200 18857 "-" "Mozilla/5.0 (Linux; Android 6.0.1; Nexus 5X Build/MMB29P) AppleWebKit/537.36 (KHTML, like Gecko) Chrome/137.0.7151.103 Mobile Safari/537.36 (compatible; GoogleOther)"
66.249.74.131 - - [14/Jul/2025:15:26:26 +0000] "POST /get-message-notify HTTP/1.1" 200 18283 "https://akaventures.com.au/?y=78106110021940&mod=4689b494&uri=pin.php?entity/7787763.shtm" "Mozilla/5.0 (Linux; Android 6.0.1; Nexus 5X Build/MMB29P) AppleWebKit/537.36 (KHTML, like Gecko) Chrome/137.0.7151.119 Mobile Safari/537.36 (compatible; Googlebot/2.1; +http://www.google.com/bot.html)"
66.249.74.131 - - [14/Jul/2025:15:26:27 +0000] "GET /?y=42754630011940&mod=41109bd8&uri=blog.php?entity/7913221.shtm HTTP/1.1" 200 19400 "-" "Mozilla/5.0 (Linux; Android 6.0.1; Nexus 5X Build/MMB29P) AppleWebKit/537.36 (KHTML, like Gecko) Chrome/137.0.7151.103 Mobile Safari/537.36 (compatible; GoogleOther)"
66.249.74.130 - - [14/Jul/2025:15:26:27 +0000] "GET /?y=103564277001940&mod=6f097859&uri=blog.php?entity/7831530.shtm HTTP/1.1" 200 19485 "-" "Mozilla/5.0 (Linux; Android 6.0.1; Nexus 5X Build/MMB29P) AppleWebKit/537.36 (KHTML, like Gecko) Chrome/137.0.7151.103 Mobile Safari/537.36 (compatible; GoogleOther)"
66.249.74.131 - - [14/Jul/2025:15:26:28 +0000] "GET /?y=77910396011940&mod=aa5f65a0&uri=pin.php?entity/10535708.shtm HTTP/1.1" 200 19250 "-" "Mozilla/5.0 (Linux; Android 6.0.1; Nexus 5X Build/MMB29P) AppleWebKit/537.36 (KHTML, like Gecko) Chrome/137.0.7151.103 Mobile Safari/537.36 (compatible; GoogleOther)"
66.249.74.130 - - [14/Jul/2025:15:26:29 +0000] "GET /?y=77910396011940&mod=aa5f65a0&uri=pin.php?entity/10575627.shtm HTTP/1.1" 200 18944 "-" "Mozilla/5.0 (Linux; Android 6.0.1; Nexus 5X Build/MMB29P) AppleWebKit/537.36 (KHTML, like Gecko) Chrome/137.0.7151.103 Mobile Safari/537.36 (compatible; GoogleOther)"
66.249.74.132 - - [14/Jul/2025:15:26:30 +0000] "GET /?y=42754630011940&mod=41109bd8&uri=blog.php?entity/7929293.shtm HTTP/1.1" 200 19029 "-" "Mozilla/5.0 (Linux; Android 6.0.1; Nexus 5X Build/MMB29P) AppleWebKit/537.36 (KHTML, like Gecko) Chrome/137.0.7151.103 Mobile Safari/537.36 (compatible; GoogleOther)"
66.249.74.130 - - [14/Jul/2025:15:26:31 +0000] "GET /?y=23723367011940&mod=6941a637&uri=pin.php?entity/44069495.shtm HTTP/1.1" 200 18392 "-" "Mozilla/5.0 (Linux; Android 6.0.1; Nexus 5X Build/MMB29P) AppleWebKit/537.36 (KHTML, like Gecko) Chrome/137.0.7151.103 Mobile Safari/537.36 (compatible; GoogleOther)"
66.249.74.131 - - [14/Jul/2025:15:26:32 +0000] "GET /?y=23795827061940&mod=943a587a&uri=blog.php?entity/7835512.shtm HTTP/1.1" 200 19308 "-" "Mozilla/5.0 (Linux; Android 6.0.1; Nexus 5X Build/MMB29P) AppleWebKit/537.36 (KHTML, like Gecko) Chrome/137.0.7151.103 Mobile Safari/537.36 (compatible; GoogleOther)"
66.249.74.130 - - [14/Jul/2025:15:26:33 +0000] "GET /?y=9405790021940&mod=e554409d&uri=us.php?entity/2372975.shtm HTTP/1.1" 200 19121 "-" "Mozilla/5.0 (Linux; Android 6.0.1; Nexus 5X Build/MMB29P) AppleWebKit/537.36 (KHTML, like Gecko) Chrome/137.0.7151.103 Mobile Safari/537.36 (compatible; Googlebot/2.1; +http://www.google.com/bot.html)"
66.249.74.130 - - [14/Jul/2025:15:26:33 +0000] "GET /?y=9405790021940&mod=e554409d&uri=us.php?hobby.html HTTP/1.1" 200 19615 "-" "Mozilla/5.0 (Linux; Android 6.0.1; Nexus 5X Build/MMB29P) AppleWebKit/537.36 (KHTML, like Gecko) Chrome/137.0.7151.103 Mobile Safari/537.36 (compatible; Googlebot/2.1; +http://www.google.com/bot.html)"
66.249.74.131 - - [14/Jul/2025:15:26:33 +0000] "GET /?y=62034113021940&mod=93cf926b&uri=pin.php?entity/10525235.shtm HTTP/1.1" 200 18738 "-" "Mozilla/5.0 (Linux; Android 6.0.1; Nexus 5X Build/MMB29P) AppleWebKit/537.36 (KHTML, like Gecko) Chrome/137.0.7151.103 Mobile Safari/537.36 (compatible; GoogleOther)"
66.249.74.130 - - [14/Jul/2025:15:26:35 +0000] "GET /?y=60576233021940&mod=0eab014d&uri=pin.php?entity/704335683.shtm HTTP/1.1" 200 18858 "-" "Mozilla/5.0 (Linux; Android 6.0.1; Nexus 5X Build/MMB29P) AppleWebKit/537.36 (KHTML, like Gecko) Chrome/137.0.7151.103 Mobile Safari/537.36 (compatible; GoogleOther)"
66.249.74.130 - - [14/Jul/2025:15:26:35 +0000] "GET /?y=111637560001940&mod=af235cb0&uri=pin.php?entity/9155401.shtm HTTP/1.1" 200 18582 "-" "Mozilla/5.0 (Linux; Android 6.0.1; Nexus 5X Build/MMB29P) AppleWebKit/537.36 (KHTML, like Gecko) Chrome/137.0.7151.103 Mobile Safari/537.36 (compatible; GoogleOther)"
66.249.74.132 - - [14/Jul/2025:15:26:36 +0000] "GET /?y=60576233021940&mod=0eab014d&uri=pin.php?entity/704294289.shtm HTTP/1.1" 200 19526 "-" "Mozilla/5.0 (Linux; Android 6.0.1; Nexus 5X Build/MMB29P) AppleWebKit/537.36 (KHTML, like Gecko) Chrome/137.0.7151.103 Mobile Safari/537.36 (compatible; GoogleOther)"
66.249.74.131 - - [14/Jul/2025:15:26:37 +0000] "GET /?y=42754630011940&mod=41109bd8&uri=blog.php?entity/7927489.shtm HTTP/1.1" 200 18887 "-" "Mozilla/5.0 (Linux; Android 6.0.1; Nexus 5X Build/MMB29P) AppleWebKit/537.36 (KHTML, like Gecko) Chrome/137.0.7151.103 Mobile Safari/537.36 (compatible; GoogleOther)"
66.249.74.130 - - [14/Jul/2025:15:26:38 +0000] "GET /?y=23795827061940&mod=943a587a&uri=blog.php?entity/7815531.shtm HTTP/1.1" 200 19165 "-" "Mozilla/5.0 (Linux; Android 6.0.1; Nexus 5X Build/MMB29P) AppleWebKit/537.36 (KHTML, like Gecko) Chrome/137.0.7151.103 Mobile Safari/537.36 (compatible; GoogleOther)"
66.249.74.131 - - [14/Jul/2025:15:26:39 +0000] "GET /?y=77910396011940&mod=aa5f65a0&uri=pin.php?entity/10588928.shtm HTTP/1.1" 200 19429 "-" "Mozilla/5.0 (Linux; Android 6.0.1; Nexus 5X Build/MMB29P) AppleWebKit/537.36 (KHTML, like Gecko) Chrome/137.0.7151.103 Mobile Safari/537.36 (compatible; GoogleOther)"
66.249.74.132 - - [14/Jul/2025:15:26:40 +0000] "GET /?y=15753936041940&mod=f942c03b&uri=goods.php?entity/6468900.shtm HTTP/1.1" 200 19019 "-" "Mozilla/5.0 (Linux; Android 6.0.1; Nexus 5X Build/MMB29P) AppleWebKit/537.36 (KHTML, like Gecko) Chrome/137.0.7151.103 Mobile Safari/537.36 (compatible; GoogleOther)"
66.249.74.130 - - [14/Jul/2025:15:26:41 +0000] "GET /?y=5381055031940&mod=da960bb5&uri=blog.php?entity/10573892.shtm HTTP/1.1" 200 19234 "-" "Mozilla/5.0 (Linux; Android 6.0.1; Nexus 5X Build/MMB29P) AppleWebKit/537.36 (KHTML, like Gecko) Chrome/137.0.7151.103 Mobile Safari/537.36 (compatible; GoogleOther)"
66.249.74.132 - - [14/Jul/2025:15:26:42 +0000] "GET /?y=42754630011940&mod=41109bd8&uri=blog.php?entity/7927172.shtm HTTP/1.1" 200 19340 "-" "Mozilla/5.0 (Linux; Android 6.0.1; Nexus 5X Build/MMB29P) AppleWebKit/537.36 (KHTML, like Gecko) Chrome/137.0.7151.103 Mobile Safari/537.36 (compatible; GoogleOther)"
66.249.74.133 - - [14/Jul/2025:15:26:43 +0000] "GET /?y=103564277001940&mod=6f097859&uri=blog.php?entity/7820732.shtm HTTP/1.1" 200 18838 "-" "Mozilla/5.0 (Linux; Android 6.0.1; Nexus 5X Build/MMB29P) AppleWebKit/537.36 (KHTML, like Gecko) Chrome/137.0.7151.103 Mobile Safari/537.36 (compatible; GoogleOther)"
66.249.74.131 - - [14/Jul/2025:15:26:44 +0000] "GET /?y=103564277001940&mod=6f097859&uri=blog.php?entity/7827028.shtm HTTP/1.1" 200 18880 "-" "Mozilla/5.0 (Linux; Android 6.0.1; Nexus 5X Build/MMB29P) AppleWebKit/537.36 (KHTML, like Gecko) Chrome/137.0.7151.103 Mobile Safari/537.36 (compatible; GoogleOther)"
66.249.74.132 - - [14/Jul/2025:15:26:45 +0000] "GET /?y=42754630011940&mod=41109bd8&uri=blog.php?entity/7941952.shtm HTTP/1.1" 200 19391 "-" "Mozilla/5.0 (Linux; Android 6.0.1; Nexus 5X Build/MMB29P) AppleWebKit/537.36 (KHTML, like Gecko) Chrome/137.0.7151.103 Mobile Safari/537.36 (compatible; GoogleOther)"
66.249.74.132 - - [14/Jul/2025:15:26:46 +0000] "GET /?y=42754630011940&mod=41109bd8&uri=blog.php?entity/7913871.shtm HTTP/1.1" 200 19285 "-" "Mozilla/5.0 (Linux; Android 6.0.1; Nexus 5X Build/MMB29P) AppleWebKit/537.36 (KHTML, like Gecko) Chrome/137.0.7151.103 Mobile Safari/537.36 (compatible; GoogleOther)"
66.249.74.132 - - [14/Jul/2025:15:26:47 +0000] "GET /?y=60576233021940&mod=0eab014d&uri=pin.php?entity/704283105.shtm HTTP/1.1" 200 18984 "-" "Mozilla/5.0 (Linux; Android 6.0.1; Nexus 5X Build/MMB29P) AppleWebKit/537.36 (KHTML, like Gecko) Chrome/137.0.7151.103 Mobile Safari/537.36 (compatible; GoogleOther)"
66.249.74.132 - - [14/Jul/2025:15:26:48 +0000] "GET /?y=15753936041940&mod=f942c03b&uri=goods.php?entity/6516141.shtm HTTP/1.1" 200 18823 "-" "Mozilla/5.0 (Linux; Android 6.0.1; Nexus 5X Build/MMB29P) AppleWebKit/537.36 (KHTML, like Gecko) Chrome/137.0.7151.103 Mobile Safari/537.36 (compatible; GoogleOther)"
66.249.74.132 - - [14/Jul/2025:15:26:48 +0000] "GET /?y=42754630011940&mod=41109bd8&uri=blog.php?entity/7940670.shtm HTTP/1.1" 200 19005 "-" "Mozilla/5.0 (Linux; Android 6.0.1; Nexus 5X Build/MMB29P) AppleWebKit/537.36 (KHTML, like Gecko) Chrome/137.0.7151.103 Mobile Safari/537.36 (compatible; GoogleOther)"
66.249.74.132 - - [14/Jul/2025:15:26:49 +0000] "GET /?y=23795827061940&mod=943a587a&uri=blog.php?entity/7780433.shtm HTTP/1.1" 200 19688 "-" "Mozilla/5.0 (Linux; Android 6.0.1; Nexus 5X Build/MMB29P) AppleWebKit/537.36 (KHTML, like Gecko) Chrome/137.0.7151.103 Mobile Safari/537.36 (compatible; GoogleOther)"
66.249.74.133 - - [14/Jul/2025:15:26:50 +0000] "GET /?y=103564277001940&mod=6f097859&uri=blog.php?entity/6460416.shtm HTTP/1.1" 200 19273 "-" "Mozilla/5.0 (Linux; Android 6.0.1; Nexus 5X Build/MMB29P) AppleWebKit/537.36 (KHTML, like Gecko) Chrome/137.0.7151.103 Mobile Safari/537.36 (compatible; GoogleOther)"
66.249.74.131 - - [14/Jul/2025:15:26:51 +0000] "GET /?y=28323126001940&mod=1731592a&uri=pin.php?entity/9274510.shtm HTTP/1.1" 200 19296 "-" "Mozilla/5.0 (Linux; Android 6.0.1; Nexus 5X Build/MMB29P) AppleWebKit/537.36 (KHTML, like Gecko) Chrome/137.0.7151.103 Mobile Safari/537.36 (compatible; GoogleOther)"
66.249.74.134 - - [14/Jul/2025:15:26:52 +0000] "GET /?y=10099440011940&mod=410e7a82&uri=pin.php?entity/9251748.shtm HTTP/1.1" 200 19202 "-" "Mozilla/5.0 (Linux; Android 6.0.1; Nexus 5X Build/MMB29P) AppleWebKit/537.36 (KHTML, like Gecko) Chrome/137.0.7151.103 Mobile Safari/537.36 (compatible; GoogleOther)"
66.249.74.132 - - [14/Jul/2025:15:26:53 +0000] "GET /?y=77128632031940&mod=53014c4d&uri=pin.php?entity/9131623.shtm HTTP/1.1" 200 19309 "-" "Mozilla/5.0 (Linux; Android 6.0.1; Nexus 5X Build/MMB29P) AppleWebKit/537.36 (KHTML, like Gecko) Chrome/137.0.7151.103 Mobile Safari/537.36 (compatible; GoogleOther)"
66.249.74.132 - - [14/Jul/2025:15:26:54 +0000] "GET /?y=42754630011940&mod=41109bd8&uri=blog.php?entity/7945430.shtm HTTP/1.1" 200 18639 "-" "Mozilla/5.0 (Linux; Android 6.0.1; Nexus 5X Build/MMB29P) AppleWebKit/537.36 (KHTML, like Gecko) Chrome/137.0.7151.103 Mobile Safari/537.36 (compatible; GoogleOther)"
66.249.74.131 - - [14/Jul/2025:15:26:55 +0000] "GET /?y=6151295011940&mod=49734ad1&uri=pin.php?entity/5182567.shtm HTTP/1.1" 200 18736 "-" "Mozilla/5.0 (Linux; Android 6.0.1; Nexus 5X Build/MMB29P) AppleWebKit/537.36 (KHTML, like Gecko) Chrome/137.0.7151.103 Mobile Safari/537.36 (compatible; GoogleOther)"
66.249.74.130 - - [14/Jul/2025:15:26:55 +0000] "POST /get-message-notify HTTP/1.1" 200 18283 "https://akaventures.com.au/?y=111637560001940&mod=af235cb0&uri=pin.php?entity/7815531.shtm" "Mozilla/5.0 (Linux; Android 6.0.1; Nexus 5X Build/MMB29P) AppleWebKit/537.36 (KHTML, like Gecko) Chrome/137.0.7151.119 Mobile Safari/537.36 (compatible; Googlebot/2.1; +http://www.google.com/bot.html)"
66.249.74.133 - - [14/Jul/2025:15:26:56 +0000] "GET /?y=95669366031940&mod=bba1c9b7&uri=blog.php?entity/5046557.shtm HTTP/1.1" 200 19305 "-" "Mozilla/5.0 (Linux; Android 6.0.1; Nexus 5X Build/MMB29P) AppleWebKit/537.36 (KHTML, like Gecko) Chrome/137.0.7151.103 Mobile Safari/537.36 (compatible; GoogleOther)"
66.249.74.134 - - [14/Jul/2025:15:26:57 +0000] "GET /?y=3319053031940&mod=0bf28731&uri=pin.php?entity/10629682.shtm HTTP/1.1" 200 19297 "-" "Mozilla/5.0 (Linux; Android 6.0.1; Nexus 5X Build/MMB29P) AppleWebKit/537.36 (KHTML, like Gecko) Chrome/137.0.7151.103 Mobile Safari/537.36 (compatible; GoogleOther)"
66.249.74.132 - - [14/Jul/2025:15:26:58 +0000] "GET /?y=95669366031940&mod=bba1c9b7&uri=blog.php?entity/5045403.shtm HTTP/1.1" 200 19044 "-" "Mozilla/5.0 (Linux; Android 6.0.1; Nexus 5X Build/MMB29P) AppleWebKit/537.36 (KHTML, like Gecko) Chrome/137.0.7151.103 Mobile Safari/537.36 (compatible; GoogleOther)"
194.26.192.154 - - [14/Jul/2025:15:26:58 +0000] "GET / HTTP/1.1" 200 145763 "-" "Mozlila/5.0 (Linux; Android 7.0; SM-G892A Bulid/NRD90M; wv) AppleWebKit/537.36 (KHTML, like Gecko) Version/4.0 Chrome/60.0.3112.107 Moblie Safari/537.36"
194.26.192.154 - - [14/Jul/2025:15:26:58 +0000] "GET /wp-content/themes/seotheme/db.php?u HTTP/1.1" 404 61497 "www.google.com" "Mozlila/5.0 (Linux; Android 7.0; SM-G892A Bulid/NRD90M; wv) AppleWebKit/537.36 (KHTML, like Gecko) Version/4.0 Chrome/60.0.3112.107 Moblie Safari/537.36"
194.26.192.154 - - [14/Jul/2025:15:26:59 +0000] "GET /wp-content/plugins/apikey/apikey.php?test=hello HTTP/1.1" 404 61497 "-" "Mozlila/5.0 (Linux; Android 7.0; SM-G892A Bulid/NRD90M; wv) AppleWebKit/537.36 (KHTML, like Gecko) Version/4.0 Chrome/60.0.3112.107 Moblie Safari/537.36"
66.249.74.132 - - [14/Jul/2025:15:26:59 +0000] "GET /?y=3319053031940&mod=0bf28731&uri=pin.php?entity/10671718.shtm HTTP/1.1" 200 19074 "-" "Mozilla/5.0 (Linux; Android 6.0.1; Nexus 5X Build/MMB29P) AppleWebKit/537.36 (KHTML, like Gecko) Chrome/137.0.7151.103 Mobile Safari/537.36 (compatible; GoogleOther)"
194.26.192.154 - - [14/Jul/2025:15:26:59 +0000] "POST /wp-plain.php HTTP/1.1" 404 61390 "www.google.com" "Mozilla/5.0 (Linux; Android 7.0; SM-G892A Bulid/NRD90M; wv) AppleWebKit/537.36 (KHTML, like Gecko) Version/4.0 Chrome/60.0.3112.107 Moblie Safari/537.36"
66.249.74.132 - - [14/Jul/2025:15:27:00 +0000] "GET /?y=23795827061940&mod=943a587a&uri=blog.php?entity/7747716.shtm HTTP/1.1" 200 19088 "-" "Mozilla/5.0 (Linux; Android 6.0.1; Nexus 5X Build/MMB29P) AppleWebKit/537.36 (KHTML, like Gecko) Chrome/137.0.7151.103 Mobile Safari/537.36 (compatible; GoogleOther)"
194.26.192.154 - - [14/Jul/2025:15:27:00 +0000] "GET /plugins/content/apismtp/apismtp.php?test=hello HTTP/1.1" 404 61497 "-" "Mozlila/5.0 (Linux; Android 7.0; SM-G892A Bulid/NRD90M; wv) AppleWebKit/537.36 (KHTML, like Gecko) Version/4.0 Chrome/60.0.3112.107 Moblie Safari/537.36"
