Current File : /home/kelaby89/access-logs/diamondtiptiling.com.sixpack.studio-ssl_log
209.74.77.214 - - [14/Jul/2025:12:12:13 +0000] "POST /wp-cron.php?doing_wp_cron=1752495133.1726830005645751953125 HTTP/1.1" 200 - "-" "WordPress/6.8.1; https://diamondtiptiling.com"
51.222.253.13 - - [14/Jul/2025:12:12:11 +0000] "GET /home-one/?quick-view=132 HTTP/1.1" 200 28239 "-" "Mozilla/5.0 (compatible; AhrefsBot/7.0; +http://ahrefs.com/robot/)"
51.222.253.16 - - [14/Jul/2025:12:12:40 +0000] "GET /wp-content/themes/floens/assets/js/floens-theme.js?ver=1752495133 HTTP/1.1" 200 2990 "-" "Mozilla/5.0 (compatible; AhrefsBot/7.0; +http://ahrefs.com/robot/)"
51.222.253.8 - - [14/Jul/2025:12:12:41 +0000] "GET /wp-content/uploads/2024/01/blog-2-310x213.jpg HTTP/1.1" 200 15585 "-" "Mozilla/5.0 (compatible; AhrefsBot/7.0; +http://ahrefs.com/robot/)"
51.222.253.4 - - [14/Jul/2025:12:12:42 +0000] "GET /wp-content/uploads/2024/01/7-270x280.png HTTP/1.1" 200 75348 "-" "Mozilla/5.0 (compatible; AhrefsBot/7.0; +http://ahrefs.com/robot/)"
118.195.165.218 - - [14/Jul/2025:12:14:22 +0000] "GET / HTTP/1.1" 200 25793 "http://www.diamondtiptiling.com" "Mozilla/5.0 (iPhone; CPU iPhone OS 13_2_3 like Mac OS X) AppleWebKit/605.1.15 (KHTML, like Gecko) Version/13.0.3 Mobile/15E148 Safari/604.1"
209.74.77.214 - - [14/Jul/2025:12:20:40 +0000] "POST /wp-cron.php?doing_wp_cron=1752495640.4100220203399658203125 HTTP/1.1" 200 - "-" "WordPress/6.8.1; https://diamondtiptiling.com"
51.222.253.3 - - [14/Jul/2025:12:20:39 +0000] "GET /home-one/?quick-view=137 HTTP/1.1" 200 28239 "-" "Mozilla/5.0 (compatible; AhrefsBot/7.0; +http://ahrefs.com/robot/)"
66.249.74.34 - - [14/Jul/2025:12:23:14 +0000] "GET /category/metal-tiles/ HTTP/1.1" 200 17901 "-" "Mozilla/5.0 (Linux; Android 6.0.1; Nexus 5X Build/MMB29P) AppleWebKit/537.36 (KHTML, like Gecko) Chrome/137.0.7151.103 Mobile Safari/537.36 (compatible; Googlebot/2.1; +http://www.google.com/bot.html)"
66.249.74.35 - - [14/Jul/2025:12:23:27 +0000] "POST /get-message-notify HTTP/1.1" 200 18686 "https://diamondtiptiling.com/category/metal-tiles/" "Mozilla/5.0 (Linux; Android 6.0.1; Nexus 5X Build/MMB29P) AppleWebKit/537.36 (KHTML, like Gecko) Chrome/137.0.7151.119 Mobile Safari/537.36 (compatible; Googlebot/2.1; +http://www.google.com/bot.html)"
209.74.77.214 - - [14/Jul/2025:12:29:34 +0000] "POST /wp-cron.php?doing_wp_cron=1752496174.7996220588684082031250 HTTP/1.1" 200 - "-" "WordPress/6.8.1; https://diamondtiptiling.com"
51.222.253.13 - - [14/Jul/2025:12:29:33 +0000] "GET /home-one/?quick-view=141 HTTP/1.1" 200 28239 "-" "Mozilla/5.0 (compatible; AhrefsBot/7.0; +http://ahrefs.com/robot/)"
209.74.77.214 - - [14/Jul/2025:12:38:37 +0000] "POST /wp-cron.php?doing_wp_cron=1752496717.8098189830780029296875 HTTP/1.1" 200 - "-" "WordPress/6.8.1; https://diamondtiptiling.com"
51.222.253.17 - - [14/Jul/2025:12:38:36 +0000] "GET /home-one/?quick-view=143 HTTP/1.1" 200 28240 "-" "Mozilla/5.0 (compatible; AhrefsBot/7.0; +http://ahrefs.com/robot/)"
209.74.77.214 - - [14/Jul/2025:12:47:38 +0000] "POST /wp-cron.php?doing_wp_cron=1752497258.8994939327239990234375 HTTP/1.1" 200 - "-" "WordPress/6.8.1; https://diamondtiptiling.com"
51.222.253.19 - - [14/Jul/2025:12:47:37 +0000] "GET /blog/?sidebar=full-width HTTP/1.1" 404 17049 "-" "Mozilla/5.0 (compatible; AhrefsBot/7.0; +http://ahrefs.com/robot/)"
209.74.77.214 - - [14/Jul/2025:12:56:27 +0000] "POST /wp-cron.php?doing_wp_cron=1752497787.9107000827789306640625 HTTP/1.1" 200 - "-" "WordPress/6.8.1; https://diamondtiptiling.com"
51.222.253.11 - - [14/Jul/2025:12:56:26 +0000] "GET /how-to-make-your-house-look-high-end/feed/ HTTP/1.1" 200 451 "-" "Mozilla/5.0 (compatible; AhrefsBot/7.0; +http://ahrefs.com/robot/)"
156.59.198.136 - - [14/Jul/2025:12:58:05 +0000] "GET /wp-content/uploads/2024/01/work-process-shape-1-2.png HTTP/1.1" 200 15306 "-" "Mozilla/5.0 (Linux; Android 5.0) AppleWebKit/537.36 (KHTML, like Gecko) Mobile Safari/537.36 (compatible; Bytespider; [email protected])"
209.74.77.214 - - [14/Jul/2025:13:04:56 +0000] "POST /wp-cron.php?doing_wp_cron=1752498296.4375228881835937500000 HTTP/1.1" 200 - "-" "WordPress/6.8.1; https://diamondtiptiling.com"
51.222.253.1 - - [14/Jul/2025:13:04:54 +0000] "GET /talk-about-the-three-major-types-of-floor-tiles/feed/ HTTP/1.1" 200 459 "-" "Mozilla/5.0 (compatible; AhrefsBot/7.0; +http://ahrefs.com/robot/)"
104.210.140.141 - - [14/Jul/2025:13:05:30 +0000] "GET /robots.txt HTTP/1.1" 200 99 "-" "Mozilla/5.0 (Macintosh; Intel Mac OS X 10_15_7) AppleWebKit/537.36 (KHTML, like Gecko) Chrome/131.0.0.0 Safari/537.36; compatible; OAI-SearchBot/1.0; +https://openai.com/searchbot"
209.74.77.214 - - [14/Jul/2025:13:14:25 +0000] "POST /wp-cron.php?doing_wp_cron=1752498865.2757530212402343750000 HTTP/1.1" 200 - "-" "WordPress/6.8.1; https://diamondtiptiling.com"
51.222.253.16 - - [14/Jul/2025:13:14:23 +0000] "GET /why-choose-vinyl-plank-over-other-flooring-types/feed/ HTTP/1.1" 200 453 "-" "Mozilla/5.0 (compatible; AhrefsBot/7.0; +http://ahrefs.com/robot/)"
209.74.77.214 - - [14/Jul/2025:13:23:35 +0000] "POST /wp-cron.php?doing_wp_cron=1752499415.3370110988616943359375 HTTP/1.1" 200 - "-" "WordPress/6.8.1; https://diamondtiptiling.com"
51.222.253.15 - - [14/Jul/2025:13:23:33 +0000] "GET /best-flooring-for-modern-modern-kitchen/feed/ HTTP/1.1" 200 443 "-" "Mozilla/5.0 (compatible; AhrefsBot/7.0; +http://ahrefs.com/robot/)"
209.74.77.214 - - [14/Jul/2025:13:32:56 +0000] "POST /wp-cron.php?doing_wp_cron=1752499976.5835309028625488281250 HTTP/1.1" 200 - "-" "WordPress/6.8.1; https://diamondtiptiling.com"
51.222.253.20 - - [14/Jul/2025:13:32:54 +0000] "GET /there-are-many-variations-of-passages-of-available-but-majority/feed/ HTTP/1.1" 200 474 "-" "Mozilla/5.0 (compatible; AhrefsBot/7.0; +http://ahrefs.com/robot/)"
209.74.77.214 - - [14/Jul/2025:13:36:14 +0000] "POST /wp-cron.php?doing_wp_cron=1752500174.6775109767913818359375 HTTP/1.1" 200 - "-" "WordPress/6.8.1; https://diamondtiptiling.com"
83.190.109.170 - - [14/Jul/2025:13:36:13 +0000] "GET /wp-json/wp/v2/users HTTP/1.1" 200 1579 "-" "Mozilla/4.0 (compatible; Win32; WinHttp.WinHttpRequest.5)"
83.190.109.170 - - [14/Jul/2025:13:37:03 +0000] "POST /xmlrpc.php HTTP/1.1" 200 403 "-" "Mozilla/5.0 (Windows NT 10.0; Win64; x64) AppleWebKit/537.36 (KHTML, like Gecko) Chrome/91.0.4472.124 Safari/537.36"
209.74.77.214 - - [14/Jul/2025:13:38:04 +0000] "POST /wp-cron.php?doing_wp_cron=1752500284.5520050525665283203125 HTTP/1.1" 200 - "-" "WordPress/6.8.1; https://diamondtiptiling.com"
83.190.109.170 - - [14/Jul/2025:13:38:03 +0000] "POST /xmlrpc.php HTTP/1.1" 200 403 "-" "Mozilla/5.0 (Windows NT 10.0; Win64; x64) AppleWebKit/537.36 (KHTML, like Gecko) Chrome/91.0.4472.124 Safari/537.36"
209.74.77.214 - - [14/Jul/2025:13:39:05 +0000] "POST /wp-cron.php?doing_wp_cron=1752500345.2495849132537841796875 HTTP/1.1" 200 - "-" "WordPress/6.8.1; https://diamondtiptiling.com"
83.190.109.170 - - [14/Jul/2025:13:39:03 +0000] "POST /xmlrpc.php HTTP/1.1" 200 403 "-" "Mozilla/5.0 (Windows NT 10.0; Win64; x64) AppleWebKit/537.36 (KHTML, like Gecko) Chrome/91.0.4472.124 Safari/537.36"
209.74.77.214 - - [14/Jul/2025:13:40:03 +0000] "POST /wp-cron.php?doing_wp_cron=1752500403.8910679817199707031250 HTTP/1.1" 200 - "-" "WordPress/6.8.1; https://diamondtiptiling.com"
83.190.109.170 - - [14/Jul/2025:13:40:02 +0000] "POST /xmlrpc.php HTTP/1.1" 200 403 "-" "Mozilla/5.0 (Windows NT 10.0; Win64; x64) AppleWebKit/537.36 (KHTML, like Gecko) Chrome/91.0.4472.124 Safari/537.36"
209.74.77.214 - - [14/Jul/2025:13:41:04 +0000] "POST /wp-cron.php?doing_wp_cron=1752500464.6351029872894287109375 HTTP/1.1" 200 - "-" "WordPress/6.8.1; https://diamondtiptiling.com"
83.190.109.170 - - [14/Jul/2025:13:41:03 +0000] "POST /xmlrpc.php HTTP/1.1" 200 403 "-" "Mozilla/5.0 (Windows NT 10.0; Win64; x64) AppleWebKit/537.36 (KHTML, like Gecko) Chrome/91.0.4472.124 Safari/537.36"
209.74.77.214 - - [14/Jul/2025:13:41:39 +0000] "POST /wp-cron.php?doing_wp_cron=1752500499.1199479103088378906250 HTTP/1.1" 200 - "-" "WordPress/6.8.1; https://diamondtiptiling.com"
51.222.253.5 - - [14/Jul/2025:13:41:37 +0000] "GET /how-to-protect-your-floors-during-a-move/feed/ HTTP/1.1" 200 455 "-" "Mozilla/5.0 (compatible; AhrefsBot/7.0; +http://ahrefs.com/robot/)"
83.190.109.170 - - [14/Jul/2025:13:42:01 +0000] "POST /xmlrpc.php HTTP/1.1" 200 403 "-" "Mozilla/5.0 (Windows NT 10.0; Win64; x64) AppleWebKit/537.36 (KHTML, like Gecko) Chrome/91.0.4472.124 Safari/537.36"
209.74.77.214 - - [14/Jul/2025:13:43:05 +0000] "POST /wp-cron.php?doing_wp_cron=1752500585.1897110939025878906250 HTTP/1.1" 200 - "-" "WordPress/6.8.1; https://diamondtiptiling.com"
83.190.109.170 - - [14/Jul/2025:13:43:03 +0000] "POST /xmlrpc.php HTTP/1.1" 200 403 "-" "Mozilla/5.0 (Windows NT 10.0; Win64; x64) AppleWebKit/537.36 (KHTML, like Gecko) Chrome/91.0.4472.124 Safari/537.36"
209.74.77.214 - - [14/Jul/2025:13:44:02 +0000] "POST /wp-cron.php?doing_wp_cron=1752500642.8084239959716796875000 HTTP/1.1" 200 - "-" "WordPress/6.8.1; https://diamondtiptiling.com"
83.190.109.170 - - [14/Jul/2025:13:44:01 +0000] "POST /xmlrpc.php HTTP/1.1" 200 403 "-" "Mozilla/5.0 (Windows NT 10.0; Win64; x64) AppleWebKit/537.36 (KHTML, like Gecko) Chrome/91.0.4472.124 Safari/537.36"
209.74.77.214 - - [14/Jul/2025:13:45:03 +0000] "POST /wp-cron.php?doing_wp_cron=1752500703.6109430789947509765625 HTTP/1.1" 200 - "-" "WordPress/6.8.1; https://diamondtiptiling.com"
83.190.109.170 - - [14/Jul/2025:13:45:01 +0000] "POST /xmlrpc.php HTTP/1.1" 200 403 "-" "Mozilla/5.0 (Windows NT 10.0; Win64; x64) AppleWebKit/537.36 (KHTML, like Gecko) Chrome/91.0.4472.124 Safari/537.36"
209.74.77.214 - - [14/Jul/2025:13:46:03 +0000] "POST /wp-cron.php?doing_wp_cron=1752500763.2659130096435546875000 HTTP/1.1" 200 - "-" "WordPress/6.8.1; https://diamondtiptiling.com"
83.190.109.170 - - [14/Jul/2025:13:46:01 +0000] "POST /xmlrpc.php HTTP/1.1" 200 403 "-" "Mozilla/5.0 (Windows NT 10.0; Win64; x64) AppleWebKit/537.36 (KHTML, like Gecko) Chrome/91.0.4472.124 Safari/537.36"
209.74.77.214 - - [14/Jul/2025:13:47:03 +0000] "POST /wp-cron.php?doing_wp_cron=1752500823.6072740554809570312500 HTTP/1.1" 200 - "-" "WordPress/6.8.1; https://diamondtiptiling.com"
83.190.109.170 - - [14/Jul/2025:13:47:02 +0000] "POST /xmlrpc.php HTTP/1.1" 200 403 "-" "Mozilla/5.0 (Windows NT 10.0; Win64; x64) AppleWebKit/537.36 (KHTML, like Gecko) Chrome/91.0.4472.124 Safari/537.36"
209.74.77.214 - - [14/Jul/2025:13:48:02 +0000] "POST /wp-cron.php?doing_wp_cron=1752500882.3660600185394287109375 HTTP/1.1" 200 - "-" "WordPress/6.8.1; https://diamondtiptiling.com"
83.190.109.170 - - [14/Jul/2025:13:48:00 +0000] "POST /xmlrpc.php HTTP/1.1" 200 403 "-" "Mozilla/5.0 (Windows NT 10.0; Win64; x64) AppleWebKit/537.36 (KHTML, like Gecko) Chrome/91.0.4472.124 Safari/537.36"
209.74.77.214 - - [14/Jul/2025:13:49:05 +0000] "POST /wp-cron.php?doing_wp_cron=1752500945.2911319732666015625000 HTTP/1.1" 200 - "-" "WordPress/6.8.1; https://diamondtiptiling.com"
83.190.109.170 - - [14/Jul/2025:13:49:03 +0000] "POST /xmlrpc.php HTTP/1.1" 200 403 "-" "Mozilla/5.0 (Windows NT 10.0; Win64; x64) AppleWebKit/537.36 (KHTML, like Gecko) Chrome/91.0.4472.124 Safari/537.36"
209.74.77.214 - - [14/Jul/2025:13:50:03 +0000] "POST /wp-cron.php?doing_wp_cron=1752501003.5768649578094482421875 HTTP/1.1" 200 - "-" "WordPress/6.8.1; https://diamondtiptiling.com"
83.190.109.170 - - [14/Jul/2025:13:50:01 +0000] "POST /xmlrpc.php HTTP/1.1" 200 403 "-" "Mozilla/5.0 (Windows NT 10.0; Win64; x64) AppleWebKit/537.36 (KHTML, like Gecko) Chrome/91.0.4472.124 Safari/537.36"
209.74.77.214 - - [14/Jul/2025:13:50:15 +0000] "POST /wp-cron.php?doing_wp_cron=1752501015.8229188919067382812500 HTTP/1.1" 200 - "-" "WordPress/6.8.1; https://diamondtiptiling.com"
51.222.253.1 - - [14/Jul/2025:13:50:15 +0000] "GET /tower-garden-growing-resource-guide/feed/ HTTP/1.1" 200 443 "-" "Mozilla/5.0 (compatible; AhrefsBot/7.0; +http://ahrefs.com/robot/)"
83.190.109.170 - - [14/Jul/2025:13:51:01 +0000] "POST /xmlrpc.php HTTP/1.1" 200 403 "-" "Mozilla/5.0 (Windows NT 10.0; Win64; x64) AppleWebKit/537.36 (KHTML, like Gecko) Chrome/91.0.4472.124 Safari/537.36"
83.190.109.170 - - [14/Jul/2025:13:51:59 +0000] "POST /xmlrpc.php HTTP/1.1" 200 403 "-" "Mozilla/5.0 (Windows NT 10.0; Win64; x64) AppleWebKit/537.36 (KHTML, like Gecko) Chrome/91.0.4472.124 Safari/537.36"
209.74.77.214 - - [14/Jul/2025:13:53:03 +0000] "POST /wp-cron.php?doing_wp_cron=1752501183.8511300086975097656250 HTTP/1.1" 200 - "-" "WordPress/6.8.1; https://diamondtiptiling.com"
83.190.109.170 - - [14/Jul/2025:13:53:02 +0000] "POST /xmlrpc.php HTTP/1.1" 200 403 "-" "Mozilla/5.0 (Windows NT 10.0; Win64; x64) AppleWebKit/537.36 (KHTML, like Gecko) Chrome/91.0.4472.124 Safari/537.36"
209.74.77.214 - - [14/Jul/2025:13:54:03 +0000] "POST /wp-cron.php?doing_wp_cron=1752501243.0977530479431152343750 HTTP/1.1" 200 - "-" "WordPress/6.8.1; https://diamondtiptiling.com"
83.190.109.170 - - [14/Jul/2025:13:54:01 +0000] "POST /xmlrpc.php HTTP/1.1" 200 403 "-" "Mozilla/5.0 (Windows NT 10.0; Win64; x64) AppleWebKit/537.36 (KHTML, like Gecko) Chrome/91.0.4472.124 Safari/537.36"
209.74.77.214 - - [14/Jul/2025:13:55:03 +0000] "POST /wp-cron.php?doing_wp_cron=1752501303.1969780921936035156250 HTTP/1.1" 200 - "-" "WordPress/6.8.1; https://diamondtiptiling.com"
83.190.109.170 - - [14/Jul/2025:13:55:01 +0000] "POST /xmlrpc.php HTTP/1.1" 200 403 "-" "Mozilla/5.0 (Windows NT 10.0; Win64; x64) AppleWebKit/537.36 (KHTML, like Gecko) Chrome/91.0.4472.124 Safari/537.36"
209.74.77.214 - - [14/Jul/2025:13:56:03 +0000] "POST /wp-cron.php?doing_wp_cron=1752501363.8830389976501464843750 HTTP/1.1" 200 - "-" "WordPress/6.8.1; https://diamondtiptiling.com"
83.190.109.170 - - [14/Jul/2025:13:56:02 +0000] "POST /xmlrpc.php HTTP/1.1" 200 403 "-" "Mozilla/5.0 (Windows NT 10.0; Win64; x64) AppleWebKit/537.36 (KHTML, like Gecko) Chrome/91.0.4472.124 Safari/537.36"
209.74.77.214 - - [14/Jul/2025:13:57:03 +0000] "POST /wp-cron.php?doing_wp_cron=1752501423.4960699081420898437500 HTTP/1.1" 200 - "-" "WordPress/6.8.1; https://diamondtiptiling.com"
83.190.109.170 - - [14/Jul/2025:13:57:01 +0000] "POST /xmlrpc.php HTTP/1.1" 200 403 "-" "Mozilla/5.0 (Windows NT 10.0; Win64; x64) AppleWebKit/537.36 (KHTML, like Gecko) Chrome/91.0.4472.124 Safari/537.36"
209.74.77.214 - - [14/Jul/2025:13:58:03 +0000] "POST /wp-cron.php?doing_wp_cron=1752501483.4558300971984863281250 HTTP/1.1" 200 - "-" "WordPress/6.8.1; https://diamondtiptiling.com"
83.190.109.170 - - [14/Jul/2025:13:58:01 +0000] "POST /xmlrpc.php HTTP/1.1" 200 403 "-" "Mozilla/5.0 (Windows NT 10.0; Win64; x64) AppleWebKit/537.36 (KHTML, like Gecko) Chrome/91.0.4472.124 Safari/537.36"
209.74.77.214 - - [14/Jul/2025:13:58:52 +0000] "POST /wp-cron.php?doing_wp_cron=1752501532.4006159305572509765625 HTTP/1.1" 200 - "-" "WordPress/6.8.1; https://diamondtiptiling.com"
51.222.253.2 - - [14/Jul/2025:13:58:50 +0000] "GET /work/work-details.html HTTP/1.1" 404 17048 "-" "Mozilla/5.0 (compatible; AhrefsBot/7.0; +http://ahrefs.com/robot/)"
83.190.109.170 - - [14/Jul/2025:13:59:00 +0000] "POST /xmlrpc.php HTTP/1.1" 200 403 "-" "Mozilla/5.0 (Windows NT 10.0; Win64; x64) AppleWebKit/537.36 (KHTML, like Gecko) Chrome/91.0.4472.124 Safari/537.36"
209.74.77.214 - - [14/Jul/2025:14:00:04 +0000] "POST /wp-cron.php?doing_wp_cron=1752501604.9255750179290771484375 HTTP/1.1" 200 - "-" "WordPress/6.8.1; https://diamondtiptiling.com"
83.190.109.170 - - [14/Jul/2025:14:00:03 +0000] "POST /xmlrpc.php HTTP/1.1" 200 403 "-" "Mozilla/5.0 (Windows NT 10.0; Win64; x64) AppleWebKit/537.36 (KHTML, like Gecko) Chrome/91.0.4472.124 Safari/537.36"
209.74.77.214 - - [14/Jul/2025:14:01:02 +0000] "POST /wp-cron.php?doing_wp_cron=1752501662.2514390945434570312500 HTTP/1.1" 200 - "-" "WordPress/6.8.1; https://diamondtiptiling.com"
83.190.109.170 - - [14/Jul/2025:14:01:00 +0000] "POST /xmlrpc.php HTTP/1.1" 200 403 "-" "Mozilla/5.0 (Windows NT 10.0; Win64; x64) AppleWebKit/537.36 (KHTML, like Gecko) Chrome/91.0.4472.124 Safari/537.36"
209.74.77.214 - - [14/Jul/2025:14:02:03 +0000] "POST /wp-cron.php?doing_wp_cron=1752501723.6489539146423339843750 HTTP/1.1" 200 - "-" "WordPress/6.8.1; https://diamondtiptiling.com"
83.190.109.170 - - [14/Jul/2025:14:02:02 +0000] "POST /xmlrpc.php HTTP/1.1" 200 403 "-" "Mozilla/5.0 (Windows NT 10.0; Win64; x64) AppleWebKit/537.36 (KHTML, like Gecko) Chrome/91.0.4472.124 Safari/537.36"
209.74.77.214 - - [14/Jul/2025:14:03:02 +0000] "POST /wp-cron.php?doing_wp_cron=1752501782.9569220542907714843750 HTTP/1.1" 200 - "-" "WordPress/6.8.1; https://diamondtiptiling.com"
83.190.109.170 - - [14/Jul/2025:14:03:01 +0000] "POST /xmlrpc.php HTTP/1.1" 200 403 "-" "Mozilla/5.0 (Windows NT 10.0; Win64; x64) AppleWebKit/537.36 (KHTML, like Gecko) Chrome/91.0.4472.124 Safari/537.36"
209.74.77.214 - - [14/Jul/2025:14:03:41 +0000] "POST /wp-cron.php?doing_wp_cron=1752501821.4786610603332519531250 HTTP/1.1" 200 - "-" "WordPress/6.8.1; https://diamondtiptiling.com"
47.82.60.5 - - [14/Jul/2025:14:03:39 +0000] "GET /why-choose-vinyl-plank-over-other-flooring-types HTTP/1.1" 301 - "https://diamondtiptiling.com/why-choose-vinyl-plank-over-other-flooring-types" "Mozilla/5.0 (Windows NT 10.0; Win64; x64) AppleWebKit/537.36 (KHTML, like Gecko) Chrome/114.0.0.0 Safari/537.36 Edg/114.0.1823.43"
47.82.60.5 - - [14/Jul/2025:14:03:41 +0000] "GET /why-choose-vinyl-plank-over-other-flooring-types/ HTTP/1.1" 200 21359 "https://diamondtiptiling.com/why-choose-vinyl-plank-over-other-flooring-types" "Mozilla/5.0 (Windows NT 10.0; Win64; x64) AppleWebKit/537.36 (KHTML, like Gecko) Chrome/114.0.0.0 Safari/537.36 Edg/114.0.1823.43"
83.190.109.170 - - [14/Jul/2025:14:04:00 +0000] "POST /xmlrpc.php HTTP/1.1" 200 403 "-" "Mozilla/5.0 (Windows NT 10.0; Win64; x64) AppleWebKit/537.36 (KHTML, like Gecko) Chrome/91.0.4472.124 Safari/537.36"
209.74.77.214 - - [14/Jul/2025:14:05:04 +0000] "POST /wp-cron.php?doing_wp_cron=1752501904.4799261093139648437500 HTTP/1.1" 200 - "-" "WordPress/6.8.1; https://diamondtiptiling.com"
83.190.109.170 - - [14/Jul/2025:14:05:02 +0000] "POST /xmlrpc.php HTTP/1.1" 200 403 "-" "Mozilla/5.0 (Windows NT 10.0; Win64; x64) AppleWebKit/537.36 (KHTML, like Gecko) Chrome/91.0.4472.124 Safari/537.36"
209.74.77.214 - - [14/Jul/2025:14:06:02 +0000] "POST /wp-cron.php?doing_wp_cron=1752501962.7226369380950927734375 HTTP/1.1" 200 - "-" "WordPress/6.8.1; https://diamondtiptiling.com"
83.190.109.170 - - [14/Jul/2025:14:06:01 +0000] "POST /xmlrpc.php HTTP/1.1" 200 403 "-" "Mozilla/5.0 (Windows NT 10.0; Win64; x64) AppleWebKit/537.36 (KHTML, like Gecko) Chrome/91.0.4472.124 Safari/537.36"
209.74.77.214 - - [14/Jul/2025:14:07:04 +0000] "POST /wp-cron.php?doing_wp_cron=1752502024.1240940093994140625000 HTTP/1.1" 200 - "-" "WordPress/6.8.1; https://diamondtiptiling.com"
83.190.109.170 - - [14/Jul/2025:14:07:02 +0000] "POST /xmlrpc.php HTTP/1.1" 200 403 "-" "Mozilla/5.0 (Windows NT 10.0; Win64; x64) AppleWebKit/537.36 (KHTML, like Gecko) Chrome/91.0.4472.124 Safari/537.36"
209.74.77.214 - - [14/Jul/2025:14:08:02 +0000] "POST /wp-cron.php?doing_wp_cron=1752502082.3777840137481689453125 HTTP/1.1" 200 - "-" "WordPress/6.8.1; https://diamondtiptiling.com"
83.190.109.170 - - [14/Jul/2025:14:08:00 +0000] "POST /xmlrpc.php HTTP/1.1" 200 403 "-" "Mozilla/5.0 (Windows NT 10.0; Win64; x64) AppleWebKit/537.36 (KHTML, like Gecko) Chrome/91.0.4472.124 Safari/537.36"
209.74.77.214 - - [14/Jul/2025:14:08:22 +0000] "POST /wp-cron.php?doing_wp_cron=1752502102.9488360881805419921875 HTTP/1.1" 200 - "-" "WordPress/6.8.1; https://diamondtiptiling.com"
51.222.253.16 - - [14/Jul/2025:14:08:22 +0000] "GET /category/wood-look-tiles/feed/ HTTP/1.1" 200 1761 "-" "Mozilla/5.0 (compatible; AhrefsBot/7.0; +http://ahrefs.com/robot/)"
83.190.109.170 - - [14/Jul/2025:14:09:02 +0000] "POST /xmlrpc.php HTTP/1.1" 200 403 "-" "Mozilla/5.0 (Windows NT 10.0; Win64; x64) AppleWebKit/537.36 (KHTML, like Gecko) Chrome/91.0.4472.124 Safari/537.36"
209.74.77.214 - - [14/Jul/2025:14:10:03 +0000] "POST /wp-cron.php?doing_wp_cron=1752502203.2667479515075683593750 HTTP/1.1" 200 - "-" "WordPress/6.8.1; https://diamondtiptiling.com"
83.190.109.170 - - [14/Jul/2025:14:10:01 +0000] "POST /xmlrpc.php HTTP/1.1" 200 403 "-" "Mozilla/5.0 (Windows NT 10.0; Win64; x64) AppleWebKit/537.36 (KHTML, like Gecko) Chrome/91.0.4472.124 Safari/537.36"
209.74.77.214 - - [14/Jul/2025:14:11:03 +0000] "POST /wp-cron.php?doing_wp_cron=1752502263.3064060211181640625000 HTTP/1.1" 200 - "-" "WordPress/6.8.1; https://diamondtiptiling.com"
83.190.109.170 - - [14/Jul/2025:14:11:01 +0000] "POST /xmlrpc.php HTTP/1.1" 200 403 "-" "Mozilla/5.0 (Windows NT 10.0; Win64; x64) AppleWebKit/537.36 (KHTML, like Gecko) Chrome/91.0.4472.124 Safari/537.36"
209.74.77.214 - - [14/Jul/2025:14:12:01 +0000] "POST /wp-cron.php?doing_wp_cron=1752502321.9634358882904052734375 HTTP/1.1" 200 - "-" "WordPress/6.8.1; https://diamondtiptiling.com"
83.190.109.170 - - [14/Jul/2025:14:12:00 +0000] "POST /xmlrpc.php HTTP/1.1" 200 403 "-" "Mozilla/5.0 (Windows NT 10.0; Win64; x64) AppleWebKit/537.36 (KHTML, like Gecko) Chrome/91.0.4472.124 Safari/537.36"
209.74.77.214 - - [14/Jul/2025:14:13:01 +0000] "POST /wp-cron.php?doing_wp_cron=1752502381.6205608844757080078125 HTTP/1.1" 200 - "-" "WordPress/6.8.1; https://diamondtiptiling.com"
83.190.109.170 - - [14/Jul/2025:14:13:00 +0000] "POST /xmlrpc.php HTTP/1.1" 200 403 "-" "Mozilla/5.0 (Windows NT 10.0; Win64; x64) AppleWebKit/537.36 (KHTML, like Gecko) Chrome/91.0.4472.124 Safari/537.36"
209.74.77.214 - - [14/Jul/2025:14:14:03 +0000] "POST /wp-cron.php?doing_wp_cron=1752502443.7791330814361572265625 HTTP/1.1" 200 - "-" "WordPress/6.8.1; https://diamondtiptiling.com"
83.190.109.170 - - [14/Jul/2025:14:14:02 +0000] "POST /xmlrpc.php HTTP/1.1" 200 403 "-" "Mozilla/5.0 (Windows NT 10.0; Win64; x64) AppleWebKit/537.36 (KHTML, like Gecko) Chrome/91.0.4472.124 Safari/537.36"
209.74.77.214 - - [14/Jul/2025:14:15:04 +0000] "POST /wp-cron.php?doing_wp_cron=1752502504.0475280284881591796875 HTTP/1.1" 200 - "-" "WordPress/6.8.1; https://diamondtiptiling.com"
83.190.109.170 - - [14/Jul/2025:14:15:02 +0000] "POST /xmlrpc.php HTTP/1.1" 200 403 "-" "Mozilla/5.0 (Windows NT 10.0; Win64; x64) AppleWebKit/537.36 (KHTML, like Gecko) Chrome/91.0.4472.124 Safari/537.36"
209.74.77.214 - - [14/Jul/2025:14:16:08 +0000] "POST /wp-cron.php?doing_wp_cron=1752502568.0442409515380859375000 HTTP/1.1" 200 - "-" "WordPress/6.8.1; https://diamondtiptiling.com"
83.190.109.170 - - [14/Jul/2025:14:16:06 +0000] "POST /xmlrpc.php HTTP/1.1" 200 403 "-" "Mozilla/5.0 (Windows NT 10.0; Win64; x64) AppleWebKit/537.36 (KHTML, like Gecko) Chrome/91.0.4472.124 Safari/537.36"
209.74.77.214 - - [14/Jul/2025:14:17:45 +0000] "POST /wp-cron.php?doing_wp_cron=1752502665.0737590789794921875000 HTTP/1.1" 200 - "-" "WordPress/6.8.1; https://diamondtiptiling.com"
51.222.253.20 - - [14/Jul/2025:14:17:43 +0000] "GET /category/penny-tiles/feed/ HTTP/1.1" 200 1769 "-" "Mozilla/5.0 (compatible; AhrefsBot/7.0; +http://ahrefs.com/robot/)"
185.191.171.15 - - [14/Jul/2025:14:27:23 +0000] "GET /robots.txt HTTP/1.1" 200 99 "-" "Mozilla/5.0 (compatible; SemrushBot/7~bl; +http://www.semrush.com/bot.html)"
209.74.77.214 - - [14/Jul/2025:14:27:25 +0000] "POST /wp-cron.php?doing_wp_cron=1752503245.2971069812774658203125 HTTP/1.1" 200 - "-" "WordPress/6.8.1; https://diamondtiptiling.com"
85.208.96.198 - - [14/Jul/2025:14:27:23 +0000] "GET /home-rtl-2/ HTTP/1.1" 200 28211 "-" "Mozilla/5.0 (compatible; SemrushBot/7~bl; +http://www.semrush.com/bot.html)"
51.222.253.3 - - [14/Jul/2025:14:27:39 +0000] "GET /tag/patterned-tiles/feed/ HTTP/1.1" 200 1769 "-" "Mozilla/5.0 (compatible; AhrefsBot/7.0; +http://ahrefs.com/robot/)"
209.74.77.214 - - [14/Jul/2025:14:37:09 +0000] "POST /wp-cron.php?doing_wp_cron=1752503829.0043830871582031250000 HTTP/1.1" 200 - "-" "WordPress/6.8.1; https://diamondtiptiling.com"
51.222.253.14 - - [14/Jul/2025:14:37:07 +0000] "GET /work/ HTTP/1.1" 200 19039 "-" "Mozilla/5.0 (compatible; AhrefsBot/7.0; +http://ahrefs.com/robot/)"
51.222.253.3 - - [14/Jul/2025:14:37:36 +0000] "GET /wp-content/themes/floens/assets/js/floens-theme.js?ver=1752503829 HTTP/1.1" 200 2990 "-" "Mozilla/5.0 (compatible; AhrefsBot/7.0; +http://ahrefs.com/robot/)"
216.73.216.84 - - [14/Jul/2025:14:49:03 +0000] "GET /robots.txt HTTP/1.1" 200 99 "-" "Mozilla/5.0 AppleWebKit/537.36 (KHTML, like Gecko; compatible; ClaudeBot/1.0; [email protected])"
216.73.216.84 - - [14/Jul/2025:14:49:03 +0000] "GET /wp-sitemap.xml HTTP/1.1" 200 4541 "-" "Mozilla/5.0 AppleWebKit/537.36 (KHTML, like Gecko; compatible; ClaudeBot/1.0; [email protected])"
209.74.77.214 - - [14/Jul/2025:14:53:16 +0000] "POST /wp-cron.php?doing_wp_cron=1752504796.3098890781402587890625 HTTP/1.1" 200 - "-" "WordPress/6.8.1; https://diamondtiptiling.com"
51.222.253.8 - - [14/Jul/2025:14:53:14 +0000] "GET /home-boxed/?quick-view=132 HTTP/1.1" 200 28096 "-" "Mozilla/5.0 (compatible; AhrefsBot/7.0; +http://ahrefs.com/robot/)"
51.222.253.7 - - [14/Jul/2025:14:53:43 +0000] "GET /wp-content/uploads/elementor/css/post-1629.css?ver=1748686272 HTTP/1.1" 200 310 "-" "Mozilla/5.0 (compatible; AhrefsBot/7.0; +http://ahrefs.com/robot/)"
51.222.253.2 - - [14/Jul/2025:14:53:44 +0000] "GET /wp-content/themes/floens/assets/js/floens-theme.js?ver=1752504796 HTTP/1.1" 200 2990 "-" "Mozilla/5.0 (compatible; AhrefsBot/7.0; +http://ahrefs.com/robot/)"
209.74.77.214 - - [14/Jul/2025:14:56:27 +0000] "POST /wp-cron.php?doing_wp_cron=1752504987.5772190093994140625000 HTTP/1.1" 200 - "-" "WordPress/6.8.1; https://diamondtiptiling.com"
85.208.96.208 - - [14/Jul/2025:14:56:25 +0000] "GET /product/oak-wood-flooring/ HTTP/1.1" 200 18650 "-" "Mozilla/5.0 (compatible; SemrushBot/7~bl; +http://www.semrush.com/bot.html)"
209.74.77.214 - - [14/Jul/2025:15:02:32 +0000] "POST /wp-cron.php?doing_wp_cron=1752505352.1971690654754638671875 HTTP/1.1" 200 - "-" "WordPress/6.8.1; https://diamondtiptiling.com"
51.222.253.17 - - [14/Jul/2025:15:02:30 +0000] "GET /services/ HTTP/1.1" 200 18814 "-" "Mozilla/5.0 (compatible; AhrefsBot/7.0; +http://ahrefs.com/robot/)"
54.36.148.212 - - [14/Jul/2025:15:10:25 +0000] "GET /robots.txt HTTP/1.1" 200 99 "-" "Mozilla/5.0 (compatible; AhrefsBot/7.0; +http://ahrefs.com/robot/)"
209.74.77.214 - - [14/Jul/2025:15:10:31 +0000] "POST /wp-cron.php?doing_wp_cron=1752505831.5472769737243652343750 HTTP/1.1" 200 - "-" "WordPress/6.8.1; https://diamondtiptiling.com"
51.222.253.9 - - [14/Jul/2025:15:10:29 +0000] "GET /home-boxed/?quick-view=137 HTTP/1.1" 200 28096 "-" "Mozilla/5.0 (compatible; AhrefsBot/7.0; +http://ahrefs.com/robot/)"
209.74.77.214 - - [14/Jul/2025:15:18:32 +0000] "POST /wp-cron.php?doing_wp_cron=1752506312.7289550304412841796875 HTTP/1.1" 200 - "-" "WordPress/6.8.1; https://diamondtiptiling.com"
51.222.253.2 - - [14/Jul/2025:15:18:31 +0000] "GET /home-boxed/?quick-view=141 HTTP/1.1" 200 28096 "-" "Mozilla/5.0 (compatible; AhrefsBot/7.0; +http://ahrefs.com/robot/)"
51.222.253.4 - - [14/Jul/2025:15:18:52 +0000] "GET /wp-content/themes/floens/assets/js/floens-theme.js?ver=1752506312 HTTP/1.1" 200 2990 "-" "Mozilla/5.0 (compatible; AhrefsBot/7.0; +http://ahrefs.com/robot/)"
209.74.77.214 - - [14/Jul/2025:15:22:59 +0000] "POST /wp-cron.php?doing_wp_cron=1752506579.8307530879974365234375 HTTP/1.1" 200 - "-" "WordPress/6.8.1; https://diamondtiptiling.com"
57.141.2.15 - - [14/Jul/2025:15:22:58 +0000] "GET /?p=136 HTTP/1.1" 301 - "-" "meta-externalagent/1.1 (+https://developers.facebook.com/docs/sharing/webmasters/crawler)"
57.141.2.12 - - [14/Jul/2025:15:23:01 +0000] "GET /product/penny-tiles/ HTTP/1.1" 200 85185 "-" "meta-externalagent/1.1 (+https://developers.facebook.com/docs/sharing/webmasters/crawler)"
139.155.139.22 - - [14/Jul/2025:15:24:16 +0000] "GET / HTTP/1.1" 200 25794 "http://diamondtiptiling.com" "Mozilla/5.0 (iPhone; CPU iPhone OS 13_2_3 like Mac OS X) AppleWebKit/605.1.15 (KHTML, like Gecko) Version/13.0.3 Mobile/15E148 Safari/604.1"
209.74.77.214 - - [14/Jul/2025:15:26:00 +0000] "POST /wp-cron.php?doing_wp_cron=1752506760.6468749046325683593750 HTTP/1.1" 200 - "-" "WordPress/6.8.1; https://diamondtiptiling.com"
51.222.253.13 - - [14/Jul/2025:15:25:58 +0000] "GET /home-boxed/?quick-view=143 HTTP/1.1" 200 28096 "-" "Mozilla/5.0 (compatible; AhrefsBot/7.0; +http://ahrefs.com/robot/)"
209.74.77.214 - - [14/Jul/2025:15:34:40 +0000] "POST /wp-cron.php?doing_wp_cron=1752507280.8229250907897949218750 HTTP/1.1" 200 - "-" "WordPress/6.8.1; https://diamondtiptiling.com"
51.222.253.2 - - [14/Jul/2025:15:34:38 +0000] "GET /product/terracotta-tiles/feed/ HTTP/1.1" 200 792 "-" "Mozilla/5.0 (compatible; AhrefsBot/7.0; +http://ahrefs.com/robot/)"
49.51.73.183 - - [14/Jul/2025:15:36:28 +0000] "GET / HTTP/1.1" 200 25793 "http://www.diamondtiptiling.com" "Mozilla/5.0 (iPhone; CPU iPhone OS 13_2_3 like Mac OS X) AppleWebKit/605.1.15 (KHTML, like Gecko) Version/13.0.3 Mobile/15E148 Safari/604.1"
209.74.77.214 - - [14/Jul/2025:15:42:56 +0000] "POST /wp-cron.php?doing_wp_cron=1752507776.6857020854949951171875 HTTP/1.1" 200 - "-" "WordPress/6.8.1; https://diamondtiptiling.com"
51.222.253.12 - - [14/Jul/2025:15:42:55 +0000] "GET /contact/ HTTP/1.1" 200 18105 "-" "Mozilla/5.0 (compatible; AhrefsBot/7.0; +http://ahrefs.com/robot/)"
51.222.253.17 - - [14/Jul/2025:15:43:44 +0000] "GET /wp-content/themes/floens/assets/js/floens-theme.js?ver=1752507776 HTTP/1.1" 200 2990 "-" "Mozilla/5.0 (compatible; AhrefsBot/7.0; +http://ahrefs.com/robot/)"
209.74.77.214 - - [14/Jul/2025:15:51:17 +0000] "POST /wp-cron.php?doing_wp_cron=1752508277.6520869731903076171875 HTTP/1.1" 200 - "-" "WordPress/6.8.1; https://diamondtiptiling.com"
51.222.253.10 - - [14/Jul/2025:15:51:16 +0000] "GET /self-leveling/ HTTP/1.1" 200 21073 "-" "Mozilla/5.0 (compatible; AhrefsBot/7.0; +http://ahrefs.com/robot/)"
51.222.253.13 - - [14/Jul/2025:15:51:38 +0000] "GET /wp-content/themes/floens/assets/js/floens-theme.js?ver=1752508277 HTTP/1.1" 200 2990 "-" "Mozilla/5.0 (compatible; AhrefsBot/7.0; +http://ahrefs.com/robot/)"
51.222.253.20 - - [14/Jul/2025:15:51:40 +0000] "GET /wp-content/uploads/2025/05/self_leveling_enhanced_776x520.png HTTP/1.1" 200 437045 "-" "Mozilla/5.0 (compatible; AhrefsBot/7.0; +http://ahrefs.com/robot/)"
51.222.253.14 - - [14/Jul/2025:15:51:42 +0000] "GET /wp-content/uploads/elementor/css/post-282.css?ver=1748507474 HTTP/1.1" 200 757 "-" "Mozilla/5.0 (compatible; AhrefsBot/7.0; +http://ahrefs.com/robot/)"
209.74.77.214 - - [14/Jul/2025:15:59:17 +0000] "POST /wp-cron.php?doing_wp_cron=1752508757.7522339820861816406250 HTTP/1.1" 200 - "-" "WordPress/6.8.1; https://diamondtiptiling.com"
51.222.253.6 - - [14/Jul/2025:15:59:16 +0000] "GET /our-team/ HTTP/1.1" 200 17796 "-" "Mozilla/5.0 (compatible; AhrefsBot/7.0; +http://ahrefs.com/robot/)"
51.222.253.13 - - [14/Jul/2025:15:59:50 +0000] "GET /wp-content/themes/floens/assets/js/floens-theme.js?ver=1752508757 HTTP/1.1" 200 2990 "-" "Mozilla/5.0 (compatible; AhrefsBot/7.0; +http://ahrefs.com/robot/)"
209.74.77.214 - - [14/Jul/2025:16:07:41 +0000] "POST /wp-cron.php?doing_wp_cron=1752509261.8198280334472656250000 HTTP/1.1" 200 - "-" "WordPress/6.8.1; https://diamondtiptiling.com"
51.222.253.8 - - [14/Jul/2025:16:07:39 +0000] "GET /waterproofing/ HTTP/1.1" 200 21188 "-" "Mozilla/5.0 (compatible; AhrefsBot/7.0; +http://ahrefs.com/robot/)"
51.222.253.9 - - [14/Jul/2025:16:08:12 +0000] "GET /wp-content/uploads/elementor/css/post-271.css?ver=1748507473 HTTP/1.1" 200 748 "-" "Mozilla/5.0 (compatible; AhrefsBot/7.0; +http://ahrefs.com/robot/)"
51.222.253.6 - - [14/Jul/2025:16:08:13 +0000] "GET /wp-content/uploads/2025/05/waterproof-1.png HTTP/1.1" 200 637489 "-" "Mozilla/5.0 (compatible; AhrefsBot/7.0; +http://ahrefs.com/robot/)"
51.222.253.14 - - [14/Jul/2025:16:08:15 +0000] "GET /wp-content/themes/floens/assets/js/floens-theme.js?ver=1752509261 HTTP/1.1" 200 2990 "-" "Mozilla/5.0 (compatible; AhrefsBot/7.0; +http://ahrefs.com/robot/)"
209.74.77.214 - - [14/Jul/2025:16:15:29 +0000] "POST /wp-cron.php?doing_wp_cron=1752509729.6904859542846679687500 HTTP/1.1" 200 - "-" "WordPress/6.8.1; https://diamondtiptiling.com"
51.222.253.17 - - [14/Jul/2025:16:15:27 +0000] "GET /product/tiling-concrete/feed/ HTTP/1.1" 200 794 "-" "Mozilla/5.0 (compatible; AhrefsBot/7.0; +http://ahrefs.com/robot/)"
209.74.77.214 - - [14/Jul/2025:16:23:45 +0000] "POST /wp-cron.php?doing_wp_cron=1752510225.1401948928833007812500 HTTP/1.1" 200 - "-" "WordPress/6.8.1; https://diamondtiptiling.com"
51.222.253.10 - - [14/Jul/2025:16:23:43 +0000] "GET /tile-removal/ HTTP/1.1" 200 21174 "-" "Mozilla/5.0 (compatible; AhrefsBot/7.0; +http://ahrefs.com/robot/)"
51.222.253.5 - - [14/Jul/2025:16:24:07 +0000] "GET /wp-content/themes/floens/assets/js/floens-theme.js?ver=1752510225 HTTP/1.1" 200 2990 "-" "Mozilla/5.0 (compatible; AhrefsBot/7.0; +http://ahrefs.com/robot/)"
51.222.253.9 - - [14/Jul/2025:16:24:08 +0000] "GET /wp-content/uploads/2025/05/tile-removal.png HTTP/1.1" 200 621327 "-" "Mozilla/5.0 (compatible; AhrefsBot/7.0; +http://ahrefs.com/robot/)"
51.222.253.4 - - [14/Jul/2025:16:24:11 +0000] "GET /wp-content/uploads/elementor/css/post-280.css?ver=1748507474 HTTP/1.1" 200 759 "-" "Mozilla/5.0 (compatible; AhrefsBot/7.0; +http://ahrefs.com/robot/)"
209.74.77.214 - - [14/Jul/2025:16:32:17 +0000] "POST /wp-cron.php?doing_wp_cron=1752510737.7882919311523437500000 HTTP/1.1" 200 - "-" "WordPress/6.8.1; https://diamondtiptiling.com"
51.222.253.12 - - [14/Jul/2025:16:32:15 +0000] "GET /onepage-home-two/blog-grid-right.html HTTP/1.1" 404 17049 "-" "Mozilla/5.0 (compatible; AhrefsBot/7.0; +http://ahrefs.com/robot/)"
209.74.77.214 - - [14/Jul/2025:16:40:02 +0000] "POST /wp-cron.php?doing_wp_cron=1752511202.8235900402069091796875 HTTP/1.1" 200 - "-" "WordPress/6.8.1; https://diamondtiptiling.com"
51.222.253.1 - - [14/Jul/2025:16:39:59 +0000] "GET /hardwood-oak-flooring-at-simple-flooring/feed/ HTTP/1.1" 200 443 "-" "Mozilla/5.0 (compatible; AhrefsBot/7.0; +http://ahrefs.com/robot/)"
209.74.77.214 - - [14/Jul/2025:16:47:13 +0000] "POST /wp-cron.php?doing_wp_cron=1752511633.8229238986968994140625 HTTP/1.1" 200 - "-" "WordPress/6.8.1; https://diamondtiptiling.com"
51.222.253.5 - - [14/Jul/2025:16:47:11 +0000] "GET /product/satin-wood-flooring/feed/ HTTP/1.1" 200 793 "-" "Mozilla/5.0 (compatible; AhrefsBot/7.0; +http://ahrefs.com/robot/)"
209.74.77.214 - - [14/Jul/2025:16:54:43 +0000] "POST /wp-cron.php?doing_wp_cron=1752512083.5661420822143554687500 HTTP/1.1" 200 - "-" "WordPress/6.8.1; https://diamondtiptiling.com"
51.222.253.9 - - [14/Jul/2025:16:54:41 +0000] "GET /product/vein-patterns/feed/ HTTP/1.1" 200 789 "-" "Mozilla/5.0 (compatible; AhrefsBot/7.0; +http://ahrefs.com/robot/)"
209.74.77.214 - - [14/Jul/2025:17:02:13 +0000] "POST /wp-cron.php?doing_wp_cron=1752512533.1243779659271240234375 HTTP/1.1" 200 - "-" "WordPress/6.8.1; https://diamondtiptiling.com"
51.222.253.19 - - [14/Jul/2025:17:02:11 +0000] "GET /product/fish-scale-tiles/feed/ HTTP/1.1" 200 788 "-" "Mozilla/5.0 (compatible; AhrefsBot/7.0; +http://ahrefs.com/robot/)"
209.74.77.214 - - [14/Jul/2025:17:09:20 +0000] "POST /wp-cron.php?doing_wp_cron=1752512960.9747300148010253906250 HTTP/1.1" 200 - "-" "WordPress/6.8.1; https://diamondtiptiling.com"
51.222.253.7 - - [14/Jul/2025:17:09:18 +0000] "GET /product/digital-print-tiles/feed/ HTTP/1.1" 200 791 "-" "Mozilla/5.0 (compatible; AhrefsBot/7.0; +http://ahrefs.com/robot/)"
209.74.77.214 - - [14/Jul/2025:17:15:59 +0000] "POST /wp-cron.php?doing_wp_cron=1752513359.8124170303344726562500 HTTP/1.1" 200 - "-" "WordPress/6.8.1; https://diamondtiptiling.com"
51.222.253.17 - - [14/Jul/2025:17:15:57 +0000] "GET /product/mosaic-tiles/feed/ HTTP/1.1" 200 787 "-" "Mozilla/5.0 (compatible; AhrefsBot/7.0; +http://ahrefs.com/robot/)"
209.74.77.214 - - [14/Jul/2025:17:22:54 +0000] "POST /wp-cron.php?doing_wp_cron=1752513774.3419721126556396484375 HTTP/1.1" 200 - "-" "WordPress/6.8.1; https://diamondtiptiling.com"
51.222.253.12 - - [14/Jul/2025:17:22:52 +0000] "GET /home-two/blog-grid-right.html HTTP/1.1" 404 17049 "-" "Mozilla/5.0 (compatible; AhrefsBot/7.0; +http://ahrefs.com/robot/)"
209.74.77.214 - - [14/Jul/2025:17:29:48 +0000] "POST /wp-cron.php?doing_wp_cron=1752514188.1041269302368164062500 HTTP/1.1" 200 - "-" "WordPress/6.8.1; https://diamondtiptiling.com"
51.222.253.19 - - [14/Jul/2025:17:29:45 +0000] "GET /author/dttile/ HTTP/1.1" 200 20859 "-" "Mozilla/5.0 (compatible; AhrefsBot/7.0; +http://ahrefs.com/robot/)"
51.222.253.13 - - [14/Jul/2025:17:30:15 +0000] "GET /wp-content/uploads/2024/01/blog-4-770x428.jpg HTTP/1.1" 200 65015 "-" "Mozilla/5.0 (compatible; AhrefsBot/7.0; +http://ahrefs.com/robot/)"
51.222.253.9 - - [14/Jul/2025:17:30:17 +0000] "GET /wp-content/uploads/2024/01/blog-6-770x428.jpg HTTP/1.1" 200 55009 "-" "Mozilla/5.0 (compatible; AhrefsBot/7.0; +http://ahrefs.com/robot/)"
51.222.253.6 - - [14/Jul/2025:17:30:19 +0000] "GET /wp-content/themes/floens/assets/js/floens-theme.js?ver=1752514188 HTTP/1.1" 200 2990 "-" "Mozilla/5.0 (compatible; AhrefsBot/7.0; +http://ahrefs.com/robot/)"
51.222.253.4 - - [14/Jul/2025:17:30:20 +0000] "GET /wp-content/uploads/2024/01/blog-7-770x428.jpg HTTP/1.1" 200 54423 "-" "Mozilla/5.0 (compatible; AhrefsBot/7.0; +http://ahrefs.com/robot/)"
51.222.253.4 - - [14/Jul/2025:17:30:21 +0000] "GET /wp-content/uploads/2024/01/blog-8-770x428.jpg HTTP/1.1" 200 44048 "-" "Mozilla/5.0 (compatible; AhrefsBot/7.0; +http://ahrefs.com/robot/)"
51.222.253.19 - - [14/Jul/2025:17:30:23 +0000] "GET /wp-content/uploads/2024/01/blog-3-770x428.jpg HTTP/1.1" 200 48450 "-" "Mozilla/5.0 (compatible; AhrefsBot/7.0; +http://ahrefs.com/robot/)"
51.222.253.1 - - [14/Jul/2025:17:30:24 +0000] "GET /wp-content/uploads/2024/01/blog-1-770x428.jpg HTTP/1.1" 200 42799 "-" "Mozilla/5.0 (compatible; AhrefsBot/7.0; +http://ahrefs.com/robot/)"
51.222.253.14 - - [14/Jul/2025:17:30:26 +0000] "GET /wp-content/uploads/2024/01/blog-5-770x428.jpg HTTP/1.1" 200 65411 "-" "Mozilla/5.0 (compatible; AhrefsBot/7.0; +http://ahrefs.com/robot/)"
51.222.253.5 - - [14/Jul/2025:17:30:28 +0000] "GET /wp-content/uploads/2024/01/blog-2-770x428.jpg HTTP/1.1" 200 69554 "-" "Mozilla/5.0 (compatible; AhrefsBot/7.0; +http://ahrefs.com/robot/)"
216.73.216.84 - - [14/Jul/2025:17:41:36 +0000] "GET /robots.txt HTTP/1.1" 200 99 "-" "Mozilla/5.0 AppleWebKit/537.36 (KHTML, like Gecko; compatible; ClaudeBot/1.0; [email protected])"
209.74.77.214 - - [14/Jul/2025:17:41:38 +0000] "POST /wp-cron.php?doing_wp_cron=1752514898.7819020748138427734375 HTTP/1.1" 200 - "-" "WordPress/6.8.1; https://diamondtiptiling.com"
216.73.216.84 - - [14/Jul/2025:17:41:36 +0000] "GET /product/1407181805.shtm HTTP/1.1" 404 17049 "-" "Mozilla/5.0 AppleWebKit/537.36 (KHTML, like Gecko; compatible; ClaudeBot/1.0; [email protected])"
216.73.216.84 - - [14/Jul/2025:17:41:40 +0000] "GET /product/1407178564.shtm HTTP/1.1" 404 17048 "-" "Mozilla/5.0 AppleWebKit/537.36 (KHTML, like Gecko; compatible; ClaudeBot/1.0; [email protected])"
216.73.216.84 - - [14/Jul/2025:17:41:42 +0000] "GET /product/1406804890.shtm HTTP/1.1" 404 17049 "-" "Mozilla/5.0 AppleWebKit/537.36 (KHTML, like Gecko; compatible; ClaudeBot/1.0; [email protected])"
216.73.216.84 - - [14/Jul/2025:17:41:45 +0000] "GET /product/1407152023.shtm HTTP/1.1" 404 17049 "-" "Mozilla/5.0 AppleWebKit/537.36 (KHTML, like Gecko; compatible; ClaudeBot/1.0; [email protected])"
216.73.216.84 - - [14/Jul/2025:17:41:48 +0000] "GET /product/1407117006.shtm HTTP/1.1" 404 17049 "-" "Mozilla/5.0 AppleWebKit/537.36 (KHTML, like Gecko; compatible; ClaudeBot/1.0; [email protected])"
216.73.216.84 - - [14/Jul/2025:17:41:51 +0000] "GET /product/1407177569.shtm HTTP/1.1" 404 17050 "-" "Mozilla/5.0 AppleWebKit/537.36 (KHTML, like Gecko; compatible; ClaudeBot/1.0; [email protected])"
216.73.216.84 - - [14/Jul/2025:17:41:54 +0000] "GET /product/1407360147.shtm HTTP/1.1" 404 17047 "-" "Mozilla/5.0 AppleWebKit/537.36 (KHTML, like Gecko; compatible; ClaudeBot/1.0; [email protected])"
209.74.77.214 - - [14/Jul/2025:17:42:15 +0000] "POST /wp-cron.php?doing_wp_cron=1752514935.3856310844421386718750 HTTP/1.1" 200 - "-" "WordPress/6.8.1; https://diamondtiptiling.com"
216.73.216.84 - - [14/Jul/2025:17:42:15 +0000] "GET /product/1407458840.shtm HTTP/1.1" 404 17048 "-" "Mozilla/5.0 AppleWebKit/537.36 (KHTML, like Gecko; compatible; ClaudeBot/1.0; [email protected])"
216.73.216.84 - - [14/Jul/2025:17:42:17 +0000] "GET /product/1406773114.shtm HTTP/1.1" 404 17049 "-" "Mozilla/5.0 AppleWebKit/537.36 (KHTML, like Gecko; compatible; ClaudeBot/1.0; [email protected])"
216.73.216.84 - - [14/Jul/2025:17:42:20 +0000] "GET /product/1406758220.shtm HTTP/1.1" 404 17048 "-" "Mozilla/5.0 AppleWebKit/537.36 (KHTML, like Gecko; compatible; ClaudeBot/1.0; [email protected])"
216.73.216.84 - - [14/Jul/2025:17:42:23 +0000] "GET /product/1407442959.shtm HTTP/1.1" 404 17048 "-" "Mozilla/5.0 AppleWebKit/537.36 (KHTML, like Gecko; compatible; ClaudeBot/1.0; [email protected])"
216.73.216.84 - - [14/Jul/2025:17:42:26 +0000] "GET /product/1407229600.shtm HTTP/1.1" 404 17049 "-" "Mozilla/5.0 AppleWebKit/537.36 (KHTML, like Gecko; compatible; ClaudeBot/1.0; [email protected])"
216.73.216.84 - - [14/Jul/2025:17:42:29 +0000] "GET /product/1407149901.shtm HTTP/1.1" 404 17048 "-" "Mozilla/5.0 AppleWebKit/537.36 (KHTML, like Gecko; compatible; ClaudeBot/1.0; [email protected])"
216.73.216.84 - - [14/Jul/2025:17:42:32 +0000] "GET /product/1406750811.shtm HTTP/1.1" 404 17048 "-" "Mozilla/5.0 AppleWebKit/537.36 (KHTML, like Gecko; compatible; ClaudeBot/1.0; [email protected])"
216.73.216.84 - - [14/Jul/2025:17:42:57 +0000] "GET /product/1407192401.shtm HTTP/1.1" 404 17049 "-" "Mozilla/5.0 AppleWebKit/537.36 (KHTML, like Gecko; compatible; ClaudeBot/1.0; [email protected])"
216.73.216.84 - - [14/Jul/2025:17:43:00 +0000] "GET /product/1407442885.shtm HTTP/1.1" 404 17049 "-" "Mozilla/5.0 AppleWebKit/537.36 (KHTML, like Gecko; compatible; ClaudeBot/1.0; [email protected])"
216.73.216.84 - - [14/Jul/2025:17:43:03 +0000] "GET /product/1407170156.shtm HTTP/1.1" 404 17049 "-" "Mozilla/5.0 AppleWebKit/537.36 (KHTML, like Gecko; compatible; ClaudeBot/1.0; [email protected])"
209.74.77.214 - - [14/Jul/2025:17:43:06 +0000] "POST /wp-cron.php?doing_wp_cron=1752514986.8140189647674560546875 HTTP/1.1" 200 - "-" "WordPress/6.8.1; https://diamondtiptiling.com"
216.73.216.84 - - [14/Jul/2025:17:43:06 +0000] "GET /product/1406966278.shtm HTTP/1.1" 404 17049 "-" "Mozilla/5.0 AppleWebKit/537.36 (KHTML, like Gecko; compatible; ClaudeBot/1.0; [email protected])"
216.73.216.84 - - [14/Jul/2025:17:43:09 +0000] "GET /product/1406974750.shtm HTTP/1.1" 404 17049 "-" "Mozilla/5.0 AppleWebKit/537.36 (KHTML, like Gecko; compatible; ClaudeBot/1.0; [email protected])"
216.73.216.84 - - [14/Jul/2025:17:43:12 +0000] "GET /product/1407148910.shtm HTTP/1.1" 404 17049 "-" "Mozilla/5.0 AppleWebKit/537.36 (KHTML, like Gecko; compatible; ClaudeBot/1.0; [email protected])"
216.73.216.84 - - [14/Jul/2025:17:43:15 +0000] "GET /product/1407241323.shtm HTTP/1.1" 404 17048 "-" "Mozilla/5.0 AppleWebKit/537.36 (KHTML, like Gecko; compatible; ClaudeBot/1.0; [email protected])"
216.73.216.84 - - [14/Jul/2025:17:43:39 +0000] "GET /product/1406703076.shtm HTTP/1.1" 404 17048 "-" "Mozilla/5.0 AppleWebKit/537.36 (KHTML, like Gecko; compatible; ClaudeBot/1.0; [email protected])"
209.74.77.214 - - [14/Jul/2025:17:43:42 +0000] "POST /wp-cron.php?doing_wp_cron=1752515022.8573698997497558593750 HTTP/1.1" 200 - "-" "WordPress/6.8.1; https://diamondtiptiling.com"
216.73.216.84 - - [14/Jul/2025:17:43:42 +0000] "GET /product/1407475858.shtm HTTP/1.1" 404 17049 "-" "Mozilla/5.0 AppleWebKit/537.36 (KHTML, like Gecko; compatible; ClaudeBot/1.0; [email protected])"
216.73.216.84 - - [14/Jul/2025:17:43:45 +0000] "GET /product/1406958861.shtm HTTP/1.1" 404 17048 "-" "Mozilla/5.0 AppleWebKit/537.36 (KHTML, like Gecko; compatible; ClaudeBot/1.0; [email protected])"
216.73.216.84 - - [14/Jul/2025:17:43:48 +0000] "GET /product/1406929207.shtm HTTP/1.1" 404 17048 "-" "Mozilla/5.0 AppleWebKit/537.36 (KHTML, like Gecko; compatible; ClaudeBot/1.0; [email protected])"
216.73.216.84 - - [14/Jul/2025:17:43:51 +0000] "GET /product/1406919606.shtm HTTP/1.1" 404 17048 "-" "Mozilla/5.0 AppleWebKit/537.36 (KHTML, like Gecko; compatible; ClaudeBot/1.0; [email protected])"
216.73.216.84 - - [14/Jul/2025:17:43:54 +0000] "GET /product/1407384564.shtm HTTP/1.1" 404 17048 "-" "Mozilla/5.0 AppleWebKit/537.36 (KHTML, like Gecko; compatible; ClaudeBot/1.0; [email protected])"
216.73.216.84 - - [14/Jul/2025:17:43:57 +0000] "GET /product/1406937615.shtm HTTP/1.1" 404 17049 "-" "Mozilla/5.0 AppleWebKit/537.36 (KHTML, like Gecko; compatible; ClaudeBot/1.0; [email protected])"
209.74.77.214 - - [14/Jul/2025:17:44:21 +0000] "POST /wp-cron.php?doing_wp_cron=1752515061.2605340480804443359375 HTTP/1.1" 200 - "-" "WordPress/6.8.1; https://diamondtiptiling.com"
216.73.216.84 - - [14/Jul/2025:17:44:21 +0000] "GET /product/1406993882.shtm HTTP/1.1" 404 17048 "-" "Mozilla/5.0 AppleWebKit/537.36 (KHTML, like Gecko; compatible; ClaudeBot/1.0; [email protected])"
216.73.216.84 - - [14/Jul/2025:17:44:23 +0000] "GET /product/1406954625.shtm HTTP/1.1" 404 17049 "-" "Mozilla/5.0 AppleWebKit/537.36 (KHTML, like Gecko; compatible; ClaudeBot/1.0; [email protected])"
216.73.216.84 - - [14/Jul/2025:17:44:26 +0000] "GET /product/1406904712.shtm HTTP/1.1" 404 17049 "-" "Mozilla/5.0 AppleWebKit/537.36 (KHTML, like Gecko; compatible; ClaudeBot/1.0; [email protected])"
216.73.216.84 - - [14/Jul/2025:17:44:29 +0000] "GET /product/1407355901.shtm HTTP/1.1" 404 17048 "-" "Mozilla/5.0 AppleWebKit/537.36 (KHTML, like Gecko; compatible; ClaudeBot/1.0; [email protected])"
216.73.216.84 - - [14/Jul/2025:17:44:32 +0000] "GET /product/1406948265.shtm HTTP/1.1" 404 17049 "-" "Mozilla/5.0 AppleWebKit/537.36 (KHTML, like Gecko; compatible; ClaudeBot/1.0; [email protected])"
216.73.216.84 - - [14/Jul/2025:17:44:35 +0000] "GET /product/1406995001.shtm HTTP/1.1" 404 17049 "-" "Mozilla/5.0 AppleWebKit/537.36 (KHTML, like Gecko; compatible; ClaudeBot/1.0; [email protected])"
216.73.216.84 - - [14/Jul/2025:17:44:38 +0000] "GET /product/1406932316.shtm HTTP/1.1" 404 17049 "-" "Mozilla/5.0 AppleWebKit/537.36 (KHTML, like Gecko; compatible; ClaudeBot/1.0; [email protected])"
216.73.216.84 - - [14/Jul/2025:17:44:58 +0000] "GET /product/1406908948.shtm HTTP/1.1" 404 17049 "-" "Mozilla/5.0 AppleWebKit/537.36 (KHTML, like Gecko; compatible; ClaudeBot/1.0; [email protected])"
216.73.216.84 - - [14/Jul/2025:17:45:01 +0000] "GET /product/1407171155.shtm HTTP/1.1" 404 17048 "-" "Mozilla/5.0 AppleWebKit/537.36 (KHTML, like Gecko; compatible; ClaudeBot/1.0; [email protected])"
216.73.216.84 - - [14/Jul/2025:17:45:04 +0000] "GET /product/1407502403.shtm HTTP/1.1" 404 17050 "-" "Mozilla/5.0 AppleWebKit/537.36 (KHTML, like Gecko; compatible; ClaudeBot/1.0; [email protected])"
209.74.77.214 - - [14/Jul/2025:17:45:07 +0000] "POST /wp-cron.php?doing_wp_cron=1752515107.7550580501556396484375 HTTP/1.1" 200 - "-" "WordPress/6.8.1; https://diamondtiptiling.com"
216.73.216.84 - - [14/Jul/2025:17:45:07 +0000] "GET /product/1406956747.shtm HTTP/1.1" 404 17048 "-" "Mozilla/5.0 AppleWebKit/537.36 (KHTML, like Gecko; compatible; ClaudeBot/1.0; [email protected])"
216.73.216.84 - - [14/Jul/2025:17:45:10 +0000] "GET /product/1406970514.shtm HTTP/1.1" 404 17048 "-" "Mozilla/5.0 AppleWebKit/537.36 (KHTML, like Gecko; compatible; ClaudeBot/1.0; [email protected])"
216.73.216.84 - - [14/Jul/2025:17:45:13 +0000] "GET /product/1407176450.shtm HTTP/1.1" 404 17048 "-" "Mozilla/5.0 AppleWebKit/537.36 (KHTML, like Gecko; compatible; ClaudeBot/1.0; [email protected])"
216.73.216.84 - - [14/Jul/2025:17:45:16 +0000] "GET /product/1406997059.shtm HTTP/1.1" 404 17048 "-" "Mozilla/5.0 AppleWebKit/537.36 (KHTML, like Gecko; compatible; ClaudeBot/1.0; [email protected])"
216.73.216.84 - - [14/Jul/2025:17:45:39 +0000] "GET /product/1406922719.shtm HTTP/1.1" 404 17049 "-" "Mozilla/5.0 AppleWebKit/537.36 (KHTML, like Gecko; compatible; ClaudeBot/1.0; [email protected])"
216.73.216.84 - - [14/Jul/2025:17:45:42 +0000] "GET /product/1407204054.shtm HTTP/1.1" 404 17048 "-" "Mozilla/5.0 AppleWebKit/537.36 (KHTML, like Gecko; compatible; ClaudeBot/1.0; [email protected])"
216.73.216.84 - - [14/Jul/2025:17:45:45 +0000] "GET /product/1406707312.shtm HTTP/1.1" 404 17049 "-" "Mozilla/5.0 AppleWebKit/537.36 (KHTML, like Gecko; compatible; ClaudeBot/1.0; [email protected])"
216.73.216.84 - - [14/Jul/2025:17:45:48 +0000] "GET /product/1407255090.shtm HTTP/1.1" 404 17048 "-" "Mozilla/5.0 AppleWebKit/537.36 (KHTML, like Gecko; compatible; ClaudeBot/1.0; [email protected])"
216.73.216.84 - - [14/Jul/2025:17:45:51 +0000] "GET /product/1407172278.shtm HTTP/1.1" 404 17047 "-" "Mozilla/5.0 AppleWebKit/537.36 (KHTML, like Gecko; compatible; ClaudeBot/1.0; [email protected])"
216.73.216.84 - - [14/Jul/2025:17:45:54 +0000] "GET /product/1406834672.shtm HTTP/1.1" 404 17048 "-" "Mozilla/5.0 AppleWebKit/537.36 (KHTML, like Gecko; compatible; ClaudeBot/1.0; [email protected])"
216.73.216.84 - - [14/Jul/2025:17:45:57 +0000] "GET /product/1406910075.shtm HTTP/1.1" 404 17048 "-" "Mozilla/5.0 AppleWebKit/537.36 (KHTML, like Gecko; compatible; ClaudeBot/1.0; [email protected])"
209.74.77.214 - - [14/Jul/2025:17:46:30 +0000] "POST /wp-cron.php?doing_wp_cron=1752515190.4823598861694335937500 HTTP/1.1" 200 - "-" "WordPress/6.8.1; https://diamondtiptiling.com"
216.73.216.84 - - [14/Jul/2025:17:46:28 +0000] "GET /product/1407346310.shtm HTTP/1.1" 404 17048 "-" "Mozilla/5.0 AppleWebKit/537.36 (KHTML, like Gecko; compatible; ClaudeBot/1.0; [email protected])"
216.73.216.84 - - [14/Jul/2025:17:46:31 +0000] "GET /product/1407336779.shtm HTTP/1.1" 404 17048 "-" "Mozilla/5.0 AppleWebKit/537.36 (KHTML, like Gecko; compatible; ClaudeBot/1.0; [email protected])"
