Current File : /home/kelaby89/access-logs/game-gainz.com.sixpack.studio
66.249.79.65 - - [13/Jul/2025:12:29:39 +0000] "GET /?f=5430159031370&mod=656a0310&uri=form.php%3Fid%3D181282-296%26name%3Dbaddlan+de+kaalje HTTP/1.1" 200 21874 "-" "Mozilla/5.0 (Linux; Android 6.0.1; Nexus 5X Build/MMB29P) AppleWebKit/537.36 (KHTML, like Gecko) Chrome/137.0.7151.103 Mobile Safari/537.36 (compatible; Googlebot/2.1; +http://www.google.com/bot.html)"
66.249.79.64 - - [13/Jul/2025:12:29:44 +0000] "GET /?f=35396107001370&mod=ebbb5ccb&uri=shop.php%3Fid%3D1181387-155%26name%3Decho+play+bluetooth+everywhere HTTP/1.1" 200 21891 "-" "Mozilla/5.0 (Linux; Android 6.0.1; Nexus 5X Build/MMB29P) AppleWebKit/537.36 (KHTML, like Gecko) Chrome/137.0.7151.103 Mobile Safari/537.36 (compatible; Googlebot/2.1; +http://www.google.com/bot.html)"
66.249.79.65 - - [13/Jul/2025:12:32:15 +0000] "GET /?f=5528854021370&mod=6f39194d&uri=us.php%3Fid%3D184575-310%26name%3Dbest+graphic+card+for+adobe+premiere HTTP/1.1" 200 22207 "-" "Mozilla/5.0 (Linux; Android 6.0.1; Nexus 5X Build/MMB29P) AppleWebKit/537.36 (KHTML, like Gecko) Chrome/137.0.7151.103 Mobile Safari/537.36 (compatible; Googlebot/2.1; +http://www.google.com/bot.html)"
66.249.79.64 - - [13/Jul/2025:12:32:16 +0000] "GET /?f=5079367011370&mod=6f39194d&uri=news.php%3Fid%3D169568-310%26name%3Damazon+asus+rog+3080 HTTP/1.1" 200 21763 "-" "Mozilla/5.0 (Linux; Android 6.0.1; Nexus 5X Build/MMB29P) AppleWebKit/537.36 (KHTML, like Gecko) Chrome/137.0.7151.103 Mobile Safari/537.36 (compatible; Googlebot/2.1; +http://www.google.com/bot.html)"
66.249.79.66 - - [13/Jul/2025:12:33:17 +0000] "GET /?f=5523724011370&mod=6f39194d&uri=shop.php%3Fid%3D184404-310%26name%3Dlaptops+with+nvidia+geforce+rtx+3090 HTTP/1.1" 200 21997 "-" "Mozilla/5.0 (Linux; Android 6.0.1; Nexus 5X Build/MMB29P) AppleWebKit/537.36 (KHTML, like Gecko) Chrome/137.0.7151.103 Mobile Safari/537.36 (compatible; Googlebot/2.1; +http://www.google.com/bot.html)"
66.249.79.64 - - [13/Jul/2025:12:33:24 +0000] "GET /?f=5344569101370&mod=aebb462e&uri=info.php%3Fid%3D178427-318%26name%3Dzapatos+adidas+en+estados+unidos HTTP/1.1" 200 20680 "-" "Mozilla/5.0 (Linux; Android 6.0.1; Nexus 5X Build/MMB29P) AppleWebKit/537.36 (KHTML, like Gecko) Chrome/137.0.7151.103 Mobile Safari/537.36 (compatible; Googlebot/2.1; +http://www.google.com/bot.html)"
66.249.79.66 - - [13/Jul/2025:12:34:17 +0000] "GET /?f=35400062041370&mod=ebbb5ccb&uri=shop.php%3Fid%3D1181519-155%26name%3Dalexa+app+for+sonos+one HTTP/1.1" 200 21903 "-" "Mozilla/5.0 (Linux; Android 6.0.1; Nexus 5X Build/MMB29P) AppleWebKit/537.36 (KHTML, like Gecko) Chrome/137.0.7151.103 Mobile Safari/537.36 (compatible; Googlebot/2.1; +http://www.google.com/bot.html)"
66.249.79.66 - - [13/Jul/2025:12:34:18 +0000] "GET /?f=5377905091370&mod=5f7733de&uri=category-info.php%3Fid%3D179540-270%26name%3Dwood+floor+scratch+pen HTTP/1.1" 200 21391 "-" "Mozilla/5.0 (Linux; Android 6.0.1; Nexus 5X Build/MMB29P) AppleWebKit/537.36 (KHTML, like Gecko) Chrome/137.0.7151.103 Mobile Safari/537.36 (compatible; Googlebot/2.1; +http://www.google.com/bot.html)"
66.249.79.65 - - [13/Jul/2025:12:37:27 +0000] "GET /?f=5427159031370&mod=41d626e1&uri=dp.php%3Fid%3D181182-208%26name%3Dfujifilm+instax+mobile+printer HTTP/1.1" 200 20510 "-" "Mozilla/5.0 (Linux; Android 6.0.1; Nexus 5X Build/MMB29P) AppleWebKit/537.36 (KHTML, like Gecko) Chrome/137.0.7151.103 Mobile Safari/537.36 (compatible; Googlebot/2.1; +http://www.google.com/bot.html)"
66.249.79.64 - - [13/Jul/2025:12:37:28 +0000] "GET /?f=5160825071370&mod=ebbb5ccb&uri=brands.php%3Fid%3D172284-155%26name%3Dspotify+claim+google+home+mini HTTP/1.1" 200 21617 "-" "Mozilla/5.0 (Linux; Android 6.0.1; Nexus 5X Build/MMB29P) AppleWebKit/537.36 (KHTML, like Gecko) Chrome/137.0.7151.103 Mobile Safari/537.36 (compatible; Googlebot/2.1; +http://www.google.com/bot.html)"
66.249.79.65 - - [13/Jul/2025:12:40:55 +0000] "GET /?f=5424159131370&mod=12f7312b&uri=news.php%3Fid%3D181082-219%26name%3Dcitygas+water+heater HTTP/1.1" 200 21585 "-" "Mozilla/5.0 (Linux; Android 6.0.1; Nexus 5X Build/MMB29P) AppleWebKit/537.36 (KHTML, like Gecko) Chrome/137.0.7151.103 Mobile Safari/537.36 (compatible; Googlebot/2.1; +http://www.google.com/bot.html)"
66.249.79.65 - - [13/Jul/2025:12:44:23 +0000] "GET /?f=5429679021370&mod=41d626e1&uri=form.php%3Fid%3D181266-208%26name%3Dsmallrig+sony+zv1 HTTP/1.1" 200 21433 "-" "Mozilla/5.0 (Linux; Android 6.0.1; Nexus 5X Build/MMB29P) AppleWebKit/537.36 (KHTML, like Gecko) Chrome/137.0.7151.103 Mobile Safari/537.36 (compatible; Googlebot/2.1; +http://www.google.com/bot.html)"
66.249.79.65 - - [13/Jul/2025:12:47:51 +0000] "GET /?f=5431947031370&mod=498f2c21&uri=shop.php%3Fid%3D181342-64%26name%3Doculus+quest+link+cable HTTP/1.1" 200 22037 "-" "Mozilla/5.0 (Linux; Android 6.0.1; Nexus 5X Build/MMB29P) AppleWebKit/537.36 (KHTML, like Gecko) Chrome/137.0.7151.103 Mobile Safari/537.36 (compatible; Googlebot/2.1; +http://www.google.com/bot.html)"
66.249.79.64 - - [13/Jul/2025:12:51:19 +0000] "GET /?f=5426199011370&mod=498f2c21&uri=dp.php%3Fid%3D181150-64%26name%3Dbest+games+for+oculus+quest HTTP/1.1" 200 21484 "-" "Mozilla/5.0 (Linux; Android 6.0.1; Nexus 5X Build/MMB29P) AppleWebKit/537.36 (KHTML, like Gecko) Chrome/137.0.7151.103 Mobile Safari/537.36 (compatible; Googlebot/2.1; +http://www.google.com/bot.html)"
66.249.79.64 - - [13/Jul/2025:13:05:21 +0000] "GET /?f=5508964031370&mod=20c99c68&uri=search.php%3Fid%3D183912-328%26name%3Drieker+schuhe+in+rot HTTP/1.1" 200 21981 "-" "Mozilla/5.0 (Linux; Android 6.0.1; Nexus 5X Build/MMB29P) AppleWebKit/537.36 (KHTML, like Gecko) Chrome/137.0.7151.103 Mobile Safari/537.36 (compatible; Googlebot/2.1; +http://www.google.com/bot.html)"
66.249.79.64 - - [13/Jul/2025:13:05:29 +0000] "GET /?f=5379165061370&mod=5f7733de&uri=itm.php%3Fid%3D179582-270%26name%3Drotring+800+amazon HTTP/1.1" 200 22170 "-" "Mozilla/5.0 (Linux; Android 6.0.1; Nexus 5X Build/MMB29P) AppleWebKit/537.36 (KHTML, like Gecko) Chrome/137.0.7151.103 Mobile Safari/537.36 (compatible; Googlebot/2.1; +http://www.google.com/bot.html)"
66.249.79.66 - - [13/Jul/2025:13:07:17 +0000] "GET /?f=5029727041370&mod=67a4b0f5&uri=us.php%3Fid%3D167913-307%26name%3Dadidas+yeezy+boost+350+negozi HTTP/1.1" 200 22039 "-" "Mozilla/5.0 (Linux; Android 6.0.1; Nexus 5X Build/MMB29P) AppleWebKit/537.36 (KHTML, like Gecko) Chrome/137.0.7151.103 Mobile Safari/537.36 (compatible; Googlebot/2.1; +http://www.google.com/bot.html)"
66.249.79.66 - - [13/Jul/2025:13:14:32 +0000] "GET /?f=46369625041370&mod=ebd2de70&uri=brands.php%3Fid%3D1547485-1235%26name%3Doakley+evzero+swift HTTP/1.1" 200 21701 "-" "Mozilla/5.0 (Linux; Android 6.0.1; Nexus 5X Build/MMB29P) AppleWebKit/537.36 (KHTML, like Gecko) Chrome/137.0.7151.103 Mobile Safari/537.36 (compatible; Googlebot/2.1; +http://www.google.com/bot.html)"
66.249.79.66 - - [13/Jul/2025:13:32:23 +0000] "GET /?f=5007827011370&mod=7fbaa471&uri=shop.php%3Fid%3D167183-306%26name%3Dskechers+memory+foam+donna+bianche HTTP/1.1" 200 21624 "-" "Mozilla/5.0 (Linux; Android 6.0.1; Nexus 5X Build/MMB29P) AppleWebKit/537.36 (KHTML, like Gecko) Chrome/137.0.7151.103 Mobile Safari/537.36 (compatible; Googlebot/2.1; +http://www.google.com/bot.html)"
209.74.77.214 - - [13/Jul/2025:13:47:51 +0000] "POST /wp-cron.php?doing_wp_cron=1752414471.6508910655975341796875 HTTP/1.1" 200 - "-" "WordPress/6.8.1; https://game-gainz.com"
52.185.158.44 - - [13/Jul/2025:13:47:50 +0000] "GET /wp-content/plugins/hellopress/wp_filemanager.php HTTP/1.1" 404 61355 "-" "-"
52.185.158.44 - - [13/Jul/2025:13:47:52 +0000] "GET /function/function.php HTTP/1.1" 404 61355 "-" "-"
52.185.158.44 - - [13/Jul/2025:13:47:52 +0000] "GET /.well-known/log.php HTTP/1.1" 404 61355 "-" "-"
52.185.158.44 - - [13/Jul/2025:13:47:52 +0000] "GET /mar.php HTTP/1.1" 404 61355 "-" "-"
52.185.158.44 - - [13/Jul/2025:13:47:53 +0000] "GET /.well-known/gecko-litespeed.php HTTP/1.1" 404 61355 "-" "-"
52.185.158.44 - - [13/Jul/2025:13:47:53 +0000] "GET /update/f35.php HTTP/1.1" 404 61355 "-" "-"
52.185.158.44 - - [13/Jul/2025:13:47:53 +0000] "GET /system_log.php HTTP/1.1" 404 61355 "-" "-"
52.185.158.44 - - [13/Jul/2025:13:47:53 +0000] "GET /lock360.php HTTP/1.1" 404 61355 "-" "-"
52.185.158.44 - - [13/Jul/2025:13:47:54 +0000] "GET /atomlib.php HTTP/1.1" 404 61355 "-" "-"
52.185.158.44 - - [13/Jul/2025:13:47:54 +0000] "GET /wp-content/themes/aahana/json.php HTTP/1.1" 404 61355 "-" "-"
52.185.158.44 - - [13/Jul/2025:13:47:54 +0000] "GET /cgi-bin/cgi-bin/about.php7 HTTP/1.1" 404 61355 "-" "-"
52.185.158.44 - - [13/Jul/2025:13:47:55 +0000] "GET /wp-content/plugins/hellopress/wp_filemanager.php HTTP/1.1" 404 61355 "-" "-"
52.185.158.44 - - [13/Jul/2025:13:47:55 +0000] "GET /themes.php HTTP/1.1" 404 61355 "-" "-"
52.185.158.44 - - [13/Jul/2025:13:47:55 +0000] "GET /goat1.php HTTP/1.1" 404 61355 "-" "-"
52.185.158.44 - - [13/Jul/2025:13:47:55 +0000] "GET /bless.php HTTP/1.1" 404 61355 "-" "-"
52.185.158.44 - - [13/Jul/2025:13:47:56 +0000] "GET /baxa1.phP8 HTTP/1.1" 404 61355 "-" "-"
52.185.158.44 - - [13/Jul/2025:13:47:56 +0000] "GET /wp-configs.php HTTP/1.1" 404 61355 "-" "-"
52.185.158.44 - - [13/Jul/2025:13:47:56 +0000] "GET /wp-content/upgrade/index.php HTTP/1.1" 301 - "-" "-"
52.185.158.44 - - [13/Jul/2025:13:47:57 +0000] "GET /wp-content/upgrade/ HTTP/1.1" 404 61355 "-" "-"
52.185.158.44 - - [13/Jul/2025:13:47:57 +0000] "GET /wp-content/plugins/wp-conflg.php HTTP/1.1" 404 61355 "-" "-"
52.185.158.44 - - [13/Jul/2025:13:47:57 +0000] "GET /02.php HTTP/1.1" 404 61355 "-" "-"
52.185.158.44 - - [13/Jul/2025:13:47:58 +0000] "GET /wp-includes/IXR/index.php HTTP/1.1" 301 - "-" "-"
52.185.158.44 - - [13/Jul/2025:13:47:58 +0000] "GET /wp-includes/IXR/ HTTP/1.1" 404 61355 "-" "-"
52.185.158.44 - - [13/Jul/2025:13:47:58 +0000] "GET /up.php HTTP/1.1" 404 61355 "-" "-"
52.185.158.44 - - [13/Jul/2025:13:48:00 +0000] "GET /mail.php HTTP/1.1" 404 61355 "-" "-"
52.185.158.44 - - [13/Jul/2025:13:48:00 +0000] "GET /jp.php HTTP/1.1" 404 61355 "-" "-"
52.185.158.44 - - [13/Jul/2025:13:48:01 +0000] "GET /media.php HTTP/1.1" 404 61355 "-" "-"
52.185.158.44 - - [13/Jul/2025:13:48:01 +0000] "GET /wp-content/themes/about.php HTTP/1.1" 404 61355 "-" "-"
52.185.158.44 - - [13/Jul/2025:13:48:02 +0000] "GET /worksec.php HTTP/1.1" 404 61355 "-" "-"
52.185.158.44 - - [13/Jul/2025:13:48:02 +0000] "GET /.well-known/pki-validation/dropdown.php HTTP/1.1" 404 - "-" "-"
52.185.158.44 - - [13/Jul/2025:13:48:02 +0000] "GET /menu.php HTTP/1.1" 404 61355 "-" "-"
52.185.158.44 - - [13/Jul/2025:13:48:02 +0000] "GET /log.php HTTP/1.1" 404 61355 "-" "-"
52.185.158.44 - - [13/Jul/2025:13:48:03 +0000] "GET /class.php HTTP/1.1" 404 61355 "-" "-"
52.185.158.44 - - [13/Jul/2025:13:48:03 +0000] "GET /.well-known/pki-validation/index.php HTTP/1.1" 404 - "-" "-"
52.185.158.44 - - [13/Jul/2025:13:48:03 +0000] "GET /wp-includes/SimplePie/index.php HTTP/1.1" 301 - "-" "-"
52.185.158.44 - - [13/Jul/2025:13:48:03 +0000] "GET /wp-includes/SimplePie/ HTTP/1.1" 404 61355 "-" "-"
52.185.158.44 - - [13/Jul/2025:13:48:04 +0000] "GET /wp-content/plugins/wp-help/index.php HTTP/1.1" 301 - "-" "-"
52.185.158.44 - - [13/Jul/2025:13:48:04 +0000] "GET /wp-content/plugins/wp-help/ HTTP/1.1" 404 61355 "-" "-"
52.185.158.44 - - [13/Jul/2025:13:48:04 +0000] "GET /wp-conflg.php HTTP/1.1" 404 61355 "-" "-"
52.185.158.44 - - [13/Jul/2025:13:48:05 +0000] "GET /wp-content/themes/twentytwentytwo/index.php HTTP/1.1" 200 - "-" "-"
52.185.158.44 - - [13/Jul/2025:13:48:05 +0000] "GET /wp-includes/block-patterns/index.php HTTP/1.1" 301 - "-" "-"
52.185.158.44 - - [13/Jul/2025:13:48:05 +0000] "GET /wp-includes/block-patterns/ HTTP/1.1" 404 61355 "-" "-"
52.185.158.44 - - [13/Jul/2025:13:48:05 +0000] "GET /wp-includes/Text/Diff/Engine/about.php HTTP/1.1" 404 61355 "-" "-"
52.185.158.44 - - [13/Jul/2025:13:48:06 +0000] "GET /wp-admin/images/file.php HTTP/1.1" 404 61355 "-" "-"
52.185.158.44 - - [13/Jul/2025:13:48:06 +0000] "GET /wp-includes/pomo/about.php HTTP/1.1" 404 61355 "-" "-"
52.185.158.44 - - [13/Jul/2025:13:48:06 +0000] "GET /wp-content/uploads/wp.php HTTP/1.1" 404 61355 "-" "-"
52.185.158.44 - - [13/Jul/2025:13:48:06 +0000] "GET /wp-content/themes/cay-van-phong/filemanager.php HTTP/1.1" 404 61355 "-" "-"
52.185.158.44 - - [13/Jul/2025:13:48:07 +0000] "GET /wp-content/cong.php HTTP/1.1" 404 61355 "-" "-"
52.185.158.44 - - [13/Jul/2025:13:48:07 +0000] "GET /wp-includes/js/about.php HTTP/1.1" 404 61355 "-" "-"
52.185.158.44 - - [13/Jul/2025:13:48:07 +0000] "GET /cc.php HTTP/1.1" 404 61355 "-" "-"
52.185.158.44 - - [13/Jul/2025:13:48:08 +0000] "GET /wp-includes/IXR/about.php HTTP/1.1" 404 61355 "-" "-"
52.185.158.44 - - [13/Jul/2025:13:48:08 +0000] "GET /wp-mail.php/wp-includes/ID3/getid3s.php HTTP/1.1" 403 2520 "-" "-"
52.185.158.44 - - [13/Jul/2025:13:48:08 +0000] "GET /wp-admin/function.php HTTP/1.1" 404 61355 "-" "-"
209.74.77.214 - - [13/Jul/2025:13:48:09 +0000] "POST /wp-cron.php?doing_wp_cron=1752414489.0738430023193359375000 HTTP/1.1" 200 - "-" "WordPress/6.8.1; https://game-gainz.com"
52.185.158.44 - - [13/Jul/2025:13:48:08 +0000] "GET /wp-admin/css/colors/blue/atomlib.php HTTP/1.1" 404 61355 "-" "-"
52.185.158.44 - - [13/Jul/2025:13:48:09 +0000] "GET /wp-content/themes.php HTTP/1.1" 404 61355 "-" "-"
52.185.158.44 - - [13/Jul/2025:13:48:09 +0000] "GET /wp-content/packed.php HTTP/1.1" 404 61355 "-" "-"
52.185.158.44 - - [13/Jul/2025:13:48:09 +0000] "GET /wp-includes/js/codemirror/index.php HTTP/1.1" 301 - "-" "-"
52.185.158.44 - - [13/Jul/2025:13:48:10 +0000] "GET /wp-includes/js/codemirror/ HTTP/1.1" 404 61355 "-" "-"
52.185.158.44 - - [13/Jul/2025:13:48:10 +0000] "GET /wp-admin/includes/xmrlpc.php HTTP/1.1" 404 61355 "-" "-"
52.185.158.44 - - [13/Jul/2025:13:48:10 +0000] "GET /wp-content/themes/admin.php HTTP/1.1" 404 61355 "-" "-"
52.185.158.44 - - [13/Jul/2025:13:48:11 +0000] "GET /wp-admin/css/wp-conflg.php HTTP/1.1" 404 61355 "-" "-"
52.185.158.44 - - [13/Jul/2025:13:48:11 +0000] "GET /wp-includes/Text/Diff/about.php HTTP/1.1" 404 61355 "-" "-"
52.185.158.44 - - [13/Jul/2025:13:48:11 +0000] "GET /wp-includes/block-supports/about.php HTTP/1.1" 404 61355 "-" "-"
52.185.158.44 - - [13/Jul/2025:13:48:11 +0000] "GET /wp-admin/chosen.php HTTP/1.1" 404 61355 "-" "-"
52.185.158.44 - - [13/Jul/2025:13:48:12 +0000] "GET /wp-content/themes/file.php HTTP/1.1" 404 61355 "-" "-"
52.185.158.44 - - [13/Jul/2025:13:48:12 +0000] "GET /wp-includes/fonts/admin.php HTTP/1.1" 404 61355 "-" "-"
52.185.158.44 - - [13/Jul/2025:13:48:12 +0000] "GET /wp-admin/classwithtostring.php HTTP/1.1" 404 61355 "-" "-"
52.185.158.44 - - [13/Jul/2025:13:48:13 +0000] "GET /wp-content/upgrade/admin.php HTTP/1.1" 404 61355 "-" "-"
52.185.158.44 - - [13/Jul/2025:13:48:13 +0000] "GET /wp-admin/log.php HTTP/1.1" 404 61355 "-" "-"
52.185.158.44 - - [13/Jul/2025:13:48:13 +0000] "GET /wp-content/uploads/2024/index.php HTTP/1.1" 301 - "-" "-"
52.185.158.44 - - [13/Jul/2025:13:48:13 +0000] "GET /wp-content/uploads/2024/ HTTP/1.1" 404 61355 "-" "-"
52.185.158.44 - - [13/Jul/2025:13:48:14 +0000] "GET /wp-admin/js/wp-conflg.php HTTP/1.1" 404 61355 "-" "-"
52.185.158.44 - - [13/Jul/2025:13:48:14 +0000] "GET /wp-content/themes/twentytwentytwo/alfa-rex.php HTTP/1.1" 404 61355 "-" "-"
52.185.158.44 - - [13/Jul/2025:13:48:14 +0000] "GET /wp-includes/style-engine/index.php HTTP/1.1" 301 - "-" "-"
52.185.158.44 - - [13/Jul/2025:13:48:15 +0000] "GET /wp-includes/style-engine/ HTTP/1.1" 404 61355 "-" "-"
52.185.158.44 - - [13/Jul/2025:13:48:15 +0000] "GET /wp-includes/Text/wp-conflg.php HTTP/1.1" 404 61355 "-" "-"
52.185.158.44 - - [13/Jul/2025:13:48:15 +0000] "GET /wp-content/languages/chosen.php HTTP/1.1" 404 61355 "-" "-"
52.185.158.44 - - [13/Jul/2025:13:48:16 +0000] "GET /wp-admin/network/chosen.php HTTP/1.1" 404 61355 "-" "-"
52.185.158.44 - - [13/Jul/2025:13:48:16 +0000] "GET /wp-includes/html-api/index.php HTTP/1.1" 301 - "-" "-"
52.185.158.44 - - [13/Jul/2025:13:48:16 +0000] "GET /wp-includes/html-api/ HTTP/1.1" 404 61355 "-" "-"
66.249.79.65 - - [13/Jul/2025:13:49:27 +0000] "GET /?f=119550348041370&mod=38fcf18b&uri=article.php%3Fid%3D3989761-649%26name%3Dbathroom+black+towel+holder HTTP/1.1" 200 22028 "-" "Mozilla/5.0 (Linux; Android 6.0.1; Nexus 5X Build/MMB29P) AppleWebKit/537.36 (KHTML, like Gecko) Chrome/137.0.7151.103 Mobile Safari/537.36 (compatible; Googlebot/2.1; +http://www.google.com/bot.html)"
66.249.79.64 - - [13/Jul/2025:13:49:35 +0000] "GET /?f=5536144051370&mod=6f39194d&uri=dp.php%3Fid%3D184818-310%26name%3Dgtx+1050+laptop+price HTTP/1.1" 200 22020 "-" "Mozilla/5.0 (Linux; Android 6.0.1; Nexus 5X Build/MMB29P) AppleWebKit/537.36 (KHTML, like Gecko) Chrome/137.0.7151.103 Mobile Safari/537.36 (compatible; Googlebot/2.1; +http://www.google.com/bot.html)"
66.249.79.64 - - [13/Jul/2025:13:58:03 +0000] "POST /get-message-notify HTTP/1.1" 200 19648 "http://game-gainz.com/?f=5029997051370&mod=67a4b0f5&uri=article.php%3Fid%3D167922-307%26name%3Dscarpe+adidas+yeezy+boost+750+oro" "Mozilla/5.0 (Linux; Android 6.0.1; Nexus 5X Build/MMB29P) AppleWebKit/537.36 (KHTML, like Gecko) Chrome/137.0.7151.119 Mobile Safari/537.36 (compatible; Googlebot/2.1; +http://www.google.com/bot.html)"
209.74.77.214 - - [13/Jul/2025:14:02:22 +0000] "POST /wp-cron.php?doing_wp_cron=1752415342.6830909252166748046875 HTTP/1.1" 200 - "-" "WordPress/6.8.1; https://game-gainz.com"
35.196.49.55 - - [13/Jul/2025:14:02:20 +0000] "GET /media/system/js/core.js HTTP/1.1" 404 12526 "-" "Mozilla/5.0 (Macintosh; Intel Mac OS X 10_10_1) AppleWebKit/537.36 (KHTML, like Gecko) Chrome/39.0.2171.95 Safari/537.36"
35.196.49.55 - - [13/Jul/2025:14:02:25 +0000] "GET /wp-includes/js/jquery/jquery.js HTTP/1.1" 200 84020 "-" "Mozilla/5.0 (Macintosh; Intel Mac OS X 10_10_1) AppleWebKit/537.36 (KHTML, like Gecko) Chrome/39.0.2171.95 Safari/537.36"
66.249.79.66 - - [13/Jul/2025:14:17:23 +0000] "GET /?f=5207756011370&mod=bf453f26&uri=news.php%3Fid%3D173852-139%26name%3Dobito+jacket HTTP/1.1" 200 20882 "-" "Mozilla/5.0 (Linux; Android 6.0.1; Nexus 5X Build/MMB29P) AppleWebKit/537.36 (KHTML, like Gecko) Chrome/137.0.7151.103 Mobile Safari/537.36 (compatible; Googlebot/2.1; +http://www.google.com/bot.html)"
66.249.79.66 - - [13/Jul/2025:14:36:25 +0000] "GET /?f=5361852041370&mod=d802a3e6&uri=blog.php%3Fid%3D179004-322%26name%3Dfgbd2431kf1 HTTP/1.1" 200 21172 "-" "Mozilla/5.0 (Linux; Android 6.0.1; Nexus 5X Build/MMB29P) AppleWebKit/537.36 (KHTML, like Gecko) Chrome/137.0.7151.103 Mobile Safari/537.36 (compatible; Googlebot/2.1; +http://www.google.com/bot.html)"
66.249.79.66 - - [13/Jul/2025:14:37:33 +0000] "GET /?f=5079277061370&mod=aff00d3a&uri=brands.php%3Fid%3D169565-309%26name%3Dmsi+ventus+3x+geforce+rtx+3090 HTTP/1.1" 200 21951 "-" "Mozilla/5.0 (Linux; Android 6.0.1; Nexus 5X Build/MMB29P) AppleWebKit/537.36 (KHTML, like Gecko) Chrome/137.0.7151.103 Mobile Safari/537.36 (compatible; Googlebot/2.1; +http://www.google.com/bot.html)"
66.249.79.64 - - [13/Jul/2025:14:39:34 +0000] "GET /?f=5250567041370&mod=9bb6dee7&uri=shared.php%3Fid%3D175293-21%26name%3Dadidas+copa+shadowbeast+fg+schwarz HTTP/1.1" 200 22011 "-" "Mozilla/5.0 (Linux; Android 6.0.1; Nexus 5X Build/MMB29P) AppleWebKit/537.36 (KHTML, like Gecko) Chrome/137.0.7151.103 Mobile Safari/537.36 (compatible; Googlebot/2.1; +http://www.google.com/bot.html)"
66.249.79.66 - - [13/Jul/2025:14:41:28 +0000] "GET /?f=5431827091370&mod=8b2a9c17&uri=us.php%3Fid%3D181338-60%26name%3Dcamicie+bimbo+zara HTTP/1.1" 200 22131 "-" "Mozilla/5.0 (Linux; Android 6.0.1; Nexus 5X Build/MMB29P) AppleWebKit/537.36 (KHTML, like Gecko) Chrome/137.0.7151.103 Mobile Safari/537.36 (compatible; Googlebot/2.1; +http://www.google.com/bot.html)"
66.249.79.64 - - [13/Jul/2025:14:43:58 +0000] "GET /?f=5616531021370&mod=cb0b5f13&uri=dp.php%3Fid%3D187524-332%26name%3Dgarmin+abnormal+heart+rate+alert+reddit HTTP/1.1" 200 21977 "-" "Mozilla/5.0 (Linux; Android 6.0.1; Nexus 5X Build/MMB29P) AppleWebKit/537.36 (KHTML, like Gecko) Chrome/137.0.7151.103 Mobile Safari/537.36 (compatible; Googlebot/2.1; +http://www.google.com/bot.html)"
66.249.79.66 - - [13/Jul/2025:14:55:41 +0000] "GET /?f=5521294061370&mod=6f39194d&uri=blog.php%3Fid%3D184323-310%26name%3Dgraphics+card+for+1080p+video+editing HTTP/1.1" 200 22208 "-" "Mozilla/5.0 (Linux; Android 6.0.1; Nexus 5X Build/MMB29P) AppleWebKit/537.36 (KHTML, like Gecko) Chrome/137.0.7151.103 Mobile Safari/537.36 (compatible; Googlebot/2.1; +http://www.google.com/bot.html)"
66.249.79.65 - - [13/Jul/2025:15:23:33 +0000] "GET /?f=4857317041370&mod=656a0310&uri=form.php%3Fid%3D162156-296%26name%3Ddil+janiya+lyrics HTTP/1.1" 200 21799 "-" "Mozilla/5.0 (Linux; Android 6.0.1; Nexus 5X Build/MMB29P) AppleWebKit/537.36 (KHTML, like Gecko) Chrome/137.0.7151.103 Mobile Safari/537.36 (compatible; Googlebot/2.1; +http://www.google.com/bot.html)"
66.249.79.66 - - [13/Jul/2025:15:31:49 +0000] "GET /?f=5209601041370&mod=f8f6b523&uri=search.php%3Fid%3D173915-187%26name%3Dhangover+tamilyogi HTTP/1.1" 200 21874 "-" "Mozilla/5.0 (Linux; Android 6.0.1; Nexus 5X Build/MMB29P) AppleWebKit/537.36 (KHTML, like Gecko) Chrome/137.0.7151.103 Mobile Safari/537.36 (compatible; Googlebot/2.1; +http://www.google.com/bot.html)"
66.249.79.64 - - [13/Jul/2025:16:04:43 +0000] "GET /?f=5623846021370&mod=cb0b5f13&uri=news.php%3Fid%3D187774-332%26name%3Dmodel+yacht+countdown+timer HTTP/1.1" 200 21449 "-" "Mozilla/5.0 (Linux; Android 6.0.1; Nexus 5X Build/MMB29P) AppleWebKit/537.36 (KHTML, like Gecko) Chrome/137.0.7151.103 Mobile Safari/537.36 (compatible; Googlebot/2.1; +http://www.google.com/bot.html)"
209.74.77.214 - - [13/Jul/2025:16:06:34 +0000] "POST /wp-cron.php?doing_wp_cron=1752422794.7530479431152343750000 HTTP/1.1" 200 - "-" "WordPress/6.8.1; https://game-gainz.com"
43.153.26.165 - - [13/Jul/2025:16:06:33 +0000] "GET / HTTP/1.1" 200 12983 "-" "Mozilla/5.0 (iPhone; CPU iPhone OS 13_2_3 like Mac OS X) AppleWebKit/605.1.15 (KHTML, like Gecko) Version/13.0.3 Mobile/15E148 Safari/604.1"
66.249.79.65 - - [13/Jul/2025:16:16:55 +0000] "GET /?f=5442252011370&mod=15a50c8b&uri=us.php%3Fid%3D181686-59%26name%3Dabiti+da+sposa+jumpsuit HTTP/1.1" 200 22086 "-" "Mozilla/5.0 (Linux; Android 6.0.1; Nexus 5X Build/MMB29P) AppleWebKit/537.36 (KHTML, like Gecko) Chrome/137.0.7151.103 Mobile Safari/537.36 (compatible; Googlebot/2.1; +http://www.google.com/bot.html)"
66.249.79.66 - - [13/Jul/2025:16:23:41 +0000] "GET /?f=4604089021370&mod=214f9424&uri=us.php%3Fid%3D153669-282%26name%3Dskechers+boots+south+africa HTTP/1.1" 200 21888 "-" "Mozilla/5.0 (Linux; Android 6.0.1; Nexus 5X Build/MMB29P) AppleWebKit/537.36 (KHTML, like Gecko) Chrome/137.0.7151.103 Mobile Safari/537.36 (compatible; Googlebot/2.1; +http://www.google.com/bot.html)"
66.249.79.66 - - [13/Jul/2025:16:29:35 +0000] "GET /?f=4983047091370&mod=337f9ed6&uri=goods.php%3Fid%3D166357-304%26name%3Dpandora+horseshoe+charm HTTP/1.1" 200 21361 "-" "Mozilla/5.0 (Linux; Android 6.0.1; Nexus 5X Build/MMB29P) AppleWebKit/537.36 (KHTML, like Gecko) Chrome/137.0.7151.103 Mobile Safari/537.36 (compatible; Googlebot/2.1; +http://www.google.com/bot.html)"
66.249.79.64 - - [13/Jul/2025:16:30:45 +0000] "GET /?f=46384025041370&mod=54891b37&uri=itm.php%3Fid%3D1547965-1086%26name%3Dtee+shirt+long+blanc+femme HTTP/1.1" 200 20773 "-" "Mozilla/5.0 (Linux; Android 6.0.1; Nexus 5X Build/MMB29P) AppleWebKit/537.36 (KHTML, like Gecko) Chrome/137.0.7151.103 Mobile Safari/537.36 (compatible; Googlebot/2.1; +http://www.google.com/bot.html)"
66.249.79.64 - - [13/Jul/2025:17:00:20 +0000] "POST /get-message-notify HTTP/1.1" 200 19629 "http://game-gainz.com/?f=4727101061370&mod=311864ec&uri=itm.php%3Fid%3D157771-292%26name%3Dnike+heat+check+shirt" "Mozilla/5.0 (Linux; Android 6.0.1; Nexus 5X Build/MMB29P) AppleWebKit/537.36 (KHTML, like Gecko) Chrome/137.0.7151.119 Mobile Safari/537.36 (compatible; Googlebot/2.1; +http://www.google.com/bot.html)"
66.249.69.105 - - [13/Jul/2025:17:46:48 +0000] "GET /?f=5324949021370&mod=aebb462e&uri=shop.php%3Fid%3D177773-318%26name%3Dzapatos+adidas+para+mujer+2015 HTTP/1.1" 200 21354 "-" "Mozilla/5.0 (Linux; Android 6.0.1; Nexus 5X Build/MMB29P) AppleWebKit/537.36 (KHTML, like Gecko) Chrome/137.0.7151.103 Mobile Safari/537.36 (compatible; Googlebot/2.1; +http://www.google.com/bot.html)"
66.249.69.106 - - [13/Jul/2025:17:51:06 +0000] "GET /?f=4852262031370&mod=656a0310&uri=pin.php%3Fid%3D161980-296%26name%3Djis+din+bhula HTTP/1.1" 200 21640 "-" "Mozilla/5.0 (Linux; Android 6.0.1; Nexus 5X Build/MMB29P) AppleWebKit/537.36 (KHTML, like Gecko) Chrome/137.0.7151.103 Mobile Safari/537.36 (compatible; Googlebot/2.1; +http://www.google.com/bot.html)"
66.249.69.107 - - [13/Jul/2025:17:56:51 +0000] "GET /?f=5328939051370&mod=aebb462e&uri=shop.php%3Fid%3D177906-318%26name%3Dreal+madrid+adidas+pullover HTTP/1.1" 200 20782 "-" "Mozilla/5.0 (Linux; Android 6.0.1; Nexus 5X Build/MMB29P) AppleWebKit/537.36 (KHTML, like Gecko) Chrome/137.0.7151.103 Mobile Safari/537.36 (compatible; Googlebot/2.1; +http://www.google.com/bot.html)"
66.249.69.107 - - [13/Jul/2025:18:10:08 +0000] "GET /?f=5024597011370&mod=67a4b0f5&uri=goods.php%3Fid%3D167742-307%26name%3Dadidas+yeezy+boost+750+modelli HTTP/1.1" 200 21718 "-" "Mozilla/5.0 (Linux; Android 6.0.1; Nexus 5X Build/MMB29P) AppleWebKit/537.36 (KHTML, like Gecko) Chrome/137.0.7151.103 Mobile Safari/537.36 (compatible; Googlebot/2.1; +http://www.google.com/bot.html)"
209.74.77.214 - - [13/Jul/2025:18:11:08 +0000] "POST /wp-cron.php?doing_wp_cron=1752430268.9768939018249511718750 HTTP/1.1" 200 - "-" "WordPress/6.8.1; https://game-gainz.com"
43.157.148.38 - - [13/Jul/2025:18:11:07 +0000] "GET / HTTP/1.1" 301 - "-" "Mozilla/5.0 (iPhone; CPU iPhone OS 13_2_3 like Mac OS X) AppleWebKit/605.1.15 (KHTML, like Gecko) Version/13.0.3 Mobile/15E148 Safari/604.1"
43.157.148.38 - - [13/Jul/2025:18:11:11 +0000] "GET / HTTP/1.1" 200 12982 "http://www.game-gainz.com" "Mozilla/5.0 (iPhone; CPU iPhone OS 13_2_3 like Mac OS X) AppleWebKit/605.1.15 (KHTML, like Gecko) Version/13.0.3 Mobile/15E148 Safari/604.1"
209.74.77.214 - - [13/Jul/2025:18:15:26 +0000] "POST /wp-cron.php?doing_wp_cron=1752430526.8041810989379882812500 HTTP/1.1" 200 - "-" "WordPress/6.8.1; https://game-gainz.com"
101.42.117.179 - - [13/Jul/2025:18:15:25 +0000] "GET / HTTP/1.1" 301 - "-" "Mozilla/5.0 (iPhone; CPU iPhone OS 13_2_3 like Mac OS X) AppleWebKit/605.1.15 (KHTML, like Gecko) Version/13.0.3 Mobile/15E148 Safari/604.1"
101.42.117.179 - - [13/Jul/2025:18:15:27 +0000] "GET / HTTP/1.1" 200 12983 "http://www.game-gainz.com" "Mozilla/5.0 (iPhone; CPU iPhone OS 13_2_3 like Mac OS X) AppleWebKit/605.1.15 (KHTML, like Gecko) Version/13.0.3 Mobile/15E148 Safari/604.1"
209.74.77.214 - - [13/Jul/2025:19:03:18 +0000] "POST /wp-cron.php?doing_wp_cron=1752433398.5080099105834960937500 HTTP/1.1" 200 - "-" "WordPress/6.8.1; https://game-gainz.com"
143.110.159.218 - - [13/Jul/2025:19:03:17 +0000] "GET /files.php HTTP/1.1" 404 12526 "https://www.google.com" "Mozilla/5.0 (Linux; Android 7.0; SM-G892A Build/NRD90M; wv) AppleWebKit/537.36 (KHTML, like Gecko) Version/4.0 Chrome/60.0.3112.107 Mobile Safari/537.36"
66.249.69.107 - - [13/Jul/2025:19:17:49 +0000] "GET /?f=5255967001370&mod=965052c6&uri=dp.php%3Fid%3D175473-302%26name%3Dolympia+adidas+outfit HTTP/1.1" 200 21246 "-" "Mozilla/5.0 (Linux; Android 6.0.1; Nexus 5X Build/MMB29P) AppleWebKit/537.36 (KHTML, like Gecko) Chrome/137.0.7151.103 Mobile Safari/537.36 (compatible; Googlebot/2.1; +http://www.google.com/bot.html)"
66.249.69.106 - - [13/Jul/2025:19:27:07 +0000] "GET /?f=5141537051370&mod=e6e9099e&uri=form.php%3Fid%3D171641-57%26name%3Dsamsung+galaxy+buds+pair+with+laptop HTTP/1.1" 200 21815 "-" "Mozilla/5.0 (Linux; Android 6.0.1; Nexus 5X Build/MMB29P) AppleWebKit/537.36 (KHTML, like Gecko) Chrome/137.0.7151.103 Mobile Safari/537.36 (compatible; Googlebot/2.1; +http://www.google.com/bot.html)"
66.249.69.107 - - [13/Jul/2025:19:43:28 +0000] "GET /?f=5448012031370&mod=15a50c8b&uri=blog.php%3Fid%3D181878-59%26name%3Dnuna+lie+abiti+eleganti HTTP/1.1" 200 21790 "-" "Mozilla/5.0 (Linux; Android 6.0.1; Nexus 5X Build/MMB29P) AppleWebKit/537.36 (KHTML, like Gecko) Chrome/137.0.7151.103 Mobile Safari/537.36 (compatible; Googlebot/2.1; +http://www.google.com/bot.html)"
170.39.218.50 - - [13/Jul/2025:19:53:45 +0000] "GET /wp-includes/js/dist/script-modules/block-library/navigation/view.min.js?ver=61572d447d60c0aa5240 HTTP/1.1" 200 1160 "-" "Mozilla/5.0 (Macintosh; Intel Mac OS X 10_15_7) AppleWebKit/537.36 Chrome/120.0.0.0"
66.249.69.107 - - [13/Jul/2025:19:57:56 +0000] "GET /?f=4989287071370&mod=337f9ed6&uri=shop.php%3Fid%3D166565-304%26name%3Daztec+purses+wholesale HTTP/1.1" 200 20614 "-" "Mozilla/5.0 (Linux; Android 6.0.1; Nexus 5X Build/MMB29P) AppleWebKit/537.36 (KHTML, like Gecko) Chrome/137.0.7151.103 Mobile Safari/537.36 (compatible; Googlebot/2.1; +http://www.google.com/bot.html)"
66.249.69.105 - - [13/Jul/2025:19:58:30 +0000] "GET /?f=5135606021370&mod=e6e9099e&uri=itm.php%3Fid%3D171443-57%26name%3Dgen+game+s5 HTTP/1.1" 200 21217 "-" "Mozilla/5.0 (Linux; Android 6.0.1; Nexus 5X Build/MMB29P) AppleWebKit/537.36 (KHTML, like Gecko) Chrome/137.0.7151.103 Mobile Safari/537.36 (compatible; Googlebot/2.1; +http://www.google.com/bot.html)"
209.74.77.214 - - [13/Jul/2025:20:09:29 +0000] "POST /wp-cron.php?doing_wp_cron=1752437369.7583940029144287109375 HTTP/1.1" 200 - "-" "WordPress/6.8.1; https://game-gainz.com"
43.156.119.18 - - [13/Jul/2025:20:09:27 +0000] "GET /memberfuns.php HTTP/1.1" 404 12526 "-" "Mozlila/5.0 (Linux; Android 7.0; SM-G892A Bulid/NRD90M; wv) AppleWebKit/537.36 (KHTML, like Gecko) Version/4.0 Chrome/60.0.3112.107 Moblie Safari/537.36"
43.156.119.18 - - [13/Jul/2025:20:09:33 +0000] "GET /wp-content/memberfuns.php HTTP/1.1" 404 12526 "-" "Mozlila/5.0 (Linux; Android 7.0; SM-G892A Bulid/NRD90M; wv) AppleWebKit/537.36 (KHTML, like Gecko) Version/4.0 Chrome/60.0.3112.107 Moblie Safari/537.36"
43.156.119.18 - - [13/Jul/2025:20:09:37 +0000] "GET /wp-admin/memberfuns.php HTTP/1.1" 404 12526 "-" "Mozlila/5.0 (Linux; Android 7.0; SM-G892A Bulid/NRD90M; wv) AppleWebKit/537.36 (KHTML, like Gecko) Version/4.0 Chrome/60.0.3112.107 Moblie Safari/537.36"
43.156.119.18 - - [13/Jul/2025:20:09:39 +0000] "GET /delpaths.php HTTP/1.1" 404 12526 "-" "Mozlila/5.0 (Linux; Android 7.0; SM-G892A Bulid/NRD90M; wv) AppleWebKit/537.36 (KHTML, like Gecko) Version/4.0 Chrome/60.0.3112.107 Moblie Safari/537.36"
43.156.119.18 - - [13/Jul/2025:20:09:41 +0000] "GET /gdftps.php HTTP/1.1" 404 12526 "-" "Mozlila/5.0 (Linux; Android 7.0; SM-G892A Bulid/NRD90M; wv) AppleWebKit/537.36 (KHTML, like Gecko) Version/4.0 Chrome/60.0.3112.107 Moblie Safari/537.36"
43.156.119.18 - - [13/Jul/2025:20:09:43 +0000] "GET /inputs.php HTTP/1.1" 404 12526 "-" "Mozlila/5.0 (Linux; Android 7.0; SM-G892A Bulid/NRD90M; wv) AppleWebKit/537.36 (KHTML, like Gecko) Version/4.0 Chrome/60.0.3112.107 Moblie Safari/537.36"
43.156.119.18 - - [13/Jul/2025:20:09:47 +0000] "GET /adminfuns.php HTTP/1.1" 404 12526 "-" "Mozlila/5.0 (Linux; Android 7.0; SM-G892A Bulid/NRD90M; wv) AppleWebKit/537.36 (KHTML, like Gecko) Version/4.0 Chrome/60.0.3112.107 Moblie Safari/537.36"
43.156.119.18 - - [13/Jul/2025:20:09:50 +0000] "GET /classfuns.php HTTP/1.1" 404 12526 "-" "Mozlila/5.0 (Linux; Android 7.0; SM-G892A Bulid/NRD90M; wv) AppleWebKit/537.36 (KHTML, like Gecko) Version/4.0 Chrome/60.0.3112.107 Moblie Safari/537.36"
43.156.119.18 - - [13/Jul/2025:20:09:53 +0000] "GET /thoms.php HTTP/1.1" 404 12526 "-" "Mozlila/5.0 (Linux; Android 7.0; SM-G892A Bulid/NRD90M; wv) AppleWebKit/537.36 (KHTML, like Gecko) Version/4.0 Chrome/60.0.3112.107 Moblie Safari/537.36"
43.156.119.18 - - [13/Jul/2025:20:09:57 +0000] "GET /filefuns.php HTTP/1.1" 404 12526 "-" "Mozlila/5.0 (Linux; Android 7.0; SM-G892A Bulid/NRD90M; wv) AppleWebKit/537.36 (KHTML, like Gecko) Version/4.0 Chrome/60.0.3112.107 Moblie Safari/537.36"
43.156.119.18 - - [13/Jul/2025:20:10:00 +0000] "GET /tempfuns.php HTTP/1.1" 404 12525 "-" "Mozlila/5.0 (Linux; Android 7.0; SM-G892A Bulid/NRD90M; wv) AppleWebKit/537.36 (KHTML, like Gecko) Version/4.0 Chrome/60.0.3112.107 Moblie Safari/537.36"
43.156.119.18 - - [13/Jul/2025:20:10:03 +0000] "GET /termps.php HTTP/1.1" 404 12526 "-" "Mozlila/5.0 (Linux; Android 7.0; SM-G892A Bulid/NRD90M; wv) AppleWebKit/537.36 (KHTML, like Gecko) Version/4.0 Chrome/60.0.3112.107 Moblie Safari/537.36"
43.156.119.18 - - [13/Jul/2025:20:10:06 +0000] "GET /hplfuns.php HTTP/1.1" 404 12526 "-" "Mozlila/5.0 (Linux; Android 7.0; SM-G892A Bulid/NRD90M; wv) AppleWebKit/537.36 (KHTML, like Gecko) Version/4.0 Chrome/60.0.3112.107 Moblie Safari/537.36"
209.74.77.214 - - [13/Jul/2025:20:10:10 +0000] "POST /wp-cron.php?doing_wp_cron=1752437410.2013831138610839843750 HTTP/1.1" 200 - "-" "WordPress/6.8.1; https://game-gainz.com"
43.156.119.18 - - [13/Jul/2025:20:10:10 +0000] "GET /wp-content/hplfuns.php HTTP/1.1" 404 12524 "-" "Mozlila/5.0 (Linux; Android 7.0; SM-G892A Bulid/NRD90M; wv) AppleWebKit/537.36 (KHTML, like Gecko) Version/4.0 Chrome/60.0.3112.107 Moblie Safari/537.36"
43.156.119.18 - - [13/Jul/2025:20:10:13 +0000] "GET /wp-admin/userfuns.php HTTP/1.1" 404 12525 "-" "Mozlila/5.0 (Linux; Android 7.0; SM-G892A Bulid/NRD90M; wv) AppleWebKit/537.36 (KHTML, like Gecko) Version/4.0 Chrome/60.0.3112.107 Moblie Safari/537.36"
66.249.69.106 - - [13/Jul/2025:20:11:28 +0000] "GET /?f=5784655041370&mod=e6e9099e&uri=us.php%3Fid%3D193175-57%26name%3Dupcoming+bluetooth+earphones HTTP/1.1" 200 22616 "-" "Mozilla/5.0 (Linux; Android 6.0.1; Nexus 5X Build/MMB29P) AppleWebKit/537.36 (KHTML, like Gecko) Chrome/137.0.7151.103 Mobile Safari/537.36 (compatible; Googlebot/2.1; +http://www.google.com/bot.html)"
209.74.77.214 - - [13/Jul/2025:20:17:06 +0000] "POST /wp-cron.php?doing_wp_cron=1752437826.1715068817138671875000 HTTP/1.1" 200 - "-" "WordPress/6.8.1; https://game-gainz.com"
209.74.77.214 - - [13/Jul/2025:20:17:06 +0000] "POST /wp-cron.php?doing_wp_cron=1752437826.1707329750061035156250 HTTP/1.1" 200 - "-" "WordPress/6.8.1; https://game-gainz.com"
209.74.77.214 - - [13/Jul/2025:20:17:06 +0000] "POST /wp-cron.php?doing_wp_cron=1752437826.1707959175109863281250 HTTP/1.1" 200 - "-" "WordPress/6.8.1; https://game-gainz.com"
50.62.181.67 - - [13/Jul/2025:20:17:05 +0000] "GET /info.php HTTP/1.1" 404 12526 "-" "Python/3.8 aiohttp/3.10.11"
50.62.181.67 - - [13/Jul/2025:20:17:05 +0000] "GET /.env HTTP/1.1" 404 12526 "-" "Python/3.8 aiohttp/3.10.11"
50.62.181.67 - - [13/Jul/2025:20:17:05 +0000] "GET /_profiler/phpinfo HTTP/1.1" 404 12526 "-" "Python/3.8 aiohttp/3.10.11"
50.62.181.67 - - [13/Jul/2025:20:17:05 +0000] "GET /phpdebugbar HTTP/1.1" 404 12526 "-" "Python/3.8 aiohttp/3.10.11"
50.62.181.67 - - [13/Jul/2025:20:17:05 +0000] "GET /phpinfo HTTP/1.1" 404 12526 "-" "Python/3.8 aiohttp/3.10.11"
50.62.181.67 - - [13/Jul/2025:20:17:05 +0000] "GET /phpinfo.php HTTP/1.1" 404 12526 "-" "Python/3.8 aiohttp/3.10.11"
50.62.181.67 - - [13/Jul/2025:20:17:05 +0000] "POST / HTTP/1.1" 200 12932 "-" "Python/3.8 aiohttp/3.10.11"
66.249.69.107 - - [13/Jul/2025:20:33:28 +0000] "GET /?f=5379795021370&mod=5f7733de&uri=itm.php%3Fid%3D179603-270%26name%3Dtop+tek+fusion+gel+pens HTTP/1.1" 200 21986 "-" "Mozilla/5.0 (Linux; Android 6.0.1; Nexus 5X Build/MMB29P) AppleWebKit/537.36 (KHTML, like Gecko) Chrome/137.0.7151.103 Mobile Safari/537.36 (compatible; Googlebot/2.1; +http://www.google.com/bot.html)"
66.249.69.105 - - [13/Jul/2025:20:40:34 +0000] "GET /?f=5241065001370&mod=2ca2f288&uri=news.php%3Fid%3D174975-312%26name%3Dmonta%C3%83%C2%B1a+salomon HTTP/1.1" 200 21007 "-" "Mozilla/5.0 (Linux; Android 6.0.1; Nexus 5X Build/MMB29P) AppleWebKit/537.36 (KHTML, like Gecko) Chrome/137.0.7151.103 Mobile Safari/537.36 (compatible; Googlebot/2.1; +http://www.google.com/bot.html)"
192.36.173.21 - - [13/Jul/2025:20:43:53 +0000] "GET /robots.txt HTTP/1.1" 200 83 "-" "Mozilla/5.0 (Linux; Android 14; SM-S901B) AppleWebKit/537.36 (KHTML, like Gecko) Chrome/120.0.6099.280 Mobile Safari/537.36 OPR/80.4.4244.7786"
209.74.77.214 - - [13/Jul/2025:20:43:55 +0000] "POST /wp-cron.php?doing_wp_cron=1752439435.6276280879974365234375 HTTP/1.1" 200 - "-" "WordPress/6.8.1; https://game-gainz.com"
192.165.45.205 - - [13/Jul/2025:20:43:54 +0000] "GET / HTTP/1.1" 200 12983 "-" "Mozilla/5.0 (Linux; Android 14; SM-S901B) AppleWebKit/537.36 (KHTML, like Gecko) Chrome/120.0.6099.280 Mobile Safari/537.36 OPR/80.4.4244.7786"
66.249.69.105 - - [13/Jul/2025:20:44:56 +0000] "GET /?f=5501344051370&mod=20c99c68&uri=category-info.php%3Fid%3D183658-328%26name%3Dkennel+und+schmenger+online HTTP/1.1" 200 22019 "-" "Mozilla/5.0 (Linux; Android 6.0.1; Nexus 5X Build/MMB29P) AppleWebKit/537.36 (KHTML, like Gecko) Chrome/137.0.7151.103 Mobile Safari/537.36 (compatible; Googlebot/2.1; +http://www.google.com/bot.html)"
66.249.69.106 - - [13/Jul/2025:20:45:44 +0000] "GET /?f=4654429071370&mod=be4b74cc&uri=search.php%3Fid%3D155348-286%26name%3Dnike+huarache+run+infant HTTP/1.1" 200 20632 "-" "Mozilla/5.0 (Linux; Android 6.0.1; Nexus 5X Build/MMB29P) AppleWebKit/537.36 (KHTML, like Gecko) Chrome/137.0.7151.103 Mobile Safari/537.36 (compatible; Googlebot/2.1; +http://www.google.com/bot.html)"
209.74.77.214 - - [13/Jul/2025:20:48:01 +0000] "POST /wp-cron.php?doing_wp_cron=1752439681.1149311065673828125000 HTTP/1.1" 200 - "-" "WordPress/6.8.1; https://game-gainz.com"
185.241.208.99 - - [13/Jul/2025:20:48:00 +0000] "GET /wp-content/plugins/fix/up.php HTTP/1.1" 404 61355 "-" "Mozilla/5.0 (Windows NT 10.0; Win64; x64) AppleWebKit/537.36 (KHTML, like Gecko) Chrome/85.0.4183.102 Safari/537.36"
185.241.208.99 - - [13/Jul/2025:20:48:00 +0000] "GET / HTTP/1.1" 200 65414 "-" "Mozlila/5.0 (Linux; Android 7.0; SM-G892A Bulid/NRD90M; wv) AppleWebKit/537.36 (KHTML, like Gecko) Version/4.0 Chrome/60.0.3112.107 Moblie Safari/537.36"
185.241.208.99 - - [13/Jul/2025:20:48:00 +0000] "POST /wp-plain.php HTTP/1.1" 404 61355 "www.google.com" "Mozilla/5.0 (Linux; Android 7.0; SM-G892A Bulid/NRD90M; wv) AppleWebKit/537.36 (KHTML, like Gecko) Version/4.0 Chrome/60.0.3112.107 Moblie Safari/537.36"
185.241.208.99 - - [13/Jul/2025:20:48:00 +0000] "GET /wp-content/themes/seotheme/db.php?u HTTP/1.1" 404 61355 "www.google.com" "Mozlila/5.0 (Linux; Android 7.0; SM-G892A Bulid/NRD90M; wv) AppleWebKit/537.36 (KHTML, like Gecko) Version/4.0 Chrome/60.0.3112.107 Moblie Safari/537.36"
185.241.208.99 - - [13/Jul/2025:20:48:00 +0000] "POST /ALFA_DATA/alfacgiapi/perl.alfa HTTP/1.1" 404 61284 "www.google.com" "Mozlila/5.0 (Linux; Android 7.0; SM-G892A Bulid/NRD90M; wv) AppleWebKit/537.36 (KHTML, like Gecko) Version/4.0 Chrome/60.0.3112.107 Moblie Safari/537.36"
185.241.208.99 - - [13/Jul/2025:20:48:01 +0000] "GET /wp-content/plugins/apikey/apikey.php?test=hello HTTP/1.1" 404 61355 "-" "Mozlila/5.0 (Linux; Android 7.0; SM-G892A Bulid/NRD90M; wv) AppleWebKit/537.36 (KHTML, like Gecko) Version/4.0 Chrome/60.0.3112.107 Moblie Safari/537.36"
185.241.208.99 - - [13/Jul/2025:20:48:01 +0000] "POST /alfacgiapi/perl.alfa HTTP/1.1" 404 61284 "www.google.com" "Mozlila/5.0 (Linux; Android 7.0; SM-G892A Bulid/NRD90M; wv) AppleWebKit/537.36 (KHTML, like Gecko) Version/4.0 Chrome/60.0.3112.107 Moblie Safari/537.36"
185.241.208.99 - - [13/Jul/2025:20:48:01 +0000] "GET /plugins/content/apismtp/apismtp.php?test=hello HTTP/1.1" 404 61355 "-" "Mozlila/5.0 (Linux; Android 7.0; SM-G892A Bulid/NRD90M; wv) AppleWebKit/537.36 (KHTML, like Gecko) Version/4.0 Chrome/60.0.3112.107 Moblie Safari/537.36"
185.241.208.99 - - [13/Jul/2025:20:48:02 +0000] "GET /mpczkdeq.php?Fox=d3wL7 HTTP/1.1" 404 61355 "www.google.com" "Mozilla/5.0 (Linux; Android 7.0; SM-G892A Bulid/NRD90M; wv) AppleWebKit/537.36 (KHTML, like Gecko) Version/4.0 Chrome/60.0.3112.107 Moblie Safari/537.36"
185.241.208.99 - - [13/Jul/2025:20:48:02 +0000] "GET /wp-content/plugins/apikey/apikey.php.suspected?test=hello HTTP/1.1" 404 61355 "-" "Mozlila/5.0 (Linux; Android 7.0; SM-G892A Bulid/NRD90M; wv) AppleWebKit/537.36 (KHTML, like Gecko) Version/4.0 Chrome/60.0.3112.107 Moblie Safari/537.36"
66.249.69.105 - - [13/Jul/2025:20:54:24 +0000] "GET /?f=5466012061370&mod=48f27972&uri=shop.php%3Fid%3D182478-326%26name%3Dlouboutin+suela+roja HTTP/1.1" 200 21131 "-" "Mozilla/5.0 (Linux; Android 6.0.1; Nexus 5X Build/MMB29P) AppleWebKit/537.36 (KHTML, like Gecko) Chrome/137.0.7151.103 Mobile Safari/537.36 (compatible; Googlebot/2.1; +http://www.google.com/bot.html)"
66.249.69.106 - - [13/Jul/2025:21:03:04 +0000] "GET /?f=5186126041370&mod=bf453f26&uri=info.php%3Fid%3D173129-139%26name%3Dacqua+di+paris+venezia+perfume HTTP/1.1" 200 21818 "-" "Mozilla/5.0 (Linux; Android 6.0.1; Nexus 5X Build/MMB29P) AppleWebKit/537.36 (KHTML, like Gecko) Chrome/137.0.7151.103 Mobile Safari/537.36 (compatible; Googlebot/2.1; +http://www.google.com/bot.html)"
66.249.69.107 - - [13/Jul/2025:21:08:25 +0000] "GET /?f=5623707021370&mod=cb0b5f13&uri=shop.php%3Fid%3D187769-332%26name%3Dsambalpuri+rikshawala+pila HTTP/1.1" 200 21759 "-" "Mozilla/5.0 (Linux; Android 6.0.1; Nexus 5X Build/MMB29P) AppleWebKit/537.36 (KHTML, like Gecko) Chrome/137.0.7151.103 Mobile Safari/537.36 (compatible; Googlebot/2.1; +http://www.google.com/bot.html)"
66.249.69.107 - - [13/Jul/2025:21:13:21 +0000] "GET /?f=5497037071370&mod=20c99c68&uri=shop.php%3Fid%3D183514-328%26name%3Dboots+herren+2022 HTTP/1.1" 200 21696 "-" "Mozilla/5.0 (Linux; Android 6.0.1; Nexus 5X Build/MMB29P) AppleWebKit/537.36 (KHTML, like Gecko) Chrome/137.0.7151.103 Mobile Safari/537.36 (compatible; Googlebot/2.1; +http://www.google.com/bot.html)"
209.74.77.214 - - [13/Jul/2025:21:13:54 +0000] "POST /wp-cron.php?doing_wp_cron=1752441234.9718890190124511718750 HTTP/1.1" 200 - "-" "WordPress/6.8.1; https://game-gainz.com"
132.232.203.74 - - [13/Jul/2025:21:13:53 +0000] "GET / HTTP/1.1" 200 12982 "-" "Mozilla/5.0 (iPhone; CPU iPhone OS 13_2_3 like Mac OS X) AppleWebKit/605.1.15 (KHTML, like Gecko) Version/13.0.3 Mobile/15E148 Safari/604.1"
66.249.69.105 - - [13/Jul/2025:21:19:55 +0000] "GET /?f=5549374081370&mod=2a519dc3&uri=article.php%3Fid%3D185259-220%26name%3Dchampion+windbreaker+women HTTP/1.1" 200 21691 "-" "Mozilla/5.0 (Linux; Android 6.0.1; Nexus 5X Build/MMB29P) AppleWebKit/537.36 (KHTML, like Gecko) Chrome/137.0.7151.103 Mobile Safari/537.36 (compatible; Googlebot/2.1; +http://www.google.com/bot.html)"
66.249.69.107 - - [13/Jul/2025:21:22:51 +0000] "GET /?f=5498387041370&mod=20c99c68&uri=form.php%3Fid%3D183559-328%26name%3Drieker+63551 HTTP/1.1" 200 22381 "-" "Mozilla/5.0 (Linux; Android 6.0.1; Nexus 5X Build/MMB29P) AppleWebKit/537.36 (KHTML, like Gecko) Chrome/137.0.7151.103 Mobile Safari/537.36 (compatible; Googlebot/2.1; +http://www.google.com/bot.html)"
Page not found – Hello World !