Current File : /home/kelaby89/access-logs/huss-kelaby.cv.sixpack.studio-ssl_log |
209.74.77.214 - - [12/Jul/2025:12:46:37 +0000] "POST /wp-cron.php?doing_wp_cron=1752324397.1817989349365234375000 HTTP/1.1" 200 - "-" "WordPress/6.8.1; https://huss-kelaby.cv"
66.249.89.110 - - [12/Jul/2025:12:46:35 +0000] "GET /product/on-demand-support/ HTTP/1.1" 200 18241 "-" "Mozilla/5.0 (X11; Linux x86_64) AppleWebKit/537.36 (KHTML, like Gecko) Chrome/137.0.7151.119 Safari/537.36"
66.249.89.110 - - [12/Jul/2025:12:46:57 +0000] "GET /wp-content/themes/arter/assets/fonts/font-awesome/css/font-awesome.css?ver=6.8.1 HTTP/1.1" 200 12869 "https://huss-kelaby.cv/product/on-demand-support/" "Mozilla/5.0 (X11; Linux x86_64) AppleWebKit/537.36 (KHTML, like Gecko) Chrome/137.0.7151.119 Safari/537.36"
66.249.89.109 - - [12/Jul/2025:12:47:02 +0000] "GET /wp-content/plugins/woocommerce/assets/css/photoswipe/default-skin/default-skin.min.css?ver=9.9.5 HTTP/1.1" 200 1952 "https://huss-kelaby.cv/product/on-demand-support/" "Mozilla/5.0 (X11; Linux x86_64) AppleWebKit/537.36 (KHTML, like Gecko) Chrome/137.0.7151.119 Safari/537.36"
66.249.89.109 - - [12/Jul/2025:12:47:05 +0000] "GET /wp-content/plugins/woocommerce/assets/css/woocommerce-layout.css?ver=9.9.5 HTTP/1.1" 200 3414 "https://huss-kelaby.cv/product/on-demand-support/" "Mozilla/5.0 (X11; Linux x86_64) AppleWebKit/537.36 (KHTML, like Gecko) Chrome/137.0.7151.119 Safari/537.36"
66.249.89.109 - - [12/Jul/2025:12:47:07 +0000] "GET /wp-content/plugins/woocommerce/assets/client/blocks/wc-blocks.css?ver=wc-9.9.5 HTTP/1.1" 200 2575 "https://huss-kelaby.cv/product/on-demand-support/" "Mozilla/5.0 (X11; Linux x86_64) AppleWebKit/537.36 (KHTML, like Gecko) Chrome/137.0.7151.119 Safari/537.36"
66.249.89.109 - - [12/Jul/2025:12:47:12 +0000] "GET /wp-content/uploads/2025/05/support-800x800.png HTTP/1.1" 200 823293 "https://huss-kelaby.cv/product/on-demand-support/" "Mozilla/5.0 (X11; Linux x86_64) AppleWebKit/537.36 (KHTML, like Gecko) Chrome/137.0.7151.119 Safari/537.36"
66.249.89.109 - - [12/Jul/2025:12:47:14 +0000] "GET /wp-content/plugins/woocommerce/assets/css/brands.css?ver=9.9.5 HTTP/1.1" 200 684 "https://huss-kelaby.cv/product/on-demand-support/" "Mozilla/5.0 (X11; Linux x86_64) AppleWebKit/537.36 (KHTML, like Gecko) Chrome/137.0.7151.119 Safari/537.36"
66.249.89.109 - - [12/Jul/2025:12:47:16 +0000] "GET /wp-content/themes/arter/assets/css/swiper.css?ver=6.8.1 HTTP/1.1" 200 4583 "https://huss-kelaby.cv/product/on-demand-support/" "Mozilla/5.0 (X11; Linux x86_64) AppleWebKit/537.36 (KHTML, like Gecko) Chrome/137.0.7151.119 Safari/537.36"
66.249.89.109 - - [12/Jul/2025:12:47:19 +0000] "GET /wp-includes/js/jquery/jquery.min.js?ver=3.7.1 HTTP/1.1" 200 30368 "https://huss-kelaby.cv/product/on-demand-support/" "Mozilla/5.0 (X11; Linux x86_64) AppleWebKit/537.36 (KHTML, like Gecko) Chrome/137.0.7151.119 Safari/537.36"
66.249.89.109 - - [12/Jul/2025:12:47:20 +0000] "GET /wp-content/themes/arter/assets/css/bootstrap.css?ver=6.8.1 HTTP/1.1" 200 23196 "https://huss-kelaby.cv/product/on-demand-support/" "Mozilla/5.0 (X11; Linux x86_64) AppleWebKit/537.36 (KHTML, like Gecko) Chrome/137.0.7151.119 Safari/537.36"
66.249.89.109 - - [12/Jul/2025:12:47:21 +0000] "GET /wp-includes/css/dist/block-library/style.min.css?ver=6.8.1 HTTP/1.1" 200 15323 "https://huss-kelaby.cv/product/on-demand-support/" "Mozilla/5.0 (X11; Linux x86_64) AppleWebKit/537.36 (KHTML, like Gecko) Chrome/137.0.7151.119 Safari/537.36"
66.249.89.109 - - [12/Jul/2025:12:47:23 +0000] "GET /wp-content/plugins/contact-form-7/includes/css/styles.css?ver=6.1 HTTP/1.1" 200 1031 "https://huss-kelaby.cv/product/on-demand-support/" "Mozilla/5.0 (X11; Linux x86_64) AppleWebKit/537.36 (KHTML, like Gecko) Chrome/137.0.7151.119 Safari/537.36"
66.249.89.109 - - [12/Jul/2025:12:47:25 +0000] "GET /wp-content/plugins/woocommerce/assets/css/woocommerce.css?ver=9.9.5 HTTP/1.1" 200 10820 "https://huss-kelaby.cv/product/on-demand-support/" "Mozilla/5.0 (X11; Linux x86_64) AppleWebKit/537.36 (KHTML, like Gecko) Chrome/137.0.7151.119 Safari/537.36"
66.249.89.109 - - [12/Jul/2025:12:47:26 +0000] "GET /wp-content/plugins/leadconnector/public/css/lc-public.css?ver=3.0.10.1 HTTP/1.1" 200 106 "https://huss-kelaby.cv/product/on-demand-support/" "Mozilla/5.0 (X11; Linux x86_64) AppleWebKit/537.36 (KHTML, like Gecko) Chrome/137.0.7151.119 Safari/537.36"
66.249.89.109 - - [12/Jul/2025:12:47:27 +0000] "GET /wp-content/themes/arter/assets/css/magnific-popup.css?ver=6.8.1 HTTP/1.1" 200 2058 "https://huss-kelaby.cv/product/on-demand-support/" "Mozilla/5.0 (X11; Linux x86_64) AppleWebKit/537.36 (KHTML, like Gecko) Chrome/137.0.7151.119 Safari/537.36"
66.249.89.109 - - [12/Jul/2025:12:47:28 +0000] "GET /wp-includes/js/jquery/jquery-migrate.min.js?ver=3.4.1 HTTP/1.1" 200 4872 "https://huss-kelaby.cv/product/on-demand-support/" "Mozilla/5.0 (X11; Linux x86_64) AppleWebKit/537.36 (KHTML, like Gecko) Chrome/137.0.7151.119 Safari/537.36"
66.249.89.109 - - [12/Jul/2025:12:47:29 +0000] "GET /wp-content/plugins/woocommerce/assets/css/photoswipe/photoswipe.min.css?ver=9.9.5 HTTP/1.1" 200 997 "https://huss-kelaby.cv/product/on-demand-support/" "Mozilla/5.0 (X11; Linux x86_64) AppleWebKit/537.36 (KHTML, like Gecko) Chrome/137.0.7151.119 Safari/537.36"
66.249.89.109 - - [12/Jul/2025:12:47:31 +0000] "GET /wp-content/plugins/arter-plugin/elementor/assets/css/style.css?ver=1 HTTP/1.1" 200 88 "https://huss-kelaby.cv/product/on-demand-support/" "Mozilla/5.0 (X11; Linux x86_64) AppleWebKit/537.36 (KHTML, like Gecko) Chrome/137.0.7151.119 Safari/537.36"
66.249.89.109 - - [12/Jul/2025:12:47:32 +0000] "GET /wp-includes/css/dashicons.min.css?ver=6.8.1 HTTP/1.1" 200 35730 "https://huss-kelaby.cv/product/on-demand-support/" "Mozilla/5.0 (X11; Linux x86_64) AppleWebKit/537.36 (KHTML, like Gecko) Chrome/137.0.7151.119 Safari/537.36"
209.74.77.214 - - [12/Jul/2025:12:47:33 +0000] "POST /wp-cron.php?doing_wp_cron=1752324453.8490478992462158203125 HTTP/1.1" 200 - "-" "WordPress/6.8.1; https://huss-kelaby.cv"
205.185.121.21 - - [12/Jul/2025:12:47:32 +0000] "GET /wp-login.php HTTP/1.1" 200 6676 "-" "Mozilla/5.0 (Windows NT 6.1; WOW64; rv:31.0) Gecko/20100101 Firefox/31.0"
205.185.121.21 - - [12/Jul/2025:12:47:33 +0000] "POST /wp-login.php HTTP/1.1" 200 6932 "-" "Mozilla/5.0 (Windows NT 6.1; WOW64; rv:31.0) Gecko/20100101 Firefox/31.0"
66.249.89.109 - - [12/Jul/2025:12:47:35 +0000] "GET /wp-content/uploads/2025/02/275622839_10224019954099472_8526428074003913221_n-1.jpg HTTP/1.1" 200 42760 "https://huss-kelaby.cv/product/on-demand-support/" "Mozilla/5.0 (X11; Linux x86_64) AppleWebKit/537.36 (KHTML, like Gecko) Chrome/137.0.7151.119 Safari/537.36"
66.249.89.109 - - [12/Jul/2025:12:47:37 +0000] "GET /wp-content/themes/arter/style.css?ver=6.8.1 HTTP/1.1" 200 19089 "https://huss-kelaby.cv/product/on-demand-support/" "Mozilla/5.0 (X11; Linux x86_64) AppleWebKit/537.36 (KHTML, like Gecko) Chrome/137.0.7151.119 Safari/537.36"
66.249.89.109 - - [12/Jul/2025:12:47:38 +0000] "GET /wp-content/plugins/woo-stripe-payment/assets/build/stripe.css?ver=3.3.90 HTTP/1.1" 200 5001 "https://huss-kelaby.cv/product/on-demand-support/" "Mozilla/5.0 (X11; Linux x86_64) AppleWebKit/537.36 (KHTML, like Gecko) Chrome/137.0.7151.119 Safari/537.36"
66.249.89.109 - - [12/Jul/2025:12:47:39 +0000] "GET /wp-content/plugins/arter-plugin/elementor/assets/js/front-end-widget.js?ver=6.8.1 HTTP/1.1" 200 237 "https://huss-kelaby.cv/product/on-demand-support/" "Mozilla/5.0 (X11; Linux x86_64) AppleWebKit/537.36 (KHTML, like Gecko) Chrome/137.0.7151.119 Safari/537.36"
66.249.89.109 - - [12/Jul/2025:12:47:40 +0000] "GET /wp-content/themes/arter/assets/js/progressbar.js?ver=1.0.0 HTTP/1.1" 200 8554 "https://huss-kelaby.cv/product/on-demand-support/" "Mozilla/5.0 (X11; Linux x86_64) AppleWebKit/537.36 (KHTML, like Gecko) Chrome/137.0.7151.119 Safari/537.36"
66.249.89.109 - - [12/Jul/2025:12:47:41 +0000] "GET /wp-content/plugins/woocommerce/assets/js/jquery-blockui/jquery.blockUI.min.js?ver=2.7.0-wc.9.9.5 HTTP/1.1" 200 3537 "https://huss-kelaby.cv/product/on-demand-support/" "Mozilla/5.0 (X11; Linux x86_64) AppleWebKit/537.36 (KHTML, like Gecko) Chrome/137.0.7151.119 Safari/537.36"
66.249.89.109 - - [12/Jul/2025:12:47:42 +0000] "GET /wp-includes/js/comment-reply.min.js?ver=6.8.1 HTTP/1.1" 200 1375 "https://huss-kelaby.cv/product/on-demand-support/" "Mozilla/5.0 (X11; Linux x86_64) AppleWebKit/537.36 (KHTML, like Gecko) Chrome/137.0.7151.119 Safari/537.36"
66.249.89.109 - - [12/Jul/2025:12:47:43 +0000] "GET /wp-content/plugins/woocommerce/assets/js/zoom/jquery.zoom.min.js?ver=1.7.21-wc.9.9.5 HTTP/1.1" 200 1192 "https://huss-kelaby.cv/product/on-demand-support/" "Mozilla/5.0 (X11; Linux x86_64) AppleWebKit/537.36 (KHTML, like Gecko) Chrome/137.0.7151.119 Safari/537.36"
66.249.89.109 - - [12/Jul/2025:12:47:45 +0000] "GET /wp-content/plugins/contact-form-7/includes/js/index.js?ver=6.1 HTTP/1.1" 200 4265 "https://huss-kelaby.cv/product/on-demand-support/" "Mozilla/5.0 (X11; Linux x86_64) AppleWebKit/537.36 (KHTML, like Gecko) Chrome/137.0.7151.119 Safari/537.36"
66.249.89.109 - - [12/Jul/2025:12:47:46 +0000] "GET /wp-content/themes/arter/assets/js/anime.js?ver=1.0.0 HTTP/1.1" 200 7048 "https://huss-kelaby.cv/product/on-demand-support/" "Mozilla/5.0 (X11; Linux x86_64) AppleWebKit/537.36 (KHTML, like Gecko) Chrome/137.0.7151.119 Safari/537.36"
66.249.89.109 - - [12/Jul/2025:12:47:49 +0000] "GET /wp-includes/js/dist/i18n.min.js?ver=5e580eb46a90c2b997e6 HTTP/1.1" 200 3667 "https://huss-kelaby.cv/product/on-demand-support/" "Mozilla/5.0 (X11; Linux x86_64) AppleWebKit/537.36 (KHTML, like Gecko) Chrome/137.0.7151.119 Safari/537.36"
66.249.89.109 - - [12/Jul/2025:12:47:51 +0000] "GET /wp-includes/js/imagesloaded.min.js?ver=5.0.0 HTTP/1.1" 200 1803 "https://huss-kelaby.cv/product/on-demand-support/" "Mozilla/5.0 (X11; Linux x86_64) AppleWebKit/537.36 (KHTML, like Gecko) Chrome/137.0.7151.119 Safari/537.36"
66.249.89.109 - - [12/Jul/2025:12:47:52 +0000] "GET /wp-content/plugins/woocommerce/assets/js/frontend/single-product.min.js?ver=9.9.5 HTTP/1.1" 200 2728 "https://huss-kelaby.cv/product/on-demand-support/" "Mozilla/5.0 (X11; Linux x86_64) AppleWebKit/537.36 (KHTML, like Gecko) Chrome/137.0.7151.119 Safari/537.36"
66.249.89.109 - - [12/Jul/2025:12:47:53 +0000] "GET /wp-content/themes/arter/assets/js/rrssb.js?ver=1.0.0 HTTP/1.1" 200 1778 "https://huss-kelaby.cv/product/on-demand-support/" "Mozilla/5.0 (X11; Linux x86_64) AppleWebKit/537.36 (KHTML, like Gecko) Chrome/137.0.7151.119 Safari/537.36"
66.249.89.109 - - [12/Jul/2025:12:47:54 +0000] "GET /wp-content/plugins/woocommerce/assets/js/sourcebuster/sourcebuster.min.js?ver=9.9.5 HTTP/1.1" 200 4807 "https://huss-kelaby.cv/product/on-demand-support/" "Mozilla/5.0 (X11; Linux x86_64) AppleWebKit/537.36 (KHTML, like Gecko) Chrome/137.0.7151.119 Safari/537.36"
66.249.89.109 - - [12/Jul/2025:12:47:55 +0000] "GET /wp-content/plugins/woocommerce/assets/js/frontend/woocommerce.min.js?ver=9.9.5 HTTP/1.1" 200 1449 "https://huss-kelaby.cv/product/on-demand-support/" "Mozilla/5.0 (X11; Linux x86_64) AppleWebKit/537.36 (KHTML, like Gecko) Chrome/137.0.7151.119 Safari/537.36"
66.249.89.109 - - [12/Jul/2025:12:47:57 +0000] "GET /wp-content/plugins/woo-stripe-payment/assets/js/frontend/form-handler.min.js?ver=3.3.90 HTTP/1.1" 200 1068 "https://huss-kelaby.cv/product/on-demand-support/" "Mozilla/5.0 (X11; Linux x86_64) AppleWebKit/537.36 (KHTML, like Gecko) Chrome/137.0.7151.119 Safari/537.36"
66.249.89.109 - - [12/Jul/2025:12:47:58 +0000] "GET /wp-content/plugins/woo-stripe-payment/assets/js/frontend/googlepay-product.min.js?ver=3.3.90 HTTP/1.1" 200 912 "https://huss-kelaby.cv/product/on-demand-support/" "Mozilla/5.0 (X11; Linux x86_64) AppleWebKit/537.36 (KHTML, like Gecko) Chrome/137.0.7151.119 Safari/537.36"
66.249.89.109 - - [12/Jul/2025:12:47:59 +0000] "GET /wp-content/themes/arter/assets/js/isotope.js?ver=1.0.0 HTTP/1.1" 200 9847 "https://huss-kelaby.cv/product/on-demand-support/" "Mozilla/5.0 (X11; Linux x86_64) AppleWebKit/537.36 (KHTML, like Gecko) Chrome/137.0.7151.119 Safari/537.36"
66.249.89.109 - - [12/Jul/2025:12:48:01 +0000] "GET /wp-content/plugins/woocommerce/assets/js/frontend/order-attribution.min.js?ver=9.9.5 HTTP/1.1" 200 1128 "https://huss-kelaby.cv/product/on-demand-support/" "Mozilla/5.0 (X11; Linux x86_64) AppleWebKit/537.36 (KHTML, like Gecko) Chrome/137.0.7151.119 Safari/537.36"
66.249.89.109 - - [12/Jul/2025:12:48:01 +0000] "GET /wp-content/plugins/woo-stripe-payment/assets/js/frontend/applepay-product.min.js?ver=3.3.90 HTTP/1.1" 200 845 "https://huss-kelaby.cv/product/on-demand-support/" "Mozilla/5.0 (X11; Linux x86_64) AppleWebKit/537.36 (KHTML, like Gecko) Chrome/137.0.7151.119 Safari/537.36"
66.249.89.109 - - [12/Jul/2025:12:48:02 +0000] "GET /wp-includes/js/dist/hooks.min.js?ver=4d63a3d491d11ffd8ac6 HTTP/1.1" 200 1648 "https://huss-kelaby.cv/product/on-demand-support/" "Mozilla/5.0 (X11; Linux x86_64) AppleWebKit/537.36 (KHTML, like Gecko) Chrome/137.0.7151.119 Safari/537.36"
66.249.89.109 - - [12/Jul/2025:12:48:03 +0000] "GET /wp-content/themes/arter/assets/js/skip-link-focus-fix.js?ver=20151215 HTTP/1.1" 200 438 "https://huss-kelaby.cv/product/on-demand-support/" "Mozilla/5.0 (X11; Linux x86_64) AppleWebKit/537.36 (KHTML, like Gecko) Chrome/137.0.7151.119 Safari/537.36"
66.249.89.109 - - [12/Jul/2025:12:48:04 +0000] "GET /wp-content/plugins/woo-stripe-payment/assets/js/frontend/wc-stripe.min.js?ver=3.3.90 HTTP/1.1" 200 10360 "https://huss-kelaby.cv/product/on-demand-support/" "Mozilla/5.0 (X11; Linux x86_64) AppleWebKit/537.36 (KHTML, like Gecko) Chrome/137.0.7151.119 Safari/537.36"
66.249.89.109 - - [12/Jul/2025:12:48:04 +0000] "GET /wp-content/plugins/woocommerce/assets/js/frontend/add-to-cart.min.js?ver=9.9.5 HTTP/1.1" 200 1368 "https://huss-kelaby.cv/product/on-demand-support/" "Mozilla/5.0 (X11; Linux x86_64) AppleWebKit/537.36 (KHTML, like Gecko) Chrome/137.0.7151.119 Safari/537.36"
66.249.89.109 - - [12/Jul/2025:12:48:05 +0000] "GET /wp-content/themes/arter/assets/js/main.js?ver=1.0.0 HTTP/1.1" 200 3207 "https://huss-kelaby.cv/product/on-demand-support/" "Mozilla/5.0 (X11; Linux x86_64) AppleWebKit/537.36 (KHTML, like Gecko) Chrome/137.0.7151.119 Safari/537.36"
66.249.89.109 - - [12/Jul/2025:12:48:07 +0000] "GET /wp-content/plugins/woocommerce/assets/js/flexslider/jquery.flexslider.min.js?ver=2.7.2-wc.9.9.5 HTTP/1.1" 200 6204 "https://huss-kelaby.cv/product/on-demand-support/" "Mozilla/5.0 (X11; Linux x86_64) AppleWebKit/537.36 (KHTML, like Gecko) Chrome/137.0.7151.119 Safari/537.36"
66.249.89.109 - - [12/Jul/2025:12:48:09 +0000] "GET /wp-content/plugins/elementor/assets/lib/swiper/v8/swiper.min.js?ver=8.4.5 HTTP/1.1" 200 39695 "https://huss-kelaby.cv/product/on-demand-support/" "Mozilla/5.0 (X11; Linux x86_64) AppleWebKit/537.36 (KHTML, like Gecko) Chrome/137.0.7151.119 Safari/537.36"
66.249.89.109 - - [12/Jul/2025:12:48:11 +0000] "GET /wp-content/plugins/contact-form-7/includes/swv/js/index.js?ver=6.1 HTTP/1.1" 200 3503 "https://huss-kelaby.cv/product/on-demand-support/" "Mozilla/5.0 (X11; Linux x86_64) AppleWebKit/537.36 (KHTML, like Gecko) Chrome/137.0.7151.119 Safari/537.36"
66.249.89.109 - - [12/Jul/2025:12:48:11 +0000] "GET /wp-content/themes/arter/assets/js/typing.js?ver=1.0.0 HTTP/1.1" 200 614 "https://huss-kelaby.cv/product/on-demand-support/" "Mozilla/5.0 (X11; Linux x86_64) AppleWebKit/537.36 (KHTML, like Gecko) Chrome/137.0.7151.119 Safari/537.36"
66.249.89.109 - - [12/Jul/2025:12:48:12 +0000] "GET /wp-content/themes/arter/assets/js/magnific-popup.js?ver=1.0.0 HTTP/1.1" 200 12491 "https://huss-kelaby.cv/product/on-demand-support/" "Mozilla/5.0 (X11; Linux x86_64) AppleWebKit/537.36 (KHTML, like Gecko) Chrome/137.0.7151.119 Safari/537.36"
66.249.89.109 - - [12/Jul/2025:12:48:13 +0000] "GET /wp-content/plugins/woocommerce/assets/css/woocommerce-smallscreen.css?ver=9.9.5 HTTP/1.1" 200 1279 "https://huss-kelaby.cv/product/on-demand-support/" "Mozilla/5.0 (X11; Linux x86_64) AppleWebKit/537.36 (KHTML, like Gecko) Chrome/137.0.7151.119 Safari/537.36"
66.249.89.109 - - [12/Jul/2025:12:48:14 +0000] "GET /wp-content/plugins/woocommerce/assets/js/photoswipe/photoswipe-ui-default.min.js?ver=4.1.1-wc.9.9.5 HTTP/1.1" 200 3674 "https://huss-kelaby.cv/product/on-demand-support/" "Mozilla/5.0 (X11; Linux x86_64) AppleWebKit/537.36 (KHTML, like Gecko) Chrome/137.0.7151.119 Safari/537.36"
66.249.89.109 - - [12/Jul/2025:12:48:15 +0000] "GET /wp-content/plugins/woocommerce/assets/js/js-cookie/js.cookie.min.js?ver=2.1.4-wc.9.9.5 HTTP/1.1" 200 833 "https://huss-kelaby.cv/product/on-demand-support/" "Mozilla/5.0 (X11; Linux x86_64) AppleWebKit/537.36 (KHTML, like Gecko) Chrome/137.0.7151.119 Safari/537.36"
66.249.89.109 - - [12/Jul/2025:12:48:16 +0000] "GET /wp-content/plugins/woocommerce/assets/js/photoswipe/photoswipe.min.js?ver=4.1.1-wc.9.9.5 HTTP/1.1" 200 12042 "https://huss-kelaby.cv/product/on-demand-support/" "Mozilla/5.0 (X11; Linux x86_64) AppleWebKit/537.36 (KHTML, like Gecko) Chrome/137.0.7151.119 Safari/537.36"
66.249.89.109 - - [12/Jul/2025:12:48:17 +0000] "GET /wp-content/themes/arter/assets/fonts/font-awesome/webfonts/fa-brands-400.woff2 HTTP/1.1" 200 76797 "https://huss-kelaby.cv/wp-content/themes/arter/assets/fonts/font-awesome/css/font-awesome.css?ver=6.8.1" "Mozilla/5.0 (X11; Linux x86_64) AppleWebKit/537.36 (KHTML, like Gecko) Chrome/137.0.7151.119 Safari/537.36"
66.249.89.109 - - [12/Jul/2025:12:48:19 +0000] "GET /wp-content/uploads/2025/05/bg.png HTTP/1.1" 200 810768 "https://huss-kelaby.cv/product/on-demand-support/" "Mozilla/5.0 (X11; Linux x86_64) AppleWebKit/537.36 (KHTML, like Gecko) Chrome/137.0.7151.119 Safari/537.36"
66.249.89.109 - - [12/Jul/2025:12:48:19 +0000] "GET /wp-content/themes/arter/assets/fonts/font-awesome/webfonts/fa-solid-900.woff2 HTTP/1.1" 200 78099 "https://huss-kelaby.cv/wp-content/themes/arter/assets/fonts/font-awesome/css/font-awesome.css?ver=6.8.1" "Mozilla/5.0 (X11; Linux x86_64) AppleWebKit/537.36 (KHTML, like Gecko) Chrome/137.0.7151.119 Safari/537.36"
66.249.89.109 - - [12/Jul/2025:12:48:22 +0000] "GET /wp-includes/js/wp-emoji-release.min.js?ver=6.8.1 HTTP/1.1" 200 5166 "https://huss-kelaby.cv/product/on-demand-support/" "Mozilla/5.0 (X11; Linux x86_64) AppleWebKit/537.36 (KHTML, like Gecko) Chrome/137.0.7151.119 Safari/537.36"
209.74.77.214 - - [12/Jul/2025:12:48:24 +0000] "POST /wp-cron.php?doing_wp_cron=1752324504.1957170963287353515625 HTTP/1.1" 200 - "-" "WordPress/6.8.1; https://huss-kelaby.cv"
66.249.89.109 - - [12/Jul/2025:12:48:22 +0000] "POST /?wc-ajax=wc_stripe_frontend_request&path=/wc-stripe/v1/cart/cart-calculation HTTP/1.1" 200 241 "https://huss-kelaby.cv/product/on-demand-support/" "Mozilla/5.0 (X11; Linux x86_64) AppleWebKit/537.36 (KHTML, like Gecko) Chrome/137.0.7151.119 Safari/537.36"
66.249.89.109 - - [12/Jul/2025:12:48:26 +0000] "GET /wp-content/uploads/2025/05/support.png HTTP/1.1" 200 626276 "https://huss-kelaby.cv/product/on-demand-support/" "Mozilla/5.0 (X11; Linux x86_64) AppleWebKit/537.36 (KHTML, like Gecko) Chrome/137.0.7151.119 Safari/537.36"
209.74.77.214 - - [12/Jul/2025:13:26:57 +0000] "POST /wp-cron.php?doing_wp_cron=1752326817.9868810176849365234375 HTTP/1.1" 200 - "-" "WordPress/6.8.1; https://huss-kelaby.cv"
66.249.64.45 - - [12/Jul/2025:13:26:57 +0000] "GET / HTTP/1.1" 200 15479 "-" "Mozilla/5.0 (Linux; Android 6.0.1; Nexus 5X Build/MMB29P) AppleWebKit/537.36 (KHTML, like Gecko) Chrome/137.0.7151.103 Mobile Safari/537.36 (compatible; Googlebot/2.1; +http://www.google.com/bot.html)"
209.74.77.214 - - [12/Jul/2025:13:27:18 +0000] "POST /wp-cron.php?doing_wp_cron=1752326838.2659270763397216796875 HTTP/1.1" 200 - "-" "WordPress/6.8.1; https://huss-kelaby.cv"
66.249.64.46 - - [12/Jul/2025:13:27:18 +0000] "GET /portfolio/gardenify/ HTTP/1.1" 200 14459 "-" "Mozilla/5.0 (Linux; Android 6.0.1; Nexus 5X Build/MMB29P) AppleWebKit/537.36 (KHTML, like Gecko) Chrome/137.0.7151.103 Mobile Safari/537.36 (compatible; Googlebot/2.1; +http://www.google.com/bot.html)"
209.74.77.214 - - [12/Jul/2025:13:28:27 +0000] "POST /wp-cron.php?doing_wp_cron=1752326907.5856039524078369140625 HTTP/1.1" 200 - "-" "WordPress/6.8.1; https://huss-kelaby.cv"
66.249.64.32 - - [12/Jul/2025:13:28:25 +0000] "GET /portfolio/six-pack-studios/ HTTP/1.1" 200 14485 "-" "Mozilla/5.0 (Linux; Android 6.0.1; Nexus 5X Build/MMB29P) AppleWebKit/537.36 (KHTML, like Gecko) Chrome/137.0.7151.103 Mobile Safari/537.36 (compatible; Googlebot/2.1; +http://www.google.com/bot.html)"
209.74.77.214 - - [12/Jul/2025:13:28:50 +0000] "POST /wp-cron.php?doing_wp_cron=1752326930.5818490982055664062500 HTTP/1.1" 200 - "-" "WordPress/6.8.1; https://huss-kelaby.cv"
66.249.64.46 - - [12/Jul/2025:13:28:50 +0000] "GET /portfolio/ilux-electrical/ HTTP/1.1" 200 14271 "-" "Mozilla/5.0 (Linux; Android 6.0.1; Nexus 5X Build/MMB29P) AppleWebKit/537.36 (KHTML, like Gecko) Chrome/137.0.7151.103 Mobile Safari/537.36 (compatible; Googlebot/2.1; +http://www.google.com/bot.html)"
209.74.77.214 - - [12/Jul/2025:13:29:25 +0000] "POST /wp-cron.php?doing_wp_cron=1752326965.5057420730590820312500 HTTP/1.1" 200 - "-" "WordPress/6.8.1; https://huss-kelaby.cv"
66.249.64.45 - - [12/Jul/2025:13:29:24 +0000] "GET /portfolio1/ HTTP/1.1" 200 12485 "-" "Mozilla/5.0 (Linux; Android 6.0.1; Nexus 5X Build/MMB29P) AppleWebKit/537.36 (KHTML, like Gecko) Chrome/137.0.7151.103 Mobile Safari/537.36 (compatible; Googlebot/2.1; +http://www.google.com/bot.html)"
66.249.64.45 - - [12/Jul/2025:13:29:38 +0000] "GET /wp-content/plugins/woocommerce/assets/css/woocommerce.css?ver=9.9.5 HTTP/1.1" 200 10820 "https://huss-kelaby.cv/portfolio1/" "Mozilla/5.0 (Linux; Android 6.0.1; Nexus 5X Build/MMB29P) AppleWebKit/537.36 (KHTML, like Gecko) Chrome/137.0.7151.119 Mobile Safari/537.36 (compatible; Googlebot/2.1; +http://www.google.com/bot.html)"
66.249.64.46 - - [12/Jul/2025:13:31:12 +0000] "GET / HTTP/1.1" 200 15479 "-" "Mozilla/5.0 (compatible; Googlebot/2.1; +http://www.google.com/bot.html)"
209.74.77.214 - - [12/Jul/2025:13:31:19 +0000] "POST /wp-cron.php?doing_wp_cron=1752327079.6353418827056884765625 HTTP/1.1" 200 - "-" "WordPress/6.8.1; https://huss-kelaby.cv"
66.249.64.45 - - [12/Jul/2025:13:31:19 +0000] "GET / HTTP/1.1" 200 15480 "-" "Mozilla/5.0 (Linux; Android 6.0.1; Nexus 5X Build/MMB29P) AppleWebKit/537.36 (KHTML, like Gecko) Chrome/99.0.4844.84 Mobile Safari/537.36 (compatible; Googlebot/2.1; +http://www.google.com/bot.html)"
66.249.64.45 - - [12/Jul/2025:13:31:27 +0000] "GET /wp-content/plugins/woocommerce/assets/client/blocks/wc-blocks.css?ver=wc-9.9.5 HTTP/1.1" 200 2575 "https://huss-kelaby.cv/" "Mozilla/5.0 AppleWebKit/537.36 (KHTML, like Gecko; compatible; Googlebot/2.1; +http://www.google.com/bot.html) Chrome/137.0.7151.119 Safari/537.36"
66.249.64.45 - - [12/Jul/2025:13:31:31 +0000] "GET /wp-content/plugins/arter-plugin/elementor/assets/js/front-end-widget.js?ver=6.8.1 HTTP/1.1" 200 237 "https://huss-kelaby.cv/" "Mozilla/5.0 AppleWebKit/537.36 (KHTML, like Gecko; compatible; Googlebot/2.1; +http://www.google.com/bot.html) Chrome/137.0.7151.119 Safari/537.36"
209.74.77.214 - - [12/Jul/2025:13:31:53 +0000] "POST /wp-cron.php?doing_wp_cron=1752327113.3783040046691894531250 HTTP/1.1" 200 - "-" "WordPress/6.8.1; https://huss-kelaby.cv"
66.249.64.45 - - [12/Jul/2025:13:31:51 +0000] "GET /book-a-call/ HTTP/1.1" 200 11470 "-" "Mozilla/5.0 (Linux; Android 6.0.1; Nexus 5X Build/MMB29P) AppleWebKit/537.36 (KHTML, like Gecko) Chrome/137.0.7151.103 Mobile Safari/537.36 (compatible; Googlebot/2.1; +http://www.google.com/bot.html)"
66.249.64.46 - - [12/Jul/2025:13:32:09 +0000] "GET /wp-includes/js/jquery/jquery-migrate.min.js?ver=3.4.1 HTTP/1.1" 200 4872 "https://huss-kelaby.cv/book-a-call/" "Mozilla/5.0 (Linux; Android 6.0.1; Nexus 5X Build/MMB29P) AppleWebKit/537.36 (KHTML, like Gecko) Chrome/137.0.7151.119 Mobile Safari/537.36 (compatible; Googlebot/2.1; +http://www.google.com/bot.html)"
66.249.64.45 - - [12/Jul/2025:13:32:10 +0000] "GET /product/on-demand-support/ HTTP/1.1" 200 18305 "-" "Mozilla/5.0 (Linux; Android 6.0.1; Nexus 5X Build/MMB29P) AppleWebKit/537.36 (KHTML, like Gecko) Chrome/137.0.7151.103 Mobile Safari/537.36 (compatible; Googlebot/2.1; +http://www.google.com/bot.html)"
66.249.64.32 - - [12/Jul/2025:13:32:12 +0000] "GET /wp-content/plugins/arter-plugin/elementor/assets/css/style.css?ver=1 HTTP/1.1" 200 88 "https://huss-kelaby.cv/book-a-call/" "Mozilla/5.0 (Linux; Android 6.0.1; Nexus 5X Build/MMB29P) AppleWebKit/537.36 (KHTML, like Gecko) Chrome/137.0.7151.119 Mobile Safari/537.36 (compatible; Googlebot/2.1; +http://www.google.com/bot.html)"
209.74.77.214 - - [12/Jul/2025:13:32:14 +0000] "POST /wp-cron.php?doing_wp_cron=1752327134.6614840030670166015625 HTTP/1.1" 200 - "-" "WordPress/6.8.1; https://huss-kelaby.cv"
66.249.64.46 - - [12/Jul/2025:13:32:14 +0000] "GET /portfolio/ap-cleaning/ HTTP/1.1" 200 14437 "-" "Mozilla/5.0 (Linux; Android 6.0.1; Nexus 5X Build/MMB29P) AppleWebKit/537.36 (KHTML, like Gecko) Chrome/137.0.7151.103 Mobile Safari/537.36 (compatible; Googlebot/2.1; +http://www.google.com/bot.html)"
66.249.64.45 - - [12/Jul/2025:13:32:16 +0000] "GET /wp-content/themes/arter/assets/js/progressbar.js?ver=1.0.0 HTTP/1.1" 200 8554 "https://huss-kelaby.cv/book-a-call/" "Mozilla/5.0 (Linux; Android 6.0.1; Nexus 5X Build/MMB29P) AppleWebKit/537.36 (KHTML, like Gecko) Chrome/137.0.7151.119 Mobile Safari/537.36 (compatible; Googlebot/2.1; +http://www.google.com/bot.html)"
66.249.64.45 - - [12/Jul/2025:13:32:29 +0000] "GET /portfolio/the-old-house-cafe/ HTTP/1.1" 200 14503 "-" "Mozilla/5.0 (Linux; Android 6.0.1; Nexus 5X Build/MMB29P) AppleWebKit/537.36 (KHTML, like Gecko) Chrome/137.0.7151.103 Mobile Safari/537.36 (compatible; Googlebot/2.1; +http://www.google.com/bot.html)"
66.249.64.45 - - [12/Jul/2025:13:32:39 +0000] "GET /wp-content/themes/arter/assets/css/bootstrap.css?ver=6.8.1 HTTP/1.1" 200 23196 "https://huss-kelaby.cv/portfolio/the-old-house-cafe/" "Mozilla/5.0 (Linux; Android 6.0.1; Nexus 5X Build/MMB29P) AppleWebKit/537.36 (KHTML, like Gecko) Chrome/137.0.7151.119 Mobile Safari/537.36 (compatible; Googlebot/2.1; +http://www.google.com/bot.html)"
66.249.64.45 - - [12/Jul/2025:13:32:44 +0000] "GET /wp-content/uploads/elementor/css/post-11.css?ver=1749708296 HTTP/1.1" 200 377 "https://huss-kelaby.cv/portfolio/the-old-house-cafe/" "Mozilla/5.0 (Linux; Android 6.0.1; Nexus 5X Build/MMB29P) AppleWebKit/537.36 (KHTML, like Gecko) Chrome/137.0.7151.119 Mobile Safari/537.36 (compatible; Googlebot/2.1; +http://www.google.com/bot.html)"
209.74.77.214 - - [12/Jul/2025:13:45:01 +0000] "POST /wp-cron.php?doing_wp_cron=1752327901.0666770935058593750000 HTTP/1.1" 200 - "-" "WordPress/6.8.1; https://huss-kelaby.cv"
209.141.55.27 - - [12/Jul/2025:13:44:58 +0000] "GET /wp-login.php HTTP/1.1" 200 6676 "-" "Mozilla/5.0 (Windows NT 6.2; WOW64) AppleWebKit/537.36 (KHTML, like Gecko) Chrome/36.0.1985.125 Safari/537.36"
209.74.77.214 - - [12/Jul/2025:13:46:09 +0000] "POST /wp-cron.php?doing_wp_cron=1752327969.2690138816833496093750 HTTP/1.1" 200 - "-" "WordPress/6.8.1; https://huss-kelaby.cv"
209.141.55.27 - - [12/Jul/2025:13:46:07 +0000] "POST /wp-login.php HTTP/1.1" 200 6932 "-" "Mozilla/5.0 (Windows NT 6.2; WOW64) AppleWebKit/537.36 (KHTML, like Gecko) Chrome/36.0.1985.125 Safari/537.36"
209.74.77.214 - - [12/Jul/2025:13:49:50 +0000] "POST /wp-cron.php?doing_wp_cron=1752328190.2645449638366699218750 HTTP/1.1" 200 - "-" "WordPress/6.8.1; https://huss-kelaby.cv"
199.195.252.139 - - [12/Jul/2025:13:49:48 +0000] "GET /wp-login.php HTTP/1.1" 200 6676 "-" "Mozilla/5.0 (Windows NT 6.1; rv:24.0) Gecko/20100101 Firefox/24.0"
209.74.77.214 - - [12/Jul/2025:13:49:51 +0000] "POST /wp-cron.php?doing_wp_cron=1752328191.4203670024871826171875 HTTP/1.1" 200 - "-" "WordPress/6.8.1; https://huss-kelaby.cv"
199.195.252.139 - - [12/Jul/2025:13:49:51 +0000] "POST /wp-login.php HTTP/1.1" 200 6932 "-" "Mozilla/5.0 (Windows NT 6.1; rv:24.0) Gecko/20100101 Firefox/24.0"
134.209.195.151 - - [12/Jul/2025:14:19:22 +0000] "GET / HTTP/1.1" 301 - "-" "Mozilla/5.0 (X11; Linux x86_64) AppleWebKit/537.36 (KHTML, like Gecko) Chrome/137.0.0.0 Safari/537.36"
134.209.195.151 - - [12/Jul/2025:14:19:25 +0000] "GET /favicon.ico HTTP/1.1" 302 - "https://mail.huss-kelaby.cv/" "Mozilla/5.0 (X11; Linux x86_64) AppleWebKit/537.36 (KHTML, like Gecko) Chrome/137.0.0.0 Safari/537.36"
209.74.77.214 - - [12/Jul/2025:16:15:39 +0000] "POST /wp-cron.php?doing_wp_cron=1752336939.4519710540771484375000 HTTP/1.1" 200 - "-" "WordPress/6.8.1; https://huss-kelaby.cv"
66.249.89.109 - - [12/Jul/2025:16:15:37 +0000] "GET /product/monthly-partnership/ HTTP/1.1" 200 18288 "-" "Mozilla/5.0 (X11; Linux x86_64) AppleWebKit/537.36 (KHTML, like Gecko) Chrome/137.0.7151.119 Safari/537.36"
209.74.77.214 - - [12/Jul/2025:16:30:50 +0000] "POST /wp-cron.php?doing_wp_cron=1752337850.5952429771423339843750 HTTP/1.1" 200 - "-" "WordPress/6.8.1; https://huss-kelaby.cv"
198.98.57.230 - - [12/Jul/2025:16:30:48 +0000] "GET /wp-login.php HTTP/1.1" 200 6676 "-" "Mozilla/5.0 (Windows NT 6.2; WOW64; rv:30.0) Gecko/20100101 Firefox/30.0"
209.74.77.214 - - [12/Jul/2025:16:35:55 +0000] "POST /wp-cron.php?doing_wp_cron=1752338155.7849049568176269531250 HTTP/1.1" 200 - "-" "WordPress/6.8.1; https://huss-kelaby.cv"
198.98.57.230 - - [12/Jul/2025:16:35:54 +0000] "POST /wp-login.php HTTP/1.1" 200 6932 "-" "Mozilla/5.0 (Windows NT 6.2; WOW64; rv:30.0) Gecko/20100101 Firefox/30.0"
209.74.77.214 - - [12/Jul/2025:16:40:37 +0000] "POST /wp-cron.php?doing_wp_cron=1752338437.8933970928192138671875 HTTP/1.1" 200 - "-" "WordPress/6.8.1; https://huss-kelaby.cv"
198.98.57.22 - - [12/Jul/2025:16:40:36 +0000] "GET /wp-login.php HTTP/1.1" 200 6676 "-" "Mozilla/5.0 (X11; Linux x86_64) AppleWebKit/537.36 (KHTML, like Gecko) Ubuntu Chromium/34.0.1847.116 Chrome/34.0.1847.116 Safari/537.36"
198.98.57.22 - - [12/Jul/2025:16:40:38 +0000] "POST /wp-login.php HTTP/1.1" 200 6932 "-" "Mozilla/5.0 (X11; Linux x86_64) AppleWebKit/537.36 (KHTML, like Gecko) Ubuntu Chromium/34.0.1847.116 Chrome/34.0.1847.116 Safari/537.36"
209.74.77.214 - - [12/Jul/2025:18:39:54 +0000] "POST /wp-cron.php?doing_wp_cron=1752345594.5274400711059570312500 HTTP/1.1" 200 - "-" "WordPress/6.8.1; https://huss-kelaby.cv"
198.98.57.230 - - [12/Jul/2025:18:39:52 +0000] "GET /wp-login.php HTTP/1.1" 200 6676 "-" "Mozilla/5.0 (Windows NT 6.1; rv:30.0) Gecko/20100101 Firefox/30.0"
209.74.77.214 - - [12/Jul/2025:18:43:46 +0000] "POST /wp-cron.php?doing_wp_cron=1752345826.2814290523529052734375 HTTP/1.1" 200 - "-" "WordPress/6.8.1; https://huss-kelaby.cv"
198.98.57.230 - - [12/Jul/2025:18:43:44 +0000] "POST /wp-login.php HTTP/1.1" 200 6932 "-" "Mozilla/5.0 (Windows NT 6.1; rv:30.0) Gecko/20100101 Firefox/30.0"