66.249.79.232 - - [12/Jul/2025:17:31:05 +0000] "GET /?h=5809748061960&mod=9bbcf8c9&uri=info.php%3Fid%3D194012-336%26name%3Dpochette+da+sera+amazon HTTP/1.1" 200 22222 "-" "Mozilla/5.0 (Linux; Android 6.0.1; Nexus 5X Build/MMB29P) AppleWebKit/537.36 (KHTML, like Gecko) Chrome/137.0.7151.103 Mobile Safari/537.36 (compatible; Googlebot/2.1; +http://www.google.com/bot.html)"
66.249.79.231 - - [12/Jul/2025:17:31:08 +0000] "GET /?h=5816228021960&mod=9bbcf8c9&uri=brands.php%3Fid%3D194228-336%26name%3Dbalenciaga+city+prezzo HTTP/1.1" 200 22650 "-" "Mozilla/5.0 (Linux; Android 6.0.1; Nexus 5X Build/MMB29P) AppleWebKit/537.36 (KHTML, like Gecko) Chrome/137.0.7151.103 Mobile Safari/537.36 (compatible; Googlebot/2.1; +http://www.google.com/bot.html)"
66.249.79.230 - - [12/Jul/2025:17:31:10 +0000] "POST /get-message-notify HTTP/1.1" 200 20952 "https://www.kelaby.company/?h=5816228021960&mod=9bbcf8c9&uri=brands.php%3Fid%3D194228-336%26name%3Dbalenciaga+city+prezzo" "Mozilla/5.0 (Linux; Android 6.0.1; Nexus 5X Build/MMB29P) AppleWebKit/537.36 (KHTML, like Gecko) Chrome/137.0.7151.119 Mobile Safari/537.36 (compatible; Googlebot/2.1; +http://www.google.com/bot.html)"
66.249.79.230 - - [12/Jul/2025:17:31:16 +0000] "GET /?h=5818099051960&mod=9bbcf8c9&uri=news.php%3Fid%3D194291-336%26name%3Dborse+coach+prezzo HTTP/1.1" 200 22175 "-" "Mozilla/5.0 (Linux; Android 6.0.1; Nexus 5X Build/MMB29P) AppleWebKit/537.36 (KHTML, like Gecko) Chrome/137.0.7151.103 Mobile Safari/537.36 (compatible; Googlebot/2.1; +http://www.google.com/bot.html)"
66.249.79.230 - - [12/Jul/2025:17:31:24 +0000] "GET /?h=5820259021960&mod=9bbcf8c9&uri=category-info.php%3Fid%3D194363-336%26name%3Dborse+gabs+outlet+online HTTP/1.1" 200 21598 "-" "Mozilla/5.0 (Linux; Android 6.0.1; Nexus 5X Build/MMB29P) AppleWebKit/537.36 (KHTML, like Gecko) Chrome/137.0.7151.103 Mobile Safari/537.36 (compatible; Googlebot/2.1; +http://www.google.com/bot.html)"
66.249.79.230 - - [12/Jul/2025:17:31:19 +0000] "GET /?h=5818909021960&mod=9bbcf8c9&uri=article.php%3Fid%3D194318-336%26name%3Dborsello+uomo+piquadro+offerta HTTP/1.1" 200 21409 "-" "Mozilla/5.0 (Linux; Android 6.0.1; Nexus 5X Build/MMB29P) AppleWebKit/537.36 (KHTML, like Gecko) Chrome/137.0.7151.103 Mobile Safari/537.36 (compatible; Googlebot/2.1; +http://www.google.com/bot.html)"
66.249.79.230 - - [12/Jul/2025:17:31:30 +0000] "GET /?h=5815148111960&mod=9bbcf8c9&uri=products.php%3Fid%3D194192-336%26name%3Dsicily+bag+uncinetto HTTP/1.1" 200 21685 "-" "Mozilla/5.0 (Linux; Android 6.0.1; Nexus 5X Build/MMB29P) AppleWebKit/537.36 (KHTML, like Gecko) Chrome/137.0.7151.103 Mobile Safari/537.36 (compatible; Googlebot/2.1; +http://www.google.com/bot.html)"
66.249.79.230 - - [12/Jul/2025:17:31:34 +0000] "GET /?h=5825659071960&mod=333d6beb&uri=shared.php%3Fid%3D194543-339%26name%3Dadidas+us+to+eu+30 HTTP/1.1" 200 21397 "-" "Mozilla/5.0 (Linux; Android 6.0.1; Nexus 5X Build/MMB29P) AppleWebKit/537.36 (KHTML, like Gecko) Chrome/137.0.7151.103 Mobile Safari/537.36 (compatible; Googlebot/2.1; +http://www.google.com/bot.html)"
66.249.79.230 - - [12/Jul/2025:17:31:27 +0000] "GET /?h=5815418051960&mod=9bbcf8c9&uri=shop.php%3Fid%3D194201-336%26name%3Dzaino+seven+militare+reversibile HTTP/1.1" 200 21555 "-" "Mozilla/5.0 (Linux; Android 6.0.1; Nexus 5X Build/MMB29P) AppleWebKit/537.36 (KHTML, like Gecko) Chrome/137.0.7151.103 Mobile Safari/537.36 (compatible; Googlebot/2.1; +http://www.google.com/bot.html)"
66.249.79.230 - - [12/Jul/2025:17:31:41 +0000] "POST /get-message-notify HTTP/1.1" 200 20952 "https://www.kelaby.company/?h=5815418051960&mod=9bbcf8c9&uri=shop.php%3Fid%3D194201-336%26name%3Dzaino+seven+militare+reversibile" "Mozilla/5.0 (Linux; Android 6.0.1; Nexus 5X Build/MMB29P) AppleWebKit/537.36 (KHTML, like Gecko) Chrome/137.0.7151.119 Mobile Safari/537.36 (compatible; Googlebot/2.1; +http://www.google.com/bot.html)"
66.249.79.230 - - [12/Jul/2025:17:31:45 +0000] "GET /?h=5814338041960&mod=9bbcf8c9&uri=products.php%3Fid%3D194165-336%26name%3Dpinko+borse+love HTTP/1.1" 200 22379 "-" "Mozilla/5.0 (Linux; Android 6.0.1; Nexus 5X Build/MMB29P) AppleWebKit/537.36 (KHTML, like Gecko) Chrome/137.0.7151.103 Mobile Safari/537.36 (compatible; Googlebot/2.1; +http://www.google.com/bot.html)"
66.249.79.32 - - [12/Jul/2025:17:31:45 +0000] "GET /?h=5926541021960&mod=be8e1862&uri=shop.php%3Fid%3D197910-342%26name%3Dsnuggle+bunny+bouncer HTTP/1.1" 200 22601 "-" "Mozilla/5.0 (Linux; Android 6.0.1; Nexus 5X Build/MMB29P) AppleWebKit/537.36 (KHTML, like Gecko) Chrome/137.0.7151.103 Mobile Safari/537.36 (compatible; Googlebot/2.1; +http://www.google.com/bot.html)"
66.249.79.32 - - [12/Jul/2025:17:31:48 +0000] "POST /get-message-notify HTTP/1.1" 200 21690 "https://kelaby.company/?h=5926541021960&mod=be8e1862&uri=shop.php%3Fid%3D197910-342%26name%3Dsnuggle+bunny+bouncer" "Mozilla/5.0 (Linux; Android 6.0.1; Nexus 5X Build/MMB29P) AppleWebKit/537.36 (KHTML, like Gecko) Chrome/137.0.7151.119 Mobile Safari/537.36 (compatible; Googlebot/2.1; +http://www.google.com/bot.html)"
66.249.79.230 - - [12/Jul/2025:17:31:48 +0000] "GET /?h=5812178021960&mod=9bbcf8c9&uri=form.php%3Fid%3D194093-336%26name%3Dcromia+portafoglio HTTP/1.1" 200 21991 "-" "Mozilla/5.0 (Linux; Android 6.0.1; Nexus 5X Build/MMB29P) AppleWebKit/537.36 (KHTML, like Gecko) Chrome/137.0.7151.103 Mobile Safari/537.36 (compatible; Googlebot/2.1; +http://www.google.com/bot.html)"
66.249.79.32 - - [12/Jul/2025:17:31:52 +0000] "POST /get-message-notify HTTP/1.1" 200 21704 "https://kelaby.company/?h=6096497001960&mod=f7efa4f8&uri=itm.php%3Fid%3D203584-40%26name%3Dmilwaukee+automatic+fish+tape" "Mozilla/5.0 (Linux; Android 6.0.1; Nexus 5X Build/MMB29P) AppleWebKit/537.36 (KHTML, like Gecko) Chrome/137.0.7151.119 Mobile Safari/537.36 (compatible; Googlebot/2.1; +http://www.google.com/bot.html)"
66.249.79.230 - - [12/Jul/2025:17:31:56 +0000] "POST /get-message-notify HTTP/1.1" 200 20952 "https://www.kelaby.company/?h=5814338041960&mod=9bbcf8c9&uri=products.php%3Fid%3D194165-336%26name%3Dpinko+borse+love" "Mozilla/5.0 (Linux; Android 6.0.1; Nexus 5X Build/MMB29P) AppleWebKit/537.36 (KHTML, like Gecko) Chrome/137.0.7151.119 Mobile Safari/537.36 (compatible; Googlebot/2.1; +http://www.google.com/bot.html)"
66.249.79.230 - - [12/Jul/2025:17:31:57 +0000] "GET /?h=5810828021960&mod=9bbcf8c9&uri=products.php%3Fid%3D194048-336%26name%3Damazon+pochette+beige HTTP/1.1" 200 22112 "-" "Mozilla/5.0 (Linux; Android 6.0.1; Nexus 5X Build/MMB29P) AppleWebKit/537.36 (KHTML, like Gecko) Chrome/137.0.7151.103 Mobile Safari/537.36 (compatible; Googlebot/2.1; +http://www.google.com/bot.html)"
66.249.79.231 - - [12/Jul/2025:17:32:01 +0000] "GET /?h=5822149001960&mod=9bbcf8c9&uri=info.php%3Fid%3D194426-336%26name%3Dborse+in+pelle+cromia HTTP/1.1" 200 22262 "-" "Mozilla/5.0 (Linux; Android 6.0.1; Nexus 5X Build/MMB29P) AppleWebKit/537.36 (KHTML, like Gecko) Chrome/137.0.7151.103 Mobile Safari/537.36 (compatible; Googlebot/2.1; +http://www.google.com/bot.html)"
66.249.79.232 - - [12/Jul/2025:17:32:04 +0000] "GET /?h=5811098011960&mod=9bbcf8c9&uri=news.php%3Fid%3D194057-336%26name%3Dsnapshot+marc+jacobs+indossata HTTP/1.1" 200 22537 "-" "Mozilla/5.0 (Linux; Android 6.0.1; Nexus 5X Build/MMB29P) AppleWebKit/537.36 (KHTML, like Gecko) Chrome/137.0.7151.103 Mobile Safari/537.36 (compatible; Googlebot/2.1; +http://www.google.com/bot.html)"
66.249.79.230 - - [12/Jul/2025:17:32:06 +0000] "POST /get-message-notify HTTP/1.1" 200 20933 "https://www.kelaby.company/?h=5822149001960&mod=9bbcf8c9&uri=info.php%3Fid%3D194426-336%26name%3Dborse+in+pelle+cromia" "Mozilla/5.0 (Linux; Android 6.0.1; Nexus 5X Build/MMB29P) AppleWebKit/537.36 (KHTML, like Gecko) Chrome/137.0.7151.119 Mobile Safari/537.36 (compatible; Googlebot/2.1; +http://www.google.com/bot.html)"
66.249.79.231 - - [12/Jul/2025:17:32:06 +0000] "GET /?h=5817578021960&mod=9bbcf8c9&uri=pin.php%3Fid%3D194273-336%26name%3Dpochette+punto+canestro HTTP/1.1" 200 22905 "-" "Mozilla/5.0 (Linux; Android 6.0.1; Nexus 5X Build/MMB29P) AppleWebKit/537.36 (KHTML, like Gecko) Chrome/137.0.7151.103 Mobile Safari/537.36 (compatible; Googlebot/2.1; +http://www.google.com/bot.html)"
66.249.79.230 - - [12/Jul/2025:17:32:15 +0000] "GET /?h=5826469041960&mod=333d6beb&uri=itm.php%3Fid%3D194570-339%26name%3Dtenis+puma+sport+lifestyle+cell HTTP/1.1" 200 21401 "-" "Mozilla/5.0 (Linux; Android 6.0.1; Nexus 5X Build/MMB29P) AppleWebKit/537.36 (KHTML, like Gecko) Chrome/137.0.7151.103 Mobile Safari/537.36 (compatible; Googlebot/2.1; +http://www.google.com/bot.html)"
66.249.79.230 - - [12/Jul/2025:17:32:18 +0000] "GET /?h=5814608021960&mod=9bbcf8c9&uri=shared.php%3Fid%3D194174-336%26name%3Dzainetto+a+uncinetto+tutorial HTTP/1.1" 200 22417 "-" "Mozilla/5.0 (Linux; Android 6.0.1; Nexus 5X Build/MMB29P) AppleWebKit/537.36 (KHTML, like Gecko) Chrome/137.0.7151.103 Mobile Safari/537.36 (compatible; Googlebot/2.1; +http://www.google.com/bot.html)"
66.249.79.230 - - [12/Jul/2025:17:32:19 +0000] "POST /get-message-notify HTTP/1.1" 200 20941 "https://www.kelaby.company/?h=5817578021960&mod=9bbcf8c9&uri=pin.php%3Fid%3D194273-336%26name%3Dpochette+punto+canestro" "Mozilla/5.0 (Linux; Android 6.0.1; Nexus 5X Build/MMB29P) AppleWebKit/537.36 (KHTML, like Gecko) Chrome/137.0.7151.119 Mobile Safari/537.36 (compatible; Googlebot/2.1; +http://www.google.com/bot.html)"
66.249.79.230 - - [12/Jul/2025:17:32:21 +0000] "POST /get-message-notify HTTP/1.1" 200 20937 "https://www.kelaby.company/?h=5814608021960&mod=9bbcf8c9&uri=shared.php%3Fid%3D194174-336%26name%3Dzainetto+a+uncinetto+tutorial" "Mozilla/5.0 (Linux; Android 6.0.1; Nexus 5X Build/MMB29P) AppleWebKit/537.36 (KHTML, like Gecko) Chrome/137.0.7151.119 Mobile Safari/537.36 (compatible; Googlebot/2.1; +http://www.google.com/bot.html)"
66.249.79.230 - - [12/Jul/2025:17:32:26 +0000] "GET /?h=5824579111960&mod=9bbcf8c9&uri=category-info.php%3Fid%3D194507-336%26name%3Damazon+gum+borse HTTP/1.1" 200 21482 "-" "Mozilla/5.0 (Linux; Android 6.0.1; Nexus 5X Build/MMB29P) AppleWebKit/537.36 (KHTML, like Gecko) Chrome/137.0.7151.103 Mobile Safari/537.36 (compatible; Googlebot/2.1; +http://www.google.com/bot.html)"
66.249.79.230 - - [12/Jul/2025:17:32:27 +0000] "GET /?h=142921031960&mod=9adeb82f&uri=pin.php%3Fid%3D4773-11%26name%3Donline+coaching+crossfit HTTP/1.1" 200 22263 "-" "Mozilla/5.0 (Linux; Android 6.0.1; Nexus 5X Build/MMB29P) AppleWebKit/537.36 (KHTML, like Gecko) Chrome/137.0.7151.103 Mobile Safari/537.36 (compatible; Googlebot/2.1; +http://www.google.com/bot.html)"
66.249.79.230 - - [12/Jul/2025:17:32:29 +0000] "GET /?h=5825119091960&mod=333d6beb&uri=news.php%3Fid%3D194525-339%26name%3Dconverse+ni%C3%83%C2%B1a+numero+22 HTTP/1.1" 200 21612 "-" "Mozilla/5.0 (Linux; Android 6.0.1; Nexus 5X Build/MMB29P) AppleWebKit/537.36 (KHTML, like Gecko) Chrome/137.0.7151.103 Mobile Safari/537.36 (compatible; Googlebot/2.1; +http://www.google.com/bot.html)"
66.249.79.230 - - [12/Jul/2025:17:32:32 +0000] "GET /?h=5808668001960&mod=9bbcf8c9&uri=form.php%3Fid%3D193976-336%26name%3Dmichael+kors+blu+elettrico HTTP/1.1" 200 22627 "-" "Mozilla/5.0 (Linux; Android 6.0.1; Nexus 5X Build/MMB29P) AppleWebKit/537.36 (KHTML, like Gecko) Chrome/137.0.7151.103 Mobile Safari/537.36 (compatible; Googlebot/2.1; +http://www.google.com/bot.html)"
66.249.79.230 - - [12/Jul/2025:17:32:33 +0000] "POST /get-message-notify HTTP/1.1" 200 20935 "https://www.kelaby.company/?h=5825119091960&mod=333d6beb&uri=news.php%3Fid%3D194525-339%26name%3Dconverse+ni%C3%83%C2%B1a+numero+22" "Mozilla/5.0 (Linux; Android 6.0.1; Nexus 5X Build/MMB29P) AppleWebKit/537.36 (KHTML, like Gecko) Chrome/137.0.7151.119 Mobile Safari/537.36 (compatible; Googlebot/2.1; +http://www.google.com/bot.html)"
66.249.79.230 - - [12/Jul/2025:17:32:36 +0000] "POST /get-message-notify HTTP/1.1" 200 20937 "https://www.kelaby.company/?h=5808668001960&mod=9bbcf8c9&uri=form.php%3Fid%3D193976-336%26name%3Dmichael+kors+blu+elettrico" "Mozilla/5.0 (Linux; Android 6.0.1; Nexus 5X Build/MMB29P) AppleWebKit/537.36 (KHTML, like Gecko) Chrome/137.0.7151.119 Mobile Safari/537.36 (compatible; Googlebot/2.1; +http://www.google.com/bot.html)"
66.249.79.34 - - [12/Jul/2025:17:32:41 +0000] "GET /?h=5988719011960&mod=a788f0e7&uri=shop.php%3Fid%3D199985-345%26name%3Dvestidos+de+madrina+la+gioconda HTTP/1.1" 200 21360 "-" "Mozilla/5.0 (Linux; Android 6.0.1; Nexus 5X Build/MMB29P) AppleWebKit/537.36 (KHTML, like Gecko) Chrome/137.0.7151.103 Mobile Safari/537.36 (compatible; Googlebot/2.1; +http://www.google.com/bot.html)"
66.249.79.231 - - [12/Jul/2025:17:32:41 +0000] "GET /?h=5819719141960&mod=9bbcf8c9&uri=shop.php%3Fid%3D194345-336%26name%3Dborse+amazon+armani HTTP/1.1" 200 21776 "-" "Mozilla/5.0 (Linux; Android 6.0.1; Nexus 5X Build/MMB29P) AppleWebKit/537.36 (KHTML, like Gecko) Chrome/137.0.7151.103 Mobile Safari/537.36 (compatible; Googlebot/2.1; +http://www.google.com/bot.html)"
66.249.79.230 - - [12/Jul/2025:17:32:43 +0000] "GET /?h=5820799051960&mod=cdebf2bd&uri=dp.php%3Fid%3D194381-337%26name%3Dsanta+cruz+argentina+ropa HTTP/1.1" 200 21277 "-" "Mozilla/5.0 (Linux; Android 6.0.1; Nexus 5X Build/MMB29P) AppleWebKit/537.36 (KHTML, like Gecko) Chrome/137.0.7151.103 Mobile Safari/537.36 (compatible; Googlebot/2.1; +http://www.google.com/bot.html)"
66.249.79.231 - - [12/Jul/2025:17:32:47 +0000] "GET /?h=5823499001960&mod=63a6cfc9&uri=dp.php%3Fid%3D194471-340%26name%3Dadidas+originals+i-5923+pride HTTP/1.1" 200 21796 "-" "Mozilla/5.0 (Linux; Android 6.0.1; Nexus 5X Build/MMB29P) AppleWebKit/537.36 (KHTML, like Gecko) Chrome/137.0.7151.103 Mobile Safari/537.36 (compatible; Googlebot/2.1; +http://www.google.com/bot.html)"
66.249.79.231 - - [12/Jul/2025:17:32:56 +0000] "GET /?h=5820529021960&mod=9bbcf8c9&uri=goods.php%3Fid%3D194372-336%26name%3Dmichael+kors+borse+classiche HTTP/1.1" 200 22452 "-" "Mozilla/5.0 (Linux; Android 6.0.1; Nexus 5X Build/MMB29P) AppleWebKit/537.36 (KHTML, like Gecko) Chrome/137.0.7151.103 Mobile Safari/537.36 (compatible; Googlebot/2.1; +http://www.google.com/bot.html)"
66.249.79.32 - - [12/Jul/2025:17:32:56 +0000] "GET /?h=5982378091960&mod=a788f0e7&uri=shop.php%3Fid%3D199773-345%26name%3Dver+chamarras+de+piel HTTP/1.1" 200 20782 "-" "Mozilla/5.0 (Linux; Android 6.0.1; Nexus 5X Build/MMB29P) AppleWebKit/537.36 (KHTML, like Gecko) Chrome/137.0.7151.103 Mobile Safari/537.36 (compatible; Googlebot/2.1; +http://www.google.com/bot.html)"
66.249.79.32 - - [12/Jul/2025:17:32:59 +0000] "GET /?h=5967011011960&mod=9293eb98&uri=news.php%3Fid%3D199259-344%26name%3D27+cm+in+inches+shoes HTTP/1.1" 200 21868 "-" "Mozilla/5.0 (Linux; Android 6.0.1; Nexus 5X Build/MMB29P) AppleWebKit/537.36 (KHTML, like Gecko) Chrome/137.0.7151.103 Mobile Safari/537.36 (compatible; Googlebot/2.1; +http://www.google.com/bot.html)"
66.249.79.32 - - [12/Jul/2025:17:33:03 +0000] "GET /?h=5970335001960&mod=a788f0e7&uri=product.php%3Fid%3D199370-345%26name%3Dliu+jo+moda+el+corte+ingles HTTP/1.1" 200 21210 "-" "Mozilla/5.0 (Linux; Android 6.0.1; Nexus 5X Build/MMB29P) AppleWebKit/537.36 (KHTML, like Gecko) Chrome/137.0.7151.103 Mobile Safari/537.36 (compatible; Googlebot/2.1; +http://www.google.com/bot.html)"
66.249.79.32 - - [12/Jul/2025:17:33:14 +0000] "GET /?h=119513561021960&mod=7530b57b&uri=goods.php%3Fid%3D3988534-341%26name%3Dantonio+banderas+edt+seduction HTTP/1.1" 200 22359 "-" "Mozilla/5.0 (Linux; Android 6.0.1; Nexus 5X Build/MMB29P) AppleWebKit/537.36 (KHTML, like Gecko) Chrome/137.0.7151.103 Mobile Safari/537.36 (compatible; Googlebot/2.1; +http://www.google.com/bot.html)"
66.249.79.32 - - [12/Jul/2025:17:33:17 +0000] "GET /?h=5970965051960&mod=a788f0e7&uri=news.php%3Fid%3D199391-345%26name%3Dvestidos+de+madrina+para+una+boda HTTP/1.1" 200 21952 "-" "Mozilla/5.0 (Linux; Android 6.0.1; Nexus 5X Build/MMB29P) AppleWebKit/537.36 (KHTML, like Gecko) Chrome/137.0.7151.103 Mobile Safari/537.36 (compatible; Googlebot/2.1; +http://www.google.com/bot.html)"
66.249.79.32 - - [12/Jul/2025:17:33:26 +0000] "GET /?h=32907371071960&mod=fd683032&uri=search.php%3Fid%3D1098313-537%26name%3Dwindsor+light+blue+dress HTTP/1.1" 200 21675 "-" "Mozilla/5.0 (Linux; Android 6.0.1; Nexus 5X Build/MMB29P) AppleWebKit/537.36 (KHTML, like Gecko) Chrome/137.0.7151.103 Mobile Safari/537.36 (compatible; Googlebot/2.1; +http://www.google.com/bot.html)"
66.249.79.32 - - [12/Jul/2025:17:33:29 +0000] "GET /?h=115100537071960&mod=be8e1862&uri=products.php%3Fid%3D3841325-342%26name%3Dshould+my+baby+use+a+walker HTTP/1.1" 200 21825 "-" "Mozilla/5.0 (Linux; Android 6.0.1; Nexus 5X Build/MMB29P) AppleWebKit/537.36 (KHTML, like Gecko) Chrome/137.0.7151.103 Mobile Safari/537.36 (compatible; Googlebot/2.1; +http://www.google.com/bot.html)"
66.249.79.32 - - [12/Jul/2025:17:33:38 +0000] "GET /?h=32910221021960&mod=fd683032&uri=form.php%3Fid%3D1098408-537%26name%3Dbandage+dress+black HTTP/1.1" 200 21072 "-" "Mozilla/5.0 (Linux; Android 6.0.1; Nexus 5X Build/MMB29P) AppleWebKit/537.36 (KHTML, like Gecko) Chrome/137.0.7151.103 Mobile Safari/537.36 (compatible; Googlebot/2.1; +http://www.google.com/bot.html)"
66.249.79.230 - - [12/Jul/2025:17:33:38 +0000] "GET /?h=37166437031960&mod=4b3da53a&uri=dp.php%3Fid%3D1240461-308%26name%3Dnike+tech+fleece+hoodie+on+sale HTTP/1.1" 200 22283 "-" "Mozilla/5.0 (Linux; Android 6.0.1; Nexus 5X Build/MMB29P) AppleWebKit/537.36 (KHTML, like Gecko) Chrome/137.0.7151.103 Mobile Safari/537.36 (compatible; Googlebot/2.1; +http://www.google.com/bot.html)"
66.249.79.32 - - [12/Jul/2025:17:33:41 +0000] "GET /?h=32840711041960&mod=09662890&uri=shared.php%3Fid%3D1096090-13%26name%3Dcamperas+nike+hombre+invierno HTTP/1.1" 200 20650 "-" "Mozilla/5.0 (Linux; Android 6.0.1; Nexus 5X Build/MMB29P) AppleWebKit/537.36 (KHTML, like Gecko) Chrome/137.0.7151.103 Mobile Safari/537.36 (compatible; Googlebot/2.1; +http://www.google.com/bot.html)"
66.249.79.32 - - [12/Jul/2025:17:33:44 +0000] "GET /?h=5966921031960&mod=936a96a7&uri=shared.php%3Fid%3D199256-322%26name%3Dsamsung+dw80j3020ub HTTP/1.1" 200 22233 "-" "Mozilla/5.0 (Linux; Android 6.0.1; Nexus 5X Build/MMB29P) AppleWebKit/537.36 (KHTML, like Gecko) Chrome/137.0.7151.103 Mobile Safari/537.36 (compatible; Googlebot/2.1; +http://www.google.com/bot.html)"
66.249.79.32 - - [12/Jul/2025:17:33:45 +0000] "POST /get-message-notify HTTP/1.1" 200 21707 "https://kelaby.company/?h=32840711041960&mod=09662890&uri=shared.php%3Fid%3D1096090-13%26name%3Dcamperas+nike+hombre+invierno" "Mozilla/5.0 (Linux; Android 6.0.1; Nexus 5X Build/MMB29P) AppleWebKit/537.36 (KHTML, like Gecko) Chrome/137.0.7151.119 Mobile Safari/537.36 (compatible; Googlebot/2.1; +http://www.google.com/bot.html)"
66.249.79.32 - - [12/Jul/2025:17:33:47 +0000] "POST /get-message-notify HTTP/1.1" 200 21707 "https://kelaby.company/?h=5966921031960&mod=936a96a7&uri=shared.php%3Fid%3D199256-322%26name%3Dsamsung+dw80j3020ub" "Mozilla/5.0 (Linux; Android 6.0.1; Nexus 5X Build/MMB29P) AppleWebKit/537.36 (KHTML, like Gecko) Chrome/137.0.7151.119 Mobile Safari/537.36 (compatible; Googlebot/2.1; +http://www.google.com/bot.html)"
66.249.79.32 - - [12/Jul/2025:17:33:50 +0000] "GET /?h=5968715031960&mod=a788f0e7&uri=product.php%3Fid%3D199316-345%26name%3Dbuzo+del+fantasma+de+la+b HTTP/1.1" 200 21667 "-" "Mozilla/5.0 (Linux; Android 6.0.1; Nexus 5X Build/MMB29P) AppleWebKit/537.36 (KHTML, like Gecko) Chrome/137.0.7151.103 Mobile Safari/537.36 (compatible; Googlebot/2.1; +http://www.google.com/bot.html)"
66.249.79.32 - - [12/Jul/2025:17:33:54 +0000] "POST /get-message-notify HTTP/1.1" 200 21696 "https://kelaby.company/?h=5968715031960&mod=a788f0e7&uri=product.php%3Fid%3D199316-345%26name%3Dbuzo+del+fantasma+de+la+b" "Mozilla/5.0 (Linux; Android 6.0.1; Nexus 5X Build/MMB29P) AppleWebKit/537.36 (KHTML, like Gecko) Chrome/137.0.7151.119 Mobile Safari/537.36 (compatible; Googlebot/2.1; +http://www.google.com/bot.html)"
66.249.79.231 - - [12/Jul/2025:17:34:02 +0000] "GET /?h=5817848111960&mod=9bbcf8c9&uri=us.php%3Fid%3D194282-336%26name%3Dscarpe+cromia HTTP/1.1" 200 21896 "-" "Mozilla/5.0 (Linux; Android 6.0.1; Nexus 5X Build/MMB29P) AppleWebKit/537.36 (KHTML, like Gecko) Chrome/137.0.7151.103 Mobile Safari/537.36 (compatible; Googlebot/2.1; +http://www.google.com/bot.html)"
66.249.79.33 - - [12/Jul/2025:17:34:02 +0000] "GET /?h=5924051141960&mod=09018a5a&uri=products.php%3Fid%3D197827-343%26name%3Dwindsor+bench+target HTTP/1.1" 200 21358 "-" "Mozilla/5.0 (Linux; Android 6.0.1; Nexus 5X Build/MMB29P) AppleWebKit/537.36 (KHTML, like Gecko) Chrome/137.0.7151.103 Mobile Safari/537.36 (compatible; Googlebot/2.1; +http://www.google.com/bot.html)"
66.249.79.32 - - [12/Jul/2025:17:34:05 +0000] "GET /?h=32911271071960&mod=8a467964&uri=products.php%3Fid%3D1098443-536%26name%3Djean+and+tulle+dress HTTP/1.1" 200 20628 "-" "Mozilla/5.0 (Linux; Android 6.0.1; Nexus 5X Build/MMB29P) AppleWebKit/537.36 (KHTML, like Gecko) Chrome/137.0.7151.103 Mobile Safari/537.36 (compatible; Googlebot/2.1; +http://www.google.com/bot.html)"
66.249.79.32 - - [12/Jul/2025:17:34:06 +0000] "POST /get-message-notify HTTP/1.1" 200 21710 "https://kelaby.company/?h=5924051141960&mod=09018a5a&uri=products.php%3Fid%3D197827-343%26name%3Dwindsor+bench+target" "Mozilla/5.0 (Linux; Android 6.0.1; Nexus 5X Build/MMB29P) AppleWebKit/537.36 (KHTML, like Gecko) Chrome/137.0.7151.119 Mobile Safari/537.36 (compatible; Googlebot/2.1; +http://www.google.com/bot.html)"
66.249.79.32 - - [12/Jul/2025:17:34:08 +0000] "GET /?h=5991629041960&mod=a788f0e7&uri=goods.php%3Fid%3D200082-345%26name%3Dvestido+liz+minelli+rosa HTTP/1.1" 200 21909 "-" "Mozilla/5.0 (Linux; Android 6.0.1; Nexus 5X Build/MMB29P) AppleWebKit/537.36 (KHTML, like Gecko) Chrome/137.0.7151.103 Mobile Safari/537.36 (compatible; Googlebot/2.1; +http://www.google.com/bot.html)"
66.249.79.230 - - [12/Jul/2025:17:34:24 +0000] "GET /?h=5794958011960&mod=9bbcf8c9&uri=itm.php%3Fid%3D193519-336%26name%3Dborse+uncinetto+fettuccia+pinterest HTTP/1.1" 200 21088 "-" "Mozilla/5.0 (Linux; Android 6.0.1; Nexus 5X Build/MMB29P) AppleWebKit/537.36 (KHTML, like Gecko) Chrome/137.0.7151.103 Mobile Safari/537.36 (compatible; Googlebot/2.1; +http://www.google.com/bot.html)"
66.249.79.32 - - [12/Jul/2025:17:34:24 +0000] "GET /?h=32911868011960&mod=8a467964&uri=itm.php%3Fid%3D1098463-536%26name%3Dserena+high+low+dress HTTP/1.1" 200 21364 "-" "Mozilla/5.0 (Linux; Android 6.0.1; Nexus 5X Build/MMB29P) AppleWebKit/537.36 (KHTML, like Gecko) Chrome/137.0.7151.103 Mobile Safari/537.36 (compatible; Googlebot/2.1; +http://www.google.com/bot.html)"
66.249.79.230 - - [12/Jul/2025:17:34:27 +0000] "POST /get-message-notify HTTP/1.1" 200 20934 "https://www.kelaby.company/?h=5794958011960&mod=9bbcf8c9&uri=itm.php%3Fid%3D193519-336%26name%3Dborse+uncinetto+fettuccia+pinterest" "Mozilla/5.0 (Linux; Android 6.0.1; Nexus 5X Build/MMB29P) AppleWebKit/537.36 (KHTML, like Gecko) Chrome/137.0.7151.119 Mobile Safari/537.36 (compatible; Googlebot/2.1; +http://www.google.com/bot.html)"
66.249.79.32 - - [12/Jul/2025:17:34:32 +0000] "GET /?h=115110047001960&mod=be8e1862&uri=pin.php%3Fid%3D3841642-342%26name%3Dwhen+can+babies+sit+in+a+walker HTTP/1.1" 200 21168 "-" "Mozilla/5.0 (Linux; Android 6.0.1; Nexus 5X Build/MMB29P) AppleWebKit/537.36 (KHTML, like Gecko) Chrome/137.0.7151.103 Mobile Safari/537.36 (compatible; Googlebot/2.1; +http://www.google.com/bot.html)"
66.249.79.32 - - [12/Jul/2025:17:34:35 +0000] "GET /?h=5917871031960&mod=be8e1862&uri=pin.php%3Fid%3D197621-342%26name%3Dbaby+bouncer+for+month+old HTTP/1.1" 200 21451 "-" "Mozilla/5.0 (Linux; Android 6.0.1; Nexus 5X Build/MMB29P) AppleWebKit/537.36 (KHTML, like Gecko) Chrome/137.0.7151.103 Mobile Safari/537.36 (compatible; Googlebot/2.1; +http://www.google.com/bot.html)"
66.249.79.32 - - [12/Jul/2025:17:34:39 +0000] "POST /get-message-notify HTTP/1.1" 200 21697 "https://kelaby.company/?h=5917871031960&mod=be8e1862&uri=pin.php%3Fid%3D197621-342%26name%3Dbaby+bouncer+for+month+old" "Mozilla/5.0 (Linux; Android 6.0.1; Nexus 5X Build/MMB29P) AppleWebKit/537.36 (KHTML, like Gecko) Chrome/137.0.7151.119 Mobile Safari/537.36 (compatible; Googlebot/2.1; +http://www.google.com/bot.html)"
66.249.79.32 - - [12/Jul/2025:17:34:53 +0000] "GET /?h=5968355011960&mod=a788f0e7&uri=info.php%3Fid%3D199304-345%26name%3Dfalda+flores+grandes+asos HTTP/1.1" 200 21451 "-" "Mozilla/5.0 (Linux; Android 6.0.1; Nexus 5X Build/MMB29P) AppleWebKit/537.36 (KHTML, like Gecko) Chrome/137.0.7151.103 Mobile Safari/537.36 (compatible; Googlebot/2.1; +http://www.google.com/bot.html)"
66.249.79.32 - - [12/Jul/2025:17:34:59 +0000] "POST /get-message-notify HTTP/1.1" 200 21700 "https://kelaby.company/?h=5968355011960&mod=a788f0e7&uri=info.php%3Fid%3D199304-345%26name%3Dfalda+flores+grandes+asos" "Mozilla/5.0 (Linux; Android 6.0.1; Nexus 5X Build/MMB29P) AppleWebKit/537.36 (KHTML, like Gecko) Chrome/137.0.7151.119 Mobile Safari/537.36 (compatible; Googlebot/2.1; +http://www.google.com/bot.html)"
66.249.79.32 - - [12/Jul/2025:17:35:02 +0000] "GET /?h=32918618041960&mod=fd683032&uri=pin.php%3Fid%3D1098688-537%26name%3Dblue+dress+design HTTP/1.1" 200 22223 "-" "Mozilla/5.0 (Linux; Android 6.0.1; Nexus 5X Build/MMB29P) AppleWebKit/537.36 (KHTML, like Gecko) Chrome/137.0.7151.103 Mobile Safari/537.36 (compatible; Googlebot/2.1; +http://www.google.com/bot.html)"
66.249.79.32 - - [12/Jul/2025:17:35:04 +0000] "GET /?h=5968085071960&mod=a788f0e7&uri=product.php%3Fid%3D199295-345%26name%3Dbuzos+de+nieve+para+bebes HTTP/1.1" 200 21681 "-" "Mozilla/5.0 (Linux; Android 6.0.1; Nexus 5X Build/MMB29P) AppleWebKit/537.36 (KHTML, like Gecko) Chrome/137.0.7151.103 Mobile Safari/537.36 (compatible; Googlebot/2.1; +http://www.google.com/bot.html)"
66.249.79.32 - - [12/Jul/2025:17:35:05 +0000] "POST /get-message-notify HTTP/1.1" 200 21696 "https://kelaby.company/?h=32918618041960&mod=fd683032&uri=pin.php%3Fid%3D1098688-537%26name%3Dblue+dress+design" "Mozilla/5.0 (Linux; Android 6.0.1; Nexus 5X Build/MMB29P) AppleWebKit/537.36 (KHTML, like Gecko) Chrome/137.0.7151.119 Mobile Safari/537.36 (compatible; Googlebot/2.1; +http://www.google.com/bot.html)"
66.249.79.32 - - [12/Jul/2025:17:35:08 +0000] "POST /get-message-notify HTTP/1.1" 200 21722 "https://kelaby.company/?h=5968085071960&mod=a788f0e7&uri=product.php%3Fid%3D199295-345%26name%3Dbuzos+de+nieve+para+bebes" "Mozilla/5.0 (Linux; Android 6.0.1; Nexus 5X Build/MMB29P) AppleWebKit/537.36 (KHTML, like Gecko) Chrome/137.0.7151.119 Mobile Safari/537.36 (compatible; Googlebot/2.1; +http://www.google.com/bot.html)"
66.249.79.32 - - [12/Jul/2025:17:35:12 +0000] "GET /?h=32911571071960&mod=d0df036b&uri=brands.php%3Fid%3D1098453-407%26name%3Dabercrombie+hoodies+womens HTTP/1.1" 200 21607 "-" "Mozilla/5.0 (Linux; Android 6.0.1; Nexus 5X Build/MMB29P) AppleWebKit/537.36 (KHTML, like Gecko) Chrome/137.0.7151.103 Mobile Safari/537.36 (compatible; Googlebot/2.1; +http://www.google.com/bot.html)"
66.249.79.32 - - [12/Jul/2025:17:35:15 +0000] "POST /get-message-notify HTTP/1.1" 200 21704 "https://kelaby.company/?h=32911571071960&mod=d0df036b&uri=brands.php%3Fid%3D1098453-407%26name%3Dabercrombie+hoodies+womens" "Mozilla/5.0 (Linux; Android 6.0.1; Nexus 5X Build/MMB29P) AppleWebKit/537.36 (KHTML, like Gecko) Chrome/137.0.7151.119 Mobile Safari/537.36 (compatible; Googlebot/2.1; +http://www.google.com/bot.html)"
66.249.79.32 - - [12/Jul/2025:17:35:26 +0000] "GET /?h=5966561061960&mod=9293eb98&uri=article.php%3Fid%3D199244-344%26name%3Dall+day+shoes HTTP/1.1" 200 21253 "-" "Mozilla/5.0 (Linux; Android 6.0.1; Nexus 5X Build/MMB29P) AppleWebKit/537.36 (KHTML, like Gecko) Chrome/137.0.7151.103 Mobile Safari/537.36 (compatible; Googlebot/2.1; +http://www.google.com/bot.html)"
66.249.79.32 - - [12/Jul/2025:17:35:29 +0000] "GET /?h=28007281011960&mod=7530b57b&uri=goods.php%3Fid%3D934757-341%26name%3Dvisera+shoei+x+spirit HTTP/1.1" 200 22190 "-" "Mozilla/5.0 (Linux; Android 6.0.1; Nexus 5X Build/MMB29P) AppleWebKit/537.36 (KHTML, like Gecko) Chrome/137.0.7151.103 Mobile Safari/537.36 (compatible; Googlebot/2.1; +http://www.google.com/bot.html)"
66.249.79.32 - - [12/Jul/2025:17:35:32 +0000] "GET /?h=32889041021960&mod=d0df036b&uri=info.php%3Fid%3D1097702-407%26name%3Dvolcom+stone+zip+hoodie HTTP/1.1" 200 20909 "-" "Mozilla/5.0 (Linux; Android 6.0.1; Nexus 5X Build/MMB29P) AppleWebKit/537.36 (KHTML, like Gecko) Chrome/137.0.7151.103 Mobile Safari/537.36 (compatible; Googlebot/2.1; +http://www.google.com/bot.html)"
66.249.79.32 - - [12/Jul/2025:17:35:35 +0000] "GET /?h=32915018041960&mod=fd683032&uri=shop.php%3Fid%3D1098568-537%26name%3Dmesh+smock+dress HTTP/1.1" 200 21765 "-" "Mozilla/5.0 (Linux; Android 6.0.1; Nexus 5X Build/MMB29P) AppleWebKit/537.36 (KHTML, like Gecko) Chrome/137.0.7151.103 Mobile Safari/537.36 (compatible; Googlebot/2.1; +http://www.google.com/bot.html)"
66.249.79.32 - - [12/Jul/2025:17:35:38 +0000] "GET /?h=32914568071960&mod=8a467964&uri=news.php%3Fid%3D1098553-536%26name%3Dpunjabi+dress+jeans HTTP/1.1" 200 20730 "-" "Mozilla/5.0 (Linux; Android 6.0.1; Nexus 5X Build/MMB29P) AppleWebKit/537.36 (KHTML, like Gecko) Chrome/137.0.7151.103 Mobile Safari/537.36 (compatible; Googlebot/2.1; +http://www.google.com/bot.html)"
66.249.79.32 - - [12/Jul/2025:17:35:40 +0000] "GET /?h=5968445031960&mod=a788f0e7&uri=shared.php%3Fid%3D199307-345%26name%3Dsudadera+kappa+con+capucha HTTP/1.1" 200 21468 "-" "Mozilla/5.0 (Linux; Android 6.0.1; Nexus 5X Build/MMB29P) AppleWebKit/537.36 (KHTML, like Gecko) Chrome/137.0.7151.103 Mobile Safari/537.36 (compatible; Googlebot/2.1; +http://www.google.com/bot.html)"
66.249.79.32 - - [12/Jul/2025:17:35:43 +0000] "GET /?h=32909471071960&mod=fd683032&uri=news.php%3Fid%3D1098383-537%26name%3Dbardot+dress+size+14 HTTP/1.1" 200 20871 "-" "Mozilla/5.0 (Linux; Android 6.0.1; Nexus 5X Build/MMB29P) AppleWebKit/537.36 (KHTML, like Gecko) Chrome/137.0.7151.103 Mobile Safari/537.36 (compatible; Googlebot/2.1; +http://www.google.com/bot.html)"
66.249.79.32 - - [12/Jul/2025:17:35:49 +0000] "GET /?h=115105337011960&mod=be8e1862&uri=goods.php%3Fid%3D3841485-342%26name%3Dbaby+einstein+sea+and+explore+walker HTTP/1.1" 200 21900 "-" "Mozilla/5.0 (Linux; Android 6.0.1; Nexus 5X Build/MMB29P) AppleWebKit/537.36 (KHTML, like Gecko) Chrome/137.0.7151.103 Mobile Safari/537.36 (compatible; Googlebot/2.1; +http://www.google.com/bot.html)"
66.249.79.33 - - [12/Jul/2025:17:35:55 +0000] "GET /?h=5966831031960&mod=a788f0e7&uri=pin.php%3Fid%3D199253-345%26name%3Dvestidos+madrina+madison+2021 HTTP/1.1" 200 20822 "-" "Mozilla/5.0 (Linux; Android 6.0.1; Nexus 5X Build/MMB29P) AppleWebKit/537.36 (KHTML, like Gecko) Chrome/137.0.7151.103 Mobile Safari/537.36 (compatible; Googlebot/2.1; +http://www.google.com/bot.html)"
66.249.79.33 - - [12/Jul/2025:17:35:58 +0000] "POST /get-message-notify HTTP/1.1" 200 21701 "https://kelaby.company/?h=5966831031960&mod=a788f0e7&uri=pin.php%3Fid%3D199253-345%26name%3Dvestidos+madrina+madison+2021" "Mozilla/5.0 (Linux; Android 6.0.1; Nexus 5X Build/MMB29P) AppleWebKit/537.36 (KHTML, like Gecko) Chrome/137.0.7151.119 Mobile Safari/537.36 (compatible; Googlebot/2.1; +http://www.google.com/bot.html)"
66.249.79.32 - - [12/Jul/2025:17:36:06 +0000] "GET /?h=32925308051960&mod=8a467964&uri=shared.php%3Fid%3D1098911-536%26name%3Ddress+up+boyfriend+jeans HTTP/1.1" 200 21667 "-" "Mozilla/5.0 (Linux; Android 6.0.1; Nexus 5X Build/MMB29P) AppleWebKit/537.36 (KHTML, like Gecko) Chrome/137.0.7151.103 Mobile Safari/537.36 (compatible; Googlebot/2.1; +http://www.google.com/bot.html)"
66.249.79.33 - - [12/Jul/2025:17:36:09 +0000] "GET /?h=32915168021960&mod=fd683032&uri=search.php%3Fid%3D1098573-537%26name%3Dlittle+pink+dress+party HTTP/1.1" 200 21938 "-" "Mozilla/5.0 (Linux; Android 6.0.1; Nexus 5X Build/MMB29P) AppleWebKit/537.36 (KHTML, like Gecko) Chrome/137.0.7151.103 Mobile Safari/537.36 (compatible; Googlebot/2.1; +http://www.google.com/bot.html)"
66.249.79.32 - - [12/Jul/2025:17:36:13 +0000] "GET /?h=5970425031960&mod=9293eb98&uri=us.php%3Fid%3D199373-344%26name%3Dpark+meadows+shoe+stores HTTP/1.1" 200 22115 "-" "Mozilla/5.0 (Linux; Android 6.0.1; Nexus 5X Build/MMB29P) AppleWebKit/537.36 (KHTML, like Gecko) Chrome/137.0.7151.103 Mobile Safari/537.36 (compatible; Googlebot/2.1; +http://www.google.com/bot.html)"
66.249.79.32 - - [12/Jul/2025:17:36:15 +0000] "POST /get-message-notify HTTP/1.1" 200 21687 "https://kelaby.company/?h=32925308051960&mod=8a467964&uri=shared.php%3Fid%3D1098911-536%26name%3Ddress+up+boyfriend+jeans" "Mozilla/5.0 (Linux; Android 6.0.1; Nexus 5X Build/MMB29P) AppleWebKit/537.36 (KHTML, like Gecko) Chrome/137.0.7151.119 Mobile Safari/537.36 (compatible; Googlebot/2.1; +http://www.google.com/bot.html)"
209.74.77.214 - - [12/Jul/2025:17:36:31 +0000] "POST /wp-cron.php?doing_wp_cron=1752341791.3028850555419921875000 HTTP/1.1" 200 - "-" "WordPress/6.8.1; https://kelaby.company"
51.222.253.6 - - [12/Jul/2025:17:36:28 +0000] "GET /?h=117855978011960&mod=492bf8da&uri=article.php%3Fid%3D3933248-632%26name%3Dbolso+marron+parfois HTTP/1.1" 301 - "-" "Mozilla/5.0 (compatible; AhrefsBot/7.0; +http://ahrefs.com/robot/)"
66.249.79.32 - - [12/Jul/2025:17:36:29 +0000] "GET /?h=36995962001960&mod=7530b57b&uri=shop.php%3Fid%3D1234776-341%26name%3Dnautica+voyage+blue+sail HTTP/1.1" 200 21418 "-" "Mozilla/5.0 (Linux; Android 6.0.1; Nexus 5X Build/MMB29P) AppleWebKit/537.36 (KHTML, like Gecko) Chrome/137.0.7151.103 Mobile Safari/537.36 (compatible; Googlebot/2.1; +http://www.google.com/bot.html)"
66.249.79.32 - - [12/Jul/2025:17:36:34 +0000] "GET /?h=5971865031960&mod=a788f0e7&uri=info.php%3Fid%3D199421-345%26name%3Dventa+de+ropa+americana+en+santiago HTTP/1.1" 200 20729 "-" "Mozilla/5.0 (Linux; Android 6.0.1; Nexus 5X Build/MMB29P) AppleWebKit/537.36 (KHTML, like Gecko) Chrome/137.0.7151.103 Mobile Safari/537.36 (compatible; Googlebot/2.1; +http://www.google.com/bot.html)"
66.249.79.232 - - [12/Jul/2025:17:36:34 +0000] "GET /?h=5816768001960&mod=9bbcf8c9&uri=category-info.php%3Fid%3D194246-336%26name%3Dshopper+brandina HTTP/1.1" 200 20035 "-" "Mozilla/5.0 (Linux; Android 6.0.1; Nexus 5X Build/MMB29P) AppleWebKit/537.36 (KHTML, like Gecko) Chrome/137.0.7151.103 Mobile Safari/537.36 (compatible; Googlebot/2.1; +http://www.google.com/bot.html)"
66.249.79.32 - - [12/Jul/2025:17:36:40 +0000] "GET /?h=5921981051960&mod=be8e1862&uri=shared.php%3Fid%3D197758-342%26name%3Dinfant+jumping+swing HTTP/1.1" 200 21270 "-" "Mozilla/5.0 (Linux; Android 6.0.1; Nexus 5X Build/MMB29P) AppleWebKit/537.36 (KHTML, like Gecko) Chrome/137.0.7151.103 Mobile Safari/537.36 (compatible; Googlebot/2.1; +http://www.google.com/bot.html)"
66.249.79.32 - - [12/Jul/2025:17:36:37 +0000] "GET /?h=32828621061960&mod=7530b57b&uri=itm.php%3Fid%3D1095687-341%26name%3Dhdtv+cable+como+funciona HTTP/1.1" 200 22033 "-" "Mozilla/5.0 (Linux; Android 6.0.1; Nexus 5X Build/MMB29P) AppleWebKit/537.36 (KHTML, like Gecko) Chrome/137.0.7151.103 Mobile Safari/537.36 (compatible; Googlebot/2.1; +http://www.google.com/bot.html)"
66.249.79.32 - - [12/Jul/2025:17:36:46 +0000] "GET /?h=5967101001960&mod=a788f0e7&uri=brands.php%3Fid%3D199262-345%26name%3Ddecathlon+chaquetas+nieve HTTP/1.1" 200 21773 "-" "Mozilla/5.0 (Linux; Android 6.0.1; Nexus 5X Build/MMB29P) AppleWebKit/537.36 (KHTML, like Gecko) Chrome/137.0.7151.103 Mobile Safari/537.36 (compatible; Googlebot/2.1; +http://www.google.com/bot.html)"
66.249.79.32 - - [12/Jul/2025:17:36:47 +0000] "POST /get-message-notify HTTP/1.1" 200 21703 "https://kelaby.company/?h=32914568071960&mod=8a467964&uri=news.php%3Fid%3D1098553-536%26name%3Dpunjabi+dress+jeans" "Mozilla/5.0 (Linux; Android 6.0.1; Nexus 5X Build/MMB29P) AppleWebKit/537.36 (KHTML, like Gecko) Chrome/137.0.7151.119 Mobile Safari/537.36 (compatible; Googlebot/2.1; +http://www.google.com/bot.html)"
66.249.79.32 - - [12/Jul/2025:17:36:48 +0000] "POST /get-message-notify HTTP/1.1" 200 21717 "https://kelaby.company/?h=32828621061960&mod=7530b57b&uri=itm.php%3Fid%3D1095687-341%26name%3Dhdtv+cable+como+funciona" "Mozilla/5.0 (Linux; Android 6.0.1; Nexus 5X Build/MMB29P) AppleWebKit/537.36 (KHTML, like Gecko) Chrome/137.0.7151.119 Mobile Safari/537.36 (compatible; Googlebot/2.1; +http://www.google.com/bot.html)"
66.249.79.32 - - [12/Jul/2025:17:36:49 +0000] "GET /?h=32843501021960&mod=7530b57b&uri=dp.php%3Fid%3D1096183-341%26name%3Dhdmi+voice+balance HTTP/1.1" 200 22272 "-" "Mozilla/5.0 (Linux; Android 6.0.1; Nexus 5X Build/MMB29P) AppleWebKit/537.36 (KHTML, like Gecko) Chrome/137.0.7151.103 Mobile Safari/537.36 (compatible; Googlebot/2.1; +http://www.google.com/bot.html)"
66.249.79.32 - - [12/Jul/2025:17:36:55 +0000] "GET /?h=115658850021960&mod=7530b57b&uri=dp.php%3Fid%3D3859958-341%26name%3Dblue+seduction+falabella HTTP/1.1" 200 21133 "-" "Mozilla/5.0 (Linux; Android 6.0.1; Nexus 5X Build/MMB29P) AppleWebKit/537.36 (KHTML, like Gecko) Chrome/137.0.7151.103 Mobile Safari/537.36 (compatible; Googlebot/2.1; +http://www.google.com/bot.html)"
66.249.79.32 - - [12/Jul/2025:17:36:57 +0000] "POST /get-message-notify HTTP/1.1" 200 21703 "https://kelaby.company/?h=115658850021960&mod=7530b57b&uri=dp.php%3Fid%3D3859958-341%26name%3Dblue+seduction+falabella" "Mozilla/5.0 (Linux; Android 6.0.1; Nexus 5X Build/MMB29P) AppleWebKit/537.36 (KHTML, like Gecko) Chrome/137.0.7151.119 Mobile Safari/537.36 (compatible; Googlebot/2.1; +http://www.google.com/bot.html)"
66.249.79.34 - - [12/Jul/2025:17:37:01 +0000] "GET /?h=32910371071960&mod=8a467964&uri=pin.php%3Fid%3D1098413-536%26name%3Dtarget+blue+jean+dress HTTP/1.1" 200 20912 "-" "Mozilla/5.0 (Linux; Android 6.0.1; Nexus 5X Build/MMB29P) AppleWebKit/537.36 (KHTML, like Gecko) Chrome/137.0.7151.103 Mobile Safari/537.36 (compatible; Googlebot/2.1; +http://www.google.com/bot.html)"
66.249.79.33 - - [12/Jul/2025:17:37:08 +0000] "GET /?h=5917841041960&mod=be8e1862&uri=pin.php%3Fid%3D197620-342%26name%3D4moms+rockaroo+baby+bunting HTTP/1.1" 200 20990 "-" "Mozilla/5.0 (Linux; Android 6.0.1; Nexus 5X Build/MMB29P) AppleWebKit/537.36 (KHTML, like Gecko) Chrome/137.0.7151.103 Mobile Safari/537.36 (compatible; Googlebot/2.1; +http://www.google.com/bot.html)"
66.249.79.32 - - [12/Jul/2025:17:37:12 +0000] "POST /get-message-notify HTTP/1.1" 200 21699 "https://kelaby.company/?h=32910371071960&mod=8a467964&uri=pin.php%3Fid%3D1098413-536%26name%3Dtarget+blue+jean+dress" "Mozilla/5.0 (Linux; Android 6.0.1; Nexus 5X Build/MMB29P) AppleWebKit/537.36 (KHTML, like Gecko) Chrome/137.0.7151.119 Mobile Safari/537.36 (compatible; Googlebot/2.1; +http://www.google.com/bot.html)"
66.249.79.32 - - [12/Jul/2025:17:37:23 +0000] "GET /?h=32914868021960&mod=8a467964&uri=dp.php%3Fid%3D1098563-536%26name%3Dtommy+hilfiger+jeans+dress HTTP/1.1" 200 21337 "-" "Mozilla/5.0 (Linux; Android 6.0.1; Nexus 5X Build/MMB29P) AppleWebKit/537.36 (KHTML, like Gecko) Chrome/137.0.7151.103 Mobile Safari/537.36 (compatible; Googlebot/2.1; +http://www.google.com/bot.html)"
66.249.79.232 - - [12/Jul/2025:17:37:23 +0000] "GET /?h=5819989031960&mod=9bbcf8c9&uri=goods.php%3Fid%3D194354-336%26name%3Dgabs+in+sconto HTTP/1.1" 200 22049 "-" "Mozilla/5.0 (Linux; Android 6.0.1; Nexus 5X Build/MMB29P) AppleWebKit/537.36 (KHTML, like Gecko) Chrome/137.0.7151.103 Mobile Safari/537.36 (compatible; Googlebot/2.1; +http://www.google.com/bot.html)"
66.249.79.32 - - [12/Jul/2025:17:37:26 +0000] "GET /?h=32908271011960&mod=fd683032&uri=dp.php%3Fid%3D1098343-537%26name%3Ddraped+corset+dress HTTP/1.1" 200 21674 "-" "Mozilla/5.0 (Linux; Android 6.0.1; Nexus 5X Build/MMB29P) AppleWebKit/537.36 (KHTML, like Gecko) Chrome/137.0.7151.103 Mobile Safari/537.36 (compatible; Googlebot/2.1; +http://www.google.com/bot.html)"
66.249.79.32 - - [12/Jul/2025:17:37:29 +0000] "GET /?h=32913068071960&mod=fd683032&uri=category-info.php%3Fid%3D1098503-537%26name%3Dpink+fringe+dress HTTP/1.1" 200 21717 "-" "Mozilla/5.0 (Linux; Android 6.0.1; Nexus 5X Build/MMB29P) AppleWebKit/537.36 (KHTML, like Gecko) Chrome/137.0.7151.103 Mobile Safari/537.36 (compatible; Googlebot/2.1; +http://www.google.com/bot.html)"
66.249.79.32 - - [12/Jul/2025:17:37:32 +0000] "GET /?h=5968625051960&mod=a788f0e7&uri=article.php%3Fid%3D199313-345%26name%3Dpacas+de+ropa+americana+nueva+premium+guatemala HTTP/1.1" 200 20732 "-" "Mozilla/5.0 (Linux; Android 6.0.1; Nexus 5X Build/MMB29P) AppleWebKit/537.36 (KHTML, like Gecko) Chrome/137.0.7151.103 Mobile Safari/537.36 (compatible; Googlebot/2.1; +http://www.google.com/bot.html)"
66.249.79.32 - - [12/Jul/2025:17:37:32 +0000] "POST /get-message-notify HTTP/1.1" 200 21718 "https://kelaby.company/?h=5917841041960&mod=be8e1862&uri=pin.php%3Fid%3D197620-342%26name%3D4moms+rockaroo+baby+bunting" "Mozilla/5.0 (Linux; Android 6.0.1; Nexus 5X Build/MMB29P) AppleWebKit/537.36 (KHTML, like Gecko) Chrome/137.0.7151.119 Mobile Safari/537.36 (compatible; Googlebot/2.1; +http://www.google.com/bot.html)"
66.249.79.32 - - [12/Jul/2025:17:37:33 +0000] "POST /get-message-notify HTTP/1.1" 200 21698 "https://kelaby.company/?h=32908271011960&mod=fd683032&uri=dp.php%3Fid%3D1098343-537%26name%3Ddraped+corset+dress" "Mozilla/5.0 (Linux; Android 6.0.1; Nexus 5X Build/MMB29P) AppleWebKit/537.36 (KHTML, like Gecko) Chrome/137.0.7151.119 Mobile Safari/537.36 (compatible; Googlebot/2.1; +http://www.google.com/bot.html)"
66.249.79.232 - - [12/Jul/2025:17:37:36 +0000] "POST /get-message-notify HTTP/1.1" 200 20932 "https://www.kelaby.company/?h=5819989031960&mod=9bbcf8c9&uri=goods.php%3Fid%3D194354-336%26name%3Dgabs+in+sconto" "Mozilla/5.0 (Linux; Android 6.0.1; Nexus 5X Build/MMB29P) AppleWebKit/537.36 (KHTML, like Gecko) Chrome/137.0.7151.119 Mobile Safari/537.36 (compatible; Googlebot/2.1; +http://www.google.com/bot.html)"
66.249.79.32 - - [12/Jul/2025:17:37:36 +0000] "GET /?h=32906921041960&mod=fd683032&uri=us.php%3Fid%3D1098298-537%26name%3Dasos+long+black+dress HTTP/1.1" 200 21627 "-" "Mozilla/5.0 (Linux; Android 6.0.1; Nexus 5X Build/MMB29P) AppleWebKit/537.36 (KHTML, like Gecko) Chrome/137.0.7151.103 Mobile Safari/537.36 (compatible; Googlebot/2.1; +http://www.google.com/bot.html)"
66.249.79.32 - - [12/Jul/2025:17:37:42 +0000] "GET /?h=32915918021960&mod=8a467964&uri=itm.php%3Fid%3D1098598-536%26name%3Dsass+and+bide+denim+dress HTTP/1.1" 200 21070 "-" "Mozilla/5.0 (Linux; Android 6.0.1; Nexus 5X Build/MMB29P) AppleWebKit/537.36 (KHTML, like Gecko) Chrome/137.0.7151.103 Mobile Safari/537.36 (compatible; Googlebot/2.1; +http://www.google.com/bot.html)"
66.249.79.32 - - [12/Jul/2025:17:37:48 +0000] "GET /?h=32917118021960&mod=fd683032&uri=shop.php%3Fid%3D1098638-537%26name%3Dpretty+little+thing+black+skater+dress HTTP/1.1" 200 21492 "-" "Mozilla/5.0 (Linux; Android 6.0.1; Nexus 5X Build/MMB29P) AppleWebKit/537.36 (KHTML, like Gecko) Chrome/137.0.7151.103 Mobile Safari/537.36 (compatible; Googlebot/2.1; +http://www.google.com/bot.html)"
66.249.79.32 - - [12/Jul/2025:17:37:54 +0000] "GET /?h=32906771051960&mod=fd683032&uri=goods.php%3Fid%3D1098293-537%26name%3Delie+tahari+fringe+dress HTTP/1.1" 200 21311 "-" "Mozilla/5.0 (Linux; Android 6.0.1; Nexus 5X Build/MMB29P) AppleWebKit/537.36 (KHTML, like Gecko) Chrome/137.0.7151.103 Mobile Safari/537.36 (compatible; Googlebot/2.1; +http://www.google.com/bot.html)"
66.249.79.32 - - [12/Jul/2025:17:37:58 +0000] "POST /get-message-notify HTTP/1.1" 200 21717 "https://kelaby.company/?h=32906921041960&mod=fd683032&uri=us.php%3Fid%3D1098298-537%26name%3Dasos+long+black+dress" "Mozilla/5.0 (Linux; Android 6.0.1; Nexus 5X Build/MMB29P) AppleWebKit/537.36 (KHTML, like Gecko) Chrome/137.0.7151.119 Mobile Safari/537.36 (compatible; Googlebot/2.1; +http://www.google.com/bot.html)"
66.249.79.34 - - [12/Jul/2025:17:38:01 +0000] "GET /?h=5969345031960&mod=a788f0e7&uri=shop.php%3Fid%3D199337-345%26name%3Dchaqueta+esqui+billabong+mujer HTTP/1.1" 200 21326 "-" "Mozilla/5.0 (Linux; Android 6.0.1; Nexus 5X Build/MMB29P) AppleWebKit/537.36 (KHTML, like Gecko) Chrome/137.0.7151.103 Mobile Safari/537.36 (compatible; Googlebot/2.1; +http://www.google.com/bot.html)"
66.249.79.37 - - [12/Jul/2025:17:38:13 +0000] "GET /?h=32915618001960&mod=fd683032&uri=info.php%3Fid%3D1098588-537%26name%3Dstriped+bodycon+dress HTTP/1.1" 200 21674 "-" "Mozilla/5.0 (Linux; Android 6.0.1; Nexus 5X Build/MMB29P) AppleWebKit/537.36 (KHTML, like Gecko) Chrome/137.0.7151.103 Mobile Safari/537.36 (compatible; Googlebot/2.1; +http://www.google.com/bot.html)"
66.249.79.37 - - [12/Jul/2025:17:38:16 +0000] "GET /?h=5932331051960&mod=be8e1862&uri=blog.php%3Fid%3D198103-342%26name%3Ddumbo+baby+bouncer HTTP/1.1" 200 20818 "-" "Mozilla/5.0 (Linux; Android 6.0.1; Nexus 5X Build/MMB29P) AppleWebKit/537.36 (KHTML, like Gecko) Chrome/137.0.7151.103 Mobile Safari/537.36 (compatible; Googlebot/2.1; +http://www.google.com/bot.html)"
66.249.79.37 - - [12/Jul/2025:17:38:19 +0000] "GET /?h=5965121001960&mod=9293eb98&uri=blog.php%3Fid%3D199196-344%26name%3Dtekkie+town+email+address HTTP/1.1" 200 21555 "-" "Mozilla/5.0 (Linux; Android 6.0.1; Nexus 5X Build/MMB29P) AppleWebKit/537.36 (KHTML, like Gecko) Chrome/137.0.7151.103 Mobile Safari/537.36 (compatible; Googlebot/2.1; +http://www.google.com/bot.html)"
66.249.79.37 - - [12/Jul/2025:17:38:24 +0000] "GET /?h=5999200081960&mod=681e38a8&uri=shop.php%3Fid%3D200335-346%26name%3Dengland+euro+2021+kit+junior HTTP/1.1" 200 22016 "-" "Mozilla/5.0 (Linux; Android 6.0.1; Nexus 5X Build/MMB29P) AppleWebKit/537.36 (KHTML, like Gecko) Chrome/137.0.7151.103 Mobile Safari/537.36 (compatible; Googlebot/2.1; +http://www.google.com/bot.html)"
66.249.79.37 - - [12/Jul/2025:17:38:30 +0000] "GET /?h=5999800031960&mod=62c1507b&uri=goods.php%3Fid%3D200355-330%26name%3Dhelicopter+rig+carp HTTP/1.1" 200 21775 "-" "Mozilla/5.0 (Linux; Android 6.0.1; Nexus 5X Build/MMB29P) AppleWebKit/537.36 (KHTML, like Gecko) Chrome/137.0.7151.103 Mobile Safari/537.36 (compatible; Googlebot/2.1; +http://www.google.com/bot.html)"
66.249.79.37 - - [12/Jul/2025:17:38:33 +0000] "POST /get-message-notify HTTP/1.1" 200 21704 "https://kelaby.company/?h=5999800031960&mod=62c1507b&uri=goods.php%3Fid%3D200355-330%26name%3Dhelicopter+rig+carp" "Mozilla/5.0 (Linux; Android 6.0.1; Nexus 5X Build/MMB29P) AppleWebKit/537.36 (KHTML, like Gecko) Chrome/137.0.7151.119 Mobile Safari/537.36 (compatible; Googlebot/2.1; +http://www.google.com/bot.html)"
66.249.79.37 - - [12/Jul/2025:17:38:33 +0000] "GET /?h=6102546041960&mod=f7efa4f8&uri=product.php%3Fid%3D203786-40%26name%3Dmilwaukee+12v+battery HTTP/1.1" 200 22338 "-" "Mozilla/5.0 (Linux; Android 6.0.1; Nexus 5X Build/MMB29P) AppleWebKit/537.36 (KHTML, like Gecko) Chrome/137.0.7151.103 Mobile Safari/537.36 (compatible; Googlebot/2.1; +http://www.google.com/bot.html)"
66.249.79.37 - - [12/Jul/2025:17:38:36 +0000] "GET /?h=5960561041960&mod=9293eb98&uri=products.php%3Fid%3D199044-344%26name%3Dcomplex+top+sneakers+218 HTTP/1.1" 200 22238 "-" "Mozilla/5.0 (Linux; Android 6.0.1; Nexus 5X Build/MMB29P) AppleWebKit/537.36 (KHTML, like Gecko) Chrome/137.0.7151.103 Mobile Safari/537.36 (compatible; Googlebot/2.1; +http://www.google.com/bot.html)"
66.249.79.37 - - [12/Jul/2025:17:38:42 +0000] "GET /?h=6001150131960&mod=62c1507b&uri=us.php%3Fid%3D200400-330%26name%3Dbomber+rig HTTP/1.1" 200 21744 "-" "Mozilla/5.0 (Linux; Android 6.0.1; Nexus 5X Build/MMB29P) AppleWebKit/537.36 (KHTML, like Gecko) Chrome/137.0.7151.103 Mobile Safari/537.36 (compatible; Googlebot/2.1; +http://www.google.com/bot.html)"
66.249.79.37 - - [12/Jul/2025:17:38:53 +0000] "GET /?h=5920661121960&mod=be8e1862&uri=pin.php%3Fid%3D197714-342%26name%3Dbaby+bjorn+bouncer+bliss+air HTTP/1.1" 200 21565 "-" "Mozilla/5.0 (Linux; Android 6.0.1; Nexus 5X Build/MMB29P) AppleWebKit/537.36 (KHTML, like Gecko) Chrome/137.0.7151.103 Mobile Safari/537.36 (compatible; Googlebot/2.1; +http://www.google.com/bot.html)"
66.249.79.33 - - [12/Jul/2025:17:39:06 +0000] "GET /?h=5926361071960&mod=be8e1862&uri=info.php%3Fid%3D197904-342%26name%3Dmamaroo+cheapest+price HTTP/1.1" 200 21066 "-" "Mozilla/5.0 (Linux; Android 6.0.1; Nexus 5X Build/MMB29P) AppleWebKit/537.36 (KHTML, like Gecko) Chrome/137.0.7151.103 Mobile Safari/537.36 (compatible; Googlebot/2.1; +http://www.google.com/bot.html)"
66.249.79.37 - - [12/Jul/2025:17:39:14 +0000] "GET /?h=5993669081960&mod=a788f0e7&uri=us.php%3Fid%3D200150-345%26name%3Dropa+americana+anthony HTTP/1.1" 200 21928 "-" "Mozilla/5.0 (Linux; Android 6.0.1; Nexus 5X Build/MMB29P) AppleWebKit/537.36 (KHTML, like Gecko) Chrome/137.0.7151.103 Mobile Safari/537.36 (compatible; Googlebot/2.1; +http://www.google.com/bot.html)"
66.249.79.32 - - [12/Jul/2025:17:39:17 +0000] "GET /?h=5999950031960&mod=62c1507b&uri=search.php%3Fid%3D200360-330%26name%3Dfree+running+method+feeder HTTP/1.1" 200 21464 "-" "Mozilla/5.0 (Linux; Android 6.0.1; Nexus 5X Build/MMB29P) AppleWebKit/537.36 (KHTML, like Gecko) Chrome/137.0.7151.103 Mobile Safari/537.36 (compatible; Googlebot/2.1; +http://www.google.com/bot.html)"
66.249.79.37 - - [12/Jul/2025:17:39:18 +0000] "POST /get-message-notify HTTP/1.1" 200 21697 "https://kelaby.company/?h=5993669081960&mod=a788f0e7&uri=us.php%3Fid%3D200150-345%26name%3Dropa+americana+anthony" "Mozilla/5.0 (Linux; Android 6.0.1; Nexus 5X Build/MMB29P) AppleWebKit/537.36 (KHTML, like Gecko) Chrome/137.0.7151.119 Mobile Safari/537.36 (compatible; Googlebot/2.1; +http://www.google.com/bot.html)"
66.249.79.37 - - [12/Jul/2025:17:39:20 +0000] "POST /get-message-notify HTTP/1.1" 200 21699 "https://kelaby.company/?h=5999950031960&mod=62c1507b&uri=search.php%3Fid%3D200360-330%26name%3Dfree+running+method+feeder" "Mozilla/5.0 (Linux; Android 6.0.1; Nexus 5X Build/MMB29P) AppleWebKit/537.36 (KHTML, like Gecko) Chrome/137.0.7151.119 Mobile Safari/537.36 (compatible; Googlebot/2.1; +http://www.google.com/bot.html)"
66.249.79.234 - - [12/Jul/2025:17:39:25 +0000] "GET /?h=5813528021960&mod=9bbcf8c9&uri=us.php%3Fid%3D194138-336%26name%3Dpollini+borse+secchiello HTTP/1.1" 200 21872 "-" "Mozilla/5.0 (Linux; Android 6.0.1; Nexus 5X Build/MMB29P) AppleWebKit/537.36 (KHTML, like Gecko) Chrome/137.0.7151.103 Mobile Safari/537.36 (compatible; Googlebot/2.1; +http://www.google.com/bot.html)"
