66.249.79.37 - - [12/Jul/2025:15:52:57 +0000] "GET /?h=6069401011960&mod=c7ced588&uri=blog.php%3Fid%3D202680-349%26name%3Dcharm+pas+cher+en+argent HTTP/1.1" 200 22079 "-" "Mozilla/5.0 (Linux; Android 6.0.1; Nexus 5X Build/MMB29P) AppleWebKit/537.36 (KHTML, like Gecko) Chrome/137.0.7151.103 Mobile Safari/537.36 (compatible; Googlebot/2.1; +http://www.google.com/bot.html)"
66.249.79.37 - - [12/Jul/2025:15:52:59 +0000] "GET /?h=6069161031960&mod=c7ced588&uri=search.php%3Fid%3D202672-349%26name%3Dnettoyer+chaine+or HTTP/1.1" 200 22076 "-" "Mozilla/5.0 (Linux; Android 6.0.1; Nexus 5X Build/MMB29P) AppleWebKit/537.36 (KHTML, like Gecko) Chrome/137.0.7151.103 Mobile Safari/537.36 (compatible; Googlebot/2.1; +http://www.google.com/bot.html)"
66.249.79.37 - - [12/Jul/2025:15:53:03 +0000] "GET /?h=6076121001960&mod=c7ced588&uri=itm.php%3Fid%3D202904-349%26name%3Dbijoux+salamandre HTTP/1.1" 200 22361 "-" "Mozilla/5.0 (Linux; Android 6.0.1; Nexus 5X Build/MMB29P) AppleWebKit/537.36 (KHTML, like Gecko) Chrome/137.0.7151.103 Mobile Safari/537.36 (compatible; Googlebot/2.1; +http://www.google.com/bot.html)"
66.249.79.37 - - [12/Jul/2025:15:53:06 +0000] "GET /?h=118573798091960&mod=9293eb98&uri=brands.php%3Fid%3D3957188-344%26name%3Dvivo+stealth HTTP/1.1" 200 21524 "-" "Mozilla/5.0 (Linux; Android 6.0.1; Nexus 5X Build/MMB29P) AppleWebKit/537.36 (KHTML, like Gecko) Chrome/137.0.7151.103 Mobile Safari/537.36 (compatible; Googlebot/2.1; +http://www.google.com/bot.html)"
66.249.79.37 - - [12/Jul/2025:15:53:21 +0000] "GET /?h=5985078031960&mod=a788f0e7&uri=info.php%3Fid%3D199863-345%26name%3Dpantalones+anchos+de+mango HTTP/1.1" 200 20940 "-" "Mozilla/5.0 (Linux; Android 6.0.1; Nexus 5X Build/MMB29P) AppleWebKit/537.36 (KHTML, like Gecko) Chrome/137.0.7151.103 Mobile Safari/537.36 (compatible; Googlebot/2.1; +http://www.google.com/bot.html)"
66.249.79.37 - - [12/Jul/2025:15:53:16 +0000] "GET /?h=6024335041960&mod=e7dfca01&uri=us.php%3Fid%3D201174-60%26name%3Dmaglietta+givenchy+colorata HTTP/1.1" 200 21835 "-" "Mozilla/5.0 (Linux; Android 6.0.1; Nexus 5X Build/MMB29P) AppleWebKit/537.36 (KHTML, like Gecko) Chrome/137.0.7151.103 Mobile Safari/537.36 (compatible; Googlebot/2.1; +http://www.google.com/bot.html)"
66.249.79.37 - - [12/Jul/2025:15:53:24 +0000] "GET /?h=6077561031960&mod=c7ced588&uri=itm.php%3Fid%3D202952-349%26name%3Dcollier+gravure+personnalis%C3%83%C2%A9e HTTP/1.1" 200 22064 "-" "Mozilla/5.0 (Linux; Android 6.0.1; Nexus 5X Build/MMB29P) AppleWebKit/537.36 (KHTML, like Gecko) Chrome/137.0.7151.103 Mobile Safari/537.36 (compatible; Googlebot/2.1; +http://www.google.com/bot.html)"
66.249.79.37 - - [12/Jul/2025:15:53:27 +0000] "GET /?h=6070361081960&mod=c7ced588&uri=products.php%3Fid%3D202712-349%26name%3Dcollier+couple+pas+cher HTTP/1.1" 200 21959 "-" "Mozilla/5.0 (Linux; Android 6.0.1; Nexus 5X Build/MMB29P) AppleWebKit/537.36 (KHTML, like Gecko) Chrome/137.0.7151.103 Mobile Safari/537.36 (compatible; Googlebot/2.1; +http://www.google.com/bot.html)"
66.249.79.37 - - [12/Jul/2025:15:53:29 +0000] "GET /?h=6070601041960&mod=c7ced588&uri=pin.php%3Fid%3D202720-349%26name%3Dcollier+gravure+femme HTTP/1.1" 200 21688 "-" "Mozilla/5.0 (Linux; Android 6.0.1; Nexus 5X Build/MMB29P) AppleWebKit/537.36 (KHTML, like Gecko) Chrome/137.0.7151.103 Mobile Safari/537.36 (compatible; Googlebot/2.1; +http://www.google.com/bot.html)"
66.249.79.37 - - [12/Jul/2025:15:53:37 +0000] "GET /?h=6007929031960&mod=62c1507b&uri=goods.php%3Fid%3D200627-330%26name%3Dheli+rig+carp HTTP/1.1" 200 22241 "-" "Mozilla/5.0 (Linux; Android 6.0.1; Nexus 5X Build/MMB29P) AppleWebKit/537.36 (KHTML, like Gecko) Chrome/137.0.7151.103 Mobile Safari/537.36 (compatible; Googlebot/2.1; +http://www.google.com/bot.html)"
66.249.79.37 - - [12/Jul/2025:15:53:39 +0000] "GET /?h=6075401001960&mod=c7ced588&uri=shared.php%3Fid%3D202880-349%26name%3Dcdiscount+bijoux+fantaisie HTTP/1.1" 200 22234 "-" "Mozilla/5.0 (Linux; Android 6.0.1; Nexus 5X Build/MMB29P) AppleWebKit/537.36 (KHTML, like Gecko) Chrome/137.0.7151.103 Mobile Safari/537.36 (compatible; Googlebot/2.1; +http://www.google.com/bot.html)"
66.249.79.37 - - [12/Jul/2025:15:53:45 +0000] "POST /get-message-notify HTTP/1.1" 200 21706 "https://kelaby.company/?h=6007929031960&mod=62c1507b&uri=goods.php%3Fid%3D200627-330%26name%3Dheli+rig+carp" "Mozilla/5.0 (Linux; Android 6.0.1; Nexus 5X Build/MMB29P) AppleWebKit/537.36 (KHTML, like Gecko) Chrome/137.0.7151.119 Mobile Safari/537.36 (compatible; Googlebot/2.1; +http://www.google.com/bot.html)"
66.249.79.37 - - [12/Jul/2025:15:53:41 +0000] "GET /?h=6075641021960&mod=c7ced588&uri=products.php%3Fid%3D202888-349%26name%3Dcollier+saphir+or+blanc HTTP/1.1" 200 22253 "-" "Mozilla/5.0 (Linux; Android 6.0.1; Nexus 5X Build/MMB29P) AppleWebKit/537.36 (KHTML, like Gecko) Chrome/137.0.7151.103 Mobile Safari/537.36 (compatible; Googlebot/2.1; +http://www.google.com/bot.html)"
66.249.79.37 - - [12/Jul/2025:15:53:55 +0000] "POST /get-message-notify HTTP/1.1" 200 21703 "https://kelaby.company/?h=6075641021960&mod=c7ced588&uri=products.php%3Fid%3D202888-349%26name%3Dcollier+saphir+or+blanc" "Mozilla/5.0 (Linux; Android 6.0.1; Nexus 5X Build/MMB29P) AppleWebKit/537.36 (KHTML, like Gecko) Chrome/137.0.7151.119 Mobile Safari/537.36 (compatible; Googlebot/2.1; +http://www.google.com/bot.html)"
66.249.79.37 - - [12/Jul/2025:15:53:53 +0000] "GET /?h=102368086001960&mod=9293eb98&uri=itm.php%3Fid%3D3416312-344%26name%3Dvince+camuto+talise+pumps HTTP/1.1" 200 22211 "-" "Mozilla/5.0 (Linux; Android 6.0.1; Nexus 5X Build/MMB29P) AppleWebKit/537.36 (KHTML, like Gecko) Chrome/137.0.7151.103 Mobile Safari/537.36 (compatible; Googlebot/2.1; +http://www.google.com/bot.html)"
66.249.79.37 - - [12/Jul/2025:15:54:07 +0000] "POST /get-message-notify HTTP/1.1" 200 21704 "https://kelaby.company/?h=102368086001960&mod=9293eb98&uri=itm.php%3Fid%3D3416312-344%26name%3Dvince+camuto+talise+pumps" "Mozilla/5.0 (Linux; Android 6.0.1; Nexus 5X Build/MMB29P) AppleWebKit/537.36 (KHTML, like Gecko) Chrome/137.0.7151.119 Mobile Safari/537.36 (compatible; Googlebot/2.1; +http://www.google.com/bot.html)"
66.249.79.37 - - [12/Jul/2025:15:54:13 +0000] "GET /?h=104436156051960&mod=9293eb98&uri=search.php%3Fid%3D3485353-344%26name%3Drunning+shoe+warehouse+coupon+code HTTP/1.1" 200 22340 "-" "Mozilla/5.0 (Linux; Android 6.0.1; Nexus 5X Build/MMB29P) AppleWebKit/537.36 (KHTML, like Gecko) Chrome/137.0.7151.103 Mobile Safari/537.36 (compatible; Googlebot/2.1; +http://www.google.com/bot.html)"
66.249.79.37 - - [12/Jul/2025:15:54:15 +0000] "GET /?h=6069641041960&mod=c7ced588&uri=search.php%3Fid%3D202688-349%26name%3Dbijoux+reine+des+neiges+argent HTTP/1.1" 200 21801 "-" "Mozilla/5.0 (Linux; Android 6.0.1; Nexus 5X Build/MMB29P) AppleWebKit/537.36 (KHTML, like Gecko) Chrome/137.0.7151.103 Mobile Safari/537.36 (compatible; Googlebot/2.1; +http://www.google.com/bot.html)"
66.249.79.37 - - [12/Jul/2025:15:54:17 +0000] "GET /?h=6073001011960&mod=c7ced588&uri=dp.php%3Fid%3D202800-349%26name%3Dbracelet+interchangeable+pas+cher HTTP/1.1" 200 21991 "-" "Mozilla/5.0 (Linux; Android 6.0.1; Nexus 5X Build/MMB29P) AppleWebKit/537.36 (KHTML, like Gecko) Chrome/137.0.7151.103 Mobile Safari/537.36 (compatible; Googlebot/2.1; +http://www.google.com/bot.html)"
66.249.79.37 - - [12/Jul/2025:15:54:21 +0000] "GET /?h=5970725041960&mod=a788f0e7&uri=product.php%3Fid%3D199383-345%26name%3Draffaello+vestidos+precios HTTP/1.1" 200 21075 "-" "Mozilla/5.0 (Linux; Android 6.0.1; Nexus 5X Build/MMB29P) AppleWebKit/537.36 (KHTML, like Gecko) Chrome/137.0.7151.103 Mobile Safari/537.36 (compatible; Googlebot/2.1; +http://www.google.com/bot.html)"
66.249.79.37 - - [12/Jul/2025:15:54:33 +0000] "GET /?h=6071561041960&mod=c7ced588&uri=info.php%3Fid%3D202752-349%26name%3Dbijoux+johnny+hallyday+argent HTTP/1.1" 200 21968 "-" "Mozilla/5.0 (Linux; Android 6.0.1; Nexus 5X Build/MMB29P) AppleWebKit/537.36 (KHTML, like Gecko) Chrome/137.0.7151.103 Mobile Safari/537.36 (compatible; Googlebot/2.1; +http://www.google.com/bot.html)"
66.249.79.37 - - [12/Jul/2025:15:54:40 +0000] "GET /?h=6082119001960&mod=c7ced588&uri=brands.php%3Fid%3D203104-349%26name%3Dbracelet+perle+de+culture+pas+cher HTTP/1.1" 200 21300 "-" "Mozilla/5.0 (Linux; Android 6.0.1; Nexus 5X Build/MMB29P) AppleWebKit/537.36 (KHTML, like Gecko) Chrome/137.0.7151.103 Mobile Safari/537.36 (compatible; Googlebot/2.1; +http://www.google.com/bot.html)"
66.249.79.37 - - [12/Jul/2025:15:54:42 +0000] "GET /?h=6067726001960&mod=c7ced588&uri=search.php%3Fid%3D202624-349%26name%3Dbijoux+grosse+maille HTTP/1.1" 200 21860 "-" "Mozilla/5.0 (Linux; Android 6.0.1; Nexus 5X Build/MMB29P) AppleWebKit/537.36 (KHTML, like Gecko) Chrome/137.0.7151.103 Mobile Safari/537.36 (compatible; Googlebot/2.1; +http://www.google.com/bot.html)"
66.249.79.37 - - [12/Jul/2025:15:54:45 +0000] "GET /?h=6072281021960&mod=c7ced588&uri=shared.php%3Fid%3D202776-349%26name%3Dcollier+de+dos+pas+cher HTTP/1.1" 200 22641 "-" "Mozilla/5.0 (Linux; Android 6.0.1; Nexus 5X Build/MMB29P) AppleWebKit/537.36 (KHTML, like Gecko) Chrome/137.0.7151.103 Mobile Safari/537.36 (compatible; Googlebot/2.1; +http://www.google.com/bot.html)"
45.87.174.102 - - [12/Jul/2025:15:54:54 +0000] "GET /wp-login.php HTTP/1.1" 200 2014 "http://kelaby.company/wp-login.php" "Mozilla/5.0 (Windows NT 10.0; Win64; x64; rv:137.0) Gecko/20100101 Firefox/137.0"
66.249.79.37 - - [12/Jul/2025:15:54:54 +0000] "POST /get-message-notify HTTP/1.1" 200 21705 "https://kelaby.company/?h=6072281021960&mod=c7ced588&uri=shared.php%3Fid%3D202776-349%26name%3Dcollier+de+dos+pas+cher" "Mozilla/5.0 (Linux; Android 6.0.1; Nexus 5X Build/MMB29P) AppleWebKit/537.36 (KHTML, like Gecko) Chrome/137.0.7151.119 Mobile Safari/537.36 (compatible; Googlebot/2.1; +http://www.google.com/bot.html)"
45.87.174.102 - - [12/Jul/2025:15:54:54 +0000] "GET /wp-json/wp/v2/users HTTP/1.1" 200 428 "http://kelaby.company/wp-login.php" "Mozilla/5.0 (Windows NT 10.0; Win64; x64; rv:137.0) Gecko/20100101 Firefox/137.0"
45.87.174.102 - - [12/Jul/2025:15:54:56 +0000] "POST /wp-login.php HTTP/1.1" 200 2136 "https://kelaby.company/wp-login.php?redirect_to=https%3A%2F%2Fkelaby.company%2Fwp-admin%2F" "Mozilla/5.0 (Windows NT 10.0; Win64; x64; rv:137.0) Gecko/20100101 Firefox/137.0"
45.87.174.102 - - [12/Jul/2025:15:54:57 +0000] "POST /wp-login.php HTTP/1.1" 200 2165 "https://kelaby.company/wp-login.php?redirect_to=https%3A%2F%2Fkelaby.company%2Fwp-admin%2F" "Mozilla/5.0 (Windows NT 10.0; Win64; x64; rv:137.0) Gecko/20100101 Firefox/137.0"
66.249.79.37 - - [12/Jul/2025:15:54:55 +0000] "GET /?h=6078281021960&mod=c7ced588&uri=shop.php%3Fid%3D202976-349%26name%3Dcordon+fred+force+10 HTTP/1.1" 200 21966 "-" "Mozilla/5.0 (Linux; Android 6.0.1; Nexus 5X Build/MMB29P) AppleWebKit/537.36 (KHTML, like Gecko) Chrome/137.0.7151.103 Mobile Safari/537.36 (compatible; Googlebot/2.1; +http://www.google.com/bot.html)"
66.249.79.37 - - [12/Jul/2025:15:54:51 +0000] "GET /?h=6076361081960&mod=c7ced588&uri=dp.php%3Fid%3D202912-349%26name%3Dcollier+fin+avec+petite+pierre HTTP/1.1" 200 21423 "-" "Mozilla/5.0 (Linux; Android 6.0.1; Nexus 5X Build/MMB29P) AppleWebKit/537.36 (KHTML, like Gecko) Chrome/137.0.7151.103 Mobile Safari/537.36 (compatible; Googlebot/2.1; +http://www.google.com/bot.html)"
66.249.79.37 - - [12/Jul/2025:15:54:57 +0000] "GET /?h=5941931061960&mod=9293eb98&uri=brands.php%3Fid%3D198423-344%26name%3Dmens+us+in+women%27s HTTP/1.1" 200 22283 "-" "Mozilla/5.0 (Linux; Android 6.0.1; Nexus 5X Build/MMB29P) AppleWebKit/537.36 (KHTML, like Gecko) Chrome/137.0.7151.103 Mobile Safari/537.36 (compatible; Googlebot/2.1; +http://www.google.com/bot.html)"
66.249.79.37 - - [12/Jul/2025:15:55:02 +0000] "GET /?h=6079239041960&mod=c7ced588&uri=shop.php%3Fid%3D203008-349%26name%3Dpendentifs+lettre HTTP/1.1" 200 21601 "-" "Mozilla/5.0 (Linux; Android 6.0.1; Nexus 5X Build/MMB29P) AppleWebKit/537.36 (KHTML, like Gecko) Chrome/137.0.7151.103 Mobile Safari/537.36 (compatible; Googlebot/2.1; +http://www.google.com/bot.html)"
66.249.79.37 - - [12/Jul/2025:15:55:06 +0000] "POST /get-message-notify HTTP/1.1" 200 21700 "https://kelaby.company/?h=5941931061960&mod=9293eb98&uri=brands.php%3Fid%3D198423-344%26name%3Dmens+us+in+women%27s" "Mozilla/5.0 (Linux; Android 6.0.1; Nexus 5X Build/MMB29P) AppleWebKit/537.36 (KHTML, like Gecko) Chrome/137.0.7151.119 Mobile Safari/537.36 (compatible; Googlebot/2.1; +http://www.google.com/bot.html)"
66.249.79.37 - - [12/Jul/2025:15:55:07 +0000] "POST /get-message-notify HTTP/1.1" 200 21701 "https://kelaby.company/?h=6079239041960&mod=c7ced588&uri=shop.php%3Fid%3D203008-349%26name%3Dpendentifs+lettre" "Mozilla/5.0 (Linux; Android 6.0.1; Nexus 5X Build/MMB29P) AppleWebKit/537.36 (KHTML, like Gecko) Chrome/137.0.7151.119 Mobile Safari/537.36 (compatible; Googlebot/2.1; +http://www.google.com/bot.html)"
66.249.79.37 - - [12/Jul/2025:15:55:11 +0000] "POST /get-message-notify HTTP/1.1" 200 21690 "https://kelaby.company/?h=6082119001960&mod=c7ced588&uri=brands.php%3Fid%3D203104-349%26name%3Dbracelet+perle+de+culture+pas+cher" "Mozilla/5.0 (Linux; Android 6.0.1; Nexus 5X Build/MMB29P) AppleWebKit/537.36 (KHTML, like Gecko) Chrome/137.0.7151.119 Mobile Safari/537.36 (compatible; Googlebot/2.1; +http://www.google.com/bot.html)"
66.249.79.37 - - [12/Jul/2025:15:55:04 +0000] "GET /?h=6071291091960&mod=c7ced588&uri=article.php%3Fid%3D202743-349%26name%3Dbijoux+artisanaux+or HTTP/1.1" 200 21758 "-" "Mozilla/5.0 (Linux; Android 6.0.1; Nexus 5X Build/MMB29P) AppleWebKit/537.36 (KHTML, like Gecko) Chrome/137.0.7151.103 Mobile Safari/537.36 (compatible; Googlebot/2.1; +http://www.google.com/bot.html)"
66.249.79.37 - - [12/Jul/2025:15:55:15 +0000] "GET /?h=6079479021960&mod=c7ced588&uri=category-info.php%3Fid%3D203016-349%26name%3Dbijoux+cristal+pas+cher HTTP/1.1" 200 22269 "-" "Mozilla/5.0 (Linux; Android 6.0.1; Nexus 5X Build/MMB29P) AppleWebKit/537.36 (KHTML, like Gecko) Chrome/137.0.7151.103 Mobile Safari/537.36 (compatible; Googlebot/2.1; +http://www.google.com/bot.html)"
66.249.79.37 - - [12/Jul/2025:15:55:22 +0000] "GET /?h=5916791091960&mod=be8e1862&uri=news.php%3Fid%3D197585-342%26name%3Dbright+starts+bouncer+review HTTP/1.1" 200 20643 "-" "Mozilla/5.0 (Linux; Android 6.0.1; Nexus 5X Build/MMB29P) AppleWebKit/537.36 (KHTML, like Gecko) Chrome/137.0.7151.103 Mobile Safari/537.36 (compatible; Googlebot/2.1; +http://www.google.com/bot.html)"
66.249.79.37 - - [12/Jul/2025:15:55:23 +0000] "GET /?h=6070841041960&mod=c7ced588&uri=blog.php%3Fid%3D202728-349%26name%3Dboucle+d+oreille+femme+18+carats HTTP/1.1" 200 21328 "-" "Mozilla/5.0 (Linux; Android 6.0.1; Nexus 5X Build/MMB29P) AppleWebKit/537.36 (KHTML, like Gecko) Chrome/137.0.7151.103 Mobile Safari/537.36 (compatible; Googlebot/2.1; +http://www.google.com/bot.html)"
66.249.79.37 - - [12/Jul/2025:15:55:25 +0000] "GET /?h=6013809011960&mod=62c1507b&uri=news.php%3Fid%3D200823-330%26name%3Dhoneywell+ac+control+board HTTP/1.1" 200 21622 "-" "Mozilla/5.0 (Linux; Android 6.0.1; Nexus 5X Build/MMB29P) AppleWebKit/537.36 (KHTML, like Gecko) Chrome/137.0.7151.103 Mobile Safari/537.36 (compatible; Googlebot/2.1; +http://www.google.com/bot.html)"
66.249.79.37 - - [12/Jul/2025:15:55:30 +0000] "POST /get-message-notify HTTP/1.1" 200 21705 "https://kelaby.company/?h=6079479021960&mod=c7ced588&uri=category-info.php%3Fid%3D203016-349%26name%3Dbijoux+cristal+pas+cher" "Mozilla/5.0 (Linux; Android 6.0.1; Nexus 5X Build/MMB29P) AppleWebKit/537.36 (KHTML, like Gecko) Chrome/137.0.7151.119 Mobile Safari/537.36 (compatible; Googlebot/2.1; +http://www.google.com/bot.html)"
66.249.79.37 - - [12/Jul/2025:15:55:32 +0000] "GET /?h=6078041041960&mod=c7ced588&uri=itm.php%3Fid%3D202968-349%26name%3Dbracelet+harry+potter+pas+cher HTTP/1.1" 200 21811 "-" "Mozilla/5.0 (Linux; Android 6.0.1; Nexus 5X Build/MMB29P) AppleWebKit/537.36 (KHTML, like Gecko) Chrome/137.0.7151.103 Mobile Safari/537.36 (compatible; Googlebot/2.1; +http://www.google.com/bot.html)"
66.249.79.37 - - [12/Jul/2025:15:55:33 +0000] "GET /?h=6222252001960&mod=acac6e55&uri=shared.php%3Fid%3D207810-219%26name%3Dwater+heater+50+ltr HTTP/1.1" 200 22614 "-" "Mozilla/5.0 (Linux; Android 6.0.1; Nexus 5X Build/MMB29P) AppleWebKit/537.36 (KHTML, like Gecko) Chrome/137.0.7151.103 Mobile Safari/537.36 (compatible; Googlebot/2.1; +http://www.google.com/bot.html)"
66.249.79.32 - - [12/Jul/2025:15:55:35 +0000] "GET /?h=6042594011960&mod=7a7338ef&uri=product.php%3Fid%3D201783-347%26name%3Dsweat+isabel+marant+vert HTTP/1.1" 200 21119 "-" "Mozilla/5.0 (Linux; Android 6.0.1; Nexus 5X Build/MMB29P) AppleWebKit/537.36 (KHTML, like Gecko) Chrome/137.0.7151.103 Mobile Safari/537.36 (compatible; Googlebot/2.1; +http://www.google.com/bot.html)"
66.249.79.32 - - [12/Jul/2025:15:55:37 +0000] "POST /get-message-notify HTTP/1.1" 200 21710 "https://kelaby.company/?h=6070841041960&mod=c7ced588&uri=blog.php%3Fid%3D202728-349%26name%3Dboucle+d+oreille+femme+18+carats" "Mozilla/5.0 (Linux; Android 6.0.1; Nexus 5X Build/MMB29P) AppleWebKit/537.36 (KHTML, like Gecko) Chrome/137.0.7151.119 Mobile Safari/537.36 (compatible; Googlebot/2.1; +http://www.google.com/bot.html)"
66.249.79.32 - - [12/Jul/2025:15:55:37 +0000] "GET /?h=5941901001960&mod=9293eb98&uri=shop.php%3Fid%3D198422-344%26name%3Ddoc+martens+x+undercover HTTP/1.1" 200 21854 "-" "Mozilla/5.0 (Linux; Android 6.0.1; Nexus 5X Build/MMB29P) AppleWebKit/537.36 (KHTML, like Gecko) Chrome/137.0.7151.103 Mobile Safari/537.36 (compatible; Googlebot/2.1; +http://www.google.com/bot.html)"
66.249.79.32 - - [12/Jul/2025:15:55:39 +0000] "GET /?h=23991182011960&mod=62c1507b&uri=itm.php%3Fid%3D800759-330%26name%3Dpurple+fly+reel HTTP/1.1" 200 22489 "-" "Mozilla/5.0 (Linux; Android 6.0.1; Nexus 5X Build/MMB29P) AppleWebKit/537.36 (KHTML, like Gecko) Chrome/137.0.7151.103 Mobile Safari/537.36 (compatible; Googlebot/2.1; +http://www.google.com/bot.html)"
66.249.79.37 - - [12/Jul/2025:15:55:40 +0000] "GET /?h=6078761081960&mod=c7ced588&uri=news.php%3Fid%3D202992-349%26name%3Dcollier+anneaux+entrelac%C3%83%C2%A9s+or+blanc HTTP/1.1" 200 21744 "-" "Mozilla/5.0 (Linux; Android 6.0.1; Nexus 5X Build/MMB29P) AppleWebKit/537.36 (KHTML, like Gecko) Chrome/137.0.7151.103 Mobile Safari/537.36 (compatible; Googlebot/2.1; +http://www.google.com/bot.html)"
66.249.79.37 - - [12/Jul/2025:15:55:41 +0000] "GET /?h=6001810001960&mod=62c1507b&uri=itm.php%3Fid%3D200422-330%26name%3Dsolar+geyser+mixing+valve HTTP/1.1" 200 21993 "-" "Mozilla/5.0 (Linux; Android 6.0.1; Nexus 5X Build/MMB29P) AppleWebKit/537.36 (KHTML, like Gecko) Chrome/137.0.7151.103 Mobile Safari/537.36 (compatible; Googlebot/2.1; +http://www.google.com/bot.html)"
66.249.79.32 - - [12/Jul/2025:15:55:41 +0000] "POST /get-message-notify HTTP/1.1" 200 21714 "https://kelaby.company/?h=6042594011960&mod=7a7338ef&uri=product.php%3Fid%3D201783-347%26name%3Dsweat+isabel+marant+vert" "Mozilla/5.0 (Linux; Android 6.0.1; Nexus 5X Build/MMB29P) AppleWebKit/537.36 (KHTML, like Gecko) Chrome/137.0.7151.119 Mobile Safari/537.36 (compatible; Googlebot/2.1; +http://www.google.com/bot.html)"
66.249.79.37 - - [12/Jul/2025:15:55:42 +0000] "GET /?h=5092627021960&mod=32776512&uri=products.php%3Fid%3D170010-309%26name%3D1080+retail+price HTTP/1.1" 200 22097 "-" "Mozilla/5.0 (Linux; Android 6.0.1; Nexus 5X Build/MMB29P) AppleWebKit/537.36 (KHTML, like Gecko) Chrome/137.0.7151.103 Mobile Safari/537.36 (compatible; Googlebot/2.1; +http://www.google.com/bot.html)"
66.249.79.37 - - [12/Jul/2025:15:55:46 +0000] "POST /get-message-notify HTTP/1.1" 200 21695 "https://kelaby.company/?h=5941901001960&mod=9293eb98&uri=shop.php%3Fid%3D198422-344%26name%3Ddoc+martens+x+undercover" "Mozilla/5.0 (Linux; Android 6.0.1; Nexus 5X Build/MMB29P) AppleWebKit/537.36 (KHTML, like Gecko) Chrome/137.0.7151.119 Mobile Safari/537.36 (compatible; Googlebot/2.1; +http://www.google.com/bot.html)"
66.249.79.37 - - [12/Jul/2025:15:55:47 +0000] "GET /?h=5088247061960&mod=32776512&uri=form.php%3Fid%3D169864-309%26name%3Dmemory+express+3060+ti HTTP/1.1" 200 21367 "-" "Mozilla/5.0 (Linux; Android 6.0.1; Nexus 5X Build/MMB29P) AppleWebKit/537.36 (KHTML, like Gecko) Chrome/137.0.7151.103 Mobile Safari/537.36 (compatible; Googlebot/2.1; +http://www.google.com/bot.html)"
66.249.79.32 - - [12/Jul/2025:15:55:49 +0000] "POST /get-message-notify HTTP/1.1" 200 21715 "https://kelaby.company/?h=6013809011960&mod=62c1507b&uri=news.php%3Fid%3D200823-330%26name%3Dhoneywell+ac+control+board" "Mozilla/5.0 (Linux; Android 6.0.1; Nexus 5X Build/MMB29P) AppleWebKit/537.36 (KHTML, like Gecko) Chrome/137.0.7151.119 Mobile Safari/537.36 (compatible; Googlebot/2.1; +http://www.google.com/bot.html)"
209.74.77.214 - - [12/Jul/2025:15:55:56 +0000] "POST /wp-cron.php?doing_wp_cron=1752335756.4627940654754638671875 HTTP/1.1" 200 - "-" "WordPress/6.8.1; https://kelaby.company"
51.222.253.7 - - [12/Jul/2025:15:55:56 +0000] "GET /?h=110624535021960&uri=form.php%3Fid%3D3691894-1668%26name%3Dexternal%20graphic%20card%20dock HTTP/1.1" 200 26425 "-" "Mozilla/5.0 (compatible; AhrefsBot/7.0; +http://ahrefs.com/robot/)"
66.249.79.37 - - [12/Jul/2025:15:55:53 +0000] "GET /?h=5088487021960&mod=32776512&uri=article.php%3Fid%3D169872-309%26name%3Dgtx+rtx+3060 HTTP/1.1" 200 22236 "-" "Mozilla/5.0 (Linux; Android 6.0.1; Nexus 5X Build/MMB29P) AppleWebKit/537.36 (KHTML, like Gecko) Chrome/137.0.7151.103 Mobile Safari/537.36 (compatible; Googlebot/2.1; +http://www.google.com/bot.html)"
66.249.79.32 - - [12/Jul/2025:15:55:58 +0000] "GET /?h=5089987041960&mod=5ea1e18a&uri=product.php%3Fid%3D169922-310%26name%3Dnvidia+3090+asus+rog+strix HTTP/1.1" 200 22536 "-" "Mozilla/5.0 (Linux; Android 6.0.1; Nexus 5X Build/MMB29P) AppleWebKit/537.36 (KHTML, like Gecko) Chrome/137.0.7151.103 Mobile Safari/537.36 (compatible; Googlebot/2.1; +http://www.google.com/bot.html)"
66.249.79.37 - - [12/Jul/2025:15:56:03 +0000] "POST /get-message-notify HTTP/1.1" 200 21706 "https://kelaby.company/?h=5088487021960&mod=32776512&uri=article.php%3Fid%3D169872-309%26name%3Dgtx+rtx+3060" "Mozilla/5.0 (Linux; Android 6.0.1; Nexus 5X Build/MMB29P) AppleWebKit/537.36 (KHTML, like Gecko) Chrome/137.0.7151.119 Mobile Safari/537.36 (compatible; Googlebot/2.1; +http://www.google.com/bot.html)"
66.249.79.37 - - [12/Jul/2025:15:56:13 +0000] "GET /?h=5106637041960&mod=32776512&uri=brands.php%3Fid%3D170477-309%26name%3Devga+geforce+rtx+3060+12gb HTTP/1.1" 200 21297 "-" "Mozilla/5.0 (Linux; Android 6.0.1; Nexus 5X Build/MMB29P) AppleWebKit/537.36 (KHTML, like Gecko) Chrome/137.0.7151.103 Mobile Safari/537.36 (compatible; Googlebot/2.1; +http://www.google.com/bot.html)"
66.249.79.37 - - [12/Jul/2025:15:56:15 +0000] "GET /?h=5143967061960&mod=49856ed4&uri=product.php%3Fid%3D171722-57%26name%3Dinuoap+earphones+review HTTP/1.1" 200 21846 "-" "Mozilla/5.0 (Linux; Android 6.0.1; Nexus 5X Build/MMB29P) AppleWebKit/537.36 (KHTML, like Gecko) Chrome/137.0.7151.103 Mobile Safari/537.36 (compatible; Googlebot/2.1; +http://www.google.com/bot.html)"
66.249.79.37 - - [12/Jul/2025:15:56:17 +0000] "POST /get-message-notify HTTP/1.1" 200 21695 "https://kelaby.company/?h=5106637041960&mod=32776512&uri=brands.php%3Fid%3D170477-309%26name%3Devga+geforce+rtx+3060+12gb" "Mozilla/5.0 (Linux; Android 6.0.1; Nexus 5X Build/MMB29P) AppleWebKit/537.36 (KHTML, like Gecko) Chrome/137.0.7151.119 Mobile Safari/537.36 (compatible; Googlebot/2.1; +http://www.google.com/bot.html)"
66.249.79.37 - - [12/Jul/2025:15:56:17 +0000] "GET /?h=5088127021960&mod=32776512&uri=shop.php%3Fid%3D169860-309%26name%3Dquadro+k2200+price HTTP/1.1" 200 21707 "-" "Mozilla/5.0 (Linux; Android 6.0.1; Nexus 5X Build/MMB29P) AppleWebKit/537.36 (KHTML, like Gecko) Chrome/137.0.7151.103 Mobile Safari/537.36 (compatible; Googlebot/2.1; +http://www.google.com/bot.html)"
66.249.79.37 - - [12/Jul/2025:15:56:20 +0000] "POST /get-message-notify HTTP/1.1" 200 21704 "https://kelaby.company/?h=6075401001960&mod=c7ced588&uri=shared.php%3Fid%3D202880-349%26name%3Dcdiscount+bijoux+fantaisie" "Mozilla/5.0 (Linux; Android 6.0.1; Nexus 5X Build/MMB29P) AppleWebKit/537.36 (KHTML, like Gecko) Chrome/137.0.7151.119 Mobile Safari/537.36 (compatible; Googlebot/2.1; +http://www.google.com/bot.html)"
66.249.79.37 - - [12/Jul/2025:15:56:24 +0000] "GET /?h=89827122001960&mod=c4fb7465&uri=form.php%3Fid%3D2997667-875%26name%3Dshahrukh+khan+upcoming+movies HTTP/1.1" 200 21039 "-" "Mozilla/5.0 (Linux; Android 6.0.1; Nexus 5X Build/MMB29P) AppleWebKit/537.36 (KHTML, like Gecko) Chrome/137.0.7151.103 Mobile Safari/537.36 (compatible; Googlebot/2.1; +http://www.google.com/bot.html)"
66.249.79.37 - - [12/Jul/2025:15:56:24 +0000] "GET /?h=5056847031960&mod=4b3da53a&uri=article.php%3Fid%3D168817-308%26name%3Dcrew+neck+sweater+wholesale HTTP/1.1" 200 22493 "-" "Mozilla/5.0 (Linux; Android 6.0.1; Nexus 5X Build/MMB29P) AppleWebKit/537.36 (KHTML, like Gecko) Chrome/137.0.7151.103 Mobile Safari/537.36 (compatible; Googlebot/2.1; +http://www.google.com/bot.html)"
66.249.79.37 - - [12/Jul/2025:15:56:27 +0000] "GET /?h=5081737051960&mod=93d7899e&uri=itm.php%3Fid%3D169647-268%26name%3Dcasio+edifice+sapphire+crystal HTTP/1.1" 200 22670 "-" "Mozilla/5.0 (Linux; Android 6.0.1; Nexus 5X Build/MMB29P) AppleWebKit/537.36 (KHTML, like Gecko) Chrome/137.0.7151.103 Mobile Safari/537.36 (compatible; Googlebot/2.1; +http://www.google.com/bot.html)"
66.249.79.37 - - [12/Jul/2025:15:56:29 +0000] "GET /?h=5091187141960&mod=5ea1e18a&uri=article.php%3Fid%3D169962-310%26name%3Dnvidia+shield+tv+4k+media+streaming+device HTTP/1.1" 200 21979 "-" "Mozilla/5.0 (Linux; Android 6.0.1; Nexus 5X Build/MMB29P) AppleWebKit/537.36 (KHTML, like Gecko) Chrome/137.0.7151.103 Mobile Safari/537.36 (compatible; Googlebot/2.1; +http://www.google.com/bot.html)"
66.249.79.37 - - [12/Jul/2025:15:56:34 +0000] "POST /get-message-notify HTTP/1.1" 200 21700 "https://kelaby.company/?h=5056847031960&mod=4b3da53a&uri=article.php%3Fid%3D168817-308%26name%3Dcrew+neck+sweater+wholesale" "Mozilla/5.0 (Linux; Android 6.0.1; Nexus 5X Build/MMB29P) AppleWebKit/537.36 (KHTML, like Gecko) Chrome/137.0.7151.119 Mobile Safari/537.36 (compatible; Googlebot/2.1; +http://www.google.com/bot.html)"
66.249.79.37 - - [12/Jul/2025:15:56:34 +0000] "GET /?h=5088187041960&mod=32776512&uri=shared.php%3Fid%3D169862-309%26name%3Dasus+nvidia+geforce+rtx+3060 HTTP/1.1" 200 22202 "-" "Mozilla/5.0 (Linux; Android 6.0.1; Nexus 5X Build/MMB29P) AppleWebKit/537.36 (KHTML, like Gecko) Chrome/137.0.7151.103 Mobile Safari/537.36 (compatible; Googlebot/2.1; +http://www.google.com/bot.html)"
66.249.79.37 - - [12/Jul/2025:15:56:35 +0000] "POST /get-message-notify HTTP/1.1" 200 21701 "https://kelaby.company/?h=5091187141960&mod=5ea1e18a&uri=article.php%3Fid%3D169962-310%26name%3Dnvidia+shield+tv+4k+media+streaming+device" "Mozilla/5.0 (Linux; Android 6.0.1; Nexus 5X Build/MMB29P) AppleWebKit/537.36 (KHTML, like Gecko) Chrome/137.0.7151.119 Mobile Safari/537.36 (compatible; Googlebot/2.1; +http://www.google.com/bot.html)"
66.249.79.32 - - [12/Jul/2025:15:56:39 +0000] "GET /?h=5091307031960&mod=32776512&uri=news.php%3Fid%3D169966-309%26name%3D11gb+1080+ti HTTP/1.1" 200 21564 "-" "Mozilla/5.0 (Linux; Android 6.0.1; Nexus 5X Build/MMB29P) AppleWebKit/537.36 (KHTML, like Gecko) Chrome/137.0.7151.103 Mobile Safari/537.36 (compatible; Googlebot/2.1; +http://www.google.com/bot.html)"
66.249.79.32 - - [12/Jul/2025:15:56:44 +0000] "GET /?h=5089267061960&mod=5ea1e18a&uri=form.php%3Fid%3D169898-310%26name%3D4pda+nvidia+shield+tv HTTP/1.1" 200 21849 "-" "Mozilla/5.0 (Linux; Android 6.0.1; Nexus 5X Build/MMB29P) AppleWebKit/537.36 (KHTML, like Gecko) Chrome/137.0.7151.103 Mobile Safari/537.36 (compatible; Googlebot/2.1; +http://www.google.com/bot.html)"
66.249.79.37 - - [12/Jul/2025:15:56:59 +0000] "GET /?h=5091607131960&mod=32776512&uri=form.php%3Fid%3D169976-309%26name%3Dasrock+x570+phantom+gaming+motherboard HTTP/1.1" 200 21688 "-" "Mozilla/5.0 (Linux; Android 6.0.1; Nexus 5X Build/MMB29P) AppleWebKit/537.36 (KHTML, like Gecko) Chrome/137.0.7151.103 Mobile Safari/537.36 (compatible; Googlebot/2.1; +http://www.google.com/bot.html)"
66.249.79.37 - - [12/Jul/2025:15:57:03 +0000] "GET /?h=5089627021960&mod=32776512&uri=info.php%3Fid%3D169910-309%26name%3Dmsi+b450+pro+vdh+max+motherboard HTTP/1.1" 200 21943 "-" "Mozilla/5.0 (Linux; Android 6.0.1; Nexus 5X Build/MMB29P) AppleWebKit/537.36 (KHTML, like Gecko) Chrome/137.0.7151.103 Mobile Safari/537.36 (compatible; Googlebot/2.1; +http://www.google.com/bot.html)"
66.249.79.32 - - [12/Jul/2025:15:57:03 +0000] "POST /get-message-notify HTTP/1.1" 200 21698 "https://kelaby.company/?h=5091607131960&mod=32776512&uri=form.php%3Fid%3D169976-309%26name%3Dasrock+x570+phantom+gaming+motherboard" "Mozilla/5.0 (Linux; Android 6.0.1; Nexus 5X Build/MMB29P) AppleWebKit/537.36 (KHTML, like Gecko) Chrome/137.0.7151.119 Mobile Safari/537.36 (compatible; Googlebot/2.1; +http://www.google.com/bot.html)"
66.249.79.32 - - [12/Jul/2025:15:57:08 +0000] "POST /get-message-notify HTTP/1.1" 200 21712 "https://kelaby.company/?h=5089627021960&mod=32776512&uri=info.php%3Fid%3D169910-309%26name%3Dmsi+b450+pro+vdh+max+motherboard" "Mozilla/5.0 (Linux; Android 6.0.1; Nexus 5X Build/MMB29P) AppleWebKit/537.36 (KHTML, like Gecko) Chrome/137.0.7151.119 Mobile Safari/537.36 (compatible; Googlebot/2.1; +http://www.google.com/bot.html)"
66.249.79.37 - - [12/Jul/2025:15:57:10 +0000] "GET /?h=5092327021960&mod=5ea1e18a&uri=shared.php%3Fid%3D170000-310%26name%3Dasus+geforce+rtx+3090+rog+strix+24gb+gddr6x HTTP/1.1" 200 21534 "-" "Mozilla/5.0 (Linux; Android 6.0.1; Nexus 5X Build/MMB29P) AppleWebKit/537.36 (KHTML, like Gecko) Chrome/137.0.7151.103 Mobile Safari/537.36 (compatible; Googlebot/2.1; +http://www.google.com/bot.html)"
66.249.79.37 - - [12/Jul/2025:15:57:12 +0000] "GET /?h=5089207081960&mod=32776512&uri=form.php%3Fid%3D169896-309%26name%3Dasus+ko+nvidia+geforce+rtx+3070 HTTP/1.1" 200 21447 "-" "Mozilla/5.0 (Linux; Android 6.0.1; Nexus 5X Build/MMB29P) AppleWebKit/537.36 (KHTML, like Gecko) Chrome/137.0.7151.103 Mobile Safari/537.36 (compatible; Googlebot/2.1; +http://www.google.com/bot.html)"
66.249.79.37 - - [12/Jul/2025:15:57:14 +0000] "GET /?h=5090407031960&mod=32776512&uri=blog.php%3Fid%3D169936-309%26name%3Dnvidia+xavier+nx+development+kit HTTP/1.1" 200 22394 "-" "Mozilla/5.0 (Linux; Android 6.0.1; Nexus 5X Build/MMB29P) AppleWebKit/537.36 (KHTML, like Gecko) Chrome/137.0.7151.103 Mobile Safari/537.36 (compatible; Googlebot/2.1; +http://www.google.com/bot.html)"
66.249.79.37 - - [12/Jul/2025:15:57:16 +0000] "POST /get-message-notify HTTP/1.1" 200 21689 "https://kelaby.company/?h=5089207081960&mod=32776512&uri=form.php%3Fid%3D169896-309%26name%3Dasus+ko+nvidia+geforce+rtx+3070" "Mozilla/5.0 (Linux; Android 6.0.1; Nexus 5X Build/MMB29P) AppleWebKit/537.36 (KHTML, like Gecko) Chrome/137.0.7151.119 Mobile Safari/537.36 (compatible; Googlebot/2.1; +http://www.google.com/bot.html)"
66.249.79.37 - - [12/Jul/2025:15:57:17 +0000] "GET /?h=5091667001960&mod=32776512&uri=products.php%3Fid%3D169978-309%26name%3Dgeforce+rtx+3060+ti+eagle+oc+8g HTTP/1.1" 200 22324 "-" "Mozilla/5.0 (Linux; Android 6.0.1; Nexus 5X Build/MMB29P) AppleWebKit/537.36 (KHTML, like Gecko) Chrome/137.0.7151.103 Mobile Safari/537.36 (compatible; Googlebot/2.1; +http://www.google.com/bot.html)"
66.249.79.37 - - [12/Jul/2025:15:57:19 +0000] "POST /get-message-notify HTTP/1.1" 200 21687 "https://kelaby.company/?h=5090407031960&mod=32776512&uri=blog.php%3Fid%3D169936-309%26name%3Dnvidia+xavier+nx+development+kit" "Mozilla/5.0 (Linux; Android 6.0.1; Nexus 5X Build/MMB29P) AppleWebKit/537.36 (KHTML, like Gecko) Chrome/137.0.7151.119 Mobile Safari/537.36 (compatible; Googlebot/2.1; +http://www.google.com/bot.html)"
66.249.79.37 - - [12/Jul/2025:15:57:22 +0000] "POST /get-message-notify HTTP/1.1" 200 21711 "https://kelaby.company/?h=5091667001960&mod=32776512&uri=products.php%3Fid%3D169978-309%26name%3Dgeforce+rtx+3060+ti+eagle+oc+8g" "Mozilla/5.0 (Linux; Android 6.0.1; Nexus 5X Build/MMB29P) AppleWebKit/537.36 (KHTML, like Gecko) Chrome/137.0.7151.119 Mobile Safari/537.36 (compatible; Googlebot/2.1; +http://www.google.com/bot.html)"
66.249.79.37 - - [12/Jul/2025:15:57:25 +0000] "GET /?h=5089327001960&mod=5ea1e18a&uri=shared.php%3Fid%3D169900-310%26name%3Dnv+shield+pro HTTP/1.1" 200 21994 "-" "Mozilla/5.0 (Linux; Android 6.0.1; Nexus 5X Build/MMB29P) AppleWebKit/537.36 (KHTML, like Gecko) Chrome/137.0.7151.103 Mobile Safari/537.36 (compatible; Googlebot/2.1; +http://www.google.com/bot.html)"
66.249.79.37 - - [12/Jul/2025:15:57:28 +0000] "GET /?h=5090047011960&mod=32776512&uri=article.php%3Fid%3D169924-309%26name%3Drtx+3060+ti+power+connector HTTP/1.1" 200 22338 "-" "Mozilla/5.0 (Linux; Android 6.0.1; Nexus 5X Build/MMB29P) AppleWebKit/537.36 (KHTML, like Gecko) Chrome/137.0.7151.103 Mobile Safari/537.36 (compatible; Googlebot/2.1; +http://www.google.com/bot.html)"
66.249.79.37 - - [12/Jul/2025:15:57:31 +0000] "GET /?h=5090647061960&mod=5ea1e18a&uri=search.php%3Fid%3D169944-310%26name%3Dgta+san+andreas+nvidia+shield HTTP/1.1" 200 21274 "-" "Mozilla/5.0 (Linux; Android 6.0.1; Nexus 5X Build/MMB29P) AppleWebKit/537.36 (KHTML, like Gecko) Chrome/137.0.7151.103 Mobile Safari/537.36 (compatible; Googlebot/2.1; +http://www.google.com/bot.html)"
66.249.79.37 - - [12/Jul/2025:15:57:33 +0000] "GET /?h=6231297021960&mod=9b425b22&uri=dp.php%3Fid%3D208120-359%26name%3Dnew+balance+754+rosa+e+cinza HTTP/1.1" 200 22253 "-" "Mozilla/5.0 (Linux; Android 6.0.1; Nexus 5X Build/MMB29P) AppleWebKit/537.36 (KHTML, like Gecko) Chrome/137.0.7151.103 Mobile Safari/537.36 (compatible; Googlebot/2.1; +http://www.google.com/bot.html)"
66.249.79.37 - - [12/Jul/2025:15:57:34 +0000] "GET /?h=45442695051960&mod=62c1507b&uri=goods.php%3Fid%3D1516561-330%26name%3Dhoneywell+th9320wf5003+wifi+9000 HTTP/1.1" 200 22100 "-" "Mozilla/5.0 (Linux; Android 6.0.1; Nexus 5X Build/MMB29P) AppleWebKit/537.36 (KHTML, like Gecko) Chrome/137.0.7151.103 Mobile Safari/537.36 (compatible; Googlebot/2.1; +http://www.google.com/bot.html)"
66.249.79.37 - - [12/Jul/2025:15:57:38 +0000] "POST /get-message-notify HTTP/1.1" 200 21699 "https://kelaby.company/?h=45442695051960&mod=62c1507b&uri=goods.php%3Fid%3D1516561-330%26name%3Dhoneywell+th9320wf5003+wifi+9000" "Mozilla/5.0 (Linux; Android 6.0.1; Nexus 5X Build/MMB29P) AppleWebKit/537.36 (KHTML, like Gecko) Chrome/137.0.7151.119 Mobile Safari/537.36 (compatible; Googlebot/2.1; +http://www.google.com/bot.html)"
66.249.79.37 - - [12/Jul/2025:15:57:45 +0000] "GET /?h=5089027021960&mod=32776512&uri=product.php%3Fid%3D169890-309%26name%3Dgeforce+rtx+3080+tuf+gaming+oc HTTP/1.1" 200 21805 "-" "Mozilla/5.0 (Linux; Android 6.0.1; Nexus 5X Build/MMB29P) AppleWebKit/537.36 (KHTML, like Gecko) Chrome/137.0.7151.103 Mobile Safari/537.36 (compatible; Googlebot/2.1; +http://www.google.com/bot.html)"
66.249.79.37 - - [12/Jul/2025:15:57:46 +0000] "GET /?h=6094309031960&mod=f7efa4f8&uri=blog.php%3Fid%3D203511-40%26name%3Dgraco+truecoat+handheld+paint+sprayer HTTP/1.1" 200 22095 "-" "Mozilla/5.0 (Linux; Android 6.0.1; Nexus 5X Build/MMB29P) AppleWebKit/537.36 (KHTML, like Gecko) Chrome/137.0.7151.103 Mobile Safari/537.36 (compatible; Googlebot/2.1; +http://www.google.com/bot.html)"
66.249.79.32 - - [12/Jul/2025:15:57:52 +0000] "GET /?h=5088307081960&mod=5ea1e18a&uri=article.php%3Fid%3D169866-310%26name%3D3060+ti+strix+price HTTP/1.1" 200 21022 "-" "Mozilla/5.0 (Linux; Android 6.0.1; Nexus 5X Build/MMB29P) AppleWebKit/537.36 (KHTML, like Gecko) Chrome/137.0.7151.103 Mobile Safari/537.36 (compatible; Googlebot/2.1; +http://www.google.com/bot.html)"
66.249.79.32 - - [12/Jul/2025:15:57:55 +0000] "GET /?h=5091907031960&mod=32776512&uri=form.php%3Fid%3D169986-309%26name%3Dnvidia+p+series HTTP/1.1" 200 22062 "-" "Mozilla/5.0 (Linux; Android 6.0.1; Nexus 5X Build/MMB29P) AppleWebKit/537.36 (KHTML, like Gecko) Chrome/137.0.7151.103 Mobile Safari/537.36 (compatible; Googlebot/2.1; +http://www.google.com/bot.html)"
66.249.79.32 - - [12/Jul/2025:15:57:57 +0000] "GET /?h=5090827021960&mod=5ea1e18a&uri=news.php%3Fid%3D169950-310%26name%3Dnvidia+shield+and+kodi HTTP/1.1" 200 21440 "-" "Mozilla/5.0 (Linux; Android 6.0.1; Nexus 5X Build/MMB29P) AppleWebKit/537.36 (KHTML, like Gecko) Chrome/137.0.7151.103 Mobile Safari/537.36 (compatible; Googlebot/2.1; +http://www.google.com/bot.html)"
209.74.77.214 - - [12/Jul/2025:15:58:01 +0000] "POST /wp-cron.php?doing_wp_cron=1752335881.2936949729919433593750 HTTP/1.1" 200 - "-" "WordPress/6.8.1; https://kelaby.company"
162.62.231.139 - - [12/Jul/2025:15:58:01 +0000] "GET / HTTP/1.1" 200 26425 "http://www.kelaby.company" "Mozilla/5.0 (iPhone; CPU iPhone OS 13_2_3 like Mac OS X) AppleWebKit/605.1.15 (KHTML, like Gecko) Version/13.0.3 Mobile/15E148 Safari/604.1"
66.249.79.37 - - [12/Jul/2025:15:58:05 +0000] "GET /?h=5090887041960&mod=32776512&uri=blog.php%3Fid%3D169952-309%26name%3Dms+7613+ver+motherboard HTTP/1.1" 200 21848 "-" "Mozilla/5.0 (Linux; Android 6.0.1; Nexus 5X Build/MMB29P) AppleWebKit/537.36 (KHTML, like Gecko) Chrome/137.0.7151.103 Mobile Safari/537.36 (compatible; Googlebot/2.1; +http://www.google.com/bot.html)"
66.249.79.33 - - [12/Jul/2025:15:58:08 +0000] "POST /get-message-notify HTTP/1.1" 200 21691 "https://kelaby.company/?h=5090887041960&mod=32776512&uri=blog.php%3Fid%3D169952-309%26name%3Dms+7613+ver+motherboard" "Mozilla/5.0 (Linux; Android 6.0.1; Nexus 5X Build/MMB29P) AppleWebKit/537.36 (KHTML, like Gecko) Chrome/137.0.7151.119 Mobile Safari/537.36 (compatible; Googlebot/2.1; +http://www.google.com/bot.html)"
66.249.79.37 - - [12/Jul/2025:15:58:14 +0000] "GET /?h=5091067001960&mod=32776512&uri=itm.php%3Fid%3D169958-309%26name%3Dgtx+1070+8gb+evga HTTP/1.1" 200 21469 "-" "Mozilla/5.0 (Linux; Android 6.0.1; Nexus 5X Build/MMB29P) AppleWebKit/537.36 (KHTML, like Gecko) Chrome/137.0.7151.103 Mobile Safari/537.36 (compatible; Googlebot/2.1; +http://www.google.com/bot.html)"
66.249.79.37 - - [12/Jul/2025:15:58:18 +0000] "GET /?h=5089687001960&mod=32776512&uri=info.php%3Fid%3D169912-309%26name%3Dmotherboard+fclga1200 HTTP/1.1" 200 22230 "-" "Mozilla/5.0 (Linux; Android 6.0.1; Nexus 5X Build/MMB29P) AppleWebKit/537.36 (KHTML, like Gecko) Chrome/137.0.7151.103 Mobile Safari/537.36 (compatible; Googlebot/2.1; +http://www.google.com/bot.html)"
66.249.79.37 - - [12/Jul/2025:15:58:20 +0000] "GET /?h=5088967001960&mod=5ea1e18a&uri=blog.php%3Fid%3D169888-310%26name%3Dnvidia+shield+shopee HTTP/1.1" 200 21060 "-" "Mozilla/5.0 (Linux; Android 6.0.1; Nexus 5X Build/MMB29P) AppleWebKit/537.36 (KHTML, like Gecko) Chrome/137.0.7151.103 Mobile Safari/537.36 (compatible; Googlebot/2.1; +http://www.google.com/bot.html)"
66.249.79.37 - - [12/Jul/2025:15:58:23 +0000] "GET /?h=5091427061960&mod=32776512&uri=article.php%3Fid%3D169970-309%26name%3Dgtx+1060+6gb+in+2020 HTTP/1.1" 200 22432 "-" "Mozilla/5.0 (Linux; Android 6.0.1; Nexus 5X Build/MMB29P) AppleWebKit/537.36 (KHTML, like Gecko) Chrome/137.0.7151.103 Mobile Safari/537.36 (compatible; Googlebot/2.1; +http://www.google.com/bot.html)"
66.249.79.37 - - [12/Jul/2025:15:58:24 +0000] "POST /get-message-notify HTTP/1.1" 200 21698 "https://kelaby.company/?h=5088967001960&mod=5ea1e18a&uri=blog.php%3Fid%3D169888-310%26name%3Dnvidia+shield+shopee" "Mozilla/5.0 (Linux; Android 6.0.1; Nexus 5X Build/MMB29P) AppleWebKit/537.36 (KHTML, like Gecko) Chrome/137.0.7151.119 Mobile Safari/537.36 (compatible; Googlebot/2.1; +http://www.google.com/bot.html)"
66.249.79.37 - - [12/Jul/2025:15:58:25 +0000] "GET /?h=64001186011960&mod=4b3da53a&uri=us.php%3Fid%3D2135777-308%26name%3Dleonardo+dicaprio+hoodie HTTP/1.1" 200 22506 "-" "Mozilla/5.0 (Linux; Android 6.0.1; Nexus 5X Build/MMB29P) AppleWebKit/537.36 (KHTML, like Gecko) Chrome/137.0.7151.103 Mobile Safari/537.36 (compatible; Googlebot/2.1; +http://www.google.com/bot.html)"
66.249.79.37 - - [12/Jul/2025:15:58:27 +0000] "POST /get-message-notify HTTP/1.1" 200 21702 "https://kelaby.company/?h=5091427061960&mod=32776512&uri=article.php%3Fid%3D169970-309%26name%3Dgtx+1060+6gb+in+2020" "Mozilla/5.0 (Linux; Android 6.0.1; Nexus 5X Build/MMB29P) AppleWebKit/537.36 (KHTML, like Gecko) Chrome/137.0.7151.119 Mobile Safari/537.36 (compatible; Googlebot/2.1; +http://www.google.com/bot.html)"
66.249.79.37 - - [12/Jul/2025:15:58:28 +0000] "GET /?h=5056817081960&mod=4b3da53a&uri=info.php%3Fid%3D168816-308%26name%3Dthe+office+hoodie+target HTTP/1.1" 200 21634 "-" "Mozilla/5.0 (Linux; Android 6.0.1; Nexus 5X Build/MMB29P) AppleWebKit/537.36 (KHTML, like Gecko) Chrome/137.0.7151.103 Mobile Safari/537.36 (compatible; Googlebot/2.1; +http://www.google.com/bot.html)"
66.249.79.32 - - [12/Jul/2025:15:58:38 +0000] "POST /get-message-notify HTTP/1.1" 200 21704 "https://kelaby.company/?h=5091067001960&mod=32776512&uri=itm.php%3Fid%3D169958-309%26name%3Dgtx+1070+8gb+evga" "Mozilla/5.0 (Linux; Android 6.0.1; Nexus 5X Build/MMB29P) AppleWebKit/537.36 (KHTML, like Gecko) Chrome/137.0.7151.119 Mobile Safari/537.36 (compatible; Googlebot/2.1; +http://www.google.com/bot.html)"
66.249.79.32 - - [12/Jul/2025:15:58:38 +0000] "GET /?h=5056877001960&mod=4b3da53a&uri=dp.php%3Fid%3D168818-308%26name%3Dyellow+graffiti+hoodie HTTP/1.1" 200 22566 "-" "Mozilla/5.0 (Linux; Android 6.0.1; Nexus 5X Build/MMB29P) AppleWebKit/537.36 (KHTML, like Gecko) Chrome/137.0.7151.103 Mobile Safari/537.36 (compatible; Googlebot/2.1; +http://www.google.com/bot.html)"
66.249.79.32 - - [12/Jul/2025:15:58:38 +0000] "GET /?h=6220716041960&mod=acac6e55&uri=brands.php%3Fid%3D207758-219%26name%3Dsougayilang+company HTTP/1.1" 200 22224 "-" "Mozilla/5.0 (Linux; Android 6.0.1; Nexus 5X Build/MMB29P) AppleWebKit/537.36 (KHTML, like Gecko) Chrome/137.0.7151.103 Mobile Safari/537.36 (compatible; Googlebot/2.1; +http://www.google.com/bot.html)"
66.249.79.32 - - [12/Jul/2025:15:58:45 +0000] "GET /?h=5091967041960&mod=5ea1e18a&uri=itm.php%3Fid%3D169988-310%26name%3Dgeforce+rtx+3080+ti+rog+strix HTTP/1.1" 200 21327 "-" "Mozilla/5.0 (Linux; Android 6.0.1; Nexus 5X Build/MMB29P) AppleWebKit/537.36 (KHTML, like Gecko) Chrome/137.0.7151.103 Mobile Safari/537.36 (compatible; Googlebot/2.1; +http://www.google.com/bot.html)"
66.249.79.32 - - [12/Jul/2025:15:58:47 +0000] "GET /?h=5090287001960&mod=5ea1e18a&uri=us.php%3Fid%3D169932-310%26name%3Dnvidia+shield+tv+pro+live+tv HTTP/1.1" 200 21456 "-" "Mozilla/5.0 (Linux; Android 6.0.1; Nexus 5X Build/MMB29P) AppleWebKit/537.36 (KHTML, like Gecko) Chrome/137.0.7151.103 Mobile Safari/537.36 (compatible; Googlebot/2.1; +http://www.google.com/bot.html)"
66.249.79.32 - - [12/Jul/2025:15:58:55 +0000] "GET /?h=5089447041960&mod=32776512&uri=article.php%3Fid%3D169904-309%26name%3Dgtx+1050+ti+in+2021 HTTP/1.1" 200 22242 "-" "Mozilla/5.0 (Linux; Android 6.0.1; Nexus 5X Build/MMB29P) AppleWebKit/537.36 (KHTML, like Gecko) Chrome/137.0.7151.103 Mobile Safari/537.36 (compatible; Googlebot/2.1; +http://www.google.com/bot.html)"
66.249.79.33 - - [12/Jul/2025:15:59:07 +0000] "GET /?h=5092447021960&mod=32776512&uri=form.php%3Fid%3D170004-309%26name%3Dmainboard+asrock+h110+pro+btc%2B HTTP/1.1" 200 21843 "-" "Mozilla/5.0 (Linux; Android 6.0.1; Nexus 5X Build/MMB29P) AppleWebKit/537.36 (KHTML, like Gecko) Chrome/137.0.7151.103 Mobile Safari/537.36 (compatible; Googlebot/2.1; +http://www.google.com/bot.html)"
66.249.79.32 - - [12/Jul/2025:15:59:23 +0000] "GET /?h=5092567001960&mod=32776512&uri=dp.php%3Fid%3D170008-309%26name%3Dpny+a6000 HTTP/1.1" 200 21474 "-" "Mozilla/5.0 (Linux; Android 6.0.1; Nexus 5X Build/MMB29P) AppleWebKit/537.36 (KHTML, like Gecko) Chrome/137.0.7151.103 Mobile Safari/537.36 (compatible; Googlebot/2.1; +http://www.google.com/bot.html)"
66.249.79.32 - - [12/Jul/2025:15:59:26 +0000] "GET /?h=5168847001960&mod=8c76acf2&uri=shared.php%3Fid%3D172552-155%26name%3Dgoogle+home+compatible+alarm+clock HTTP/1.1" 200 22462 "-" "Mozilla/5.0 (Linux; Android 6.0.1; Nexus 5X Build/MMB29P) AppleWebKit/537.36 (KHTML, like Gecko) Chrome/137.0.7151.103 Mobile Safari/537.36 (compatible; Googlebot/2.1; +http://www.google.com/bot.html)"
66.249.79.32 - - [12/Jul/2025:15:59:26 +0000] "POST /get-message-notify HTTP/1.1" 200 21699 "https://kelaby.company/?h=5092567001960&mod=32776512&uri=dp.php%3Fid%3D170008-309%26name%3Dpny+a6000" "Mozilla/5.0 (Linux; Android 6.0.1; Nexus 5X Build/MMB29P) AppleWebKit/537.36 (KHTML, like Gecko) Chrome/137.0.7151.119 Mobile Safari/537.36 (compatible; Googlebot/2.1; +http://www.google.com/bot.html)"
66.249.79.32 - - [12/Jul/2025:15:59:28 +0000] "GET /?h=5091547011960&mod=32776512&uri=itm.php%3Fid%3D169974-309%26name%3D1070+ti+retail+price HTTP/1.1" 200 22644 "-" "Mozilla/5.0 (Linux; Android 6.0.1; Nexus 5X Build/MMB29P) AppleWebKit/537.36 (KHTML, like Gecko) Chrome/137.0.7151.103 Mobile Safari/537.36 (compatible; Googlebot/2.1; +http://www.google.com/bot.html)"
66.249.79.32 - - [12/Jul/2025:15:59:31 +0000] "GET /?h=5089807041960&mod=32776512&uri=brands.php%3Fid%3D169916-309%26name%3Drtx+3070+oc+edition HTTP/1.1" 200 21929 "-" "Mozilla/5.0 (Linux; Android 6.0.1; Nexus 5X Build/MMB29P) AppleWebKit/537.36 (KHTML, like Gecko) Chrome/137.0.7151.103 Mobile Safari/537.36 (compatible; Googlebot/2.1; +http://www.google.com/bot.html)"
66.249.79.32 - - [12/Jul/2025:15:59:33 +0000] "GET /?h=5092147011960&mod=32776512&uri=products.php%3Fid%3D169994-309%26name%3Dgtx+1050+ti+retail+price HTTP/1.1" 200 22410 "-" "Mozilla/5.0 (Linux; Android 6.0.1; Nexus 5X Build/MMB29P) AppleWebKit/537.36 (KHTML, like Gecko) Chrome/137.0.7151.103 Mobile Safari/537.36 (compatible; Googlebot/2.1; +http://www.google.com/bot.html)"
66.249.79.32 - - [12/Jul/2025:15:59:36 +0000] "POST /get-message-notify HTTP/1.1" 200 21705 "https://kelaby.company/?h=5089807041960&mod=32776512&uri=brands.php%3Fid%3D169916-309%26name%3Drtx+3070+oc+edition" "Mozilla/5.0 (Linux; Android 6.0.1; Nexus 5X Build/MMB29P) AppleWebKit/537.36 (KHTML, like Gecko) Chrome/137.0.7151.119 Mobile Safari/537.36 (compatible; Googlebot/2.1; +http://www.google.com/bot.html)"
66.249.79.32 - - [12/Jul/2025:15:59:36 +0000] "GET /?h=5089087041960&mod=32776512&uri=shop.php%3Fid%3D169892-309%26name%3D1080+ti+flight+simulator+2020 HTTP/1.1" 200 21820 "-" "Mozilla/5.0 (Linux; Android 6.0.1; Nexus 5X Build/MMB29P) AppleWebKit/537.36 (KHTML, like Gecko) Chrome/137.0.7151.103 Mobile Safari/537.36 (compatible; Googlebot/2.1; +http://www.google.com/bot.html)"
66.249.79.32 - - [12/Jul/2025:15:59:38 +0000] "GET /?h=59276525071960&mod=4b3da53a&uri=products.php%3Fid%3D1978091-308%26name%3Dquince+cashmere+joggers HTTP/1.1" 200 21437 "-" "Mozilla/5.0 (Linux; Android 6.0.1; Nexus 5X Build/MMB29P) AppleWebKit/537.36 (KHTML, like Gecko) Chrome/137.0.7151.103 Mobile Safari/537.36 (compatible; Googlebot/2.1; +http://www.google.com/bot.html)"
66.249.79.32 - - [12/Jul/2025:15:59:39 +0000] "POST /get-message-notify HTTP/1.1" 200 21707 "https://kelaby.company/?h=5089087041960&mod=32776512&uri=shop.php%3Fid%3D169892-309%26name%3D1080+ti+flight+simulator+2020" "Mozilla/5.0 (Linux; Android 6.0.1; Nexus 5X Build/MMB29P) AppleWebKit/537.36 (KHTML, like Gecko) Chrome/137.0.7151.119 Mobile Safari/537.36 (compatible; Googlebot/2.1; +http://www.google.com/bot.html)"
66.249.79.32 - - [12/Jul/2025:15:59:48 +0000] "GET /?h=68235749091960&mod=4b3da53a&uri=info.php%3Fid%3D2277087-308%26name%3Dcotton+pajamas+for+toddlers HTTP/1.1" 200 21600 "-" "Mozilla/5.0 (Linux; Android 6.0.1; Nexus 5X Build/MMB29P) AppleWebKit/537.36 (KHTML, like Gecko) Chrome/137.0.7151.103 Mobile Safari/537.36 (compatible; Googlebot/2.1; +http://www.google.com/bot.html)"
209.74.77.214 - - [12/Jul/2025:15:59:51 +0000] "POST /wp-cron.php?doing_wp_cron=1752335991.6528990268707275390625 HTTP/1.1" 200 - "-" "WordPress/6.8.1; https://kelaby.company"
51.222.253.8 - - [12/Jul/2025:15:59:51 +0000] "GET /?h=12643587071960&uri=itm.php%3Fid%3D422163-521%26name%3Dsaucony%20kinvara%20rebajas HTTP/1.1" 200 26422 "-" "Mozilla/5.0 (compatible; AhrefsBot/7.0; +http://ahrefs.com/robot/)"
66.249.79.32 - - [12/Jul/2025:15:59:51 +0000] "GET /?h=5090767001960&mod=5ea1e18a&uri=pin.php%3Fid%3D169948-310%26name%3Dasus+rog+strix+3080+delayed HTTP/1.1" 200 22198 "-" "Mozilla/5.0 (Linux; Android 6.0.1; Nexus 5X Build/MMB29P) AppleWebKit/537.36 (KHTML, like Gecko) Chrome/137.0.7151.103 Mobile Safari/537.36 (compatible; Googlebot/2.1; +http://www.google.com/bot.html)"
66.249.79.32 - - [12/Jul/2025:15:59:54 +0000] "GET /?h=63500125041960&mod=4b3da53a&uri=products.php%3Fid%3D2119058-308%26name%3Dweyz+hoodie HTTP/1.1" 200 22810 "-" "Mozilla/5.0 (Linux; Android 6.0.1; Nexus 5X Build/MMB29P) AppleWebKit/537.36 (KHTML, like Gecko) Chrome/137.0.7151.103 Mobile Safari/537.36 (compatible; Googlebot/2.1; +http://www.google.com/bot.html)"
66.249.79.32 - - [12/Jul/2025:15:59:57 +0000] "POST /get-message-notify HTTP/1.1" 200 21708 "https://kelaby.company/?h=63500125041960&mod=4b3da53a&uri=products.php%3Fid%3D2119058-308%26name%3Dweyz+hoodie" "Mozilla/5.0 (Linux; Android 6.0.1; Nexus 5X Build/MMB29P) AppleWebKit/537.36 (KHTML, like Gecko) Chrome/137.0.7151.119 Mobile Safari/537.36 (compatible; Googlebot/2.1; +http://www.google.com/bot.html)"
66.249.79.32 - - [12/Jul/2025:15:59:59 +0000] "GET /?h=5090947061960&mod=5ea1e18a&uri=product.php%3Fid%3D169954-310%26name%3Drtx+3060+12gb+rog+strix HTTP/1.1" 200 21824 "-" "Mozilla/5.0 (Linux; Android 6.0.1; Nexus 5X Build/MMB29P) AppleWebKit/537.36 (KHTML, like Gecko) Chrome/137.0.7151.103 Mobile Safari/537.36 (compatible; Googlebot/2.1; +http://www.google.com/bot.html)"
66.249.79.32 - - [12/Jul/2025:16:00:05 +0000] "GET /?h=5092027121960&mod=4b3da53a&uri=shared.php%3Fid%3D169990-308%26name%3Dbetter+bodies+crop+hoodie HTTP/1.1" 200 22194 "-" "Mozilla/5.0 (Linux; Android 6.0.1; Nexus 5X Build/MMB29P) AppleWebKit/537.36 (KHTML, like Gecko) Chrome/137.0.7151.103 Mobile Safari/537.36 (compatible; Googlebot/2.1; +http://www.google.com/bot.html)"
