66.249.79.32 - - [12/Jul/2025:17:14:07 +0000] "GET /?h=39723380031960&mod=be8e1862&uri=info.php%3Fid%3D1325756-342%26name%3Dtree+stilt+walkers HTTP/1.1" 200 20736 "-" "Mozilla/5.0 (Linux; Android 6.0.1; Nexus 5X Build/MMB29P) AppleWebKit/537.36 (KHTML, like Gecko) Chrome/137.0.7151.103 Mobile Safari/537.36 (compatible; Googlebot/2.1; +http://www.google.com/bot.html)"
66.249.79.37 - - [12/Jul/2025:17:14:20 +0000] "GET /?h=5987189031960&mod=a788f0e7&uri=us.php%3Fid%3D199934-345%26name%3Dropa+de+nieve+wallapop HTTP/1.1" 200 21288 "-" "Mozilla/5.0 (Linux; Android 6.0.1; Nexus 5X Build/MMB29P) AppleWebKit/537.36 (KHTML, like Gecko) Chrome/137.0.7151.103 Mobile Safari/537.36 (compatible; Googlebot/2.1; +http://www.google.com/bot.html)"
66.249.79.37 - - [12/Jul/2025:17:14:23 +0000] "GET /?h=5985689001960&mod=a788f0e7&uri=shop.php%3Fid%3D199884-345%26name%3Dropa+esqui+hombre+outlet HTTP/1.1" 200 20695 "-" "Mozilla/5.0 (Linux; Android 6.0.1; Nexus 5X Build/MMB29P) AppleWebKit/537.36 (KHTML, like Gecko) Chrome/137.0.7151.103 Mobile Safari/537.36 (compatible; Googlebot/2.1; +http://www.google.com/bot.html)"
66.249.79.231 - - [12/Jul/2025:17:14:26 +0000] "GET /?h=5696337011960&mod=2076b5ab&uri=category-info.php%3Fid%3D190199-333%26name%3Dsomerset+mall+jewelry+stores HTTP/1.1" 200 21946 "-" "Mozilla/5.0 (Linux; Android 6.0.1; Nexus 5X Build/MMB29P) AppleWebKit/537.36 (KHTML, like Gecko) Chrome/137.0.7151.103 Mobile Safari/537.36 (compatible; Googlebot/2.1; +http://www.google.com/bot.html)"
66.249.79.37 - - [12/Jul/2025:17:14:26 +0000] "GET /?h=5984448011960&mod=a788f0e7&uri=dp.php%3Fid%3D199842-345%26name%3Dfardos+ropa+clinica HTTP/1.1" 200 20288 "-" "Mozilla/5.0 (Linux; Android 6.0.1; Nexus 5X Build/MMB29P) AppleWebKit/537.36 (KHTML, like Gecko) Chrome/137.0.7151.103 Mobile Safari/537.36 (compatible; Googlebot/2.1; +http://www.google.com/bot.html)"
66.249.79.37 - - [12/Jul/2025:17:14:29 +0000] "GET /?h=5921381001960&mod=09018a5a&uri=product.php%3Fid%3D197738-343%26name%3Dtarget+mid+century+modern HTTP/1.1" 200 21493 "-" "Mozilla/5.0 (Linux; Android 6.0.1; Nexus 5X Build/MMB29P) AppleWebKit/537.36 (KHTML, like Gecko) Chrome/137.0.7151.103 Mobile Safari/537.36 (compatible; Googlebot/2.1; +http://www.google.com/bot.html)"
66.249.79.37 - - [12/Jul/2025:17:14:33 +0000] "GET /?h=5925251091960&mod=be8e1862&uri=goods.php%3Fid%3D197867-342%26name%3Dduet+swing HTTP/1.1" 200 20859 "-" "Mozilla/5.0 (Linux; Android 6.0.1; Nexus 5X Build/MMB29P) AppleWebKit/537.36 (KHTML, like Gecko) Chrome/137.0.7151.103 Mobile Safari/537.36 (compatible; Googlebot/2.1; +http://www.google.com/bot.html)"
66.249.79.37 - - [12/Jul/2025:17:14:36 +0000] "POST /get-message-notify HTTP/1.1" 200 21708 "https://kelaby.company/?h=5984448011960&mod=a788f0e7&uri=dp.php%3Fid%3D199842-345%26name%3Dfardos+ropa+clinica" "Mozilla/5.0 (Linux; Android 6.0.1; Nexus 5X Build/MMB29P) AppleWebKit/537.36 (KHTML, like Gecko) Chrome/137.0.7151.119 Mobile Safari/537.36 (compatible; Googlebot/2.1; +http://www.google.com/bot.html)"
66.249.79.37 - - [12/Jul/2025:17:14:41 +0000] "POST /get-message-notify HTTP/1.1" 200 21696 "https://kelaby.company/?h=39723380031960&mod=be8e1862&uri=info.php%3Fid%3D1325756-342%26name%3Dtree+stilt+walkers" "Mozilla/5.0 (Linux; Android 6.0.1; Nexus 5X Build/MMB29P) AppleWebKit/537.36 (KHTML, like Gecko) Chrome/137.0.7151.119 Mobile Safari/537.36 (compatible; Googlebot/2.1; +http://www.google.com/bot.html)"
66.249.79.37 - - [12/Jul/2025:17:14:46 +0000] "GET /?h=6112115031960&mod=e1029434&uri=form.php%3Fid%3D204105-208%26name%3Dinstax+mini+13 HTTP/1.1" 200 21780 "-" "Mozilla/5.0 (Linux; Android 6.0.1; Nexus 5X Build/MMB29P) AppleWebKit/537.36 (KHTML, like Gecko) Chrome/137.0.7151.103 Mobile Safari/537.36 (compatible; Googlebot/2.1; +http://www.google.com/bot.html)"
66.249.79.37 - - [12/Jul/2025:17:14:50 +0000] "POST /get-message-notify HTTP/1.1" 200 21709 "https://kelaby.company/?h=6112115031960&mod=e1029434&uri=form.php%3Fid%3D204105-208%26name%3Dinstax+mini+13" "Mozilla/5.0 (Linux; Android 6.0.1; Nexus 5X Build/MMB29P) AppleWebKit/537.36 (KHTML, like Gecko) Chrome/137.0.7151.119 Mobile Safari/537.36 (compatible; Googlebot/2.1; +http://www.google.com/bot.html)"
66.249.79.37 - - [12/Jul/2025:17:14:51 +0000] "GET /?h=5988209041960&mod=a788f0e7&uri=search.php%3Fid%3D199968-345%26name%3Dbuzo+bebe+invierno+decathlon HTTP/1.1" 200 22027 "-" "Mozilla/5.0 (Linux; Android 6.0.1; Nexus 5X Build/MMB29P) AppleWebKit/537.36 (KHTML, like Gecko) Chrome/137.0.7151.103 Mobile Safari/537.36 (compatible; Googlebot/2.1; +http://www.google.com/bot.html)"
66.249.79.37 - - [12/Jul/2025:17:14:53 +0000] "POST /get-message-notify HTTP/1.1" 200 21701 "https://kelaby.company/?h=5988209041960&mod=a788f0e7&uri=search.php%3Fid%3D199968-345%26name%3Dbuzo+bebe+invierno+decathlon" "Mozilla/5.0 (Linux; Android 6.0.1; Nexus 5X Build/MMB29P) AppleWebKit/537.36 (KHTML, like Gecko) Chrome/137.0.7151.119 Mobile Safari/537.36 (compatible; Googlebot/2.1; +http://www.google.com/bot.html)"
66.249.79.37 - - [12/Jul/2025:17:14:54 +0000] "GET /?h=5982648011960&mod=a788f0e7&uri=pin.php%3Fid%3D199782-345%26name%3Dmadrinas+2021+rosa+clar%C3%83%C2%A1 HTTP/1.1" 200 21924 "-" "Mozilla/5.0 (Linux; Android 6.0.1; Nexus 5X Build/MMB29P) AppleWebKit/537.36 (KHTML, like Gecko) Chrome/137.0.7151.103 Mobile Safari/537.36 (compatible; Googlebot/2.1; +http://www.google.com/bot.html)"
66.249.79.33 - - [12/Jul/2025:17:15:01 +0000] "GET /?h=119772443061960&mod=da036300&uri=us.php%3Fid%3D3997170-242%26name%3Dbreville+semi+automatic+espresso+machine HTTP/1.1" 200 22036 "-" "Mozilla/5.0 (Linux; Android 6.0.1; Nexus 5X Build/MMB29P) AppleWebKit/537.36 (KHTML, like Gecko) Chrome/137.0.7151.103 Mobile Safari/537.36 (compatible; Googlebot/2.1; +http://www.google.com/bot.html)"
66.249.79.37 - - [12/Jul/2025:17:15:02 +0000] "GET /?h=115112117051960&mod=be8e1862&uri=brands.php%3Fid%3D3841711-342%26name%3Dlightning+mcqueen+walker HTTP/1.1" 200 21082 "-" "Mozilla/5.0 (Linux; Android 6.0.1; Nexus 5X Build/MMB29P) AppleWebKit/537.36 (KHTML, like Gecko) Chrome/137.0.7151.103 Mobile Safari/537.36 (compatible; Googlebot/2.1; +http://www.google.com/bot.html)"
66.249.79.37 - - [12/Jul/2025:17:15:02 +0000] "GET /?h=63041995011960&mod=4b3da53a&uri=goods.php%3Fid%3D2103779-308%26name%3Dshein+men+hoodies HTTP/1.1" 200 21906 "-" "Mozilla/5.0 (Linux; Android 6.0.1; Nexus 5X Build/MMB29P) AppleWebKit/537.36 (KHTML, like Gecko) Chrome/137.0.7151.103 Mobile Safari/537.36 (compatible; Googlebot/2.1; +http://www.google.com/bot.html)"
66.249.79.33 - - [12/Jul/2025:17:15:05 +0000] "GET /?h=5929451051960&mod=09018a5a&uri=goods.php%3Fid%3D198007-343%26name%3D75+inch+tv+stand+target HTTP/1.1" 200 22331 "-" "Mozilla/5.0 (Linux; Android 6.0.1; Nexus 5X Build/MMB29P) AppleWebKit/537.36 (KHTML, like Gecko) Chrome/137.0.7151.103 Mobile Safari/537.36 (compatible; Googlebot/2.1; +http://www.google.com/bot.html)"
66.249.79.32 - - [12/Jul/2025:17:15:08 +0000] "GET /?h=5978225081960&mod=a788f0e7&uri=product.php%3Fid%3D199634-345%26name%3Dmono+bebe+invierno+decathlon HTTP/1.1" 200 21573 "-" "Mozilla/5.0 (Linux; Android 6.0.1; Nexus 5X Build/MMB29P) AppleWebKit/537.36 (KHTML, like Gecko) Chrome/137.0.7151.103 Mobile Safari/537.36 (compatible; Googlebot/2.1; +http://www.google.com/bot.html)"
66.249.79.37 - - [12/Jul/2025:17:15:12 +0000] "POST /get-message-notify HTTP/1.1" 200 21697 "https://kelaby.company/?h=119772443061960&mod=da036300&uri=us.php%3Fid%3D3997170-242%26name%3Dbreville+semi+automatic+espresso+machine" "Mozilla/5.0 (Linux; Android 6.0.1; Nexus 5X Build/MMB29P) AppleWebKit/537.36 (KHTML, like Gecko) Chrome/137.0.7151.119 Mobile Safari/537.36 (compatible; Googlebot/2.1; +http://www.google.com/bot.html)"
66.249.79.232 - - [12/Jul/2025:17:15:16 +0000] "GET /?h=5855981071960&mod=7530b57b&uri=product.php%3Fid%3D195555-341%26name%3Dcasco+ls2+ff+352 HTTP/1.1" 200 22100 "-" "Mozilla/5.0 (Linux; Android 6.0.1; Nexus 5X Build/MMB29P) AppleWebKit/537.36 (KHTML, like Gecko) Chrome/137.0.7151.103 Mobile Safari/537.36 (compatible; Googlebot/2.1; +http://www.google.com/bot.html)"
66.249.79.230 - - [12/Jul/2025:17:15:19 +0000] "POST /get-message-notify HTTP/1.1" 200 20946 "https://www.kelaby.company/?h=5855981071960&mod=7530b57b&uri=product.php%3Fid%3D195555-341%26name%3Dcasco+ls2+ff+352" "Mozilla/5.0 (Linux; Android 6.0.1; Nexus 5X Build/MMB29P) AppleWebKit/537.36 (KHTML, like Gecko) Chrome/137.0.7151.119 Mobile Safari/537.36 (compatible; Googlebot/2.1; +http://www.google.com/bot.html)"
66.249.79.37 - - [12/Jul/2025:17:15:22 +0000] "GET /?h=5922671011960&mod=be8e1862&uri=category-info.php%3Fid%3D197781-342%26name%3Dbaby+bjorn+bouncer+max+weight HTTP/1.1" 200 21792 "-" "Mozilla/5.0 (Linux; Android 6.0.1; Nexus 5X Build/MMB29P) AppleWebKit/537.36 (KHTML, like Gecko) Chrome/137.0.7151.103 Mobile Safari/537.36 (compatible; Googlebot/2.1; +http://www.google.com/bot.html)"
66.249.79.37 - - [12/Jul/2025:17:15:25 +0000] "GET /?h=5917901061960&mod=be8e1862&uri=news.php%3Fid%3D197622-342%26name%3Dbaby+bouncer+folds+flat HTTP/1.1" 200 21220 "-" "Mozilla/5.0 (Linux; Android 6.0.1; Nexus 5X Build/MMB29P) AppleWebKit/537.36 (KHTML, like Gecko) Chrome/137.0.7151.103 Mobile Safari/537.36 (compatible; Googlebot/2.1; +http://www.google.com/bot.html)"
66.249.79.37 - - [12/Jul/2025:17:15:33 +0000] "GET /?h=5939651031960&mod=be8e1862&uri=product.php%3Fid%3D198347-342%26name%3Dbright+starts+walker+big+w HTTP/1.1" 200 20726 "-" "Mozilla/5.0 (Linux; Android 6.0.1; Nexus 5X Build/MMB29P) AppleWebKit/537.36 (KHTML, like Gecko) Chrome/137.0.7151.103 Mobile Safari/537.36 (compatible; Googlebot/2.1; +http://www.google.com/bot.html)"
66.249.79.37 - - [12/Jul/2025:17:15:39 +0000] "GET /?h=5980368001960&mod=a788f0e7&uri=blog.php%3Fid%3D199706-345%26name%3Dropa+de+nieve+oysho HTTP/1.1" 200 20985 "-" "Mozilla/5.0 (Linux; Android 6.0.1; Nexus 5X Build/MMB29P) AppleWebKit/537.36 (KHTML, like Gecko) Chrome/137.0.7151.103 Mobile Safari/537.36 (compatible; Googlebot/2.1; +http://www.google.com/bot.html)"
66.249.79.37 - - [12/Jul/2025:17:15:36 +0000] "GET /?h=5991449041960&mod=a788f0e7&uri=blog.php%3Fid%3D200076-345%26name%3Dpantalones+anchos+asos HTTP/1.1" 200 22210 "-" "Mozilla/5.0 (Linux; Android 6.0.1; Nexus 5X Build/MMB29P) AppleWebKit/537.36 (KHTML, like Gecko) Chrome/137.0.7151.103 Mobile Safari/537.36 (compatible; Googlebot/2.1; +http://www.google.com/bot.html)"
66.249.79.37 - - [12/Jul/2025:17:15:42 +0000] "GET /?h=5981568001960&mod=a788f0e7&uri=goods.php%3Fid%3D199746-345%26name%3Dropa+de+nieve+mujer+forum HTTP/1.1" 200 20815 "-" "Mozilla/5.0 (Linux; Android 6.0.1; Nexus 5X Build/MMB29P) AppleWebKit/537.36 (KHTML, like Gecko) Chrome/137.0.7151.103 Mobile Safari/537.36 (compatible; Googlebot/2.1; +http://www.google.com/bot.html)"
66.249.79.37 - - [12/Jul/2025:17:15:45 +0000] "GET /?h=5986889011960&mod=a788f0e7&uri=brands.php%3Fid%3D199924-345%26name%3Dmoda+lloyd%27s+mujer+en+el+corte+ingl%C3%83%C2%A9s HTTP/1.1" 200 21279 "-" "Mozilla/5.0 (Linux; Android 6.0.1; Nexus 5X Build/MMB29P) AppleWebKit/537.36 (KHTML, like Gecko) Chrome/137.0.7151.103 Mobile Safari/537.36 (compatible; Googlebot/2.1; +http://www.google.com/bot.html)"
66.249.79.37 - - [12/Jul/2025:17:15:45 +0000] "GET /?h=119764884141960&mod=40195594&uri=product.php%3Fid%3D3996918-141%26name%3Dvestidos+iciar+y+candela+2021 HTTP/1.1" 200 21377 "-" "Mozilla/5.0 (Linux; Android 6.0.1; Nexus 5X Build/MMB29P) AppleWebKit/537.36 (KHTML, like Gecko) Chrome/137.0.7151.103 Mobile Safari/537.36 (compatible; Googlebot/2.1; +http://www.google.com/bot.html)"
66.249.79.37 - - [12/Jul/2025:17:15:50 +0000] "GET /?h=5985629111960&mod=a788f0e7&uri=blog.php%3Fid%3D199882-345%26name%3Dchaquetas+de+nieve+para+mujer HTTP/1.1" 200 20720 "-" "Mozilla/5.0 (Linux; Android 6.0.1; Nexus 5X Build/MMB29P) AppleWebKit/537.36 (KHTML, like Gecko) Chrome/137.0.7151.103 Mobile Safari/537.36 (compatible; Googlebot/2.1; +http://www.google.com/bot.html)"
66.249.79.230 - - [12/Jul/2025:17:15:55 +0000] "GET /?h=5806478021960&mod=9bbcf8c9&uri=news.php%3Fid%3D193903-336%26name%3Dbirkin+bag+di+hermes HTTP/1.1" 200 20707 "-" "Mozilla/5.0 (Linux; Android 6.0.1; Nexus 5X Build/MMB29P) AppleWebKit/537.36 (KHTML, like Gecko) Chrome/137.0.7151.103 Mobile Safari/537.36 (compatible; Googlebot/2.1; +http://www.google.com/bot.html)"
66.249.79.37 - - [12/Jul/2025:17:15:55 +0000] "POST /get-message-notify HTTP/1.1" 200 21703 "https://kelaby.company/?h=5985629111960&mod=a788f0e7&uri=blog.php%3Fid%3D199882-345%26name%3Dchaquetas+de+nieve+para+mujer" "Mozilla/5.0 (Linux; Android 6.0.1; Nexus 5X Build/MMB29P) AppleWebKit/537.36 (KHTML, like Gecko) Chrome/137.0.7151.119 Mobile Safari/537.36 (compatible; Googlebot/2.1; +http://www.google.com/bot.html)"
66.249.79.32 - - [12/Jul/2025:17:16:02 +0000] "GET /?h=5983908041960&mod=a788f0e7&uri=article.php%3Fid%3D199824-345%26name%3Dcuidado+de+chamarras+de+piel HTTP/1.1" 200 20799 "-" "Mozilla/5.0 (Linux; Android 6.0.1; Nexus 5X Build/MMB29P) AppleWebKit/537.36 (KHTML, like Gecko) Chrome/137.0.7151.103 Mobile Safari/537.36 (compatible; Googlebot/2.1; +http://www.google.com/bot.html)"
66.249.79.33 - - [12/Jul/2025:17:16:05 +0000] "GET /?h=5984808041960&mod=a788f0e7&uri=form.php%3Fid%3D199854-345%26name%3Dmarcas+de+moda+en+el+corte+ingles+mujer HTTP/1.1" 200 21228 "-" "Mozilla/5.0 (Linux; Android 6.0.1; Nexus 5X Build/MMB29P) AppleWebKit/537.36 (KHTML, like Gecko) Chrome/137.0.7151.103 Mobile Safari/537.36 (compatible; Googlebot/2.1; +http://www.google.com/bot.html)"
66.249.79.37 - - [12/Jul/2025:17:16:08 +0000] "GET /?h=5983128021960&mod=a788f0e7&uri=pin.php%3Fid%3D199798-345%26name%3Dropa+americana+para+la+nieve HTTP/1.1" 200 21882 "-" "Mozilla/5.0 (Linux; Android 6.0.1; Nexus 5X Build/MMB29P) AppleWebKit/537.36 (KHTML, like Gecko) Chrome/137.0.7151.103 Mobile Safari/537.36 (compatible; Googlebot/2.1; +http://www.google.com/bot.html)"
66.249.79.37 - - [12/Jul/2025:17:16:19 +0000] "GET /?h=5980968051960&mod=a788f0e7&uri=shop.php%3Fid%3D199726-345%26name%3Dlidl+cazadoras+nieve HTTP/1.1" 200 20507 "-" "Mozilla/5.0 (Linux; Android 6.0.1; Nexus 5X Build/MMB29P) AppleWebKit/537.36 (KHTML, like Gecko) Chrome/137.0.7151.103 Mobile Safari/537.36 (compatible; Googlebot/2.1; +http://www.google.com/bot.html)"
66.249.79.37 - - [12/Jul/2025:17:16:22 +0000] "POST /get-message-notify HTTP/1.1" 200 21705 "https://kelaby.company/?h=5980968051960&mod=a788f0e7&uri=shop.php%3Fid%3D199726-345%26name%3Dlidl+cazadoras+nieve" "Mozilla/5.0 (Linux; Android 6.0.1; Nexus 5X Build/MMB29P) AppleWebKit/537.36 (KHTML, like Gecko) Chrome/137.0.7151.119 Mobile Safari/537.36 (compatible; Googlebot/2.1; +http://www.google.com/bot.html)"
66.249.79.37 - - [12/Jul/2025:17:16:22 +0000] "GET /?h=5985108021960&mod=a788f0e7&uri=info.php%3Fid%3D199864-345%26name%3Drebajas+el+corte+ingl%C3%83%C2%A9s+moda+mujer HTTP/1.1" 200 21120 "-" "Mozilla/5.0 (Linux; Android 6.0.1; Nexus 5X Build/MMB29P) AppleWebKit/537.36 (KHTML, like Gecko) Chrome/137.0.7151.103 Mobile Safari/537.36 (compatible; Googlebot/2.1; +http://www.google.com/bot.html)"
66.249.79.37 - - [12/Jul/2025:17:16:31 +0000] "GET /?h=5991689001960&mod=a788f0e7&uri=product.php%3Fid%3D200084-345%26name%3Dmoda+de+pantalones+anchos+estampados HTTP/1.1" 200 22248 "-" "Mozilla/5.0 (Linux; Android 6.0.1; Nexus 5X Build/MMB29P) AppleWebKit/537.36 (KHTML, like Gecko) Chrome/137.0.7151.103 Mobile Safari/537.36 (compatible; Googlebot/2.1; +http://www.google.com/bot.html)"
66.249.79.37 - - [12/Jul/2025:17:16:34 +0000] "GET /?h=5989289061960&mod=a788f0e7&uri=brands.php%3Fid%3D200004-345%26name%3Dforum+ropa+nieve HTTP/1.1" 200 22730 "-" "Mozilla/5.0 (Linux; Android 6.0.1; Nexus 5X Build/MMB29P) AppleWebKit/537.36 (KHTML, like Gecko) Chrome/137.0.7151.103 Mobile Safari/537.36 (compatible; Googlebot/2.1; +http://www.google.com/bot.html)"
66.249.79.37 - - [12/Jul/2025:17:16:37 +0000] "POST /get-message-notify HTTP/1.1" 200 21699 "https://kelaby.company/?h=5989289061960&mod=a788f0e7&uri=brands.php%3Fid%3D200004-345%26name%3Dforum+ropa+nieve" "Mozilla/5.0 (Linux; Android 6.0.1; Nexus 5X Build/MMB29P) AppleWebKit/537.36 (KHTML, like Gecko) Chrome/137.0.7151.119 Mobile Safari/537.36 (compatible; Googlebot/2.1; +http://www.google.com/bot.html)"
66.249.79.37 - - [12/Jul/2025:17:16:38 +0000] "GET /?h=5981928021960&mod=a788f0e7&uri=article.php%3Fid%3D199758-345%26name%3Del+corte+ingl%C3%83%C2%A9s+zapatillas+converse+mujer HTTP/1.1" 200 20995 "-" "Mozilla/5.0 (Linux; Android 6.0.1; Nexus 5X Build/MMB29P) AppleWebKit/537.36 (KHTML, like Gecko) Chrome/137.0.7151.103 Mobile Safari/537.36 (compatible; Googlebot/2.1; +http://www.google.com/bot.html)"
66.249.79.37 - - [12/Jul/2025:17:16:49 +0000] "GET /?h=5980265041960&mod=a788f0e7&uri=blog.php%3Fid%3D199702-345%26name%3Dvestidos+de+madrina+dorados HTTP/1.1" 200 20966 "-" "Mozilla/5.0 (Linux; Android 6.0.1; Nexus 5X Build/MMB29P) AppleWebKit/537.36 (KHTML, like Gecko) Chrome/137.0.7151.103 Mobile Safari/537.36 (compatible; Googlebot/2.1; +http://www.google.com/bot.html)"
66.249.79.37 - - [12/Jul/2025:17:16:49 +0000] "GET /?h=5985048061960&mod=a788f0e7&uri=pin.php%3Fid%3D199862-345%26name%3Dchaqueta+snow+negra HTTP/1.1" 200 20525 "-" "Mozilla/5.0 (Linux; Android 6.0.1; Nexus 5X Build/MMB29P) AppleWebKit/537.36 (KHTML, like Gecko) Chrome/137.0.7151.103 Mobile Safari/537.36 (compatible; Googlebot/2.1; +http://www.google.com/bot.html)"
66.249.79.37 - - [12/Jul/2025:17:16:52 +0000] "GET /?h=5985269021960&mod=a788f0e7&uri=news.php%3Fid%3D199870-345%26name%3Dropa+americana+seleccion HTTP/1.1" 200 20975 "-" "Mozilla/5.0 (Linux; Android 6.0.1; Nexus 5X Build/MMB29P) AppleWebKit/537.36 (KHTML, like Gecko) Chrome/137.0.7151.103 Mobile Safari/537.36 (compatible; Googlebot/2.1; +http://www.google.com/bot.html)"
66.249.79.37 - - [12/Jul/2025:17:16:57 +0000] "POST /get-message-notify HTTP/1.1" 200 21708 "https://kelaby.company/?h=5985048061960&mod=a788f0e7&uri=pin.php%3Fid%3D199862-345%26name%3Dchaqueta+snow+negra" "Mozilla/5.0 (Linux; Android 6.0.1; Nexus 5X Build/MMB29P) AppleWebKit/537.36 (KHTML, like Gecko) Chrome/137.0.7151.119 Mobile Safari/537.36 (compatible; Googlebot/2.1; +http://www.google.com/bot.html)"
66.249.79.33 - - [12/Jul/2025:17:17:01 +0000] "GET /?h=5923961011960&mod=be8e1862&uri=goods.php%3Fid%3D197824-342%26name%3Dingenuity+inlighten+cradling+swing+and+rocker+reviews HTTP/1.1" 200 21599 "-" "Mozilla/5.0 (Linux; Android 6.0.1; Nexus 5X Build/MMB29P) AppleWebKit/537.36 (KHTML, like Gecko) Chrome/137.0.7151.103 Mobile Safari/537.36 (compatible; Googlebot/2.1; +http://www.google.com/bot.html)"
66.249.79.32 - - [12/Jul/2025:17:17:02 +0000] "GET /?h=5942681011960&mod=9293eb98&uri=dp.php%3Fid%3D198448-344%26name%3Dcollier+bristow+rm+williams HTTP/1.1" 200 21877 "-" "Mozilla/5.0 (Linux; Android 6.0.1; Nexus 5X Build/MMB29P) AppleWebKit/537.36 (KHTML, like Gecko) Chrome/137.0.7151.103 Mobile Safari/537.36 (compatible; Googlebot/2.1; +http://www.google.com/bot.html)"
66.249.79.37 - - [12/Jul/2025:17:17:03 +0000] "POST /get-message-notify HTTP/1.1" 200 21695 "https://kelaby.company/?h=5985269021960&mod=a788f0e7&uri=news.php%3Fid%3D199870-345%26name%3Dropa+americana+seleccion" "Mozilla/5.0 (Linux; Android 6.0.1; Nexus 5X Build/MMB29P) AppleWebKit/537.36 (KHTML, like Gecko) Chrome/137.0.7151.119 Mobile Safari/537.36 (compatible; Googlebot/2.1; +http://www.google.com/bot.html)"
66.249.79.37 - - [12/Jul/2025:17:17:04 +0000] "GET /?h=115102727041960&mod=be8e1862&uri=info.php%3Fid%3D3841398-342%26name%3Dwalker+price+baby HTTP/1.1" 200 21774 "-" "Mozilla/5.0 (Linux; Android 6.0.1; Nexus 5X Build/MMB29P) AppleWebKit/537.36 (KHTML, like Gecko) Chrome/137.0.7151.103 Mobile Safari/537.36 (compatible; Googlebot/2.1; +http://www.google.com/bot.html)"
66.249.79.37 - - [12/Jul/2025:17:17:13 +0000] "GET /?h=5988689041960&mod=a788f0e7&uri=us.php%3Fid%3D199984-345%26name%3Dpantalones+lino+anchos HTTP/1.1" 200 21934 "-" "Mozilla/5.0 (Linux; Android 6.0.1; Nexus 5X Build/MMB29P) AppleWebKit/537.36 (KHTML, like Gecko) Chrome/137.0.7151.103 Mobile Safari/537.36 (compatible; Googlebot/2.1; +http://www.google.com/bot.html)"
66.249.79.37 - - [12/Jul/2025:17:17:21 +0000] "GET /?h=5984388021960&mod=a788f0e7&uri=blog.php%3Fid%3D199840-345%26name%3Dpantalones+de+nieve+sprinter HTTP/1.1" 200 20658 "-" "Mozilla/5.0 (Linux; Android 6.0.1; Nexus 5X Build/MMB29P) AppleWebKit/537.36 (KHTML, like Gecko) Chrome/137.0.7151.103 Mobile Safari/537.36 (compatible; Googlebot/2.1; +http://www.google.com/bot.html)"
66.249.79.37 - - [12/Jul/2025:17:17:28 +0000] "POST /get-message-notify HTTP/1.1" 200 21727 "https://kelaby.company/?h=5981928021960&mod=a788f0e7&uri=article.php%3Fid%3D199758-345%26name%3Del+corte+ingl%C3%83%C2%A9s+zapatillas+converse+mujer" "Mozilla/5.0 (Linux; Android 6.0.1; Nexus 5X Build/MMB29P) AppleWebKit/537.36 (KHTML, like Gecko) Chrome/137.0.7151.119 Mobile Safari/537.36 (compatible; Googlebot/2.1; +http://www.google.com/bot.html)"
66.249.79.37 - - [12/Jul/2025:17:17:29 +0000] "GET /?h=5982528021960&mod=a788f0e7&uri=goods.php%3Fid%3D199778-345%26name%3Dzara+fiestas HTTP/1.1" 200 20590 "-" "Mozilla/5.0 (Linux; Android 6.0.1; Nexus 5X Build/MMB29P) AppleWebKit/537.36 (KHTML, like Gecko) Chrome/137.0.7151.103 Mobile Safari/537.36 (compatible; Googlebot/2.1; +http://www.google.com/bot.html)"
66.249.79.37 - - [12/Jul/2025:17:17:32 +0000] "GET /?h=5915591141960&mod=be8e1862&uri=shared.php%3Fid%3D197545-342%26name%3Drockaroo+mobile HTTP/1.1" 200 21092 "-" "Mozilla/5.0 (Linux; Android 6.0.1; Nexus 5X Build/MMB29P) AppleWebKit/537.36 (KHTML, like Gecko) Chrome/137.0.7151.103 Mobile Safari/537.36 (compatible; Googlebot/2.1; +http://www.google.com/bot.html)"
66.249.79.37 - - [12/Jul/2025:17:17:35 +0000] "GET /?h=5982048021960&mod=a788f0e7&uri=info.php%3Fid%3D199762-345%26name%3Dmanila+trajes+de+madrina HTTP/1.1" 200 20643 "-" "Mozilla/5.0 (Linux; Android 6.0.1; Nexus 5X Build/MMB29P) AppleWebKit/537.36 (KHTML, like Gecko) Chrome/137.0.7151.103 Mobile Safari/537.36 (compatible; Googlebot/2.1; +http://www.google.com/bot.html)"
66.249.79.37 - - [12/Jul/2025:17:17:38 +0000] "GET /?h=5990369021960&mod=a788f0e7&uri=news.php%3Fid%3D200040-345%26name%3Dbatas+de+casa+bebe+carrefour HTTP/1.1" 200 21807 "-" "Mozilla/5.0 (Linux; Android 6.0.1; Nexus 5X Build/MMB29P) AppleWebKit/537.36 (KHTML, like Gecko) Chrome/137.0.7151.103 Mobile Safari/537.36 (compatible; Googlebot/2.1; +http://www.google.com/bot.html)"
66.249.79.37 - - [12/Jul/2025:17:17:43 +0000] "GET /?h=5981448061960&mod=a788f0e7&uri=shop.php%3Fid%3D199742-345%26name%3Dlotes+de+zapatos+americanos+nuevos HTTP/1.1" 200 20376 "-" "Mozilla/5.0 (Linux; Android 6.0.1; Nexus 5X Build/MMB29P) AppleWebKit/537.36 (KHTML, like Gecko) Chrome/137.0.7151.103 Mobile Safari/537.36 (compatible; Googlebot/2.1; +http://www.google.com/bot.html)"
66.249.79.37 - - [12/Jul/2025:17:17:49 +0000] "GET /?h=5980728021960&mod=a788f0e7&uri=category-info.php%3Fid%3D199718-345%26name%3Dliz+minelli+maternidad HTTP/1.1" 200 21574 "-" "Mozilla/5.0 (Linux; Android 6.0.1; Nexus 5X Build/MMB29P) AppleWebKit/537.36 (KHTML, like Gecko) Chrome/137.0.7151.103 Mobile Safari/537.36 (compatible; Googlebot/2.1; +http://www.google.com/bot.html)"
66.249.79.37 - - [12/Jul/2025:17:17:52 +0000] "POST /get-message-notify HTTP/1.1" 200 21707 "https://kelaby.company/?h=5980728021960&mod=a788f0e7&uri=category-info.php%3Fid%3D199718-345%26name%3Dliz+minelli+maternidad" "Mozilla/5.0 (Linux; Android 6.0.1; Nexus 5X Build/MMB29P) AppleWebKit/537.36 (KHTML, like Gecko) Chrome/137.0.7151.119 Mobile Safari/537.36 (compatible; Googlebot/2.1; +http://www.google.com/bot.html)"
66.249.79.37 - - [12/Jul/2025:17:17:55 +0000] "GET /?h=5984088041960&mod=a788f0e7&uri=pin.php%3Fid%3D199830-345%26name%3Dchamarra+piel+de+ternera HTTP/1.1" 200 21320 "-" "Mozilla/5.0 (Linux; Android 6.0.1; Nexus 5X Build/MMB29P) AppleWebKit/537.36 (KHTML, like Gecko) Chrome/137.0.7151.103 Mobile Safari/537.36 (compatible; Googlebot/2.1; +http://www.google.com/bot.html)"
66.249.79.32 - - [12/Jul/2025:17:18:13 +0000] "GET /?h=5981088001960&mod=a788f0e7&uri=info.php%3Fid%3D199730-345%26name%3Dchamarras+de+piel+finas HTTP/1.1" 200 21245 "-" "Mozilla/5.0 (Linux; Android 6.0.1; Nexus 5X Build/MMB29P) AppleWebKit/537.36 (KHTML, like Gecko) Chrome/137.0.7151.103 Mobile Safari/537.36 (compatible; Googlebot/2.1; +http://www.google.com/bot.html)"
66.249.79.32 - - [12/Jul/2025:17:18:19 +0000] "GET /?h=5989169021960&mod=a788f0e7&uri=info.php%3Fid%3D200000-345%26name%3Dliz+minelli+plaza+jardin HTTP/1.1" 200 22167 "-" "Mozilla/5.0 (Linux; Android 6.0.1; Nexus 5X Build/MMB29P) AppleWebKit/537.36 (KHTML, like Gecko) Chrome/137.0.7151.103 Mobile Safari/537.36 (compatible; Googlebot/2.1; +http://www.google.com/bot.html)"
66.249.79.32 - - [12/Jul/2025:17:18:25 +0000] "GET /?h=5922521001960&mod=be8e1862&uri=shop.php%3Fid%3D197776-342%26name%3Dgraco+everyway+soother+recall HTTP/1.1" 200 21546 "-" "Mozilla/5.0 (Linux; Android 6.0.1; Nexus 5X Build/MMB29P) AppleWebKit/537.36 (KHTML, like Gecko) Chrome/137.0.7151.103 Mobile Safari/537.36 (compatible; Googlebot/2.1; +http://www.google.com/bot.html)"
66.249.79.230 - - [12/Jul/2025:17:18:25 +0000] "GET /?h=5803298091960&mod=9bbcf8c9&uri=form.php%3Fid%3D193797-336%26name%3Dvictoria+secret+borse+mare HTTP/1.1" 200 20947 "-" "Mozilla/5.0 (Linux; Android 6.0.1; Nexus 5X Build/MMB29P) AppleWebKit/537.36 (KHTML, like Gecko) Chrome/137.0.7151.103 Mobile Safari/537.36 (compatible; Googlebot/2.1; +http://www.google.com/bot.html)"
66.249.79.32 - - [12/Jul/2025:17:18:28 +0000] "GET /?h=5920061061960&mod=be8e1862&uri=blog.php%3Fid%3D197694-342%26name%3Dreview+baby+bouncer HTTP/1.1" 200 21293 "-" "Mozilla/5.0 (Linux; Android 6.0.1; Nexus 5X Build/MMB29P) AppleWebKit/537.36 (KHTML, like Gecko) Chrome/137.0.7151.103 Mobile Safari/537.36 (compatible; Googlebot/2.1; +http://www.google.com/bot.html)"
66.249.79.32 - - [12/Jul/2025:17:18:31 +0000] "GET /?h=5982588021960&mod=a788f0e7&uri=shop.php%3Fid%3D199780-345%26name%3Dspyder+ropa+nieve HTTP/1.1" 200 20618 "-" "Mozilla/5.0 (Linux; Android 6.0.1; Nexus 5X Build/MMB29P) AppleWebKit/537.36 (KHTML, like Gecko) Chrome/137.0.7151.103 Mobile Safari/537.36 (compatible; Googlebot/2.1; +http://www.google.com/bot.html)"
66.249.79.32 - - [12/Jul/2025:17:18:34 +0000] "GET /?h=5991569021960&mod=a788f0e7&uri=itm.php%3Fid%3D200080-345%26name%3Dchaqueta+esqui+camuflaje HTTP/1.1" 200 22465 "-" "Mozilla/5.0 (Linux; Android 6.0.1; Nexus 5X Build/MMB29P) AppleWebKit/537.36 (KHTML, like Gecko) Chrome/137.0.7151.103 Mobile Safari/537.36 (compatible; Googlebot/2.1; +http://www.google.com/bot.html)"
66.249.79.32 - - [12/Jul/2025:17:18:37 +0000] "GET /?h=5927141001960&mod=be8e1862&uri=pin.php%3Fid%3D197930-342%26name%3Dlittle+tikes+blue+dog+rocker HTTP/1.1" 200 22093 "-" "Mozilla/5.0 (Linux; Android 6.0.1; Nexus 5X Build/MMB29P) AppleWebKit/537.36 (KHTML, like Gecko) Chrome/137.0.7151.103 Mobile Safari/537.36 (compatible; Googlebot/2.1; +http://www.google.com/bot.html)"
66.249.79.32 - - [12/Jul/2025:17:18:43 +0000] "GET /?h=5989049021960&mod=a788f0e7&uri=article.php%3Fid%3D199996-345%26name%3Dchaquetas+nieve+mujer+baratas HTTP/1.1" 200 22086 "-" "Mozilla/5.0 (Linux; Android 6.0.1; Nexus 5X Build/MMB29P) AppleWebKit/537.36 (KHTML, like Gecko) Chrome/137.0.7151.103 Mobile Safari/537.36 (compatible; Googlebot/2.1; +http://www.google.com/bot.html)"
66.249.79.32 - - [12/Jul/2025:17:18:49 +0000] "GET /?h=119619790121960&mod=b0531272&uri=info.php%3Fid%3D3992078-572%26name%3Dnike+ebernon+mid+winter+camel HTTP/1.1" 200 20284 "-" "Mozilla/5.0 (Linux; Android 6.0.1; Nexus 5X Build/MMB29P) AppleWebKit/537.36 (KHTML, like Gecko) Chrome/137.0.7151.103 Mobile Safari/537.36 (compatible; Googlebot/2.1; +http://www.google.com/bot.html)"
66.249.79.32 - - [12/Jul/2025:17:18:50 +0000] "POST /get-message-notify HTTP/1.1" 200 21706 "https://kelaby.company/?h=5989049021960&mod=a788f0e7&uri=article.php%3Fid%3D199996-345%26name%3Dchaquetas+nieve+mujer+baratas" "Mozilla/5.0 (Linux; Android 6.0.1; Nexus 5X Build/MMB29P) AppleWebKit/537.36 (KHTML, like Gecko) Chrome/137.0.7151.119 Mobile Safari/537.36 (compatible; Googlebot/2.1; +http://www.google.com/bot.html)"
66.249.79.32 - - [12/Jul/2025:17:18:51 +0000] "POST /get-message-notify HTTP/1.1" 200 21701 "https://kelaby.company/?h=5981088001960&mod=a788f0e7&uri=info.php%3Fid%3D199730-345%26name%3Dchamarras+de+piel+finas" "Mozilla/5.0 (Linux; Android 6.0.1; Nexus 5X Build/MMB29P) AppleWebKit/537.36 (KHTML, like Gecko) Chrome/137.0.7151.119 Mobile Safari/537.36 (compatible; Googlebot/2.1; +http://www.google.com/bot.html)"
66.249.79.32 - - [12/Jul/2025:17:18:52 +0000] "POST /get-message-notify HTTP/1.1" 200 21709 "https://kelaby.company/?h=119619790121960&mod=b0531272&uri=info.php%3Fid%3D3992078-572%26name%3Dnike+ebernon+mid+winter+camel" "Mozilla/5.0 (Linux; Android 6.0.1; Nexus 5X Build/MMB29P) AppleWebKit/537.36 (KHTML, like Gecko) Chrome/137.0.7151.119 Mobile Safari/537.36 (compatible; Googlebot/2.1; +http://www.google.com/bot.html)"
66.249.79.32 - - [12/Jul/2025:17:18:54 +0000] "GET /?h=5990609001960&mod=a788f0e7&uri=itm.php%3Fid%3D200048-345%26name%3Dconjunto+bebe+blanco HTTP/1.1" 200 22531 "-" "Mozilla/5.0 (Linux; Android 6.0.1; Nexus 5X Build/MMB29P) AppleWebKit/537.36 (KHTML, like Gecko) Chrome/137.0.7151.103 Mobile Safari/537.36 (compatible; Googlebot/2.1; +http://www.google.com/bot.html)"
66.249.79.32 - - [12/Jul/2025:17:18:57 +0000] "POST /get-message-notify HTTP/1.1" 200 21696 "https://kelaby.company/?h=5990609001960&mod=a788f0e7&uri=itm.php%3Fid%3D200048-345%26name%3Dconjunto+bebe+blanco" "Mozilla/5.0 (Linux; Android 6.0.1; Nexus 5X Build/MMB29P) AppleWebKit/537.36 (KHTML, like Gecko) Chrome/137.0.7151.119 Mobile Safari/537.36 (compatible; Googlebot/2.1; +http://www.google.com/bot.html)"
66.249.79.33 - - [12/Jul/2025:17:19:01 +0000] "GET /?h=5982828041960&mod=a788f0e7&uri=dp.php%3Fid%3D199788-345%26name%3Dcapitan+america+chamarra+de+piel HTTP/1.1" 200 21069 "-" "Mozilla/5.0 (Linux; Android 6.0.1; Nexus 5X Build/MMB29P) AppleWebKit/537.36 (KHTML, like Gecko) Chrome/137.0.7151.103 Mobile Safari/537.36 (compatible; Googlebot/2.1; +http://www.google.com/bot.html)"
66.249.79.32 - - [12/Jul/2025:17:19:07 +0000] "GET /?h=5990969121960&mod=a788f0e7&uri=pin.php%3Fid%3D200060-345%26name%3Doutlet+de+ropa+para+nieve HTTP/1.1" 200 22176 "-" "Mozilla/5.0 (Linux; Android 6.0.1; Nexus 5X Build/MMB29P) AppleWebKit/537.36 (KHTML, like Gecko) Chrome/137.0.7151.103 Mobile Safari/537.36 (compatible; Googlebot/2.1; +http://www.google.com/bot.html)"
66.249.79.32 - - [12/Jul/2025:17:19:12 +0000] "GET /?h=5984628101960&mod=a788f0e7&uri=form.php%3Fid%3D199848-345%26name%3Dfardos+de+ropa+americana+vintage HTTP/1.1" 200 20669 "-" "Mozilla/5.0 (Linux; Android 6.0.1; Nexus 5X Build/MMB29P) AppleWebKit/537.36 (KHTML, like Gecko) Chrome/137.0.7151.103 Mobile Safari/537.36 (compatible; Googlebot/2.1; +http://www.google.com/bot.html)"
66.249.79.32 - - [12/Jul/2025:17:19:24 +0000] "GET /?h=5983668041960&mod=a788f0e7&uri=shared.php%3Fid%3D199816-345%26name%3Dchamarra+de+piel+para+gato HTTP/1.1" 200 20853 "-" "Mozilla/5.0 (Linux; Android 6.0.1; Nexus 5X Build/MMB29P) AppleWebKit/537.36 (KHTML, like Gecko) Chrome/137.0.7151.103 Mobile Safari/537.36 (compatible; Googlebot/2.1; +http://www.google.com/bot.html)"
66.249.79.32 - - [12/Jul/2025:17:19:25 +0000] "GET /?h=6107975001960&mod=f7efa4f8&uri=search.php%3Fid%3D203967-40%26name%3Dmakita+21v+battery HTTP/1.1" 200 22078 "-" "Mozilla/5.0 (Linux; Android 6.0.1; Nexus 5X Build/MMB29P) AppleWebKit/537.36 (KHTML, like Gecko) Chrome/137.0.7151.103 Mobile Safari/537.36 (compatible; Googlebot/2.1; +http://www.google.com/bot.html)"
66.249.79.32 - - [12/Jul/2025:17:19:18 +0000] "GET /?h=5927831051960&mod=09018a5a&uri=article.php%3Fid%3D197953-343%26name%3Dtarget+tv+unit HTTP/1.1" 200 21541 "-" "Mozilla/5.0 (Linux; Android 6.0.1; Nexus 5X Build/MMB29P) AppleWebKit/537.36 (KHTML, like Gecko) Chrome/137.0.7151.103 Mobile Safari/537.36 (compatible; Googlebot/2.1; +http://www.google.com/bot.html)"
66.249.79.32 - - [12/Jul/2025:17:19:30 +0000] "GET /?h=5990849031960&mod=a788f0e7&uri=news.php%3Fid%3D200056-345%26name%3Dvestido+madrina+rosa+palo HTTP/1.1" 200 22168 "-" "Mozilla/5.0 (Linux; Android 6.0.1; Nexus 5X Build/MMB29P) AppleWebKit/537.36 (KHTML, like Gecko) Chrome/137.0.7151.103 Mobile Safari/537.36 (compatible; Googlebot/2.1; +http://www.google.com/bot.html)"
66.249.79.32 - - [12/Jul/2025:17:19:36 +0000] "GET /?h=5982408021960&mod=a788f0e7&uri=itm.php%3Fid%3D199774-345%26name%3Dropa+de+nieve+por+mayor HTTP/1.1" 200 21808 "-" "Mozilla/5.0 (Linux; Android 6.0.1; Nexus 5X Build/MMB29P) AppleWebKit/537.36 (KHTML, like Gecko) Chrome/137.0.7151.103 Mobile Safari/537.36 (compatible; Googlebot/2.1; +http://www.google.com/bot.html)"
66.249.79.32 - - [12/Jul/2025:17:19:36 +0000] "POST /get-message-notify HTTP/1.1" 200 21691 "https://kelaby.company/?h=5990849031960&mod=a788f0e7&uri=news.php%3Fid%3D200056-345%26name%3Dvestido+madrina+rosa+palo" "Mozilla/5.0 (Linux; Android 6.0.1; Nexus 5X Build/MMB29P) AppleWebKit/537.36 (KHTML, like Gecko) Chrome/137.0.7151.119 Mobile Safari/537.36 (compatible; Googlebot/2.1; +http://www.google.com/bot.html)"
66.249.79.32 - - [12/Jul/2025:17:19:52 +0000] "GET /?h=115107227071960&mod=be8e1862&uri=info.php%3Fid%3D3841548-342%26name%3Djumper+walker+combination HTTP/1.1" 200 21176 "-" "Mozilla/5.0 (Linux; Android 6.0.1; Nexus 5X Build/MMB29P) AppleWebKit/537.36 (KHTML, like Gecko) Chrome/137.0.7151.103 Mobile Safari/537.36 (compatible; Googlebot/2.1; +http://www.google.com/bot.html)"
66.249.79.32 - - [12/Jul/2025:17:19:56 +0000] "GET /?h=5989529001960&mod=a788f0e7&uri=blog.php%3Fid%3D200012-345%26name%3Dchamarra+de+piel+andrew+marc HTTP/1.1" 200 22084 "-" "Mozilla/5.0 (Linux; Android 6.0.1; Nexus 5X Build/MMB29P) AppleWebKit/537.36 (KHTML, like Gecko) Chrome/137.0.7151.103 Mobile Safari/537.36 (compatible; Googlebot/2.1; +http://www.google.com/bot.html)"
66.249.79.32 - - [12/Jul/2025:17:19:58 +0000] "GET /?h=5930411011960&mod=be8e1862&uri=blog.php%3Fid%3D198039-342%26name%3Dtimber+baby+bouncer HTTP/1.1" 200 21223 "-" "Mozilla/5.0 (Linux; Android 6.0.1; Nexus 5X Build/MMB29P) AppleWebKit/537.36 (KHTML, like Gecko) Chrome/137.0.7151.103 Mobile Safari/537.36 (compatible; Googlebot/2.1; +http://www.google.com/bot.html)"
66.249.79.32 - - [12/Jul/2025:17:20:01 +0000] "GET /?h=5983788001960&mod=9293eb98&uri=shared.php%3Fid%3D199820-344%26name%3Ddsw+baybrook HTTP/1.1" 200 21848 "-" "Mozilla/5.0 (Linux; Android 6.0.1; Nexus 5X Build/MMB29P) AppleWebKit/537.36 (KHTML, like Gecko) Chrome/137.0.7151.103 Mobile Safari/537.36 (compatible; Googlebot/2.1; +http://www.google.com/bot.html)"
66.249.79.231 - - [12/Jul/2025:17:20:03 +0000] "GET /?h=5695797131960&mod=2076b5ab&uri=shop.php%3Fid%3D190181-333%26name%3Dknife+edge+wedding+band+tiffany HTTP/1.1" 200 21682 "-" "Mozilla/5.0 (Linux; Android 6.0.1; Nexus 5X Build/MMB29P) AppleWebKit/537.36 (KHTML, like Gecko) Chrome/137.0.7151.103 Mobile Safari/537.36 (compatible; Googlebot/2.1; +http://www.google.com/bot.html)"
66.249.79.32 - - [12/Jul/2025:17:20:05 +0000] "GET /?h=6366040001960&mod=bcffdc3d&uri=product.php%3Fid%3D212630-362%26name%3Dvintage+style+piece+bathing+suits HTTP/1.1" 200 21147 "-" "Mozilla/5.0 (Linux; Android 6.0.1; Nexus 5X Build/MMB29P) AppleWebKit/537.36 (KHTML, like Gecko) Chrome/137.0.7151.103 Mobile Safari/537.36 (compatible; Googlebot/2.1; +http://www.google.com/bot.html)"
66.249.79.32 - - [12/Jul/2025:17:20:06 +0000] "GET /?h=5992049001960&mod=a788f0e7&uri=form.php%3Fid%3D200096-345%26name%3Dpantalon+de+nieve+roxy HTTP/1.1" 200 21843 "-" "Mozilla/5.0 (Linux; Android 6.0.1; Nexus 5X Build/MMB29P) AppleWebKit/537.36 (KHTML, like Gecko) Chrome/137.0.7151.103 Mobile Safari/537.36 (compatible; Googlebot/2.1; +http://www.google.com/bot.html)"
66.249.79.32 - - [12/Jul/2025:17:20:09 +0000] "POST /get-message-notify HTTP/1.1" 200 21713 "https://kelaby.company/?h=115107227071960&mod=be8e1862&uri=info.php%3Fid%3D3841548-342%26name%3Djumper+walker+combination" "Mozilla/5.0 (Linux; Android 6.0.1; Nexus 5X Build/MMB29P) AppleWebKit/537.36 (KHTML, like Gecko) Chrome/137.0.7151.119 Mobile Safari/537.36 (compatible; Googlebot/2.1; +http://www.google.com/bot.html)"
66.249.79.32 - - [12/Jul/2025:17:20:12 +0000] "GET /?h=5984328001960&mod=a788f0e7&uri=news.php%3Fid%3D199838-345%26name%3Dliz+minelli+vestido+blanco+con+negro HTTP/1.1" 200 21360 "-" "Mozilla/5.0 (Linux; Android 6.0.1; Nexus 5X Build/MMB29P) AppleWebKit/537.36 (KHTML, like Gecko) Chrome/137.0.7151.103 Mobile Safari/537.36 (compatible; Googlebot/2.1; +http://www.google.com/bot.html)"
66.249.79.32 - - [12/Jul/2025:17:20:15 +0000] "POST /get-message-notify HTTP/1.1" 200 21701 "https://kelaby.company/?h=6366040001960&mod=bcffdc3d&uri=product.php%3Fid%3D212630-362%26name%3Dvintage+style+piece+bathing+suits" "Mozilla/5.0 (Linux; Android 6.0.1; Nexus 5X Build/MMB29P) AppleWebKit/537.36 (KHTML, like Gecko) Chrome/137.0.7151.119 Mobile Safari/537.36 (compatible; Googlebot/2.1; +http://www.google.com/bot.html)"
66.249.79.32 - - [12/Jul/2025:17:20:28 +0000] "GET /?h=5983428001960&mod=a788f0e7&uri=blog.php%3Fid%3D199808-345%26name%3Dropa+extranjera+por+mayor HTTP/1.1" 200 20605 "-" "Mozilla/5.0 (Linux; Android 6.0.1; Nexus 5X Build/MMB29P) AppleWebKit/537.36 (KHTML, like Gecko) Chrome/137.0.7151.103 Mobile Safari/537.36 (compatible; Googlebot/2.1; +http://www.google.com/bot.html)"
66.249.79.32 - - [12/Jul/2025:17:20:28 +0000] "GET /?h=6217836021960&mod=acac6e55&uri=itm.php%3Fid%3D207662-219%26name%3Doutdoor+heater+hire+near+me HTTP/1.1" 200 21747 "-" "Mozilla/5.0 (Linux; Android 6.0.1; Nexus 5X Build/MMB29P) AppleWebKit/537.36 (KHTML, like Gecko) Chrome/137.0.7151.103 Mobile Safari/537.36 (compatible; Googlebot/2.1; +http://www.google.com/bot.html)"
66.249.79.32 - - [12/Jul/2025:17:20:31 +0000] "GET /?h=5986529041960&mod=a788f0e7&uri=goods.php%3Fid%3D199912-345%26name%3Dchamarra+de+piel+honda HTTP/1.1" 200 20500 "-" "Mozilla/5.0 (Linux; Android 6.0.1; Nexus 5X Build/MMB29P) AppleWebKit/537.36 (KHTML, like Gecko) Chrome/137.0.7151.103 Mobile Safari/537.36 (compatible; Googlebot/2.1; +http://www.google.com/bot.html)"
66.249.79.32 - - [12/Jul/2025:17:20:44 +0000] "GET /?h=115096427041960&mod=be8e1862&uri=dp.php%3Fid%3D3841188-342%26name%3Dbaccho+ka+walker HTTP/1.1" 200 21525 "-" "Mozilla/5.0 (Linux; Android 6.0.1; Nexus 5X Build/MMB29P) AppleWebKit/537.36 (KHTML, like Gecko) Chrome/137.0.7151.103 Mobile Safari/537.36 (compatible; Googlebot/2.1; +http://www.google.com/bot.html)"
66.249.79.32 - - [12/Jul/2025:17:20:44 +0000] "GET /?h=6008919141960&mod=62c1507b&uri=form.php%3Fid%3D200660-330%26name%3Dgulp+sand+eel HTTP/1.1" 200 21692 "-" "Mozilla/5.0 (Linux; Android 6.0.1; Nexus 5X Build/MMB29P) AppleWebKit/537.36 (KHTML, like Gecko) Chrome/137.0.7151.103 Mobile Safari/537.36 (compatible; Googlebot/2.1; +http://www.google.com/bot.html)"
66.249.79.33 - - [12/Jul/2025:17:21:01 +0000] "GET /?h=5934071001960&mod=be8e1862&uri=itm.php%3Fid%3D198161-342%26name%3Dgraco+duet+glide+lx+gliding+swing+with+portable+sleeper HTTP/1.1" 200 20948 "-" "Mozilla/5.0 (Linux; Android 6.0.1; Nexus 5X Build/MMB29P) AppleWebKit/537.36 (KHTML, like Gecko) Chrome/137.0.7151.103 Mobile Safari/537.36 (compatible; Googlebot/2.1; +http://www.google.com/bot.html)"
66.249.79.32 - - [12/Jul/2025:17:20:52 +0000] "GET /?h=5991209021960&mod=a788f0e7&uri=info.php%3Fid%3D200068-345%26name%3Dfardos+ropa+mujer+premium HTTP/1.1" 200 22342 "-" "Mozilla/5.0 (Linux; Android 6.0.1; Nexus 5X Build/MMB29P) AppleWebKit/537.36 (KHTML, like Gecko) Chrome/137.0.7151.103 Mobile Safari/537.36 (compatible; Googlebot/2.1; +http://www.google.com/bot.html)"
66.249.79.32 - - [12/Jul/2025:17:21:04 +0000] "GET /?h=5988929041960&mod=a788f0e7&uri=dp.php%3Fid%3D199992-345%26name%3Dpantalon+de+punto+para+bebe HTTP/1.1" 200 22086 "-" "Mozilla/5.0 (Linux; Android 6.0.1; Nexus 5X Build/MMB29P) AppleWebKit/537.36 (KHTML, like Gecko) Chrome/137.0.7151.103 Mobile Safari/537.36 (compatible; Googlebot/2.1; +http://www.google.com/bot.html)"
66.249.79.32 - - [12/Jul/2025:17:21:07 +0000] "GET /?h=5982888041960&mod=a788f0e7&uri=article.php%3Fid%3D199790-345%26name%3Dabrigos+mujer+marcas+el+corte+ingles HTTP/1.1" 200 21059 "-" "Mozilla/5.0 (Linux; Android 6.0.1; Nexus 5X Build/MMB29P) AppleWebKit/537.36 (KHTML, like Gecko) Chrome/137.0.7151.103 Mobile Safari/537.36 (compatible; Googlebot/2.1; +http://www.google.com/bot.html)"
66.249.79.32 - - [12/Jul/2025:17:21:11 +0000] "POST /get-message-notify HTTP/1.1" 200 21705 "https://kelaby.company/?h=115096427041960&mod=be8e1862&uri=dp.php%3Fid%3D3841188-342%26name%3Dbaccho+ka+walker" "Mozilla/5.0 (Linux; Android 6.0.1; Nexus 5X Build/MMB29P) AppleWebKit/537.36 (KHTML, like Gecko) Chrome/137.0.7151.119 Mobile Safari/537.36 (compatible; Googlebot/2.1; +http://www.google.com/bot.html)"
66.249.79.32 - - [12/Jul/2025:17:21:19 +0000] "POST /get-message-notify HTTP/1.1" 200 21702 "https://kelaby.company/?h=5982888041960&mod=a788f0e7&uri=article.php%3Fid%3D199790-345%26name%3Dabrigos+mujer+marcas+el+corte+ingles" "Mozilla/5.0 (Linux; Android 6.0.1; Nexus 5X Build/MMB29P) AppleWebKit/537.36 (KHTML, like Gecko) Chrome/137.0.7151.119 Mobile Safari/537.36 (compatible; Googlebot/2.1; +http://www.google.com/bot.html)"
66.249.79.32 - - [12/Jul/2025:17:21:27 +0000] "GET /?h=119649823001960&mod=ee411757&uri=shared.php%3Fid%3D3993081-100%26name%3Dfrederique+constant+riva HTTP/1.1" 200 21398 "-" "Mozilla/5.0 (Linux; Android 6.0.1; Nexus 5X Build/MMB29P) AppleWebKit/537.36 (KHTML, like Gecko) Chrome/137.0.7151.103 Mobile Safari/537.36 (compatible; Googlebot/2.1; +http://www.google.com/bot.html)"
66.249.79.32 - - [12/Jul/2025:17:21:28 +0000] "GET /?h=5915621001960&mod=be8e1862&uri=form.php%3Fid%3D197546-342%26name%3Dingenuity+rocking+seat+review HTTP/1.1" 200 21239 "-" "Mozilla/5.0 (Linux; Android 6.0.1; Nexus 5X Build/MMB29P) AppleWebKit/537.36 (KHTML, like Gecko) Chrome/137.0.7151.103 Mobile Safari/537.36 (compatible; Googlebot/2.1; +http://www.google.com/bot.html)"
66.249.79.32 - - [12/Jul/2025:17:21:31 +0000] "POST /get-message-notify HTTP/1.1" 200 21703 "https://kelaby.company/?h=5915621001960&mod=be8e1862&uri=form.php%3Fid%3D197546-342%26name%3Dingenuity+rocking+seat+review" "Mozilla/5.0 (Linux; Android 6.0.1; Nexus 5X Build/MMB29P) AppleWebKit/537.36 (KHTML, like Gecko) Chrome/137.0.7151.119 Mobile Safari/537.36 (compatible; Googlebot/2.1; +http://www.google.com/bot.html)"
66.249.79.32 - - [12/Jul/2025:17:21:31 +0000] "GET /?h=32917568021960&mod=fd683032&uri=goods.php%3Fid%3D1098653-537%26name%3Ddress+for+sagan+ceremony HTTP/1.1" 200 20824 "-" "Mozilla/5.0 (Linux; Android 6.0.1; Nexus 5X Build/MMB29P) AppleWebKit/537.36 (KHTML, like Gecko) Chrome/137.0.7151.103 Mobile Safari/537.36 (compatible; Googlebot/2.1; +http://www.google.com/bot.html)"
66.249.79.32 - - [12/Jul/2025:17:21:34 +0000] "GET /?h=32828621111960&mod=7530b57b&uri=info.php%3Fid%3D1095687-341%26name%3Dhdtv+cable+como+funciona HTTP/1.1" 200 21835 "-" "Mozilla/5.0 (Linux; Android 6.0.1; Nexus 5X Build/MMB29P) AppleWebKit/537.36 (KHTML, like Gecko) Chrome/137.0.7151.103 Mobile Safari/537.36 (compatible; Googlebot/2.1; +http://www.google.com/bot.html)"
66.249.79.32 - - [12/Jul/2025:17:21:37 +0000] "GET /?h=5971415001960&mod=a788f0e7&uri=goods.php%3Fid%3D199406-345%26name%3Dpantalones+de+nieve+mujer+usados HTTP/1.1" 200 21314 "-" "Mozilla/5.0 (Linux; Android 6.0.1; Nexus 5X Build/MMB29P) AppleWebKit/537.36 (KHTML, like Gecko) Chrome/137.0.7151.103 Mobile Safari/537.36 (compatible; Googlebot/2.1; +http://www.google.com/bot.html)"
66.249.79.32 - - [12/Jul/2025:17:21:40 +0000] "GET /?h=5967995001960&mod=9293eb98&uri=search.php%3Fid%3D199292-344%26name%3Dshoe+bidding+website HTTP/1.1" 200 21947 "-" "Mozilla/5.0 (Linux; Android 6.0.1; Nexus 5X Build/MMB29P) AppleWebKit/537.36 (KHTML, like Gecko) Chrome/137.0.7151.103 Mobile Safari/537.36 (compatible; Googlebot/2.1; +http://www.google.com/bot.html)"
66.249.79.32 - - [12/Jul/2025:17:21:43 +0000] "GET /?h=32912318071960&mod=8a467964&uri=goods.php%3Fid%3D1098478-536%26name%3Djeans+type+dress HTTP/1.1" 200 20669 "-" "Mozilla/5.0 (Linux; Android 6.0.1; Nexus 5X Build/MMB29P) AppleWebKit/537.36 (KHTML, like Gecko) Chrome/137.0.7151.103 Mobile Safari/537.36 (compatible; Googlebot/2.1; +http://www.google.com/bot.html)"
66.249.79.32 - - [12/Jul/2025:17:21:44 +0000] "POST /get-message-notify HTTP/1.1" 200 21707 "https://kelaby.company/?h=5967995001960&mod=9293eb98&uri=search.php%3Fid%3D199292-344%26name%3Dshoe+bidding+website" "Mozilla/5.0 (Linux; Android 6.0.1; Nexus 5X Build/MMB29P) AppleWebKit/537.36 (KHTML, like Gecko) Chrome/137.0.7151.119 Mobile Safari/537.36 (compatible; Googlebot/2.1; +http://www.google.com/bot.html)"
66.249.79.33 - - [12/Jul/2025:17:21:56 +0000] "GET /?h=32909321121960&mod=8a467964&uri=news.php%3Fid%3D1098378-536%26name%3Durban+outfitters+jean+dress HTTP/1.1" 200 20692 "-" "Mozilla/5.0 (Linux; Android 6.0.1; Nexus 5X Build/MMB29P) AppleWebKit/537.36 (KHTML, like Gecko) Chrome/137.0.7151.103 Mobile Safari/537.36 (compatible; Googlebot/2.1; +http://www.google.com/bot.html)"
66.249.79.230 - - [12/Jul/2025:17:21:56 +0000] "GET /?h=5751177001960&mod=60b7f5df&uri=article.php%3Fid%3D192059-335%26name%3Dnew+kirby+game+nintendo+switch HTTP/1.1" 200 21726 "-" "Mozilla/5.0 (Linux; Android 6.0.1; Nexus 5X Build/MMB29P) AppleWebKit/537.36 (KHTML, like Gecko) Chrome/137.0.7151.103 Mobile Safari/537.36 (compatible; Googlebot/2.1; +http://www.google.com/bot.html)"
66.249.79.32 - - [12/Jul/2025:17:21:58 +0000] "GET /?h=6248659021960&mod=9b425b22&uri=search.php%3Fid%3D208708-359%26name%3Dsapatilhas+new+balance+801+homem HTTP/1.1" 200 21427 "-" "Mozilla/5.0 (Linux; Android 6.0.1; Nexus 5X Build/MMB29P) AppleWebKit/537.36 (KHTML, like Gecko) Chrome/137.0.7151.103 Mobile Safari/537.36 (compatible; Googlebot/2.1; +http://www.google.com/bot.html)"
66.249.79.32 - - [12/Jul/2025:17:21:59 +0000] "POST /get-message-notify HTTP/1.1" 200 21701 "https://kelaby.company/?h=32909321121960&mod=8a467964&uri=news.php%3Fid%3D1098378-536%26name%3Durban+outfitters+jean+dress" "Mozilla/5.0 (Linux; Android 6.0.1; Nexus 5X Build/MMB29P) AppleWebKit/537.36 (KHTML, like Gecko) Chrome/137.0.7151.119 Mobile Safari/537.36 (compatible; Googlebot/2.1; +http://www.google.com/bot.html)"
66.249.79.230 - - [12/Jul/2025:17:22:01 +0000] "POST /get-message-notify HTTP/1.1" 200 20942 "https://www.kelaby.company/?h=5751177001960&mod=60b7f5df&uri=article.php%3Fid%3D192059-335%26name%3Dnew+kirby+game+nintendo+switch" "Mozilla/5.0 (Linux; Android 6.0.1; Nexus 5X Build/MMB29P) AppleWebKit/537.36 (KHTML, like Gecko) Chrome/137.0.7151.119 Mobile Safari/537.36 (compatible; Googlebot/2.1; +http://www.google.com/bot.html)"
66.249.79.32 - - [12/Jul/2025:17:22:04 +0000] "GET /?h=32909021041960&mod=fd683032&uri=shared.php%3Fid%3D1098368-537%26name%3Ddesign+design+dress HTTP/1.1" 200 21798 "-" "Mozilla/5.0 (Linux; Android 6.0.1; Nexus 5X Build/MMB29P) AppleWebKit/537.36 (KHTML, like Gecko) Chrome/137.0.7151.103 Mobile Safari/537.36 (compatible; Googlebot/2.1; +http://www.google.com/bot.html)"
209.74.77.214 - - [12/Jul/2025:17:22:12 +0000] "POST /wp-cron.php?doing_wp_cron=1752340932.0203049182891845703125 HTTP/1.1" 200 - "-" "WordPress/6.8.1; https://kelaby.company"
51.222.253.19 - - [12/Jul/2025:17:22:11 +0000] "GET /?h=113557314001960&mod=236dfd44&uri=dp.php%3Fid%3D3789818-776%26name%3Dmaletas+buenas HTTP/1.1" 301 - "-" "Mozilla/5.0 (compatible; AhrefsBot/7.0; +http://ahrefs.com/robot/)"
66.249.79.32 - - [12/Jul/2025:17:22:16 +0000] "POST /get-message-notify HTTP/1.1" 200 21695 "https://kelaby.company/?h=32909021041960&mod=fd683032&uri=shared.php%3Fid%3D1098368-537%26name%3Ddesign+design+dress" "Mozilla/5.0 (Linux; Android 6.0.1; Nexus 5X Build/MMB29P) AppleWebKit/537.36 (KHTML, like Gecko) Chrome/137.0.7151.119 Mobile Safari/537.36 (compatible; Googlebot/2.1; +http://www.google.com/bot.html)"
66.249.79.230 - - [12/Jul/2025:17:22:17 +0000] "GET /?h=5831754031960&mod=333d6beb&uri=shop.php%3Fid%3D194747-339%26name%3Dcalzado+seguridad+reebok+mexico HTTP/1.1" 200 21048 "-" "Mozilla/5.0 (Linux; Android 6.0.1; Nexus 5X Build/MMB29P) AppleWebKit/537.36 (KHTML, like Gecko) Chrome/137.0.7151.103 Mobile Safari/537.36 (compatible; Googlebot/2.1; +http://www.google.com/bot.html)"
66.249.79.32 - - [12/Jul/2025:17:22:17 +0000] "GET /?h=32918018021960&mod=fd683032&uri=product.php%3Fid%3D1098668-537%26name%3Dwhite+mini+dress+revolve HTTP/1.1" 200 20375 "-" "Mozilla/5.0 (Linux; Android 6.0.1; Nexus 5X Build/MMB29P) AppleWebKit/537.36 (KHTML, like Gecko) Chrome/137.0.7151.103 Mobile Safari/537.36 (compatible; Googlebot/2.1; +http://www.google.com/bot.html)"
66.249.79.32 - - [12/Jul/2025:17:22:20 +0000] "GET /?h=5968985031960&mod=9293eb98&uri=news.php%3Fid%3D199325-344%26name%3Dwide+leg+knit+trousers HTTP/1.1" 200 22238 "-" "Mozilla/5.0 (Linux; Android 6.0.1; Nexus 5X Build/MMB29P) AppleWebKit/537.36 (KHTML, like Gecko) Chrome/137.0.7151.103 Mobile Safari/537.36 (compatible; Googlebot/2.1; +http://www.google.com/bot.html)"
66.249.79.32 - - [12/Jul/2025:17:22:23 +0000] "GET /?h=39729858001960&mod=be8e1862&uri=form.php%3Fid%3D1325972-342%26name%3Dblow+up+bouncy+horse HTTP/1.1" 200 21579 "-" "Mozilla/5.0 (Linux; Android 6.0.1; Nexus 5X Build/MMB29P) AppleWebKit/537.36 (KHTML, like Gecko) Chrome/137.0.7151.103 Mobile Safari/537.36 (compatible; Googlebot/2.1; +http://www.google.com/bot.html)"
66.249.79.32 - - [12/Jul/2025:17:22:26 +0000] "GET /?h=5966381001960&mod=9293eb98&uri=shop.php%3Fid%3D199238-344%26name%3Deu+37+shoe+size HTTP/1.1" 200 21865 "-" "Mozilla/5.0 (Linux; Android 6.0.1; Nexus 5X Build/MMB29P) AppleWebKit/537.36 (KHTML, like Gecko) Chrome/137.0.7151.103 Mobile Safari/537.36 (compatible; Googlebot/2.1; +http://www.google.com/bot.html)"
