66.249.79.33 - - [12/Jul/2025:14:31:06 +0000] "GET /?h=6251058101960&mod=9b425b22&uri=category-info.php%3Fid%3D208788-359%26name%3Dnew+balance+628+ws HTTP/1.1" 200 21382 "-" "Mozilla/5.0 (Linux; Android 6.0.1; Nexus 5X Build/MMB29P) AppleWebKit/537.36 (KHTML, like Gecko) Chrome/137.0.7151.103 Mobile Safari/537.36 (compatible; Googlebot/2.1; +http://www.google.com/bot.html)"
66.249.79.37 - - [12/Jul/2025:14:31:48 +0000] "GET /?h=6225378021960&mod=9b425b22&uri=itm.php%3Fid%3D207917-359%26name%3Dnew+balance+850+feminino+bege HTTP/1.1" 200 21664 "-" "Mozilla/5.0 (Linux; Android 6.0.1; Nexus 5X Build/MMB29P) AppleWebKit/537.36 (KHTML, like Gecko) Chrome/137.0.7151.103 Mobile Safari/537.36 (compatible; Googlebot/2.1; +http://www.google.com/bot.html)"
66.249.79.37 - - [12/Jul/2025:14:31:48 +0000] "GET /?h=6167040021960&mod=cc13c58b&uri=shared.php%3Fid%3D205938-358%26name%3Dbralette+la+senza HTTP/1.1" 200 20893 "-" "Mozilla/5.0 (Linux; Android 6.0.1; Nexus 5X Build/MMB29P) AppleWebKit/537.36 (KHTML, like Gecko) Chrome/137.0.7151.103 Mobile Safari/537.36 (compatible; Googlebot/2.1; +http://www.google.com/bot.html)"
66.249.79.37 - - [12/Jul/2025:14:31:49 +0000] "GET /?h=6357640031960&mod=bcffdc3d&uri=form.php%3Fid%3D212350-362%26name%3Dgivenchy+jogging+suits HTTP/1.1" 200 21594 "-" "Mozilla/5.0 (Linux; Android 6.0.1; Nexus 5X Build/MMB29P) AppleWebKit/537.36 (KHTML, like Gecko) Chrome/137.0.7151.103 Mobile Safari/537.36 (compatible; Googlebot/2.1; +http://www.google.com/bot.html)"
66.249.79.37 - - [12/Jul/2025:14:31:51 +0000] "POST /get-message-notify HTTP/1.1" 200 21695 "https://kelaby.company/?h=6357640031960&mod=bcffdc3d&uri=form.php%3Fid%3D212350-362%26name%3Dgivenchy+jogging+suits" "Mozilla/5.0 (Linux; Android 6.0.1; Nexus 5X Build/MMB29P) AppleWebKit/537.36 (KHTML, like Gecko) Chrome/137.0.7151.119 Mobile Safari/537.36 (compatible; Googlebot/2.1; +http://www.google.com/bot.html)"
66.249.79.32 - - [12/Jul/2025:14:32:25 +0000] "GET /?h=25133501001960&mod=0cb929ea&uri=itm.php%3Fid%3D838857-6%26name%3Dmontre+steinhart+gmt HTTP/1.1" 200 21637 "-" "Mozilla/5.0 (Linux; Android 6.0.1; Nexus 5X Build/MMB29P) AppleWebKit/537.36 (KHTML, like Gecko) Chrome/137.0.7151.103 Mobile Safari/537.36 (compatible; Googlebot/2.1; +http://www.google.com/bot.html)"
66.249.79.37 - - [12/Jul/2025:14:32:51 +0000] "GET /?h=6360280001960&mod=007ad58e&uri=form.php%3Fid%3D212438-329%26name%3Dbig+and+tall+linen+pants HTTP/1.1" 200 22465 "-" "Mozilla/5.0 (Linux; Android 6.0.1; Nexus 5X Build/MMB29P) AppleWebKit/537.36 (KHTML, like Gecko) Chrome/137.0.7151.103 Mobile Safari/537.36 (compatible; Googlebot/2.1; +http://www.google.com/bot.html)"
66.249.79.33 - - [12/Jul/2025:14:33:08 +0000] "GET /?h=6363640001960&mod=bcffdc3d&uri=pin.php%3Fid%3D212550-362%26name%3Dsuperdry+mens+leggings HTTP/1.1" 200 21123 "-" "Mozilla/5.0 (Linux; Android 6.0.1; Nexus 5X Build/MMB29P) AppleWebKit/537.36 (KHTML, like Gecko) Chrome/137.0.7151.103 Mobile Safari/537.36 (compatible; Googlebot/2.1; +http://www.google.com/bot.html)"
66.249.79.37 - - [12/Jul/2025:14:33:12 +0000] "POST /get-message-notify HTTP/1.1" 200 21697 "https://kelaby.company/?h=6363640001960&mod=bcffdc3d&uri=pin.php%3Fid%3D212550-362%26name%3Dsuperdry+mens+leggings" "Mozilla/5.0 (Linux; Android 6.0.1; Nexus 5X Build/MMB29P) AppleWebKit/537.36 (KHTML, like Gecko) Chrome/137.0.7151.119 Mobile Safari/537.36 (compatible; Googlebot/2.1; +http://www.google.com/bot.html)"
66.249.79.32 - - [12/Jul/2025:14:33:15 +0000] "POST /get-message-notify HTTP/1.1" 200 21704 "https://kelaby.company/?h=6360280001960&mod=007ad58e&uri=form.php%3Fid%3D212438-329%26name%3Dbig+and+tall+linen+pants" "Mozilla/5.0 (Linux; Android 6.0.1; Nexus 5X Build/MMB29P) AppleWebKit/537.36 (KHTML, like Gecko) Chrome/137.0.7151.119 Mobile Safari/537.36 (compatible; Googlebot/2.1; +http://www.google.com/bot.html)"
66.249.79.37 - - [12/Jul/2025:14:33:24 +0000] "GET /?h=6362200001960&mod=bcffdc3d&uri=shared.php%3Fid%3D212502-362%26name%3Dattire+christmas+party HTTP/1.1" 200 21807 "-" "Mozilla/5.0 (Linux; Android 6.0.1; Nexus 5X Build/MMB29P) AppleWebKit/537.36 (KHTML, like Gecko) Chrome/137.0.7151.103 Mobile Safari/537.36 (compatible; Googlebot/2.1; +http://www.google.com/bot.html)"
66.249.79.37 - - [12/Jul/2025:14:33:31 +0000] "GET /?h=6363880001960&mod=bcffdc3d&uri=blog.php%3Fid%3D212558-362%26name%3Dpageant+dresses+for+juniors HTTP/1.1" 200 21208 "-" "Mozilla/5.0 (Linux; Android 6.0.1; Nexus 5X Build/MMB29P) AppleWebKit/537.36 (KHTML, like Gecko) Chrome/137.0.7151.103 Mobile Safari/537.36 (compatible; Googlebot/2.1; +http://www.google.com/bot.html)"
66.249.79.37 - - [12/Jul/2025:14:33:38 +0000] "POST /get-message-notify HTTP/1.1" 200 21705 "https://kelaby.company/?h=6363880001960&mod=bcffdc3d&uri=blog.php%3Fid%3D212558-362%26name%3Dpageant+dresses+for+juniors" "Mozilla/5.0 (Linux; Android 6.0.1; Nexus 5X Build/MMB29P) AppleWebKit/537.36 (KHTML, like Gecko) Chrome/137.0.7151.119 Mobile Safari/537.36 (compatible; Googlebot/2.1; +http://www.google.com/bot.html)"
66.249.79.37 - - [12/Jul/2025:14:33:47 +0000] "GET /?h=6131855011960&mod=e1029434&uri=pin.php%3Fid%3D204763-208%26name%3Dsony+fs7+kit+lens HTTP/1.1" 200 21047 "-" "Mozilla/5.0 (Linux; Android 6.0.1; Nexus 5X Build/MMB29P) AppleWebKit/537.36 (KHTML, like Gecko) Chrome/137.0.7151.103 Mobile Safari/537.36 (compatible; Googlebot/2.1; +http://www.google.com/bot.html)"
66.249.79.37 - - [12/Jul/2025:14:33:48 +0000] "GET /?h=6374440081960&mod=c2f91461&uri=article.php%3Fid%3D212910-363%26name%3Ddark+green+opaque+stone HTTP/1.1" 200 21128 "-" "Mozilla/5.0 (Linux; Android 6.0.1; Nexus 5X Build/MMB29P) AppleWebKit/537.36 (KHTML, like Gecko) Chrome/137.0.7151.103 Mobile Safari/537.36 (compatible; Googlebot/2.1; +http://www.google.com/bot.html)"
66.249.79.37 - - [12/Jul/2025:14:33:50 +0000] "GET /?h=6072851071960&mod=c7ced588&uri=itm.php%3Fid%3D202795-349%26name%3Dchaine+argent+homme+60cm HTTP/1.1" 200 21778 "-" "Mozilla/5.0 (Linux; Android 6.0.1; Nexus 5X Build/MMB29P) AppleWebKit/537.36 (KHTML, like Gecko) Chrome/137.0.7151.103 Mobile Safari/537.36 (compatible; Googlebot/2.1; +http://www.google.com/bot.html)"
66.249.79.37 - - [12/Jul/2025:14:33:53 +0000] "POST /get-message-notify HTTP/1.1" 200 21700 "https://kelaby.company/?h=6131855011960&mod=e1029434&uri=pin.php%3Fid%3D204763-208%26name%3Dsony+fs7+kit+lens" "Mozilla/5.0 (Linux; Android 6.0.1; Nexus 5X Build/MMB29P) AppleWebKit/537.36 (KHTML, like Gecko) Chrome/137.0.7151.119 Mobile Safari/537.36 (compatible; Googlebot/2.1; +http://www.google.com/bot.html)"
66.249.79.37 - - [12/Jul/2025:14:34:48 +0000] "POST /get-message-notify HTTP/1.1" 200 21703 "https://kelaby.company/?h=6072851071960&mod=c7ced588&uri=itm.php%3Fid%3D202795-349%26name%3Dchaine+argent+homme+60cm" "Mozilla/5.0 (Linux; Android 6.0.1; Nexus 5X Build/MMB29P) AppleWebKit/537.36 (KHTML, like Gecko) Chrome/137.0.7151.119 Mobile Safari/537.36 (compatible; Googlebot/2.1; +http://www.google.com/bot.html)"
66.249.79.33 - - [12/Jul/2025:14:35:04 +0000] "GET /?h=6129305031960&mod=e1029434&uri=search.php%3Fid%3D204678-208%26name%3Dfujifilm+mini+film+instax HTTP/1.1" 200 21587 "-" "Mozilla/5.0 (Linux; Android 6.0.1; Nexus 5X Build/MMB29P) AppleWebKit/537.36 (KHTML, like Gecko) Chrome/137.0.7151.103 Mobile Safari/537.36 (compatible; Googlebot/2.1; +http://www.google.com/bot.html)"
66.249.79.33 - - [12/Jul/2025:14:35:04 +0000] "GET /?h=25133261071960&mod=e3a33d78&uri=dp.php%3Fid%3D838849-850%26name%3Dfree+run+mens+amazon HTTP/1.1" 200 20460 "-" "Mozilla/5.0 (Linux; Android 6.0.1; Nexus 5X Build/MMB29P) AppleWebKit/537.36 (KHTML, like Gecko) Chrome/137.0.7151.103 Mobile Safari/537.36 (compatible; Googlebot/2.1; +http://www.google.com/bot.html)"
66.249.79.37 - - [12/Jul/2025:14:35:11 +0000] "GET /?h=6231682041960&mod=9b425b22&uri=form.php%3Fid%3D208133-359%26name%3Dnew+balance+ms850+v2 HTTP/1.1" 200 22108 "-" "Mozilla/5.0 (Linux; Android 6.0.1; Nexus 5X Build/MMB29P) AppleWebKit/537.36 (KHTML, like Gecko) Chrome/137.0.7151.103 Mobile Safari/537.36 (compatible; Googlebot/2.1; +http://www.google.com/bot.html)"
66.249.79.37 - - [12/Jul/2025:14:35:17 +0000] "GET /?h=25133201001960&mod=057b6fe9&uri=pin.php%3Fid%3D838847-857%26name%3Dred+white+and+blue+gucci+bag HTTP/1.1" 200 22054 "-" "Mozilla/5.0 (Linux; Android 6.0.1; Nexus 5X Build/MMB29P) AppleWebKit/537.36 (KHTML, like Gecko) Chrome/137.0.7151.103 Mobile Safari/537.36 (compatible; Googlebot/2.1; +http://www.google.com/bot.html)"
66.249.79.37 - - [12/Jul/2025:14:35:31 +0000] "POST /get-message-notify HTTP/1.1" 200 21692 "https://kelaby.company/?h=6231682041960&mod=9b425b22&uri=form.php%3Fid%3D208133-359%26name%3Dnew+balance+ms850+v2" "Mozilla/5.0 (Linux; Android 6.0.1; Nexus 5X Build/MMB29P) AppleWebKit/537.36 (KHTML, like Gecko) Chrome/137.0.7151.119 Mobile Safari/537.36 (compatible; Googlebot/2.1; +http://www.google.com/bot.html)"
66.249.79.37 - - [12/Jul/2025:14:35:33 +0000] "GET /?h=6356920001960&mod=007ad58e&uri=goods.php%3Fid%3D212326-329%26name%3Dasos+mens+linen+trousers HTTP/1.1" 200 21343 "-" "Mozilla/5.0 (Linux; Android 6.0.1; Nexus 5X Build/MMB29P) AppleWebKit/537.36 (KHTML, like Gecko) Chrome/137.0.7151.103 Mobile Safari/537.36 (compatible; Googlebot/2.1; +http://www.google.com/bot.html)"
66.249.79.37 - - [12/Jul/2025:14:36:01 +0000] "GET /?h=6362680061960&mod=bcffdc3d&uri=blog.php%3Fid%3D212518-362%26name%3Dsilver+formal+dresses+for+juniors HTTP/1.1" 200 21208 "-" "Mozilla/5.0 (Linux; Android 6.0.1; Nexus 5X Build/MMB29P) AppleWebKit/537.36 (KHTML, like Gecko) Chrome/137.0.7151.103 Mobile Safari/537.36 (compatible; Googlebot/2.1; +http://www.google.com/bot.html)"
66.249.79.32 - - [12/Jul/2025:14:36:16 +0000] "GET /?h=6067126041960&mod=c7ced588&uri=shared.php%3Fid%3D202604-349%26name%3Dbracelet+pandora+pas+cher HTTP/1.1" 200 22516 "-" "Mozilla/5.0 (Linux; Android 6.0.1; Nexus 5X Build/MMB29P) AppleWebKit/537.36 (KHTML, like Gecko) Chrome/137.0.7151.103 Mobile Safari/537.36 (compatible; Googlebot/2.1; +http://www.google.com/bot.html)"
66.249.79.32 - - [12/Jul/2025:14:36:16 +0000] "GET /?h=6118625061960&mod=f7efa4f8&uri=brands.php%3Fid%3D204322-40%26name%3Dmakita+cordless+led+work+light HTTP/1.1" 200 22068 "-" "Mozilla/5.0 (Linux; Android 6.0.1; Nexus 5X Build/MMB29P) AppleWebKit/537.36 (KHTML, like Gecko) Chrome/137.0.7151.103 Mobile Safari/537.36 (compatible; Googlebot/2.1; +http://www.google.com/bot.html)"
66.249.79.32 - - [12/Jul/2025:14:36:17 +0000] "GET /?h=32111274041960&mod=62c1507b&uri=us.php%3Fid%3D1071761-330%26name%3Dscotty+downrigger+base+plate HTTP/1.1" 200 22133 "-" "Mozilla/5.0 (Linux; Android 6.0.1; Nexus 5X Build/MMB29P) AppleWebKit/537.36 (KHTML, like Gecko) Chrome/137.0.7151.103 Mobile Safari/537.36 (compatible; Googlebot/2.1; +http://www.google.com/bot.html)"
66.249.79.32 - - [12/Jul/2025:14:36:20 +0000] "POST /get-message-notify HTTP/1.1" 200 21709 "https://kelaby.company/?h=6067126041960&mod=c7ced588&uri=shared.php%3Fid%3D202604-349%26name%3Dbracelet+pandora+pas+cher" "Mozilla/5.0 (Linux; Android 6.0.1; Nexus 5X Build/MMB29P) AppleWebKit/537.36 (KHTML, like Gecko) Chrome/137.0.7151.119 Mobile Safari/537.36 (compatible; Googlebot/2.1; +http://www.google.com/bot.html)"
66.249.79.32 - - [12/Jul/2025:14:36:27 +0000] "POST /get-message-notify HTTP/1.1" 200 21701 "https://kelaby.company/?h=6362680061960&mod=bcffdc3d&uri=blog.php%3Fid%3D212518-362%26name%3Dsilver+formal+dresses+for+juniors" "Mozilla/5.0 (Linux; Android 6.0.1; Nexus 5X Build/MMB29P) AppleWebKit/537.36 (KHTML, like Gecko) Chrome/137.0.7151.119 Mobile Safari/537.36 (compatible; Googlebot/2.1; +http://www.google.com/bot.html)"
66.249.79.32 - - [12/Jul/2025:14:36:33 +0000] "GET /?h=6188687091960&mod=e50bea89&uri=article.php%3Fid%3D206687-296%26name%3Dlata+mangeshkar+saajan+mera+us+paar+hai HTTP/1.1" 200 21589 "-" "Mozilla/5.0 (Linux; Android 6.0.1; Nexus 5X Build/MMB29P) AppleWebKit/537.36 (KHTML, like Gecko) Chrome/137.0.7151.103 Mobile Safari/537.36 (compatible; Googlebot/2.1; +http://www.google.com/bot.html)"
66.249.79.32 - - [12/Jul/2025:14:36:50 +0000] "GET /?h=6240963011960&mod=9b425b22&uri=products.php%3Fid%3D208448-359%26name%3Dnew+balance+850+e HTTP/1.1" 200 21090 "-" "Mozilla/5.0 (Linux; Android 6.0.1; Nexus 5X Build/MMB29P) AppleWebKit/537.36 (KHTML, like Gecko) Chrome/137.0.7151.103 Mobile Safari/537.36 (compatible; Googlebot/2.1; +http://www.google.com/bot.html)"
66.249.79.33 - - [12/Jul/2025:14:37:16 +0000] "GET /?h=25166099021960&mod=b2eeb736&uri=products.php%3Fid%3D839946-5%26name%3Drobe+cocktail+point+mariage HTTP/1.1" 200 22024 "-" "Mozilla/5.0 (Linux; Android 6.0.1; Nexus 5X Build/MMB29P) AppleWebKit/537.36 (KHTML, like Gecko) Chrome/137.0.7151.103 Mobile Safari/537.36 (compatible; Googlebot/2.1; +http://www.google.com/bot.html)"
66.249.79.33 - - [12/Jul/2025:14:37:16 +0000] "GET /?h=6368440081960&mod=c2f91461&uri=info.php%3Fid%3D212710-363%26name%3Dcopper+colored+gemstones HTTP/1.1" 200 21279 "-" "Mozilla/5.0 (Linux; Android 6.0.1; Nexus 5X Build/MMB29P) AppleWebKit/537.36 (KHTML, like Gecko) Chrome/137.0.7151.103 Mobile Safari/537.36 (compatible; Googlebot/2.1; +http://www.google.com/bot.html)"
66.249.79.33 - - [12/Jul/2025:14:37:23 +0000] "GET /?h=6261707081960&mod=a98bf9c1&uri=shared.php%3Fid%3D209145-117%26name%3Dxiaomi+mi+band+apple HTTP/1.1" 200 21530 "-" "Mozilla/5.0 (Linux; Android 6.0.1; Nexus 5X Build/MMB29P) AppleWebKit/537.36 (KHTML, like Gecko) Chrome/137.0.7151.103 Mobile Safari/537.36 (compatible; Googlebot/2.1; +http://www.google.com/bot.html)"
66.249.79.32 - - [12/Jul/2025:14:37:29 +0000] "GET /?h=32114694081960&mod=62c1507b&uri=pin.php%3Fid%3D1071875-330%26name%3Dnets+to+cover+fish+ponds HTTP/1.1" 200 21052 "-" "Mozilla/5.0 (Linux; Android 6.0.1; Nexus 5X Build/MMB29P) AppleWebKit/537.36 (KHTML, like Gecko) Chrome/137.0.7151.103 Mobile Safari/537.36 (compatible; Googlebot/2.1; +http://www.google.com/bot.html)"
66.249.79.32 - - [12/Jul/2025:14:37:36 +0000] "GET /?h=6373960001960&mod=c2f91461&uri=news.php%3Fid%3D212894-363%26name%3Dhow+to+care+for+a+belly+ring HTTP/1.1" 200 21272 "-" "Mozilla/5.0 (Linux; Android 6.0.1; Nexus 5X Build/MMB29P) AppleWebKit/537.36 (KHTML, like Gecko) Chrome/137.0.7151.103 Mobile Safari/537.36 (compatible; Googlebot/2.1; +http://www.google.com/bot.html)"
66.249.79.32 - - [12/Jul/2025:14:37:42 +0000] "GET /?h=6368200001960&mod=c2f91461&uri=shop.php%3Fid%3D212702-363%26name%3Dboodles+roulette+earrings HTTP/1.1" 200 21259 "-" "Mozilla/5.0 (Linux; Android 6.0.1; Nexus 5X Build/MMB29P) AppleWebKit/537.36 (KHTML, like Gecko) Chrome/137.0.7151.103 Mobile Safari/537.36 (compatible; Googlebot/2.1; +http://www.google.com/bot.html)"
66.249.79.32 - - [12/Jul/2025:14:37:45 +0000] "POST /get-message-notify HTTP/1.1" 200 21707 "https://kelaby.company/?h=6368200001960&mod=c2f91461&uri=shop.php%3Fid%3D212702-363%26name%3Dboodles+roulette+earrings" "Mozilla/5.0 (Linux; Android 6.0.1; Nexus 5X Build/MMB29P) AppleWebKit/537.36 (KHTML, like Gecko) Chrome/137.0.7151.119 Mobile Safari/537.36 (compatible; Googlebot/2.1; +http://www.google.com/bot.html)"
66.249.79.32 - - [12/Jul/2025:14:37:48 +0000] "GET /?h=118743519081960&mod=fe8d19e8&uri=brands.php%3Fid%3D3962850-679%26name%3Ddesign+a+iphone+case HTTP/1.1" 200 21659 "-" "Mozilla/5.0 (Linux; Android 6.0.1; Nexus 5X Build/MMB29P) AppleWebKit/537.36 (KHTML, like Gecko) Chrome/137.0.7151.103 Mobile Safari/537.36 (compatible; Googlebot/2.1; +http://www.google.com/bot.html)"
66.249.79.32 - - [12/Jul/2025:14:37:55 +0000] "GET /?h=6258321141960&mod=928aba88&uri=info.php%3Fid%3D209032-361%26name%3Dmaleta+cabina+disney HTTP/1.1" 200 20487 "-" "Mozilla/5.0 (Linux; Android 6.0.1; Nexus 5X Build/MMB29P) AppleWebKit/537.36 (KHTML, like Gecko) Chrome/137.0.7151.103 Mobile Safari/537.36 (compatible; Googlebot/2.1; +http://www.google.com/bot.html)"
66.249.79.34 - - [12/Jul/2025:14:38:03 +0000] "POST /get-message-notify HTTP/1.1" 200 21709 "https://kelaby.company/?h=6258321141960&mod=928aba88&uri=info.php%3Fid%3D209032-361%26name%3Dmaleta+cabina+disney" "Mozilla/5.0 (Linux; Android 6.0.1; Nexus 5X Build/MMB29P) AppleWebKit/537.36 (KHTML, like Gecko) Chrome/137.0.7151.119 Mobile Safari/537.36 (compatible; Googlebot/2.1; +http://www.google.com/bot.html)"
66.249.79.32 - - [12/Jul/2025:14:38:18 +0000] "GET /?h=6360760021960&mod=007ad58e&uri=blog.php%3Fid%3D212454-329%26name%3Dblue+striped+linen+pants HTTP/1.1" 200 21777 "-" "Mozilla/5.0 (Linux; Android 6.0.1; Nexus 5X Build/MMB29P) AppleWebKit/537.36 (KHTML, like Gecko) Chrome/137.0.7151.103 Mobile Safari/537.36 (compatible; Googlebot/2.1; +http://www.google.com/bot.html)"
66.249.79.232 - - [12/Jul/2025:14:38:18 +0000] "GET /?h=6136385001960&mod=e1029434&uri=goods.php%3Fid%3D204914-208%26name%3Dpokemon+instax+camera HTTP/1.1" 200 20594 "-" "Mozilla/5.0 (Linux; Android 6.0.1; Nexus 5X Build/MMB29P) AppleWebKit/537.36 (KHTML, like Gecko) Chrome/137.0.7151.103 Mobile Safari/537.36 (compatible; Googlebot/2.1; +http://www.google.com/bot.html)"
66.249.79.234 - - [12/Jul/2025:14:38:21 +0000] "POST /get-message-notify HTTP/1.1" 200 20953 "https://www.kelaby.company/?h=6136385001960&mod=e1029434&uri=goods.php%3Fid%3D204914-208%26name%3Dpokemon+instax+camera" "Mozilla/5.0 (Linux; Android 6.0.1; Nexus 5X Build/MMB29P) AppleWebKit/537.36 (KHTML, like Gecko) Chrome/137.0.7151.119 Mobile Safari/537.36 (compatible; Googlebot/2.1; +http://www.google.com/bot.html)"
66.249.79.32 - - [12/Jul/2025:14:38:26 +0000] "GET /?h=6246590011960&mod=9b425b22&uri=pin.php%3Fid%3D208639-359%26name%3Dnew+balance+wl850+esp HTTP/1.1" 200 21907 "-" "Mozilla/5.0 (Linux; Android 6.0.1; Nexus 5X Build/MMB29P) AppleWebKit/537.36 (KHTML, like Gecko) Chrome/137.0.7151.103 Mobile Safari/537.36 (compatible; Googlebot/2.1; +http://www.google.com/bot.html)"
66.249.79.32 - - [12/Jul/2025:14:38:33 +0000] "GET /?h=6374200001960&mod=c2f91461&uri=product.php%3Fid%3D212902-363%26name%3Dbrown+grey+crystal HTTP/1.1" 200 21833 "-" "Mozilla/5.0 (Linux; Android 6.0.1; Nexus 5X Build/MMB29P) AppleWebKit/537.36 (KHTML, like Gecko) Chrome/137.0.7151.103 Mobile Safari/537.36 (compatible; Googlebot/2.1; +http://www.google.com/bot.html)"
66.249.79.32 - - [12/Jul/2025:14:39:06 +0000] "GET /?h=6250938001960&mod=4b3da53a&uri=blog.php%3Fid%3D208784-308%26name%3Dabercrombie+and+fitch+hoodie+pink HTTP/1.1" 200 22764 "-" "Mozilla/5.0 (Linux; Android 6.0.1; Nexus 5X Build/MMB29P) AppleWebKit/537.36 (KHTML, like Gecko) Chrome/137.0.7151.103 Mobile Safari/537.36 (compatible; Googlebot/2.1; +http://www.google.com/bot.html)"
66.249.79.32 - - [12/Jul/2025:14:39:12 +0000] "GET /?h=6364120041960&mod=bcffdc3d&uri=shared.php%3Fid%3D212566-362%26name%3Dbardot+junior+red+dress HTTP/1.1" 200 21772 "-" "Mozilla/5.0 (Linux; Android 6.0.1; Nexus 5X Build/MMB29P) AppleWebKit/537.36 (KHTML, like Gecko) Chrome/137.0.7151.103 Mobile Safari/537.36 (compatible; Googlebot/2.1; +http://www.google.com/bot.html)"
66.249.79.32 - - [12/Jul/2025:14:39:28 +0000] "GET /?h=6364600001960&mod=007ad58e&uri=info.php%3Fid%3D212582-329%26name%3Dnavigation+gym+wear HTTP/1.1" 200 21617 "-" "Mozilla/5.0 (Linux; Android 6.0.1; Nexus 5X Build/MMB29P) AppleWebKit/537.36 (KHTML, like Gecko) Chrome/137.0.7151.103 Mobile Safari/537.36 (compatible; Googlebot/2.1; +http://www.google.com/bot.html)"
66.249.79.32 - - [12/Jul/2025:14:39:35 +0000] "GET /?h=6369160001960&mod=c2f91461&uri=goods.php%3Fid%3D212734-363%26name%3Dcalacatta+gold+borghini+quartz HTTP/1.1" 200 21437 "-" "Mozilla/5.0 (Linux; Android 6.0.1; Nexus 5X Build/MMB29P) AppleWebKit/537.36 (KHTML, like Gecko) Chrome/137.0.7151.103 Mobile Safari/537.36 (compatible; Googlebot/2.1; +http://www.google.com/bot.html)"
66.249.79.32 - - [12/Jul/2025:14:39:41 +0000] "GET /?h=6367240001960&mod=007ad58e&uri=us.php%3Fid%3D212670-329%26name%3Dcolourful+gym+wear HTTP/1.1" 200 22294 "-" "Mozilla/5.0 (Linux; Android 6.0.1; Nexus 5X Build/MMB29P) AppleWebKit/537.36 (KHTML, like Gecko) Chrome/137.0.7151.103 Mobile Safari/537.36 (compatible; Googlebot/2.1; +http://www.google.com/bot.html)"
66.249.79.32 - - [12/Jul/2025:14:39:46 +0000] "GET /?h=6254377001960&mod=a98bf9c1&uri=category-info.php%3Fid%3D208900-117%26name%3Dreloj+inteligente+mujer+mediamarkt HTTP/1.1" 200 22398 "-" "Mozilla/5.0 (Linux; Android 6.0.1; Nexus 5X Build/MMB29P) AppleWebKit/537.36 (KHTML, like Gecko) Chrome/137.0.7151.103 Mobile Safari/537.36 (compatible; Googlebot/2.1; +http://www.google.com/bot.html)"
66.249.79.33 - - [12/Jul/2025:14:40:19 +0000] "GET /?h=6373720141960&mod=c2f91461&uri=itm.php%3Fid%3D212886-363%26name%3Ddark+teal+gemstone HTTP/1.1" 200 21703 "-" "Mozilla/5.0 (Linux; Android 6.0.1; Nexus 5X Build/MMB29P) AppleWebKit/537.36 (KHTML, like Gecko) Chrome/137.0.7151.103 Mobile Safari/537.36 (compatible; Googlebot/2.1; +http://www.google.com/bot.html)"
66.249.79.33 - - [12/Jul/2025:14:40:26 +0000] "GET /?h=6363160001960&mod=007ad58e&uri=us.php%3Fid%3D212534-329%26name%3Dcanadian+workout+brands HTTP/1.1" 200 21818 "-" "Mozilla/5.0 (Linux; Android 6.0.1; Nexus 5X Build/MMB29P) AppleWebKit/537.36 (KHTML, like Gecko) Chrome/137.0.7151.103 Mobile Safari/537.36 (compatible; Googlebot/2.1; +http://www.google.com/bot.html)"
66.249.79.32 - - [12/Jul/2025:14:40:42 +0000] "GET /?h=6361480011960&mod=bcffdc3d&uri=goods.php%3Fid%3D212478-362%26name%3Dadidas+zne+striker+pants+womens HTTP/1.1" 200 21836 "-" "Mozilla/5.0 (Linux; Android 6.0.1; Nexus 5X Build/MMB29P) AppleWebKit/537.36 (KHTML, like Gecko) Chrome/137.0.7151.103 Mobile Safari/537.36 (compatible; Googlebot/2.1; +http://www.google.com/bot.html)"
66.249.79.32 - - [12/Jul/2025:14:41:08 +0000] "GET /?h=118934516081960&mod=b4aa00bc&uri=us.php%3Fid%3D3969220-43%26name%3Dbest+louis+vuitton+bag+dhgate HTTP/1.1" 200 21447 "-" "Mozilla/5.0 (Linux; Android 6.0.1; Nexus 5X Build/MMB29P) AppleWebKit/537.36 (KHTML, like Gecko) Chrome/137.0.7151.103 Mobile Safari/537.36 (compatible; Googlebot/2.1; +http://www.google.com/bot.html)"
66.249.79.33 - - [12/Jul/2025:14:41:08 +0000] "GET /?h=6364840001960&mod=bcffdc3d&uri=brands.php%3Fid%3D212590-362%26name%3Dpurple+pageant+dresses+for+juniors HTTP/1.1" 200 21426 "-" "Mozilla/5.0 (Linux; Android 6.0.1; Nexus 5X Build/MMB29P) AppleWebKit/537.36 (KHTML, like Gecko) Chrome/137.0.7151.103 Mobile Safari/537.36 (compatible; Googlebot/2.1; +http://www.google.com/bot.html)"
66.249.79.33 - - [12/Jul/2025:14:41:15 +0000] "GET /?h=6368920041960&mod=c2f91461&uri=itm.php%3Fid%3D212726-363%26name%3Dglow+in+the+dark+walkway+stones HTTP/1.1" 200 21756 "-" "Mozilla/5.0 (Linux; Android 6.0.1; Nexus 5X Build/MMB29P) AppleWebKit/537.36 (KHTML, like Gecko) Chrome/137.0.7151.103 Mobile Safari/537.36 (compatible; Googlebot/2.1; +http://www.google.com/bot.html)"
66.249.79.32 - - [12/Jul/2025:14:41:24 +0000] "POST /get-message-notify HTTP/1.1" 200 21709 "https://kelaby.company/?h=6368920041960&mod=c2f91461&uri=itm.php%3Fid%3D212726-363%26name%3Dglow+in+the+dark+walkway+stones" "Mozilla/5.0 (Linux; Android 6.0.1; Nexus 5X Build/MMB29P) AppleWebKit/537.36 (KHTML, like Gecko) Chrome/137.0.7151.119 Mobile Safari/537.36 (compatible; Googlebot/2.1; +http://www.google.com/bot.html)"
66.249.79.32 - - [12/Jul/2025:14:41:31 +0000] "GET /?h=6284452021960&mod=f7efa4f8&uri=blog.php%3Fid%3D209904-40%26name%3Dmakita+battery+tools+set HTTP/1.1" 200 21515 "-" "Mozilla/5.0 (Linux; Android 6.0.1; Nexus 5X Build/MMB29P) AppleWebKit/537.36 (KHTML, like Gecko) Chrome/137.0.7151.103 Mobile Safari/537.36 (compatible; Googlebot/2.1; +http://www.google.com/bot.html)"
66.249.79.32 - - [12/Jul/2025:14:41:37 +0000] "GET /?h=6372760021960&mod=c2f91461&uri=pin.php%3Fid%3D212854-363%26name%3Ddark+blue+and+white+stone HTTP/1.1" 200 22116 "-" "Mozilla/5.0 (Linux; Android 6.0.1; Nexus 5X Build/MMB29P) AppleWebKit/537.36 (KHTML, like Gecko) Chrome/137.0.7151.103 Mobile Safari/537.36 (compatible; Googlebot/2.1; +http://www.google.com/bot.html)"
66.249.79.32 - - [12/Jul/2025:14:41:44 +0000] "GET /?h=6361720041960&mod=007ad58e&uri=blog.php%3Fid%3D212486-329%26name%3Dgym+trousers+ladies HTTP/1.1" 200 21045 "-" "Mozilla/5.0 (Linux; Android 6.0.1; Nexus 5X Build/MMB29P) AppleWebKit/537.36 (KHTML, like Gecko) Chrome/137.0.7151.103 Mobile Safari/537.36 (compatible; Googlebot/2.1; +http://www.google.com/bot.html)"
66.249.79.32 - - [12/Jul/2025:14:41:55 +0000] "POST /get-message-notify HTTP/1.1" 200 21698 "https://kelaby.company/?h=6284452021960&mod=f7efa4f8&uri=blog.php%3Fid%3D209904-40%26name%3Dmakita+battery+tools+set" "Mozilla/5.0 (Linux; Android 6.0.1; Nexus 5X Build/MMB29P) AppleWebKit/537.36 (KHTML, like Gecko) Chrome/137.0.7151.119 Mobile Safari/537.36 (compatible; Googlebot/2.1; +http://www.google.com/bot.html)"
66.249.79.32 - - [12/Jul/2025:14:42:01 +0000] "GET /?h=65827815051960&mod=9b425b22&uri=product.php%3Fid%3D2196729-359%26name%3Dnew+balance+996+azul+claro HTTP/1.1" 200 21931 "-" "Mozilla/5.0 (Linux; Android 6.0.1; Nexus 5X Build/MMB29P) AppleWebKit/537.36 (KHTML, like Gecko) Chrome/137.0.7151.103 Mobile Safari/537.36 (compatible; Googlebot/2.1; +http://www.google.com/bot.html)"
66.249.79.32 - - [12/Jul/2025:14:42:06 +0000] "GET /?h=32112984001960&mod=62c1507b&uri=shared.php%3Fid%3D1071818-330%26name%3Dotter+sled+hitch HTTP/1.1" 200 21435 "-" "Mozilla/5.0 (Linux; Android 6.0.1; Nexus 5X Build/MMB29P) AppleWebKit/537.36 (KHTML, like Gecko) Chrome/137.0.7151.103 Mobile Safari/537.36 (compatible; Googlebot/2.1; +http://www.google.com/bot.html)"
66.249.79.32 - - [12/Jul/2025:14:42:18 +0000] "POST /get-message-notify HTTP/1.1" 200 21710 "https://kelaby.company/?h=32112984001960&mod=62c1507b&uri=shared.php%3Fid%3D1071818-330%26name%3Dotter+sled+hitch" "Mozilla/5.0 (Linux; Android 6.0.1; Nexus 5X Build/MMB29P) AppleWebKit/537.36 (KHTML, like Gecko) Chrome/137.0.7151.119 Mobile Safari/537.36 (compatible; Googlebot/2.1; +http://www.google.com/bot.html)"
66.249.79.32 - - [12/Jul/2025:14:42:42 +0000] "GET /?h=6362440131960&mod=bcffdc3d&uri=form.php%3Fid%3D212510-362%26name%3Dmesh+rhinestone+leggings HTTP/1.1" 200 21579 "-" "Mozilla/5.0 (Linux; Android 6.0.1; Nexus 5X Build/MMB29P) AppleWebKit/537.36 (KHTML, like Gecko) Chrome/137.0.7151.103 Mobile Safari/537.36 (compatible; Googlebot/2.1; +http://www.google.com/bot.html)"
66.249.79.32 - - [12/Jul/2025:14:42:36 +0000] "GET /?h=6366520141960&mod=9bbcf8c9&uri=blog.php%3Fid%3D212646-336%26name%3Dborse+rebelle+autunno+inverno+2021 HTTP/1.1" 200 21651 "-" "Mozilla/5.0 (Linux; Android 6.0.1; Nexus 5X Build/MMB29P) AppleWebKit/537.36 (KHTML, like Gecko) Chrome/137.0.7151.103 Mobile Safari/537.36 (compatible; Googlebot/2.1; +http://www.google.com/bot.html)"
66.249.79.32 - - [12/Jul/2025:14:42:48 +0000] "GET /?h=6138515021960&mod=e1029434&uri=search.php%3Fid%3D204985-208%26name%3Dinstax+mini+package HTTP/1.1" 200 21385 "-" "Mozilla/5.0 (Linux; Android 6.0.1; Nexus 5X Build/MMB29P) AppleWebKit/537.36 (KHTML, like Gecko) Chrome/137.0.7151.103 Mobile Safari/537.36 (compatible; Googlebot/2.1; +http://www.google.com/bot.html)"
66.249.79.32 - - [12/Jul/2025:14:42:50 +0000] "POST /get-message-notify HTTP/1.1" 200 21710 "https://kelaby.company/?h=6366520141960&mod=9bbcf8c9&uri=blog.php%3Fid%3D212646-336%26name%3Dborse+rebelle+autunno+inverno+2021" "Mozilla/5.0 (Linux; Android 6.0.1; Nexus 5X Build/MMB29P) AppleWebKit/537.36 (KHTML, like Gecko) Chrome/137.0.7151.119 Mobile Safari/537.36 (compatible; Googlebot/2.1; +http://www.google.com/bot.html)"
66.249.79.32 - - [12/Jul/2025:14:42:55 +0000] "GET /?h=6195481021960&mod=acac6e55&uri=product.php%3Fid%3D206916-219%26name%3Dlopi+yankee+pellet+stove HTTP/1.1" 200 22456 "-" "Mozilla/5.0 (Linux; Android 6.0.1; Nexus 5X Build/MMB29P) AppleWebKit/537.36 (KHTML, like Gecko) Chrome/137.0.7151.103 Mobile Safari/537.36 (compatible; Googlebot/2.1; +http://www.google.com/bot.html)"
66.249.79.33 - - [12/Jul/2025:14:43:02 +0000] "GET /?h=6238942131960&mod=9b425b22&uri=form.php%3Fid%3D208379-359%26name%3Dnike+754+classic HTTP/1.1" 200 21874 "-" "Mozilla/5.0 (Linux; Android 6.0.1; Nexus 5X Build/MMB29P) AppleWebKit/537.36 (KHTML, like Gecko) Chrome/137.0.7151.103 Mobile Safari/537.36 (compatible; Googlebot/2.1; +http://www.google.com/bot.html)"
66.249.79.32 - - [12/Jul/2025:14:43:11 +0000] "POST /get-message-notify HTTP/1.1" 200 21695 "https://kelaby.company/?h=6238942131960&mod=9b425b22&uri=form.php%3Fid%3D208379-359%26name%3Dnike+754+classic" "Mozilla/5.0 (Linux; Android 6.0.1; Nexus 5X Build/MMB29P) AppleWebKit/537.36 (KHTML, like Gecko) Chrome/137.0.7151.119 Mobile Safari/537.36 (compatible; Googlebot/2.1; +http://www.google.com/bot.html)"
66.249.79.32 - - [12/Jul/2025:14:43:08 +0000] "GET /?h=6198840021960&mod=acac6e55&uri=category-info.php%3Fid%3D207028-219%26name%3D20000+btu+pellet+stove HTTP/1.1" 200 22162 "-" "Mozilla/5.0 (Linux; Android 6.0.1; Nexus 5X Build/MMB29P) AppleWebKit/537.36 (KHTML, like Gecko) Chrome/137.0.7151.103 Mobile Safari/537.36 (compatible; Googlebot/2.1; +http://www.google.com/bot.html)"
66.249.79.33 - - [12/Jul/2025:14:43:17 +0000] "GET /?h=6130805001960&mod=e1029434&uri=info.php%3Fid%3D204728-208%26name%3Dsigma+16mm+apsc HTTP/1.1" 200 21324 "-" "Mozilla/5.0 (Linux; Android 6.0.1; Nexus 5X Build/MMB29P) AppleWebKit/537.36 (KHTML, like Gecko) Chrome/137.0.7151.103 Mobile Safari/537.36 (compatible; Googlebot/2.1; +http://www.google.com/bot.html)"
66.249.79.32 - - [12/Jul/2025:14:43:29 +0000] "GET /?h=6395636011960&mod=c2f91461&uri=goods.php%3Fid%3D213617-363%26name%3Dhow+to+tighten+a+sliding+knot+bracelet HTTP/1.1" 200 21471 "-" "Mozilla/5.0 (Linux; Android 6.0.1; Nexus 5X Build/MMB29P) AppleWebKit/537.36 (KHTML, like Gecko) Chrome/137.0.7151.103 Mobile Safari/537.36 (compatible; Googlebot/2.1; +http://www.google.com/bot.html)"
66.249.79.32 - - [12/Jul/2025:14:43:41 +0000] "GET /?h=6381067051960&mod=c2f91461&uri=blog.php%3Fid%3D213131-363%26name%3Dgreen+clear+crystal+name HTTP/1.1" 200 21417 "-" "Mozilla/5.0 (Linux; Android 6.0.1; Nexus 5X Build/MMB29P) AppleWebKit/537.36 (KHTML, like Gecko) Chrome/137.0.7151.103 Mobile Safari/537.36 (compatible; Googlebot/2.1; +http://www.google.com/bot.html)"
66.249.79.32 - - [12/Jul/2025:14:43:54 +0000] "GET /?h=116548149031960&mod=e1029434&uri=blog.php%3Fid%3D3889621-208%26name%3Dleica+medium+format+film+camera HTTP/1.1" 200 20891 "-" "Mozilla/5.0 (Linux; Android 6.0.1; Nexus 5X Build/MMB29P) AppleWebKit/537.36 (KHTML, like Gecko) Chrome/137.0.7151.103 Mobile Safari/537.36 (compatible; Googlebot/2.1; +http://www.google.com/bot.html)"
66.249.79.34 - - [12/Jul/2025:14:44:33 +0000] "GET /?h=6379177071960&mod=c2f91461&uri=info.php%3Fid%3D213068-363%26name%3Damber+bead+necklaces+for+adults HTTP/1.1" 200 21194 "-" "Mozilla/5.0 (Linux; Android 6.0.1; Nexus 5X Build/MMB29P) AppleWebKit/537.36 (KHTML, like Gecko) Chrome/137.0.7151.103 Mobile Safari/537.36 (compatible; Googlebot/2.1; +http://www.google.com/bot.html)"
66.249.79.33 - - [12/Jul/2025:14:44:27 +0000] "GET /?h=116546829041960&mod=e1029434&uri=shop.php%3Fid%3D3889577-208%26name%3Dpolaroid+automatic+220+land+camera HTTP/1.1" 200 21050 "-" "Mozilla/5.0 (Linux; Android 6.0.1; Nexus 5X Build/MMB29P) AppleWebKit/537.36 (KHTML, like Gecko) Chrome/137.0.7151.103 Mobile Safari/537.36 (compatible; Googlebot/2.1; +http://www.google.com/bot.html)"
66.249.79.33 - - [12/Jul/2025:14:44:42 +0000] "POST /get-message-notify HTTP/1.1" 200 21705 "https://kelaby.company/?h=116546829041960&mod=e1029434&uri=shop.php%3Fid%3D3889577-208%26name%3Dpolaroid+automatic+220+land+camera" "Mozilla/5.0 (Linux; Android 6.0.1; Nexus 5X Build/MMB29P) AppleWebKit/537.36 (KHTML, like Gecko) Chrome/137.0.7151.119 Mobile Safari/537.36 (compatible; Googlebot/2.1; +http://www.google.com/bot.html)"
66.249.79.32 - - [12/Jul/2025:14:44:49 +0000] "GET /?h=6194521111960&mod=acac6e55&uri=brands.php%3Fid%3D206884-219%26name%3Dcontinental+wood+stove HTTP/1.1" 200 21933 "-" "Mozilla/5.0 (Linux; Android 6.0.1; Nexus 5X Build/MMB29P) AppleWebKit/537.36 (KHTML, like Gecko) Chrome/137.0.7151.103 Mobile Safari/537.36 (compatible; Googlebot/2.1; +http://www.google.com/bot.html)"
66.249.79.32 - - [12/Jul/2025:14:44:56 +0000] "GET /?h=6198720061960&mod=acac6e55&uri=category-info.php%3Fid%3D207024-219%26name%3Ddimplex+electric+stove+opti+myst HTTP/1.1" 200 21945 "-" "Mozilla/5.0 (Linux; Android 6.0.1; Nexus 5X Build/MMB29P) AppleWebKit/537.36 (KHTML, like Gecko) Chrome/137.0.7151.103 Mobile Safari/537.36 (compatible; Googlebot/2.1; +http://www.google.com/bot.html)"
66.249.79.33 - - [12/Jul/2025:14:45:02 +0000] "GET /?h=6193922061960&mod=e50bea89&uri=info.php%3Fid%3D206864-296%26name%3Dhai+re+teri+motto+haye+re+teri+photo HTTP/1.1" 200 21921 "-" "Mozilla/5.0 (Linux; Android 6.0.1; Nexus 5X Build/MMB29P) AppleWebKit/537.36 (KHTML, like Gecko) Chrome/137.0.7151.103 Mobile Safari/537.36 (compatible; Googlebot/2.1; +http://www.google.com/bot.html)"
66.249.79.33 - - [12/Jul/2025:14:45:11 +0000] "GET /?h=6130745081960&mod=e1029434&uri=news.php%3Fid%3D204726-208%26name%3Dsony+ax43+price HTTP/1.1" 200 21074 "-" "Mozilla/5.0 (Linux; Android 6.0.1; Nexus 5X Build/MMB29P) AppleWebKit/537.36 (KHTML, like Gecko) Chrome/137.0.7151.103 Mobile Safari/537.36 (compatible; Googlebot/2.1; +http://www.google.com/bot.html)"
66.249.79.32 - - [12/Jul/2025:14:45:33 +0000] "GET /?h=6200400121960&mod=acac6e55&uri=shop.php%3Fid%3D207080-219%26name%3Dwood+curtain+rod+holders+home+depot HTTP/1.1" 200 21785 "-" "Mozilla/5.0 (Linux; Android 6.0.1; Nexus 5X Build/MMB29P) AppleWebKit/537.36 (KHTML, like Gecko) Chrome/137.0.7151.103 Mobile Safari/537.36 (compatible; Googlebot/2.1; +http://www.google.com/bot.html)"
66.249.79.32 - - [12/Jul/2025:14:45:40 +0000] "GET /?h=6392126021960&mod=c2f91461&uri=pin.php%3Fid%3D213500-363%26name%3Dhow+to+clean+diamond+ring+with+dawn HTTP/1.1" 200 22033 "-" "Mozilla/5.0 (Linux; Android 6.0.1; Nexus 5X Build/MMB29P) AppleWebKit/537.36 (KHTML, like Gecko) Chrome/137.0.7151.103 Mobile Safari/537.36 (compatible; Googlebot/2.1; +http://www.google.com/bot.html)"
66.249.79.233 - - [12/Jul/2025:14:45:46 +0000] "GET /?h=5855267031960&mod=7530b57b&uri=us.php%3Fid%3D195531-341%26name%3Dentrada+rca+de+audio HTTP/1.1" 200 21964 "-" "Mozilla/5.0 (Linux; Android 6.0.1; Nexus 5X Build/MMB29P) AppleWebKit/537.36 (KHTML, like Gecko) Chrome/137.0.7151.103 Mobile Safari/537.36 (compatible; Googlebot/2.1; +http://www.google.com/bot.html)"
66.249.79.232 - - [12/Jul/2025:14:45:46 +0000] "GET /?h=5804768001960&mod=9bbcf8c9&uri=products.php%3Fid%3D193846-336%26name%3Dtutorial+borse+ai+ferri HTTP/1.1" 200 21328 "-" "Mozilla/5.0 (Linux; Android 6.0.1; Nexus 5X Build/MMB29P) AppleWebKit/537.36 (KHTML, like Gecko) Chrome/137.0.7151.103 Mobile Safari/537.36 (compatible; Googlebot/2.1; +http://www.google.com/bot.html)"
66.249.79.32 - - [12/Jul/2025:14:45:49 +0000] "GET /?h=6199680031960&mod=acac6e55&uri=pin.php%3Fid%3D207056-219%26name%3Dkorda+ready+tied+spinner+rig HTTP/1.1" 200 21387 "-" "Mozilla/5.0 (Linux; Android 6.0.1; Nexus 5X Build/MMB29P) AppleWebKit/537.36 (KHTML, like Gecko) Chrome/137.0.7151.103 Mobile Safari/537.36 (compatible; Googlebot/2.1; +http://www.google.com/bot.html)"
66.249.79.233 - - [12/Jul/2025:14:45:50 +0000] "POST /get-message-notify HTTP/1.1" 200 20951 "https://www.kelaby.company/?h=5804768001960&mod=9bbcf8c9&uri=products.php%3Fid%3D193846-336%26name%3Dtutorial+borse+ai+ferri" "Mozilla/5.0 (Linux; Android 6.0.1; Nexus 5X Build/MMB29P) AppleWebKit/537.36 (KHTML, like Gecko) Chrome/137.0.7151.119 Mobile Safari/537.36 (compatible; Googlebot/2.1; +http://www.google.com/bot.html)"
66.249.79.32 - - [12/Jul/2025:14:45:54 +0000] "POST /get-message-notify HTTP/1.1" 200 21710 "https://kelaby.company/?h=6199680031960&mod=acac6e55&uri=pin.php%3Fid%3D207056-219%26name%3Dkorda+ready+tied+spinner+rig" "Mozilla/5.0 (Linux; Android 6.0.1; Nexus 5X Build/MMB29P) AppleWebKit/537.36 (KHTML, like Gecko) Chrome/137.0.7151.119 Mobile Safari/537.36 (compatible; Googlebot/2.1; +http://www.google.com/bot.html)"
66.249.79.33 - - [12/Jul/2025:14:46:02 +0000] "GET /?h=6383767051960&mod=c2f91461&uri=products.php%3Fid%3D213221-363%26name%3Dcool+bracelet+patterns HTTP/1.1" 200 21888 "-" "Mozilla/5.0 (Linux; Android 6.0.1; Nexus 5X Build/MMB29P) AppleWebKit/537.36 (KHTML, like Gecko) Chrome/137.0.7151.103 Mobile Safari/537.36 (compatible; Googlebot/2.1; +http://www.google.com/bot.html)"
66.249.79.33 - - [12/Jul/2025:14:46:03 +0000] "GET /?h=6090199001960&mod=f7efa4f8&uri=news.php%3Fid%3D203374-40%26name%3Dmakita+electric+edger HTTP/1.1" 200 21811 "-" "Mozilla/5.0 (Linux; Android 6.0.1; Nexus 5X Build/MMB29P) AppleWebKit/537.36 (KHTML, like Gecko) Chrome/137.0.7151.103 Mobile Safari/537.36 (compatible; Googlebot/2.1; +http://www.google.com/bot.html)"
66.249.79.34 - - [12/Jul/2025:14:46:04 +0000] "POST /get-message-notify HTTP/1.1" 200 21708 "https://kelaby.company/?h=6200400121960&mod=acac6e55&uri=shop.php%3Fid%3D207080-219%26name%3Dwood+curtain+rod+holders+home+depot" "Mozilla/5.0 (Linux; Android 6.0.1; Nexus 5X Build/MMB29P) AppleWebKit/537.36 (KHTML, like Gecko) Chrome/137.0.7151.119 Mobile Safari/537.36 (compatible; Googlebot/2.1; +http://www.google.com/bot.html)"
66.249.79.34 - - [12/Jul/2025:14:46:05 +0000] "POST /get-message-notify HTTP/1.1" 200 21699 "https://kelaby.company/?h=6383767051960&mod=c2f91461&uri=products.php%3Fid%3D213221-363%26name%3Dcool+bracelet+patterns" "Mozilla/5.0 (Linux; Android 6.0.1; Nexus 5X Build/MMB29P) AppleWebKit/537.36 (KHTML, like Gecko) Chrome/137.0.7151.119 Mobile Safari/537.36 (compatible; Googlebot/2.1; +http://www.google.com/bot.html)"
66.249.79.32 - - [12/Jul/2025:14:46:14 +0000] "GET /?h=65836758021960&mod=9b425b22&uri=search.php%3Fid%3D2197028-359%26name%3Dnew+balance+840+classic+preto HTTP/1.1" 200 21270 "-" "Mozilla/5.0 (Linux; Android 6.0.1; Nexus 5X Build/MMB29P) AppleWebKit/537.36 (KHTML, like Gecko) Chrome/137.0.7151.103 Mobile Safari/537.36 (compatible; Googlebot/2.1; +http://www.google.com/bot.html)"
66.249.79.32 - - [12/Jul/2025:14:46:16 +0000] "POST /get-message-notify HTTP/1.1" 200 21704 "https://kelaby.company/?h=6392126021960&mod=c2f91461&uri=pin.php%3Fid%3D213500-363%26name%3Dhow+to+clean+diamond+ring+with+dawn" "Mozilla/5.0 (Linux; Android 6.0.1; Nexus 5X Build/MMB29P) AppleWebKit/537.36 (KHTML, like Gecko) Chrome/137.0.7151.119 Mobile Safari/537.36 (compatible; Googlebot/2.1; +http://www.google.com/bot.html)"
66.249.79.32 - - [12/Jul/2025:14:46:37 +0000] "GET /?h=6195241001960&mod=acac6e55&uri=search.php%3Fid%3D206908-219%26name%3Dlong+curtain+rod+brackets HTTP/1.1" 200 22202 "-" "Mozilla/5.0 (Linux; Android 6.0.1; Nexus 5X Build/MMB29P) AppleWebKit/537.36 (KHTML, like Gecko) Chrome/137.0.7151.103 Mobile Safari/537.36 (compatible; Googlebot/2.1; +http://www.google.com/bot.html)"
66.249.79.32 - - [12/Jul/2025:14:46:54 +0000] "GET /?h=6395366071960&mod=c2f91461&uri=article.php%3Fid%3D213608-363%26name%3Dsterling+silver+rice+bead+bracelet HTTP/1.1" 200 19005 "-" "Mozilla/5.0 (Linux; Android 6.0.1; Nexus 5X Build/MMB29P) AppleWebKit/537.36 (KHTML, like Gecko) Chrome/137.0.7151.103 Mobile Safari/537.36 (compatible; Googlebot/2.1; +http://www.google.com/bot.html)"
182.44.12.37 - - [12/Jul/2025:14:46:54 +0000] "GET / HTTP/1.1" 200 26424 "http://kelaby.company" "Mozilla/5.0 (iPhone; CPU iPhone OS 13_2_3 like Mac OS X) AppleWebKit/605.1.15 (KHTML, like Gecko) Version/13.0.3 Mobile/15E148 Safari/604.1"
66.249.79.32 - - [12/Jul/2025:14:46:57 +0000] "POST /get-message-notify HTTP/1.1" 200 21714 "https://kelaby.company/?h=6395366071960&mod=c2f91461&uri=article.php%3Fid%3D213608-363%26name%3Dsterling+silver+rice+bead+bracelet" "Mozilla/5.0 (Linux; Android 6.0.1; Nexus 5X Build/MMB29P) AppleWebKit/537.36 (KHTML, like Gecko) Chrome/137.0.7151.119 Mobile Safari/537.36 (compatible; Googlebot/2.1; +http://www.google.com/bot.html)"
66.249.79.33 - - [12/Jul/2025:14:47:30 +0000] "GET /?h=6392396031960&mod=c2f91461&uri=itm.php%3Fid%3D213509-363%26name%3Dhow+to+make+beaded+bracelets+with+seed+beads HTTP/1.1" 200 21251 "-" "Mozilla/5.0 (Linux; Android 6.0.1; Nexus 5X Build/MMB29P) AppleWebKit/537.36 (KHTML, like Gecko) Chrome/137.0.7151.103 Mobile Safari/537.36 (compatible; Googlebot/2.1; +http://www.google.com/bot.html)"
66.249.79.32 - - [12/Jul/2025:14:47:46 +0000] "GET /?h=6389966071960&mod=c2f91461&uri=us.php%3Fid%3D213428-363%26name%3Dengagement+ring+jewelers+nyc HTTP/1.1" 200 20637 "-" "Mozilla/5.0 (Linux; Android 6.0.1; Nexus 5X Build/MMB29P) AppleWebKit/537.36 (KHTML, like Gecko) Chrome/137.0.7151.103 Mobile Safari/537.36 (compatible; Googlebot/2.1; +http://www.google.com/bot.html)"
66.249.79.32 - - [12/Jul/2025:14:47:48 +0000] "GET /?h=119804212001960&mod=167cacf7&uri=us.php%3Fid%3D3998230-129%26name%3Dverizon+wireless+offers+for+existing+customers HTTP/1.1" 200 21378 "-" "Mozilla/5.0 (Linux; Android 6.0.1; Nexus 5X Build/MMB29P) AppleWebKit/537.36 (KHTML, like Gecko) Chrome/137.0.7151.103 Mobile Safari/537.36 (compatible; Googlebot/2.1; +http://www.google.com/bot.html)"
66.249.79.32 - - [12/Jul/2025:14:47:52 +0000] "GET /?h=6392666041960&mod=c2f91461&uri=shared.php%3Fid%3D213518-363%26name%3Dglow+in+the+dark+pebbles+b%26m HTTP/1.1" 200 22125 "-" "Mozilla/5.0 (Linux; Android 6.0.1; Nexus 5X Build/MMB29P) AppleWebKit/537.36 (KHTML, like Gecko) Chrome/137.0.7151.103 Mobile Safari/537.36 (compatible; Googlebot/2.1; +http://www.google.com/bot.html)"
66.249.79.32 - - [12/Jul/2025:14:47:53 +0000] "POST /get-message-notify HTTP/1.1" 200 21702 "https://kelaby.company/?h=6392396031960&mod=c2f91461&uri=itm.php%3Fid%3D213509-363%26name%3Dhow+to+make+beaded+bracelets+with+seed+beads" "Mozilla/5.0 (Linux; Android 6.0.1; Nexus 5X Build/MMB29P) AppleWebKit/537.36 (KHTML, like Gecko) Chrome/137.0.7151.119 Mobile Safari/537.36 (compatible; Googlebot/2.1; +http://www.google.com/bot.html)"
66.249.79.34 - - [12/Jul/2025:14:48:09 +0000] "GET /?h=6128465001960&mod=e1029434&uri=category-info.php%3Fid%3D204650-208%26name%3Dfujifilm+instax+wide+300+instant HTTP/1.1" 200 21146 "-" "Mozilla/5.0 (Linux; Android 6.0.1; Nexus 5X Build/MMB29P) AppleWebKit/537.36 (KHTML, like Gecko) Chrome/137.0.7151.103 Mobile Safari/537.36 (compatible; Googlebot/2.1; +http://www.google.com/bot.html)"
66.249.79.32 - - [12/Jul/2025:14:48:09 +0000] "GET /?h=6395906001960&mod=c2f91461&uri=category-info.php%3Fid%3D213626-363%26name%3Dluxury+lanyard+for+keys HTTP/1.1" 200 22240 "-" "Mozilla/5.0 (Linux; Android 6.0.1; Nexus 5X Build/MMB29P) AppleWebKit/537.36 (KHTML, like Gecko) Chrome/137.0.7151.103 Mobile Safari/537.36 (compatible; Googlebot/2.1; +http://www.google.com/bot.html)"
66.249.79.33 - - [12/Jul/2025:14:48:09 +0000] "GET /?h=6090019091960&mod=f7efa4f8&uri=form.php%3Fid%3D203368-40%26name%3Dhsa+25+battery+shrub+shears HTTP/1.1" 200 21702 "-" "Mozilla/5.0 (Linux; Android 6.0.1; Nexus 5X Build/MMB29P) AppleWebKit/537.36 (KHTML, like Gecko) Chrome/137.0.7151.103 Mobile Safari/537.36 (compatible; Googlebot/2.1; +http://www.google.com/bot.html)"
66.249.79.33 - - [12/Jul/2025:14:48:11 +0000] "POST /get-message-notify HTTP/1.1" 200 21717 "https://kelaby.company/?h=6128465001960&mod=e1029434&uri=category-info.php%3Fid%3D204650-208%26name%3Dfujifilm+instax+wide+300+instant" "Mozilla/5.0 (Linux; Android 6.0.1; Nexus 5X Build/MMB29P) AppleWebKit/537.36 (KHTML, like Gecko) Chrome/137.0.7151.119 Mobile Safari/537.36 (compatible; Googlebot/2.1; +http://www.google.com/bot.html)"
66.249.79.34 - - [12/Jul/2025:14:48:12 +0000] "POST /get-message-notify HTTP/1.1" 200 21706 "https://kelaby.company/?h=6090019091960&mod=f7efa4f8&uri=form.php%3Fid%3D203368-40%26name%3Dhsa+25+battery+shrub+shears" "Mozilla/5.0 (Linux; Android 6.0.1; Nexus 5X Build/MMB29P) AppleWebKit/537.36 (KHTML, like Gecko) Chrome/137.0.7151.119 Mobile Safari/537.36 (compatible; Googlebot/2.1; +http://www.google.com/bot.html)"
66.249.79.32 - - [12/Jul/2025:14:48:13 +0000] "POST /get-message-notify HTTP/1.1" 200 21711 "https://kelaby.company/?h=6395906001960&mod=c2f91461&uri=category-info.php%3Fid%3D213626-363%26name%3Dluxury+lanyard+for+keys" "Mozilla/5.0 (Linux; Android 6.0.1; Nexus 5X Build/MMB29P) AppleWebKit/537.36 (KHTML, like Gecko) Chrome/137.0.7151.119 Mobile Safari/537.36 (compatible; Googlebot/2.1; +http://www.google.com/bot.html)"
66.249.79.33 - - [12/Jul/2025:14:48:15 +0000] "GET /?h=6192857001960&mod=acac6e55&uri=form.php%3Fid%3D206828-219%26name%3Dinch+diameter+curtain+rod+brackets HTTP/1.1" 200 21982 "-" "Mozilla/5.0 (Linux; Android 6.0.1; Nexus 5X Build/MMB29P) AppleWebKit/537.36 (KHTML, like Gecko) Chrome/137.0.7151.103 Mobile Safari/537.36 (compatible; Googlebot/2.1; +http://www.google.com/bot.html)"
66.249.79.32 - - [12/Jul/2025:14:48:21 +0000] "GET /?h=6379717001960&mod=c2f91461&uri=dp.php%3Fid%3D213086-363%26name%3Dbort+gem HTTP/1.1" 200 21115 "-" "Mozilla/5.0 (Linux; Android 6.0.1; Nexus 5X Build/MMB29P) AppleWebKit/537.36 (KHTML, like Gecko) Chrome/137.0.7151.103 Mobile Safari/537.36 (compatible; Googlebot/2.1; +http://www.google.com/bot.html)"
66.249.79.32 - - [12/Jul/2025:14:48:24 +0000] "POST /get-message-notify HTTP/1.1" 200 21707 "https://kelaby.company/?h=6379717001960&mod=c2f91461&uri=dp.php%3Fid%3D213086-363%26name%3Dbort+gem" "Mozilla/5.0 (Linux; Android 6.0.1; Nexus 5X Build/MMB29P) AppleWebKit/537.36 (KHTML, like Gecko) Chrome/137.0.7151.119 Mobile Safari/537.36 (compatible; Googlebot/2.1; +http://www.google.com/bot.html)"
66.249.79.32 - - [12/Jul/2025:14:48:28 +0000] "GET /?h=6384577061960&mod=c2f91461&uri=form.php%3Fid%3D213248-363%26name%3Delegantmedical+catholic HTTP/1.1" 200 21426 "-" "Mozilla/5.0 (Linux; Android 6.0.1; Nexus 5X Build/MMB29P) AppleWebKit/537.36 (KHTML, like Gecko) Chrome/137.0.7151.103 Mobile Safari/537.36 (compatible; Googlebot/2.1; +http://www.google.com/bot.html)"
66.249.79.32 - - [12/Jul/2025:14:48:35 +0000] "GET /?h=6137225041960&mod=e1029434&uri=product.php%3Fid%3D204942-208%26name%3Dhandycam+video+camera+price HTTP/1.1" 200 21206 "-" "Mozilla/5.0 (Linux; Android 6.0.1; Nexus 5X Build/MMB29P) AppleWebKit/537.36 (KHTML, like Gecko) Chrome/137.0.7151.103 Mobile Safari/537.36 (compatible; Googlebot/2.1; +http://www.google.com/bot.html)"
66.249.79.32 - - [12/Jul/2025:14:48:50 +0000] "GET /?h=6198960091960&mod=acac6e55&uri=shop.php%3Fid%3D207032-219%26name%3Dmr+buddy+heater+with+20+lb+tank HTTP/1.1" 200 21526 "-" "Mozilla/5.0 (Linux; Android 6.0.1; Nexus 5X Build/MMB29P) AppleWebKit/537.36 (KHTML, like Gecko) Chrome/137.0.7151.103 Mobile Safari/537.36 (compatible; Googlebot/2.1; +http://www.google.com/bot.html)"
66.249.79.32 - - [12/Jul/2025:14:48:57 +0000] "GET /?h=6381877021960&mod=c2f91461&uri=info.php%3Fid%3D213158-363%26name%3Dring+shaped+engagement HTTP/1.1" 200 21568 "-" "Mozilla/5.0 (Linux; Android 6.0.1; Nexus 5X Build/MMB29P) AppleWebKit/537.36 (KHTML, like Gecko) Chrome/137.0.7151.103 Mobile Safari/537.36 (compatible; Googlebot/2.1; +http://www.google.com/bot.html)"
66.249.79.34 - - [12/Jul/2025:14:49:02 +0000] "POST /get-message-notify HTTP/1.1" 200 21698 "https://kelaby.company/?h=6381877021960&mod=c2f91461&uri=info.php%3Fid%3D213158-363%26name%3Dring+shaped+engagement" "Mozilla/5.0 (Linux; Android 6.0.1; Nexus 5X Build/MMB29P) AppleWebKit/537.36 (KHTML, like Gecko) Chrome/137.0.7151.119 Mobile Safari/537.36 (compatible; Googlebot/2.1; +http://www.google.com/bot.html)"
66.249.79.33 - - [12/Jul/2025:14:49:04 +0000] "GET /?h=6382147011960&mod=c2f91461&uri=brands.php%3Fid%3D213167-363%26name%3Dhigh+end+jewelry+stores+nyc HTTP/1.1" 200 21521 "-" "Mozilla/5.0 (Linux; Android 6.0.1; Nexus 5X Build/MMB29P) AppleWebKit/537.36 (KHTML, like Gecko) Chrome/137.0.7151.103 Mobile Safari/537.36 (compatible; Googlebot/2.1; +http://www.google.com/bot.html)"
209.74.77.214 - - [12/Jul/2025:14:49:09 +0000] "POST /wp-cron.php?doing_wp_cron=1752331749.3164188861846923828125 HTTP/1.1" 200 - "-" "WordPress/6.8.1; https://kelaby.company"
134.17.14.12 - - [12/Jul/2025:14:49:08 +0000] "GET /wp-content/plugins/yanierin/akc.php?p= HTTP/1.1" 301 - "-" "Mozilla/5.0 (Windows NT 10.0; Win64; x64; rv:140.0) Gecko/20100101 Firefox/140.0"
134.17.14.12 - - [12/Jul/2025:14:49:10 +0000] "GET /wp-content/plugins/yanierin/akc.php HTTP/1.1" 404 16357 "-" "Mozilla/5.0 (Windows NT 10.0; Win64; x64; rv:140.0) Gecko/20100101 Firefox/140.0"
66.249.79.32 - - [12/Jul/2025:14:49:25 +0000] "GET /?h=6194282001960&mod=acac6e55&uri=news.php%3Fid%3D206876-219%26name%3Dhot+water+tank+wiring HTTP/1.1" 200 22642 "-" "Mozilla/5.0 (Linux; Android 6.0.1; Nexus 5X Build/MMB29P) AppleWebKit/537.36 (KHTML, like Gecko) Chrome/137.0.7151.103 Mobile Safari/537.36 (compatible; Googlebot/2.1; +http://www.google.com/bot.html)"
66.249.79.32 - - [12/Jul/2025:14:49:32 +0000] "GET /?h=116544219021960&mod=e1029434&uri=product.php%3Fid%3D3889490-208%26name%3Dsony+a6000+blurry+photos HTTP/1.1" 200 21493 "-" "Mozilla/5.0 (Linux; Android 6.0.1; Nexus 5X Build/MMB29P) AppleWebKit/537.36 (KHTML, like Gecko) Chrome/137.0.7151.103 Mobile Safari/537.36 (compatible; Googlebot/2.1; +http://www.google.com/bot.html)"
66.249.79.32 - - [12/Jul/2025:14:49:51 +0000] "GET /?h=6130775001960&mod=e1029434&uri=goods.php%3Fid%3D204727-208%26name%3Dsony+hdr+pj710 HTTP/1.1" 200 21169 "-" "Mozilla/5.0 (Linux; Android 6.0.1; Nexus 5X Build/MMB29P) AppleWebKit/537.36 (KHTML, like Gecko) Chrome/137.0.7151.103 Mobile Safari/537.36 (compatible; Googlebot/2.1; +http://www.google.com/bot.html)"
66.249.79.32 - - [12/Jul/2025:14:50:07 +0000] "GET /?h=6168077071960&mod=62c1507b&uri=dp.php%3Fid%3D205973-330%26name%3Dprostat+non+programmable+thermostat HTTP/1.1" 200 21599 "-" "Mozilla/5.0 (Linux; Android 6.0.1; Nexus 5X Build/MMB29P) AppleWebKit/537.36 (KHTML, like Gecko) Chrome/137.0.7151.103 Mobile Safari/537.36 (compatible; Googlebot/2.1; +http://www.google.com/bot.html)"
66.249.79.34 - - [12/Jul/2025:14:50:07 +0000] "GET /?h=6251684001960&mod=2076b5ab&uri=pin.php%3Fid%3D208810-333%26name%3Dkay+jewelers+herringbone+chain HTTP/1.1" 200 21117 "-" "Mozilla/5.0 (Linux; Android 6.0.1; Nexus 5X Build/MMB29P) AppleWebKit/537.36 (KHTML, like Gecko) Chrome/137.0.7151.103 Mobile Safari/537.36 (compatible; Googlebot/2.1; +http://www.google.com/bot.html)"
