66.249.79.32 - - [12/Jul/2025:12:45:53 +0000] "GET /?h=5931671011960&mod=be8e1862&uri=shop.php%3Fid%3D198081-342%26name%3Drose+chandelier+deluxe+bouncer HTTP/1.1" 200 21001 "-" "Mozilla/5.0 (Linux; Android 6.0.1; Nexus 5X Build/MMB29P) AppleWebKit/537.36 (KHTML, like Gecko) Chrome/137.0.7151.103 Mobile Safari/537.36 (compatible; Googlebot/2.1; +http://www.google.com/bot.html)"
66.249.79.32 - - [12/Jul/2025:12:46:02 +0000] "GET /?h=5932721041960&mod=be8e1862&uri=shared.php%3Fid%3D198116-342%26name%3Dsoothing+river+deluxe+bouncer HTTP/1.1" 200 21529 "-" "Mozilla/5.0 (Linux; Android 6.0.1; Nexus 5X Build/MMB29P) AppleWebKit/537.36 (KHTML, like Gecko) Chrome/137.0.7151.103 Mobile Safari/537.36 (compatible; Googlebot/2.1; +http://www.google.com/bot.html)"
66.249.79.32 - - [12/Jul/2025:12:46:04 +0000] "POST /get-message-notify HTTP/1.1" 200 21710 "https://kelaby.company/?h=5931671011960&mod=be8e1862&uri=shop.php%3Fid%3D198081-342%26name%3Drose+chandelier+deluxe+bouncer" "Mozilla/5.0 (Linux; Android 6.0.1; Nexus 5X Build/MMB29P) AppleWebKit/537.36 (KHTML, like Gecko) Chrome/137.0.7151.119 Mobile Safari/537.36 (compatible; Googlebot/2.1; +http://www.google.com/bot.html)"
66.249.79.232 - - [12/Jul/2025:12:46:07 +0000] "POST /get-message-notify HTTP/1.1" 200 20932 "https://www.kelaby.company/?h=5791658031960&mod=49856ed4&uri=news.php%3Fid%3D193409-57%26name%3Dboat+bluetooth+headset+335" "Mozilla/5.0 (Linux; Android 6.0.1; Nexus 5X Build/MMB29P) AppleWebKit/537.36 (KHTML, like Gecko) Chrome/137.0.7151.119 Mobile Safari/537.36 (compatible; Googlebot/2.1; +http://www.google.com/bot.html)"
66.249.79.32 - - [12/Jul/2025:12:46:08 +0000] "GET /?h=5933171031960&mod=be8e1862&uri=pin.php%3Fid%3D198131-342%26name%3Dbig+w+bouncers HTTP/1.1" 200 21066 "-" "Mozilla/5.0 (Linux; Android 6.0.1; Nexus 5X Build/MMB29P) AppleWebKit/537.36 (KHTML, like Gecko) Chrome/137.0.7151.103 Mobile Safari/537.36 (compatible; Googlebot/2.1; +http://www.google.com/bot.html)"
66.249.79.32 - - [12/Jul/2025:12:46:14 +0000] "GET /?h=5932691021960&mod=be8e1862&uri=pin.php%3Fid%3D198115-342%26name%3Dsit+me+up+floor+seat+girl HTTP/1.1" 200 21351 "-" "Mozilla/5.0 (Linux; Android 6.0.1; Nexus 5X Build/MMB29P) AppleWebKit/537.36 (KHTML, like Gecko) Chrome/137.0.7151.103 Mobile Safari/537.36 (compatible; Googlebot/2.1; +http://www.google.com/bot.html)"
66.249.79.32 - - [12/Jul/2025:12:46:25 +0000] "GET /?h=5933561011960&mod=be8e1862&uri=article.php%3Fid%3D198144-342%26name%3Dgraco+baby+swing+soothing+vibration HTTP/1.1" 200 20640 "-" "Mozilla/5.0 (Linux; Android 6.0.1; Nexus 5X Build/MMB29P) AppleWebKit/537.36 (KHTML, like Gecko) Chrome/137.0.7151.103 Mobile Safari/537.36 (compatible; Googlebot/2.1; +http://www.google.com/bot.html)"
66.249.79.32 - - [12/Jul/2025:12:46:38 +0000] "GET /?h=5932061111960&mod=09018a5a&uri=category-info.php%3Fid%3D198094-343%26name%3Dstorage+chest+target HTTP/1.1" 200 21177 "-" "Mozilla/5.0 (Linux; Android 6.0.1; Nexus 5X Build/MMB29P) AppleWebKit/537.36 (KHTML, like Gecko) Chrome/137.0.7151.103 Mobile Safari/537.36 (compatible; Googlebot/2.1; +http://www.google.com/bot.html)"
66.249.79.33 - - [12/Jul/2025:12:47:01 +0000] "GET /?h=5931791071960&mod=09018a5a&uri=dp.php%3Fid%3D198085-343%26name%3Dlaptop+table+target HTTP/1.1" 200 21847 "-" "Mozilla/5.0 (Linux; Android 6.0.1; Nexus 5X Build/MMB29P) AppleWebKit/537.36 (KHTML, like Gecko) Chrome/137.0.7151.103 Mobile Safari/537.36 (compatible; Googlebot/2.1; +http://www.google.com/bot.html)"
66.249.79.33 - - [12/Jul/2025:12:47:03 +0000] "POST /get-message-notify HTTP/1.1" 200 21696 "https://kelaby.company/?h=5933561011960&mod=be8e1862&uri=article.php%3Fid%3D198144-342%26name%3Dgraco+baby+swing+soothing+vibration" "Mozilla/5.0 (Linux; Android 6.0.1; Nexus 5X Build/MMB29P) AppleWebKit/537.36 (KHTML, like Gecko) Chrome/137.0.7151.119 Mobile Safari/537.36 (compatible; Googlebot/2.1; +http://www.google.com/bot.html)"
66.249.79.33 - - [12/Jul/2025:12:47:04 +0000] "POST /get-message-notify HTTP/1.1" 200 21704 "https://kelaby.company/?h=5931791071960&mod=09018a5a&uri=dp.php%3Fid%3D198085-343%26name%3Dlaptop+table+target" "Mozilla/5.0 (Linux; Android 6.0.1; Nexus 5X Build/MMB29P) AppleWebKit/537.36 (KHTML, like Gecko) Chrome/137.0.7151.119 Mobile Safari/537.36 (compatible; Googlebot/2.1; +http://www.google.com/bot.html)"
66.249.79.33 - - [12/Jul/2025:12:47:07 +0000] "GET /?h=5932931011960&mod=be8e1862&uri=form.php%3Fid%3D198123-342%26name%3D4moms+mamaroo+silver+plush HTTP/1.1" 200 21064 "-" "Mozilla/5.0 (Linux; Android 6.0.1; Nexus 5X Build/MMB29P) AppleWebKit/537.36 (KHTML, like Gecko) Chrome/137.0.7151.103 Mobile Safari/537.36 (compatible; Googlebot/2.1; +http://www.google.com/bot.html)"
66.249.79.32 - - [12/Jul/2025:12:47:16 +0000] "GET /?h=5933291011960&mod=be8e1862&uri=search.php%3Fid%3D198135-342%26name%3Dfisher+price+jungle+swing+chair HTTP/1.1" 200 21247 "-" "Mozilla/5.0 (Linux; Android 6.0.1; Nexus 5X Build/MMB29P) AppleWebKit/537.36 (KHTML, like Gecko) Chrome/137.0.7151.103 Mobile Safari/537.36 (compatible; Googlebot/2.1; +http://www.google.com/bot.html)"
66.249.79.32 - - [12/Jul/2025:12:47:58 +0000] "GET /?h=115117667041960&mod=be8e1862&uri=shared.php%3Fid%3D3841896-342%26name%3Dwhen+baby+starts+sitting+in+walker HTTP/1.1" 200 21234 "-" "Mozilla/5.0 (Linux; Android 6.0.1; Nexus 5X Build/MMB29P) AppleWebKit/537.36 (KHTML, like Gecko) Chrome/137.0.7151.103 Mobile Safari/537.36 (compatible; Googlebot/2.1; +http://www.google.com/bot.html)"
66.249.79.33 - - [12/Jul/2025:12:48:04 +0000] "POST /get-message-notify HTTP/1.1" 200 21709 "https://kelaby.company/?h=115117667041960&mod=be8e1862&uri=shared.php%3Fid%3D3841896-342%26name%3Dwhen+baby+starts+sitting+in+walker" "Mozilla/5.0 (Linux; Android 6.0.1; Nexus 5X Build/MMB29P) AppleWebKit/537.36 (KHTML, like Gecko) Chrome/137.0.7151.119 Mobile Safari/537.36 (compatible; Googlebot/2.1; +http://www.google.com/bot.html)"
66.249.79.33 - - [12/Jul/2025:12:48:05 +0000] "GET /?h=115110317031960&mod=be8e1862&uri=product.php%3Fid%3D3841651-342%26name%3Dwhich+is+the+best+baby+walker+to+buy HTTP/1.1" 200 20890 "-" "Mozilla/5.0 (Linux; Android 6.0.1; Nexus 5X Build/MMB29P) AppleWebKit/537.36 (KHTML, like Gecko) Chrome/137.0.7151.103 Mobile Safari/537.36 (compatible; Googlebot/2.1; +http://www.google.com/bot.html)"
66.249.79.32 - - [12/Jul/2025:12:48:11 +0000] "GET /?h=5933411011960&mod=be8e1862&uri=brands.php%3Fid%3D198139-342%26name%3Dbaby+bjorn+bouncer+frame HTTP/1.1" 200 21325 "-" "Mozilla/5.0 (Linux; Android 6.0.1; Nexus 5X Build/MMB29P) AppleWebKit/537.36 (KHTML, like Gecko) Chrome/137.0.7151.103 Mobile Safari/537.36 (compatible; Googlebot/2.1; +http://www.google.com/bot.html)"
66.249.79.32 - - [12/Jul/2025:12:48:13 +0000] "POST /get-message-notify HTTP/1.1" 200 21687 "https://kelaby.company/?h=5933411011960&mod=be8e1862&uri=brands.php%3Fid%3D198139-342%26name%3Dbaby+bjorn+bouncer+frame" "Mozilla/5.0 (Linux; Android 6.0.1; Nexus 5X Build/MMB29P) AppleWebKit/537.36 (KHTML, like Gecko) Chrome/137.0.7151.119 Mobile Safari/537.36 (compatible; Googlebot/2.1; +http://www.google.com/bot.html)"
66.249.79.32 - - [12/Jul/2025:12:48:17 +0000] "GET /?h=5932241021960&mod=be8e1862&uri=search.php%3Fid%3D198100-342%26name%3Dbaby+rockers+at+game HTTP/1.1" 200 21343 "-" "Mozilla/5.0 (Linux; Android 6.0.1; Nexus 5X Build/MMB29P) AppleWebKit/537.36 (KHTML, like Gecko) Chrome/137.0.7151.103 Mobile Safari/537.36 (compatible; Googlebot/2.1; +http://www.google.com/bot.html)"
66.249.79.32 - - [12/Jul/2025:12:48:25 +0000] "GET /?h=5933531071960&mod=be8e1862&uri=shop.php%3Fid%3D198143-342%26name%3Dbaby+bouncer+nuna+harga HTTP/1.1" 200 20568 "-" "Mozilla/5.0 (Linux; Android 6.0.1; Nexus 5X Build/MMB29P) AppleWebKit/537.36 (KHTML, like Gecko) Chrome/137.0.7151.103 Mobile Safari/537.36 (compatible; Googlebot/2.1; +http://www.google.com/bot.html)"
66.249.79.32 - - [12/Jul/2025:12:48:32 +0000] "GET /?h=5932181021960&mod=be8e1862&uri=pin.php%3Fid%3D198098-342%26name%3Dtall+baby+walker HTTP/1.1" 200 20972 "-" "Mozilla/5.0 (Linux; Android 6.0.1; Nexus 5X Build/MMB29P) AppleWebKit/537.36 (KHTML, like Gecko) Chrome/137.0.7151.103 Mobile Safari/537.36 (compatible; Googlebot/2.1; +http://www.google.com/bot.html)"
66.249.79.32 - - [12/Jul/2025:12:48:35 +0000] "POST /get-message-notify HTTP/1.1" 200 21705 "https://kelaby.company/?h=5932181021960&mod=be8e1862&uri=pin.php%3Fid%3D198098-342%26name%3Dtall+baby+walker" "Mozilla/5.0 (Linux; Android 6.0.1; Nexus 5X Build/MMB29P) AppleWebKit/537.36 (KHTML, like Gecko) Chrome/137.0.7151.119 Mobile Safari/537.36 (compatible; Googlebot/2.1; +http://www.google.com/bot.html)"
66.249.79.32 - - [12/Jul/2025:12:48:55 +0000] "GET /?h=5931971081960&mod=be8e1862&uri=shop.php%3Fid%3D198091-342%26name%3Dfisher+price+space+saver+high+chair+luminosity HTTP/1.1" 200 20801 "-" "Mozilla/5.0 (Linux; Android 6.0.1; Nexus 5X Build/MMB29P) AppleWebKit/537.36 (KHTML, like Gecko) Chrome/137.0.7151.103 Mobile Safari/537.36 (compatible; Googlebot/2.1; +http://www.google.com/bot.html)"
66.249.79.32 - - [12/Jul/2025:12:48:55 +0000] "GET /?h=27987785001960&mod=7530b57b&uri=blog.php%3Fid%3D934106-341%26name%3Dbatidos+de+platano+y+manzana HTTP/1.1" 200 22348 "-" "Mozilla/5.0 (Linux; Android 6.0.1; Nexus 5X Build/MMB29P) AppleWebKit/537.36 (KHTML, like Gecko) Chrome/137.0.7151.103 Mobile Safari/537.36 (compatible; Googlebot/2.1; +http://www.google.com/bot.html)"
66.249.79.34 - - [12/Jul/2025:12:49:01 +0000] "GET /?h=5931731051960&mod=be8e1862&uri=category-info.php%3Fid%3D198083-342%26name%3Dnuna+leaf+pottery+barn HTTP/1.1" 200 20607 "-" "Mozilla/5.0 (Linux; Android 6.0.1; Nexus 5X Build/MMB29P) AppleWebKit/537.36 (KHTML, like Gecko) Chrome/137.0.7151.103 Mobile Safari/537.36 (compatible; Googlebot/2.1; +http://www.google.com/bot.html)"
66.249.79.32 - - [12/Jul/2025:12:49:10 +0000] "GET /?h=5932571031960&mod=be8e1862&uri=goods.php%3Fid%3D198111-342%26name%3Dbaby+lay+on+stomach+rocker HTTP/1.1" 200 22224 "-" "Mozilla/5.0 (Linux; Android 6.0.1; Nexus 5X Build/MMB29P) AppleWebKit/537.36 (KHTML, like Gecko) Chrome/137.0.7151.103 Mobile Safari/537.36 (compatible; Googlebot/2.1; +http://www.google.com/bot.html)"
66.249.79.32 - - [12/Jul/2025:12:49:23 +0000] "GET /?h=115100957051960&mod=be8e1862&uri=blog.php%3Fid%3D3841339-342%26name%3Dbabies+r+us+walkers+jumpers HTTP/1.1" 200 21732 "-" "Mozilla/5.0 (Linux; Android 6.0.1; Nexus 5X Build/MMB29P) AppleWebKit/537.36 (KHTML, like Gecko) Chrome/137.0.7151.103 Mobile Safari/537.36 (compatible; Googlebot/2.1; +http://www.google.com/bot.html)"
66.249.79.32 - - [12/Jul/2025:12:49:36 +0000] "GET /?h=5933051071960&mod=be8e1862&uri=pin.php%3Fid%3D198127-342%26name%3Dcheapest+baby+walkers+uk HTTP/1.1" 200 20641 "-" "Mozilla/5.0 (Linux; Android 6.0.1; Nexus 5X Build/MMB29P) AppleWebKit/537.36 (KHTML, like Gecko) Chrome/137.0.7151.103 Mobile Safari/537.36 (compatible; Googlebot/2.1; +http://www.google.com/bot.html)"
66.249.79.32 - - [12/Jul/2025:12:49:59 +0000] "GET /?h=6231412021960&mod=9b425b22&uri=products.php%3Fid%3D208124-359%26name%3Dnew+balance+827+forum HTTP/1.1" 200 21991 "-" "Mozilla/5.0 (Linux; Android 6.0.1; Nexus 5X Build/MMB29P) AppleWebKit/537.36 (KHTML, like Gecko) Chrome/137.0.7151.103 Mobile Safari/537.36 (compatible; Googlebot/2.1; +http://www.google.com/bot.html)"
66.249.79.32 - - [12/Jul/2025:12:50:03 +0000] "GET /?h=6240726041960&mod=9b425b22&uri=blog.php%3Fid%3D208440-359%26name%3Dtenis+new+balance+680+sport+preto HTTP/1.1" 200 21203 "-" "Mozilla/5.0 (Linux; Android 6.0.1; Nexus 5X Build/MMB29P) AppleWebKit/537.36 (KHTML, like Gecko) Chrome/137.0.7151.103 Mobile Safari/537.36 (compatible; Googlebot/2.1; +http://www.google.com/bot.html)"
66.249.79.32 - - [12/Jul/2025:12:50:05 +0000] "GET /?h=6221712091960&mod=acac6e55&uri=article.php%3Fid%3D207792-219%26name%3D70000+btu+pellet+stove HTTP/1.1" 200 21316 "-" "Mozilla/5.0 (Linux; Android 6.0.1; Nexus 5X Build/MMB29P) AppleWebKit/537.36 (KHTML, like Gecko) Chrome/137.0.7151.103 Mobile Safari/537.36 (compatible; Googlebot/2.1; +http://www.google.com/bot.html)"
66.249.79.32 - - [12/Jul/2025:12:50:06 +0000] "GET /?h=5937671031960&mod=be8e1862&uri=goods.php%3Fid%3D198281-342%26name%3Dage+for+baby+bouncer HTTP/1.1" 200 20755 "-" "Mozilla/5.0 (Linux; Android 6.0.1; Nexus 5X Build/MMB29P) AppleWebKit/537.36 (KHTML, like Gecko) Chrome/137.0.7151.103 Mobile Safari/537.36 (compatible; Googlebot/2.1; +http://www.google.com/bot.html)"
66.249.79.32 - - [12/Jul/2025:12:50:08 +0000] "POST /get-message-notify HTTP/1.1" 200 21707 "https://kelaby.company/?h=5937671031960&mod=be8e1862&uri=goods.php%3Fid%3D198281-342%26name%3Dage+for+baby+bouncer" "Mozilla/5.0 (Linux; Android 6.0.1; Nexus 5X Build/MMB29P) AppleWebKit/537.36 (KHTML, like Gecko) Chrome/137.0.7151.119 Mobile Safari/537.36 (compatible; Googlebot/2.1; +http://www.google.com/bot.html)"
66.249.79.32 - - [12/Jul/2025:12:50:09 +0000] "POST /get-message-notify HTTP/1.1" 200 21698 "https://kelaby.company/?h=6221712091960&mod=acac6e55&uri=article.php%3Fid%3D207792-219%26name%3D70000+btu+pellet+stove" "Mozilla/5.0 (Linux; Android 6.0.1; Nexus 5X Build/MMB29P) AppleWebKit/537.36 (KHTML, like Gecko) Chrome/137.0.7151.119 Mobile Safari/537.36 (compatible; Googlebot/2.1; +http://www.google.com/bot.html)"
66.249.79.32 - - [12/Jul/2025:12:50:24 +0000] "GET /?h=6203646011960&mod=acac6e55&uri=product.php%3Fid%3D207189-219%26name%3Dcorner+hearth+for+wood+stove HTTP/1.1" 200 22192 "-" "Mozilla/5.0 (Linux; Android 6.0.1; Nexus 5X Build/MMB29P) AppleWebKit/537.36 (KHTML, like Gecko) Chrome/137.0.7151.103 Mobile Safari/537.36 (compatible; Googlebot/2.1; +http://www.google.com/bot.html)"
66.249.79.32 - - [12/Jul/2025:12:50:31 +0000] "GET /?h=6233195061960&mod=9b425b22&uri=dp.php%3Fid%3D208184-359%26name%3Dnew+balance+791+social HTTP/1.1" 200 21768 "-" "Mozilla/5.0 (Linux; Android 6.0.1; Nexus 5X Build/MMB29P) AppleWebKit/537.36 (KHTML, like Gecko) Chrome/137.0.7151.103 Mobile Safari/537.36 (compatible; Googlebot/2.1; +http://www.google.com/bot.html)"
209.74.77.214 - - [12/Jul/2025:12:50:50 +0000] "POST /wp-cron.php?doing_wp_cron=1752324650.6837289333343505859375 HTTP/1.1" 200 - "-" "WordPress/6.8.1; https://kelaby.company"
54.78.115.243 - - [12/Jul/2025:12:50:50 +0000] "POST /xmlrpc.php HTTP/1.1" 200 206 "-" "Mozilla/5.0 (Windows NT 6.1; WOW64; rv:18.0) Gecko/20100101 Firefox/18.0"
51.38.48.220 - - [12/Jul/2025:12:50:51 +0000] "POST /xmlrpc.php HTTP/1.1" 200 206 "-" "Mozilla/5.0 (Windows NT 5.1; rv:7.0.1) Gecko/20100101 Firefox/7.0.1"
54.37.121.239 - - [12/Jul/2025:12:50:54 +0000] "POST /xmlrpc.php HTTP/1.1" 200 206 "-" "Mozilla/5.0 (Windows NT 10.0; Win64; x64) AppleWebKit/537.36 (KHTML, like Gecko) Chrome/90.0.4430.212 Safari/537.36"
45.117.81.155 - - [12/Jul/2025:12:50:55 +0000] "POST /xmlrpc.php HTTP/1.1" 200 206 "-" "Mozilla/5.0 (Windows NT 10.0; Win64; x64) AppleWebKit/537.36 (KHTML, like Gecko) Chrome/74.0.3729.169 Safari/537.36"
194.233.64.197 - - [12/Jul/2025:12:50:56 +0000] "POST /xmlrpc.php HTTP/1.1" 200 206 "-" "Mozilla/5.0 (Windows NT 10.0; Win64; x64) AppleWebKit/537.36 (KHTML, like Gecko) Chrome/61.0.3163.100 Safari/537.36"
66.249.79.32 - - [12/Jul/2025:12:51:00 +0000] "GET /?h=6230241021960&mod=9b425b22&uri=form.php%3Fid%3D208084-359%26name%3Dnew+balance+ml791+egw HTTP/1.1" 200 21431 "-" "Mozilla/5.0 (Linux; Android 6.0.1; Nexus 5X Build/MMB29P) AppleWebKit/537.36 (KHTML, like Gecko) Chrome/137.0.7151.103 Mobile Safari/537.36 (compatible; Googlebot/2.1; +http://www.google.com/bot.html)"
209.74.77.214 - - [12/Jul/2025:12:51:04 +0000] "POST /wp-cron.php?doing_wp_cron=1752324664.6424269676208496093750 HTTP/1.1" 200 - "-" "WordPress/6.8.1; https://kelaby.company"
2a03:b0c0:3:d0::e4:2001 - - [12/Jul/2025:12:51:04 +0000] "POST /xmlrpc.php HTTP/1.1" 200 206 "-" "Mozilla/5.0 (Windows NT 6.2; Win64; x64) AppleWebKit/537.36 (KHTML, like Gecko) Chrome/60.0.3112.90 Safari/537.36"
45.117.81.155 - - [12/Jul/2025:12:51:10 +0000] "POST /xmlrpc.php HTTP/1.1" 200 206 "-" "Mozilla/5.0 (iPhone; CPU iPhone OS 14_6 like Mac OS X) AppleWebKit/605.1.15 (KHTML, like Gecko) CriOS/91.0.4472.80 Mobile/15E148 Safari/604.1"
52.55.206.244 - - [12/Jul/2025:12:51:11 +0000] "POST /xmlrpc.php HTTP/1.1" 200 206 "-" "Mozilla/5.0 (Windows NT 6.1; WOW64; rv:38.0) Gecko/20100101 Firefox/38.0"
167.99.77.140 - - [12/Jul/2025:12:51:14 +0000] "POST /xmlrpc.php HTTP/1.1" 200 206 "-" "Mozilla/5.0 (Linux; Android 10; SM-N960U) AppleWebKit/537.36 (KHTML, like Gecko) Chrome/91.0.4472.114 Mobile Safari/537.36"
209.74.77.214 - - [12/Jul/2025:12:51:19 +0000] "POST /wp-cron.php?doing_wp_cron=1752324679.1906669139862060546875 HTTP/1.1" 200 - "-" "WordPress/6.8.1; https://kelaby.company"
81.70.217.125 - - [12/Jul/2025:12:51:19 +0000] "POST /xmlrpc.php HTTP/1.1" 200 206 "-" "Mozilla/5.0 (Windows NT 10.0; Win64; x64) AppleWebKit/537.36 (KHTML, like Gecko) Chrome/79.0.3945.130 Safari/537.36"
57.155.216.22 - - [12/Jul/2025:12:51:28 +0000] "POST /xmlrpc.php HTTP/1.1" 200 206 "-" "Mozilla/5.0 (Windows NT 6.1; rv:17.0) Gecko/20100101 Firefox/20.6.14"
162.214.103.94 - - [12/Jul/2025:12:51:32 +0000] "POST /xmlrpc.php HTTP/1.1" 200 206 "-" "Mozilla/5.0 (Windows NT 6.1; Win64; x64) AppleWebKit/537.36 (KHTML, like Gecko) Chrome/74.0.3729.169 Safari/537.36"
2607:f298:5:117b::f93:8cda - - [12/Jul/2025:12:51:35 +0000] "POST /xmlrpc.php HTTP/1.1" 200 206 "-" "Mozilla/5.0 (Windows NT 6.1; WOW64; rv:50.0) Gecko/20100101 Firefox/50.0"
66.249.79.32 - - [12/Jul/2025:12:51:36 +0000] "GET /?h=6233664021960&mod=9b425b22&uri=news.php%3Fid%3D208200-359%26name%3Dnb+827+leather HTTP/1.1" 200 21833 "-" "Mozilla/5.0 (Linux; Android 6.0.1; Nexus 5X Build/MMB29P) AppleWebKit/537.36 (KHTML, like Gecko) Chrome/137.0.7151.103 Mobile Safari/537.36 (compatible; Googlebot/2.1; +http://www.google.com/bot.html)"
66.249.79.32 - - [12/Jul/2025:12:51:36 +0000] "GET /?h=6366760071960&mod=bcffdc3d&uri=dp.php%3Fid%3D212654-362%26name%3Doffice+christmas+dinner+outfit HTTP/1.1" 200 20581 "-" "Mozilla/5.0 (Linux; Android 6.0.1; Nexus 5X Build/MMB29P) AppleWebKit/537.36 (KHTML, like Gecko) Chrome/137.0.7151.103 Mobile Safari/537.36 (compatible; Googlebot/2.1; +http://www.google.com/bot.html)"
66.249.79.32 - - [12/Jul/2025:12:51:52 +0000] "GET /?h=6233889001960&mod=9b425b22&uri=itm.php%3Fid%3D208208-359%26name%3Dnb+680+classic+grey HTTP/1.1" 200 21124 "-" "Mozilla/5.0 (Linux; Android 6.0.1; Nexus 5X Build/MMB29P) AppleWebKit/537.36 (KHTML, like Gecko) Chrome/137.0.7151.103 Mobile Safari/537.36 (compatible; Googlebot/2.1; +http://www.google.com/bot.html)"
66.249.79.32 - - [12/Jul/2025:12:51:59 +0000] "GET /?h=6231652041960&mod=9b425b22&uri=brands.php%3Fid%3D208132-359%26name%3D754+black HTTP/1.1" 200 21696 "-" "Mozilla/5.0 (Linux; Android 6.0.1; Nexus 5X Build/MMB29P) AppleWebKit/537.36 (KHTML, like Gecko) Chrome/137.0.7151.103 Mobile Safari/537.36 (compatible; Googlebot/2.1; +http://www.google.com/bot.html)"
66.249.79.34 - - [12/Jul/2025:12:52:35 +0000] "GET /?h=6233075021960&mod=9b425b22&uri=us.php%3Fid%3D208180-359%26name%3Dnew+balance+850+masculino+azul HTTP/1.1" 200 21767 "-" "Mozilla/5.0 (Linux; Android 6.0.1; Nexus 5X Build/MMB29P) AppleWebKit/537.36 (KHTML, like Gecko) Chrome/137.0.7151.103 Mobile Safari/537.36 (compatible; Googlebot/2.1; +http://www.google.com/bot.html)"
66.249.79.32 - - [12/Jul/2025:12:52:41 +0000] "GET /?h=6238492061960&mod=9b425b22&uri=search.php%3Fid%3D208364-359%26name%3Dnew+balance+801+sport+azul+marinho HTTP/1.1" 200 21685 "-" "Mozilla/5.0 (Linux; Android 6.0.1; Nexus 5X Build/MMB29P) AppleWebKit/537.36 (KHTML, like Gecko) Chrome/137.0.7151.103 Mobile Safari/537.36 (compatible; Googlebot/2.1; +http://www.google.com/bot.html)"
66.249.79.32 - - [12/Jul/2025:12:52:48 +0000] "GET /?h=6236137061960&mod=9b425b22&uri=form.php%3Fid%3D208284-359%26name%3Dnew+balance+680+preto+e+verde HTTP/1.1" 200 21444 "-" "Mozilla/5.0 (Linux; Android 6.0.1; Nexus 5X Build/MMB29P) AppleWebKit/537.36 (KHTML, like Gecko) Chrome/137.0.7151.103 Mobile Safari/537.36 (compatible; Googlebot/2.1; +http://www.google.com/bot.html)"
66.249.79.32 - - [12/Jul/2025:12:52:54 +0000] "GET /?h=6238252031960&mod=9b425b22&uri=blog.php%3Fid%3D208356-359%26name%3Dnew+balance+791+d HTTP/1.1" 200 21600 "-" "Mozilla/5.0 (Linux; Android 6.0.1; Nexus 5X Build/MMB29P) AppleWebKit/537.36 (KHTML, like Gecko) Chrome/137.0.7151.103 Mobile Safari/537.36 (compatible; Googlebot/2.1; +http://www.google.com/bot.html)"
66.249.79.34 - - [12/Jul/2025:12:53:02 +0000] "GET /?h=6237784021960&mod=9b425b22&uri=blog.php%3Fid%3D208340-359%26name%3Dnew+balance+850+sport+bege HTTP/1.1" 200 22555 "-" "Mozilla/5.0 (Linux; Android 6.0.1; Nexus 5X Build/MMB29P) AppleWebKit/537.36 (KHTML, like Gecko) Chrome/137.0.7151.103 Mobile Safari/537.36 (compatible; Googlebot/2.1; +http://www.google.com/bot.html)"
66.249.79.32 - - [12/Jul/2025:12:53:17 +0000] "GET /?h=6237304061960&mod=9b425b22&uri=products.php%3Fid%3D208324-359%26name%3Dtenis+new+balance+850+vinho HTTP/1.1" 200 21924 "-" "Mozilla/5.0 (Linux; Android 6.0.1; Nexus 5X Build/MMB29P) AppleWebKit/537.36 (KHTML, like Gecko) Chrome/137.0.7151.103 Mobile Safari/537.36 (compatible; Googlebot/2.1; +http://www.google.com/bot.html)"
66.249.79.32 - - [12/Jul/2025:12:53:23 +0000] "GET /?h=6236595041960&mod=9b425b22&uri=news.php%3Fid%3D208300-359%26name%3Dml680+nb HTTP/1.1" 200 21309 "-" "Mozilla/5.0 (Linux; Android 6.0.1; Nexus 5X Build/MMB29P) AppleWebKit/537.36 (KHTML, like Gecko) Chrome/137.0.7151.103 Mobile Safari/537.36 (compatible; Googlebot/2.1; +http://www.google.com/bot.html)"
66.249.79.32 - - [12/Jul/2025:12:53:29 +0000] "GET /?h=6236257001960&mod=9b425b22&uri=category-info.php%3Fid%3D208288-359%26name%3Dnew+balance+801+ms HTTP/1.1" 200 21407 "-" "Mozilla/5.0 (Linux; Android 6.0.1; Nexus 5X Build/MMB29P) AppleWebKit/537.36 (KHTML, like Gecko) Chrome/137.0.7151.103 Mobile Safari/537.36 (compatible; Googlebot/2.1; +http://www.google.com/bot.html)"
66.249.79.32 - - [12/Jul/2025:12:53:34 +0000] "POST /get-message-notify HTTP/1.1" 200 21712 "https://kelaby.company/?h=6236257001960&mod=9b425b22&uri=category-info.php%3Fid%3D208288-359%26name%3Dnew+balance+801+ms" "Mozilla/5.0 (Linux; Android 6.0.1; Nexus 5X Build/MMB29P) AppleWebKit/537.36 (KHTML, like Gecko) Chrome/137.0.7151.119 Mobile Safari/537.36 (compatible; Googlebot/2.1; +http://www.google.com/bot.html)"
66.249.79.32 - - [12/Jul/2025:12:53:35 +0000] "POST /get-message-notify HTTP/1.1" 200 21702 "https://kelaby.company/?h=6237304061960&mod=9b425b22&uri=products.php%3Fid%3D208324-359%26name%3Dtenis+new+balance+850+vinho" "Mozilla/5.0 (Linux; Android 6.0.1; Nexus 5X Build/MMB29P) AppleWebKit/537.36 (KHTML, like Gecko) Chrome/137.0.7151.119 Mobile Safari/537.36 (compatible; Googlebot/2.1; +http://www.google.com/bot.html)"
66.249.79.32 - - [12/Jul/2025:12:53:35 +0000] "GET /?h=6371560001960&mod=c2f91461&uri=dp.php%3Fid%3D212814-363%26name%3Dtypes+of+grey+stone HTTP/1.1" 200 21988 "-" "Mozilla/5.0 (Linux; Android 6.0.1; Nexus 5X Build/MMB29P) AppleWebKit/537.36 (KHTML, like Gecko) Chrome/137.0.7151.103 Mobile Safari/537.36 (compatible; Googlebot/2.1; +http://www.google.com/bot.html)"
66.249.79.32 - - [12/Jul/2025:12:53:37 +0000] "GET /?h=6196320061960&mod=acac6e55&uri=itm.php%3Fid%3D206944-219%26name%3Dhome+heating+oil+prices+2021 HTTP/1.1" 200 22111 "-" "Mozilla/5.0 (Linux; Android 6.0.1; Nexus 5X Build/MMB29P) AppleWebKit/537.36 (KHTML, like Gecko) Chrome/137.0.7151.103 Mobile Safari/537.36 (compatible; Googlebot/2.1; +http://www.google.com/bot.html)"
66.249.79.32 - - [12/Jul/2025:12:53:45 +0000] "GET /?h=6237900001960&mod=9b425b22&uri=itm.php%3Fid%3D208344-359%26name%3Dnew+balance+850+lilas HTTP/1.1" 200 21453 "-" "Mozilla/5.0 (Linux; Android 6.0.1; Nexus 5X Build/MMB29P) AppleWebKit/537.36 (KHTML, like Gecko) Chrome/137.0.7151.103 Mobile Safari/537.36 (compatible; Googlebot/2.1; +http://www.google.com/bot.html)"
66.249.79.32 - - [12/Jul/2025:12:53:49 +0000] "POST /get-message-notify HTTP/1.1" 200 21714 "https://kelaby.company/?h=6237900001960&mod=9b425b22&uri=itm.php%3Fid%3D208344-359%26name%3Dnew+balance+850+lilas" "Mozilla/5.0 (Linux; Android 6.0.1; Nexus 5X Build/MMB29P) AppleWebKit/537.36 (KHTML, like Gecko) Chrome/137.0.7151.119 Mobile Safari/537.36 (compatible; Googlebot/2.1; +http://www.google.com/bot.html)"
66.249.79.32 - - [12/Jul/2025:12:53:51 +0000] "GET /?h=6236824001960&mod=9b425b22&uri=blog.php%3Fid%3D208308-359%26name%3Dtenis+new+balance+850+pre%C3%83%C2%A7o HTTP/1.1" 200 21245 "-" "Mozilla/5.0 (Linux; Android 6.0.1; Nexus 5X Build/MMB29P) AppleWebKit/537.36 (KHTML, like Gecko) Chrome/137.0.7151.103 Mobile Safari/537.36 (compatible; Googlebot/2.1; +http://www.google.com/bot.html)"
66.249.79.34 - - [12/Jul/2025:12:54:14 +0000] "GET /?h=6238612001960&mod=9b425b22&uri=pin.php%3Fid%3D208368-359%26name%3Dnew+balance+801+since+1906 HTTP/1.1" 200 21641 "-" "Mozilla/5.0 (Linux; Android 6.0.1; Nexus 5X Build/MMB29P) AppleWebKit/537.36 (KHTML, like Gecko) Chrome/137.0.7151.103 Mobile Safari/537.36 (compatible; Googlebot/2.1; +http://www.google.com/bot.html)"
66.249.79.33 - - [12/Jul/2025:12:54:17 +0000] "POST /get-message-notify HTTP/1.1" 200 21701 "https://kelaby.company/?h=6238612001960&mod=9b425b22&uri=pin.php%3Fid%3D208368-359%26name%3Dnew+balance+801+since+1906" "Mozilla/5.0 (Linux; Android 6.0.1; Nexus 5X Build/MMB29P) AppleWebKit/537.36 (KHTML, like Gecko) Chrome/137.0.7151.119 Mobile Safari/537.36 (compatible; Googlebot/2.1; +http://www.google.com/bot.html)"
66.249.79.32 - - [12/Jul/2025:12:54:30 +0000] "GET /?h=6234943061960&mod=9b425b22&uri=us.php%3Fid%3D208244-359%26name%3Dnew+balance+827+sport+preto+e+branco HTTP/1.1" 200 21441 "-" "Mozilla/5.0 (Linux; Android 6.0.1; Nexus 5X Build/MMB29P) AppleWebKit/537.36 (KHTML, like Gecko) Chrome/137.0.7151.103 Mobile Safari/537.36 (compatible; Googlebot/2.1; +http://www.google.com/bot.html)"
66.249.79.32 - - [12/Jul/2025:12:54:37 +0000] "GET /?h=6232956001960&mod=9b425b22&uri=product.php%3Fid%3D208176-359%26name%3Dnew+balance+754+barista HTTP/1.1" 200 22245 "-" "Mozilla/5.0 (Linux; Android 6.0.1; Nexus 5X Build/MMB29P) AppleWebKit/537.36 (KHTML, like Gecko) Chrome/137.0.7151.103 Mobile Safari/537.36 (compatible; Googlebot/2.1; +http://www.google.com/bot.html)"
66.249.79.32 - - [12/Jul/2025:12:54:43 +0000] "GET /?h=6235183021960&mod=9b425b22&uri=category-info.php%3Fid%3D208252-359%26name%3Dnew+balance+680+azul+escuro HTTP/1.1" 200 22038 "-" "Mozilla/5.0 (Linux; Android 6.0.1; Nexus 5X Build/MMB29P) AppleWebKit/537.36 (KHTML, like Gecko) Chrome/137.0.7151.103 Mobile Safari/537.36 (compatible; Googlebot/2.1; +http://www.google.com/bot.html)"
66.249.79.32 - - [12/Jul/2025:12:54:45 +0000] "POST /get-message-notify HTTP/1.1" 200 21702 "https://kelaby.company/?h=6232956001960&mod=9b425b22&uri=product.php%3Fid%3D208176-359%26name%3Dnew+balance+754+barista" "Mozilla/5.0 (Linux; Android 6.0.1; Nexus 5X Build/MMB29P) AppleWebKit/537.36 (KHTML, like Gecko) Chrome/137.0.7151.119 Mobile Safari/537.36 (compatible; Googlebot/2.1; +http://www.google.com/bot.html)"
66.249.79.32 - - [12/Jul/2025:12:55:05 +0000] "GET /?h=6229881041960&mod=9b425b22&uri=goods.php%3Fid%3D208072-359%26name%3Dnew+balance+720+bebe HTTP/1.1" 200 22291 "-" "Mozilla/5.0 (Linux; Android 6.0.1; Nexus 5X Build/MMB29P) AppleWebKit/537.36 (KHTML, like Gecko) Chrome/137.0.7151.103 Mobile Safari/537.36 (compatible; Googlebot/2.1; +http://www.google.com/bot.html)"
66.249.79.33 - - [12/Jul/2025:12:55:12 +0000] "GET /?h=6234823071960&mod=9b425b22&uri=info.php%3Fid%3D208240-359%26name%3Dnew+balance+827+sport+masculino+preto HTTP/1.1" 200 21413 "-" "Mozilla/5.0 (Linux; Android 6.0.1; Nexus 5X Build/MMB29P) AppleWebKit/537.36 (KHTML, like Gecko) Chrome/137.0.7151.103 Mobile Safari/537.36 (compatible; Googlebot/2.1; +http://www.google.com/bot.html)"
66.249.79.32 - - [12/Jul/2025:12:55:22 +0000] "POST /get-message-notify HTTP/1.1" 200 21706 "https://kelaby.company/?h=6229881041960&mod=9b425b22&uri=goods.php%3Fid%3D208072-359%26name%3Dnew+balance+720+bebe" "Mozilla/5.0 (Linux; Android 6.0.1; Nexus 5X Build/MMB29P) AppleWebKit/537.36 (KHTML, like Gecko) Chrome/137.0.7151.119 Mobile Safari/537.36 (compatible; Googlebot/2.1; +http://www.google.com/bot.html)"
66.249.79.32 - - [12/Jul/2025:12:55:31 +0000] "GET /?h=6235663001960&mod=9b425b22&uri=search.php%3Fid%3D208268-359%26name%3D791+yellow HTTP/1.1" 200 21450 "-" "Mozilla/5.0 (Linux; Android 6.0.1; Nexus 5X Build/MMB29P) AppleWebKit/537.36 (KHTML, like Gecko) Chrome/137.0.7151.103 Mobile Safari/537.36 (compatible; Googlebot/2.1; +http://www.google.com/bot.html)"
66.249.79.32 - - [12/Jul/2025:12:55:31 +0000] "GET /?h=6229341001960&mod=9b425b22&uri=dp.php%3Fid%3D208054-359%26name%3Dnew+balance+801+feminino+vinho HTTP/1.1" 200 21788 "-" "Mozilla/5.0 (Linux; Android 6.0.1; Nexus 5X Build/MMB29P) AppleWebKit/537.36 (KHTML, like Gecko) Chrome/137.0.7151.103 Mobile Safari/537.36 (compatible; Googlebot/2.1; +http://www.google.com/bot.html)"
66.249.79.32 - - [12/Jul/2025:12:55:33 +0000] "POST /get-message-notify HTTP/1.1" 200 21706 "https://kelaby.company/?h=6235663001960&mod=9b425b22&uri=search.php%3Fid%3D208268-359%26name%3D791+yellow" "Mozilla/5.0 (Linux; Android 6.0.1; Nexus 5X Build/MMB29P) AppleWebKit/537.36 (KHTML, like Gecko) Chrome/137.0.7151.119 Mobile Safari/537.36 (compatible; Googlebot/2.1; +http://www.google.com/bot.html)"
66.249.79.32 - - [12/Jul/2025:12:55:47 +0000] "GET /?h=6398066071960&mod=3820fccb&uri=shop.php%3Fid%3D213698-183%26name%3Dhero+honda+splendor+tank+capacity HTTP/1.1" 200 20809 "-" "Mozilla/5.0 (Linux; Android 6.0.1; Nexus 5X Build/MMB29P) AppleWebKit/537.36 (KHTML, like Gecko) Chrome/137.0.7151.103 Mobile Safari/537.36 (compatible; Googlebot/2.1; +http://www.google.com/bot.html)"
66.249.79.32 - - [12/Jul/2025:12:55:48 +0000] "GET /?h=6233544021960&mod=9b425b22&uri=pin.php%3Fid%3D208196-359%26name%3Dnewbalance+801+classic HTTP/1.1" 200 21533 "-" "Mozilla/5.0 (Linux; Android 6.0.1; Nexus 5X Build/MMB29P) AppleWebKit/537.36 (KHTML, like Gecko) Chrome/137.0.7151.103 Mobile Safari/537.36 (compatible; Googlebot/2.1; +http://www.google.com/bot.html)"
66.249.79.32 - - [12/Jul/2025:12:55:50 +0000] "POST /get-message-notify HTTP/1.1" 200 21710 "https://kelaby.company/?h=6233544021960&mod=9b425b22&uri=pin.php%3Fid%3D208196-359%26name%3Dnewbalance+801+classic" "Mozilla/5.0 (Linux; Android 6.0.1; Nexus 5X Build/MMB29P) AppleWebKit/537.36 (KHTML, like Gecko) Chrome/137.0.7151.119 Mobile Safari/537.36 (compatible; Googlebot/2.1; +http://www.google.com/bot.html)"
66.249.79.32 - - [12/Jul/2025:12:55:54 +0000] "GET /?h=6235423121960&mod=9b425b22&uri=brands.php%3Fid%3D208260-359%26name%3Dtenis+new+balance+801+rosa HTTP/1.1" 200 21454 "-" "Mozilla/5.0 (Linux; Android 6.0.1; Nexus 5X Build/MMB29P) AppleWebKit/537.36 (KHTML, like Gecko) Chrome/137.0.7151.103 Mobile Safari/537.36 (compatible; Googlebot/2.1; +http://www.google.com/bot.html)"
66.249.79.32 - - [12/Jul/2025:12:55:56 +0000] "POST /get-message-notify HTTP/1.1" 200 21706 "https://kelaby.company/?h=6235423121960&mod=9b425b22&uri=brands.php%3Fid%3D208260-359%26name%3Dtenis+new+balance+801+rosa" "Mozilla/5.0 (Linux; Android 6.0.1; Nexus 5X Build/MMB29P) AppleWebKit/537.36 (KHTML, like Gecko) Chrome/137.0.7151.119 Mobile Safari/537.36 (compatible; Googlebot/2.1; +http://www.google.com/bot.html)"
66.249.79.34 - - [12/Jul/2025:12:56:10 +0000] "GET /?h=6236944041960&mod=9b425b22&uri=shop.php%3Fid%3D208312-359%26name%3Dnew+balance+754+classic+feminino HTTP/1.1" 200 21573 "-" "Mozilla/5.0 (Linux; Android 6.0.1; Nexus 5X Build/MMB29P) AppleWebKit/537.36 (KHTML, like Gecko) Chrome/137.0.7151.103 Mobile Safari/537.36 (compatible; Googlebot/2.1; +http://www.google.com/bot.html)"
66.249.79.32 - - [12/Jul/2025:12:56:27 +0000] "GET /?h=6230121001960&mod=9b425b22&uri=us.php%3Fid%3D208080-359%26name%3Dnew+balance+827+37 HTTP/1.1" 200 21722 "-" "Mozilla/5.0 (Linux; Android 6.0.1; Nexus 5X Build/MMB29P) AppleWebKit/537.36 (KHTML, like Gecko) Chrome/137.0.7151.103 Mobile Safari/537.36 (compatible; Googlebot/2.1; +http://www.google.com/bot.html)"
209.74.77.214 - - [12/Jul/2025:12:56:29 +0000] "POST /wp-cron.php?doing_wp_cron=1752324989.7167251110076904296875 HTTP/1.1" 200 - "-" "WordPress/6.8.1; https://kelaby.company"
34.9.168.178 - - [12/Jul/2025:12:56:28 +0000] "GET / HTTP/1.1" 200 26421 "-" "Mozilla/5.0 (Windows NT 6.2; WOW64) AppleWebKit/537.36 (KHTML, like Gecko) Chrome/29.0.1547.2 Safari/537.36"
66.249.79.32 - - [12/Jul/2025:12:56:33 +0000] "GET /?h=6231532001960&mod=9b425b22&uri=info.php%3Fid%3D208128-359%26name%3Dnew+balance+791+unisex HTTP/1.1" 200 21294 "-" "Mozilla/5.0 (Linux; Android 6.0.1; Nexus 5X Build/MMB29P) AppleWebKit/537.36 (KHTML, like Gecko) Chrome/137.0.7151.103 Mobile Safari/537.36 (compatible; Googlebot/2.1; +http://www.google.com/bot.html)"
66.249.79.32 - - [12/Jul/2025:12:56:41 +0000] "POST /get-message-notify HTTP/1.1" 200 21702 "https://kelaby.company/?h=6231532001960&mod=9b425b22&uri=info.php%3Fid%3D208128-359%26name%3Dnew+balance+791+unisex" "Mozilla/5.0 (Linux; Android 6.0.1; Nexus 5X Build/MMB29P) AppleWebKit/537.36 (KHTML, like Gecko) Chrome/137.0.7151.119 Mobile Safari/537.36 (compatible; Googlebot/2.1; +http://www.google.com/bot.html)"
66.249.79.32 - - [12/Jul/2025:12:56:50 +0000] "GET /?h=6209676041960&mod=acac6e55&uri=product.php%3Fid%3D207390-219%26name%3Dheater+hearth HTTP/1.1" 200 21945 "-" "Mozilla/5.0 (Linux; Android 6.0.1; Nexus 5X Build/MMB29P) AppleWebKit/537.36 (KHTML, like Gecko) Chrome/137.0.7151.103 Mobile Safari/537.36 (compatible; Googlebot/2.1; +http://www.google.com/bot.html)"
66.249.79.32 - - [12/Jul/2025:12:56:54 +0000] "GET /?h=6139805001960&mod=c5e24739&uri=dp.php%3Fid%3D205028-351%26name%3Dfila+disruptor+bleu+blanc+rouge HTTP/1.1" 200 20711 "-" "Mozilla/5.0 (Linux; Android 6.0.1; Nexus 5X Build/MMB29P) AppleWebKit/537.36 (KHTML, like Gecko) Chrome/137.0.7151.103 Mobile Safari/537.36 (compatible; Googlebot/2.1; +http://www.google.com/bot.html)"
66.249.79.32 - - [12/Jul/2025:12:56:56 +0000] "GET /?h=6234009091960&mod=9b425b22&uri=brands.php%3Fid%3D208212-359%26name%3Dnew+balance+850+polo HTTP/1.1" 200 21422 "-" "Mozilla/5.0 (Linux; Android 6.0.1; Nexus 5X Build/MMB29P) AppleWebKit/537.36 (KHTML, like Gecko) Chrome/137.0.7151.103 Mobile Safari/537.36 (compatible; Googlebot/2.1; +http://www.google.com/bot.html)"
66.249.79.32 - - [12/Jul/2025:12:57:03 +0000] "GET /?h=6180029071960&mod=e50bea89&uri=products.php%3Fid%3D206385-296%26name%3Ddevi+ke+gana HTTP/1.1" 200 21396 "-" "Mozilla/5.0 (Linux; Android 6.0.1; Nexus 5X Build/MMB29P) AppleWebKit/537.36 (KHTML, like Gecko) Chrome/137.0.7151.103 Mobile Safari/537.36 (compatible; Googlebot/2.1; +http://www.google.com/bot.html)"
66.249.79.32 - - [12/Jul/2025:12:57:15 +0000] "GET /?h=6235783061960&mod=9b425b22&uri=product.php%3Fid%3D208272-359%26name%3Dnew+balance+wl791+zalando HTTP/1.1" 200 21519 "-" "Mozilla/5.0 (Linux; Android 6.0.1; Nexus 5X Build/MMB29P) AppleWebKit/537.36 (KHTML, like Gecko) Chrome/137.0.7151.103 Mobile Safari/537.36 (compatible; Googlebot/2.1; +http://www.google.com/bot.html)"
66.249.79.32 - - [12/Jul/2025:12:57:28 +0000] "GET /?h=6197640001960&mod=acac6e55&uri=goods.php%3Fid%3D206988-219%26name%3Ddimplex+stove+fire HTTP/1.1" 200 22153 "-" "Mozilla/5.0 (Linux; Android 6.0.1; Nexus 5X Build/MMB29P) AppleWebKit/537.36 (KHTML, like Gecko) Chrome/137.0.7151.103 Mobile Safari/537.36 (compatible; Googlebot/2.1; +http://www.google.com/bot.html)"
66.249.79.32 - - [12/Jul/2025:12:57:32 +0000] "POST /get-message-notify HTTP/1.1" 200 21696 "https://kelaby.company/?h=6197640001960&mod=acac6e55&uri=goods.php%3Fid%3D206988-219%26name%3Ddimplex+stove+fire" "Mozilla/5.0 (Linux; Android 6.0.1; Nexus 5X Build/MMB29P) AppleWebKit/537.36 (KHTML, like Gecko) Chrome/137.0.7151.119 Mobile Safari/537.36 (compatible; Googlebot/2.1; +http://www.google.com/bot.html)"
66.249.79.32 - - [12/Jul/2025:12:57:51 +0000] "GET /?h=6230590041960&mod=9b425b22&uri=news.php%3Fid%3D208096-359%26name%3Dnew+balance+680+feminino+azul HTTP/1.1" 200 22013 "-" "Mozilla/5.0 (Linux; Android 6.0.1; Nexus 5X Build/MMB29P) AppleWebKit/537.36 (KHTML, like Gecko) Chrome/137.0.7151.103 Mobile Safari/537.36 (compatible; Googlebot/2.1; +http://www.google.com/bot.html)"
66.249.79.34 - - [12/Jul/2025:12:58:07 +0000] "GET /?h=6238020001960&mod=9b425b22&uri=goods.php%3Fid%3D208348-359%26name%3Dnb+850+verde HTTP/1.1" 200 21415 "-" "Mozilla/5.0 (Linux; Android 6.0.1; Nexus 5X Build/MMB29P) AppleWebKit/537.36 (KHTML, like Gecko) Chrome/137.0.7151.103 Mobile Safari/537.36 (compatible; Googlebot/2.1; +http://www.google.com/bot.html)"
66.249.79.33 - - [12/Jul/2025:12:58:13 +0000] "GET /?h=6234463021960&mod=9b425b22&uri=info.php%3Fid%3D208228-359%26name%3Dnew+balance+ml827+egw HTTP/1.1" 200 22084 "-" "Mozilla/5.0 (Linux; Android 6.0.1; Nexus 5X Build/MMB29P) AppleWebKit/537.36 (KHTML, like Gecko) Chrome/137.0.7151.103 Mobile Safari/537.36 (compatible; Googlebot/2.1; +http://www.google.com/bot.html)"
66.249.79.32 - - [12/Jul/2025:12:58:21 +0000] "GET /?h=6174295011960&mod=e50bea89&uri=itm.php%3Fid%3D206184-296%26name%3Ddil+ka+gaana HTTP/1.1" 200 21911 "-" "Mozilla/5.0 (Linux; Android 6.0.1; Nexus 5X Build/MMB29P) AppleWebKit/537.36 (KHTML, like Gecko) Chrome/137.0.7151.103 Mobile Safari/537.36 (compatible; Googlebot/2.1; +http://www.google.com/bot.html)"
66.249.79.32 - - [12/Jul/2025:12:58:24 +0000] "POST /get-message-notify HTTP/1.1" 200 21698 "https://kelaby.company/?h=6174295011960&mod=e50bea89&uri=itm.php%3Fid%3D206184-296%26name%3Ddil+ka+gaana" "Mozilla/5.0 (Linux; Android 6.0.1; Nexus 5X Build/MMB29P) AppleWebKit/537.36 (KHTML, like Gecko) Chrome/137.0.7151.119 Mobile Safari/537.36 (compatible; Googlebot/2.1; +http://www.google.com/bot.html)"
66.249.79.32 - - [12/Jul/2025:12:58:32 +0000] "GET /?h=6230950001960&mod=9b425b22&uri=product.php%3Fid%3D208108-359%26name%3Dnew+balance+680+aliexpress HTTP/1.1" 200 21601 "-" "Mozilla/5.0 (Linux; Android 6.0.1; Nexus 5X Build/MMB29P) AppleWebKit/537.36 (KHTML, like Gecko) Chrome/137.0.7151.103 Mobile Safari/537.36 (compatible; Googlebot/2.1; +http://www.google.com/bot.html)"
66.249.79.32 - - [12/Jul/2025:12:58:35 +0000] "POST /get-message-notify HTTP/1.1" 200 21710 "https://kelaby.company/?h=6230950001960&mod=9b425b22&uri=product.php%3Fid%3D208108-359%26name%3Dnew+balance+680+aliexpress" "Mozilla/5.0 (Linux; Android 6.0.1; Nexus 5X Build/MMB29P) AppleWebKit/537.36 (KHTML, like Gecko) Chrome/137.0.7151.119 Mobile Safari/537.36 (compatible; Googlebot/2.1; +http://www.google.com/bot.html)"
66.249.79.32 - - [12/Jul/2025:12:58:39 +0000] "POST /get-message-notify HTTP/1.1" 200 21717 "https://kelaby.company/?h=6234463021960&mod=9b425b22&uri=info.php%3Fid%3D208228-359%26name%3Dnew+balance+ml827+egw" "Mozilla/5.0 (Linux; Android 6.0.1; Nexus 5X Build/MMB29P) AppleWebKit/537.36 (KHTML, like Gecko) Chrome/137.0.7151.119 Mobile Safari/537.36 (compatible; Googlebot/2.1; +http://www.google.com/bot.html)"
66.249.79.33 - - [12/Jul/2025:12:59:05 +0000] "GET /?h=6185838031960&mod=e50bea89&uri=brands.php%3Fid%3D206586-296%26name%3Dduniya+se+tujhko+chura+ke+dj HTTP/1.1" 200 22609 "-" "Mozilla/5.0 (Linux; Android 6.0.1; Nexus 5X Build/MMB29P) AppleWebKit/537.36 (KHTML, like Gecko) Chrome/137.0.7151.103 Mobile Safari/537.36 (compatible; Googlebot/2.1; +http://www.google.com/bot.html)"
66.249.79.32 - - [12/Jul/2025:12:59:21 +0000] "GET /?h=6394826041960&mod=c2f91461&uri=form.php%3Fid%3D213590-363%26name%3Dhow+to+clean+an+old+diamond+ring HTTP/1.1" 200 21717 "-" "Mozilla/5.0 (Linux; Android 6.0.1; Nexus 5X Build/MMB29P) AppleWebKit/537.36 (KHTML, like Gecko) Chrome/137.0.7151.103 Mobile Safari/537.36 (compatible; Googlebot/2.1; +http://www.google.com/bot.html)"
66.249.79.32 - - [12/Jul/2025:12:59:21 +0000] "GET /?h=6236479081960&mod=9b425b22&uri=news.php%3Fid%3D208296-359%26name%3Dnew+balance+850+verde+agua HTTP/1.1" 200 21995 "-" "Mozilla/5.0 (Linux; Android 6.0.1; Nexus 5X Build/MMB29P) AppleWebKit/537.36 (KHTML, like Gecko) Chrome/137.0.7151.103 Mobile Safari/537.36 (compatible; Googlebot/2.1; +http://www.google.com/bot.html)"
66.249.79.32 - - [12/Jul/2025:12:59:21 +0000] "GET /?h=116542839011960&mod=e1029434&uri=shop.php%3Fid%3D3889444-208%26name%3Dpolaroid+land+camera+104 HTTP/1.1" 200 21182 "-" "Mozilla/5.0 (Linux; Android 6.0.1; Nexus 5X Build/MMB29P) AppleWebKit/537.36 (KHTML, like Gecko) Chrome/137.0.7151.103 Mobile Safari/537.36 (compatible; Googlebot/2.1; +http://www.google.com/bot.html)"
66.249.79.32 - - [12/Jul/2025:12:59:27 +0000] "GET /?h=6234347001960&mod=9b425b22&uri=dp.php%3Fid%3D208224-359%26name%3Dt%C3%83%C2%AAnis+new+balance+827+sport+masculino HTTP/1.1" 200 22335 "-" "Mozilla/5.0 (Linux; Android 6.0.1; Nexus 5X Build/MMB29P) AppleWebKit/537.36 (KHTML, like Gecko) Chrome/137.0.7151.103 Mobile Safari/537.36 (compatible; Googlebot/2.1; +http://www.google.com/bot.html)"
66.249.79.32 - - [12/Jul/2025:12:59:40 +0000] "POST /get-message-notify HTTP/1.1" 200 21698 "https://kelaby.company/?h=6394826041960&mod=c2f91461&uri=form.php%3Fid%3D213590-363%26name%3Dhow+to+clean+an+old+diamond+ring" "Mozilla/5.0 (Linux; Android 6.0.1; Nexus 5X Build/MMB29P) AppleWebKit/537.36 (KHTML, like Gecko) Chrome/137.0.7151.119 Mobile Safari/537.36 (compatible; Googlebot/2.1; +http://www.google.com/bot.html)"
66.249.79.32 - - [12/Jul/2025:12:59:43 +0000] "GET /?h=6168699111960&mod=ea6800b1&uri=pin.php%3Fid%3D205994-354%26name%3Dnew+balance+femme+bordeaux+373 HTTP/1.1" 200 21360 "-" "Mozilla/5.0 (Linux; Android 6.0.1; Nexus 5X Build/MMB29P) AppleWebKit/537.36 (KHTML, like Gecko) Chrome/137.0.7151.103 Mobile Safari/537.36 (compatible; Googlebot/2.1; +http://www.google.com/bot.html)"
66.249.79.32 - - [12/Jul/2025:12:59:48 +0000] "GET /?h=116550759051960&mod=e1029434&uri=product.php%3Fid%3D3889708-208%26name%3Dcanon+r6+vs+nikon HTTP/1.1" 200 20244 "-" "Mozilla/5.0 (Linux; Android 6.0.1; Nexus 5X Build/MMB29P) AppleWebKit/537.36 (KHTML, like Gecko) Chrome/137.0.7151.103 Mobile Safari/537.36 (compatible; Googlebot/2.1; +http://www.google.com/bot.html)"
66.249.79.32 - - [12/Jul/2025:12:59:53 +0000] "POST /get-message-notify HTTP/1.1" 200 21710 "https://kelaby.company/?h=6168699111960&mod=ea6800b1&uri=pin.php%3Fid%3D205994-354%26name%3Dnew+balance+femme+bordeaux+373" "Mozilla/5.0 (Linux; Android 6.0.1; Nexus 5X Build/MMB29P) AppleWebKit/537.36 (KHTML, like Gecko) Chrome/137.0.7151.119 Mobile Safari/537.36 (compatible; Googlebot/2.1; +http://www.google.com/bot.html)"
209.74.77.214 - - [12/Jul/2025:13:00:02 +0000] "POST /wp-cron.php?doing_wp_cron=1752325201.9770829677581787109375 HTTP/1.1" 200 - "-" "WordPress/6.8.1; https://kelaby.company"
34.219.47.232 - - [12/Jul/2025:13:00:01 +0000] "GET / HTTP/1.1" 200 26425 "-" "Mozilla/5.0 (Linux; Android 9; SM-G9600) AppleWebKit/537.36 (KHTML, like Gecko) Chrome/76.0.3809.89 Mobile Safari/537.36"
66.249.79.32 - - [12/Jul/2025:13:00:10 +0000] "GET /?h=6160792021960&mod=1e60bf71&uri=goods.php%3Fid%3D205728-356%26name%3Dchaussure+moto+homme+ete HTTP/1.1" 200 20830 "-" "Mozilla/5.0 (Linux; Android 6.0.1; Nexus 5X Build/MMB29P) AppleWebKit/537.36 (KHTML, like Gecko) Chrome/137.0.7151.103 Mobile Safari/537.36 (compatible; Googlebot/2.1; +http://www.google.com/bot.html)"
66.249.79.33 - - [12/Jul/2025:13:00:10 +0000] "GET /?h=5920931011960&mod=be8e1862&uri=info.php%3Fid%3D197723-342%26name%3Dfisher+price+fairytale+bouncer HTTP/1.1" 200 21349 "-" "Mozilla/5.0 (Linux; Android 6.0.1; Nexus 5X Build/MMB29P) AppleWebKit/537.36 (KHTML, like Gecko) Chrome/137.0.7151.103 Mobile Safari/537.36 (compatible; Googlebot/2.1; +http://www.google.com/bot.html)"
66.249.79.34 - - [12/Jul/2025:13:00:10 +0000] "GET /?h=6232612011960&mod=9b425b22&uri=us.php%3Fid%3D208164-359%26name%3Dnew+balance+680+masculino+branco HTTP/1.1" 200 21828 "-" "Mozilla/5.0 (Linux; Android 6.0.1; Nexus 5X Build/MMB29P) AppleWebKit/537.36 (KHTML, like Gecko) Chrome/137.0.7151.103 Mobile Safari/537.36 (compatible; Googlebot/2.1; +http://www.google.com/bot.html)"
209.74.77.214 - - [12/Jul/2025:13:00:19 +0000] "POST /wp-cron.php?doing_wp_cron=1752325219.7951569557189941406250 HTTP/1.1" 200 - "-" "WordPress/6.8.1; https://kelaby.company"
209.74.77.214 - - [12/Jul/2025:13:00:19 +0000] "POST /wp-cron.php?doing_wp_cron=1752325219.7951569557189941406250 HTTP/1.1" 200 - "-" "WordPress/6.8.1; https://kelaby.company"
34.219.47.232 - - [12/Jul/2025:13:00:19 +0000] "GET //kelaby.company/wp-content/plugins/elementor-pro/assets/js/webpack-pro.runtime.min.js HTTP/1.1" 301 - "-" "SEC-SGHX210/1.0 UP.Link/6.3.1.13.0"
34.219.47.232 - - [12/Jul/2025:13:00:19 +0000] "GET //kelaby.company/wp-content/plugins/elementor-pro/assets/js/frontend.min.js HTTP/1.1" 301 - "-" "Mozilla/3.01Gold (Win95; I)"
34.219.47.232 - - [12/Jul/2025:13:00:19 +0000] "GET //kelaby.company/wp-content/plugins/elementor/assets/js/frontend-modules.min.js HTTP/1.1" 301 - "-" "Mozilla/5.0 (Windows NT 6.2) AppleWebKit/536.3 (KHTML, like Gecko) Chrome/19.0.1061.1 Safari/536.3"
34.219.47.232 - - [12/Jul/2025:13:00:20 +0000] "GET //kelaby.company/wp-content/plugins/elementor/assets/js/frontend.min.js HTTP/1.1" 301 - "-" "Mozilla/5.0 (Macintosh; Intel Mac OS X 10_14_0) AppleWebKit/537.36 (KHTML, like Gecko) Chrome/75.0.3770.142 Safari/537.36"
34.219.47.232 - - [12/Jul/2025:13:00:20 +0000] "GET //kelaby.company/wp-content/plugins/jeg-elementor-kit/assets/js/elements/client-logo.js HTTP/1.1" 301 - "-" "Mozilla/5.0 (Linux; Android 7.1.2; Redmi 4X) AppleWebKit/537.36 (KHTML, like Gecko) Chrome/76.0.3809.111 Mobile Safari/537.36"
34.219.47.232 - - [12/Jul/2025:13:00:20 +0000] "GET //kelaby.company/wp-content/plugins/elementor/assets/js/webpack.runtime.min.js HTTP/1.1" 301 - "-" "Mozilla/5.0 (Windows NT 10.0; Win64; x64) AppleWebKit/537.36 (KHTML, like Gecko) Chrome/55.0.2883.87 Safari/537.36"
34.219.47.232 - - [12/Jul/2025:13:00:20 +0000] "GET //kelaby.company/wp-content/plugins/jeg-elementor-kit/assets/js/elements/team.js HTTP/1.1" 301 - "-" "libwww-perl/5.820"
34.219.47.232 - - [12/Jul/2025:13:00:20 +0000] "GET //kelaby.company/wp-content/plugins/jeg-elementor-kit/assets/js/elements/nav-menu.js HTTP/1.1" 301 - "-" "Mozilla/5.0 (Windows NT 10.0; Win64; x64) AppleWebKit/537.36 (KHTML, like Gecko) Chrome/74.0.3729.169 Safari/537.36"
34.219.47.232 - - [12/Jul/2025:13:00:20 +0000] "GET //kelaby.company/wp-content/plugins/jeg-elementor-kit/assets/js/elements/sticky-element.js HTTP/1.1" 301 - "-" "Mozilla/5.0 (Windows NT 6.3; WOW64) AppleWebKit/537.36 (KHTML, like Gecko) Chrome/76.0.3809.100 Safari/537.36"
34.219.47.232 - - [12/Jul/2025:13:00:20 +0000] "GET //kelaby.company/wp-content/plugins/jeg-elementor-kit/assets/js/elements/post-pagination.js HTTP/1.1" 301 - "-" "Mozilla/5.0 (Macintosh; Intel Mac OS X 10_14_0) AppleWebKit/537.36 (KHTML, like Gecko) Chrome/77.0.3865.19 Safari/537.36 Edg/77.0.235.9"
34.219.47.232 - - [12/Jul/2025:13:00:20 +0000] "GET //kelaby.company/wp-content/plugins/jeg-elementor-kit/assets/js/elements/testimonials.js HTTP/1.1" 301 - "-" "Mozilla/5.0 (Linux; Android 9; LLD-AL10) AppleWebKit/537.36 (KHTML, like Gecko) Chrome/76.0.3809.111 Mobile Safari/537.36"
34.219.47.232 - - [12/Jul/2025:13:00:20 +0000] "GET //kelaby.company/wp-content/plugins/jeg-elementor-kit/assets/js/sweetalert2/sweetalert2.min.js HTTP/1.1" 301 - "-" "Mozilla/5.0 (Macintosh; Intel Mac OS X 10_13_6) AppleWebKit/605.1.15 (KHTML, like Gecko) Version/12.1.1 Safari/605.1.15"
34.219.47.232 - - [12/Jul/2025:13:00:21 +0000] "GET //kelaby.company/wp-includes/js/dist/i18n.min.js HTTP/1.1" 301 - "-" "Mozilla/5.0 (Linux; U; Android 1.5; de-de; HTC Magic Build/PLAT-RC33) AppleWebKit/528.5 (KHTML, like Gecko) Version/3.1.2 Mobile Safari/525.20.1 FirePHP/0.3"
34.219.47.232 - - [12/Jul/2025:13:00:21 +0000] "GET //kelaby.company/wp-content/plugins/jeg-elementor-kit/assets/js/tiny-slider/tiny-slider.js HTTP/1.1" 301 - "-" "Mozilla/5.0 (Windows NT 6.1; rv:21.0) Gecko/20130401 Firefox/21.0"
34.219.47.232 - - [12/Jul/2025:13:00:21 +0000] "GET //kelaby.company/wp-includes/js/dist/hooks.min.js HTTP/1.1" 301 - "-" "Mozilla/5.0 (Macintosh; Intel Mac OS X 10_13_6) AppleWebKit/537.36 (KHTML, like Gecko) Chrome/74.0.3729.157 Safari/537.36"
34.219.47.232 - - [12/Jul/2025:13:00:21 +0000] "GET //kelaby.company/wp-content/themes/hello-elementor/assets/js/hello-frontend.js HTTP/1.1" 301 - "-" "Mozilla/5.0 (Windows NT 10.0; WOW64) AppleWebKit/537.36 (KHTML, like Gecko) Chrome/61.0.3163.79 Safari/537.36 Maxthon/5.2.6.1000"
34.219.47.232 - - [12/Jul/2025:13:00:21 +0000] "GET //kelaby.company/wp-includes/js/jquery/jquery-migrate.min.js HTTP/1.1" 301 - "-" "Mozilla/5.0 (iPad; CPU OS 12_0 like Mac OS X) AppleWebKit/605.1.15 (KHTML, like Gecko) CriOS/76.0.3809.81 Mobile/15E148 Safari/605.1"
34.219.47.232 - - [12/Jul/2025:13:00:21 +0000] "GET //kelaby.company/wp-includes/js/jquery/jquery.min.js HTTP/1.1" 301 - "-" "Mozilla/5.0 (Windows; U; Windows NT 5.1; tr; rv:1.9.2.8) Gecko/20100722 Firefox/3.6.8 ( .NET CLR 3.5.30729; .NET4.0E)"
34.219.47.232 - - [12/Jul/2025:13:00:21 +0000] "GET //kelaby.company/wp-includes/js/jquery/ui/core.min.js HTTP/1.1" 301 - "-" "Mozilla/5.0 (Windows NT 10.0; WOW64) AppleWebKit/537.36 (KHTML, like Gecko) Chrome/70.0.3538.25 Safari/537.36 Core/1.70.3722.400 QQBrowser/10.5.3763.400"
34.219.47.232 - - [12/Jul/2025:13:00:21 +0000] "GET /default.js HTTP/1.1" 404 16356 "-" "Mozilla/4.0 (compatible; MSIE 7.0; Windows NT 6.0)"
34.219.47.232 - - [12/Jul/2025:13:00:21 +0000] "GET /wp-emoji-release.min.js HTTP/1.1" 404 16356 "-" "Mozilla/5.0 (Windows NT 6.1; WOW64) AppleWebKit/534.27 (KHTML, like Gecko) Chrome/12.0.712.0 Safari/534.27"
66.249.79.32 - - [12/Jul/2025:13:00:27 +0000] "GET /?h=6229761001960&mod=9b425b22&uri=brands.php%3Fid%3D208068-359%26name%3Dnew+balance+850+infantil HTTP/1.1" 200 21619 "-" "Mozilla/5.0 (Linux; Android 6.0.1; Nexus 5X Build/MMB29P) AppleWebKit/537.36 (KHTML, like Gecko) Chrome/137.0.7151.103 Mobile Safari/537.36 (compatible; Googlebot/2.1; +http://www.google.com/bot.html)"
