66.249.79.32 - - [12/Jul/2025:17:06:33 +0000] "GET /?h=115090853041960&mod=be8e1862&uri=itm.php%3Fid%3D3841002-342%26name%3Dbaby+exercise+walker HTTP/1.1" 200 21217 "-" "Mozilla/5.0 (Linux; Android 6.0.1; Nexus 5X Build/MMB29P) AppleWebKit/537.36 (KHTML, like Gecko) Chrome/137.0.7151.103 Mobile Safari/537.36 (compatible; Googlebot/2.1; +http://www.google.com/bot.html)"
66.249.79.32 - - [12/Jul/2025:17:06:34 +0000] "GET /?h=6099947011960&mod=f7efa4f8&uri=form.php%3Fid%3D203699-40%26name%3Dultimate+airless+handheld+graco HTTP/1.1" 200 22575 "-" "Mozilla/5.0 (Linux; Android 6.0.1; Nexus 5X Build/MMB29P) AppleWebKit/537.36 (KHTML, like Gecko) Chrome/137.0.7151.103 Mobile Safari/537.36 (compatible; Googlebot/2.1; +http://www.google.com/bot.html)"
66.249.79.32 - - [12/Jul/2025:17:06:34 +0000] "GET /?h=6103835031960&mod=f7efa4f8&uri=shared.php%3Fid%3D203829-40%26name%3Dmakita+machine+tools HTTP/1.1" 200 22395 "-" "Mozilla/5.0 (Linux; Android 6.0.1; Nexus 5X Build/MMB29P) AppleWebKit/537.36 (KHTML, like Gecko) Chrome/137.0.7151.103 Mobile Safari/537.36 (compatible; Googlebot/2.1; +http://www.google.com/bot.html)"
66.249.79.32 - - [12/Jul/2025:17:06:36 +0000] "GET /?h=5981208131960&mod=a788f0e7&uri=info.php%3Fid%3D199734-345%26name%3Dbuzo+boca+azul HTTP/1.1" 200 20372 "-" "Mozilla/5.0 (Linux; Android 6.0.1; Nexus 5X Build/MMB29P) AppleWebKit/537.36 (KHTML, like Gecko) Chrome/137.0.7151.103 Mobile Safari/537.36 (compatible; Googlebot/2.1; +http://www.google.com/bot.html)"
66.249.79.32 - - [12/Jul/2025:17:06:44 +0000] "GET /?h=5983548041960&mod=a788f0e7&uri=shop.php%3Fid%3D199812-345%26name%3Dcamisetas+lactancia+materna HTTP/1.1" 200 20853 "-" "Mozilla/5.0 (Linux; Android 6.0.1; Nexus 5X Build/MMB29P) AppleWebKit/537.36 (KHTML, like Gecko) Chrome/137.0.7151.103 Mobile Safari/537.36 (compatible; Googlebot/2.1; +http://www.google.com/bot.html)"
66.249.79.32 - - [12/Jul/2025:17:06:57 +0000] "GET /?h=5990009001960&mod=a788f0e7&uri=form.php%3Fid%3D200028-345%26name%3Dpaca+de+ropa+calidad+premium HTTP/1.1" 200 21841 "-" "Mozilla/5.0 (Linux; Android 6.0.1; Nexus 5X Build/MMB29P) AppleWebKit/537.36 (KHTML, like Gecko) Chrome/137.0.7151.103 Mobile Safari/537.36 (compatible; Googlebot/2.1; +http://www.google.com/bot.html)"
209.74.77.214 - - [12/Jul/2025:17:06:59 +0000] "POST /wp-cron.php?doing_wp_cron=1752340019.4816000461578369140625 HTTP/1.1" 200 - "-" "WordPress/6.8.1; https://kelaby.company"
51.222.253.7 - - [12/Jul/2025:17:06:59 +0000] "GET /?h=111559250061960&mod=6950d89b&uri=news.php%3Fid%3D3723099-1098%26name%3Djewellery+at+costco HTTP/1.1" 301 - "-" "Mozilla/5.0 (compatible; AhrefsBot/7.0; +http://ahrefs.com/robot/)"
66.249.79.34 - - [12/Jul/2025:17:07:01 +0000] "GET /?h=5985809001960&mod=a788f0e7&uri=shared.php%3Fid%3D199888-345%26name%3Dpantalones+anchos+floreados HTTP/1.1" 200 20725 "-" "Mozilla/5.0 (Linux; Android 6.0.1; Nexus 5X Build/MMB29P) AppleWebKit/537.36 (KHTML, like Gecko) Chrome/137.0.7151.103 Mobile Safari/537.36 (compatible; Googlebot/2.1; +http://www.google.com/bot.html)"
66.249.79.34 - - [12/Jul/2025:17:07:03 +0000] "GET /?h=5915561031960&mod=be8e1862&uri=blog.php%3Fid%3D197544-342%26name%3Dingenuity+cradling+audrey+bouncer HTTP/1.1" 200 21451 "-" "Mozilla/5.0 (Linux; Android 6.0.1; Nexus 5X Build/MMB29P) AppleWebKit/537.36 (KHTML, like Gecko) Chrome/137.0.7151.103 Mobile Safari/537.36 (compatible; Googlebot/2.1; +http://www.google.com/bot.html)"
66.249.79.32 - - [12/Jul/2025:17:07:06 +0000] "GET /?h=5987369021960&mod=a788f0e7&uri=brands.php%3Fid%3D199940-345%26name%3Dventa+de+fardos+de+ropa+americana+en+san+salvador HTTP/1.1" 200 21480 "-" "Mozilla/5.0 (Linux; Android 6.0.1; Nexus 5X Build/MMB29P) AppleWebKit/537.36 (KHTML, like Gecko) Chrome/137.0.7151.103 Mobile Safari/537.36 (compatible; Googlebot/2.1; +http://www.google.com/bot.html)"
66.249.79.33 - - [12/Jul/2025:17:07:07 +0000] "POST /get-message-notify HTTP/1.1" 200 21703 "https://kelaby.company/?h=6103835031960&mod=f7efa4f8&uri=shared.php%3Fid%3D203829-40%26name%3Dmakita+machine+tools" "Mozilla/5.0 (Linux; Android 6.0.1; Nexus 5X Build/MMB29P) AppleWebKit/537.36 (KHTML, like Gecko) Chrome/137.0.7151.119 Mobile Safari/537.36 (compatible; Googlebot/2.1; +http://www.google.com/bot.html)"
66.249.79.33 - - [12/Jul/2025:17:07:08 +0000] "POST /get-message-notify HTTP/1.1" 200 21706 "https://kelaby.company/?h=5981208131960&mod=a788f0e7&uri=info.php%3Fid%3D199734-345%26name%3Dbuzo+boca+azul" "Mozilla/5.0 (Linux; Android 6.0.1; Nexus 5X Build/MMB29P) AppleWebKit/537.36 (KHTML, like Gecko) Chrome/137.0.7151.119 Mobile Safari/537.36 (compatible; Googlebot/2.1; +http://www.google.com/bot.html)"
66.249.79.32 - - [12/Jul/2025:17:07:09 +0000] "GET /?h=115107167061960&mod=be8e1862&uri=product.php%3Fid%3D3841546-342%26name%3Dtarget+kids+walker HTTP/1.1" 200 21032 "-" "Mozilla/5.0 (Linux; Android 6.0.1; Nexus 5X Build/MMB29P) AppleWebKit/537.36 (KHTML, like Gecko) Chrome/137.0.7151.103 Mobile Safari/537.36 (compatible; Googlebot/2.1; +http://www.google.com/bot.html)"
66.249.79.32 - - [12/Jul/2025:17:07:11 +0000] "GET /?h=119707063011960&mod=6fa0effb&uri=blog.php%3Fid%3D3994989-880%26name%3Dlsu+tassel+earrings HTTP/1.1" 200 21767 "-" "Mozilla/5.0 (Linux; Android 6.0.1; Nexus 5X Build/MMB29P) AppleWebKit/537.36 (KHTML, like Gecko) Chrome/137.0.7151.103 Mobile Safari/537.36 (compatible; Googlebot/2.1; +http://www.google.com/bot.html)"
66.249.79.32 - - [12/Jul/2025:17:07:12 +0000] "GET /?h=5978465021960&mod=a788f0e7&uri=goods.php%3Fid%3D199642-345%26name%3Dtrajes+de+nieve+para+bebes HTTP/1.1" 200 22073 "-" "Mozilla/5.0 (Linux; Android 6.0.1; Nexus 5X Build/MMB29P) AppleWebKit/537.36 (KHTML, like Gecko) Chrome/137.0.7151.103 Mobile Safari/537.36 (compatible; Googlebot/2.1; +http://www.google.com/bot.html)"
66.249.79.32 - - [12/Jul/2025:17:07:15 +0000] "GET /?h=5983308001960&mod=a788f0e7&uri=news.php%3Fid%3D199804-345%26name%3Dropa+nieve+dope HTTP/1.1" 200 20709 "-" "Mozilla/5.0 (Linux; Android 6.0.1; Nexus 5X Build/MMB29P) AppleWebKit/537.36 (KHTML, like Gecko) Chrome/137.0.7151.103 Mobile Safari/537.36 (compatible; Googlebot/2.1; +http://www.google.com/bot.html)"
66.249.79.32 - - [12/Jul/2025:17:07:26 +0000] "POST /get-message-notify HTTP/1.1" 200 21704 "https://kelaby.company/?h=119707063011960&mod=6fa0effb&uri=blog.php%3Fid%3D3994989-880%26name%3Dlsu+tassel+earrings" "Mozilla/5.0 (Linux; Android 6.0.1; Nexus 5X Build/MMB29P) AppleWebKit/537.36 (KHTML, like Gecko) Chrome/137.0.7151.119 Mobile Safari/537.36 (compatible; Googlebot/2.1; +http://www.google.com/bot.html)"
66.249.79.32 - - [12/Jul/2025:17:07:26 +0000] "GET /?h=5986169001960&mod=a788f0e7&uri=info.php%3Fid%3D199900-345%26name%3Dchaqueta+snow+the+north+face HTTP/1.1" 200 20573 "-" "Mozilla/5.0 (Linux; Android 6.0.1; Nexus 5X Build/MMB29P) AppleWebKit/537.36 (KHTML, like Gecko) Chrome/137.0.7151.103 Mobile Safari/537.36 (compatible; Googlebot/2.1; +http://www.google.com/bot.html)"
66.249.79.32 - - [12/Jul/2025:17:07:28 +0000] "POST /get-message-notify HTTP/1.1" 200 21701 "https://kelaby.company/?h=5986169001960&mod=a788f0e7&uri=info.php%3Fid%3D199900-345%26name%3Dchaqueta+snow+the+north+face" "Mozilla/5.0 (Linux; Android 6.0.1; Nexus 5X Build/MMB29P) AppleWebKit/537.36 (KHTML, like Gecko) Chrome/137.0.7151.119 Mobile Safari/537.36 (compatible; Googlebot/2.1; +http://www.google.com/bot.html)"
66.249.79.32 - - [12/Jul/2025:17:07:29 +0000] "GET /?h=5988449041960&mod=a788f0e7&uri=itm.php%3Fid%3D199976-345%26name%3Dvestidos+de+maternidad+sears HTTP/1.1" 200 21663 "-" "Mozilla/5.0 (Linux; Android 6.0.1; Nexus 5X Build/MMB29P) AppleWebKit/537.36 (KHTML, like Gecko) Chrome/137.0.7151.103 Mobile Safari/537.36 (compatible; Googlebot/2.1; +http://www.google.com/bot.html)"
66.249.79.32 - - [12/Jul/2025:17:07:33 +0000] "GET /?h=5979425131960&mod=a788f0e7&uri=brands.php%3Fid%3D199674-345%26name%3Del+corte+ingles+antea+mujer HTTP/1.1" 200 20317 "-" "Mozilla/5.0 (Linux; Android 6.0.1; Nexus 5X Build/MMB29P) AppleWebKit/537.36 (KHTML, like Gecko) Chrome/137.0.7151.103 Mobile Safari/537.36 (compatible; Googlebot/2.1; +http://www.google.com/bot.html)"
66.249.79.32 - - [12/Jul/2025:17:07:34 +0000] "POST /get-message-notify HTTP/1.1" 200 21698 "https://kelaby.company/?h=5983308001960&mod=a788f0e7&uri=news.php%3Fid%3D199804-345%26name%3Dropa+nieve+dope" "Mozilla/5.0 (Linux; Android 6.0.1; Nexus 5X Build/MMB29P) AppleWebKit/537.36 (KHTML, like Gecko) Chrome/137.0.7151.119 Mobile Safari/537.36 (compatible; Googlebot/2.1; +http://www.google.com/bot.html)"
66.249.79.32 - - [12/Jul/2025:17:07:36 +0000] "POST /get-message-notify HTTP/1.1" 200 21698 "https://kelaby.company/?h=5979425131960&mod=a788f0e7&uri=brands.php%3Fid%3D199674-345%26name%3Del+corte+ingles+antea+mujer" "Mozilla/5.0 (Linux; Android 6.0.1; Nexus 5X Build/MMB29P) AppleWebKit/537.36 (KHTML, like Gecko) Chrome/137.0.7151.119 Mobile Safari/537.36 (compatible; Googlebot/2.1; +http://www.google.com/bot.html)"
66.249.79.32 - - [12/Jul/2025:17:07:39 +0000] "GET /?h=5979185001960&mod=a788f0e7&uri=search.php%3Fid%3D199666-345%26name%3Dvestidos+madrina+manu+garcia+2021 HTTP/1.1" 200 20844 "-" "Mozilla/5.0 (Linux; Android 6.0.1; Nexus 5X Build/MMB29P) AppleWebKit/537.36 (KHTML, like Gecko) Chrome/137.0.7151.103 Mobile Safari/537.36 (compatible; Googlebot/2.1; +http://www.google.com/bot.html)"
66.249.79.32 - - [12/Jul/2025:17:07:50 +0000] "GET /?h=5978945021960&mod=a788f0e7&uri=products.php%3Fid%3D199658-345%26name%3Dbuzo+esqui HTTP/1.1" 200 21242 "-" "Mozilla/5.0 (Linux; Android 6.0.1; Nexus 5X Build/MMB29P) AppleWebKit/537.36 (KHTML, like Gecko) Chrome/137.0.7151.103 Mobile Safari/537.36 (compatible; Googlebot/2.1; +http://www.google.com/bot.html)"
66.249.79.33 - - [12/Jul/2025:17:07:51 +0000] "POST /get-message-notify HTTP/1.1" 200 21708 "https://kelaby.company/?h=5988449041960&mod=a788f0e7&uri=itm.php%3Fid%3D199976-345%26name%3Dvestidos+de+maternidad+sears" "Mozilla/5.0 (Linux; Android 6.0.1; Nexus 5X Build/MMB29P) AppleWebKit/537.36 (KHTML, like Gecko) Chrome/137.0.7151.119 Mobile Safari/537.36 (compatible; Googlebot/2.1; +http://www.google.com/bot.html)"
66.249.79.32 - - [12/Jul/2025:17:07:53 +0000] "GET /?h=5983068031960&mod=a788f0e7&uri=shop.php%3Fid%3D199796-345%26name%3Darriendo+vestidos+de+madrina HTTP/1.1" 200 20420 "-" "Mozilla/5.0 (Linux; Android 6.0.1; Nexus 5X Build/MMB29P) AppleWebKit/537.36 (KHTML, like Gecko) Chrome/137.0.7151.103 Mobile Safari/537.36 (compatible; Googlebot/2.1; +http://www.google.com/bot.html)"
66.249.79.32 - - [12/Jul/2025:17:07:56 +0000] "POST /get-message-notify HTTP/1.1" 200 21691 "https://kelaby.company/?h=5983068031960&mod=a788f0e7&uri=shop.php%3Fid%3D199796-345%26name%3Darriendo+vestidos+de+madrina" "Mozilla/5.0 (Linux; Android 6.0.1; Nexus 5X Build/MMB29P) AppleWebKit/537.36 (KHTML, like Gecko) Chrome/137.0.7151.119 Mobile Safari/537.36 (compatible; Googlebot/2.1; +http://www.google.com/bot.html)"
66.249.79.32 - - [12/Jul/2025:17:08:03 +0000] "GET /?h=5991329091960&mod=a788f0e7&uri=dp.php%3Fid%3D200072-345%26name%3Dvestidos+raffaello+2021 HTTP/1.1" 200 21440 "-" "Mozilla/5.0 (Linux; Android 6.0.1; Nexus 5X Build/MMB29P) AppleWebKit/537.36 (KHTML, like Gecko) Chrome/137.0.7151.103 Mobile Safari/537.36 (compatible; Googlebot/2.1; +http://www.google.com/bot.html)"
66.249.79.33 - - [12/Jul/2025:17:08:05 +0000] "GET /?h=115097927021960&mod=be8e1862&uri=brands.php%3Fid%3D3841238-342%26name%3Dbaby+boy+walkers+at+target HTTP/1.1" 200 20791 "-" "Mozilla/5.0 (Linux; Android 6.0.1; Nexus 5X Build/MMB29P) AppleWebKit/537.36 (KHTML, like Gecko) Chrome/137.0.7151.103 Mobile Safari/537.36 (compatible; Googlebot/2.1; +http://www.google.com/bot.html)"
66.249.79.34 - - [12/Jul/2025:17:08:09 +0000] "GET /?h=5987249081960&mod=a788f0e7&uri=blog.php%3Fid%3D199936-345%26name%3Dliz+minelli+vestidos+cocktail HTTP/1.1" 200 20403 "-" "Mozilla/5.0 (Linux; Android 6.0.1; Nexus 5X Build/MMB29P) AppleWebKit/537.36 (KHTML, like Gecko) Chrome/137.0.7151.103 Mobile Safari/537.36 (compatible; Googlebot/2.1; +http://www.google.com/bot.html)"
66.249.79.32 - - [12/Jul/2025:17:08:13 +0000] "POST /get-message-notify HTTP/1.1" 200 21694 "https://kelaby.company/?h=115097927021960&mod=be8e1862&uri=brands.php%3Fid%3D3841238-342%26name%3Dbaby+boy+walkers+at+target" "Mozilla/5.0 (Linux; Android 6.0.1; Nexus 5X Build/MMB29P) AppleWebKit/537.36 (KHTML, like Gecko) Chrome/137.0.7151.119 Mobile Safari/537.36 (compatible; Googlebot/2.1; +http://www.google.com/bot.html)"
66.249.79.33 - - [12/Jul/2025:17:08:14 +0000] "GET /?h=5979785101960&mod=a788f0e7&uri=info.php%3Fid%3D199686-345%26name%3Dropa+nieve+bebe+carrefour HTTP/1.1" 200 20512 "-" "Mozilla/5.0 (Linux; Android 6.0.1; Nexus 5X Build/MMB29P) AppleWebKit/537.36 (KHTML, like Gecko) Chrome/137.0.7151.103 Mobile Safari/537.36 (compatible; Googlebot/2.1; +http://www.google.com/bot.html)"
66.249.79.32 - - [12/Jul/2025:17:08:17 +0000] "POST /get-message-notify HTTP/1.1" 200 21701 "https://kelaby.company/?h=5979785101960&mod=a788f0e7&uri=info.php%3Fid%3D199686-345%26name%3Dropa+nieve+bebe+carrefour" "Mozilla/5.0 (Linux; Android 6.0.1; Nexus 5X Build/MMB29P) AppleWebKit/537.36 (KHTML, like Gecko) Chrome/137.0.7151.119 Mobile Safari/537.36 (compatible; Googlebot/2.1; +http://www.google.com/bot.html)"
66.249.79.32 - - [12/Jul/2025:17:08:20 +0000] "GET /?h=5920091041960&mod=be8e1862&uri=form.php%3Fid%3D197695-342%26name%3Dradio+flyer+liberty+spring+horse+model+300 HTTP/1.1" 200 20768 "-" "Mozilla/5.0 (Linux; Android 6.0.1; Nexus 5X Build/MMB29P) AppleWebKit/537.36 (KHTML, like Gecko) Chrome/137.0.7151.103 Mobile Safari/537.36 (compatible; Googlebot/2.1; +http://www.google.com/bot.html)"
66.249.79.231 - - [12/Jul/2025:17:08:21 +0000] "GET /?h=86673421041960&mod=cd347f00&uri=products.php%3Fid%3D2892422-283%26name%3Dclassic+female+shoes HTTP/1.1" 200 22240 "-" "Mozilla/5.0 (Linux; Android 6.0.1; Nexus 5X Build/MMB29P) AppleWebKit/537.36 (KHTML, like Gecko) Chrome/137.0.7151.103 Mobile Safari/537.36 (compatible; Googlebot/2.1; +http://www.google.com/bot.html)"
66.249.79.32 - - [12/Jul/2025:17:08:26 +0000] "GET /?h=5986949101960&mod=a788f0e7&uri=pin.php%3Fid%3D199926-345%26name%3Dchamarra+levis+piel+negra HTTP/1.1" 200 20268 "-" "Mozilla/5.0 (Linux; Android 6.0.1; Nexus 5X Build/MMB29P) AppleWebKit/537.36 (KHTML, like Gecko) Chrome/137.0.7151.103 Mobile Safari/537.36 (compatible; Googlebot/2.1; +http://www.google.com/bot.html)"
66.249.79.32 - - [12/Jul/2025:17:08:27 +0000] "GET /?h=28002246031960&mod=7530b57b&uri=us.php%3Fid%3D934589-341%26name%3Dcomprar+gafas+de+sol+para+hombre HTTP/1.1" 200 22196 "-" "Mozilla/5.0 (Linux; Android 6.0.1; Nexus 5X Build/MMB29P) AppleWebKit/537.36 (KHTML, like Gecko) Chrome/137.0.7151.103 Mobile Safari/537.36 (compatible; Googlebot/2.1; +http://www.google.com/bot.html)"
66.249.79.32 - - [12/Jul/2025:17:08:28 +0000] "GET /?h=5989649031960&mod=a788f0e7&uri=info.php%3Fid%3D200016-345%26name%3Dchamarra+de+piel+con+tenis+mujer HTTP/1.1" 200 22322 "-" "Mozilla/5.0 (Linux; Android 6.0.1; Nexus 5X Build/MMB29P) AppleWebKit/537.36 (KHTML, like Gecko) Chrome/137.0.7151.103 Mobile Safari/537.36 (compatible; Googlebot/2.1; +http://www.google.com/bot.html)"
66.249.79.32 - - [12/Jul/2025:17:08:30 +0000] "POST /get-message-notify HTTP/1.1" 200 21716 "https://kelaby.company/?h=5989649031960&mod=a788f0e7&uri=info.php%3Fid%3D200016-345%26name%3Dchamarra+de+piel+con+tenis+mujer" "Mozilla/5.0 (Linux; Android 6.0.1; Nexus 5X Build/MMB29P) AppleWebKit/537.36 (KHTML, like Gecko) Chrome/137.0.7151.119 Mobile Safari/537.36 (compatible; Googlebot/2.1; +http://www.google.com/bot.html)"
66.249.79.32 - - [12/Jul/2025:17:08:32 +0000] "GET /?h=5980025041960&mod=a788f0e7&uri=pin.php%3Fid%3D199694-345%26name%3Dlidl+trajes+de+nieve HTTP/1.1" 200 21005 "-" "Mozilla/5.0 (Linux; Android 6.0.1; Nexus 5X Build/MMB29P) AppleWebKit/537.36 (KHTML, like Gecko) Chrome/137.0.7151.103 Mobile Safari/537.36 (compatible; Googlebot/2.1; +http://www.google.com/bot.html)"
66.249.79.32 - - [12/Jul/2025:17:08:42 +0000] "GET /?h=5983188041960&mod=a788f0e7&uri=news.php%3Fid%3D199800-345%26name%3Dinside+rebajas+2021 HTTP/1.1" 200 21010 "-" "Mozilla/5.0 (Linux; Android 6.0.1; Nexus 5X Build/MMB29P) AppleWebKit/537.36 (KHTML, like Gecko) Chrome/137.0.7151.103 Mobile Safari/537.36 (compatible; Googlebot/2.1; +http://www.google.com/bot.html)"
66.249.79.32 - - [12/Jul/2025:17:08:45 +0000] "POST /get-message-notify HTTP/1.1" 200 21699 "https://kelaby.company/?h=5983188041960&mod=a788f0e7&uri=news.php%3Fid%3D199800-345%26name%3Dinside+rebajas+2021" "Mozilla/5.0 (Linux; Android 6.0.1; Nexus 5X Build/MMB29P) AppleWebKit/537.36 (KHTML, like Gecko) Chrome/137.0.7151.119 Mobile Safari/537.36 (compatible; Googlebot/2.1; +http://www.google.com/bot.html)"
66.249.79.230 - - [12/Jul/2025:17:08:48 +0000] "GET /?h=5808638091960&mod=cdebf2bd&uri=info.php%3Fid%3D193975-337%26name%3Dmom+jeans+mujer+rotos HTTP/1.1" 200 21187 "-" "Mozilla/5.0 (Linux; Android 6.0.1; Nexus 5X Build/MMB29P) AppleWebKit/537.36 (KHTML, like Gecko) Chrome/137.0.7151.103 Mobile Safari/537.36 (compatible; Googlebot/2.1; +http://www.google.com/bot.html)"
66.249.79.32 - - [12/Jul/2025:17:08:49 +0000] "GET /?h=5940041041960&mod=be8e1862&uri=dp.php%3Fid%3D198360-342%26name%3Dfisher+price+chairs HTTP/1.1" 200 20917 "-" "Mozilla/5.0 (Linux; Android 6.0.1; Nexus 5X Build/MMB29P) AppleWebKit/537.36 (KHTML, like Gecko) Chrome/137.0.7151.103 Mobile Safari/537.36 (compatible; Googlebot/2.1; +http://www.google.com/bot.html)"
66.249.79.32 - - [12/Jul/2025:17:08:52 +0000] "POST /get-message-notify HTTP/1.1" 200 21704 "https://kelaby.company/?h=5940041041960&mod=be8e1862&uri=dp.php%3Fid%3D198360-342%26name%3Dfisher+price+chairs" "Mozilla/5.0 (Linux; Android 6.0.1; Nexus 5X Build/MMB29P) AppleWebKit/537.36 (KHTML, like Gecko) Chrome/137.0.7151.119 Mobile Safari/537.36 (compatible; Googlebot/2.1; +http://www.google.com/bot.html)"
66.249.79.32 - - [12/Jul/2025:17:08:55 +0000] "GET /?h=5988569041960&mod=a788f0e7&uri=goods.php%3Fid%3D199980-345%26name%3Dantonella+vestidos+de+fiesta HTTP/1.1" 200 21920 "-" "Mozilla/5.0 (Linux; Android 6.0.1; Nexus 5X Build/MMB29P) AppleWebKit/537.36 (KHTML, like Gecko) Chrome/137.0.7151.103 Mobile Safari/537.36 (compatible; Googlebot/2.1; +http://www.google.com/bot.html)"
66.249.79.33 - - [12/Jul/2025:17:09:01 +0000] "GET /?h=5984268131960&mod=a788f0e7&uri=info.php%3Fid%3D199836-345%26name%3Dpantalones+anchos+flores HTTP/1.1" 200 20406 "-" "Mozilla/5.0 (Linux; Android 6.0.1; Nexus 5X Build/MMB29P) AppleWebKit/537.36 (KHTML, like Gecko) Chrome/137.0.7151.103 Mobile Safari/537.36 (compatible; Googlebot/2.1; +http://www.google.com/bot.html)"
66.249.79.32 - - [12/Jul/2025:17:09:08 +0000] "GET /?h=6173905021960&mod=e50bea89&uri=info.php%3Fid%3D206171-296%26name%3Dshayad+meri+shaadi+ka+khayal+dil+mein+aaya+hai HTTP/1.1" 200 22600 "-" "Mozilla/5.0 (Linux; Android 6.0.1; Nexus 5X Build/MMB29P) AppleWebKit/537.36 (KHTML, like Gecko) Chrome/137.0.7151.103 Mobile Safari/537.36 (compatible; Googlebot/2.1; +http://www.google.com/bot.html)"
66.249.79.32 - - [12/Jul/2025:17:09:09 +0000] "GET /?h=5978585041960&mod=a788f0e7&uri=shared.php%3Fid%3D199646-345%26name%3Dpantalon+termico+nieve HTTP/1.1" 200 20916 "-" "Mozilla/5.0 (Linux; Android 6.0.1; Nexus 5X Build/MMB29P) AppleWebKit/537.36 (KHTML, like Gecko) Chrome/137.0.7151.103 Mobile Safari/537.36 (compatible; Googlebot/2.1; +http://www.google.com/bot.html)"
66.249.79.32 - - [12/Jul/2025:17:09:12 +0000] "GET /?h=5990249031960&mod=a788f0e7&uri=us.php%3Fid%3D200036-345%26name%3Dshein+ropa+japonesa HTTP/1.1" 200 21790 "-" "Mozilla/5.0 (Linux; Android 6.0.1; Nexus 5X Build/MMB29P) AppleWebKit/537.36 (KHTML, like Gecko) Chrome/137.0.7151.103 Mobile Safari/537.36 (compatible; Googlebot/2.1; +http://www.google.com/bot.html)"
66.249.79.32 - - [12/Jul/2025:17:09:21 +0000] "GET /?h=5984508011960&mod=a788f0e7&uri=article.php%3Fid%3D199844-345%26name%3Dvestidos+palo+de+rosa+liz+minelli HTTP/1.1" 200 21495 "-" "Mozilla/5.0 (Linux; Android 6.0.1; Nexus 5X Build/MMB29P) AppleWebKit/537.36 (KHTML, like Gecko) Chrome/137.0.7151.103 Mobile Safari/537.36 (compatible; Googlebot/2.1; +http://www.google.com/bot.html)"
66.249.79.32 - - [12/Jul/2025:17:09:23 +0000] "GET /?h=5989769021960&mod=a788f0e7&uri=us.php%3Fid%3D200020-345%26name%3Dpacas+en+monterrey+nuevo+leon HTTP/1.1" 200 21444 "-" "Mozilla/5.0 (Linux; Android 6.0.1; Nexus 5X Build/MMB29P) AppleWebKit/537.36 (KHTML, like Gecko) Chrome/137.0.7151.103 Mobile Safari/537.36 (compatible; Googlebot/2.1; +http://www.google.com/bot.html)"
66.249.79.32 - - [12/Jul/2025:17:09:26 +0000] "GET /?h=5986409001960&mod=a788f0e7&uri=brands.php%3Fid%3D199908-345%26name%3Dinside+out+ropa HTTP/1.1" 200 21060 "-" "Mozilla/5.0 (Linux; Android 6.0.1; Nexus 5X Build/MMB29P) AppleWebKit/537.36 (KHTML, like Gecko) Chrome/137.0.7151.103 Mobile Safari/537.36 (compatible; Googlebot/2.1; +http://www.google.com/bot.html)"
66.249.79.32 - - [12/Jul/2025:17:09:30 +0000] "POST /get-message-notify HTTP/1.1" 200 21706 "https://kelaby.company/?h=5986409001960&mod=a788f0e7&uri=brands.php%3Fid%3D199908-345%26name%3Dinside+out+ropa" "Mozilla/5.0 (Linux; Android 6.0.1; Nexus 5X Build/MMB29P) AppleWebKit/537.36 (KHTML, like Gecko) Chrome/137.0.7151.119 Mobile Safari/537.36 (compatible; Googlebot/2.1; +http://www.google.com/bot.html)"
66.249.79.32 - - [12/Jul/2025:17:09:32 +0000] "GET /?h=5987729091960&mod=a788f0e7&uri=blog.php%3Fid%3D199952-345%26name%3Dpantalon+media+pierna+ancho HTTP/1.1" 200 21844 "-" "Mozilla/5.0 (Linux; Android 6.0.1; Nexus 5X Build/MMB29P) AppleWebKit/537.36 (KHTML, like Gecko) Chrome/137.0.7151.103 Mobile Safari/537.36 (compatible; Googlebot/2.1; +http://www.google.com/bot.html)"
66.249.79.32 - - [12/Jul/2025:17:09:43 +0000] "GET /?h=5979065041960&mod=a788f0e7&uri=search.php%3Fid%3D199662-345%26name%3Dpantalones+cortos+de+baloncesto HTTP/1.1" 200 21231 "-" "Mozilla/5.0 (Linux; Android 6.0.1; Nexus 5X Build/MMB29P) AppleWebKit/537.36 (KHTML, like Gecko) Chrome/137.0.7151.103 Mobile Safari/537.36 (compatible; Googlebot/2.1; +http://www.google.com/bot.html)"
66.249.79.32 - - [12/Jul/2025:17:09:46 +0000] "GET /?h=5984148001960&mod=a788f0e7&uri=info.php%3Fid%3D199832-345%26name%3Daire+vestidos+de+madrina HTTP/1.1" 200 20873 "-" "Mozilla/5.0 (Linux; Android 6.0.1; Nexus 5X Build/MMB29P) AppleWebKit/537.36 (KHTML, like Gecko) Chrome/137.0.7151.103 Mobile Safari/537.36 (compatible; Googlebot/2.1; +http://www.google.com/bot.html)"
66.249.79.32 - - [12/Jul/2025:17:09:47 +0000] "POST /get-message-notify HTTP/1.1" 200 21710 "https://kelaby.company/?h=5979065041960&mod=a788f0e7&uri=search.php%3Fid%3D199662-345%26name%3Dpantalones+cortos+de+baloncesto" "Mozilla/5.0 (Linux; Android 6.0.1; Nexus 5X Build/MMB29P) AppleWebKit/537.36 (KHTML, like Gecko) Chrome/137.0.7151.119 Mobile Safari/537.36 (compatible; Googlebot/2.1; +http://www.google.com/bot.html)"
66.249.79.32 - - [12/Jul/2025:17:09:49 +0000] "POST /get-message-notify HTTP/1.1" 200 21710 "https://kelaby.company/?h=5984148001960&mod=a788f0e7&uri=info.php%3Fid%3D199832-345%26name%3Daire+vestidos+de+madrina" "Mozilla/5.0 (Linux; Android 6.0.1; Nexus 5X Build/MMB29P) AppleWebKit/537.36 (KHTML, like Gecko) Chrome/137.0.7151.119 Mobile Safari/537.36 (compatible; Googlebot/2.1; +http://www.google.com/bot.html)"
66.249.79.32 - - [12/Jul/2025:17:09:50 +0000] "GET /?h=5986289001960&mod=a788f0e7&uri=search.php%3Fid%3D199904-345%26name%3Dpantalones+de+nieve+baratos+mujer HTTP/1.1" 200 21150 "-" "Mozilla/5.0 (Linux; Android 6.0.1; Nexus 5X Build/MMB29P) AppleWebKit/537.36 (KHTML, like Gecko) Chrome/137.0.7151.103 Mobile Safari/537.36 (compatible; Googlebot/2.1; +http://www.google.com/bot.html)"
66.249.79.32 - - [12/Jul/2025:17:09:50 +0000] "POST /get-message-notify HTTP/1.1" 200 21717 "https://kelaby.company/?h=5984508011960&mod=a788f0e7&uri=article.php%3Fid%3D199844-345%26name%3Dvestidos+palo+de+rosa+liz+minelli" "Mozilla/5.0 (Linux; Android 6.0.1; Nexus 5X Build/MMB29P) AppleWebKit/537.36 (KHTML, like Gecko) Chrome/137.0.7151.119 Mobile Safari/537.36 (compatible; Googlebot/2.1; +http://www.google.com/bot.html)"
66.249.79.33 - - [12/Jul/2025:17:09:53 +0000] "POST /get-message-notify HTTP/1.1" 200 21686 "https://kelaby.company/?h=5986289001960&mod=a788f0e7&uri=search.php%3Fid%3D199904-345%26name%3Dpantalones+de+nieve+baratos+mujer" "Mozilla/5.0 (Linux; Android 6.0.1; Nexus 5X Build/MMB29P) AppleWebKit/537.36 (KHTML, like Gecko) Chrome/137.0.7151.119 Mobile Safari/537.36 (compatible; Googlebot/2.1; +http://www.google.com/bot.html)"
66.249.79.232 - - [12/Jul/2025:17:09:55 +0000] "GET /?h=5844771071960&mod=5b438761&uri=product.php%3Fid%3D195181-338%26name%3Dadidas+mexico+edition HTTP/1.1" 200 21330 "-" "Mozilla/5.0 (Linux; Android 6.0.1; Nexus 5X Build/MMB29P) AppleWebKit/537.36 (KHTML, like Gecko) Chrome/137.0.7151.103 Mobile Safari/537.36 (compatible; Googlebot/2.1; +http://www.google.com/bot.html)"
66.249.79.32 - - [12/Jul/2025:17:09:56 +0000] "GET /?h=5985509041960&mod=a788f0e7&uri=goods.php%3Fid%3D199878-345%26name%3Dropa+de+nieve+economica HTTP/1.1" 200 20775 "-" "Mozilla/5.0 (Linux; Android 6.0.1; Nexus 5X Build/MMB29P) AppleWebKit/537.36 (KHTML, like Gecko) Chrome/137.0.7151.103 Mobile Safari/537.36 (compatible; Googlebot/2.1; +http://www.google.com/bot.html)"
66.249.79.33 - - [12/Jul/2025:17:09:59 +0000] "POST /get-message-notify HTTP/1.1" 200 21696 "https://kelaby.company/?h=5985509041960&mod=a788f0e7&uri=goods.php%3Fid%3D199878-345%26name%3Dropa+de+nieve+economica" "Mozilla/5.0 (Linux; Android 6.0.1; Nexus 5X Build/MMB29P) AppleWebKit/537.36 (KHTML, like Gecko) Chrome/137.0.7151.119 Mobile Safari/537.36 (compatible; Googlebot/2.1; +http://www.google.com/bot.html)"
66.249.79.33 - - [12/Jul/2025:17:10:02 +0000] "GET /?h=5987609001960&mod=a788f0e7&uri=product.php%3Fid%3D199948-345%26name%3Dchamarras+de+moda+de+piel HTTP/1.1" 200 21947 "-" "Mozilla/5.0 (Linux; Android 6.0.1; Nexus 5X Build/MMB29P) AppleWebKit/537.36 (KHTML, like Gecko) Chrome/137.0.7151.103 Mobile Safari/537.36 (compatible; Googlebot/2.1; +http://www.google.com/bot.html)"
66.249.79.232 - - [12/Jul/2025:17:10:02 +0000] "POST /get-message-notify HTTP/1.1" 200 20938 "https://www.kelaby.company/?h=5844771071960&mod=5b438761&uri=product.php%3Fid%3D195181-338%26name%3Dadidas+mexico+edition" "Mozilla/5.0 (Linux; Android 6.0.1; Nexus 5X Build/MMB29P) AppleWebKit/537.36 (KHTML, like Gecko) Chrome/137.0.7151.119 Mobile Safari/537.36 (compatible; Googlebot/2.1; +http://www.google.com/bot.html)"
66.249.79.32 - - [12/Jul/2025:17:10:08 +0000] "GET /?h=5987969021960&mod=a788f0e7&uri=dp.php%3Fid%3D199960-345%26name%3Dropa+usada+nieve+bandera HTTP/1.1" 200 21624 "-" "Mozilla/5.0 (Linux; Android 6.0.1; Nexus 5X Build/MMB29P) AppleWebKit/537.36 (KHTML, like Gecko) Chrome/137.0.7151.103 Mobile Safari/537.36 (compatible; Googlebot/2.1; +http://www.google.com/bot.html)"
66.249.79.32 - - [12/Jul/2025:17:10:13 +0000] "GET /?h=6510715061960&mod=be8e1862&uri=goods.php%3Fid%3D217454-342%26name%3Dbaby+auto+rocker HTTP/1.1" 200 21071 "-" "Mozilla/5.0 (Linux; Android 6.0.1; Nexus 5X Build/MMB29P) AppleWebKit/537.36 (KHTML, like Gecko) Chrome/137.0.7151.103 Mobile Safari/537.36 (compatible; Googlebot/2.1; +http://www.google.com/bot.html)"
66.249.79.32 - - [12/Jul/2025:17:10:19 +0000] "GET /?h=5989409021960&mod=a788f0e7&uri=brands.php%3Fid%3D200008-345%26name%3Dsudaderas+marcas+americanas HTTP/1.1" 200 22357 "-" "Mozilla/5.0 (Linux; Android 6.0.1; Nexus 5X Build/MMB29P) AppleWebKit/537.36 (KHTML, like Gecko) Chrome/137.0.7151.103 Mobile Safari/537.36 (compatible; Googlebot/2.1; +http://www.google.com/bot.html)"
66.249.79.32 - - [12/Jul/2025:17:10:30 +0000] "GET /?h=5935811131960&mod=be8e1862&uri=products.php%3Fid%3D198219-342%26name%3Dfisher+price+chair+top+high+chair HTTP/1.1" 200 21330 "-" "Mozilla/5.0 (Linux; Android 6.0.1; Nexus 5X Build/MMB29P) AppleWebKit/537.36 (KHTML, like Gecko) Chrome/137.0.7151.103 Mobile Safari/537.36 (compatible; Googlebot/2.1; +http://www.google.com/bot.html)"
66.249.79.32 - - [12/Jul/2025:17:10:33 +0000] "GET /?h=5985749001960&mod=a788f0e7&uri=us.php%3Fid%3D199886-345%26name%3Dtiendas+de+vestidos+de+fiesta+en+san+luis+potosi HTTP/1.1" 200 20967 "-" "Mozilla/5.0 (Linux; Android 6.0.1; Nexus 5X Build/MMB29P) AppleWebKit/537.36 (KHTML, like Gecko) Chrome/137.0.7151.103 Mobile Safari/537.36 (compatible; Googlebot/2.1; +http://www.google.com/bot.html)"
66.249.79.32 - - [12/Jul/2025:17:10:37 +0000] "GET /?h=5986349051960&mod=a788f0e7&uri=dp.php%3Fid%3D199906-345%26name%3Dpantalon+esqui+tallas+grandes HTTP/1.1" 200 20579 "-" "Mozilla/5.0 (Linux; Android 6.0.1; Nexus 5X Build/MMB29P) AppleWebKit/537.36 (KHTML, like Gecko) Chrome/137.0.7151.103 Mobile Safari/537.36 (compatible; Googlebot/2.1; +http://www.google.com/bot.html)"
66.249.79.32 - - [12/Jul/2025:17:10:43 +0000] "GET /?h=5986229011960&mod=a788f0e7&uri=us.php%3Fid%3D199902-345%26name%3Dchamarra+michael+kors+piel+mujer HTTP/1.1" 200 20947 "-" "Mozilla/5.0 (Linux; Android 6.0.1; Nexus 5X Build/MMB29P) AppleWebKit/537.36 (KHTML, like Gecko) Chrome/137.0.7151.103 Mobile Safari/537.36 (compatible; Googlebot/2.1; +http://www.google.com/bot.html)"
66.249.79.32 - - [12/Jul/2025:17:10:54 +0000] "GET /?h=6102036011960&mod=f7efa4f8&uri=dp.php%3Fid%3D203769-40%26name%3Dbunnings+dewalt+18v HTTP/1.1" 200 22483 "-" "Mozilla/5.0 (Linux; Android 6.0.1; Nexus 5X Build/MMB29P) AppleWebKit/537.36 (KHTML, like Gecko) Chrome/137.0.7151.103 Mobile Safari/537.36 (compatible; Googlebot/2.1; +http://www.google.com/bot.html)"
66.249.79.32 - - [12/Jul/2025:17:10:54 +0000] "GET /?h=5985449081960&mod=a788f0e7&uri=shop.php%3Fid%3D199876-345%26name%3Dvestidos+ceremonia+pedro+del+hierro HTTP/1.1" 200 20888 "-" "Mozilla/5.0 (Linux; Android 6.0.1; Nexus 5X Build/MMB29P) AppleWebKit/537.36 (KHTML, like Gecko) Chrome/137.0.7151.103 Mobile Safari/537.36 (compatible; Googlebot/2.1; +http://www.google.com/bot.html)"
66.249.79.32 - - [12/Jul/2025:17:10:57 +0000] "GET /?h=5931701041960&mod=09018a5a&uri=shared.php%3Fid%3D198082-343%26name%3Dtarget+credenza HTTP/1.1" 200 21830 "-" "Mozilla/5.0 (Linux; Android 6.0.1; Nexus 5X Build/MMB29P) AppleWebKit/537.36 (KHTML, like Gecko) Chrome/137.0.7151.103 Mobile Safari/537.36 (compatible; Googlebot/2.1; +http://www.google.com/bot.html)"
66.249.79.32 - - [12/Jul/2025:17:11:07 +0000] "GET /?h=5985389031960&mod=a788f0e7&uri=dp.php%3Fid%3D199874-345%26name%3Dabrigos+para+esquiar+hombre HTTP/1.1" 200 20762 "-" "Mozilla/5.0 (Linux; Android 6.0.1; Nexus 5X Build/MMB29P) AppleWebKit/537.36 (KHTML, like Gecko) Chrome/137.0.7151.103 Mobile Safari/537.36 (compatible; Googlebot/2.1; +http://www.google.com/bot.html)"
66.249.79.33 - - [12/Jul/2025:17:11:04 +0000] "GET /?h=5990729001960&mod=a788f0e7&uri=goods.php%3Fid%3D200052-345%26name%3Dropa+de+abrigo+para+nieve HTTP/1.1" 200 22226 "-" "Mozilla/5.0 (Linux; Android 6.0.1; Nexus 5X Build/MMB29P) AppleWebKit/537.36 (KHTML, like Gecko) Chrome/137.0.7151.103 Mobile Safari/537.36 (compatible; Googlebot/2.1; +http://www.google.com/bot.html)"
66.249.79.32 - - [12/Jul/2025:17:11:09 +0000] "POST /get-message-notify HTTP/1.1" 200 21705 "https://kelaby.company/?h=5985389031960&mod=a788f0e7&uri=dp.php%3Fid%3D199874-345%26name%3Dabrigos+para+esquiar+hombre" "Mozilla/5.0 (Linux; Android 6.0.1; Nexus 5X Build/MMB29P) AppleWebKit/537.36 (KHTML, like Gecko) Chrome/137.0.7151.119 Mobile Safari/537.36 (compatible; Googlebot/2.1; +http://www.google.com/bot.html)"
66.249.79.33 - - [12/Jul/2025:17:11:04 +0000] "GET /?h=5949761061960&mod=9293eb98&uri=product.php%3Fid%3D198684-344%26name%3Dno+ride+up+running+shorts HTTP/1.1" 200 22025 "-" "Mozilla/5.0 (Linux; Android 6.0.1; Nexus 5X Build/MMB29P) AppleWebKit/537.36 (KHTML, like Gecko) Chrome/137.0.7151.103 Mobile Safari/537.36 (compatible; Googlebot/2.1; +http://www.google.com/bot.html)"
66.249.79.32 - - [12/Jul/2025:17:11:13 +0000] "GET /?h=5988089001960&mod=a788f0e7&uri=article.php%3Fid%3D199964-345%26name%3Dpantalon+vaquero+corto+ancho+mujer HTTP/1.1" 200 21925 "-" "Mozilla/5.0 (Linux; Android 6.0.1; Nexus 5X Build/MMB29P) AppleWebKit/537.36 (KHTML, like Gecko) Chrome/137.0.7151.103 Mobile Safari/537.36 (compatible; Googlebot/2.1; +http://www.google.com/bot.html)"
66.249.79.32 - - [12/Jul/2025:17:11:29 +0000] "GET /?h=5985228001960&mod=a788f0e7&uri=pin.php%3Fid%3D199868-345%26name%3Dventa+de+pacas+de+ropa+en+chiriqu%C3%83%C2%AD HTTP/1.1" 200 20690 "-" "Mozilla/5.0 (Linux; Android 6.0.1; Nexus 5X Build/MMB29P) AppleWebKit/537.36 (KHTML, like Gecko) Chrome/137.0.7151.103 Mobile Safari/537.36 (compatible; Googlebot/2.1; +http://www.google.com/bot.html)"
66.249.79.32 - - [12/Jul/2025:17:11:32 +0000] "GET /?h=5987489011960&mod=a788f0e7&uri=dp.php%3Fid%3D199944-345%26name%3Dropa+americana+xxl HTTP/1.1" 200 22033 "-" "Mozilla/5.0 (Linux; Android 6.0.1; Nexus 5X Build/MMB29P) AppleWebKit/537.36 (KHTML, like Gecko) Chrome/137.0.7151.103 Mobile Safari/537.36 (compatible; Googlebot/2.1; +http://www.google.com/bot.html)"
66.249.79.32 - - [12/Jul/2025:17:11:34 +0000] "POST /get-message-notify HTTP/1.1" 200 21711 "https://kelaby.company/?h=5985228001960&mod=a788f0e7&uri=pin.php%3Fid%3D199868-345%26name%3Dventa+de+pacas+de+ropa+en+chiriqu%C3%83%C2%AD" "Mozilla/5.0 (Linux; Android 6.0.1; Nexus 5X Build/MMB29P) AppleWebKit/537.36 (KHTML, like Gecko) Chrome/137.0.7151.119 Mobile Safari/537.36 (compatible; Googlebot/2.1; +http://www.google.com/bot.html)"
66.249.79.32 - - [12/Jul/2025:17:11:40 +0000] "GET /?h=5920211031960&mod=be8e1862&uri=itm.php%3Fid%3D197699-342%26name%3Dchadwick+smartbounce+automatic+bouncer+in+grey HTTP/1.1" 200 20988 "-" "Mozilla/5.0 (Linux; Android 6.0.1; Nexus 5X Build/MMB29P) AppleWebKit/537.36 (KHTML, like Gecko) Chrome/137.0.7151.103 Mobile Safari/537.36 (compatible; Googlebot/2.1; +http://www.google.com/bot.html)"
66.249.79.32 - - [12/Jul/2025:17:11:40 +0000] "GET /?h=6019175021960&mod=681e38a8&uri=goods.php%3Fid%3D201002-346%26name%3Djuventus+kits+512x512 HTTP/1.1" 200 22481 "-" "Mozilla/5.0 (Linux; Android 6.0.1; Nexus 5X Build/MMB29P) AppleWebKit/537.36 (KHTML, like Gecko) Chrome/137.0.7151.103 Mobile Safari/537.36 (compatible; Googlebot/2.1; +http://www.google.com/bot.html)"
66.249.79.32 - - [12/Jul/2025:17:11:43 +0000] "GET /?h=5978105041960&mod=a788f0e7&uri=news.php%3Fid%3D199630-345%26name%3Dequipo+de+nieve+mujer HTTP/1.1" 200 20904 "-" "Mozilla/5.0 (Linux; Android 6.0.1; Nexus 5X Build/MMB29P) AppleWebKit/537.36 (KHTML, like Gecko) Chrome/137.0.7151.103 Mobile Safari/537.36 (compatible; Googlebot/2.1; +http://www.google.com/bot.html)"
66.249.79.32 - - [12/Jul/2025:17:11:44 +0000] "POST /get-message-notify HTTP/1.1" 200 21713 "https://kelaby.company/?h=6019175021960&mod=681e38a8&uri=goods.php%3Fid%3D201002-346%26name%3Djuventus+kits+512x512" "Mozilla/5.0 (Linux; Android 6.0.1; Nexus 5X Build/MMB29P) AppleWebKit/537.36 (KHTML, like Gecko) Chrome/137.0.7151.119 Mobile Safari/537.36 (compatible; Googlebot/2.1; +http://www.google.com/bot.html)"
66.249.79.32 - - [12/Jul/2025:17:11:45 +0000] "POST /get-message-notify HTTP/1.1" 200 21699 "https://kelaby.company/?h=5978105041960&mod=a788f0e7&uri=news.php%3Fid%3D199630-345%26name%3Dequipo+de+nieve+mujer" "Mozilla/5.0 (Linux; Android 6.0.1; Nexus 5X Build/MMB29P) AppleWebKit/537.36 (KHTML, like Gecko) Chrome/137.0.7151.119 Mobile Safari/537.36 (compatible; Googlebot/2.1; +http://www.google.com/bot.html)"
66.249.79.32 - - [12/Jul/2025:17:11:51 +0000] "GET /?h=39722840001960&mod=be8e1862&uri=article.php%3Fid%3D1325738-342%26name%3Dsmyths+pony+cycle HTTP/1.1" 200 21711 "-" "Mozilla/5.0 (Linux; Android 6.0.1; Nexus 5X Build/MMB29P) AppleWebKit/537.36 (KHTML, like Gecko) Chrome/137.0.7151.103 Mobile Safari/537.36 (compatible; Googlebot/2.1; +http://www.google.com/bot.html)"
66.249.79.33 - - [12/Jul/2025:17:12:09 +0000] "GET /?h=39729558141960&mod=be8e1862&uri=article.php%3Fid%3D1325962-342%26name%3Dsafety+1st+baby+walker+replacement+parts HTTP/1.1" 200 21766 "-" "Mozilla/5.0 (Linux; Android 6.0.1; Nexus 5X Build/MMB29P) AppleWebKit/537.36 (KHTML, like Gecko) Chrome/137.0.7151.103 Mobile Safari/537.36 (compatible; Googlebot/2.1; +http://www.google.com/bot.html)"
66.249.79.32 - - [12/Jul/2025:17:12:13 +0000] "GET /?h=5983368001960&mod=a788f0e7&uri=brands.php%3Fid%3D199806-345%26name%3Dmejor+ropa+para+la+nieve HTTP/1.1" 200 21399 "-" "Mozilla/5.0 (Linux; Android 6.0.1; Nexus 5X Build/MMB29P) AppleWebKit/537.36 (KHTML, like Gecko) Chrome/137.0.7151.103 Mobile Safari/537.36 (compatible; Googlebot/2.1; +http://www.google.com/bot.html)"
66.249.79.33 - - [12/Jul/2025:17:12:15 +0000] "GET /?h=5983968001960&mod=a788f0e7&uri=dp.php%3Fid%3D199826-345%26name%3Dventa+de+ropa+americana+clasificada+en+guatemala HTTP/1.1" 200 20655 "-" "Mozilla/5.0 (Linux; Android 6.0.1; Nexus 5X Build/MMB29P) AppleWebKit/537.36 (KHTML, like Gecko) Chrome/137.0.7151.103 Mobile Safari/537.36 (compatible; Googlebot/2.1; +http://www.google.com/bot.html)"
66.249.79.231 - - [12/Jul/2025:17:12:14 +0000] "GET /?h=5805608011960&mod=9bbcf8c9&uri=blog.php%3Fid%3D193874-336%26name%3Dmichael+kors+quello+giusto HTTP/1.1" 200 20605 "-" "Mozilla/5.0 (Linux; Android 6.0.1; Nexus 5X Build/MMB29P) AppleWebKit/537.36 (KHTML, like Gecko) Chrome/137.0.7151.103 Mobile Safari/537.36 (compatible; Googlebot/2.1; +http://www.google.com/bot.html)"
66.249.79.32 - - [12/Jul/2025:17:12:23 +0000] "GET /?h=5980488041960&mod=a788f0e7&uri=shop.php%3Fid%3D199710-345%26name%3Dblusa+rayas+shein HTTP/1.1" 200 21022 "-" "Mozilla/5.0 (Linux; Android 6.0.1; Nexus 5X Build/MMB29P) AppleWebKit/537.36 (KHTML, like Gecko) Chrome/137.0.7151.103 Mobile Safari/537.36 (compatible; Googlebot/2.1; +http://www.google.com/bot.html)"
66.249.79.32 - - [12/Jul/2025:17:12:27 +0000] "POST /get-message-notify HTTP/1.1" 200 21703 "https://kelaby.company/?h=5980488041960&mod=a788f0e7&uri=shop.php%3Fid%3D199710-345%26name%3Dblusa+rayas+shein" "Mozilla/5.0 (Linux; Android 6.0.1; Nexus 5X Build/MMB29P) AppleWebKit/537.36 (KHTML, like Gecko) Chrome/137.0.7151.119 Mobile Safari/537.36 (compatible; Googlebot/2.1; +http://www.google.com/bot.html)"
66.249.79.32 - - [12/Jul/2025:17:12:28 +0000] "POST /get-message-notify HTTP/1.1" 200 21701 "https://kelaby.company/?h=39722840001960&mod=be8e1862&uri=article.php%3Fid%3D1325738-342%26name%3Dsmyths+pony+cycle" "Mozilla/5.0 (Linux; Android 6.0.1; Nexus 5X Build/MMB29P) AppleWebKit/537.36 (KHTML, like Gecko) Chrome/137.0.7151.119 Mobile Safari/537.36 (compatible; Googlebot/2.1; +http://www.google.com/bot.html)"
66.249.79.32 - - [12/Jul/2025:17:12:31 +0000] "GET /?h=5978705041960&mod=a788f0e7&uri=form.php%3Fid%3D199650-345%26name%3Dchamarra+cocodrilo HTTP/1.1" 200 20871 "-" "Mozilla/5.0 (Linux; Android 6.0.1; Nexus 5X Build/MMB29P) AppleWebKit/537.36 (KHTML, like Gecko) Chrome/137.0.7151.103 Mobile Safari/537.36 (compatible; Googlebot/2.1; +http://www.google.com/bot.html)"
66.249.79.32 - - [12/Jul/2025:17:12:34 +0000] "GET /?h=5933381041960&mod=be8e1862&uri=blog.php%3Fid%3D198138-342%26name%3Dfisher+price+space+saver+high+chair+canada HTTP/1.1" 200 21043 "-" "Mozilla/5.0 (Linux; Android 6.0.1; Nexus 5X Build/MMB29P) AppleWebKit/537.36 (KHTML, like Gecko) Chrome/137.0.7151.103 Mobile Safari/537.36 (compatible; Googlebot/2.1; +http://www.google.com/bot.html)"
66.249.79.32 - - [12/Jul/2025:17:12:35 +0000] "POST /get-message-notify HTTP/1.1" 200 21701 "https://kelaby.company/?h=5978705041960&mod=a788f0e7&uri=form.php%3Fid%3D199650-345%26name%3Dchamarra+cocodrilo" "Mozilla/5.0 (Linux; Android 6.0.1; Nexus 5X Build/MMB29P) AppleWebKit/537.36 (KHTML, like Gecko) Chrome/137.0.7151.119 Mobile Safari/537.36 (compatible; Googlebot/2.1; +http://www.google.com/bot.html)"
66.249.79.37 - - [12/Jul/2025:17:12:52 +0000] "GET /?h=115103747021960&mod=be8e1862&uri=products.php%3Fid%3D3841432-342%26name%3Dsteelcraft+beepa+in+walker HTTP/1.1" 200 21633 "-" "Mozilla/5.0 (Linux; Android 6.0.1; Nexus 5X Build/MMB29P) AppleWebKit/537.36 (KHTML, like Gecko) Chrome/137.0.7151.103 Mobile Safari/537.36 (compatible; Googlebot/2.1; +http://www.google.com/bot.html)"
66.249.79.37 - - [12/Jul/2025:17:12:58 +0000] "GET /?h=5983248061960&mod=a788f0e7&uri=blog.php%3Fid%3D199802-345%26name%3Dropa+de+paca+usada HTTP/1.1" 200 20708 "-" "Mozilla/5.0 (Linux; Android 6.0.1; Nexus 5X Build/MMB29P) AppleWebKit/537.36 (KHTML, like Gecko) Chrome/137.0.7151.103 Mobile Safari/537.36 (compatible; Googlebot/2.1; +http://www.google.com/bot.html)"
66.249.79.37 - - [12/Jul/2025:17:12:58 +0000] "GET /?h=6087049051960&mod=c7ced588&uri=brands.php%3Fid%3D203269-349%26name%3Dnettoyage+bijoux+en+or HTTP/1.1" 200 21596 "-" "Mozilla/5.0 (Linux; Android 6.0.1; Nexus 5X Build/MMB29P) AppleWebKit/537.36 (KHTML, like Gecko) Chrome/137.0.7151.103 Mobile Safari/537.36 (compatible; Googlebot/2.1; +http://www.google.com/bot.html)"
66.249.79.32 - - [12/Jul/2025:17:13:04 +0000] "GET /?h=5982288041960&mod=a788f0e7&uri=blog.php%3Fid%3D199770-345%26name%3Dtraje+de+la+nieve HTTP/1.1" 200 21877 "-" "Mozilla/5.0 (Linux; Android 6.0.1; Nexus 5X Build/MMB29P) AppleWebKit/537.36 (KHTML, like Gecko) Chrome/137.0.7151.103 Mobile Safari/537.36 (compatible; Googlebot/2.1; +http://www.google.com/bot.html)"
66.249.79.32 - - [12/Jul/2025:17:13:06 +0000] "GET /?h=6116795031960&mod=e1029434&uri=itm.php%3Fid%3D204261-208%26name%3Dinstax+mini+used HTTP/1.1" 200 21151 "-" "Mozilla/5.0 (Linux; Android 6.0.1; Nexus 5X Build/MMB29P) AppleWebKit/537.36 (KHTML, like Gecko) Chrome/137.0.7151.103 Mobile Safari/537.36 (compatible; Googlebot/2.1; +http://www.google.com/bot.html)"
66.249.79.37 - - [12/Jul/2025:17:13:07 +0000] "GET /?h=5989889061960&mod=a788f0e7&uri=dp.php%3Fid%3D200024-345%26name%3Dvestidos+de+madrina+para+bajitas HTTP/1.1" 200 21763 "-" "Mozilla/5.0 (Linux; Android 6.0.1; Nexus 5X Build/MMB29P) AppleWebKit/537.36 (KHTML, like Gecko) Chrome/137.0.7151.103 Mobile Safari/537.36 (compatible; Googlebot/2.1; +http://www.google.com/bot.html)"
66.249.79.32 - - [12/Jul/2025:17:13:11 +0000] "POST /get-message-notify HTTP/1.1" 200 21699 "https://kelaby.company/?h=5982288041960&mod=a788f0e7&uri=blog.php%3Fid%3D199770-345%26name%3Dtraje+de+la+nieve" "Mozilla/5.0 (Linux; Android 6.0.1; Nexus 5X Build/MMB29P) AppleWebKit/537.36 (KHTML, like Gecko) Chrome/137.0.7151.119 Mobile Safari/537.36 (compatible; Googlebot/2.1; +http://www.google.com/bot.html)"
66.249.79.37 - - [12/Jul/2025:17:13:16 +0000] "GET /?h=115105517071960&mod=be8e1862&uri=dp.php%3Fid%3D3841491-342%26name%3Dbabylo+walker+car HTTP/1.1" 200 21251 "-" "Mozilla/5.0 (Linux; Android 6.0.1; Nexus 5X Build/MMB29P) AppleWebKit/537.36 (KHTML, like Gecko) Chrome/137.0.7151.103 Mobile Safari/537.36 (compatible; Googlebot/2.1; +http://www.google.com/bot.html)"
66.249.79.37 - - [12/Jul/2025:17:13:21 +0000] "GET /?h=5986769041960&mod=a788f0e7&uri=category-info.php%3Fid%3D199920-345%26name%3Dventa+ropa+embarazada HTTP/1.1" 200 21169 "-" "Mozilla/5.0 (Linux; Android 6.0.1; Nexus 5X Build/MMB29P) AppleWebKit/537.36 (KHTML, like Gecko) Chrome/137.0.7151.103 Mobile Safari/537.36 (compatible; Googlebot/2.1; +http://www.google.com/bot.html)"
66.249.79.37 - - [12/Jul/2025:17:13:25 +0000] "GET /?h=5979905041960&mod=a788f0e7&uri=products.php%3Fid%3D199690-345%26name%3Dshein+hombre+ba%C3%83%C2%B1adores HTTP/1.1" 200 20945 "-" "Mozilla/5.0 (Linux; Android 6.0.1; Nexus 5X Build/MMB29P) AppleWebKit/537.36 (KHTML, like Gecko) Chrome/137.0.7151.103 Mobile Safari/537.36 (compatible; Googlebot/2.1; +http://www.google.com/bot.html)"
66.249.79.37 - - [12/Jul/2025:17:13:19 +0000] "GET /?h=39736823041960&mod=be8e1862&uri=brands.php%3Fid%3D1326205-342%26name%3Damazon+bouncy+horse HTTP/1.1" 200 22132 "-" "Mozilla/5.0 (Linux; Android 6.0.1; Nexus 5X Build/MMB29P) AppleWebKit/537.36 (KHTML, like Gecko) Chrome/137.0.7151.103 Mobile Safari/537.36 (compatible; Googlebot/2.1; +http://www.google.com/bot.html)"
66.249.79.37 - - [12/Jul/2025:17:13:26 +0000] "POST /get-message-notify HTTP/1.1" 200 21693 "https://kelaby.company/?h=5989889061960&mod=a788f0e7&uri=dp.php%3Fid%3D200024-345%26name%3Dvestidos+de+madrina+para+bajitas" "Mozilla/5.0 (Linux; Android 6.0.1; Nexus 5X Build/MMB29P) AppleWebKit/537.36 (KHTML, like Gecko) Chrome/137.0.7151.119 Mobile Safari/537.36 (compatible; Googlebot/2.1; +http://www.google.com/bot.html)"
66.249.79.37 - - [12/Jul/2025:17:13:27 +0000] "POST /get-message-notify HTTP/1.1" 200 21695 "https://kelaby.company/?h=5983248061960&mod=a788f0e7&uri=blog.php%3Fid%3D199802-345%26name%3Dropa+de+paca+usada" "Mozilla/5.0 (Linux; Android 6.0.1; Nexus 5X Build/MMB29P) AppleWebKit/537.36 (KHTML, like Gecko) Chrome/137.0.7151.119 Mobile Safari/537.36 (compatible; Googlebot/2.1; +http://www.google.com/bot.html)"
66.249.79.37 - - [12/Jul/2025:17:13:27 +0000] "GET /?h=5984748041960&mod=a788f0e7&uri=category-info.php%3Fid%3D199852-345%26name%3Dpantalon+dc+nieve HTTP/1.1" 200 21056 "-" "Mozilla/5.0 (Linux; Android 6.0.1; Nexus 5X Build/MMB29P) AppleWebKit/537.36 (KHTML, like Gecko) Chrome/137.0.7151.103 Mobile Safari/537.36 (compatible; Googlebot/2.1; +http://www.google.com/bot.html)"
66.249.79.37 - - [12/Jul/2025:17:13:29 +0000] "POST /get-message-notify HTTP/1.1" 200 21709 "https://kelaby.company/?h=5979905041960&mod=a788f0e7&uri=products.php%3Fid%3D199690-345%26name%3Dshein+hombre+ba%C3%83%C2%B1adores" "Mozilla/5.0 (Linux; Android 6.0.1; Nexus 5X Build/MMB29P) AppleWebKit/537.36 (KHTML, like Gecko) Chrome/137.0.7151.119 Mobile Safari/537.36 (compatible; Googlebot/2.1; +http://www.google.com/bot.html)"
66.249.79.37 - - [12/Jul/2025:17:13:31 +0000] "GET /?h=5924831071960&mod=be8e1862&uri=info.php%3Fid%3D197853-342%26name%3Dbaby+will+only+sleep+in+bouncer HTTP/1.1" 200 20741 "-" "Mozilla/5.0 (Linux; Android 6.0.1; Nexus 5X Build/MMB29P) AppleWebKit/537.36 (KHTML, like Gecko) Chrome/137.0.7151.103 Mobile Safari/537.36 (compatible; Googlebot/2.1; +http://www.google.com/bot.html)"
66.249.79.37 - - [12/Jul/2025:17:13:34 +0000] "POST /get-message-notify HTTP/1.1" 200 21711 "https://kelaby.company/?h=5924831071960&mod=be8e1862&uri=info.php%3Fid%3D197853-342%26name%3Dbaby+will+only+sleep+in+bouncer" "Mozilla/5.0 (Linux; Android 6.0.1; Nexus 5X Build/MMB29P) AppleWebKit/537.36 (KHTML, like Gecko) Chrome/137.0.7151.119 Mobile Safari/537.36 (compatible; Googlebot/2.1; +http://www.google.com/bot.html)"
66.249.79.37 - - [12/Jul/2025:17:13:34 +0000] "GET /?h=5984868031960&mod=a788f0e7&uri=blog.php%3Fid%3D199856-345%26name%3Dropa+americana+en+san+luis+potosi HTTP/1.1" 200 20413 "-" "Mozilla/5.0 (Linux; Android 6.0.1; Nexus 5X Build/MMB29P) AppleWebKit/537.36 (KHTML, like Gecko) Chrome/137.0.7151.103 Mobile Safari/537.36 (compatible; Googlebot/2.1; +http://www.google.com/bot.html)"
66.249.79.37 - - [12/Jul/2025:17:13:50 +0000] "GET /?h=5988809001960&mod=a788f0e7&uri=us.php%3Fid%3D199988-345%26name%3Dvestidos+elegantes+americanos HTTP/1.1" 200 22016 "-" "Mozilla/5.0 (Linux; Android 6.0.1; Nexus 5X Build/MMB29P) AppleWebKit/537.36 (KHTML, like Gecko) Chrome/137.0.7151.103 Mobile Safari/537.36 (compatible; Googlebot/2.1; +http://www.google.com/bot.html)"
66.249.79.37 - - [12/Jul/2025:17:13:52 +0000] "POST /get-message-notify HTTP/1.1" 200 21693 "https://kelaby.company/?h=6116795031960&mod=e1029434&uri=itm.php%3Fid%3D204261-208%26name%3Dinstax+mini+used" "Mozilla/5.0 (Linux; Android 6.0.1; Nexus 5X Build/MMB29P) AppleWebKit/537.36 (KHTML, like Gecko) Chrome/137.0.7151.119 Mobile Safari/537.36 (compatible; Googlebot/2.1; +http://www.google.com/bot.html)"
66.249.79.32 - - [12/Jul/2025:17:13:53 +0000] "POST /get-message-notify HTTP/1.1" 200 21723 "https://kelaby.company/?h=5988809001960&mod=a788f0e7&uri=us.php%3Fid%3D199988-345%26name%3Dvestidos+elegantes+americanos" "Mozilla/5.0 (Linux; Android 6.0.1; Nexus 5X Build/MMB29P) AppleWebKit/537.36 (KHTML, like Gecko) Chrome/137.0.7151.119 Mobile Safari/537.36 (compatible; Googlebot/2.1; +http://www.google.com/bot.html)"
66.249.79.32 - - [12/Jul/2025:17:13:53 +0000] "GET /?h=5988329141960&mod=a788f0e7&uri=shop.php%3Fid%3D199972-345%26name%3Dropa+nieve+hombre+lidl HTTP/1.1" 200 21143 "-" "Mozilla/5.0 (Linux; Android 6.0.1; Nexus 5X Build/MMB29P) AppleWebKit/537.36 (KHTML, like Gecko) Chrome/137.0.7151.103 Mobile Safari/537.36 (compatible; Googlebot/2.1; +http://www.google.com/bot.html)"
66.249.79.37 - - [12/Jul/2025:17:14:02 +0000] "GET /?h=5982168001960&mod=a788f0e7&uri=pin.php%3Fid%3D199766-345%26name%3Dchaqueta+esqui+azul HTTP/1.1" 200 20652 "-" "Mozilla/5.0 (Linux; Android 6.0.1; Nexus 5X Build/MMB29P) AppleWebKit/537.36 (KHTML, like Gecko) Chrome/137.0.7151.103 Mobile Safari/537.36 (compatible; Googlebot/2.1; +http://www.google.com/bot.html)"
209.74.77.214 - - [12/Jul/2025:17:14:05 +0000] "POST /wp-cron.php?doing_wp_cron=1752340445.2617809772491455078125 HTTP/1.1" 200 - "-" "WordPress/6.8.1; https://kelaby.company"
51.222.253.9 - - [12/Jul/2025:17:14:05 +0000] "GET /?h=113316062001960&mod=9386d1ad&uri=pin.php%3Fid%3D3781768-413%26name%3Dthrifty+van+hire+discount+code HTTP/1.1" 301 - "-" "Mozilla/5.0 (compatible; AhrefsBot/7.0; +http://ahrefs.com/robot/)"
66.249.79.37 - - [12/Jul/2025:17:14:04 +0000] "GET /?h=5986469041960&mod=a788f0e7&uri=product.php%3Fid%3D199910-345%26name%3Dropa+americana+en+santo+domingo HTTP/1.1" 200 20804 "-" "Mozilla/5.0 (Linux; Android 6.0.1; Nexus 5X Build/MMB29P) AppleWebKit/537.36 (KHTML, like Gecko) Chrome/137.0.7151.103 Mobile Safari/537.36 (compatible; Googlebot/2.1; +http://www.google.com/bot.html)"
66.249.79.33 - - [12/Jul/2025:17:14:05 +0000] "POST /get-message-notify HTTP/1.1" 200 21712 "https://kelaby.company/?h=5982168001960&mod=a788f0e7&uri=pin.php%3Fid%3D199766-345%26name%3Dchaqueta+esqui+azul" "Mozilla/5.0 (Linux; Android 6.0.1; Nexus 5X Build/MMB29P) AppleWebKit/537.36 (KHTML, like Gecko) Chrome/137.0.7151.119 Mobile Safari/537.36 (compatible; Googlebot/2.1; +http://www.google.com/bot.html)"
