66.249.79.33 - - [12/Jul/2025:14:50:07 +0000] "GET /?h=6402086021960&mod=3820fccb&uri=dp.php%3Fid%3D213832-183%26name%3Dkarizma+zmr+223cc+bike+price HTTP/1.1" 200 20663 "-" "Mozilla/5.0 (Linux; Android 6.0.1; Nexus 5X Build/MMB29P) AppleWebKit/537.36 (KHTML, like Gecko) Chrome/137.0.7151.103 Mobile Safari/537.36 (compatible; Googlebot/2.1; +http://www.google.com/bot.html)"
66.249.79.32 - - [12/Jul/2025:14:50:08 +0000] "GET /?h=6127835041960&mod=e1029434&uri=category-info.php%3Fid%3D204629-208%26name%3Dmeike+macro+extension+tube+sony HTTP/1.1" 200 21759 "-" "Mozilla/5.0 (Linux; Android 6.0.1; Nexus 5X Build/MMB29P) AppleWebKit/537.36 (KHTML, like Gecko) Chrome/137.0.7151.103 Mobile Safari/537.36 (compatible; Googlebot/2.1; +http://www.google.com/bot.html)"
66.249.79.32 - - [12/Jul/2025:14:50:08 +0000] "GET /?h=6199440041960&mod=acac6e55&uri=itm.php%3Fid%3D207048-219%26name%3Dyankum+tackle HTTP/1.1" 200 22377 "-" "Mozilla/5.0 (Linux; Android 6.0.1; Nexus 5X Build/MMB29P) AppleWebKit/537.36 (KHTML, like Gecko) Chrome/137.0.7151.103 Mobile Safari/537.36 (compatible; Googlebot/2.1; +http://www.google.com/bot.html)"
66.249.79.33 - - [12/Jul/2025:14:50:10 +0000] "POST /get-message-notify HTTP/1.1" 200 21699 "https://kelaby.company/?h=6127835041960&mod=e1029434&uri=category-info.php%3Fid%3D204629-208%26name%3Dmeike+macro+extension+tube+sony" "Mozilla/5.0 (Linux; Android 6.0.1; Nexus 5X Build/MMB29P) AppleWebKit/537.36 (KHTML, like Gecko) Chrome/137.0.7151.119 Mobile Safari/537.36 (compatible; Googlebot/2.1; +http://www.google.com/bot.html)"
66.249.79.32 - - [12/Jul/2025:14:50:11 +0000] "POST /get-message-notify HTTP/1.1" 200 21706 "https://kelaby.company/?h=6199440041960&mod=acac6e55&uri=itm.php%3Fid%3D207048-219%26name%3Dyankum+tackle" "Mozilla/5.0 (Linux; Android 6.0.1; Nexus 5X Build/MMB29P) AppleWebKit/537.36 (KHTML, like Gecko) Chrome/137.0.7151.119 Mobile Safari/537.36 (compatible; Googlebot/2.1; +http://www.google.com/bot.html)"
66.249.79.33 - - [12/Jul/2025:14:50:12 +0000] "POST /get-message-notify HTTP/1.1" 200 21703 "https://kelaby.company/?h=6251684001960&mod=2076b5ab&uri=pin.php%3Fid%3D208810-333%26name%3Dkay+jewelers+herringbone+chain" "Mozilla/5.0 (Linux; Android 6.0.1; Nexus 5X Build/MMB29P) AppleWebKit/537.36 (KHTML, like Gecko) Chrome/137.0.7151.119 Mobile Safari/537.36 (compatible; Googlebot/2.1; +http://www.google.com/bot.html)"
66.249.79.32 - - [12/Jul/2025:14:50:19 +0000] "GET /?h=6134645081960&mod=e1029434&uri=info.php%3Fid%3D204856-208%26name%3Dinstax+film+for+mini HTTP/1.1" 200 20693 "-" "Mozilla/5.0 (Linux; Android 6.0.1; Nexus 5X Build/MMB29P) AppleWebKit/537.36 (KHTML, like Gecko) Chrome/137.0.7151.103 Mobile Safari/537.36 (compatible; Googlebot/2.1; +http://www.google.com/bot.html)"
66.249.79.32 - - [12/Jul/2025:14:50:19 +0000] "GET /?h=5973035021960&mod=a788f0e7&uri=search.php%3Fid%3D199460-345%26name%3Dkiabi+tejanos+mujer HTTP/1.1" 200 21801 "-" "Mozilla/5.0 (Linux; Android 6.0.1; Nexus 5X Build/MMB29P) AppleWebKit/537.36 (KHTML, like Gecko) Chrome/137.0.7151.103 Mobile Safari/537.36 (compatible; Googlebot/2.1; +http://www.google.com/bot.html)"
66.249.79.32 - - [12/Jul/2025:14:50:22 +0000] "POST /get-message-notify HTTP/1.1" 200 21699 "https://kelaby.company/?h=6134645081960&mod=e1029434&uri=info.php%3Fid%3D204856-208%26name%3Dinstax+film+for+mini" "Mozilla/5.0 (Linux; Android 6.0.1; Nexus 5X Build/MMB29P) AppleWebKit/537.36 (KHTML, like Gecko) Chrome/137.0.7151.119 Mobile Safari/537.36 (compatible; Googlebot/2.1; +http://www.google.com/bot.html)"
66.249.79.32 - - [12/Jul/2025:14:50:30 +0000] "GET /?h=6197400021960&mod=acac6e55&uri=blog.php%3Fid%3D206980-219%26name%3Dpellet+stove+storage HTTP/1.1" 200 21349 "-" "Mozilla/5.0 (Linux; Android 6.0.1; Nexus 5X Build/MMB29P) AppleWebKit/537.36 (KHTML, like Gecko) Chrome/137.0.7151.103 Mobile Safari/537.36 (compatible; Googlebot/2.1; +http://www.google.com/bot.html)"
66.249.79.32 - - [12/Jul/2025:14:50:30 +0000] "GET /?h=6231562011960&mod=9b425b22&uri=pin.php%3Fid%3D208129-359%26name%3D680+lifestyle HTTP/1.1" 200 21427 "-" "Mozilla/5.0 (Linux; Android 6.0.1; Nexus 5X Build/MMB29P) AppleWebKit/537.36 (KHTML, like Gecko) Chrome/137.0.7151.103 Mobile Safari/537.36 (compatible; Googlebot/2.1; +http://www.google.com/bot.html)"
66.249.79.32 - - [12/Jul/2025:14:50:36 +0000] "GET /?h=6380797011960&mod=c2f91461&uri=product.php%3Fid%3D213122-363%26name%3Dopps+glow+stones HTTP/1.1" 200 20988 "-" "Mozilla/5.0 (Linux; Android 6.0.1; Nexus 5X Build/MMB29P) AppleWebKit/537.36 (KHTML, like Gecko) Chrome/137.0.7151.103 Mobile Safari/537.36 (compatible; Googlebot/2.1; +http://www.google.com/bot.html)"
66.249.79.32 - - [12/Jul/2025:14:50:37 +0000] "POST /get-message-notify HTTP/1.1" 200 21701 "https://kelaby.company/?h=6130775001960&mod=e1029434&uri=goods.php%3Fid%3D204727-208%26name%3Dsony+hdr+pj710" "Mozilla/5.0 (Linux; Android 6.0.1; Nexus 5X Build/MMB29P) AppleWebKit/537.36 (KHTML, like Gecko) Chrome/137.0.7151.119 Mobile Safari/537.36 (compatible; Googlebot/2.1; +http://www.google.com/bot.html)"
66.249.79.32 - - [12/Jul/2025:14:50:45 +0000] "GET /?h=6197160001960&mod=acac6e55&uri=info.php%3Fid%3D206972-219%26name%3Dplastic+curtain+rod+holders HTTP/1.1" 200 22453 "-" "Mozilla/5.0 (Linux; Android 6.0.1; Nexus 5X Build/MMB29P) AppleWebKit/537.36 (KHTML, like Gecko) Chrome/137.0.7151.103 Mobile Safari/537.36 (compatible; Googlebot/2.1; +http://www.google.com/bot.html)"
66.249.79.32 - - [12/Jul/2025:14:50:52 +0000] "POST /get-message-notify HTTP/1.1" 200 21710 "https://kelaby.company/?h=6168077071960&mod=62c1507b&uri=dp.php%3Fid%3D205973-330%26name%3Dprostat+non+programmable+thermostat" "Mozilla/5.0 (Linux; Android 6.0.1; Nexus 5X Build/MMB29P) AppleWebKit/537.36 (KHTML, like Gecko) Chrome/137.0.7151.119 Mobile Safari/537.36 (compatible; Googlebot/2.1; +http://www.google.com/bot.html)"
66.249.79.34 - - [12/Jul/2025:14:51:07 +0000] "GET /?h=6394556001960&mod=c2f91461&uri=article.php%3Fid%3D213581-363%26name%3Dhelzberg+anklets HTTP/1.1" 200 21540 "-" "Mozilla/5.0 (Linux; Android 6.0.1; Nexus 5X Build/MMB29P) AppleWebKit/537.36 (KHTML, like Gecko) Chrome/137.0.7151.103 Mobile Safari/537.36 (compatible; Googlebot/2.1; +http://www.google.com/bot.html)"
66.249.79.32 - - [12/Jul/2025:14:51:34 +0000] "GET /?h=6201360021960&mod=acac6e55&uri=news.php%3Fid%3D207112-219%26name%3Dpellet+stove+whitfield HTTP/1.1" 200 22247 "-" "Mozilla/5.0 (Linux; Android 6.0.1; Nexus 5X Build/MMB29P) AppleWebKit/537.36 (KHTML, like Gecko) Chrome/137.0.7151.103 Mobile Safari/537.36 (compatible; Googlebot/2.1; +http://www.google.com/bot.html)"
66.249.79.32 - - [12/Jul/2025:14:51:37 +0000] "POST /get-message-notify HTTP/1.1" 200 21706 "https://kelaby.company/?h=6201360021960&mod=acac6e55&uri=news.php%3Fid%3D207112-219%26name%3Dpellet+stove+whitfield" "Mozilla/5.0 (Linux; Android 6.0.1; Nexus 5X Build/MMB29P) AppleWebKit/537.36 (KHTML, like Gecko) Chrome/137.0.7151.119 Mobile Safari/537.36 (compatible; Googlebot/2.1; +http://www.google.com/bot.html)"
66.249.79.32 - - [12/Jul/2025:14:51:50 +0000] "GET /?h=6193097081960&mod=acac6e55&uri=brands.php%3Fid%3D206836-219%26name%3D25mm+curtain+rod+brackets HTTP/1.1" 200 21861 "-" "Mozilla/5.0 (Linux; Android 6.0.1; Nexus 5X Build/MMB29P) AppleWebKit/537.36 (KHTML, like Gecko) Chrome/137.0.7151.103 Mobile Safari/537.36 (compatible; Googlebot/2.1; +http://www.google.com/bot.html)"
66.249.79.34 - - [12/Jul/2025:14:52:07 +0000] "GET /?h=118748589031960&mod=fe8d19e8&uri=pin.php%3Fid%3D3963019-679%26name%3Dusb+camera+adapter+with+charging+port HTTP/1.1" 200 21767 "-" "Mozilla/5.0 (Linux; Android 6.0.1; Nexus 5X Build/MMB29P) AppleWebKit/537.36 (KHTML, like Gecko) Chrome/137.0.7151.103 Mobile Safari/537.36 (compatible; Googlebot/2.1; +http://www.google.com/bot.html)"
66.249.79.33 - - [12/Jul/2025:14:52:13 +0000] "GET /?h=6196800121960&mod=acac6e55&uri=info.php%3Fid%3D206960-219%26name%3Dmost+realistic+modern+electric+fireplace HTTP/1.1" 200 21958 "-" "Mozilla/5.0 (Linux; Android 6.0.1; Nexus 5X Build/MMB29P) AppleWebKit/537.36 (KHTML, like Gecko) Chrome/137.0.7151.103 Mobile Safari/537.36 (compatible; Googlebot/2.1; +http://www.google.com/bot.html)"
66.249.79.32 - - [12/Jul/2025:14:52:19 +0000] "GET /?h=6387277071960&mod=c2f91461&uri=products.php%3Fid%3D213338-363%26name%3D84+carat+diamond+necklace HTTP/1.1" 200 21579 "-" "Mozilla/5.0 (Linux; Android 6.0.1; Nexus 5X Build/MMB29P) AppleWebKit/537.36 (KHTML, like Gecko) Chrome/137.0.7151.103 Mobile Safari/537.36 (compatible; Googlebot/2.1; +http://www.google.com/bot.html)"
66.249.79.32 - - [12/Jul/2025:14:52:20 +0000] "POST /get-message-notify HTTP/1.1" 200 21687 "https://kelaby.company/?h=118748589031960&mod=fe8d19e8&uri=pin.php%3Fid%3D3963019-679%26name%3Dusb+camera+adapter+with+charging+port" "Mozilla/5.0 (Linux; Android 6.0.1; Nexus 5X Build/MMB29P) AppleWebKit/537.36 (KHTML, like Gecko) Chrome/137.0.7151.119 Mobile Safari/537.36 (compatible; Googlebot/2.1; +http://www.google.com/bot.html)"
66.249.79.32 - - [12/Jul/2025:14:52:21 +0000] "POST /get-message-notify HTTP/1.1" 200 21703 "https://kelaby.company/?h=6197400021960&mod=acac6e55&uri=blog.php%3Fid%3D206980-219%26name%3Dpellet+stove+storage" "Mozilla/5.0 (Linux; Android 6.0.1; Nexus 5X Build/MMB29P) AppleWebKit/537.36 (KHTML, like Gecko) Chrome/137.0.7151.119 Mobile Safari/537.36 (compatible; Googlebot/2.1; +http://www.google.com/bot.html)"
66.249.79.32 - - [12/Jul/2025:14:52:35 +0000] "GET /?h=6389156051960&mod=c2f91461&uri=brands.php%3Fid%3D213401-363%26name%3Dkanishka+new+york+jewelry HTTP/1.1" 200 21428 "-" "Mozilla/5.0 (Linux; Android 6.0.1; Nexus 5X Build/MMB29P) AppleWebKit/537.36 (KHTML, like Gecko) Chrome/137.0.7151.103 Mobile Safari/537.36 (compatible; Googlebot/2.1; +http://www.google.com/bot.html)"
66.249.79.32 - - [12/Jul/2025:14:52:47 +0000] "GET /?h=6073391101960&mod=c7ced588&uri=goods.php%3Fid%3D202813-349%26name%3Dcollier+obsidienne+noire HTTP/1.1" 200 20846 "-" "Mozilla/5.0 (Linux; Android 6.0.1; Nexus 5X Build/MMB29P) AppleWebKit/537.36 (KHTML, like Gecko) Chrome/137.0.7151.103 Mobile Safari/537.36 (compatible; Googlebot/2.1; +http://www.google.com/bot.html)"
66.249.79.32 - - [12/Jul/2025:14:52:48 +0000] "GET /?h=6398876091960&mod=3820fccb&uri=article.php%3Fid%3D213725-183%26name%3Dhero+glamour+chain+price HTTP/1.1" 200 20836 "-" "Mozilla/5.0 (Linux; Android 6.0.1; Nexus 5X Build/MMB29P) AppleWebKit/537.36 (KHTML, like Gecko) Chrome/137.0.7151.103 Mobile Safari/537.36 (compatible; Googlebot/2.1; +http://www.google.com/bot.html)"
66.249.79.32 - - [12/Jul/2025:14:52:49 +0000] "POST /get-message-notify HTTP/1.1" 200 21709 "https://kelaby.company/?h=6389156051960&mod=c2f91461&uri=brands.php%3Fid%3D213401-363%26name%3Dkanishka+new+york+jewelry" "Mozilla/5.0 (Linux; Android 6.0.1; Nexus 5X Build/MMB29P) AppleWebKit/537.36 (KHTML, like Gecko) Chrome/137.0.7151.119 Mobile Safari/537.36 (compatible; Googlebot/2.1; +http://www.google.com/bot.html)"
66.249.79.32 - - [12/Jul/2025:14:52:51 +0000] "POST /get-message-notify HTTP/1.1" 200 21703 "https://kelaby.company/?h=6398876091960&mod=3820fccb&uri=article.php%3Fid%3D213725-183%26name%3Dhero+glamour+chain+price" "Mozilla/5.0 (Linux; Android 6.0.1; Nexus 5X Build/MMB29P) AppleWebKit/537.36 (KHTML, like Gecko) Chrome/137.0.7151.119 Mobile Safari/537.36 (compatible; Googlebot/2.1; +http://www.google.com/bot.html)"
66.249.79.34 - - [12/Jul/2025:14:53:05 +0000] "GET /?h=6400496011960&mod=3820fccb&uri=brands.php%3Fid%3D213779-183%26name%3Dduet+two+wheeler+price HTTP/1.1" 200 20638 "-" "Mozilla/5.0 (Linux; Android 6.0.1; Nexus 5X Build/MMB29P) AppleWebKit/537.36 (KHTML, like Gecko) Chrome/137.0.7151.103 Mobile Safari/537.36 (compatible; Googlebot/2.1; +http://www.google.com/bot.html)"
66.249.79.33 - - [12/Jul/2025:14:53:11 +0000] "GET /?h=6397796011960&mod=3820fccb&uri=us.php%3Fid%3D213689-183%26name%3Dr15+model+list HTTP/1.1" 200 21530 "-" "Mozilla/5.0 (Linux; Android 6.0.1; Nexus 5X Build/MMB29P) AppleWebKit/537.36 (KHTML, like Gecko) Chrome/137.0.7151.103 Mobile Safari/537.36 (compatible; Googlebot/2.1; +http://www.google.com/bot.html)"
66.249.79.32 - - [12/Jul/2025:14:53:17 +0000] "GET /?h=6390506101960&mod=c2f91461&uri=category-info.php%3Fid%3D213446-363%26name%3Dsafed+moti+ki+anguthi HTTP/1.1" 200 20857 "-" "Mozilla/5.0 (Linux; Android 6.0.1; Nexus 5X Build/MMB29P) AppleWebKit/537.36 (KHTML, like Gecko) Chrome/137.0.7151.103 Mobile Safari/537.36 (compatible; Googlebot/2.1; +http://www.google.com/bot.html)"
66.249.79.32 - - [12/Jul/2025:14:53:24 +0000] "GET /?h=6386737061960&mod=c2f91461&uri=article.php%3Fid%3D213320-363%26name%3Dwhat+is+the+best+diamond+ring+cleaner HTTP/1.1" 200 21647 "-" "Mozilla/5.0 (Linux; Android 6.0.1; Nexus 5X Build/MMB29P) AppleWebKit/537.36 (KHTML, like Gecko) Chrome/137.0.7151.103 Mobile Safari/537.36 (compatible; Googlebot/2.1; +http://www.google.com/bot.html)"
66.249.79.32 - - [12/Jul/2025:14:53:33 +0000] "POST /get-message-notify HTTP/1.1" 200 21709 "https://kelaby.company/?h=6400496011960&mod=3820fccb&uri=brands.php%3Fid%3D213779-183%26name%3Dduet+two+wheeler+price" "Mozilla/5.0 (Linux; Android 6.0.1; Nexus 5X Build/MMB29P) AppleWebKit/537.36 (KHTML, like Gecko) Chrome/137.0.7151.119 Mobile Safari/537.36 (compatible; Googlebot/2.1; +http://www.google.com/bot.html)"
66.249.79.32 - - [12/Jul/2025:14:53:41 +0000] "GET /?h=6194402021960&mod=acac6e55&uri=itm.php%3Fid%3D206880-219%26name%3Dblack+curtain+rod+brackets HTTP/1.1" 200 21846 "-" "Mozilla/5.0 (Linux; Android 6.0.1; Nexus 5X Build/MMB29P) AppleWebKit/537.36 (KHTML, like Gecko) Chrome/137.0.7151.103 Mobile Safari/537.36 (compatible; Googlebot/2.1; +http://www.google.com/bot.html)"
66.249.79.32 - - [12/Jul/2025:14:53:47 +0000] "GET /?h=6824851031960&mod=9b425b22&uri=us.php%3Fid%3D227933-359%26name%3Dsapatilhas+new+balance+680+homem HTTP/1.1" 200 22078 "-" "Mozilla/5.0 (Linux; Android 6.0.1; Nexus 5X Build/MMB29P) AppleWebKit/537.36 (KHTML, like Gecko) Chrome/137.0.7151.103 Mobile Safari/537.36 (compatible; Googlebot/2.1; +http://www.google.com/bot.html)"
66.249.79.32 - - [12/Jul/2025:14:53:56 +0000] "GET /?h=6193457001960&mod=acac6e55&uri=itm.php%3Fid%3D206848-219%26name%3Dhidden+curtain+rod+brackets HTTP/1.1" 200 22652 "-" "Mozilla/5.0 (Linux; Android 6.0.1; Nexus 5X Build/MMB29P) AppleWebKit/537.36 (KHTML, like Gecko) Chrome/137.0.7151.103 Mobile Safari/537.36 (compatible; Googlebot/2.1; +http://www.google.com/bot.html)"
66.249.79.32 - - [12/Jul/2025:14:54:09 +0000] "GET /?h=6192745021960&mod=e50bea89&uri=category-info.php%3Fid%3D206824-296%26name%3Dcg+sonu+nigam HTTP/1.1" 200 22232 "-" "Mozilla/5.0 (Linux; Android 6.0.1; Nexus 5X Build/MMB29P) AppleWebKit/537.36 (KHTML, like Gecko) Chrome/137.0.7151.103 Mobile Safari/537.36 (compatible; Googlebot/2.1; +http://www.google.com/bot.html)"
66.249.79.32 - - [12/Jul/2025:14:54:33 +0000] "GET /?h=6192625021960&mod=e50bea89&uri=us.php%3Fid%3D206820-296%26name%3Ddj+songs+2019+telugu+remix HTTP/1.1" 200 22092 "-" "Mozilla/5.0 (Linux; Android 6.0.1; Nexus 5X Build/MMB29P) AppleWebKit/537.36 (KHTML, like Gecko) Chrome/137.0.7151.103 Mobile Safari/537.36 (compatible; Googlebot/2.1; +http://www.google.com/bot.html)"
66.249.79.32 - - [12/Jul/2025:14:54:39 +0000] "GET /?h=6195721021960&mod=e50bea89&uri=shared.php%3Fid%3D206924-296%26name%3Dundone+terra+review HTTP/1.1" 200 22132 "-" "Mozilla/5.0 (Linux; Android 6.0.1; Nexus 5X Build/MMB29P) AppleWebKit/537.36 (KHTML, like Gecko) Chrome/137.0.7151.103 Mobile Safari/537.36 (compatible; Googlebot/2.1; +http://www.google.com/bot.html)"
66.249.79.32 - - [12/Jul/2025:14:54:51 +0000] "POST /get-message-notify HTTP/1.1" 200 21704 "https://kelaby.company/?h=6195721021960&mod=e50bea89&uri=shared.php%3Fid%3D206924-296%26name%3Dundone+terra+review" "Mozilla/5.0 (Linux; Android 6.0.1; Nexus 5X Build/MMB29P) AppleWebKit/537.36 (KHTML, like Gecko) Chrome/137.0.7151.119 Mobile Safari/537.36 (compatible; Googlebot/2.1; +http://www.google.com/bot.html)"
66.249.79.32 - - [12/Jul/2025:14:54:58 +0000] "GET /?h=6397526061960&mod=3820fccb&uri=goods.php%3Fid%3D213680-183%26name%3Dktm+latest+version HTTP/1.1" 200 20957 "-" "Mozilla/5.0 (Linux; Android 6.0.1; Nexus 5X Build/MMB29P) AppleWebKit/537.36 (KHTML, like Gecko) Chrome/137.0.7151.103 Mobile Safari/537.36 (compatible; Googlebot/2.1; +http://www.google.com/bot.html)"
66.249.79.32 - - [12/Jul/2025:14:54:59 +0000] "POST /get-message-notify HTTP/1.1" 200 21703 "https://kelaby.company/?h=6192625021960&mod=e50bea89&uri=us.php%3Fid%3D206820-296%26name%3Ddj+songs+2019+telugu+remix" "Mozilla/5.0 (Linux; Android 6.0.1; Nexus 5X Build/MMB29P) AppleWebKit/537.36 (KHTML, like Gecko) Chrome/137.0.7151.119 Mobile Safari/537.36 (compatible; Googlebot/2.1; +http://www.google.com/bot.html)"
66.249.79.32 - - [12/Jul/2025:14:55:25 +0000] "GET /?h=6198120061960&mod=acac6e55&uri=search.php%3Fid%3D207004-219%26name%3Ddifference+between+power+vent+and+direct+vent+water+heater HTTP/1.1" 200 21840 "-" "Mozilla/5.0 (Linux; Android 6.0.1; Nexus 5X Build/MMB29P) AppleWebKit/537.36 (KHTML, like Gecko) Chrome/137.0.7151.103 Mobile Safari/537.36 (compatible; Googlebot/2.1; +http://www.google.com/bot.html)"
66.249.79.32 - - [12/Jul/2025:14:55:31 +0000] "GET /?h=6391316021960&mod=c2f91461&uri=form.php%3Fid%3D213473-363%26name%3Dtimebeads+pandora HTTP/1.1" 200 22269 "-" "Mozilla/5.0 (Linux; Android 6.0.1; Nexus 5X Build/MMB29P) AppleWebKit/537.36 (KHTML, like Gecko) Chrome/137.0.7151.103 Mobile Safari/537.36 (compatible; Googlebot/2.1; +http://www.google.com/bot.html)"
66.249.79.32 - - [12/Jul/2025:14:55:37 +0000] "GET /?h=6130775051960&mod=e1029434&uri=search.php%3Fid%3D204727-208%26name%3Dsony+hdr+pj710 HTTP/1.1" 200 21510 "-" "Mozilla/5.0 (Linux; Android 6.0.1; Nexus 5X Build/MMB29P) AppleWebKit/537.36 (KHTML, like Gecko) Chrome/137.0.7151.103 Mobile Safari/537.36 (compatible; Googlebot/2.1; +http://www.google.com/bot.html)"
66.249.79.32 - - [12/Jul/2025:14:55:43 +0000] "GET /?h=6132065021960&mod=e1029434&uri=blog.php%3Fid%3D204770-208%26name%3Dsony+e+mount+to+mft+speedbooster HTTP/1.1" 200 21467 "-" "Mozilla/5.0 (Linux; Android 6.0.1; Nexus 5X Build/MMB29P) AppleWebKit/537.36 (KHTML, like Gecko) Chrome/137.0.7151.103 Mobile Safari/537.36 (compatible; Googlebot/2.1; +http://www.google.com/bot.html)"
66.249.79.32 - - [12/Jul/2025:14:55:52 +0000] "GET /?h=6388616071960&mod=c2f91461&uri=form.php%3Fid%3D213383-363%26name%3Dglow+rocks+bulk HTTP/1.1" 200 21429 "-" "Mozilla/5.0 (Linux; Android 6.0.1; Nexus 5X Build/MMB29P) AppleWebKit/537.36 (KHTML, like Gecko) Chrome/137.0.7151.103 Mobile Safari/537.36 (compatible; Googlebot/2.1; +http://www.google.com/bot.html)"
176.100.103.10 - - [12/Jul/2025:14:55:56 +0000] "GET /wp-login.php HTTP/1.1" 200 2014 "http://kelaby.company/wp-login.php" "Mozilla/5.0 (Windows NT 10.0; Win64; x64; rv:137.0) Gecko/20100101 Firefox/137.0"
209.74.77.214 - - [12/Jul/2025:14:56:02 +0000] "POST /wp-cron.php?doing_wp_cron=1752332162.6182599067687988281250 HTTP/1.1" 200 - "-" "WordPress/6.8.1; https://kelaby.company"
51.222.253.19 - - [12/Jul/2025:14:56:02 +0000] "GET / HTTP/1.1" 200 26426 "-" "Mozilla/5.0 (compatible; AhrefsBot/7.0; +http://ahrefs.com/robot/)"
66.249.79.32 - - [12/Jul/2025:14:56:05 +0000] "GET /?h=6387007011960&mod=c2f91461&uri=info.php%3Fid%3D213329-363%26name%3Dis+zales+cleaning+rings HTTP/1.1" 200 21976 "-" "Mozilla/5.0 (Linux; Android 6.0.1; Nexus 5X Build/MMB29P) AppleWebKit/537.36 (KHTML, like Gecko) Chrome/137.0.7151.103 Mobile Safari/537.36 (compatible; Googlebot/2.1; +http://www.google.com/bot.html)"
66.249.79.33 - - [12/Jul/2025:14:56:10 +0000] "POST /get-message-notify HTTP/1.1" 200 21699 "https://kelaby.company/?h=6387007011960&mod=c2f91461&uri=info.php%3Fid%3D213329-363%26name%3Dis+zales+cleaning+rings" "Mozilla/5.0 (Linux; Android 6.0.1; Nexus 5X Build/MMB29P) AppleWebKit/537.36 (KHTML, like Gecko) Chrome/137.0.7151.119 Mobile Safari/537.36 (compatible; Googlebot/2.1; +http://www.google.com/bot.html)"
66.249.79.32 - - [12/Jul/2025:14:56:18 +0000] "GET /?h=6393206041960&mod=c2f91461&uri=news.php%3Fid%3D213536-363%26name%3Dmake+your+own+rubber+wristband HTTP/1.1" 200 21268 "-" "Mozilla/5.0 (Linux; Android 6.0.1; Nexus 5X Build/MMB29P) AppleWebKit/537.36 (KHTML, like Gecko) Chrome/137.0.7151.103 Mobile Safari/537.36 (compatible; Googlebot/2.1; +http://www.google.com/bot.html)"
66.249.79.32 - - [12/Jul/2025:14:56:31 +0000] "GET /?h=6197040021960&mod=acac6e55&uri=products.php%3Fid%3D206968-219%26name%3Dwhite+electric+stove+fire+argos HTTP/1.1" 200 22021 "-" "Mozilla/5.0 (Linux; Android 6.0.1; Nexus 5X Build/MMB29P) AppleWebKit/537.36 (KHTML, like Gecko) Chrome/137.0.7151.103 Mobile Safari/537.36 (compatible; Googlebot/2.1; +http://www.google.com/bot.html)"
66.249.79.32 - - [12/Jul/2025:14:56:44 +0000] "GET /?h=6387817001960&mod=c2f91461&uri=form.php%3Fid%3D213356-363%26name%3Dwire+wrapped+bangles HTTP/1.1" 200 20842 "-" "Mozilla/5.0 (Linux; Android 6.0.1; Nexus 5X Build/MMB29P) AppleWebKit/537.36 (KHTML, like Gecko) Chrome/137.0.7151.103 Mobile Safari/537.36 (compatible; Googlebot/2.1; +http://www.google.com/bot.html)"
66.249.79.32 - - [12/Jul/2025:14:56:56 +0000] "GET /?h=6297772021960&mod=f7efa4f8&uri=itm.php%3Fid%3D210348-40%26name%3Dbest+small+drill+driver HTTP/1.1" 200 21492 "-" "Mozilla/5.0 (Linux; Android 6.0.1; Nexus 5X Build/MMB29P) AppleWebKit/537.36 (KHTML, like Gecko) Chrome/137.0.7151.103 Mobile Safari/537.36 (compatible; Googlebot/2.1; +http://www.google.com/bot.html)"
66.249.79.33 - - [12/Jul/2025:14:57:09 +0000] "GET /?h=6383227021960&mod=c2f91461&uri=dp.php%3Fid%3D213203-363%26name%3Dtumbled+grey+agate HTTP/1.1" 200 21518 "-" "Mozilla/5.0 (Linux; Android 6.0.1; Nexus 5X Build/MMB29P) AppleWebKit/537.36 (KHTML, like Gecko) Chrome/137.0.7151.103 Mobile Safari/537.36 (compatible; Googlebot/2.1; +http://www.google.com/bot.html)"
66.249.79.32 - - [12/Jul/2025:14:57:22 +0000] "GET /?h=6193802021960&mod=e50bea89&uri=form.php%3Fid%3D206860-296%26name%3Dlata+mangeshkar+babul+pyare HTTP/1.1" 200 22255 "-" "Mozilla/5.0 (Linux; Android 6.0.1; Nexus 5X Build/MMB29P) AppleWebKit/537.36 (KHTML, like Gecko) Chrome/137.0.7151.103 Mobile Safari/537.36 (compatible; Googlebot/2.1; +http://www.google.com/bot.html)"
66.249.79.32 - - [12/Jul/2025:14:57:26 +0000] "GET /?h=6077651051960&mod=c7ced588&uri=info.php%3Fid%3D202955-349%26name%3Damazon+chaine+homme HTTP/1.1" 200 21980 "-" "Mozilla/5.0 (Linux; Android 6.0.1; Nexus 5X Build/MMB29P) AppleWebKit/537.36 (KHTML, like Gecko) Chrome/137.0.7151.103 Mobile Safari/537.36 (compatible; Googlebot/2.1; +http://www.google.com/bot.html)"
66.249.79.32 - - [12/Jul/2025:14:57:28 +0000] "POST /get-message-notify HTTP/1.1" 200 21701 "https://kelaby.company/?h=6193802021960&mod=e50bea89&uri=form.php%3Fid%3D206860-296%26name%3Dlata+mangeshkar+babul+pyare" "Mozilla/5.0 (Linux; Android 6.0.1; Nexus 5X Build/MMB29P) AppleWebKit/537.36 (KHTML, like Gecko) Chrome/137.0.7151.119 Mobile Safari/537.36 (compatible; Googlebot/2.1; +http://www.google.com/bot.html)"
66.249.79.32 - - [12/Jul/2025:14:57:35 +0000] "GET /?h=25133381011960&mod=cd347f00&uri=form.php%3Fid%3D838853-283%26name%3Dcowgirl+tassel+shirt HTTP/1.1" 200 22365 "-" "Mozilla/5.0 (Linux; Android 6.0.1; Nexus 5X Build/MMB29P) AppleWebKit/537.36 (KHTML, like Gecko) Chrome/137.0.7151.103 Mobile Safari/537.36 (compatible; Googlebot/2.1; +http://www.google.com/bot.html)"
66.249.79.32 - - [12/Jul/2025:14:57:58 +0000] "GET /?h=6385927021960&mod=c2f91461&uri=goods.php%3Fid%3D213293-363%26name%3Damethyst+wire+ring HTTP/1.1" 200 21647 "-" "Mozilla/5.0 (Linux; Android 6.0.1; Nexus 5X Build/MMB29P) AppleWebKit/537.36 (KHTML, like Gecko) Chrome/137.0.7151.103 Mobile Safari/537.36 (compatible; Googlebot/2.1; +http://www.google.com/bot.html)"
66.249.79.32 - - [12/Jul/2025:14:58:05 +0000] "GET /?h=116553339001960&mod=e1029434&uri=blog.php%3Fid%3D3889794-208%26name%3Dnikon+coolpix+p90+price HTTP/1.1" 200 22362 "-" "Mozilla/5.0 (Linux; Android 6.0.1; Nexus 5X Build/MMB29P) AppleWebKit/537.36 (KHTML, like Gecko) Chrome/137.0.7151.103 Mobile Safari/537.36 (compatible; Googlebot/2.1; +http://www.google.com/bot.html)"
66.249.79.33 - - [12/Jul/2025:14:58:11 +0000] "POST /get-message-notify HTTP/1.1" 200 21706 "https://kelaby.company/?h=116553339001960&mod=e1029434&uri=blog.php%3Fid%3D3889794-208%26name%3Dnikon+coolpix+p90+price" "Mozilla/5.0 (Linux; Android 6.0.1; Nexus 5X Build/MMB29P) AppleWebKit/537.36 (KHTML, like Gecko) Chrome/137.0.7151.119 Mobile Safari/537.36 (compatible; Googlebot/2.1; +http://www.google.com/bot.html)"
66.249.79.32 - - [12/Jul/2025:14:58:13 +0000] "GET /?h=6321318001960&mod=dc2b6905&uri=goods.php%3Fid%3D211136-26%26name%3Daspiradora+robot+roomba+671 HTTP/1.1" 200 21974 "-" "Mozilla/5.0 (Linux; Android 6.0.1; Nexus 5X Build/MMB29P) AppleWebKit/537.36 (KHTML, like Gecko) Chrome/137.0.7151.103 Mobile Safari/537.36 (compatible; Googlebot/2.1; +http://www.google.com/bot.html)"
66.249.79.32 - - [12/Jul/2025:14:58:35 +0000] "GET /?h=6196920011960&mod=acac6e55&uri=blog.php%3Fid%3D206964-219%26name%3Du+shaped+pole+bracket HTTP/1.1" 200 22603 "-" "Mozilla/5.0 (Linux; Android 6.0.1; Nexus 5X Build/MMB29P) AppleWebKit/537.36 (KHTML, like Gecko) Chrome/137.0.7151.103 Mobile Safari/537.36 (compatible; Googlebot/2.1; +http://www.google.com/bot.html)"
209.74.77.214 - - [12/Jul/2025:14:58:41 +0000] "POST /wp-cron.php?doing_wp_cron=1752332321.4708840847015380859375 HTTP/1.1" 200 - "-" "WordPress/6.8.1; https://kelaby.company"
47.128.32.86 - - [12/Jul/2025:14:58:41 +0000] "GET / HTTP/1.1" 200 26420 "-" "Mozilla/5.0 (Linux; Android 5.0) AppleWebKit/537.36 (KHTML, like Gecko) Mobile Safari/537.36 (compatible; Bytespider; [email protected])"
66.249.79.32 - - [12/Jul/2025:14:58:42 +0000] "GET /?h=25133471141960&mod=09662890&uri=brands.php%3Fid%3D838856-13%26name%3Druna+store+zapatillas+mujer HTTP/1.1" 200 21605 "-" "Mozilla/5.0 (Linux; Android 6.0.1; Nexus 5X Build/MMB29P) AppleWebKit/537.36 (KHTML, like Gecko) Chrome/137.0.7151.103 Mobile Safari/537.36 (compatible; Googlebot/2.1; +http://www.google.com/bot.html)"
47.128.32.86 - - [12/Jul/2025:14:58:42 +0000] "GET /wp-content/plugins/table-addons-for-elementor/public/css/table-addons-for-elementor-public.css?ver=2.1.4 HTTP/1.1" 304 - "https://kelaby.company/" "Mozilla/5.0 (Linux; Android 5.0) AppleWebKit/537.36 (KHTML, like Gecko) Mobile Safari/537.36 (compatible; Bytespider; [email protected])"
47.128.32.86 - - [12/Jul/2025:14:58:43 +0000] "GET /wp-content/plugins/jeg-elementor-kit/assets/css/elements/main.css?ver=2.6.13 HTTP/1.1" 304 - "https://kelaby.company/" "Mozilla/5.0 (Linux; Android 5.0) AppleWebKit/537.36 (KHTML, like Gecko) Mobile Safari/537.36 (compatible; Bytespider; [email protected])"
47.128.32.86 - - [12/Jul/2025:14:58:43 +0000] "GET /wp-content/plugins/elementor/assets/css/frontend.min.css?ver=3.30.2 HTTP/1.1" 304 - "https://kelaby.company/" "Mozilla/5.0 (Linux; Android 5.0) AppleWebKit/537.36 (KHTML, like Gecko) Mobile Safari/537.36 (compatible; Bytespider; [email protected])"
47.128.32.86 - - [12/Jul/2025:14:58:43 +0000] "GET /wp-content/plugins/elementor/assets/css/widget-heading.min.css?ver=3.30.2 HTTP/1.1" 200 188 "https://kelaby.company/" "Mozilla/5.0 (Linux; Android 5.0) AppleWebKit/537.36 (KHTML, like Gecko) Mobile Safari/537.36 (compatible; Bytespider; [email protected])"
47.128.32.86 - - [12/Jul/2025:14:58:43 +0000] "GET /wp-content/plugins/elementor/assets/lib/animations/styles/fadeInUp.min.css?ver=3.30.2 HTTP/1.1" 200 117 "https://kelaby.company/" "Mozilla/5.0 (Linux; Android 5.0) AppleWebKit/537.36 (KHTML, like Gecko) Mobile Safari/537.36 (compatible; Bytespider; [email protected])"
47.128.32.86 - - [12/Jul/2025:14:58:43 +0000] "GET /wp-content/plugins/elementor/assets/lib/animations/styles/fadeIn.min.css?ver=3.30.2 HTTP/1.1" 200 79 "https://kelaby.company/" "Mozilla/5.0 (Linux; Android 5.0) AppleWebKit/537.36 (KHTML, like Gecko) Mobile Safari/537.36 (compatible; Bytespider; [email protected])"
47.128.32.86 - - [12/Jul/2025:14:58:43 +0000] "GET /wp-content/uploads/elementor/css/post-1022.css?ver=1752120154 HTTP/1.1" 304 - "https://kelaby.company/" "Mozilla/5.0 (Linux; Android 5.0) AppleWebKit/537.36 (KHTML, like Gecko) Mobile Safari/537.36 (compatible; Bytespider; [email protected])"
47.128.32.86 - - [12/Jul/2025:14:58:43 +0000] "GET /wp-content/plugins/elementor/assets/css/widget-image.min.css?ver=3.30.2 HTTP/1.1" 304 - "https://kelaby.company/" "Mozilla/5.0 (Linux; Android 5.0) AppleWebKit/537.36 (KHTML, like Gecko) Mobile Safari/537.36 (compatible; Bytespider; [email protected])"
47.128.32.86 - - [12/Jul/2025:14:58:43 +0000] "GET /wp-content/plugins/jeg-elementor-kit/assets/js/tiny-slider/tiny-slider.css?ver=2.9.3 HTTP/1.1" 200 741 "https://kelaby.company/" "Mozilla/5.0 (Linux; Android 5.0) AppleWebKit/537.36 (KHTML, like Gecko) Mobile Safari/537.36 (compatible; Bytespider; [email protected])"
47.128.32.86 - - [12/Jul/2025:14:58:43 +0000] "GET /wp-content/plugins/elementor/assets/css/widget-divider.min.css?ver=3.30.2 HTTP/1.1" 200 771 "https://kelaby.company/" "Mozilla/5.0 (Linux; Android 5.0) AppleWebKit/537.36 (KHTML, like Gecko) Mobile Safari/537.36 (compatible; Bytespider; [email protected])"
47.128.32.86 - - [12/Jul/2025:14:58:43 +0000] "GET /wp-content/plugins/elementor/assets/css/widget-spacer.min.css?ver=3.30.2 HTTP/1.1" 200 369 "https://kelaby.company/" "Mozilla/5.0 (Linux; Android 5.0) AppleWebKit/537.36 (KHTML, like Gecko) Mobile Safari/537.36 (compatible; Bytespider; [email protected])"
47.128.32.86 - - [12/Jul/2025:14:58:43 +0000] "GET /wp-content/themes/hello-elementor/assets/css/reset.css?ver=3.4.4 HTTP/1.1" 304 - "https://kelaby.company/" "Mozilla/5.0 (Linux; Android 5.0) AppleWebKit/537.36 (KHTML, like Gecko) Mobile Safari/537.36 (compatible; Bytespider; [email protected])"
47.128.32.86 - - [12/Jul/2025:14:58:43 +0000] "GET /wp-content/uploads/elementor/css/post-1075.css?ver=1752120155 HTTP/1.1" 304 - "https://kelaby.company/" "Mozilla/5.0 (Linux; Android 5.0) AppleWebKit/537.36 (KHTML, like Gecko) Mobile Safari/537.36 (compatible; Bytespider; [email protected])"
47.128.32.86 - - [12/Jul/2025:14:58:43 +0000] "GET /wp-content/plugins/jeg-elementor-kit/assets/js/sweetalert2/sweetalert2.min.css?ver=11.6.16 HTTP/1.1" 200 4051 "https://kelaby.company/" "Mozilla/5.0 (Linux; Android 5.0) AppleWebKit/537.36 (KHTML, like Gecko) Mobile Safari/537.36 (compatible; Bytespider; [email protected])"
47.128.32.86 - - [12/Jul/2025:14:58:43 +0000] "GET /wp-content/themes/hello-elementor/assets/css/theme.css?ver=3.4.4 HTTP/1.1" 200 1271 "https://kelaby.company/" "Mozilla/5.0 (Linux; Android 5.0) AppleWebKit/537.36 (KHTML, like Gecko) Mobile Safari/537.36 (compatible; Bytespider; [email protected])"
47.128.32.86 - - [12/Jul/2025:14:58:43 +0000] "GET /wp-content/themes/hello-elementor/assets/css/header-footer.css?ver=3.4.4 HTTP/1.1" 304 - "https://kelaby.company/" "Mozilla/5.0 (Linux; Android 5.0) AppleWebKit/537.36 (KHTML, like Gecko) Mobile Safari/537.36 (compatible; Bytespider; [email protected])"
47.128.32.86 - - [12/Jul/2025:14:58:43 +0000] "GET /wp-content/uploads/elementor/google-fonts/css/roboto.css?ver=1742270391 HTTP/1.1" 304 - "https://kelaby.company/" "Mozilla/5.0 (Linux; Android 5.0) AppleWebKit/537.36 (KHTML, like Gecko) Mobile Safari/537.36 (compatible; Bytespider; [email protected])"
47.128.32.86 - - [12/Jul/2025:14:58:43 +0000] "GET /wp-content/uploads/elementor/google-fonts/css/poppins.css?ver=1742270347 HTTP/1.1" 304 - "https://kelaby.company/" "Mozilla/5.0 (Linux; Android 5.0) AppleWebKit/537.36 (KHTML, like Gecko) Mobile Safari/537.36 (compatible; Bytespider; [email protected])"
47.128.32.86 - - [12/Jul/2025:14:58:43 +0000] "GET /wp-content/plugins/jeg-elementor-kit/assets/fonts/jkiticon/jkiticon.css?ver=2.6.13 HTTP/1.1" 200 21477 "https://kelaby.company/" "Mozilla/5.0 (Linux; Android 5.0) AppleWebKit/537.36 (KHTML, like Gecko) Mobile Safari/537.36 (compatible; Bytespider; [email protected])"
47.128.32.86 - - [12/Jul/2025:14:58:43 +0000] "GET /wp-content/uploads/2024/07/Asset-5-2.png HTTP/1.1" 200 8776 "https://kelaby.company/" "Mozilla/5.0 (Linux; Android 5.0) AppleWebKit/537.36 (KHTML, like Gecko) Mobile Safari/537.36 (compatible; Bytespider; [email protected])"
47.128.32.86 - - [12/Jul/2025:14:58:44 +0000] "GET /wp-content/plugins/jeg-elementor-kit/lib/jeg-framework/assets/css/jeg-dynamic-styles.css?ver=1.3.0 HTTP/1.1" 200 - "https://kelaby.company/" "Mozilla/5.0 (Linux; Android 5.0) AppleWebKit/537.36 (KHTML, like Gecko) Mobile Safari/537.36 (compatible; Bytespider; [email protected])"
47.128.32.86 - - [12/Jul/2025:14:58:44 +0000] "GET /wp-content/uploads/elementor/css/post-926.css?ver=1752120155 HTTP/1.1" 200 2293 "https://kelaby.company/" "Mozilla/5.0 (Linux; Android 5.0) AppleWebKit/537.36 (KHTML, like Gecko) Mobile Safari/537.36 (compatible; Bytespider; [email protected])"
47.128.32.86 - - [12/Jul/2025:14:58:44 +0000] "GET /wp-content/plugins/elementor/assets/css/conditionals/apple-webkit.min.css?ver=3.30.2 HTTP/1.1" 304 - "https://kelaby.company/" "Mozilla/5.0 (Linux; Android 5.0) AppleWebKit/537.36 (KHTML, like Gecko) Mobile Safari/537.36 (compatible; Bytespider; [email protected])"
47.128.32.86 - - [12/Jul/2025:14:58:44 +0000] "GET /wp-content/plugins/elementor/assets/css/widget-icon-list.min.css?ver=3.30.2 HTTP/1.1" 200 1069 "https://kelaby.company/" "Mozilla/5.0 (Linux; Android 5.0) AppleWebKit/537.36 (KHTML, like Gecko) Mobile Safari/537.36 (compatible; Bytespider; [email protected])"
47.128.32.86 - - [12/Jul/2025:14:58:44 +0000] "GET /wp-content/uploads/elementor/css/post-928.css?ver=1752120155 HTTP/1.1" 200 2534 "https://kelaby.company/" "Mozilla/5.0 (Linux; Android 5.0) AppleWebKit/537.36 (KHTML, like Gecko) Mobile Safari/537.36 (compatible; Bytespider; [email protected])"
47.128.32.86 - - [12/Jul/2025:14:58:44 +0000] "GET /wp-content/uploads/2024/07/cropped-Asset-5-2.png HTTP/1.1" 200 9707 "https://kelaby.company/" "Mozilla/5.0 (Linux; Android 5.0) AppleWebKit/537.36 (KHTML, like Gecko) Mobile Safari/537.36 (compatible; Bytespider; [email protected])"
47.128.32.86 - - [12/Jul/2025:14:58:44 +0000] "GET /wp-content/plugins/elementor/assets/css/widget-social-icons.min.css?ver=3.30.2 HTTP/1.1" 200 1170 "https://kelaby.company/" "Mozilla/5.0 (Linux; Android 5.0) AppleWebKit/537.36 (KHTML, like Gecko) Mobile Safari/537.36 (compatible; Bytespider; [email protected])"
47.128.32.86 - - [12/Jul/2025:14:58:44 +0000] "GET /wp-content/uploads/2024/07/MF.png HTTP/1.1" 200 33354 "https://kelaby.company/" "Mozilla/5.0 (Linux; Android 5.0) AppleWebKit/537.36 (KHTML, like Gecko) Mobile Safari/537.36 (compatible; Bytespider; [email protected])"
47.128.32.86 - - [12/Jul/2025:14:58:45 +0000] "GET /wp-content/uploads/2024/07/KO.png HTTP/1.1" 304 - "https://kelaby.company/" "Mozilla/5.0 (Linux; Android 5.0) AppleWebKit/537.36 (KHTML, like Gecko) Mobile Safari/537.36 (compatible; Bytespider; [email protected])"
47.128.32.86 - - [12/Jul/2025:14:58:45 +0000] "GET /wp-content/uploads/2024/06/portrait-of-entrepreneur-2-768x767.jpg HTTP/1.1" 200 107570 "https://kelaby.company/" "Mozilla/5.0 (Linux; Android 5.0) AppleWebKit/537.36 (KHTML, like Gecko) Mobile Safari/537.36 (compatible; Bytespider; [email protected])"
47.128.32.86 - - [12/Jul/2025:14:58:44 +0000] "GET /wp-content/uploads/2024/07/kyle-brinker-0vVHYD3PcKo-unsplash_3-1.jpg HTTP/1.1" 200 276125 "https://kelaby.company/wp-content/uploads/elementor/css/post-1075.css?ver=1752120155" "Mozilla/5.0 (Linux; Android 5.0) AppleWebKit/537.36 (KHTML, like Gecko) Mobile Safari/537.36 (compatible; Bytespider; [email protected])"
47.128.32.86 - - [12/Jul/2025:14:58:45 +0000] "GET /wp-content/uploads/2024/07/Untitled-design-3.png HTTP/1.1" 304 - "https://kelaby.company/" "Mozilla/5.0 (Linux; Android 5.0) AppleWebKit/537.36 (KHTML, like Gecko) Mobile Safari/537.36 (compatible; Bytespider; [email protected])"
47.128.32.86 - - [12/Jul/2025:14:58:45 +0000] "GET /wp-content/uploads/2024/06/bg-footer2.jpg HTTP/1.1" 200 35470 "https://kelaby.company/" "Mozilla/5.0 (Linux; Android 5.0) AppleWebKit/537.36 (KHTML, like Gecko) Mobile Safari/537.36 (compatible; Bytespider; [email protected])"
47.128.32.86 - - [12/Jul/2025:14:58:45 +0000] "GET /wp-content/uploads/2024/07/APC.png HTTP/1.1" 304 - "https://kelaby.company/" "Mozilla/5.0 (Linux; Android 5.0) AppleWebKit/537.36 (KHTML, like Gecko) Mobile Safari/537.36 (compatible; Bytespider; [email protected])"
66.249.79.32 - - [12/Jul/2025:14:58:50 +0000] "GET /?h=116541519061960&mod=e1029434&uri=article.php%3Fid%3D3889400-208%26name%3Dz50+nikon+review HTTP/1.1" 200 21002 "-" "Mozilla/5.0 (Linux; Android 6.0.1; Nexus 5X Build/MMB29P) AppleWebKit/537.36 (KHTML, like Gecko) Chrome/137.0.7151.103 Mobile Safari/537.36 (compatible; Googlebot/2.1; +http://www.google.com/bot.html)"
66.249.79.33 - - [12/Jul/2025:14:59:03 +0000] "GET /?h=6394016011960&mod=c2f91461&uri=article.php%3Fid%3D213563-363%26name%3Dhow+to+make+a+bracelet+with+string+adjustable HTTP/1.1" 200 21516 "-" "Mozilla/5.0 (Linux; Android 6.0.1; Nexus 5X Build/MMB29P) AppleWebKit/537.36 (KHTML, like Gecko) Chrome/137.0.7151.103 Mobile Safari/537.36 (compatible; Googlebot/2.1; +http://www.google.com/bot.html)"
66.249.79.32 - - [12/Jul/2025:14:59:06 +0000] "POST /get-message-notify HTTP/1.1" 200 21720 "https://kelaby.company/?h=116541519061960&mod=e1029434&uri=article.php%3Fid%3D3889400-208%26name%3Dz50+nikon+review" "Mozilla/5.0 (Linux; Android 6.0.1; Nexus 5X Build/MMB29P) AppleWebKit/537.36 (KHTML, like Gecko) Chrome/137.0.7151.119 Mobile Safari/537.36 (compatible; Googlebot/2.1; +http://www.google.com/bot.html)"
66.249.79.33 - - [12/Jul/2025:14:59:07 +0000] "POST /get-message-notify HTTP/1.1" 200 21695 "https://kelaby.company/?h=6394016011960&mod=c2f91461&uri=article.php%3Fid%3D213563-363%26name%3Dhow+to+make+a+bracelet+with+string+adjustable" "Mozilla/5.0 (Linux; Android 6.0.1; Nexus 5X Build/MMB29P) AppleWebKit/537.36 (KHTML, like Gecko) Chrome/137.0.7151.119 Mobile Safari/537.36 (compatible; Googlebot/2.1; +http://www.google.com/bot.html)"
66.249.79.32 - - [12/Jul/2025:14:59:16 +0000] "GET /?h=6388076041960&mod=c2f91461&uri=shared.php%3Fid%3D213365-363%26name%3Dself+defense+key+rings HTTP/1.1" 200 21198 "-" "Mozilla/5.0 (Linux; Android 6.0.1; Nexus 5X Build/MMB29P) AppleWebKit/537.36 (KHTML, like Gecko) Chrome/137.0.7151.103 Mobile Safari/537.36 (compatible; Googlebot/2.1; +http://www.google.com/bot.html)"
66.249.79.32 - - [12/Jul/2025:14:59:28 +0000] "POST /get-message-notify HTTP/1.1" 200 21698 "https://kelaby.company/?h=25133471141960&mod=09662890&uri=brands.php%3Fid%3D838856-13%26name%3Druna+store+zapatillas+mujer" "Mozilla/5.0 (Linux; Android 6.0.1; Nexus 5X Build/MMB29P) AppleWebKit/537.36 (KHTML, like Gecko) Chrome/137.0.7151.119 Mobile Safari/537.36 (compatible; Googlebot/2.1; +http://www.google.com/bot.html)"
66.249.79.32 - - [12/Jul/2025:14:59:29 +0000] "GET /?h=6195001021960&mod=e50bea89&uri=products.php%3Fid%3D206900-296%26name%3Daaj+kal+ve+sidhu+moose+wala HTTP/1.1" 200 21555 "-" "Mozilla/5.0 (Linux; Android 6.0.1; Nexus 5X Build/MMB29P) AppleWebKit/537.36 (KHTML, like Gecko) Chrome/137.0.7151.103 Mobile Safari/537.36 (compatible; Googlebot/2.1; +http://www.google.com/bot.html)"
66.249.79.32 - - [12/Jul/2025:14:59:41 +0000] "GET /?h=6081669021960&mod=49856ed4&uri=itm.php%3Fid%3D203089-57%26name%3Dqcc3026 HTTP/1.1" 200 22236 "-" "Mozilla/5.0 (Linux; Android 6.0.1; Nexus 5X Build/MMB29P) AppleWebKit/537.36 (KHTML, like Gecko) Chrome/137.0.7151.103 Mobile Safari/537.36 (compatible; Googlebot/2.1; +http://www.google.com/bot.html)"
66.249.79.32 - - [12/Jul/2025:14:59:41 +0000] "GET /?h=6285952131960&mod=f7efa4f8&uri=us.php%3Fid%3D209954-40%26name%3Ddcd710+drill+driver HTTP/1.1" 200 21608 "-" "Mozilla/5.0 (Linux; Android 6.0.1; Nexus 5X Build/MMB29P) AppleWebKit/537.36 (KHTML, like Gecko) Chrome/137.0.7151.103 Mobile Safari/537.36 (compatible; Googlebot/2.1; +http://www.google.com/bot.html)"
66.249.79.32 - - [12/Jul/2025:14:59:45 +0000] "GET /?h=6068381021960&mod=c7ced588&uri=dp.php%3Fid%3D202646-349%26name%3Dcollier+homme+photo HTTP/1.1" 200 21501 "-" "Mozilla/5.0 (Linux; Android 6.0.1; Nexus 5X Build/MMB29P) AppleWebKit/537.36 (KHTML, like Gecko) Chrome/137.0.7151.103 Mobile Safari/537.36 (compatible; Googlebot/2.1; +http://www.google.com/bot.html)"
66.249.79.32 - - [12/Jul/2025:14:59:47 +0000] "GET /?h=6309578061960&mod=f7efa4f8&uri=pin.php%3Fid%3D210742-40%26name%3Dhayter+spirit HTTP/1.1" 200 21649 "-" "Mozilla/5.0 (Linux; Android 6.0.1; Nexus 5X Build/MMB29P) AppleWebKit/537.36 (KHTML, like Gecko) Chrome/137.0.7151.103 Mobile Safari/537.36 (compatible; Googlebot/2.1; +http://www.google.com/bot.html)"
66.249.79.32 - - [12/Jul/2025:14:59:48 +0000] "GET /?h=6072011101960&mod=c7ced588&uri=search.php%3Fid%3D202767-349%26name%3Ddiamant+fil+nylon HTTP/1.1" 200 21186 "-" "Mozilla/5.0 (Linux; Android 6.0.1; Nexus 5X Build/MMB29P) AppleWebKit/537.36 (KHTML, like Gecko) Chrome/137.0.7151.103 Mobile Safari/537.36 (compatible; Googlebot/2.1; +http://www.google.com/bot.html)"
66.249.79.232 - - [12/Jul/2025:14:59:48 +0000] "GET /?h=70140658041960&mod=fe7fdf17&uri=products.php%3Fid%3D2340670-478%26name%3Dnew+hero+glamor HTTP/1.1" 200 21712 "-" "Mozilla/5.0 (Linux; Android 6.0.1; Nexus 5X Build/MMB29P) AppleWebKit/537.36 (KHTML, like Gecko) Chrome/137.0.7151.103 Mobile Safari/537.36 (compatible; Googlebot/2.1; +http://www.google.com/bot.html)"
66.249.79.32 - - [12/Jul/2025:14:59:48 +0000] "GET /?h=33404347041960&mod=681e38a8&uri=us.php%3Fid%3D1114907-346%26name%3Dadidas+miami+ultra+boost HTTP/1.1" 200 22428 "-" "Mozilla/5.0 (Linux; Android 6.0.1; Nexus 5X Build/MMB29P) AppleWebKit/537.36 (KHTML, like Gecko) Chrome/137.0.7151.103 Mobile Safari/537.36 (compatible; Googlebot/2.1; +http://www.google.com/bot.html)"
66.249.79.32 - - [12/Jul/2025:14:59:49 +0000] "GET /?h=6389426041960&mod=c2f91461&uri=goods.php%3Fid%3D213410-363%26name%3Dglow+in+the+dark+stones HTTP/1.1" 200 21303 "-" "Mozilla/5.0 (Linux; Android 6.0.1; Nexus 5X Build/MMB29P) AppleWebKit/537.36 (KHTML, like Gecko) Chrome/137.0.7151.103 Mobile Safari/537.36 (compatible; Googlebot/2.1; +http://www.google.com/bot.html)"
66.249.79.32 - - [12/Jul/2025:14:59:49 +0000] "GET /?h=6071201131960&mod=c7ced588&uri=product.php%3Fid%3D202740-349%26name%3Dbracelet+m%C3%83%C2%A9dical+pas+cher HTTP/1.1" 200 22035 "-" "Mozilla/5.0 (Linux; Android 6.0.1; Nexus 5X Build/MMB29P) AppleWebKit/537.36 (KHTML, like Gecko) Chrome/137.0.7151.103 Mobile Safari/537.36 (compatible; Googlebot/2.1; +http://www.google.com/bot.html)"
66.249.79.32 - - [12/Jul/2025:14:59:50 +0000] "GET /?h=6075731011960&mod=c7ced588&uri=info.php%3Fid%3D202891-349%26name%3Dmedaillon+grav%C3%83%C2%A9 HTTP/1.1" 200 21985 "-" "Mozilla/5.0 (Linux; Android 6.0.1; Nexus 5X Build/MMB29P) AppleWebKit/537.36 (KHTML, like Gecko) Chrome/137.0.7151.103 Mobile Safari/537.36 (compatible; Googlebot/2.1; +http://www.google.com/bot.html)"
66.249.79.32 - - [12/Jul/2025:14:59:50 +0000] "POST /get-message-notify HTTP/1.1" 200 21705 "https://kelaby.company/?h=6309578061960&mod=f7efa4f8&uri=pin.php%3Fid%3D210742-40%26name%3Dhayter+spirit" "Mozilla/5.0 (Linux; Android 6.0.1; Nexus 5X Build/MMB29P) AppleWebKit/537.36 (KHTML, like Gecko) Chrome/137.0.7151.119 Mobile Safari/537.36 (compatible; Googlebot/2.1; +http://www.google.com/bot.html)"
66.249.79.32 - - [12/Jul/2025:14:59:51 +0000] "GET /?h=6195361061960&mod=acac6e55&uri=product.php%3Fid%3D206912-219%26name%3Dmahi+mahi+tackle HTTP/1.1" 200 22182 "-" "Mozilla/5.0 (Linux; Android 6.0.1; Nexus 5X Build/MMB29P) AppleWebKit/537.36 (KHTML, like Gecko) Chrome/137.0.7151.103 Mobile Safari/537.36 (compatible; Googlebot/2.1; +http://www.google.com/bot.html)"
66.249.79.32 - - [12/Jul/2025:14:59:55 +0000] "POST /get-message-notify HTTP/1.1" 200 21701 "https://kelaby.company/?h=6195361061960&mod=acac6e55&uri=product.php%3Fid%3D206912-219%26name%3Dmahi+mahi+tackle" "Mozilla/5.0 (Linux; Android 6.0.1; Nexus 5X Build/MMB29P) AppleWebKit/537.36 (KHTML, like Gecko) Chrome/137.0.7151.119 Mobile Safari/537.36 (compatible; Googlebot/2.1; +http://www.google.com/bot.html)"
66.249.79.33 - - [12/Jul/2025:14:59:56 +0000] "POST /get-message-notify HTTP/1.1" 200 21704 "https://kelaby.company/?h=6285952131960&mod=f7efa4f8&uri=us.php%3Fid%3D209954-40%26name%3Ddcd710+drill+driver" "Mozilla/5.0 (Linux; Android 6.0.1; Nexus 5X Build/MMB29P) AppleWebKit/537.36 (KHTML, like Gecko) Chrome/137.0.7151.119 Mobile Safari/537.36 (compatible; Googlebot/2.1; +http://www.google.com/bot.html)"
66.249.79.32 - - [12/Jul/2025:14:59:57 +0000] "GET /?h=6142385011960&mod=c5e24739&uri=article.php%3Fid%3D205114-351%26name%3Dbasket+plateforme+cuir HTTP/1.1" 200 21299 "-" "Mozilla/5.0 (Linux; Android 6.0.1; Nexus 5X Build/MMB29P) AppleWebKit/537.36 (KHTML, like Gecko) Chrome/137.0.7151.103 Mobile Safari/537.36 (compatible; Googlebot/2.1; +http://www.google.com/bot.html)"
66.249.79.33 - - [12/Jul/2025:14:59:59 +0000] "POST /get-message-notify HTTP/1.1" 200 21707 "https://kelaby.company/?h=6389426041960&mod=c2f91461&uri=goods.php%3Fid%3D213410-363%26name%3Dglow+in+the+dark+stones" "Mozilla/5.0 (Linux; Android 6.0.1; Nexus 5X Build/MMB29P) AppleWebKit/537.36 (KHTML, like Gecko) Chrome/137.0.7151.119 Mobile Safari/537.36 (compatible; Googlebot/2.1; +http://www.google.com/bot.html)"
51.222.253.7 - - [12/Jul/2025:15:00:01 +0000] "GET /wp-sitemap.xml HTTP/1.1" 200 66852 "-" "Mozilla/5.0 (compatible; AhrefsBot/7.0; +http://ahrefs.com/robot/)"
66.249.79.32 - - [12/Jul/2025:15:00:04 +0000] "GET /?h=6394286011960&mod=c2f91461&uri=shared.php%3Fid%3D213572-363%26name%3Dtriple+cross+fishtail+rainbow+loom HTTP/1.1" 200 21310 "-" "Mozilla/5.0 (Linux; Android 6.0.1; Nexus 5X Build/MMB29P) AppleWebKit/537.36 (KHTML, like Gecko) Chrome/137.0.7151.103 Mobile Safari/537.36 (compatible; Googlebot/2.1; +http://www.google.com/bot.html)"
66.249.79.32 - - [12/Jul/2025:15:00:04 +0000] "POST /get-message-notify HTTP/1.1" 200 21712 "https://kelaby.company/?h=6071201131960&mod=c7ced588&uri=product.php%3Fid%3D202740-349%26name%3Dbracelet+m%C3%83%C2%A9dical+pas+cher" "Mozilla/5.0 (Linux; Android 6.0.1; Nexus 5X Build/MMB29P) AppleWebKit/537.36 (KHTML, like Gecko) Chrome/137.0.7151.119 Mobile Safari/537.36 (compatible; Googlebot/2.1; +http://www.google.com/bot.html)"
66.249.79.32 - - [12/Jul/2025:15:00:05 +0000] "POST /get-message-notify HTTP/1.1" 200 21699 "https://kelaby.company/?h=6072011101960&mod=c7ced588&uri=search.php%3Fid%3D202767-349%26name%3Ddiamant+fil+nylon" "Mozilla/5.0 (Linux; Android 6.0.1; Nexus 5X Build/MMB29P) AppleWebKit/537.36 (KHTML, like Gecko) Chrome/137.0.7151.119 Mobile Safari/537.36 (compatible; Googlebot/2.1; +http://www.google.com/bot.html)"
66.249.79.32 - - [12/Jul/2025:15:00:10 +0000] "GET /?h=6387547011960&mod=c2f91461&uri=shop.php%3Fid%3D213347-363%26name%3Dhelzberg+diamonds+greenwood HTTP/1.1" 200 22096 "-" "Mozilla/5.0 (Linux; Android 6.0.1; Nexus 5X Build/MMB29P) AppleWebKit/537.36 (KHTML, like Gecko) Chrome/137.0.7151.103 Mobile Safari/537.36 (compatible; Googlebot/2.1; +http://www.google.com/bot.html)"
66.249.79.32 - - [12/Jul/2025:15:00:10 +0000] "GET /?h=6150365021960&mod=c5e24739&uri=brands.php%3Fid%3D205380-351%26name%3Dchaussures+victoria HTTP/1.1" 200 21313 "-" "Mozilla/5.0 (Linux; Android 6.0.1; Nexus 5X Build/MMB29P) AppleWebKit/537.36 (KHTML, like Gecko) Chrome/137.0.7151.103 Mobile Safari/537.36 (compatible; Googlebot/2.1; +http://www.google.com/bot.html)"
66.249.79.32 - - [12/Jul/2025:15:00:11 +0000] "GET /?h=5980908101960&mod=a788f0e7&uri=search.php%3Fid%3D199724-345%26name%3Dasos+pantalones+anchos HTTP/1.1" 200 20568 "-" "Mozilla/5.0 (Linux; Android 6.0.1; Nexus 5X Build/MMB29P) AppleWebKit/537.36 (KHTML, like Gecko) Chrome/137.0.7151.103 Mobile Safari/537.36 (compatible; Googlebot/2.1; +http://www.google.com/bot.html)"
66.249.79.32 - - [12/Jul/2025:15:00:13 +0000] "GET /?h=6388886011960&mod=c2f91461&uri=itm.php%3Fid%3D213392-363%26name%3Dmejuri+sculpture+band HTTP/1.1" 200 20871 "-" "Mozilla/5.0 (Linux; Android 6.0.1; Nexus 5X Build/MMB29P) AppleWebKit/537.36 (KHTML, like Gecko) Chrome/137.0.7151.103 Mobile Safari/537.36 (compatible; Googlebot/2.1; +http://www.google.com/bot.html)"
66.249.79.32 - - [12/Jul/2025:15:00:15 +0000] "GET /?h=6018305031960&mod=681e38a8&uri=shared.php%3Fid%3D200973-346%26name%3Dcustom+sports+memorabilia+framing+near+me HTTP/1.1" 200 21883 "-" "Mozilla/5.0 (Linux; Android 6.0.1; Nexus 5X Build/MMB29P) AppleWebKit/537.36 (KHTML, like Gecko) Chrome/137.0.7151.103 Mobile Safari/537.36 (compatible; Googlebot/2.1; +http://www.google.com/bot.html)"
66.249.79.32 - - [12/Jul/2025:15:00:16 +0000] "GET /?h=6081189011960&mod=c7ced588&uri=itm.php%3Fid%3D203073-349%26name%3Dcomparateur+mutuelle+orthodontie+adulte HTTP/1.1" 200 21587 "-" "Mozilla/5.0 (Linux; Android 6.0.1; Nexus 5X Build/MMB29P) AppleWebKit/537.36 (KHTML, like Gecko) Chrome/137.0.7151.103 Mobile Safari/537.36 (compatible; Googlebot/2.1; +http://www.google.com/bot.html)"
66.249.79.32 - - [12/Jul/2025:15:00:16 +0000] "GET /?h=6196440001960&mod=acac6e55&uri=blog.php%3Fid%3D206948-219%26name%3Dkorda+spinner+rig+ready+tied HTTP/1.1" 200 22298 "-" "Mozilla/5.0 (Linux; Android 6.0.1; Nexus 5X Build/MMB29P) AppleWebKit/537.36 (KHTML, like Gecko) Chrome/137.0.7151.103 Mobile Safari/537.36 (compatible; Googlebot/2.1; +http://www.google.com/bot.html)"
66.249.79.32 - - [12/Jul/2025:15:00:18 +0000] "POST /get-message-notify HTTP/1.1" 200 21712 "https://kelaby.company/?h=6081669021960&mod=49856ed4&uri=itm.php%3Fid%3D203089-57%26name%3Dqcc3026" "Mozilla/5.0 (Linux; Android 6.0.1; Nexus 5X Build/MMB29P) AppleWebKit/537.36 (KHTML, like Gecko) Chrome/137.0.7151.119 Mobile Safari/537.36 (compatible; Googlebot/2.1; +http://www.google.com/bot.html)"
