66.249.79.32 - - [12/Jul/2025:15:00:24 +0000] "GET /?h=6396986011960&mod=c2f91461&uri=blog.php%3Fid%3D213662-363%26name%3Ddifferent+types+of+string+for+bracelets HTTP/1.1" 200 21712 "-" "Mozilla/5.0 (Linux; Android 6.0.1; Nexus 5X Build/MMB29P) AppleWebKit/537.36 (KHTML, like Gecko) Chrome/137.0.7151.103 Mobile Safari/537.36 (compatible; Googlebot/2.1; +http://www.google.com/bot.html)"
66.249.79.32 - - [12/Jul/2025:15:00:31 +0000] "POST /get-message-notify HTTP/1.1" 200 21696 "https://kelaby.company/?h=6396986011960&mod=c2f91461&uri=blog.php%3Fid%3D213662-363%26name%3Ddifferent+types+of+string+for+bracelets" "Mozilla/5.0 (Linux; Android 6.0.1; Nexus 5X Build/MMB29P) AppleWebKit/537.36 (KHTML, like Gecko) Chrome/137.0.7151.119 Mobile Safari/537.36 (compatible; Googlebot/2.1; +http://www.google.com/bot.html)"
66.249.79.32 - - [12/Jul/2025:15:00:31 +0000] "GET /?h=6195841101960&mod=e50bea89&uri=info.php%3Fid%3D206928-296%26name%3Dlyrics+lessons+in+love+level+42 HTTP/1.1" 200 21621 "-" "Mozilla/5.0 (Linux; Android 6.0.1; Nexus 5X Build/MMB29P) AppleWebKit/537.36 (KHTML, like Gecko) Chrome/137.0.7151.103 Mobile Safari/537.36 (compatible; Googlebot/2.1; +http://www.google.com/bot.html)"
66.249.79.32 - - [12/Jul/2025:15:00:34 +0000] "GET /?h=6262334001960&mod=a98bf9c1&uri=shop.php%3Fid%3D209166-117%26name%3Dcomo+funciona+intelligence+health+bracelet HTTP/1.1" 200 21726 "-" "Mozilla/5.0 (Linux; Android 6.0.1; Nexus 5X Build/MMB29P) AppleWebKit/537.36 (KHTML, like Gecko) Chrome/137.0.7151.103 Mobile Safari/537.36 (compatible; Googlebot/2.1; +http://www.google.com/bot.html)"
66.249.79.32 - - [12/Jul/2025:15:00:36 +0000] "GET /?h=6192505061960&mod=e50bea89&uri=us.php%3Fid%3D206816-296%26name%3Dattrrix+smartwatch HTTP/1.1" 200 21401 "-" "Mozilla/5.0 (Linux; Android 6.0.1; Nexus 5X Build/MMB29P) AppleWebKit/537.36 (KHTML, like Gecko) Chrome/137.0.7151.103 Mobile Safari/537.36 (compatible; Googlebot/2.1; +http://www.google.com/bot.html)"
66.249.79.33 - - [12/Jul/2025:15:00:38 +0000] "POST /get-message-notify HTTP/1.1" 200 21700 "https://kelaby.company/?h=6262334001960&mod=a98bf9c1&uri=shop.php%3Fid%3D209166-117%26name%3Dcomo+funciona+intelligence+health+bracelet" "Mozilla/5.0 (Linux; Android 6.0.1; Nexus 5X Build/MMB29P) AppleWebKit/537.36 (KHTML, like Gecko) Chrome/137.0.7151.119 Mobile Safari/537.36 (compatible; Googlebot/2.1; +http://www.google.com/bot.html)"
66.249.79.33 - - [12/Jul/2025:15:00:40 +0000] "GET /?h=6238882071960&mod=9b425b22&uri=shop.php%3Fid%3D208377-359%26name%3Dnb+801+classic HTTP/1.1" 200 21225 "-" "Mozilla/5.0 (Linux; Android 6.0.1; Nexus 5X Build/MMB29P) AppleWebKit/537.36 (KHTML, like Gecko) Chrome/137.0.7151.103 Mobile Safari/537.36 (compatible; Googlebot/2.1; +http://www.google.com/bot.html)"
66.249.79.32 - - [12/Jul/2025:15:00:45 +0000] "GET /?h=6200640061960&mod=acac6e55&uri=us.php%3Fid%3D207088-219%26name%3Dmasonry+heaters+for+sale HTTP/1.1" 200 22063 "-" "Mozilla/5.0 (Linux; Android 6.0.1; Nexus 5X Build/MMB29P) AppleWebKit/537.36 (KHTML, like Gecko) Chrome/137.0.7151.103 Mobile Safari/537.36 (compatible; Googlebot/2.1; +http://www.google.com/bot.html)"
66.249.79.32 - - [12/Jul/2025:15:00:51 +0000] "GET /?h=6194162061960&mod=acac6e55&uri=brands.php%3Fid%3D206872-219%26name%3Dnash+boilies+for HTTP/1.1" 200 21761 "-" "Mozilla/5.0 (Linux; Android 6.0.1; Nexus 5X Build/MMB29P) AppleWebKit/537.36 (KHTML, like Gecko) Chrome/137.0.7151.103 Mobile Safari/537.36 (compatible; Googlebot/2.1; +http://www.google.com/bot.html)"
66.249.79.32 - - [12/Jul/2025:15:00:57 +0000] "GET /?h=116552049031960&mod=e1029434&uri=search.php%3Fid%3D3889751-208%26name%3Dnikon+coolpix+s6150 HTTP/1.1" 200 20975 "-" "Mozilla/5.0 (Linux; Android 6.0.1; Nexus 5X Build/MMB29P) AppleWebKit/537.36 (KHTML, like Gecko) Chrome/137.0.7151.103 Mobile Safari/537.36 (compatible; Googlebot/2.1; +http://www.google.com/bot.html)"
66.249.79.32 - - [12/Jul/2025:15:00:57 +0000] "GET /?h=25231632021960&mod=eede2d28&uri=dp.php%3Fid%3D842135-235%26name%3Ds+oliver+felljacke HTTP/1.1" 200 22452 "-" "Mozilla/5.0 (Linux; Android 6.0.1; Nexus 5X Build/MMB29P) AppleWebKit/537.36 (KHTML, like Gecko) Chrome/137.0.7151.103 Mobile Safari/537.36 (compatible; Googlebot/2.1; +http://www.google.com/bot.html)"
66.249.79.32 - - [12/Jul/2025:15:00:57 +0000] "GET /?h=6381607131960&mod=c2f91461&uri=pin.php%3Fid%3D213149-363%26name%3Dcyrus+jewelers+monroe+new+york HTTP/1.1" 200 20920 "-" "Mozilla/5.0 (Linux; Android 6.0.1; Nexus 5X Build/MMB29P) AppleWebKit/537.36 (KHTML, like Gecko) Chrome/137.0.7151.103 Mobile Safari/537.36 (compatible; Googlebot/2.1; +http://www.google.com/bot.html)"
66.249.79.32 - - [12/Jul/2025:15:00:59 +0000] "POST /get-message-notify HTTP/1.1" 200 21700 "https://kelaby.company/?h=6381607131960&mod=c2f91461&uri=pin.php%3Fid%3D213149-363%26name%3Dcyrus+jewelers+monroe+new+york" "Mozilla/5.0 (Linux; Android 6.0.1; Nexus 5X Build/MMB29P) AppleWebKit/537.36 (KHTML, like Gecko) Chrome/137.0.7151.119 Mobile Safari/537.36 (compatible; Googlebot/2.1; +http://www.google.com/bot.html)"
66.249.79.32 - - [12/Jul/2025:15:01:01 +0000] "POST /get-message-notify HTTP/1.1" 200 21712 "https://kelaby.company/?h=25231632021960&mod=eede2d28&uri=dp.php%3Fid%3D842135-235%26name%3Ds+oliver+felljacke" "Mozilla/5.0 (Linux; Android 6.0.1; Nexus 5X Build/MMB29P) AppleWebKit/537.36 (KHTML, like Gecko) Chrome/137.0.7151.119 Mobile Safari/537.36 (compatible; Googlebot/2.1; +http://www.google.com/bot.html)"
66.249.79.34 - - [12/Jul/2025:15:01:03 +0000] "GET /?h=6194761041960&mod=acac6e55&uri=form.php%3Fid%3D206892-219%26name%3Dlokatse+electric+fireplace HTTP/1.1" 200 22444 "-" "Mozilla/5.0 (Linux; Android 6.0.1; Nexus 5X Build/MMB29P) AppleWebKit/537.36 (KHTML, like Gecko) Chrome/137.0.7151.103 Mobile Safari/537.36 (compatible; Googlebot/2.1; +http://www.google.com/bot.html)"
66.249.79.32 - - [12/Jul/2025:15:01:09 +0000] "GET /?h=6198000021960&mod=acac6e55&uri=article.php%3Fid%3D207000-219%26name%3Dvivid+flame+electric+fireplace HTTP/1.1" 200 22276 "-" "Mozilla/5.0 (Linux; Android 6.0.1; Nexus 5X Build/MMB29P) AppleWebKit/537.36 (KHTML, like Gecko) Chrome/137.0.7151.103 Mobile Safari/537.36 (compatible; Googlebot/2.1; +http://www.google.com/bot.html)"
66.249.79.32 - - [12/Jul/2025:15:01:19 +0000] "GET /?h=6238912021960&mod=9b425b22&uri=product.php%3Fid%3D208378-359%26name%3Dnew+balance+801+feminino+verde HTTP/1.1" 200 21937 "-" "Mozilla/5.0 (Linux; Android 6.0.1; Nexus 5X Build/MMB29P) AppleWebKit/537.36 (KHTML, like Gecko) Chrome/137.0.7151.103 Mobile Safari/537.36 (compatible; Googlebot/2.1; +http://www.google.com/bot.html)"
66.249.79.32 - - [12/Jul/2025:15:01:25 +0000] "GET /?h=6398606041960&mod=3820fccb&uri=goods.php%3Fid%3D213716-183%26name%3Dactiva+new+model+7g HTTP/1.1" 200 20796 "-" "Mozilla/5.0 (Linux; Android 6.0.1; Nexus 5X Build/MMB29P) AppleWebKit/537.36 (KHTML, like Gecko) Chrome/137.0.7151.103 Mobile Safari/537.36 (compatible; Googlebot/2.1; +http://www.google.com/bot.html)"
66.249.79.32 - - [12/Jul/2025:15:01:31 +0000] "GET /?h=6379447011960&mod=c2f91461&uri=us.php%3Fid%3D213077-363%26name%3Dpandora+murano+glass+leaf+earrings HTTP/1.1" 200 21547 "-" "Mozilla/5.0 (Linux; Android 6.0.1; Nexus 5X Build/MMB29P) AppleWebKit/537.36 (KHTML, like Gecko) Chrome/137.0.7151.103 Mobile Safari/537.36 (compatible; Googlebot/2.1; +http://www.google.com/bot.html)"
66.249.79.32 - - [12/Jul/2025:15:01:31 +0000] "GET /?h=6372280011960&mod=c2f91461&uri=pin.php%3Fid%3D212838-363%26name%3Damber+mala+beads HTTP/1.1" 200 21773 "-" "Mozilla/5.0 (Linux; Android 6.0.1; Nexus 5X Build/MMB29P) AppleWebKit/537.36 (KHTML, like Gecko) Chrome/137.0.7151.103 Mobile Safari/537.36 (compatible; Googlebot/2.1; +http://www.google.com/bot.html)"
66.249.79.32 - - [12/Jul/2025:15:01:33 +0000] "GET /?h=6194881081960&mod=e50bea89&uri=info.php%3Fid%3D206896-296%26name%3Dsubah+subah+le+shiv+ka+naam+mp3 HTTP/1.1" 200 21618 "-" "Mozilla/5.0 (Linux; Android 6.0.1; Nexus 5X Build/MMB29P) AppleWebKit/537.36 (KHTML, like Gecko) Chrome/137.0.7151.103 Mobile Safari/537.36 (compatible; Googlebot/2.1; +http://www.google.com/bot.html)"
66.249.79.32 - - [12/Jul/2025:15:01:33 +0000] "POST /get-message-notify HTTP/1.1" 200 21707 "https://kelaby.company/?h=6372280011960&mod=c2f91461&uri=pin.php%3Fid%3D212838-363%26name%3Damber+mala+beads" "Mozilla/5.0 (Linux; Android 6.0.1; Nexus 5X Build/MMB29P) AppleWebKit/537.36 (KHTML, like Gecko) Chrome/137.0.7151.119 Mobile Safari/537.36 (compatible; Googlebot/2.1; +http://www.google.com/bot.html)"
66.249.79.32 - - [12/Jul/2025:15:01:36 +0000] "GET /?h=6389696031960&mod=c2f91461&uri=category-info.php%3Fid%3D213419-363%26name%3Dcreate+your+own+bracelets+kit HTTP/1.1" 200 21930 "-" "Mozilla/5.0 (Linux; Android 6.0.1; Nexus 5X Build/MMB29P) AppleWebKit/537.36 (KHTML, like Gecko) Chrome/137.0.7151.103 Mobile Safari/537.36 (compatible; Googlebot/2.1; +http://www.google.com/bot.html)"
66.249.79.32 - - [12/Jul/2025:15:01:38 +0000] "GET /?h=6193217061960&mod=acac6e55&uri=blog.php%3Fid%3D206840-219%26name%3Dhawken+energy+outdoor+wood+boiler HTTP/1.1" 200 21962 "-" "Mozilla/5.0 (Linux; Android 6.0.1; Nexus 5X Build/MMB29P) AppleWebKit/537.36 (KHTML, like Gecko) Chrome/137.0.7151.103 Mobile Safari/537.36 (compatible; Googlebot/2.1; +http://www.google.com/bot.html)"
66.249.79.32 - - [12/Jul/2025:15:01:42 +0000] "GET /?h=89831442031960&mod=c4fb7465&uri=us.php%3Fid%3D2997811-875%26name%3Dnetflix+best+movies+2019 HTTP/1.1" 200 21801 "-" "Mozilla/5.0 (Linux; Android 6.0.1; Nexus 5X Build/MMB29P) AppleWebKit/537.36 (KHTML, like Gecko) Chrome/137.0.7151.103 Mobile Safari/537.36 (compatible; Googlebot/2.1; +http://www.google.com/bot.html)"
66.249.79.32 - - [12/Jul/2025:15:01:48 +0000] "GET /?h=89819202061960&mod=701a79c0&uri=news.php%3Fid%3D2997403-1001%26name%3Dretro+14+red HTTP/1.1" 200 21358 "-" "Mozilla/5.0 (Linux; Android 6.0.1; Nexus 5X Build/MMB29P) AppleWebKit/537.36 (KHTML, like Gecko) Chrome/137.0.7151.103 Mobile Safari/537.36 (compatible; Googlebot/2.1; +http://www.google.com/bot.html)"
66.249.79.33 - - [12/Jul/2025:15:01:53 +0000] "GET /?h=89826762011960&mod=c4fb7465&uri=products.php%3Fid%3D2997655-875%26name%3Dmt10+new+balance HTTP/1.1" 200 20687 "-" "Mozilla/5.0 (Linux; Android 6.0.1; Nexus 5X Build/MMB29P) AppleWebKit/537.36 (KHTML, like Gecko) Chrome/137.0.7151.103 Mobile Safari/537.36 (compatible; Googlebot/2.1; +http://www.google.com/bot.html)"
66.249.79.33 - - [12/Jul/2025:15:01:58 +0000] "GET /?h=6328645011960&mod=dc2b6905&uri=brands.php%3Fid%3D211382-26%26name%3Dmi+roomba+se+para HTTP/1.1" 200 21939 "-" "Mozilla/5.0 (Linux; Android 6.0.1; Nexus 5X Build/MMB29P) AppleWebKit/537.36 (KHTML, like Gecko) Chrome/137.0.7151.103 Mobile Safari/537.36 (compatible; Googlebot/2.1; +http://www.google.com/bot.html)"
66.249.79.32 - - [12/Jul/2025:15:02:04 +0000] "GET /?h=6506185091960&mod=95f769a1&uri=search.php%3Fid%3D217303-180%26name%3Dpale+blue+dress+for+wedding HTTP/1.1" 200 21487 "-" "Mozilla/5.0 (Linux; Android 6.0.1; Nexus 5X Build/MMB29P) AppleWebKit/537.36 (KHTML, like Gecko) Chrome/137.0.7151.103 Mobile Safari/537.36 (compatible; Googlebot/2.1; +http://www.google.com/bot.html)"
66.249.79.32 - - [12/Jul/2025:15:02:09 +0000] "GET /?h=89828922011960&mod=c4fb7465&uri=pin.php%3Fid%3D2997727-875%26name%3Dnew+odia+movie+2018 HTTP/1.1" 200 22076 "-" "Mozilla/5.0 (Linux; Android 6.0.1; Nexus 5X Build/MMB29P) AppleWebKit/537.36 (KHTML, like Gecko) Chrome/137.0.7151.103 Mobile Safari/537.36 (compatible; Googlebot/2.1; +http://www.google.com/bot.html)"
66.249.79.32 - - [12/Jul/2025:15:02:13 +0000] "GET /?h=89829282121960&mod=c4fb7465&uri=brands.php%3Fid%3D2997739-875%26name%3Dmovies+in+theaters+right+now HTTP/1.1" 200 21513 "-" "Mozilla/5.0 (Linux; Android 6.0.1; Nexus 5X Build/MMB29P) AppleWebKit/537.36 (KHTML, like Gecko) Chrome/137.0.7151.103 Mobile Safari/537.36 (compatible; Googlebot/2.1; +http://www.google.com/bot.html)"
66.249.79.32 - - [12/Jul/2025:15:02:18 +0000] "GET /?h=96870633131960&mod=dc2b6905&uri=article.php%3Fid%3D3232802-26%26name%3Dcajas+sterilite HTTP/1.1" 200 20726 "-" "Mozilla/5.0 (Linux; Android 6.0.1; Nexus 5X Build/MMB29P) AppleWebKit/537.36 (KHTML, like Gecko) Chrome/137.0.7151.103 Mobile Safari/537.36 (compatible; Googlebot/2.1; +http://www.google.com/bot.html)"
66.249.79.32 - - [12/Jul/2025:15:02:24 +0000] "GET /?h=6304732031960&mod=f7efa4f8&uri=category-info.php%3Fid%3D210580-40%26name%3Dmakita+cordless+drill+with+battery+and+charger HTTP/1.1" 200 21877 "-" "Mozilla/5.0 (Linux; Android 6.0.1; Nexus 5X Build/MMB29P) AppleWebKit/537.36 (KHTML, like Gecko) Chrome/137.0.7151.103 Mobile Safari/537.36 (compatible; Googlebot/2.1; +http://www.google.com/bot.html)"
66.249.79.32 - - [12/Jul/2025:15:02:29 +0000] "GET /?h=6495385091960&mod=5f166bff&uri=shop.php%3Fid%3D216943-182%26name%3Dlight+coral+color+dress HTTP/1.1" 200 21263 "-" "Mozilla/5.0 (Linux; Android 6.0.1; Nexus 5X Build/MMB29P) AppleWebKit/537.36 (KHTML, like Gecko) Chrome/137.0.7151.103 Mobile Safari/537.36 (compatible; Googlebot/2.1; +http://www.google.com/bot.html)"
66.249.79.32 - - [12/Jul/2025:15:02:34 +0000] "GET /?h=89818302011960&mod=81db10a5&uri=shared.php%3Fid%3D2997373-624%26name%3Dbalenciaga+runners+outfit+ideas HTTP/1.1" 200 20919 "-" "Mozilla/5.0 (Linux; Android 6.0.1; Nexus 5X Build/MMB29P) AppleWebKit/537.36 (KHTML, like Gecko) Chrome/137.0.7151.103 Mobile Safari/537.36 (compatible; Googlebot/2.1; +http://www.google.com/bot.html)"
66.249.79.32 - - [12/Jul/2025:15:02:37 +0000] "POST /get-message-notify HTTP/1.1" 200 21702 "https://kelaby.company/?h=89828922011960&mod=c4fb7465&uri=pin.php%3Fid%3D2997727-875%26name%3Dnew+odia+movie+2018" "Mozilla/5.0 (Linux; Android 6.0.1; Nexus 5X Build/MMB29P) AppleWebKit/537.36 (KHTML, like Gecko) Chrome/137.0.7151.119 Mobile Safari/537.36 (compatible; Googlebot/2.1; +http://www.google.com/bot.html)"
209.74.77.214 - - [12/Jul/2025:15:02:42 +0000] "POST /wp-cron.php?doing_wp_cron=1752332562.1427500247955322265625 HTTP/1.1" 200 - "-" "WordPress/6.8.1; https://kelaby.company"
47.128.115.75 - - [12/Jul/2025:15:02:41 +0000] "GET / HTTP/1.1" 200 26419 "-" "Mozilla/5.0 (Linux; Android 5.0) AppleWebKit/537.36 (KHTML, like Gecko) Mobile Safari/537.36 (compatible; Bytespider; [email protected])"
47.128.62.44 - - [12/Jul/2025:15:02:44 +0000] "GET /robots.txt HTTP/1.1" 200 84 "-" "Mozilla/5.0 (Linux; Android 5.0) AppleWebKit/537.36 (KHTML, like Gecko) Mobile Safari/537.36 (compatible; Bytespider; [email protected])"
66.249.79.32 - - [12/Jul/2025:15:02:39 +0000] "GET /?h=89818122001960&mod=81db10a5&uri=products.php%3Fid%3D2997367-624%26name%3Dbest+kitten+heel+pumps HTTP/1.1" 200 20591 "-" "Mozilla/5.0 (Linux; Android 6.0.1; Nexus 5X Build/MMB29P) AppleWebKit/537.36 (KHTML, like Gecko) Chrome/137.0.7151.103 Mobile Safari/537.36 (compatible; Googlebot/2.1; +http://www.google.com/bot.html)"
66.249.79.32 - - [12/Jul/2025:15:02:45 +0000] "POST /get-message-notify HTTP/1.1" 200 21713 "https://kelaby.company/?h=89818302011960&mod=81db10a5&uri=shared.php%3Fid%3D2997373-624%26name%3Dbalenciaga+runners+outfit+ideas" "Mozilla/5.0 (Linux; Android 6.0.1; Nexus 5X Build/MMB29P) AppleWebKit/537.36 (KHTML, like Gecko) Chrome/137.0.7151.119 Mobile Safari/537.36 (compatible; Googlebot/2.1; +http://www.google.com/bot.html)"
66.249.79.32 - - [12/Jul/2025:15:02:46 +0000] "GET /?h=107639977001960&mod=dc2b6905&uri=us.php%3Fid%3D3592304-26%26name%3Dsplitter+hdmi+audio+video HTTP/1.1" 200 21540 "-" "Mozilla/5.0 (Linux; Android 6.0.1; Nexus 5X Build/MMB29P) AppleWebKit/537.36 (KHTML, like Gecko) Chrome/137.0.7151.103 Mobile Safari/537.36 (compatible; Googlebot/2.1; +http://www.google.com/bot.html)"
66.249.79.32 - - [12/Jul/2025:15:02:50 +0000] "GET /?h=6488485041960&mod=5f166bff&uri=search.php%3Fid%3D216713-182%26name%3Dcoral+plus+size+dress+for+wedding HTTP/1.1" 200 22104 "-" "Mozilla/5.0 (Linux; Android 6.0.1; Nexus 5X Build/MMB29P) AppleWebKit/537.36 (KHTML, like Gecko) Chrome/137.0.7151.103 Mobile Safari/537.36 (compatible; Googlebot/2.1; +http://www.google.com/bot.html)"
66.249.79.32 - - [12/Jul/2025:15:02:56 +0000] "GET /?h=6492085041960&mod=5f166bff&uri=shared.php%3Fid%3D216833-182%26name%3Dcoral+tank+dress HTTP/1.1" 200 20986 "-" "Mozilla/5.0 (Linux; Android 6.0.1; Nexus 5X Build/MMB29P) AppleWebKit/537.36 (KHTML, like Gecko) Chrome/137.0.7151.103 Mobile Safari/537.36 (compatible; Googlebot/2.1; +http://www.google.com/bot.html)"
66.249.79.32 - - [12/Jul/2025:15:03:08 +0000] "POST /get-message-notify HTTP/1.1" 200 21714 "https://kelaby.company/?h=6488485041960&mod=5f166bff&uri=search.php%3Fid%3D216713-182%26name%3Dcoral+plus+size+dress+for+wedding" "Mozilla/5.0 (Linux; Android 6.0.1; Nexus 5X Build/MMB29P) AppleWebKit/537.36 (KHTML, like Gecko) Chrome/137.0.7151.119 Mobile Safari/537.36 (compatible; Googlebot/2.1; +http://www.google.com/bot.html)"
66.249.79.33 - - [12/Jul/2025:15:03:06 +0000] "GET /?h=6298072061960&mod=f7efa4f8&uri=form.php%3Fid%3D210358-40%26name%3Dused+foot+bush+hog+for+sale HTTP/1.1" 200 22167 "-" "Mozilla/5.0 (Linux; Android 6.0.1; Nexus 5X Build/MMB29P) AppleWebKit/537.36 (KHTML, like Gecko) Chrome/137.0.7151.103 Mobile Safari/537.36 (compatible; Googlebot/2.1; +http://www.google.com/bot.html)"
66.249.79.34 - - [12/Jul/2025:15:03:02 +0000] "GET /?h=112839118051960&mod=dc2b6905&uri=info.php%3Fid%3D3765849-26%26name%3Dcomprar+drone+xiaomi HTTP/1.1" 200 21306 "-" "Mozilla/5.0 (Linux; Android 6.0.1; Nexus 5X Build/MMB29P) AppleWebKit/537.36 (KHTML, like Gecko) Chrome/137.0.7151.103 Mobile Safari/537.36 (compatible; Googlebot/2.1; +http://www.google.com/bot.html)"
66.249.79.33 - - [12/Jul/2025:15:03:12 +0000] "GET /?h=6488185091960&mod=95f769a1&uri=goods.php%3Fid%3D216703-180%26name%3Dwedding+attire+for+cold+weather HTTP/1.1" 200 21422 "-" "Mozilla/5.0 (Linux; Android 6.0.1; Nexus 5X Build/MMB29P) AppleWebKit/537.36 (KHTML, like Gecko) Chrome/137.0.7151.103 Mobile Safari/537.36 (compatible; Googlebot/2.1; +http://www.google.com/bot.html)"
66.249.79.33 - - [12/Jul/2025:15:03:14 +0000] "POST /get-message-notify HTTP/1.1" 200 21715 "https://kelaby.company/?h=107639977001960&mod=dc2b6905&uri=us.php%3Fid%3D3592304-26%26name%3Dsplitter+hdmi+audio+video" "Mozilla/5.0 (Linux; Android 6.0.1; Nexus 5X Build/MMB29P) AppleWebKit/537.36 (KHTML, like Gecko) Chrome/137.0.7151.119 Mobile Safari/537.36 (compatible; Googlebot/2.1; +http://www.google.com/bot.html)"
66.249.79.33 - - [12/Jul/2025:15:03:16 +0000] "GET /?h=89728002011960&mod=f7efa4f8&uri=goods.php%3Fid%3D2994358-40%26name%3Dcraftsman+riding+lawn+mower+hp+42 HTTP/1.1" 200 22152 "-" "Mozilla/5.0 (Linux; Android 6.0.1; Nexus 5X Build/MMB29P) AppleWebKit/537.36 (KHTML, like Gecko) Chrome/137.0.7151.103 Mobile Safari/537.36 (compatible; Googlebot/2.1; +http://www.google.com/bot.html)"
66.249.79.32 - - [12/Jul/2025:15:03:19 +0000] "POST /get-message-notify HTTP/1.1" 200 21694 "https://kelaby.company/?h=89728002011960&mod=f7efa4f8&uri=goods.php%3Fid%3D2994358-40%26name%3Dcraftsman+riding+lawn+mower+hp+42" "Mozilla/5.0 (Linux; Android 6.0.1; Nexus 5X Build/MMB29P) AppleWebKit/537.36 (KHTML, like Gecko) Chrome/137.0.7151.119 Mobile Safari/537.36 (compatible; Googlebot/2.1; +http://www.google.com/bot.html)"
66.249.79.32 - - [12/Jul/2025:15:03:21 +0000] "GET /?h=89822442041960&mod=936b4916&uri=blog.php%3Fid%3D2997511-1400%26name%3Dwomens+asics+gecko+xt HTTP/1.1" 200 22070 "-" "Mozilla/5.0 (Linux; Android 6.0.1; Nexus 5X Build/MMB29P) AppleWebKit/537.36 (KHTML, like Gecko) Chrome/137.0.7151.103 Mobile Safari/537.36 (compatible; Googlebot/2.1; +http://www.google.com/bot.html)"
66.249.79.37 - - [12/Jul/2025:15:03:30 +0000] "GET /?h=89822982021960&mod=81db10a5&uri=form.php%3Fid%3D2997529-624%26name%3Dsneakers+ballet HTTP/1.1" 200 21131 "-" "Mozilla/5.0 (Linux; Android 6.0.1; Nexus 5X Build/MMB29P) AppleWebKit/537.36 (KHTML, like Gecko) Chrome/137.0.7151.103 Mobile Safari/537.36 (compatible; Googlebot/2.1; +http://www.google.com/bot.html)"
66.249.79.37 - - [12/Jul/2025:15:03:34 +0000] "POST /get-message-notify HTTP/1.1" 200 21709 "https://kelaby.company/?h=89822982021960&mod=81db10a5&uri=form.php%3Fid%3D2997529-624%26name%3Dsneakers+ballet" "Mozilla/5.0 (Linux; Android 6.0.1; Nexus 5X Build/MMB29P) AppleWebKit/537.36 (KHTML, like Gecko) Chrome/137.0.7151.119 Mobile Safari/537.36 (compatible; Googlebot/2.1; +http://www.google.com/bot.html)"
66.249.79.37 - - [12/Jul/2025:15:03:36 +0000] "GET /?h=6083101031960&mod=f7efa4f8&uri=blog.php%3Fid%3D203137-40%26name%3Dm12+battery HTTP/1.1" 200 22008 "-" "Mozilla/5.0 (Linux; Android 6.0.1; Nexus 5X Build/MMB29P) AppleWebKit/537.36 (KHTML, like Gecko) Chrome/137.0.7151.103 Mobile Safari/537.36 (compatible; Googlebot/2.1; +http://www.google.com/bot.html)"
66.249.79.37 - - [12/Jul/2025:15:03:36 +0000] "GET /?h=89822622001960&mod=81db10a5&uri=itm.php%3Fid%3D2997517-624%26name%3Dwhite+dress+goes+with+what+color+shoes HTTP/1.1" 200 20778 "-" "Mozilla/5.0 (Linux; Android 6.0.1; Nexus 5X Build/MMB29P) AppleWebKit/537.36 (KHTML, like Gecko) Chrome/137.0.7151.103 Mobile Safari/537.36 (compatible; Googlebot/2.1; +http://www.google.com/bot.html)"
66.249.79.37 - - [12/Jul/2025:15:03:37 +0000] "GET /?h=6082981011960&mod=f7efa4f8&uri=search.php%3Fid%3D203133-40%26name%3Dleaf+blower+ryobi+cordless HTTP/1.1" 200 22156 "-" "Mozilla/5.0 (Linux; Android 6.0.1; Nexus 5X Build/MMB29P) AppleWebKit/537.36 (KHTML, like Gecko) Chrome/137.0.7151.103 Mobile Safari/537.36 (compatible; Googlebot/2.1; +http://www.google.com/bot.html)"
209.74.77.214 - - [12/Jul/2025:15:03:39 +0000] "POST /wp-cron.php?doing_wp_cron=1752332619.8160688877105712890625 HTTP/1.1" 200 - "-" "WordPress/6.8.1; https://kelaby.company"
51.222.253.17 - - [12/Jul/2025:15:03:39 +0000] "GET /?h=58665954081960&uri=goods.php%3Fid%3D1957708-1351%26name%3Dpeugeot%20store%20vetement HTTP/1.1" 200 26419 "-" "Mozilla/5.0 (compatible; AhrefsBot/7.0; +http://ahrefs.com/robot/)"
66.249.79.37 - - [12/Jul/2025:15:03:43 +0000] "GET /?h=89743505041960&mod=f2a4a214&uri=blog.php%3Fid%3D2994876-134%26name%3Dchampions+league+results+update HTTP/1.1" 200 21990 "-" "Mozilla/5.0 (Linux; Android 6.0.1; Nexus 5X Build/MMB29P) AppleWebKit/537.36 (KHTML, like Gecko) Chrome/137.0.7151.103 Mobile Safari/537.36 (compatible; Googlebot/2.1; +http://www.google.com/bot.html)"
66.249.79.37 - - [12/Jul/2025:15:03:46 +0000] "POST /get-message-notify HTTP/1.1" 200 21714 "https://kelaby.company/?h=89743505041960&mod=f2a4a214&uri=blog.php%3Fid%3D2994876-134%26name%3Dchampions+league+results+update" "Mozilla/5.0 (Linux; Android 6.0.1; Nexus 5X Build/MMB29P) AppleWebKit/537.36 (KHTML, like Gecko) Chrome/137.0.7151.119 Mobile Safari/537.36 (compatible; Googlebot/2.1; +http://www.google.com/bot.html)"
66.249.79.233 - - [12/Jul/2025:15:03:48 +0000] "GET /?h=5933981021960&mod=be8e1862&uri=dp.php%3Fid%3D198158-342%26name%3Dbebe+style+comfiplus+floating+baby+cradle HTTP/1.1" 200 21180 "-" "Mozilla/5.0 (Linux; Android 6.0.1; Nexus 5X Build/MMB29P) AppleWebKit/537.36 (KHTML, like Gecko) Chrome/137.0.7151.103 Mobile Safari/537.36 (compatible; Googlebot/2.1; +http://www.google.com/bot.html)"
66.249.79.37 - - [12/Jul/2025:15:03:48 +0000] "GET /?h=89826222071960&mod=c4fb7465&uri=us.php%3Fid%3D2997637-875%26name%3Dnew+tv+series+2018 HTTP/1.1" 200 20493 "-" "Mozilla/5.0 (Linux; Android 6.0.1; Nexus 5X Build/MMB29P) AppleWebKit/537.36 (KHTML, like Gecko) Chrome/137.0.7151.103 Mobile Safari/537.36 (compatible; Googlebot/2.1; +http://www.google.com/bot.html)"
66.249.79.32 - - [12/Jul/2025:15:03:51 +0000] "GET /?h=89723599031960&mod=f7efa4f8&uri=category-info.php%3Fid%3D2994211-40%26name%3Djohn+deere+mower+plus+app HTTP/1.1" 200 22821 "-" "Mozilla/5.0 (Linux; Android 6.0.1; Nexus 5X Build/MMB29P) AppleWebKit/537.36 (KHTML, like Gecko) Chrome/137.0.7151.103 Mobile Safari/537.36 (compatible; Googlebot/2.1; +http://www.google.com/bot.html)"
66.249.79.32 - - [12/Jul/2025:15:03:53 +0000] "POST /get-message-notify HTTP/1.1" 200 21718 "https://kelaby.company/?h=6082981011960&mod=f7efa4f8&uri=search.php%3Fid%3D203133-40%26name%3Dleaf+blower+ryobi+cordless" "Mozilla/5.0 (Linux; Android 6.0.1; Nexus 5X Build/MMB29P) AppleWebKit/537.36 (KHTML, like Gecko) Chrome/137.0.7151.119 Mobile Safari/537.36 (compatible; Googlebot/2.1; +http://www.google.com/bot.html)"
66.249.79.32 - - [12/Jul/2025:15:03:54 +0000] "GET /?h=89734650031960&mod=f7efa4f8&uri=pin.php%3Fid%3D2994580-40%26name%3D11ab1be729 HTTP/1.1" 200 22707 "-" "Mozilla/5.0 (Linux; Android 6.0.1; Nexus 5X Build/MMB29P) AppleWebKit/537.36 (KHTML, like Gecko) Chrome/137.0.7151.103 Mobile Safari/537.36 (compatible; Googlebot/2.1; +http://www.google.com/bot.html)"
66.249.79.37 - - [12/Jul/2025:15:03:59 +0000] "GET /?h=89830542041960&mod=c4fb7465&uri=brands.php%3Fid%3D2997781-875%26name%3Dnew+balance+xc+review HTTP/1.1" 200 20920 "-" "Mozilla/5.0 (Linux; Android 6.0.1; Nexus 5X Build/MMB29P) AppleWebKit/537.36 (KHTML, like Gecko) Chrome/137.0.7151.103 Mobile Safari/537.36 (compatible; Googlebot/2.1; +http://www.google.com/bot.html)"
66.249.79.32 - - [12/Jul/2025:15:04:00 +0000] "GET /?h=6018875101960&mod=681e38a8&uri=product.php%3Fid%3D200992-346%26name%3Dnj+knights+football HTTP/1.1" 200 21890 "-" "Mozilla/5.0 (Linux; Android 6.0.1; Nexus 5X Build/MMB29P) AppleWebKit/537.36 (KHTML, like Gecko) Chrome/137.0.7151.103 Mobile Safari/537.36 (compatible; Googlebot/2.1; +http://www.google.com/bot.html)"
66.249.79.37 - - [12/Jul/2025:15:04:04 +0000] "GET /?h=6024065011960&mod=62c1507b&uri=brands.php%3Fid%3D201165-330%26name%3Dheatermate+with+timer+wifi HTTP/1.1" 200 21775 "-" "Mozilla/5.0 (Linux; Android 6.0.1; Nexus 5X Build/MMB29P) AppleWebKit/537.36 (KHTML, like Gecko) Chrome/137.0.7151.103 Mobile Safari/537.36 (compatible; Googlebot/2.1; +http://www.google.com/bot.html)"
66.249.79.37 - - [12/Jul/2025:15:04:05 +0000] "GET /?h=89821182071960&mod=81db10a5&uri=shared.php%3Fid%3D2997469-624%26name%3Dadidas+human+race+wallpaper HTTP/1.1" 200 20333 "-" "Mozilla/5.0 (Linux; Android 6.0.1; Nexus 5X Build/MMB29P) AppleWebKit/537.36 (KHTML, like Gecko) Chrome/137.0.7151.103 Mobile Safari/537.36 (compatible; Googlebot/2.1; +http://www.google.com/bot.html)"
66.249.79.37 - - [12/Jul/2025:15:04:08 +0000] "GET /?h=89829102011960&mod=c4fb7465&uri=brands.php%3Fid%3D2997733-875%26name%3Dnew+film+releases HTTP/1.1" 200 21167 "-" "Mozilla/5.0 (Linux; Android 6.0.1; Nexus 5X Build/MMB29P) AppleWebKit/537.36 (KHTML, like Gecko) Chrome/137.0.7151.103 Mobile Safari/537.36 (compatible; Googlebot/2.1; +http://www.google.com/bot.html)"
66.249.79.37 - - [12/Jul/2025:15:04:13 +0000] "GET /?h=89822262031960&mod=81db10a5&uri=us.php%3Fid%3D2997505-624%26name%3Dblack+shirt+grey+pants+black+shoes HTTP/1.1" 200 20454 "-" "Mozilla/5.0 (Linux; Android 6.0.1; Nexus 5X Build/MMB29P) AppleWebKit/537.36 (KHTML, like Gecko) Chrome/137.0.7151.103 Mobile Safari/537.36 (compatible; Googlebot/2.1; +http://www.google.com/bot.html)"
66.249.79.37 - - [12/Jul/2025:15:04:18 +0000] "GET /?h=89829642041960&mod=81db10a5&uri=itm.php%3Fid%3D2997751-624%26name%3Dblack+ivy+league+stripes+women%27s+espadrilles HTTP/1.1" 200 23004 "-" "Mozilla/5.0 (Linux; Android 6.0.1; Nexus 5X Build/MMB29P) AppleWebKit/537.36 (KHTML, like Gecko) Chrome/137.0.7151.103 Mobile Safari/537.36 (compatible; Googlebot/2.1; +http://www.google.com/bot.html)"
66.249.79.37 - - [12/Jul/2025:15:04:23 +0000] "GET /?h=89825862031960&mod=81db10a5&uri=search.php%3Fid%3D2997625-624%26name%3Dbest+rain+boots+for+big+calves HTTP/1.1" 200 21735 "-" "Mozilla/5.0 (Linux; Android 6.0.1; Nexus 5X Build/MMB29P) AppleWebKit/537.36 (KHTML, like Gecko) Chrome/137.0.7151.103 Mobile Safari/537.36 (compatible; Googlebot/2.1; +http://www.google.com/bot.html)"
66.249.79.37 - - [12/Jul/2025:15:04:34 +0000] "GET /?h=89822082071960&mod=81db10a5&uri=shop.php%3Fid%3D2997499-624%26name%3Dolive+sneaker+outfit HTTP/1.1" 200 20450 "-" "Mozilla/5.0 (Linux; Android 6.0.1; Nexus 5X Build/MMB29P) AppleWebKit/537.36 (KHTML, like Gecko) Chrome/137.0.7151.103 Mobile Safari/537.36 (compatible; Googlebot/2.1; +http://www.google.com/bot.html)"
66.249.79.37 - - [12/Jul/2025:15:04:28 +0000] "GET /?h=89827482011960&mod=c4fb7465&uri=shared.php%3Fid%3D2997679-875%26name%3Dnew+hd+movies HTTP/1.1" 200 21921 "-" "Mozilla/5.0 (Linux; Android 6.0.1; Nexus 5X Build/MMB29P) AppleWebKit/537.36 (KHTML, like Gecko) Chrome/137.0.7151.103 Mobile Safari/537.36 (compatible; Googlebot/2.1; +http://www.google.com/bot.html)"
66.249.79.37 - - [12/Jul/2025:15:04:39 +0000] "GET /?h=89730210001960&mod=f7efa4f8&uri=search.php%3Fid%3D2994432-40%26name%3Dtwin+force+lawn+mower HTTP/1.1" 200 22569 "-" "Mozilla/5.0 (Linux; Android 6.0.1; Nexus 5X Build/MMB29P) AppleWebKit/537.36 (KHTML, like Gecko) Chrome/137.0.7151.103 Mobile Safari/537.36 (compatible; Googlebot/2.1; +http://www.google.com/bot.html)"
66.249.79.37 - - [12/Jul/2025:15:04:44 +0000] "GET /?h=89829462031960&mod=c4fb7465&uri=shared.php%3Fid%3D2997745-875%26name%3Dnew+balance+560v6+tech+ride HTTP/1.1" 200 20953 "-" "Mozilla/5.0 (Linux; Android 6.0.1; Nexus 5X Build/MMB29P) AppleWebKit/537.36 (KHTML, like Gecko) Chrome/137.0.7151.103 Mobile Safari/537.36 (compatible; Googlebot/2.1; +http://www.google.com/bot.html)"
66.249.79.37 - - [12/Jul/2025:15:04:49 +0000] "GET /?h=89830362031960&mod=c4fb7465&uri=shop.php%3Fid%3D2997775-875%26name%3Dbest+movies+of+2019+bollywood HTTP/1.1" 200 21046 "-" "Mozilla/5.0 (Linux; Android 6.0.1; Nexus 5X Build/MMB29P) AppleWebKit/537.36 (KHTML, like Gecko) Chrome/137.0.7151.103 Mobile Safari/537.36 (compatible; Googlebot/2.1; +http://www.google.com/bot.html)"
66.249.79.37 - - [12/Jul/2025:15:04:52 +0000] "POST /get-message-notify HTTP/1.1" 200 21687 "https://kelaby.company/?h=89830362031960&mod=c4fb7465&uri=shop.php%3Fid%3D2997775-875%26name%3Dbest+movies+of+2019+bollywood" "Mozilla/5.0 (Linux; Android 6.0.1; Nexus 5X Build/MMB29P) AppleWebKit/537.36 (KHTML, like Gecko) Chrome/137.0.7151.119 Mobile Safari/537.36 (compatible; Googlebot/2.1; +http://www.google.com/bot.html)"
66.249.79.37 - - [12/Jul/2025:15:04:54 +0000] "GET /?h=89830902011960&mod=c4fb7465&uri=info.php%3Fid%3D2997793-875%26name%3Dtamil+new+film HTTP/1.1" 200 20844 "-" "Mozilla/5.0 (Linux; Android 6.0.1; Nexus 5X Build/MMB29P) AppleWebKit/537.36 (KHTML, like Gecko) Chrome/137.0.7151.103 Mobile Safari/537.36 (compatible; Googlebot/2.1; +http://www.google.com/bot.html)"
66.249.79.37 - - [12/Jul/2025:15:05:00 +0000] "GET /?h=89825502011960&mod=c4fb7465&uri=category-info.php%3Fid%3D2997613-875%26name%3Dchild%27s+play+2019+trailer HTTP/1.1" 200 21951 "-" "Mozilla/5.0 (Linux; Android 6.0.1; Nexus 5X Build/MMB29P) AppleWebKit/537.36 (KHTML, like Gecko) Chrome/137.0.7151.103 Mobile Safari/537.36 (compatible; Googlebot/2.1; +http://www.google.com/bot.html)"
66.249.79.37 - - [12/Jul/2025:15:05:11 +0000] "GET /?h=89828022051960&mod=c4fb7465&uri=blog.php%3Fid%3D2997697-875%26name%3Dsouth+ki+nayi+movie HTTP/1.1" 200 20498 "-" "Mozilla/5.0 (Linux; Android 6.0.1; Nexus 5X Build/MMB29P) AppleWebKit/537.36 (KHTML, like Gecko) Chrome/137.0.7151.103 Mobile Safari/537.36 (compatible; Googlebot/2.1; +http://www.google.com/bot.html)"
66.249.79.37 - - [12/Jul/2025:15:05:07 +0000] "GET /?h=89723539021960&mod=f7efa4f8&uri=search.php%3Fid%3D2994209-40%26name%3Dhand+grass+cutter+machine+price HTTP/1.1" 200 22361 "-" "Mozilla/5.0 (Linux; Android 6.0.1; Nexus 5X Build/MMB29P) AppleWebKit/537.36 (KHTML, like Gecko) Chrome/137.0.7151.103 Mobile Safari/537.36 (compatible; Googlebot/2.1; +http://www.google.com/bot.html)"
66.249.79.37 - - [12/Jul/2025:15:05:11 +0000] "GET /?h=25156425021960&mod=0cb929ea&uri=product.php%3Fid%3D839622-6%26name%3Dmontre+trail+2020 HTTP/1.1" 200 21347 "-" "Mozilla/5.0 (Linux; Android 6.0.1; Nexus 5X Build/MMB29P) AppleWebKit/537.36 (KHTML, like Gecko) Chrome/137.0.7151.103 Mobile Safari/537.36 (compatible; Googlebot/2.1; +http://www.google.com/bot.html)"
66.249.79.37 - - [12/Jul/2025:15:05:17 +0000] "GET /?h=89828382071960&mod=c4fb7465&uri=category-info.php%3Fid%3D2997709-875%26name%3Dde+de+pyar+de+new+movie HTTP/1.1" 200 21483 "-" "Mozilla/5.0 (Linux; Android 6.0.1; Nexus 5X Build/MMB29P) AppleWebKit/537.36 (KHTML, like Gecko) Chrome/137.0.7151.103 Mobile Safari/537.36 (compatible; Googlebot/2.1; +http://www.google.com/bot.html)"
66.249.79.37 - - [12/Jul/2025:15:05:23 +0000] "POST /get-message-notify HTTP/1.1" 200 21708 "https://kelaby.company/?h=25156425021960&mod=0cb929ea&uri=product.php%3Fid%3D839622-6%26name%3Dmontre+trail+2020" "Mozilla/5.0 (Linux; Android 6.0.1; Nexus 5X Build/MMB29P) AppleWebKit/537.36 (KHTML, like Gecko) Chrome/137.0.7151.119 Mobile Safari/537.36 (compatible; Googlebot/2.1; +http://www.google.com/bot.html)"
66.249.79.37 - - [12/Jul/2025:15:05:23 +0000] "GET /?h=89819382071960&mod=81db10a5&uri=article.php%3Fid%3D2997409-624%26name%3Dnavy+white+dress+shoes HTTP/1.1" 200 20885 "-" "Mozilla/5.0 (Linux; Android 6.0.1; Nexus 5X Build/MMB29P) AppleWebKit/537.36 (KHTML, like Gecko) Chrome/137.0.7151.103 Mobile Safari/537.36 (compatible; Googlebot/2.1; +http://www.google.com/bot.html)"
66.249.79.37 - - [12/Jul/2025:15:05:24 +0000] "GET /?h=25116886041960&mod=3567c93c&uri=news.php%3Fid%3D838303-877%26name%3Dbeach+chair+for+tall+man HTTP/1.1" 200 20630 "-" "Mozilla/5.0 (Linux; Android 6.0.1; Nexus 5X Build/MMB29P) AppleWebKit/537.36 (KHTML, like Gecko) Chrome/137.0.7151.103 Mobile Safari/537.36 (compatible; Googlebot/2.1; +http://www.google.com/bot.html)"
66.249.79.37 - - [12/Jul/2025:15:05:29 +0000] "GET /?h=89817762031960&mod=81db10a5&uri=news.php%3Fid%3D2997355-624%26name%3Dblack+transparent+block+heels HTTP/1.1" 200 20969 "-" "Mozilla/5.0 (Linux; Android 6.0.1; Nexus 5X Build/MMB29P) AppleWebKit/537.36 (KHTML, like Gecko) Chrome/137.0.7151.103 Mobile Safari/537.36 (compatible; Googlebot/2.1; +http://www.google.com/bot.html)"
66.249.79.37 - - [12/Jul/2025:15:05:35 +0000] "GET /?h=89819022071960&mod=701a79c0&uri=shop.php%3Fid%3D2997397-1001%26name%3Dred+and+white+rings HTTP/1.1" 200 20382 "-" "Mozilla/5.0 (Linux; Android 6.0.1; Nexus 5X Build/MMB29P) AppleWebKit/537.36 (KHTML, like Gecko) Chrome/137.0.7151.103 Mobile Safari/537.36 (compatible; Googlebot/2.1; +http://www.google.com/bot.html)"
66.249.79.37 - - [12/Jul/2025:15:05:36 +0000] "GET /?h=33962997081960&mod=681e38a8&uri=info.php%3Fid%3D1133566-346%26name%3Dgalatasaray+dls+kit HTTP/1.1" 200 22858 "-" "Mozilla/5.0 (Linux; Android 6.0.1; Nexus 5X Build/MMB29P) AppleWebKit/537.36 (KHTML, like Gecko) Chrome/137.0.7151.103 Mobile Safari/537.36 (compatible; Googlebot/2.1; +http://www.google.com/bot.html)"
66.249.79.37 - - [12/Jul/2025:15:05:38 +0000] "GET /?h=89819742071960&mod=81db10a5&uri=brands.php%3Fid%3D2997421-624%26name%3Dadidas+nmd+r1+black+orchid+tint HTTP/1.1" 200 20858 "-" "Mozilla/5.0 (Linux; Android 6.0.1; Nexus 5X Build/MMB29P) AppleWebKit/537.36 (KHTML, like Gecko) Chrome/137.0.7151.103 Mobile Safari/537.36 (compatible; Googlebot/2.1; +http://www.google.com/bot.html)"
66.249.79.37 - - [12/Jul/2025:15:05:38 +0000] "POST /get-message-notify HTTP/1.1" 200 21700 "https://kelaby.company/?h=89819022071960&mod=701a79c0&uri=shop.php%3Fid%3D2997397-1001%26name%3Dred+and+white+rings" "Mozilla/5.0 (Linux; Android 6.0.1; Nexus 5X Build/MMB29P) AppleWebKit/537.36 (KHTML, like Gecko) Chrome/137.0.7151.119 Mobile Safari/537.36 (compatible; Googlebot/2.1; +http://www.google.com/bot.html)"
66.249.79.37 - - [12/Jul/2025:15:05:41 +0000] "POST /get-message-notify HTTP/1.1" 200 21713 "https://kelaby.company/?h=89819742071960&mod=81db10a5&uri=brands.php%3Fid%3D2997421-624%26name%3Dadidas+nmd+r1+black+orchid+tint" "Mozilla/5.0 (Linux; Android 6.0.1; Nexus 5X Build/MMB29P) AppleWebKit/537.36 (KHTML, like Gecko) Chrome/137.0.7151.119 Mobile Safari/537.36 (compatible; Googlebot/2.1; +http://www.google.com/bot.html)"
66.249.79.37 - - [12/Jul/2025:15:05:42 +0000] "GET /?h=89828562031960&mod=c4fb7465&uri=form.php%3Fid%3D2997715-875%26name%3Dhorror+movies+out+now HTTP/1.1" 200 20800 "-" "Mozilla/5.0 (Linux; Android 6.0.1; Nexus 5X Build/MMB29P) AppleWebKit/537.36 (KHTML, like Gecko) Chrome/137.0.7151.103 Mobile Safari/537.36 (compatible; Googlebot/2.1; +http://www.google.com/bot.html)"
66.249.79.32 - - [12/Jul/2025:15:05:47 +0000] "GET /?h=89819922001960&mod=81db10a5&uri=category-info.php%3Fid%3D2997427-624%26name%3Dwhite+oxford+shoes+outfit HTTP/1.1" 200 20368 "-" "Mozilla/5.0 (Linux; Android 6.0.1; Nexus 5X Build/MMB29P) AppleWebKit/537.36 (KHTML, like Gecko) Chrome/137.0.7151.103 Mobile Safari/537.36 (compatible; Googlebot/2.1; +http://www.google.com/bot.html)"
66.249.79.32 - - [12/Jul/2025:15:05:52 +0000] "GET /?h=6288832041960&mod=f7efa4f8&uri=shared.php%3Fid%3D210050-40%26name%3Dhp1621+makita HTTP/1.1" 200 22155 "-" "Mozilla/5.0 (Linux; Android 6.0.1; Nexus 5X Build/MMB29P) AppleWebKit/537.36 (KHTML, like Gecko) Chrome/137.0.7151.103 Mobile Safari/537.36 (compatible; Googlebot/2.1; +http://www.google.com/bot.html)"
66.249.79.32 - - [12/Jul/2025:15:05:57 +0000] "GET /?h=89820282121960&mod=81db10a5&uri=product.php%3Fid%3D2997439-624%26name%3Dblack+dress+and+pink+heels HTTP/1.1" 200 20506 "-" "Mozilla/5.0 (Linux; Android 6.0.1; Nexus 5X Build/MMB29P) AppleWebKit/537.36 (KHTML, like Gecko) Chrome/137.0.7151.103 Mobile Safari/537.36 (compatible; Googlebot/2.1; +http://www.google.com/bot.html)"
66.249.79.33 - - [12/Jul/2025:15:06:01 +0000] "POST /get-message-notify HTTP/1.1" 200 21705 "https://kelaby.company/?h=25116886041960&mod=3567c93c&uri=news.php%3Fid%3D838303-877%26name%3Dbeach+chair+for+tall+man" "Mozilla/5.0 (Linux; Android 6.0.1; Nexus 5X Build/MMB29P) AppleWebKit/537.36 (KHTML, like Gecko) Chrome/137.0.7151.119 Mobile Safari/537.36 (compatible; Googlebot/2.1; +http://www.google.com/bot.html)"
66.249.79.33 - - [12/Jul/2025:15:06:02 +0000] "GET /?h=89827302031960&mod=c4fb7465&uri=shop.php%3Fid%3D2997673-875%26name%3D2019+latest+movies HTTP/1.1" 200 21182 "-" "Mozilla/5.0 (Linux; Android 6.0.1; Nexus 5X Build/MMB29P) AppleWebKit/537.36 (KHTML, like Gecko) Chrome/137.0.7151.103 Mobile Safari/537.36 (compatible; Googlebot/2.1; +http://www.google.com/bot.html)"
66.249.79.33 - - [12/Jul/2025:15:06:05 +0000] "POST /get-message-notify HTTP/1.1" 200 21700 "https://kelaby.company/?h=6288832041960&mod=f7efa4f8&uri=shared.php%3Fid%3D210050-40%26name%3Dhp1621+makita" "Mozilla/5.0 (Linux; Android 6.0.1; Nexus 5X Build/MMB29P) AppleWebKit/537.36 (KHTML, like Gecko) Chrome/137.0.7151.119 Mobile Safari/537.36 (compatible; Googlebot/2.1; +http://www.google.com/bot.html)"
66.249.79.37 - - [12/Jul/2025:15:06:07 +0000] "GET /?h=89830182121960&mod=c4fb7465&uri=search.php%3Fid%3D2997769-875%26name%3Dlion+king+new+movie HTTP/1.1" 200 20862 "-" "Mozilla/5.0 (Linux; Android 6.0.1; Nexus 5X Build/MMB29P) AppleWebKit/537.36 (KHTML, like Gecko) Chrome/137.0.7151.103 Mobile Safari/537.36 (compatible; Googlebot/2.1; +http://www.google.com/bot.html)"
66.249.79.37 - - [12/Jul/2025:15:06:12 +0000] "GET /?h=89826582071960&mod=c4fb7465&uri=products.php%3Fid%3D2997649-875%26name%3Dbangla+movie+2019 HTTP/1.1" 200 20780 "-" "Mozilla/5.0 (Linux; Android 6.0.1; Nexus 5X Build/MMB29P) AppleWebKit/537.36 (KHTML, like Gecko) Chrome/137.0.7151.103 Mobile Safari/537.36 (compatible; Googlebot/2.1; +http://www.google.com/bot.html)"
66.249.79.37 - - [12/Jul/2025:15:06:17 +0000] "GET /?h=89821902031960&mod=81db10a5&uri=brands.php%3Fid%3D2997493-624%26name%3Dbest+color+shoes+to+wear+with+rose+gold+dress HTTP/1.1" 200 21509 "-" "Mozilla/5.0 (Linux; Android 6.0.1; Nexus 5X Build/MMB29P) AppleWebKit/537.36 (KHTML, like Gecko) Chrome/137.0.7151.103 Mobile Safari/537.36 (compatible; Googlebot/2.1; +http://www.google.com/bot.html)"
66.249.79.37 - - [12/Jul/2025:15:06:23 +0000] "GET /?h=89820822031960&mod=81db10a5&uri=news.php%3Fid%3D2997457-624%26name%3Dblack+dress+what+shoes+to+wear HTTP/1.1" 200 20969 "-" "Mozilla/5.0 (Linux; Android 6.0.1; Nexus 5X Build/MMB29P) AppleWebKit/537.36 (KHTML, like Gecko) Chrome/137.0.7151.103 Mobile Safari/537.36 (compatible; Googlebot/2.1; +http://www.google.com/bot.html)"
66.249.79.37 - - [12/Jul/2025:15:06:31 +0000] "GET /?h=89821722001960&mod=81db10a5&uri=goods.php%3Fid%3D2997487-624%26name%3Dbest+shoe+for+foot+support HTTP/1.1" 200 21182 "-" "Mozilla/5.0 (Linux; Android 6.0.1; Nexus 5X Build/MMB29P) AppleWebKit/537.36 (KHTML, like Gecko) Chrome/137.0.7151.103 Mobile Safari/537.36 (compatible; Googlebot/2.1; +http://www.google.com/bot.html)"
66.249.79.37 - - [12/Jul/2025:15:06:36 +0000] "GET /?h=6306952021960&mod=f7efa4f8&uri=itm.php%3Fid%3D210654-40%26name%3Dgolf+green+mowers+for+sale HTTP/1.1" 200 22528 "-" "Mozilla/5.0 (Linux; Android 6.0.1; Nexus 5X Build/MMB29P) AppleWebKit/537.36 (KHTML, like Gecko) Chrome/137.0.7151.103 Mobile Safari/537.36 (compatible; Googlebot/2.1; +http://www.google.com/bot.html)"
66.249.79.37 - - [12/Jul/2025:15:06:40 +0000] "POST /get-message-notify HTTP/1.1" 200 21705 "https://kelaby.company/?h=89821722001960&mod=81db10a5&uri=goods.php%3Fid%3D2997487-624%26name%3Dbest+shoe+for+foot+support" "Mozilla/5.0 (Linux; Android 6.0.1; Nexus 5X Build/MMB29P) AppleWebKit/537.36 (KHTML, like Gecko) Chrome/137.0.7151.119 Mobile Safari/537.36 (compatible; Googlebot/2.1; +http://www.google.com/bot.html)"
66.249.79.37 - - [12/Jul/2025:15:06:41 +0000] "GET /?h=89819562011960&mod=701a79c0&uri=article.php%3Fid%3D2997415-1001%26name%3Djordan+retro+14+se HTTP/1.1" 200 20892 "-" "Mozilla/5.0 (Linux; Android 6.0.1; Nexus 5X Build/MMB29P) AppleWebKit/537.36 (KHTML, like Gecko) Chrome/137.0.7151.103 Mobile Safari/537.36 (compatible; Googlebot/2.1; +http://www.google.com/bot.html)"
66.249.79.37 - - [12/Jul/2025:15:06:43 +0000] "GET /?h=89723569021960&mod=f7efa4f8&uri=shared.php%3Fid%3D2994210-40%26name%3Dyard+machine+lawn+mower+grass+catcher HTTP/1.1" 200 22201 "-" "Mozilla/5.0 (Linux; Android 6.0.1; Nexus 5X Build/MMB29P) AppleWebKit/537.36 (KHTML, like Gecko) Chrome/137.0.7151.103 Mobile Safari/537.36 (compatible; Googlebot/2.1; +http://www.google.com/bot.html)"
20.188.8.85 - - [12/Jul/2025:15:06:44 +0000] "GET / HTTP/1.1" 200 26418 "-" "-"
66.249.79.37 - - [12/Jul/2025:15:06:44 +0000] "GET /?h=6126995051960&mod=e1029434&uri=product.php%3Fid%3D204601-208%26name%3Dsigma+24mm+ef HTTP/1.1" 200 21408 "-" "Mozilla/5.0 (Linux; Android 6.0.1; Nexus 5X Build/MMB29P) AppleWebKit/537.36 (KHTML, like Gecko) Chrome/137.0.7151.103 Mobile Safari/537.36 (compatible; Googlebot/2.1; +http://www.google.com/bot.html)"
66.249.79.37 - - [12/Jul/2025:15:06:49 +0000] "GET /?h=89828742041960&mod=c4fb7465&uri=goods.php%3Fid%3D2997721-875%26name%3Dsouth+movie+2019+new HTTP/1.1" 200 21193 "-" "Mozilla/5.0 (Linux; Android 6.0.1; Nexus 5X Build/MMB29P) AppleWebKit/537.36 (KHTML, like Gecko) Chrome/137.0.7151.103 Mobile Safari/537.36 (compatible; Googlebot/2.1; +http://www.google.com/bot.html)"
66.249.79.37 - - [12/Jul/2025:15:06:54 +0000] "GET /?h=89736870021960&mod=f7efa4f8&uri=category-info.php%3Fid%3D2994654-40%26name%3Dgreenworks+16+cordless+lawn+mower HTTP/1.1" 200 21846 "-" "Mozilla/5.0 (Linux; Android 6.0.1; Nexus 5X Build/MMB29P) AppleWebKit/537.36 (KHTML, like Gecko) Chrome/137.0.7151.103 Mobile Safari/537.36 (compatible; Googlebot/2.1; +http://www.google.com/bot.html)"
66.249.79.37 - - [12/Jul/2025:15:06:56 +0000] "POST /get-message-notify HTTP/1.1" 200 21697 "https://kelaby.company/?h=89828742041960&mod=c4fb7465&uri=goods.php%3Fid%3D2997721-875%26name%3Dsouth+movie+2019+new" "Mozilla/5.0 (Linux; Android 6.0.1; Nexus 5X Build/MMB29P) AppleWebKit/537.36 (KHTML, like Gecko) Chrome/137.0.7151.119 Mobile Safari/537.36 (compatible; Googlebot/2.1; +http://www.google.com/bot.html)"
66.249.79.37 - - [12/Jul/2025:15:06:59 +0000] "GET /?h=89817942091960&mod=81db10a5&uri=shop.php%3Fid%3D2997361-624%26name%3Dchildrens+flat+foot+insoles HTTP/1.1" 200 20368 "-" "Mozilla/5.0 (Linux; Android 6.0.1; Nexus 5X Build/MMB29P) AppleWebKit/537.36 (KHTML, like Gecko) Chrome/137.0.7151.103 Mobile Safari/537.36 (compatible; Googlebot/2.1; +http://www.google.com/bot.html)"
66.249.79.33 - - [12/Jul/2025:15:07:10 +0000] "GET /?h=89821002031960&mod=81db10a5&uri=itm.php%3Fid%3D2997463-624%26name%3Dshoes+to+wear+with+black+cocktail+dress HTTP/1.1" 200 20862 "-" "Mozilla/5.0 (Linux; Android 6.0.1; Nexus 5X Build/MMB29P) AppleWebKit/537.36 (KHTML, like Gecko) Chrome/137.0.7151.103 Mobile Safari/537.36 (compatible; Googlebot/2.1; +http://www.google.com/bot.html)"
66.249.79.32 - - [12/Jul/2025:15:07:05 +0000] "GET /?h=89820102031960&mod=701a79c0&uri=goods.php%3Fid%3D2997433-1001%26name%3Djordan+14+retro+red HTTP/1.1" 200 20764 "-" "Mozilla/5.0 (Linux; Android 6.0.1; Nexus 5X Build/MMB29P) AppleWebKit/537.36 (KHTML, like Gecko) Chrome/137.0.7151.103 Mobile Safari/537.36 (compatible; Googlebot/2.1; +http://www.google.com/bot.html)"
66.249.79.37 - - [12/Jul/2025:15:07:15 +0000] "POST /get-message-notify HTTP/1.1" 200 21704 "https://kelaby.company/?h=89820102031960&mod=701a79c0&uri=goods.php%3Fid%3D2997433-1001%26name%3Djordan+14+retro+red" "Mozilla/5.0 (Linux; Android 6.0.1; Nexus 5X Build/MMB29P) AppleWebKit/537.36 (KHTML, like Gecko) Chrome/137.0.7151.119 Mobile Safari/537.36 (compatible; Googlebot/2.1; +http://www.google.com/bot.html)"
66.249.79.32 - - [12/Jul/2025:15:07:18 +0000] "GET /?h=89817222051960&mod=81db10a5&uri=category-info.php%3Fid%3D2997337-624%26name%3Doutfits+to+go+with+checkered+vans HTTP/1.1" 200 20523 "-" "Mozilla/5.0 (Linux; Android 6.0.1; Nexus 5X Build/MMB29P) AppleWebKit/537.36 (KHTML, like Gecko) Chrome/137.0.7151.103 Mobile Safari/537.36 (compatible; Googlebot/2.1; +http://www.google.com/bot.html)"
66.249.79.37 - - [12/Jul/2025:15:07:21 +0000] "GET /?h=89821362031960&mod=701a79c0&uri=category-info.php%3Fid%3D2997475-1001%26name%3Dreverse+ferrari+jordans HTTP/1.1" 200 20824 "-" "Mozilla/5.0 (Linux; Android 6.0.1; Nexus 5X Build/MMB29P) AppleWebKit/537.36 (KHTML, like Gecko) Chrome/137.0.7151.103 Mobile Safari/537.36 (compatible; Googlebot/2.1; +http://www.google.com/bot.html)"
20.188.8.85 - - [12/Jul/2025:15:07:26 +0000] "GET /wp-admin/user/admin.php HTTP/1.1" 302 - "-" "-"
20.188.8.85 - - [12/Jul/2025:15:07:26 +0000] "GET /wp-login.php?redirect_to=https%3A%2F%2Fkelaby.company%2Fwp-admin%2Fuser%2Fadmin.php&reauth=1 HTTP/1.1" 200 2020 "-" "-"
66.249.79.37 - - [12/Jul/2025:15:07:25 +0000] "GET /?h=89826042091960&mod=c4fb7465&uri=goods.php%3Fid%3D2997631-875%26name%3Dbangla+movie+hd HTTP/1.1" 200 20843 "-" "Mozilla/5.0 (Linux; Android 6.0.1; Nexus 5X Build/MMB29P) AppleWebKit/537.36 (KHTML, like Gecko) Chrome/137.0.7151.103 Mobile Safari/537.36 (compatible; Googlebot/2.1; +http://www.google.com/bot.html)"
66.249.79.32 - - [12/Jul/2025:15:07:18 +0000] "GET /?h=74988979001960&mod=4b3da53a&uri=pin.php%3Fid%3D2502433-308%26name%3Dpunjabi+kurti+designs HTTP/1.1" 200 21214 "-" "Mozilla/5.0 (Linux; Android 6.0.1; Nexus 5X Build/MMB29P) AppleWebKit/537.36 (KHTML, like Gecko) Chrome/137.0.7151.103 Mobile Safari/537.36 (compatible; Googlebot/2.1; +http://www.google.com/bot.html)"
66.249.79.37 - - [12/Jul/2025:15:07:29 +0000] "POST /get-message-notify HTTP/1.1" 200 21690 "https://kelaby.company/?h=89826042091960&mod=c4fb7465&uri=goods.php%3Fid%3D2997631-875%26name%3Dbangla+movie+hd" "Mozilla/5.0 (Linux; Android 6.0.1; Nexus 5X Build/MMB29P) AppleWebKit/537.36 (KHTML, like Gecko) Chrome/137.0.7151.119 Mobile Safari/537.36 (compatible; Googlebot/2.1; +http://www.google.com/bot.html)"
66.249.79.37 - - [12/Jul/2025:15:07:30 +0000] "POST /get-message-notify HTTP/1.1" 200 21708 "https://kelaby.company/?h=74988979001960&mod=4b3da53a&uri=pin.php%3Fid%3D2502433-308%26name%3Dpunjabi+kurti+designs" "Mozilla/5.0 (Linux; Android 6.0.1; Nexus 5X Build/MMB29P) AppleWebKit/537.36 (KHTML, like Gecko) Chrome/137.0.7151.119 Mobile Safari/537.36 (compatible; Googlebot/2.1; +http://www.google.com/bot.html)"
66.249.79.37 - - [12/Jul/2025:15:07:31 +0000] "GET /?h=89821542031960&mod=81db10a5&uri=article.php%3Fid%3D2997481-624%26name%3Dblack+dress+with+grey+heels HTTP/1.1" 200 20973 "-" "Mozilla/5.0 (Linux; Android 6.0.1; Nexus 5X Build/MMB29P) AppleWebKit/537.36 (KHTML, like Gecko) Chrome/137.0.7151.103 Mobile Safari/537.36 (compatible; Googlebot/2.1; +http://www.google.com/bot.html)"
20.188.8.85 - - [12/Jul/2025:15:07:32 +0000] "GET /wp-admin/network/index.php HTTP/1.1" 302 - "-" "-"
20.188.8.85 - - [12/Jul/2025:15:07:32 +0000] "GET /wp-login.php?redirect_to=https%3A%2F%2Fkelaby.company%2Fwp-admin%2Fnetwork%2Findex.php&reauth=1 HTTP/1.1" 200 2023 "-" "-"
66.249.79.37 - - [12/Jul/2025:15:07:34 +0000] "POST /get-message-notify HTTP/1.1" 200 21687 "https://kelaby.company/?h=89821542031960&mod=81db10a5&uri=article.php%3Fid%3D2997481-624%26name%3Dblack+dress+with+grey+heels" "Mozilla/5.0 (Linux; Android 6.0.1; Nexus 5X Build/MMB29P) AppleWebKit/537.36 (KHTML, like Gecko) Chrome/137.0.7151.119 Mobile Safari/537.36 (compatible; Googlebot/2.1; +http://www.google.com/bot.html)"
66.249.79.37 - - [12/Jul/2025:15:07:38 +0000] "GET /?h=89825682031960&mod=c4fb7465&uri=products.php%3Fid%3D2997619-875%26name%3D2019+dvd+releases HTTP/1.1" 200 20799 "-" "Mozilla/5.0 (Linux; Android 6.0.1; Nexus 5X Build/MMB29P) AppleWebKit/537.36 (KHTML, like Gecko) Chrome/137.0.7151.103 Mobile Safari/537.36 (compatible; Googlebot/2.1; +http://www.google.com/bot.html)"
66.249.79.37 - - [12/Jul/2025:15:07:43 +0000] "GET /?h=89830002011960&mod=81db10a5&uri=search.php%3Fid%3D2997763-624%26name%3Dblack+dress+with+light+pink+shoes HTTP/1.1" 200 22065 "-" "Mozilla/5.0 (Linux; Android 6.0.1; Nexus 5X Build/MMB29P) AppleWebKit/537.36 (KHTML, like Gecko) Chrome/137.0.7151.103 Mobile Safari/537.36 (compatible; Googlebot/2.1; +http://www.google.com/bot.html)"
66.249.79.37 - - [12/Jul/2025:15:07:48 +0000] "GET /?h=89817582071960&mod=81db10a5&uri=search.php%3Fid%3D2997349-624%26name%3Dnavy+shoes+with+black+dress HTTP/1.1" 200 20563 "-" "Mozilla/5.0 (Linux; Android 6.0.1; Nexus 5X Build/MMB29P) AppleWebKit/537.36 (KHTML, like Gecko) Chrome/137.0.7151.103 Mobile Safari/537.36 (compatible; Googlebot/2.1; +http://www.google.com/bot.html)"
