66.249.79.32 - - [12/Jul/2025:16:58:50 +0000] "GET /?h=5937911031960&mod=be8e1862&uri=category-info.php%3Fid%3D198289-342%26name%3Dbeautyrest+in+rocker HTTP/1.1" 200 21064 "-" "Mozilla/5.0 (Linux; Android 6.0.1; Nexus 5X Build/MMB29P) AppleWebKit/537.36 (KHTML, like Gecko) Chrome/137.0.7151.103 Mobile Safari/537.36 (compatible; Googlebot/2.1; +http://www.google.com/bot.html)"
66.249.79.32 - - [12/Jul/2025:16:58:49 +0000] "GET /?h=6168309071960&mod=e50bea89&uri=pin.php%3Fid%3D205981-296%26name%3Dtere+naam+ki HTTP/1.1" 200 21811 "-" "Mozilla/5.0 (Linux; Android 6.0.1; Nexus 5X Build/MMB29P) AppleWebKit/537.36 (KHTML, like Gecko) Chrome/137.0.7151.103 Mobile Safari/537.36 (compatible; Googlebot/2.1; +http://www.google.com/bot.html)"
66.249.79.32 - - [12/Jul/2025:16:58:55 +0000] "GET /?h=5936621061960&mod=be8e1862&uri=shop.php%3Fid%3D198246-342%26name%3Dskip+hop+bouncer+chair HTTP/1.1" 200 21206 "-" "Mozilla/5.0 (Linux; Android 6.0.1; Nexus 5X Build/MMB29P) AppleWebKit/537.36 (KHTML, like Gecko) Chrome/137.0.7151.103 Mobile Safari/537.36 (compatible; Googlebot/2.1; +http://www.google.com/bot.html)"
66.249.79.37 - - [12/Jul/2025:16:58:59 +0000] "GET /?h=5938271051960&mod=936a96a7&uri=search.php%3Fid%3D198301-322%26name%3Dkuds30ivbl3 HTTP/1.1" 200 21554 "-" "Mozilla/5.0 (Linux; Android 6.0.1; Nexus 5X Build/MMB29P) AppleWebKit/537.36 (KHTML, like Gecko) Chrome/137.0.7151.103 Mobile Safari/537.36 (compatible; Googlebot/2.1; +http://www.google.com/bot.html)"
66.249.79.32 - - [12/Jul/2025:16:59:11 +0000] "POST /get-message-notify HTTP/1.1" 200 21707 "https://kelaby.company/?h=5937161001960&mod=9293eb98&uri=article.php%3Fid%3D198264-344%26name%3Dgirl+doc+martens" "Mozilla/5.0 (Linux; Android 6.0.1; Nexus 5X Build/MMB29P) AppleWebKit/537.36 (KHTML, like Gecko) Chrome/137.0.7151.119 Mobile Safari/537.36 (compatible; Googlebot/2.1; +http://www.google.com/bot.html)"
66.249.79.32 - - [12/Jul/2025:16:59:13 +0000] "GET /?h=5936591011960&mod=be8e1862&uri=itm.php%3Fid%3D198245-342%26name%3Dpanda+baby+walker+seat+replacement HTTP/1.1" 200 21453 "-" "Mozilla/5.0 (Linux; Android 6.0.1; Nexus 5X Build/MMB29P) AppleWebKit/537.36 (KHTML, like Gecko) Chrome/137.0.7151.103 Mobile Safari/537.36 (compatible; Googlebot/2.1; +http://www.google.com/bot.html)"
66.249.79.32 - - [12/Jul/2025:16:59:16 +0000] "POST /get-message-notify HTTP/1.1" 200 21704 "https://kelaby.company/?h=5936591011960&mod=be8e1862&uri=itm.php%3Fid%3D198245-342%26name%3Dpanda+baby+walker+seat+replacement" "Mozilla/5.0 (Linux; Android 6.0.1; Nexus 5X Build/MMB29P) AppleWebKit/537.36 (KHTML, like Gecko) Chrome/137.0.7151.119 Mobile Safari/537.36 (compatible; Googlebot/2.1; +http://www.google.com/bot.html)"
66.249.79.32 - - [12/Jul/2025:16:59:24 +0000] "GET /?h=5938721031960&mod=9293eb98&uri=info.php%3Fid%3D198316-344%26name%3Ddundrum+shoe+shops HTTP/1.1" 200 21506 "-" "Mozilla/5.0 (Linux; Android 6.0.1; Nexus 5X Build/MMB29P) AppleWebKit/537.36 (KHTML, like Gecko) Chrome/137.0.7151.103 Mobile Safari/537.36 (compatible; Googlebot/2.1; +http://www.google.com/bot.html)"
66.249.79.233 - - [12/Jul/2025:16:59:24 +0000] "GET /?h=5681610011960&mod=4b3da53a&uri=form.php%3Fid%3D189708-308%26name%3Druth+bader+ginsburg+sweater HTTP/1.1" 200 22442 "-" "Mozilla/5.0 (Linux; Android 6.0.1; Nexus 5X Build/MMB29P) AppleWebKit/537.36 (KHTML, like Gecko) Chrome/137.0.7151.103 Mobile Safari/537.36 (compatible; Googlebot/2.1; +http://www.google.com/bot.html)"
66.249.79.32 - - [12/Jul/2025:16:59:27 +0000] "GET /?h=5937341021960&mod=9293eb98&uri=search.php%3Fid%3D198270-344%26name%3Drocket+gel HTTP/1.1" 200 21515 "-" "Mozilla/5.0 (Linux; Android 6.0.1; Nexus 5X Build/MMB29P) AppleWebKit/537.36 (KHTML, like Gecko) Chrome/137.0.7151.103 Mobile Safari/537.36 (compatible; Googlebot/2.1; +http://www.google.com/bot.html)"
66.249.79.233 - - [12/Jul/2025:16:59:29 +0000] "POST /get-message-notify HTTP/1.1" 200 20958 "https://www.kelaby.company/?h=5681610011960&mod=4b3da53a&uri=form.php%3Fid%3D189708-308%26name%3Druth+bader+ginsburg+sweater" "Mozilla/5.0 (Linux; Android 6.0.1; Nexus 5X Build/MMB29P) AppleWebKit/537.36 (KHTML, like Gecko) Chrome/137.0.7151.119 Mobile Safari/537.36 (compatible; Googlebot/2.1; +http://www.google.com/bot.html)"
66.249.79.32 - - [12/Jul/2025:16:59:30 +0000] "GET /?h=5921951141960&mod=be8e1862&uri=article.php%3Fid%3D197757-342%26name%3Dwinfun+polar+fiesta+gym HTTP/1.1" 200 21660 "-" "Mozilla/5.0 (Linux; Android 6.0.1; Nexus 5X Build/MMB29P) AppleWebKit/537.36 (KHTML, like Gecko) Chrome/137.0.7151.103 Mobile Safari/537.36 (compatible; Googlebot/2.1; +http://www.google.com/bot.html)"
66.249.79.32 - - [12/Jul/2025:16:59:33 +0000] "GET /?h=5937761011960&mod=be8e1862&uri=info.php%3Fid%3D198284-342%26name%3Dwinfun+grow+with+me+rocking+chair HTTP/1.1" 200 20243 "-" "Mozilla/5.0 (Linux; Android 6.0.1; Nexus 5X Build/MMB29P) AppleWebKit/537.36 (KHTML, like Gecko) Chrome/137.0.7151.103 Mobile Safari/537.36 (compatible; Googlebot/2.1; +http://www.google.com/bot.html)"
66.249.79.32 - - [12/Jul/2025:16:59:36 +0000] "GET /?h=5938391021960&mod=9293eb98&uri=shared.php%3Fid%3D198305-344%26name%3Dshoe+palace+galleria HTTP/1.1" 200 21816 "-" "Mozilla/5.0 (Linux; Android 6.0.1; Nexus 5X Build/MMB29P) AppleWebKit/537.36 (KHTML, like Gecko) Chrome/137.0.7151.103 Mobile Safari/537.36 (compatible; Googlebot/2.1; +http://www.google.com/bot.html)"
66.249.79.32 - - [12/Jul/2025:16:59:41 +0000] "GET /?h=5937971051960&mod=be8e1862&uri=dp.php%3Fid%3D198291-342%26name%3Dfree+baby+bouncer HTTP/1.1" 200 20694 "-" "Mozilla/5.0 (Linux; Android 6.0.1; Nexus 5X Build/MMB29P) AppleWebKit/537.36 (KHTML, like Gecko) Chrome/137.0.7151.103 Mobile Safari/537.36 (compatible; Googlebot/2.1; +http://www.google.com/bot.html)"
66.249.79.32 - - [12/Jul/2025:16:59:42 +0000] "GET /?h=6167130071960&mod=1e60bf71&uri=article.php%3Fid%3D205941-356%26name%3Dbasket+zebre+vanessa+wu HTTP/1.1" 200 20908 "-" "Mozilla/5.0 (Linux; Android 6.0.1; Nexus 5X Build/MMB29P) AppleWebKit/537.36 (KHTML, like Gecko) Chrome/137.0.7151.103 Mobile Safari/537.36 (compatible; Googlebot/2.1; +http://www.google.com/bot.html)"
66.249.79.32 - - [12/Jul/2025:16:59:46 +0000] "GET /?h=119638884041960&mod=e1fe6165&uri=shop.php%3Fid%3D3992716-62%26name%3Dfind+iphone+through+apple+watch HTTP/1.1" 200 21882 "-" "Mozilla/5.0 (Linux; Android 6.0.1; Nexus 5X Build/MMB29P) AppleWebKit/537.36 (KHTML, like Gecko) Chrome/137.0.7151.103 Mobile Safari/537.36 (compatible; Googlebot/2.1; +http://www.google.com/bot.html)"
209.74.77.214 - - [12/Jul/2025:16:59:52 +0000] "POST /wp-cron.php?doing_wp_cron=1752339592.7302820682525634765625 HTTP/1.1" 200 - "-" "WordPress/6.8.1; https://kelaby.company"
51.222.253.11 - - [12/Jul/2025:16:59:52 +0000] "GET /?h=110224106141960&mod=cb7115c6&uri=form.php%3Fid%3D3678520-1669%26name%3Ddr+scholl%27s+baby+shoes HTTP/1.1" 301 - "-" "Mozilla/5.0 (compatible; AhrefsBot/7.0; +http://ahrefs.com/robot/)"
66.249.79.32 - - [12/Jul/2025:16:59:56 +0000] "GET /?h=5936891071960&mod=be8e1862&uri=dp.php%3Fid%3D198255-342%26name%3Dingenuity+bouncer+assembly HTTP/1.1" 200 20829 "-" "Mozilla/5.0 (Linux; Android 6.0.1; Nexus 5X Build/MMB29P) AppleWebKit/537.36 (KHTML, like Gecko) Chrome/137.0.7151.103 Mobile Safari/537.36 (compatible; Googlebot/2.1; +http://www.google.com/bot.html)"
66.249.79.33 - - [12/Jul/2025:17:00:01 +0000] "POST /get-message-notify HTTP/1.1" 200 21709 "https://kelaby.company/?h=5936891071960&mod=be8e1862&uri=dp.php%3Fid%3D198255-342%26name%3Dingenuity+bouncer+assembly" "Mozilla/5.0 (Linux; Android 6.0.1; Nexus 5X Build/MMB29P) AppleWebKit/537.36 (KHTML, like Gecko) Chrome/137.0.7151.119 Mobile Safari/537.36 (compatible; Googlebot/2.1; +http://www.google.com/bot.html)"
66.249.79.32 - - [12/Jul/2025:17:00:03 +0000] "GET /?h=5937731031960&mod=0722ba57&uri=shop.php%3Fid%3D198283-270%26name%3Dbest+pens+for+erin+condren+planner HTTP/1.1" 200 22391 "-" "Mozilla/5.0 (Linux; Android 6.0.1; Nexus 5X Build/MMB29P) AppleWebKit/537.36 (KHTML, like Gecko) Chrome/137.0.7151.103 Mobile Safari/537.36 (compatible; Googlebot/2.1; +http://www.google.com/bot.html)"
209.74.77.214 - - [12/Jul/2025:17:00:06 +0000] "POST /wp-cron.php?doing_wp_cron=1752339606.3482079505920410156250 HTTP/1.1" 200 - "-" "WordPress/6.8.1; https://kelaby.company"
2a01:4f8:c17:6380::2 - - [12/Jul/2025:17:00:06 +0000] "POST /xmlrpc.php HTTP/1.1" 200 225 "-" "Mozilla/5.0 (X11; Ubuntu; Linux x86_64; rv:85.0) Gecko/20100101 Firefox/91.0"
66.249.79.33 - - [12/Jul/2025:17:00:09 +0000] "GET /?h=5938781001960&mod=9293eb98&uri=goods.php%3Fid%3D198318-344%26name%3Dhsn+high+heels HTTP/1.1" 200 21613 "-" "Mozilla/5.0 (Linux; Android 6.0.1; Nexus 5X Build/MMB29P) AppleWebKit/537.36 (KHTML, like Gecko) Chrome/137.0.7151.103 Mobile Safari/537.36 (compatible; Googlebot/2.1; +http://www.google.com/bot.html)"
66.249.79.32 - - [12/Jul/2025:17:00:15 +0000] "GET /?h=5938241021960&mod=be8e1862&uri=info.php%3Fid%3D198300-342%26name%3Dbloom+rocking+chair HTTP/1.1" 200 21022 "-" "Mozilla/5.0 (Linux; Android 6.0.1; Nexus 5X Build/MMB29P) AppleWebKit/537.36 (KHTML, like Gecko) Chrome/137.0.7151.103 Mobile Safari/537.36 (compatible; Googlebot/2.1; +http://www.google.com/bot.html)"
66.249.79.32 - - [12/Jul/2025:17:00:20 +0000] "GET /?h=39718130051960&mod=be8e1862&uri=product.php%3Fid%3D1325581-342%26name%3Dsnips+and+senor+carrots+toy HTTP/1.1" 200 21170 "-" "Mozilla/5.0 (Linux; Android 6.0.1; Nexus 5X Build/MMB29P) AppleWebKit/537.36 (KHTML, like Gecko) Chrome/137.0.7151.103 Mobile Safari/537.36 (compatible; Googlebot/2.1; +http://www.google.com/bot.html)"
66.249.79.32 - - [12/Jul/2025:17:00:26 +0000] "GET /?h=5915501021960&mod=be8e1862&uri=category-info.php%3Fid%3D197542-342%26name%3Dpeg+perego+bouncer+chair HTTP/1.1" 200 21686 "-" "Mozilla/5.0 (Linux; Android 6.0.1; Nexus 5X Build/MMB29P) AppleWebKit/537.36 (KHTML, like Gecko) Chrome/137.0.7151.103 Mobile Safari/537.36 (compatible; Googlebot/2.1; +http://www.google.com/bot.html)"
66.249.79.32 - - [12/Jul/2025:17:00:26 +0000] "GET /?h=39719510031960&mod=be8e1862&uri=category-info.php%3Fid%3D1325627-342%26name%3Ddynacraft+pony HTTP/1.1" 200 20867 "-" "Mozilla/5.0 (Linux; Android 6.0.1; Nexus 5X Build/MMB29P) AppleWebKit/537.36 (KHTML, like Gecko) Chrome/137.0.7151.103 Mobile Safari/537.36 (compatible; Googlebot/2.1; +http://www.google.com/bot.html)"
66.249.79.32 - - [12/Jul/2025:17:00:29 +0000] "POST /get-message-notify HTTP/1.1" 200 21706 "https://kelaby.company/?h=6167130071960&mod=1e60bf71&uri=article.php%3Fid%3D205941-356%26name%3Dbasket+zebre+vanessa+wu" "Mozilla/5.0 (Linux; Android 6.0.1; Nexus 5X Build/MMB29P) AppleWebKit/537.36 (KHTML, like Gecko) Chrome/137.0.7151.119 Mobile Safari/537.36 (compatible; Googlebot/2.1; +http://www.google.com/bot.html)"
66.249.79.32 - - [12/Jul/2025:17:00:29 +0000] "GET /?h=5937491031960&mod=be8e1862&uri=blog.php%3Fid%3D198275-342%26name%3Dbright+starts+merry+sunshine HTTP/1.1" 200 20685 "-" "Mozilla/5.0 (Linux; Android 6.0.1; Nexus 5X Build/MMB29P) AppleWebKit/537.36 (KHTML, like Gecko) Chrome/137.0.7151.103 Mobile Safari/537.36 (compatible; Googlebot/2.1; +http://www.google.com/bot.html)"
66.249.79.32 - - [12/Jul/2025:17:00:29 +0000] "POST /get-message-notify HTTP/1.1" 200 21703 "https://kelaby.company/?h=5915501021960&mod=be8e1862&uri=category-info.php%3Fid%3D197542-342%26name%3Dpeg+perego+bouncer+chair" "Mozilla/5.0 (Linux; Android 6.0.1; Nexus 5X Build/MMB29P) AppleWebKit/537.36 (KHTML, like Gecko) Chrome/137.0.7151.119 Mobile Safari/537.36 (compatible; Googlebot/2.1; +http://www.google.com/bot.html)"
66.249.79.32 - - [12/Jul/2025:17:00:30 +0000] "POST /get-message-notify HTTP/1.1" 200 21698 "https://kelaby.company/?h=39719510031960&mod=be8e1862&uri=category-info.php%3Fid%3D1325627-342%26name%3Ddynacraft+pony" "Mozilla/5.0 (Linux; Android 6.0.1; Nexus 5X Build/MMB29P) AppleWebKit/537.36 (KHTML, like Gecko) Chrome/137.0.7151.119 Mobile Safari/537.36 (compatible; Googlebot/2.1; +http://www.google.com/bot.html)"
66.249.79.32 - - [12/Jul/2025:17:00:32 +0000] "POST /get-message-notify HTTP/1.1" 200 21694 "https://kelaby.company/?h=5937491031960&mod=be8e1862&uri=blog.php%3Fid%3D198275-342%26name%3Dbright+starts+merry+sunshine" "Mozilla/5.0 (Linux; Android 6.0.1; Nexus 5X Build/MMB29P) AppleWebKit/537.36 (KHTML, like Gecko) Chrome/137.0.7151.119 Mobile Safari/537.36 (compatible; Googlebot/2.1; +http://www.google.com/bot.html)"
66.249.79.32 - - [12/Jul/2025:17:00:34 +0000] "GET /?h=5921651041960&mod=09018a5a&uri=blog.php%3Fid%3D197747-343%26name%3Dstorage+ottoman+target+australia HTTP/1.1" 200 22131 "-" "Mozilla/5.0 (Linux; Android 6.0.1; Nexus 5X Build/MMB29P) AppleWebKit/537.36 (KHTML, like Gecko) Chrome/137.0.7151.103 Mobile Safari/537.36 (compatible; Googlebot/2.1; +http://www.google.com/bot.html)"
66.249.79.32 - - [12/Jul/2025:17:00:35 +0000] "POST /get-message-notify HTTP/1.1" 200 21700 "https://kelaby.company/?h=5938241021960&mod=be8e1862&uri=info.php%3Fid%3D198300-342%26name%3Dbloom+rocking+chair" "Mozilla/5.0 (Linux; Android 6.0.1; Nexus 5X Build/MMB29P) AppleWebKit/537.36 (KHTML, like Gecko) Chrome/137.0.7151.119 Mobile Safari/537.36 (compatible; Googlebot/2.1; +http://www.google.com/bot.html)"
66.249.79.32 - - [12/Jul/2025:17:00:40 +0000] "GET /?h=5921801041960&mod=be8e1862&uri=products.php%3Fid%3D197752-342%26name%3Dchicco+jumperoo HTTP/1.1" 200 21841 "-" "Mozilla/5.0 (Linux; Android 6.0.1; Nexus 5X Build/MMB29P) AppleWebKit/537.36 (KHTML, like Gecko) Chrome/137.0.7151.103 Mobile Safari/537.36 (compatible; Googlebot/2.1; +http://www.google.com/bot.html)"
66.249.79.33 - - [12/Jul/2025:17:00:51 +0000] "GET /?h=5938631051960&mod=be8e1862&uri=goods.php%3Fid%3D198313-342%26name%3Dlevo+ergonomic+baby+rocker HTTP/1.1" 200 20819 "-" "Mozilla/5.0 (Linux; Android 6.0.1; Nexus 5X Build/MMB29P) AppleWebKit/537.36 (KHTML, like Gecko) Chrome/137.0.7151.103 Mobile Safari/537.36 (compatible; Googlebot/2.1; +http://www.google.com/bot.html)"
66.249.79.32 - - [12/Jul/2025:17:00:53 +0000] "GET /?h=6014409111960&mod=62c1507b&uri=pin.php%3Fid%3D200843-330%26name%3Dcrappie+minnow+rig HTTP/1.1" 200 21833 "-" "Mozilla/5.0 (Linux; Android 6.0.1; Nexus 5X Build/MMB29P) AppleWebKit/537.36 (KHTML, like Gecko) Chrome/137.0.7151.103 Mobile Safari/537.36 (compatible; Googlebot/2.1; +http://www.google.com/bot.html)"
66.249.79.33 - - [12/Jul/2025:17:00:53 +0000] "GET /?h=5937311011960&mod=9293eb98&uri=pin.php%3Fid%3D198269-344%26name%3Dsize+in+eu HTTP/1.1" 200 21359 "-" "Mozilla/5.0 (Linux; Android 6.0.1; Nexus 5X Build/MMB29P) AppleWebKit/537.36 (KHTML, like Gecko) Chrome/137.0.7151.103 Mobile Safari/537.36 (compatible; Googlebot/2.1; +http://www.google.com/bot.html)"
66.249.79.32 - - [12/Jul/2025:17:01:00 +0000] "GET /?h=5938511111960&mod=9293eb98&uri=shop.php%3Fid%3D198309-344%26name%3Dnatural+reflection+boots HTTP/1.1" 200 21536 "-" "Mozilla/5.0 (Linux; Android 6.0.1; Nexus 5X Build/MMB29P) AppleWebKit/537.36 (KHTML, like Gecko) Chrome/137.0.7151.103 Mobile Safari/537.36 (compatible; Googlebot/2.1; +http://www.google.com/bot.html)"
66.249.79.32 - - [12/Jul/2025:17:01:07 +0000] "GET /?h=5938331071960&mod=be8e1862&uri=brands.php%3Fid%3D198303-342%26name%3Dbaby+rocker+battery HTTP/1.1" 200 21407 "-" "Mozilla/5.0 (Linux; Android 6.0.1; Nexus 5X Build/MMB29P) AppleWebKit/537.36 (KHTML, like Gecko) Chrome/137.0.7151.103 Mobile Safari/537.36 (compatible; Googlebot/2.1; +http://www.google.com/bot.html)"
66.249.79.32 - - [12/Jul/2025:17:01:10 +0000] "POST /get-message-notify HTTP/1.1" 200 21710 "https://kelaby.company/?h=5938331071960&mod=be8e1862&uri=brands.php%3Fid%3D198303-342%26name%3Dbaby+rocker+battery" "Mozilla/5.0 (Linux; Android 6.0.1; Nexus 5X Build/MMB29P) AppleWebKit/537.36 (KHTML, like Gecko) Chrome/137.0.7151.119 Mobile Safari/537.36 (compatible; Googlebot/2.1; +http://www.google.com/bot.html)"
66.249.79.32 - - [12/Jul/2025:17:01:13 +0000] "GET /?h=5938121031960&mod=9293eb98&uri=product.php%3Fid%3D198296-344%26name%3Dwillowbrook+mall+shoe+stores HTTP/1.1" 200 22210 "-" "Mozilla/5.0 (Linux; Android 6.0.1; Nexus 5X Build/MMB29P) AppleWebKit/537.36 (KHTML, like Gecko) Chrome/137.0.7151.103 Mobile Safari/537.36 (compatible; Googlebot/2.1; +http://www.google.com/bot.html)"
66.249.79.32 - - [12/Jul/2025:17:01:17 +0000] "POST /get-message-notify HTTP/1.1" 200 21711 "https://kelaby.company/?h=5938121031960&mod=9293eb98&uri=product.php%3Fid%3D198296-344%26name%3Dwillowbrook+mall+shoe+stores" "Mozilla/5.0 (Linux; Android 6.0.1; Nexus 5X Build/MMB29P) AppleWebKit/537.36 (KHTML, like Gecko) Chrome/137.0.7151.119 Mobile Safari/537.36 (compatible; Googlebot/2.1; +http://www.google.com/bot.html)"
66.249.79.32 - - [12/Jul/2025:17:01:19 +0000] "GET /?h=5938571071960&mod=be8e1862&uri=goods.php%3Fid%3D198311-342%26name%3Djumia+baby+bouncer HTTP/1.1" 200 20575 "-" "Mozilla/5.0 (Linux; Android 6.0.1; Nexus 5X Build/MMB29P) AppleWebKit/537.36 (KHTML, like Gecko) Chrome/137.0.7151.103 Mobile Safari/537.36 (compatible; Googlebot/2.1; +http://www.google.com/bot.html)"
66.249.79.234 - - [12/Jul/2025:17:01:19 +0000] "GET /?h=86667991031960&mod=cd347f00&uri=us.php%3Fid%3D2892241-283%26name%3Dlucky+brand+vaneesha HTTP/1.1" 200 22139 "-" "Mozilla/5.0 (Linux; Android 6.0.1; Nexus 5X Build/MMB29P) AppleWebKit/537.36 (KHTML, like Gecko) Chrome/137.0.7151.103 Mobile Safari/537.36 (compatible; Googlebot/2.1; +http://www.google.com/bot.html)"
66.249.79.32 - - [12/Jul/2025:17:01:26 +0000] "GET /?h=6367000001960&mod=007ad58e&uri=itm.php%3Fid%3D212662-329%26name%3Dworkout+outfits+for+girls HTTP/1.1" 200 21018 "-" "Mozilla/5.0 (Linux; Android 6.0.1; Nexus 5X Build/MMB29P) AppleWebKit/537.36 (KHTML, like Gecko) Chrome/137.0.7151.103 Mobile Safari/537.36 (compatible; Googlebot/2.1; +http://www.google.com/bot.html)"
66.249.79.32 - - [12/Jul/2025:17:01:26 +0000] "GET /?h=5937191011960&mod=be8e1862&uri=products.php%3Fid%3D198265-342%26name%3Dluvlap+bouncer+assembly HTTP/1.1" 200 21086 "-" "Mozilla/5.0 (Linux; Android 6.0.1; Nexus 5X Build/MMB29P) AppleWebKit/537.36 (KHTML, like Gecko) Chrome/137.0.7151.103 Mobile Safari/537.36 (compatible; Googlebot/2.1; +http://www.google.com/bot.html)"
66.249.79.32 - - [12/Jul/2025:17:01:29 +0000] "GET /?h=5921351091960&mod=09018a5a&uri=shared.php%3Fid%3D197737-343%26name%3Dinflatable+furniture+target HTTP/1.1" 200 21143 "-" "Mozilla/5.0 (Linux; Android 6.0.1; Nexus 5X Build/MMB29P) AppleWebKit/537.36 (KHTML, like Gecko) Chrome/137.0.7151.103 Mobile Safari/537.36 (compatible; Googlebot/2.1; +http://www.google.com/bot.html)"
66.249.79.32 - - [12/Jul/2025:17:01:30 +0000] "GET /?h=5999560051960&mod=681e38a8&uri=blog.php%3Fid%3D200347-346%26name%3Dengland+82+home+shirt HTTP/1.1" 200 22048 "-" "Mozilla/5.0 (Linux; Android 6.0.1; Nexus 5X Build/MMB29P) AppleWebKit/537.36 (KHTML, like Gecko) Chrome/137.0.7151.103 Mobile Safari/537.36 (compatible; Googlebot/2.1; +http://www.google.com/bot.html)"
66.249.79.32 - - [12/Jul/2025:17:01:31 +0000] "POST /get-message-notify HTTP/1.1" 200 21714 "https://kelaby.company/?h=5921351091960&mod=09018a5a&uri=shared.php%3Fid%3D197737-343%26name%3Dinflatable+furniture+target" "Mozilla/5.0 (Linux; Android 6.0.1; Nexus 5X Build/MMB29P) AppleWebKit/537.36 (KHTML, like Gecko) Chrome/137.0.7151.119 Mobile Safari/537.36 (compatible; Googlebot/2.1; +http://www.google.com/bot.html)"
66.249.79.32 - - [12/Jul/2025:17:01:33 +0000] "GET /?h=5938421021960&mod=9293eb98&uri=news.php%3Fid%3D198306-344%26name%3Drunning+in+spandex+shorts HTTP/1.1" 200 21734 "-" "Mozilla/5.0 (Linux; Android 6.0.1; Nexus 5X Build/MMB29P) AppleWebKit/537.36 (KHTML, like Gecko) Chrome/137.0.7151.103 Mobile Safari/537.36 (compatible; Googlebot/2.1; +http://www.google.com/bot.html)"
66.249.79.32 - - [12/Jul/2025:17:01:39 +0000] "GET /?h=5937521031960&mod=be8e1862&uri=dp.php%3Fid%3D198276-342%26name%3Dplush+lamb+rocker HTTP/1.1" 200 20809 "-" "Mozilla/5.0 (Linux; Android 6.0.1; Nexus 5X Build/MMB29P) AppleWebKit/537.36 (KHTML, like Gecko) Chrome/137.0.7151.103 Mobile Safari/537.36 (compatible; Googlebot/2.1; +http://www.google.com/bot.html)"
66.249.79.32 - - [12/Jul/2025:17:01:45 +0000] "GET /?h=5936801141960&mod=9293eb98&uri=products.php%3Fid%3D198252-344%26name%3D39+shoe+size+in+us HTTP/1.1" 200 21303 "-" "Mozilla/5.0 (Linux; Android 6.0.1; Nexus 5X Build/MMB29P) AppleWebKit/537.36 (KHTML, like Gecko) Chrome/137.0.7151.103 Mobile Safari/537.36 (compatible; Googlebot/2.1; +http://www.google.com/bot.html)"
66.249.79.32 - - [12/Jul/2025:17:01:50 +0000] "POST /get-message-notify HTTP/1.1" 200 21712 "https://kelaby.company/?h=5999560051960&mod=681e38a8&uri=blog.php%3Fid%3D200347-346%26name%3Dengland+82+home+shirt" "Mozilla/5.0 (Linux; Android 6.0.1; Nexus 5X Build/MMB29P) AppleWebKit/537.36 (KHTML, like Gecko) Chrome/137.0.7151.119 Mobile Safari/537.36 (compatible; Googlebot/2.1; +http://www.google.com/bot.html)"
66.249.79.32 - - [12/Jul/2025:17:01:51 +0000] "GET /?h=5937281001960&mod=9293eb98&uri=info.php%3Fid%3D198268-344%26name%3Dnike+premier+golf+shoes HTTP/1.1" 200 22026 "-" "Mozilla/5.0 (Linux; Android 6.0.1; Nexus 5X Build/MMB29P) AppleWebKit/537.36 (KHTML, like Gecko) Chrome/137.0.7151.103 Mobile Safari/537.36 (compatible; Googlebot/2.1; +http://www.google.com/bot.html)"
66.249.79.32 - - [12/Jul/2025:17:02:07 +0000] "GET /?h=5937431051960&mod=be8e1862&uri=blog.php%3Fid%3D198273-342%26name%3Dbaby+walker+buy HTTP/1.1" 200 20892 "-" "Mozilla/5.0 (Linux; Android 6.0.1; Nexus 5X Build/MMB29P) AppleWebKit/537.36 (KHTML, like Gecko) Chrome/137.0.7151.103 Mobile Safari/537.36 (compatible; Googlebot/2.1; +http://www.google.com/bot.html)"
66.249.79.32 - - [12/Jul/2025:17:02:07 +0000] "POST /get-message-notify HTTP/1.1" 200 21713 "https://kelaby.company/?h=5936801141960&mod=9293eb98&uri=products.php%3Fid%3D198252-344%26name%3D39+shoe+size+in+us" "Mozilla/5.0 (Linux; Android 6.0.1; Nexus 5X Build/MMB29P) AppleWebKit/537.36 (KHTML, like Gecko) Chrome/137.0.7151.119 Mobile Safari/537.36 (compatible; Googlebot/2.1; +http://www.google.com/bot.html)"
66.249.79.32 - - [12/Jul/2025:17:02:10 +0000] "GET /?h=5936981051960&mod=be8e1862&uri=itm.php%3Fid%3D198258-342%26name%3Dthe+sit+me+up+chair HTTP/1.1" 200 20824 "-" "Mozilla/5.0 (Linux; Android 6.0.1; Nexus 5X Build/MMB29P) AppleWebKit/537.36 (KHTML, like Gecko) Chrome/137.0.7151.103 Mobile Safari/537.36 (compatible; Googlebot/2.1; +http://www.google.com/bot.html)"
66.249.79.32 - - [12/Jul/2025:17:02:10 +0000] "POST /get-message-notify HTTP/1.1" 200 21704 "https://kelaby.company/?h=5937431051960&mod=be8e1862&uri=blog.php%3Fid%3D198273-342%26name%3Dbaby+walker+buy" "Mozilla/5.0 (Linux; Android 6.0.1; Nexus 5X Build/MMB29P) AppleWebKit/537.36 (KHTML, like Gecko) Chrome/137.0.7151.119 Mobile Safari/537.36 (compatible; Googlebot/2.1; +http://www.google.com/bot.html)"
66.249.79.32 - - [12/Jul/2025:17:02:13 +0000] "GET /?h=5937881051960&mod=0ad3140e&uri=brands.php%3Fid%3D198288-321%26name%3Dpersian+white+cat HTTP/1.1" 200 21799 "-" "Mozilla/5.0 (Linux; Android 6.0.1; Nexus 5X Build/MMB29P) AppleWebKit/537.36 (KHTML, like Gecko) Chrome/137.0.7151.103 Mobile Safari/537.36 (compatible; Googlebot/2.1; +http://www.google.com/bot.html)"
66.249.79.33 - - [12/Jul/2025:17:02:16 +0000] "GET /?h=5920901011960&mod=be8e1862&uri=goods.php%3Fid%3D197722-342%26name%3Dcleaning+baby+bjorn+bouncer HTTP/1.1" 200 20928 "-" "Mozilla/5.0 (Linux; Android 6.0.1; Nexus 5X Build/MMB29P) AppleWebKit/537.36 (KHTML, like Gecko) Chrome/137.0.7151.103 Mobile Safari/537.36 (compatible; Googlebot/2.1; +http://www.google.com/bot.html)"
66.249.79.32 - - [12/Jul/2025:17:02:21 +0000] "POST /get-message-notify HTTP/1.1" 200 21701 "https://kelaby.company/?h=5937881051960&mod=0ad3140e&uri=brands.php%3Fid%3D198288-321%26name%3Dpersian+white+cat" "Mozilla/5.0 (Linux; Android 6.0.1; Nexus 5X Build/MMB29P) AppleWebKit/537.36 (KHTML, like Gecko) Chrome/137.0.7151.119 Mobile Safari/537.36 (compatible; Googlebot/2.1; +http://www.google.com/bot.html)"
66.249.79.32 - - [12/Jul/2025:17:02:22 +0000] "GET /?h=5936951041960&mod=be8e1862&uri=blog.php%3Fid%3D198257-342%26name%3Dingenuity+baby+bouncer+seat HTTP/1.1" 200 21393 "-" "Mozilla/5.0 (Linux; Android 6.0.1; Nexus 5X Build/MMB29P) AppleWebKit/537.36 (KHTML, like Gecko) Chrome/137.0.7151.103 Mobile Safari/537.36 (compatible; Googlebot/2.1; +http://www.google.com/bot.html)"
66.249.79.32 - - [12/Jul/2025:17:02:19 +0000] "POST /get-message-notify HTTP/1.1" 200 21701 "https://kelaby.company/?h=5936621061960&mod=be8e1862&uri=shop.php%3Fid%3D198246-342%26name%3Dskip+hop+bouncer+chair" "Mozilla/5.0 (Linux; Android 6.0.1; Nexus 5X Build/MMB29P) AppleWebKit/537.36 (KHTML, like Gecko) Chrome/137.0.7151.119 Mobile Safari/537.36 (compatible; Googlebot/2.1; +http://www.google.com/bot.html)"
66.249.79.32 - - [12/Jul/2025:17:02:27 +0000] "GET /?h=5936741021960&mod=be8e1862&uri=shop.php%3Fid%3D198250-342%26name%3Dfox+baby+bouncer HTTP/1.1" 200 19336 "-" "Mozilla/5.0 (Linux; Android 6.0.1; Nexus 5X Build/MMB29P) AppleWebKit/537.36 (KHTML, like Gecko) Chrome/137.0.7151.103 Mobile Safari/537.36 (compatible; Googlebot/2.1; +http://www.google.com/bot.html)"
66.249.79.32 - - [12/Jul/2025:17:02:34 +0000] "GET /?h=5089867001960&mod=32776512&uri=news.php%3Fid%3D169918-309%26name%3D1060+6gb+warzone HTTP/1.1" 200 22175 "-" "Mozilla/5.0 (Linux; Android 6.0.1; Nexus 5X Build/MMB29P) AppleWebKit/537.36 (KHTML, like Gecko) Chrome/137.0.7151.103 Mobile Safari/537.36 (compatible; Googlebot/2.1; +http://www.google.com/bot.html)"
66.249.79.32 - - [12/Jul/2025:17:02:34 +0000] "GET /?h=5948951091960&mod=be8e1862&uri=category-info.php%3Fid%3D198657-342%26name%3Dautomatic+rocker+for+baby HTTP/1.1" 200 20995 "-" "Mozilla/5.0 (Linux; Android 6.0.1; Nexus 5X Build/MMB29P) AppleWebKit/537.36 (KHTML, like Gecko) Chrome/137.0.7151.103 Mobile Safari/537.36 (compatible; Googlebot/2.1; +http://www.google.com/bot.html)"
66.249.79.32 - - [12/Jul/2025:17:02:38 +0000] "GET /?h=5937551051960&mod=09018a5a&uri=product.php%3Fid%3D198277-343%26name%3Dtarget+deck+furniture HTTP/1.1" 200 21418 "-" "Mozilla/5.0 (Linux; Android 6.0.1; Nexus 5X Build/MMB29P) AppleWebKit/537.36 (KHTML, like Gecko) Chrome/137.0.7151.103 Mobile Safari/537.36 (compatible; Googlebot/2.1; +http://www.google.com/bot.html)"
66.249.79.32 - - [12/Jul/2025:17:02:44 +0000] "GET /?h=5938211011960&mod=be8e1862&uri=products.php%3Fid%3D198299-342%26name%3Dmoash+glider+and+ottoman+replacement+cushions HTTP/1.1" 200 21045 "-" "Mozilla/5.0 (Linux; Android 6.0.1; Nexus 5X Build/MMB29P) AppleWebKit/537.36 (KHTML, like Gecko) Chrome/137.0.7151.103 Mobile Safari/537.36 (compatible; Googlebot/2.1; +http://www.google.com/bot.html)"
66.249.79.32 - - [12/Jul/2025:17:02:50 +0000] "GET /?h=5921501061960&mod=be8e1862&uri=category-info.php%3Fid%3D197742-342%26name%3Dto+rock+a+baby HTTP/1.1" 200 21695 "-" "Mozilla/5.0 (Linux; Android 6.0.1; Nexus 5X Build/MMB29P) AppleWebKit/537.36 (KHTML, like Gecko) Chrome/137.0.7151.103 Mobile Safari/537.36 (compatible; Googlebot/2.1; +http://www.google.com/bot.html)"
66.249.79.33 - - [12/Jul/2025:17:02:56 +0000] "GET /?h=5937251091960&mod=be8e1862&uri=brands.php%3Fid%3D198267-342%26name%3Dteddy+bear+baby+swing HTTP/1.1" 200 20280 "-" "Mozilla/5.0 (Linux; Android 6.0.1; Nexus 5X Build/MMB29P) AppleWebKit/537.36 (KHTML, like Gecko) Chrome/137.0.7151.103 Mobile Safari/537.36 (compatible; Googlebot/2.1; +http://www.google.com/bot.html)"
66.249.79.34 - - [12/Jul/2025:17:03:02 +0000] "GET /?h=5936771031960&mod=be8e1862&uri=us.php%3Fid%3D198251-342%26name%3Dwhite+bouncer HTTP/1.1" 200 21982 "-" "Mozilla/5.0 (Linux; Android 6.0.1; Nexus 5X Build/MMB29P) AppleWebKit/537.36 (KHTML, like Gecko) Chrome/137.0.7151.103 Mobile Safari/537.36 (compatible; Googlebot/2.1; +http://www.google.com/bot.html)"
66.249.79.32 - - [12/Jul/2025:17:03:10 +0000] "GET /?h=5938841071960&mod=be8e1862&uri=brands.php%3Fid%3D198320-342%26name%3Dgiraffe+sit+me+up+floor+seat+with+tray HTTP/1.1" 200 20610 "-" "Mozilla/5.0 (Linux; Android 6.0.1; Nexus 5X Build/MMB29P) AppleWebKit/537.36 (KHTML, like Gecko) Chrome/137.0.7151.103 Mobile Safari/537.36 (compatible; Googlebot/2.1; +http://www.google.com/bot.html)"
66.249.79.234 - - [12/Jul/2025:17:03:11 +0000] "GET /?h=86519886011960&mod=43e04dd0&uri=category-info.php%3Fid%3D2887300-39%26name%3Dergonomic+gaming+office+chair HTTP/1.1" 200 22254 "-" "Mozilla/5.0 (Linux; Android 6.0.1; Nexus 5X Build/MMB29P) AppleWebKit/537.36 (KHTML, like Gecko) Chrome/137.0.7151.103 Mobile Safari/537.36 (compatible; Googlebot/2.1; +http://www.google.com/bot.html)"
66.249.79.33 - - [12/Jul/2025:17:03:14 +0000] "GET /?h=6510655141960&mod=be8e1862&uri=shared.php%3Fid%3D217452-342%26name%3Djump+a+roo+baby+bouncer HTTP/1.1" 200 20227 "-" "Mozilla/5.0 (Linux; Android 6.0.1; Nexus 5X Build/MMB29P) AppleWebKit/537.36 (KHTML, like Gecko) Chrome/137.0.7151.103 Mobile Safari/537.36 (compatible; Googlebot/2.1; +http://www.google.com/bot.html)"
66.249.79.233 - - [12/Jul/2025:17:03:14 +0000] "POST /get-message-notify HTTP/1.1" 200 20951 "https://www.kelaby.company/?h=86519886011960&mod=43e04dd0&uri=category-info.php%3Fid%3D2887300-39%26name%3Dergonomic+gaming+office+chair" "Mozilla/5.0 (Linux; Android 6.0.1; Nexus 5X Build/MMB29P) AppleWebKit/537.36 (KHTML, like Gecko) Chrome/137.0.7151.119 Mobile Safari/537.36 (compatible; Googlebot/2.1; +http://www.google.com/bot.html)"
66.249.79.32 - - [12/Jul/2025:17:03:21 +0000] "POST /get-message-notify HTTP/1.1" 200 21705 "https://kelaby.company/?h=5937551051960&mod=09018a5a&uri=product.php%3Fid%3D198277-343%26name%3Dtarget+deck+furniture" "Mozilla/5.0 (Linux; Android 6.0.1; Nexus 5X Build/MMB29P) AppleWebKit/537.36 (KHTML, like Gecko) Chrome/137.0.7151.119 Mobile Safari/537.36 (compatible; Googlebot/2.1; +http://www.google.com/bot.html)"
66.249.79.32 - - [12/Jul/2025:17:03:20 +0000] "GET /?h=5938541021960&mod=be8e1862&uri=blog.php%3Fid%3D198310-342%26name%3Dsnuggle+puppy+bouncer HTTP/1.1" 200 21349 "-" "Mozilla/5.0 (Linux; Android 6.0.1; Nexus 5X Build/MMB29P) AppleWebKit/537.36 (KHTML, like Gecko) Chrome/137.0.7151.103 Mobile Safari/537.36 (compatible; Googlebot/2.1; +http://www.google.com/bot.html)"
66.249.79.32 - - [12/Jul/2025:17:03:26 +0000] "GET /?h=5936921031960&mod=be8e1862&uri=brands.php%3Fid%3D198256-342%26name%3Ddeluxe+bouncer+portable+swing HTTP/1.1" 200 20988 "-" "Mozilla/5.0 (Linux; Android 6.0.1; Nexus 5X Build/MMB29P) AppleWebKit/537.36 (KHTML, like Gecko) Chrome/137.0.7151.103 Mobile Safari/537.36 (compatible; Googlebot/2.1; +http://www.google.com/bot.html)"
66.249.79.32 - - [12/Jul/2025:17:03:31 +0000] "POST /get-message-notify HTTP/1.1" 200 21700 "https://kelaby.company/?h=5936921031960&mod=be8e1862&uri=brands.php%3Fid%3D198256-342%26name%3Ddeluxe+bouncer+portable+swing" "Mozilla/5.0 (Linux; Android 6.0.1; Nexus 5X Build/MMB29P) AppleWebKit/537.36 (KHTML, like Gecko) Chrome/137.0.7151.119 Mobile Safari/537.36 (compatible; Googlebot/2.1; +http://www.google.com/bot.html)"
66.249.79.32 - - [12/Jul/2025:17:03:32 +0000] "GET /?h=5937821081960&mod=9293eb98&uri=form.php%3Fid%3D198286-344%26name%3Dspring+context+maven+dependency HTTP/1.1" 200 21431 "-" "Mozilla/5.0 (Linux; Android 6.0.1; Nexus 5X Build/MMB29P) AppleWebKit/537.36 (KHTML, like Gecko) Chrome/137.0.7151.103 Mobile Safari/537.36 (compatible; Googlebot/2.1; +http://www.google.com/bot.html)"
66.249.79.32 - - [12/Jul/2025:17:03:35 +0000] "POST /get-message-notify HTTP/1.1" 200 21718 "https://kelaby.company/?h=5937821081960&mod=9293eb98&uri=form.php%3Fid%3D198286-344%26name%3Dspring+context+maven+dependency" "Mozilla/5.0 (Linux; Android 6.0.1; Nexus 5X Build/MMB29P) AppleWebKit/537.36 (KHTML, like Gecko) Chrome/137.0.7151.119 Mobile Safari/537.36 (compatible; Googlebot/2.1; +http://www.google.com/bot.html)"
66.249.79.32 - - [12/Jul/2025:17:03:43 +0000] "GET /?h=5938751041960&mod=9293eb98&uri=pin.php%3Fid%3D198317-344%26name%3Dnewport+shoes+website HTTP/1.1" 200 22136 "-" "Mozilla/5.0 (Linux; Android 6.0.1; Nexus 5X Build/MMB29P) AppleWebKit/537.36 (KHTML, like Gecko) Chrome/137.0.7151.103 Mobile Safari/537.36 (compatible; Googlebot/2.1; +http://www.google.com/bot.html)"
66.249.79.32 - - [12/Jul/2025:17:03:46 +0000] "GET /?h=5937371031960&mod=be8e1862&uri=news.php%3Fid%3D198271-342%26name%3Dfisher+price+sit+me+up+floor+seat+girl HTTP/1.1" 200 21408 "-" "Mozilla/5.0 (Linux; Android 6.0.1; Nexus 5X Build/MMB29P) AppleWebKit/537.36 (KHTML, like Gecko) Chrome/137.0.7151.103 Mobile Safari/537.36 (compatible; Googlebot/2.1; +http://www.google.com/bot.html)"
209.74.77.214 - - [12/Jul/2025:17:03:52 +0000] "POST /wp-cron.php?doing_wp_cron=1752339832.6428871154785156250000 HTTP/1.1" 200 - "-" "WordPress/6.8.1; https://kelaby.company"
103.72.98.80 - - [12/Jul/2025:17:03:52 +0000] "POST /xmlrpc.php HTTP/1.1" 200 206 "-" "Mozilla/5.0 (Windows NT 10.0; Win64; x64) AppleWebKit/537.36 (KHTML, like Gecko) Chrome/70.0.3538.102 Safari/537.36"
209.74.77.214 - - [12/Jul/2025:17:04:04 +0000] "POST /wp-cron.php?doing_wp_cron=1752339844.1749761104583740234375 HTTP/1.1" 200 - "-" "WordPress/6.8.1; https://kelaby.company"
194.233.64.197 - - [12/Jul/2025:17:04:04 +0000] "POST /xmlrpc.php HTTP/1.1" 200 206 "-" "Mozilla/5.0 (Windows NT 10.0; Win64; x64) AppleWebKit/537.36 (KHTML, like Gecko) Chrome/91.0.4472.114 Safari/537.36"
66.249.79.32 - - [12/Jul/2025:17:03:55 +0000] "GET /?h=5938031051960&mod=be8e1862&uri=article.php%3Fid%3D198293-342%26name%3Dsnugapuppy+rocker HTTP/1.1" 200 21352 "-" "Mozilla/5.0 (Linux; Android 6.0.1; Nexus 5X Build/MMB29P) AppleWebKit/537.36 (KHTML, like Gecko) Chrome/137.0.7151.103 Mobile Safari/537.36 (compatible; Googlebot/2.1; +http://www.google.com/bot.html)"
66.249.79.232 - - [12/Jul/2025:17:03:55 +0000] "GET /?h=5821249001960&mod=cdebf2bd&uri=search.php%3Fid%3D194396-337%26name%3Dfaldas+cuadradas+shein HTTP/1.1" 200 21482 "-" "Mozilla/5.0 (Linux; Android 6.0.1; Nexus 5X Build/MMB29P) AppleWebKit/537.36 (KHTML, like Gecko) Chrome/137.0.7151.103 Mobile Safari/537.36 (compatible; Googlebot/2.1; +http://www.google.com/bot.html)"
66.249.79.32 - - [12/Jul/2025:17:03:55 +0000] "GET /?h=6075551011960&mod=c7ced588&uri=dp.php%3Fid%3D202885-349%26name%3Dpendentif+vierge+signe+astrologique HTTP/1.1" 200 21782 "-" "Mozilla/5.0 (Linux; Android 6.0.1; Nexus 5X Build/MMB29P) AppleWebKit/537.36 (KHTML, like Gecko) Chrome/137.0.7151.103 Mobile Safari/537.36 (compatible; Googlebot/2.1; +http://www.google.com/bot.html)"
66.249.79.32 - - [12/Jul/2025:17:04:04 +0000] "GET /?h=5937101041960&mod=be8e1862&uri=products.php%3Fid%3D198262-342%26name%3Dmothercare+teddy%27s+toy+box+bouncer HTTP/1.1" 200 21088 "-" "Mozilla/5.0 (Linux; Android 6.0.1; Nexus 5X Build/MMB29P) AppleWebKit/537.36 (KHTML, like Gecko) Chrome/137.0.7151.103 Mobile Safari/537.36 (compatible; Googlebot/2.1; +http://www.google.com/bot.html)"
66.249.79.32 - - [12/Jul/2025:17:04:05 +0000] "GET /?h=5937011011960&mod=be8e1862&uri=form.php%3Fid%3D198259-342%26name%3Dclose+to+me+baby+bouncer HTTP/1.1" 200 21214 "-" "Mozilla/5.0 (Linux; Android 6.0.1; Nexus 5X Build/MMB29P) AppleWebKit/537.36 (KHTML, like Gecko) Chrome/137.0.7151.103 Mobile Safari/537.36 (compatible; Googlebot/2.1; +http://www.google.com/bot.html)"
66.249.79.232 - - [12/Jul/2025:17:04:06 +0000] "POST /get-message-notify HTTP/1.1" 200 20943 "https://www.kelaby.company/?h=5821249001960&mod=cdebf2bd&uri=search.php%3Fid%3D194396-337%26name%3Dfaldas+cuadradas+shein" "Mozilla/5.0 (Linux; Android 6.0.1; Nexus 5X Build/MMB29P) AppleWebKit/537.36 (KHTML, like Gecko) Chrome/137.0.7151.119 Mobile Safari/537.36 (compatible; Googlebot/2.1; +http://www.google.com/bot.html)"
66.249.79.32 - - [12/Jul/2025:17:04:08 +0000] "POST /get-message-notify HTTP/1.1" 200 21703 "https://kelaby.company/?h=5938031051960&mod=be8e1862&uri=article.php%3Fid%3D198293-342%26name%3Dsnugapuppy+rocker" "Mozilla/5.0 (Linux; Android 6.0.1; Nexus 5X Build/MMB29P) AppleWebKit/537.36 (KHTML, like Gecko) Chrome/137.0.7151.119 Mobile Safari/537.36 (compatible; Googlebot/2.1; +http://www.google.com/bot.html)"
66.249.79.32 - - [12/Jul/2025:17:04:09 +0000] "POST /get-message-notify HTTP/1.1" 200 21711 "https://kelaby.company/?h=5938751041960&mod=9293eb98&uri=pin.php%3Fid%3D198317-344%26name%3Dnewport+shoes+website" "Mozilla/5.0 (Linux; Android 6.0.1; Nexus 5X Build/MMB29P) AppleWebKit/537.36 (KHTML, like Gecko) Chrome/137.0.7151.119 Mobile Safari/537.36 (compatible; Googlebot/2.1; +http://www.google.com/bot.html)"
66.249.79.32 - - [12/Jul/2025:17:04:09 +0000] "POST /get-message-notify HTTP/1.1" 200 21706 "https://kelaby.company/?h=5937011011960&mod=be8e1862&uri=form.php%3Fid%3D198259-342%26name%3Dclose+to+me+baby+bouncer" "Mozilla/5.0 (Linux; Android 6.0.1; Nexus 5X Build/MMB29P) AppleWebKit/537.36 (KHTML, like Gecko) Chrome/137.0.7151.119 Mobile Safari/537.36 (compatible; Googlebot/2.1; +http://www.google.com/bot.html)"
103.217.254.32 - - [12/Jul/2025:17:04:10 +0000] "POST /xmlrpc.php HTTP/1.1" 200 206 "-" "Mozilla/5.0 (Windows NT 10.0; WOW64; rv:54.0) Gecko/20100101 Firefox/54.0"
54.78.115.243 - - [12/Jul/2025:17:04:13 +0000] "POST /xmlrpc.php HTTP/1.1" 200 206 "-" "Mozilla/5.0 (Windows NT 10.0; Win64; x64) AppleWebKit/537.36 (KHTML, like Gecko) Chrome/80.0.3987.149 Safari/537.36"
194.164.126.55 - - [12/Jul/2025:17:04:15 +0000] "POST /xmlrpc.php HTTP/1.1" 200 206 "-" "Mozilla/5.0 (Windows NT 10.0; Win64; x64) AppleWebKit/537.36 (KHTML, like Gecko) Chrome/69.0.3497.100 Safari/537.36"
209.74.77.214 - - [12/Jul/2025:17:04:19 +0000] "POST /wp-cron.php?doing_wp_cron=1752339859.3105449676513671875000 HTTP/1.1" 200 - "-" "WordPress/6.8.1; https://kelaby.company"
8.217.1.112 - - [12/Jul/2025:17:04:19 +0000] "POST /xmlrpc.php HTTP/1.1" 200 206 "-" "Mozilla/5.0 (Windows NT 6.1; Win64; x64; rv:61.0) Gecko/20100101 Firefox/61.0"
66.249.79.32 - - [12/Jul/2025:17:04:18 +0000] "GET /?h=5937641001960&mod=be8e1862&uri=itm.php%3Fid%3D198280-342%26name%3Dcharlie+crane+rocker+reviews HTTP/1.1" 200 21101 "-" "Mozilla/5.0 (Linux; Android 6.0.1; Nexus 5X Build/MMB29P) AppleWebKit/537.36 (KHTML, like Gecko) Chrome/137.0.7151.103 Mobile Safari/537.36 (compatible; Googlebot/2.1; +http://www.google.com/bot.html)"
66.249.79.32 - - [12/Jul/2025:17:04:18 +0000] "GET /?h=5090707081960&mod=32776512&uri=brands.php%3Fid%3D169946-309%26name%3Dmsi+geforce+rtx+3080+supreme+x HTTP/1.1" 200 21607 "-" "Mozilla/5.0 (Linux; Android 6.0.1; Nexus 5X Build/MMB29P) AppleWebKit/537.36 (KHTML, like Gecko) Chrome/137.0.7151.103 Mobile Safari/537.36 (compatible; Googlebot/2.1; +http://www.google.com/bot.html)"
77.55.253.213 - - [12/Jul/2025:17:04:27 +0000] "POST /xmlrpc.php HTTP/1.1" 200 206 "-" "Mozilla/5.0 (Macintosh; Intel Mac OS X 10_10; rv:33.0) Gecko/20100101 Firefox/33.0"
57.155.216.22 - - [12/Jul/2025:17:04:30 +0000] "POST /xmlrpc.php HTTP/1.1" 200 206 "-" "Mozilla/5.0 (Windows NT 6.1; rv:17.0) Gecko/20100101 Firefox/20.6.14"
45.117.81.155 - - [12/Jul/2025:17:04:31 +0000] "POST /xmlrpc.php HTTP/1.1" 200 206 "-" "Mozilla/5.0 (Windows NT 6.1; WOW64; rv:50.0) Gecko/20100101 Firefox/50.0"
66.249.79.32 - - [12/Jul/2025:17:04:31 +0000] "GET /?h=5938001041960&mod=be8e1862&uri=dp.php%3Fid%3D198292-342%26name%3Dchandelier+bouncer HTTP/1.1" 200 21733 "-" "Mozilla/5.0 (Linux; Android 6.0.1; Nexus 5X Build/MMB29P) AppleWebKit/537.36 (KHTML, like Gecko) Chrome/137.0.7151.103 Mobile Safari/537.36 (compatible; Googlebot/2.1; +http://www.google.com/bot.html)"
52.55.206.244 - - [12/Jul/2025:17:04:33 +0000] "POST /xmlrpc.php HTTP/1.1" 200 206 "-" "Mozilla/5.0 (Windows; U; Windows NT 5.1; en-US; rv:1.7.12) Gecko/20050915 Firefox/1.0.7"
66.249.79.32 - - [12/Jul/2025:17:04:34 +0000] "GET /?h=6509665031960&mod=be8e1862&uri=itm.php%3Fid%3D217419-342%26name%3Dteddy+bouncer HTTP/1.1" 200 20868 "-" "Mozilla/5.0 (Linux; Android 6.0.1; Nexus 5X Build/MMB29P) AppleWebKit/537.36 (KHTML, like Gecko) Chrome/137.0.7151.103 Mobile Safari/537.36 (compatible; Googlebot/2.1; +http://www.google.com/bot.html)"
103.72.98.80 - - [12/Jul/2025:17:04:37 +0000] "POST /xmlrpc.php HTTP/1.1" 200 206 "-" "Mozilla/5.0 (Windows NT 10.0; Win64; x64) AppleWebKit/537.36 (KHTML, like Gecko) Chrome/80.0.3987.149 Safari/537.36"
66.249.79.32 - - [12/Jul/2025:17:04:37 +0000] "GET /?h=5937401041960&mod=be8e1862&uri=brands.php%3Fid%3D198272-342%26name%3Dtravel+with+baby+bjorn+bouncer HTTP/1.1" 200 21226 "-" "Mozilla/5.0 (Linux; Android 6.0.1; Nexus 5X Build/MMB29P) AppleWebKit/537.36 (KHTML, like Gecko) Chrome/137.0.7151.103 Mobile Safari/537.36 (compatible; Googlebot/2.1; +http://www.google.com/bot.html)"
103.72.98.80 - - [12/Jul/2025:17:04:37 +0000] "POST /xmlrpc.php HTTP/1.1" 200 206 "-" "Mozilla/5.0 (Windows NT 6.1; WOW64; rv:54.0) Gecko/20100101 Firefox/54.0"
54.78.115.243 - - [12/Jul/2025:17:04:38 +0000] "POST /xmlrpc.php HTTP/1.1" 200 206 "-" "Mozilla/5.0 (Linux; Android 10; SM-A205U) AppleWebKit/537.36 (KHTML, like Gecko) Chrome/91.0.4472.114 Mobile Safari/537.36"
66.249.79.32 - - [12/Jul/2025:17:04:53 +0000] "GET /?h=5937131001960&mod=be8e1862&uri=itm.php%3Fid%3D198263-342%26name%3Dbright+starts+peek+a+zoo HTTP/1.1" 200 21822 "-" "Mozilla/5.0 (Linux; Android 6.0.1; Nexus 5X Build/MMB29P) AppleWebKit/537.36 (KHTML, like Gecko) Chrome/137.0.7151.103 Mobile Safari/537.36 (compatible; Googlebot/2.1; +http://www.google.com/bot.html)"
66.249.79.32 - - [12/Jul/2025:17:04:50 +0000] "GET /?h=5937221021960&mod=0722ba57&uri=info.php%3Fid%3D198266-270%26name%3Duniball+eye+micro+pen HTTP/1.1" 200 22322 "-" "Mozilla/5.0 (Linux; Android 6.0.1; Nexus 5X Build/MMB29P) AppleWebKit/537.36 (KHTML, like Gecko) Chrome/137.0.7151.103 Mobile Safari/537.36 (compatible; Googlebot/2.1; +http://www.google.com/bot.html)"
66.249.79.32 - - [12/Jul/2025:17:04:56 +0000] "GET /?h=5936651091960&mod=be8e1862&uri=shared.php%3Fid%3D198247-342%26name%3Drockabye+elephant+rocker HTTP/1.1" 200 21479 "-" "Mozilla/5.0 (Linux; Android 6.0.1; Nexus 5X Build/MMB29P) AppleWebKit/537.36 (KHTML, like Gecko) Chrome/137.0.7151.103 Mobile Safari/537.36 (compatible; Googlebot/2.1; +http://www.google.com/bot.html)"
66.249.79.32 - - [12/Jul/2025:17:04:59 +0000] "GET /?h=5938691051960&mod=be8e1862&uri=shop.php%3Fid%3D198315-342%26name%3Djoie+bouncer+review HTTP/1.1" 200 20720 "-" "Mozilla/5.0 (Linux; Android 6.0.1; Nexus 5X Build/MMB29P) AppleWebKit/537.36 (KHTML, like Gecko) Chrome/137.0.7151.103 Mobile Safari/537.36 (compatible; Googlebot/2.1; +http://www.google.com/bot.html)"
66.249.79.32 - - [12/Jul/2025:17:05:01 +0000] "POST /get-message-notify HTTP/1.1" 200 21701 "https://kelaby.company/?h=5937131001960&mod=be8e1862&uri=itm.php%3Fid%3D198263-342%26name%3Dbright+starts+peek+a+zoo" "Mozilla/5.0 (Linux; Android 6.0.1; Nexus 5X Build/MMB29P) AppleWebKit/537.36 (KHTML, like Gecko) Chrome/137.0.7151.119 Mobile Safari/537.36 (compatible; Googlebot/2.1; +http://www.google.com/bot.html)"
66.249.79.32 - - [12/Jul/2025:17:05:02 +0000] "GET /?h=5938091021960&mod=be8e1862&uri=itm.php%3Fid%3D198295-342%26name%3Dsoothing+rocker+for+baby HTTP/1.1" 200 21341 "-" "Mozilla/5.0 (Linux; Android 6.0.1; Nexus 5X Build/MMB29P) AppleWebKit/537.36 (KHTML, like Gecko) Chrome/137.0.7151.103 Mobile Safari/537.36 (compatible; Googlebot/2.1; +http://www.google.com/bot.html)"
66.249.79.32 - - [12/Jul/2025:17:05:05 +0000] "GET /?h=5936861011960&mod=936a96a7&uri=search.php%3Fid%3D198254-322%26name%3Dfphd2491kf0 HTTP/1.1" 200 21120 "-" "Mozilla/5.0 (Linux; Android 6.0.1; Nexus 5X Build/MMB29P) AppleWebKit/537.36 (KHTML, like Gecko) Chrome/137.0.7151.103 Mobile Safari/537.36 (compatible; Googlebot/2.1; +http://www.google.com/bot.html)"
66.249.79.32 - - [12/Jul/2025:17:05:08 +0000] "GET /?h=5938661041960&mod=be8e1862&uri=goods.php%3Fid%3D198314-342%26name%3Dbaby+bjorn+bouncer+safe+for+newborn HTTP/1.1" 200 21213 "-" "Mozilla/5.0 (Linux; Android 6.0.1; Nexus 5X Build/MMB29P) AppleWebKit/537.36 (KHTML, like Gecko) Chrome/137.0.7151.103 Mobile Safari/537.36 (compatible; Googlebot/2.1; +http://www.google.com/bot.html)"
66.249.79.32 - - [12/Jul/2025:17:05:17 +0000] "POST /get-message-notify HTTP/1.1" 200 21715 "https://kelaby.company/?h=5938661041960&mod=be8e1862&uri=goods.php%3Fid%3D198314-342%26name%3Dbaby+bjorn+bouncer+safe+for+newborn" "Mozilla/5.0 (Linux; Android 6.0.1; Nexus 5X Build/MMB29P) AppleWebKit/537.36 (KHTML, like Gecko) Chrome/137.0.7151.119 Mobile Safari/537.36 (compatible; Googlebot/2.1; +http://www.google.com/bot.html)"
66.249.79.32 - - [12/Jul/2025:17:05:19 +0000] "GET /?h=6516145071960&mod=be8e1862&uri=dp.php%3Fid%3D217635-342%26name%3Dwalker+rider+toy HTTP/1.1" 200 20580 "-" "Mozilla/5.0 (Linux; Android 6.0.1; Nexus 5X Build/MMB29P) AppleWebKit/537.36 (KHTML, like Gecko) Chrome/137.0.7151.103 Mobile Safari/537.36 (compatible; Googlebot/2.1; +http://www.google.com/bot.html)"
66.249.79.32 - - [12/Jul/2025:17:05:28 +0000] "POST /get-message-notify HTTP/1.1" 200 21702 "https://kelaby.company/?h=5936651091960&mod=be8e1862&uri=shared.php%3Fid%3D198247-342%26name%3Drockabye+elephant+rocker" "Mozilla/5.0 (Linux; Android 6.0.1; Nexus 5X Build/MMB29P) AppleWebKit/537.36 (KHTML, like Gecko) Chrome/137.0.7151.119 Mobile Safari/537.36 (compatible; Googlebot/2.1; +http://www.google.com/bot.html)"
66.249.79.32 - - [12/Jul/2025:17:05:38 +0000] "GET /?h=5936561041960&mod=be8e1862&uri=product.php%3Fid%3D198244-342%26name%3Dbabysitter+elegant+and+comfort+baby+bouncer HTTP/1.1" 200 20780 "-" "Mozilla/5.0 (Linux; Android 6.0.1; Nexus 5X Build/MMB29P) AppleWebKit/537.36 (KHTML, like Gecko) Chrome/137.0.7151.103 Mobile Safari/537.36 (compatible; Googlebot/2.1; +http://www.google.com/bot.html)"
66.249.79.32 - - [12/Jul/2025:17:05:32 +0000] "GET /?h=5936831031960&mod=e2e5096d&uri=shared.php%3Fid%3D198253-87%26name%3Dgopro+hero+supported+sd+cards HTTP/1.1" 200 22166 "-" "Mozilla/5.0 (Linux; Android 6.0.1; Nexus 5X Build/MMB29P) AppleWebKit/537.36 (KHTML, like Gecko) Chrome/137.0.7151.103 Mobile Safari/537.36 (compatible; Googlebot/2.1; +http://www.google.com/bot.html)"
66.249.79.32 - - [12/Jul/2025:17:05:43 +0000] "GET /?h=5936681001960&mod=9293eb98&uri=product.php%3Fid%3D198248-344%26name%3Dinch+boots HTTP/1.1" 200 21744 "-" "Mozilla/5.0 (Linux; Android 6.0.1; Nexus 5X Build/MMB29P) AppleWebKit/537.36 (KHTML, like Gecko) Chrome/137.0.7151.103 Mobile Safari/537.36 (compatible; Googlebot/2.1; +http://www.google.com/bot.html)"
66.249.79.32 - - [12/Jul/2025:17:05:47 +0000] "POST /get-message-notify HTTP/1.1" 200 21704 "https://kelaby.company/?h=5936681001960&mod=9293eb98&uri=product.php%3Fid%3D198248-344%26name%3Dinch+boots" "Mozilla/5.0 (Linux; Android 6.0.1; Nexus 5X Build/MMB29P) AppleWebKit/537.36 (KHTML, like Gecko) Chrome/137.0.7151.119 Mobile Safari/537.36 (compatible; Googlebot/2.1; +http://www.google.com/bot.html)"
66.249.79.32 - - [12/Jul/2025:17:05:49 +0000] "GET /?h=5937851041960&mod=9293eb98&uri=news.php%3Fid%3D198287-344%26name%3Dadidas+running+pants+mens HTTP/1.1" 200 21955 "-" "Mozilla/5.0 (Linux; Android 6.0.1; Nexus 5X Build/MMB29P) AppleWebKit/537.36 (KHTML, like Gecko) Chrome/137.0.7151.103 Mobile Safari/537.36 (compatible; Googlebot/2.1; +http://www.google.com/bot.html)"
66.249.79.32 - - [12/Jul/2025:17:05:55 +0000] "GET /?h=5986829011960&mod=a788f0e7&uri=news.php%3Fid%3D199922-345%26name%3Dpantalones+vaqueros+cortos+anchos HTTP/1.1" 200 21226 "-" "Mozilla/5.0 (Linux; Android 6.0.1; Nexus 5X Build/MMB29P) AppleWebKit/537.36 (KHTML, like Gecko) Chrome/137.0.7151.103 Mobile Safari/537.36 (compatible; Googlebot/2.1; +http://www.google.com/bot.html)"
66.249.79.34 - - [12/Jul/2025:17:06:02 +0000] "GET /?h=115099697141960&mod=be8e1862&uri=dp.php%3Fid%3D3841297-342%26name%3Dmothertouch+walker HTTP/1.1" 200 21060 "-" "Mozilla/5.0 (Linux; Android 6.0.1; Nexus 5X Build/MMB29P) AppleWebKit/537.36 (KHTML, like Gecko) Chrome/137.0.7151.103 Mobile Safari/537.36 (compatible; Googlebot/2.1; +http://www.google.com/bot.html)"
66.249.79.32 - - [12/Jul/2025:17:06:08 +0000] "GET /?h=5982708061960&mod=a788f0e7&uri=form.php%3Fid%3D199784-345%26name%3Dvestidos+noche+liz+minelli HTTP/1.1" 200 21006 "-" "Mozilla/5.0 (Linux; Android 6.0.1; Nexus 5X Build/MMB29P) AppleWebKit/537.36 (KHTML, like Gecko) Chrome/137.0.7151.103 Mobile Safari/537.36 (compatible; Googlebot/2.1; +http://www.google.com/bot.html)"
66.249.79.233 - - [12/Jul/2025:17:06:14 +0000] "GET /?h=5800148041960&mod=9bbcf8c9&uri=shop.php%3Fid%3D193692-336%26name%3Dborse+michael+kors+2022+sito+ufficiale HTTP/1.1" 200 20928 "-" "Mozilla/5.0 (Linux; Android 6.0.1; Nexus 5X Build/MMB29P) AppleWebKit/537.36 (KHTML, like Gecko) Chrome/137.0.7151.103 Mobile Safari/537.36 (compatible; Googlebot/2.1; +http://www.google.com/bot.html)"
66.249.79.32 - - [12/Jul/2025:17:06:14 +0000] "GET /?h=5984568021960&mod=a788f0e7&uri=goods.php%3Fid%3D199846-345%26name%3Dba%C3%83%C2%B1ador+shein+negro HTTP/1.1" 200 21402 "-" "Mozilla/5.0 (Linux; Android 6.0.1; Nexus 5X Build/MMB29P) AppleWebKit/537.36 (KHTML, like Gecko) Chrome/137.0.7151.103 Mobile Safari/537.36 (compatible; Googlebot/2.1; +http://www.google.com/bot.html)"
66.249.79.32 - - [12/Jul/2025:17:06:20 +0000] "GET /?h=5991089011960&mod=a788f0e7&uri=itm.php%3Fid%3D200064-345%26name%3Dpijama+rey+leon+carrefour HTTP/1.1" 200 21868 "-" "Mozilla/5.0 (Linux; Android 6.0.1; Nexus 5X Build/MMB29P) AppleWebKit/537.36 (KHTML, like Gecko) Chrome/137.0.7151.103 Mobile Safari/537.36 (compatible; Googlebot/2.1; +http://www.google.com/bot.html)"
66.249.79.32 - - [12/Jul/2025:17:06:21 +0000] "GET /?h=6099467011960&mod=f7efa4f8&uri=blog.php%3Fid%3D203683-40%26name%3Dryobi+18v+scrubber HTTP/1.1" 200 21506 "-" "Mozilla/5.0 (Linux; Android 6.0.1; Nexus 5X Build/MMB29P) AppleWebKit/537.36 (KHTML, like Gecko) Chrome/137.0.7151.103 Mobile Safari/537.36 (compatible; Googlebot/2.1; +http://www.google.com/bot.html)"
66.249.79.32 - - [12/Jul/2025:17:06:27 +0000] "GET /?h=5987129041960&mod=a788f0e7&uri=pin.php%3Fid%3D199932-345%26name%3Dchamarra+de+piel+formal HTTP/1.1" 200 20979 "-" "Mozilla/5.0 (Linux; Android 6.0.1; Nexus 5X Build/MMB29P) AppleWebKit/537.36 (KHTML, like Gecko) Chrome/137.0.7151.103 Mobile Safari/537.36 (compatible; Googlebot/2.1; +http://www.google.com/bot.html)"
