66.249.79.37 - - [12/Jul/2025:12:29:52 +0000] "GET /?h=6073181041960&mod=c7ced588&uri=us.php%3Fid%3D202806-349%26name%3Dcollier+snake+or HTTP/1.1" 200 21792 "-" "Mozilla/5.0 (Linux; Android 6.0.1; Nexus 5X Build/MMB29P) AppleWebKit/537.36 (KHTML, like Gecko) Chrome/137.0.7151.103 Mobile Safari/537.36 (compatible; Googlebot/2.1; +http://www.google.com/bot.html)"
66.249.79.37 - - [12/Jul/2025:12:29:59 +0000] "GET /?h=33406567051960&mod=681e38a8&uri=blog.php%3Fid%3D1114981-346%26name%3Devos+shirt HTTP/1.1" 200 22173 "-" "Mozilla/5.0 (Linux; Android 6.0.1; Nexus 5X Build/MMB29P) AppleWebKit/537.36 (KHTML, like Gecko) Chrome/137.0.7151.103 Mobile Safari/537.36 (compatible; Googlebot/2.1; +http://www.google.com/bot.html)"
66.249.79.37 - - [12/Jul/2025:12:30:07 +0000] "GET /?h=6164823051960&mod=1e60bf71&uri=shop.php%3Fid%3D205863-356%26name%3Dtennis+elly HTTP/1.1" 200 20828 "-" "Mozilla/5.0 (Linux; Android 6.0.1; Nexus 5X Build/MMB29P) AppleWebKit/537.36 (KHTML, like Gecko) Chrome/137.0.7151.103 Mobile Safari/537.36 (compatible; Googlebot/2.1; +http://www.google.com/bot.html)"
66.249.79.37 - - [12/Jul/2025:12:30:08 +0000] "GET /?h=6064372051960&mod=c7ced588&uri=products.php%3Fid%3D202511-349%26name%3Dnettoyer+ses+bagues+en+argent HTTP/1.1" 200 21961 "-" "Mozilla/5.0 (Linux; Android 6.0.1; Nexus 5X Build/MMB29P) AppleWebKit/537.36 (KHTML, like Gecko) Chrome/137.0.7151.103 Mobile Safari/537.36 (compatible; Googlebot/2.1; +http://www.google.com/bot.html)"
66.249.79.37 - - [12/Jul/2025:12:30:30 +0000] "GET /?h=6048414051960&mod=33acaba9&uri=brands.php%3Fid%3D201977-348%26name%3Dkimono+plage+etam HTTP/1.1" 200 21164 "-" "Mozilla/5.0 (Linux; Android 6.0.1; Nexus 5X Build/MMB29P) AppleWebKit/537.36 (KHTML, like Gecko) Chrome/137.0.7151.103 Mobile Safari/537.36 (compatible; Googlebot/2.1; +http://www.google.com/bot.html)"
66.249.79.37 - - [12/Jul/2025:12:30:37 +0000] "GET /?h=6085009071960&mod=f7efa4f8&uri=blog.php%3Fid%3D203201-40%26name%3Dm12+18c+milwaukee HTTP/1.1" 200 21786 "-" "Mozilla/5.0 (Linux; Android 6.0.1; Nexus 5X Build/MMB29P) AppleWebKit/537.36 (KHTML, like Gecko) Chrome/137.0.7151.103 Mobile Safari/537.36 (compatible; Googlebot/2.1; +http://www.google.com/bot.html)"
66.249.79.37 - - [12/Jul/2025:12:30:41 +0000] "POST /get-message-notify HTTP/1.1" 200 21695 "https://kelaby.company/?h=6085009071960&mod=f7efa4f8&uri=blog.php%3Fid%3D203201-40%26name%3Dm12+18c+milwaukee" "Mozilla/5.0 (Linux; Android 6.0.1; Nexus 5X Build/MMB29P) AppleWebKit/537.36 (KHTML, like Gecko) Chrome/137.0.7151.119 Mobile Safari/537.36 (compatible; Googlebot/2.1; +http://www.google.com/bot.html)"
66.249.79.37 - - [12/Jul/2025:12:30:45 +0000] "GET /?h=5978525041960&mod=a788f0e7&uri=us.php%3Fid%3D199644-345%26name%3Dblusa+de+shein+negra HTTP/1.1" 200 20825 "-" "Mozilla/5.0 (Linux; Android 6.0.1; Nexus 5X Build/MMB29P) AppleWebKit/537.36 (KHTML, like Gecko) Chrome/137.0.7151.103 Mobile Safari/537.36 (compatible; Googlebot/2.1; +http://www.google.com/bot.html)"
66.249.79.37 - - [12/Jul/2025:12:30:58 +0000] "GET /?h=6074741041960&mod=c7ced588&uri=search.php%3Fid%3D202858-349%26name%3Dbracelet+redline+pas+cher HTTP/1.1" 200 21600 "-" "Mozilla/5.0 (Linux; Android 6.0.1; Nexus 5X Build/MMB29P) AppleWebKit/537.36 (KHTML, like Gecko) Chrome/137.0.7151.103 Mobile Safari/537.36 (compatible; Googlebot/2.1; +http://www.google.com/bot.html)"
66.249.79.32 - - [12/Jul/2025:12:31:16 +0000] "GET /?h=6083819021960&mod=f7efa4f8&uri=goods.php%3Fid%3D203161-40%26name%3Dmilwaukee+m12+boot HTTP/1.1" 200 22291 "-" "Mozilla/5.0 (Linux; Android 6.0.1; Nexus 5X Build/MMB29P) AppleWebKit/537.36 (KHTML, like Gecko) Chrome/137.0.7151.103 Mobile Safari/537.36 (compatible; Googlebot/2.1; +http://www.google.com/bot.html)"
66.249.79.37 - - [12/Jul/2025:12:31:16 +0000] "GET /?h=6222852001960&mod=9b425b22&uri=brands.php%3Fid%3D207830-359%26name%3Dnew+balance+791+sport+lifestyle HTTP/1.1" 200 20920 "-" "Mozilla/5.0 (Linux; Android 6.0.1; Nexus 5X Build/MMB29P) AppleWebKit/537.36 (KHTML, like Gecko) Chrome/137.0.7151.103 Mobile Safari/537.36 (compatible; Googlebot/2.1; +http://www.google.com/bot.html)"
66.249.79.37 - - [12/Jul/2025:12:31:21 +0000] "POST /get-message-notify HTTP/1.1" 200 21710 "https://kelaby.company/?h=6222852001960&mod=9b425b22&uri=brands.php%3Fid%3D207830-359%26name%3Dnew+balance+791+sport+lifestyle" "Mozilla/5.0 (Linux; Android 6.0.1; Nexus 5X Build/MMB29P) AppleWebKit/537.36 (KHTML, like Gecko) Chrome/137.0.7151.119 Mobile Safari/537.36 (compatible; Googlebot/2.1; +http://www.google.com/bot.html)"
66.249.79.37 - - [12/Jul/2025:12:31:27 +0000] "GET /?h=6157471071960&mod=85dfc59b&uri=itm.php%3Fid%3D205617-353%26name%3Dchaussure+de+ville+pour+fille HTTP/1.1" 200 20956 "-" "Mozilla/5.0 (Linux; Android 6.0.1; Nexus 5X Build/MMB29P) AppleWebKit/537.36 (KHTML, like Gecko) Chrome/137.0.7151.103 Mobile Safari/537.36 (compatible; Googlebot/2.1; +http://www.google.com/bot.html)"
66.249.79.233 - - [12/Jul/2025:12:31:27 +0000] "GET /?h=70068704071960&mod=681e38a8&uri=goods.php%3Fid%3D2338271-346%26name%3Dnorwich+2021+kit HTTP/1.1" 200 22203 "-" "Mozilla/5.0 (Linux; Android 6.0.1; Nexus 5X Build/MMB29P) AppleWebKit/537.36 (KHTML, like Gecko) Chrome/137.0.7151.103 Mobile Safari/537.36 (compatible; Googlebot/2.1; +http://www.google.com/bot.html)"
66.249.79.234 - - [12/Jul/2025:12:31:28 +0000] "GET /?h=107419111021960&mod=8c76acf2&uri=form.php%3Fid%3D3584930-155%26name%3Dlogitech+amp HTTP/1.1" 200 22197 "-" "Mozilla/5.0 (Linux; Android 6.0.1; Nexus 5X Build/MMB29P) AppleWebKit/537.36 (KHTML, like Gecko) Chrome/137.0.7151.103 Mobile Safari/537.36 (compatible; Googlebot/2.1; +http://www.google.com/bot.html)"
66.249.79.37 - - [12/Jul/2025:12:31:36 +0000] "GET /?h=6230770001960&mod=9b425b22&uri=brands.php%3Fid%3D208102-359%26name%3Dnew+balance+801+brancas HTTP/1.1" 200 21517 "-" "Mozilla/5.0 (Linux; Android 6.0.1; Nexus 5X Build/MMB29P) AppleWebKit/537.36 (KHTML, like Gecko) Chrome/137.0.7151.103 Mobile Safari/537.36 (compatible; Googlebot/2.1; +http://www.google.com/bot.html)"
66.249.79.233 - - [12/Jul/2025:12:31:37 +0000] "GET /?h=70034689001960&mod=f8cd71b7&uri=article.php%3Fid%3D2337136-328%26name%3Dschwarze+schuhe+damen+rieker HTTP/1.1" 200 20930 "-" "Mozilla/5.0 (Linux; Android 6.0.1; Nexus 5X Build/MMB29P) AppleWebKit/537.36 (KHTML, like Gecko) Chrome/137.0.7151.103 Mobile Safari/537.36 (compatible; Googlebot/2.1; +http://www.google.com/bot.html)"
66.249.79.37 - - [12/Jul/2025:12:31:37 +0000] "GET /?h=6222612001960&mod=acac6e55&uri=info.php%3Fid%3D207822-219%26name%3Din+wall+pellet+stove HTTP/1.1" 200 22155 "-" "Mozilla/5.0 (Linux; Android 6.0.1; Nexus 5X Build/MMB29P) AppleWebKit/537.36 (KHTML, like Gecko) Chrome/137.0.7151.103 Mobile Safari/537.36 (compatible; Googlebot/2.1; +http://www.google.com/bot.html)"
66.249.79.37 - - [12/Jul/2025:12:31:41 +0000] "POST /get-message-notify HTTP/1.1" 200 21700 "https://kelaby.company/?h=6222612001960&mod=acac6e55&uri=info.php%3Fid%3D207822-219%26name%3Din+wall+pellet+stove" "Mozilla/5.0 (Linux; Android 6.0.1; Nexus 5X Build/MMB29P) AppleWebKit/537.36 (KHTML, like Gecko) Chrome/137.0.7151.119 Mobile Safari/537.36 (compatible; Googlebot/2.1; +http://www.google.com/bot.html)"
66.249.79.232 - - [12/Jul/2025:12:31:59 +0000] "GET /?h=70128958041960&mod=24ff6e7b&uri=goods.php%3Fid%3D2340280-625%26name%3Dtimberland+boots+male HTTP/1.1" 200 21897 "-" "Mozilla/5.0 (Linux; Android 6.0.1; Nexus 5X Build/MMB29P) AppleWebKit/537.36 (KHTML, like Gecko) Chrome/137.0.7151.103 Mobile Safari/537.36 (compatible; Googlebot/2.1; +http://www.google.com/bot.html)"
66.249.79.232 - - [12/Jul/2025:12:32:35 +0000] "GET /?h=70129138001960&mod=24ff6e7b&uri=shop.php%3Fid%3D2340286-625%26name%3Dstudded+open+toe+heels HTTP/1.1" 200 22133 "-" "Mozilla/5.0 (Linux; Android 6.0.1; Nexus 5X Build/MMB29P) AppleWebKit/537.36 (KHTML, like Gecko) Chrome/137.0.7151.103 Mobile Safari/537.36 (compatible; Googlebot/2.1; +http://www.google.com/bot.html)"
66.249.79.232 - - [12/Jul/2025:12:32:39 +0000] "POST /get-message-notify HTTP/1.1" 200 20943 "https://www.kelaby.company/?h=70129138001960&mod=24ff6e7b&uri=shop.php%3Fid%3D2340286-625%26name%3Dstudded+open+toe+heels" "Mozilla/5.0 (Linux; Android 6.0.1; Nexus 5X Build/MMB29P) AppleWebKit/537.36 (KHTML, like Gecko) Chrome/137.0.7151.119 Mobile Safari/537.36 (compatible; Googlebot/2.1; +http://www.google.com/bot.html)"
66.249.79.232 - - [12/Jul/2025:12:32:41 +0000] "GET /?h=70060184031960&mod=2d629f2f&uri=info.php%3Fid%3D2337987-539%26name%3Dnyko+pro+commander+wii+u HTTP/1.1" 200 21158 "-" "Mozilla/5.0 (Linux; Android 6.0.1; Nexus 5X Build/MMB29P) AppleWebKit/537.36 (KHTML, like Gecko) Chrome/137.0.7151.103 Mobile Safari/537.36 (compatible; Googlebot/2.1; +http://www.google.com/bot.html)"
66.249.79.232 - - [12/Jul/2025:12:32:48 +0000] "GET /?h=70064444031960&mod=03555a28&uri=news.php%3Fid%3D2338129-678%26name%3Dreplace+glass+on+samsung+s8 HTTP/1.1" 200 21584 "-" "Mozilla/5.0 (Linux; Android 6.0.1; Nexus 5X Build/MMB29P) AppleWebKit/537.36 (KHTML, like Gecko) Chrome/137.0.7151.103 Mobile Safari/537.36 (compatible; Googlebot/2.1; +http://www.google.com/bot.html)"
66.249.79.232 - - [12/Jul/2025:12:32:54 +0000] "GET /?h=70055924051960&mod=7a9a322c&uri=article.php%3Fid%3D2337845-48%26name%3Dglitter+golden+goose+superstar HTTP/1.1" 200 22336 "-" "Mozilla/5.0 (Linux; Android 6.0.1; Nexus 5X Build/MMB29P) AppleWebKit/537.36 (KHTML, like Gecko) Chrome/137.0.7151.103 Mobile Safari/537.36 (compatible; Googlebot/2.1; +http://www.google.com/bot.html)"
66.249.79.232 - - [12/Jul/2025:12:32:58 +0000] "POST /get-message-notify HTTP/1.1" 200 20941 "https://www.kelaby.company/?h=70055924051960&mod=7a9a322c&uri=article.php%3Fid%3D2337845-48%26name%3Dglitter+golden+goose+superstar" "Mozilla/5.0 (Linux; Android 6.0.1; Nexus 5X Build/MMB29P) AppleWebKit/537.36 (KHTML, like Gecko) Chrome/137.0.7151.119 Mobile Safari/537.36 (compatible; Googlebot/2.1; +http://www.google.com/bot.html)"
66.249.79.33 - - [12/Jul/2025:12:33:11 +0000] "GET /?h=23989442011960&mod=62c1507b&uri=shared.php%3Fid%3D800701-330%26name%3Dorvis+fly+tying HTTP/1.1" 200 22179 "-" "Mozilla/5.0 (Linux; Android 6.0.1; Nexus 5X Build/MMB29P) AppleWebKit/537.36 (KHTML, like Gecko) Chrome/137.0.7151.103 Mobile Safari/537.36 (compatible; Googlebot/2.1; +http://www.google.com/bot.html)"
66.249.79.37 - - [12/Jul/2025:12:33:17 +0000] "GET /?h=6089689031960&mod=f7efa4f8&uri=form.php%3Fid%3D203357-40%26name%3Dmakita+cordless+leaf+blower+vacuum HTTP/1.1" 200 22139 "-" "Mozilla/5.0 (Linux; Android 6.0.1; Nexus 5X Build/MMB29P) AppleWebKit/537.36 (KHTML, like Gecko) Chrome/137.0.7151.103 Mobile Safari/537.36 (compatible; Googlebot/2.1; +http://www.google.com/bot.html)"
66.249.79.32 - - [12/Jul/2025:12:33:24 +0000] "GET /?h=6127205031960&mod=e1029434&uri=pin.php%3Fid%3D204608-208%26name%3D14mm+sony+fe HTTP/1.1" 200 21318 "-" "Mozilla/5.0 (Linux; Android 6.0.1; Nexus 5X Build/MMB29P) AppleWebKit/537.36 (KHTML, like Gecko) Chrome/137.0.7151.103 Mobile Safari/537.36 (compatible; Googlebot/2.1; +http://www.google.com/bot.html)"
66.249.79.37 - - [12/Jul/2025:12:33:32 +0000] "GET /?h=5949821011960&mod=9293eb98&uri=dp.php%3Fid%3D198686-344%26name%3Dhotter+shoes+kenilworth HTTP/1.1" 200 21934 "-" "Mozilla/5.0 (Linux; Android 6.0.1; Nexus 5X Build/MMB29P) AppleWebKit/537.36 (KHTML, like Gecko) Chrome/137.0.7151.103 Mobile Safari/537.36 (compatible; Googlebot/2.1; +http://www.google.com/bot.html)"
66.249.79.37 - - [12/Jul/2025:12:33:35 +0000] "POST /get-message-notify HTTP/1.1" 200 21704 "https://kelaby.company/?h=5949821011960&mod=9293eb98&uri=dp.php%3Fid%3D198686-344%26name%3Dhotter+shoes+kenilworth" "Mozilla/5.0 (Linux; Android 6.0.1; Nexus 5X Build/MMB29P) AppleWebKit/537.36 (KHTML, like Gecko) Chrome/137.0.7151.119 Mobile Safari/537.36 (compatible; Googlebot/2.1; +http://www.google.com/bot.html)"
66.249.79.37 - - [12/Jul/2025:12:33:43 +0000] "POST /get-message-notify HTTP/1.1" 200 21700 "https://kelaby.company/?h=23989442011960&mod=62c1507b&uri=shared.php%3Fid%3D800701-330%26name%3Dorvis+fly+tying" "Mozilla/5.0 (Linux; Android 6.0.1; Nexus 5X Build/MMB29P) AppleWebKit/537.36 (KHTML, like Gecko) Chrome/137.0.7151.119 Mobile Safari/537.36 (compatible; Googlebot/2.1; +http://www.google.com/bot.html)"
66.249.79.37 - - [12/Jul/2025:12:33:44 +0000] "GET /?h=119557728051960&mod=621df6a7&uri=article.php%3Fid%3D3990007-649%26name%3Dshower+door+towel+bar+replacement HTTP/1.1" 200 22136 "-" "Mozilla/5.0 (Linux; Android 6.0.1; Nexus 5X Build/MMB29P) AppleWebKit/537.36 (KHTML, like Gecko) Chrome/137.0.7151.103 Mobile Safari/537.36 (compatible; Googlebot/2.1; +http://www.google.com/bot.html)"
66.249.79.37 - - [12/Jul/2025:12:33:57 +0000] "GET /?h=6094697001960&mod=f7efa4f8&uri=us.php%3Fid%3D203524-40%26name%3Dmilwaukee+one+key+sawzall HTTP/1.1" 200 22291 "-" "Mozilla/5.0 (Linux; Android 6.0.1; Nexus 5X Build/MMB29P) AppleWebKit/537.36 (KHTML, like Gecko) Chrome/137.0.7151.103 Mobile Safari/537.36 (compatible; Googlebot/2.1; +http://www.google.com/bot.html)"
66.249.79.37 - - [12/Jul/2025:12:33:59 +0000] "POST /get-message-notify HTTP/1.1" 200 21696 "https://kelaby.company/?h=6094697001960&mod=f7efa4f8&uri=us.php%3Fid%3D203524-40%26name%3Dmilwaukee+one+key+sawzall" "Mozilla/5.0 (Linux; Android 6.0.1; Nexus 5X Build/MMB29P) AppleWebKit/537.36 (KHTML, like Gecko) Chrome/137.0.7151.119 Mobile Safari/537.36 (compatible; Googlebot/2.1; +http://www.google.com/bot.html)"
66.249.79.37 - - [12/Jul/2025:12:34:06 +0000] "GET /?h=5936711051960&mod=be8e1862&uri=us.php%3Fid%3D198249-342%26name%3Dbaby+sleep+rocker+on+tummy HTTP/1.1" 200 21016 "-" "Mozilla/5.0 (Linux; Android 6.0.1; Nexus 5X Build/MMB29P) AppleWebKit/537.36 (KHTML, like Gecko) Chrome/137.0.7151.103 Mobile Safari/537.36 (compatible; Googlebot/2.1; +http://www.google.com/bot.html)"
66.249.79.37 - - [12/Jul/2025:12:34:09 +0000] "GET /?h=6137495011960&mod=e1029434&uri=us.php%3Fid%3D204951-208%26name%3Dinstax+mini+neo+90+film HTTP/1.1" 200 21417 "-" "Mozilla/5.0 (Linux; Android 6.0.1; Nexus 5X Build/MMB29P) AppleWebKit/537.36 (KHTML, like Gecko) Chrome/137.0.7151.103 Mobile Safari/537.36 (compatible; Googlebot/2.1; +http://www.google.com/bot.html)"
66.249.79.37 - - [12/Jul/2025:12:34:12 +0000] "POST /get-message-notify HTTP/1.1" 200 21703 "https://kelaby.company/?h=6137495011960&mod=e1029434&uri=us.php%3Fid%3D204951-208%26name%3Dinstax+mini+neo+90+film" "Mozilla/5.0 (Linux; Android 6.0.1; Nexus 5X Build/MMB29P) AppleWebKit/537.36 (KHTML, like Gecko) Chrome/137.0.7151.119 Mobile Safari/537.36 (compatible; Googlebot/2.1; +http://www.google.com/bot.html)"
66.249.79.37 - - [12/Jul/2025:12:34:22 +0000] "GET /?h=6087649051960&mod=f7efa4f8&uri=dp.php%3Fid%3D203289-40%26name%3Dstihl+hsa+65 HTTP/1.1" 200 22838 "-" "Mozilla/5.0 (Linux; Android 6.0.1; Nexus 5X Build/MMB29P) AppleWebKit/537.36 (KHTML, like Gecko) Chrome/137.0.7151.103 Mobile Safari/537.36 (compatible; Googlebot/2.1; +http://www.google.com/bot.html)"
66.249.79.37 - - [12/Jul/2025:12:34:29 +0000] "POST /get-message-notify HTTP/1.1" 200 21704 "https://kelaby.company/?h=6087649051960&mod=f7efa4f8&uri=dp.php%3Fid%3D203289-40%26name%3Dstihl+hsa+65" "Mozilla/5.0 (Linux; Android 6.0.1; Nexus 5X Build/MMB29P) AppleWebKit/537.36 (KHTML, like Gecko) Chrome/137.0.7151.119 Mobile Safari/537.36 (compatible; Googlebot/2.1; +http://www.google.com/bot.html)"
66.249.79.37 - - [12/Jul/2025:12:34:35 +0000] "GET /?h=115116587001960&mod=be8e1862&uri=goods.php%3Fid%3D3841860-342%26name%3Disafe+baby+walker HTTP/1.1" 200 20775 "-" "Mozilla/5.0 (Linux; Android 6.0.1; Nexus 5X Build/MMB29P) AppleWebKit/537.36 (KHTML, like Gecko) Chrome/137.0.7151.103 Mobile Safari/537.36 (compatible; Googlebot/2.1; +http://www.google.com/bot.html)"
66.249.79.37 - - [12/Jul/2025:12:34:48 +0000] "GET /?h=6070931071960&mod=c7ced588&uri=goods.php%3Fid%3D202731-349%26name%3Dbijoux+argent+925+en+gros HTTP/1.1" 200 21660 "-" "Mozilla/5.0 (Linux; Android 6.0.1; Nexus 5X Build/MMB29P) AppleWebKit/537.36 (KHTML, like Gecko) Chrome/137.0.7151.103 Mobile Safari/537.36 (compatible; Googlebot/2.1; +http://www.google.com/bot.html)"
66.249.79.34 - - [12/Jul/2025:12:35:01 +0000] "GET /?h=6098597061960&mod=f7efa4f8&uri=us.php%3Fid%3D203654-40%26name%3Dp4221+ryobi HTTP/1.1" 200 21963 "-" "Mozilla/5.0 (Linux; Android 6.0.1; Nexus 5X Build/MMB29P) AppleWebKit/537.36 (KHTML, like Gecko) Chrome/137.0.7151.103 Mobile Safari/537.36 (compatible; Googlebot/2.1; +http://www.google.com/bot.html)"
66.249.79.34 - - [12/Jul/2025:12:35:03 +0000] "GET /?h=6373000001960&mod=c2f91461&uri=brands.php%3Fid%3D212862-363%26name%3Ddifferent+types+of+calacatta+quartz HTTP/1.1" 200 21837 "-" "Mozilla/5.0 (Linux; Android 6.0.1; Nexus 5X Build/MMB29P) AppleWebKit/537.36 (KHTML, like Gecko) Chrome/137.0.7151.103 Mobile Safari/537.36 (compatible; Googlebot/2.1; +http://www.google.com/bot.html)"
66.249.79.234 - - [12/Jul/2025:12:35:09 +0000] "GET /?h=6031684091960&mod=7a7338ef&uri=products.php%3Fid%3D201419-347%26name%3Dgilet+garcon HTTP/1.1" 200 22122 "-" "Mozilla/5.0 (Linux; Android 6.0.1; Nexus 5X Build/MMB29P) AppleWebKit/537.36 (KHTML, like Gecko) Chrome/137.0.7151.103 Mobile Safari/537.36 (compatible; Googlebot/2.1; +http://www.google.com/bot.html)"
66.249.79.232 - - [12/Jul/2025:12:35:12 +0000] "POST /get-message-notify HTTP/1.1" 200 20940 "https://www.kelaby.company/?h=6031684091960&mod=7a7338ef&uri=products.php%3Fid%3D201419-347%26name%3Dgilet+garcon" "Mozilla/5.0 (Linux; Android 6.0.1; Nexus 5X Build/MMB29P) AppleWebKit/537.36 (KHTML, like Gecko) Chrome/137.0.7151.119 Mobile Safari/537.36 (compatible; Googlebot/2.1; +http://www.google.com/bot.html)"
66.249.79.32 - - [12/Jul/2025:12:35:13 +0000] "GET /?h=6128675011960&mod=e1029434&uri=products.php%3Fid%3D204657-208%26name%3Dused+handycam HTTP/1.1" 200 21830 "-" "Mozilla/5.0 (Linux; Android 6.0.1; Nexus 5X Build/MMB29P) AppleWebKit/537.36 (KHTML, like Gecko) Chrome/137.0.7151.103 Mobile Safari/537.36 (compatible; Googlebot/2.1; +http://www.google.com/bot.html)"
66.249.79.32 - - [12/Jul/2025:12:35:27 +0000] "GET /?h=5966321131960&mod=acac6e55&uri=itm.php%3Fid%3D199236-219%26name%3Dmulti+zone+ac+system HTTP/1.1" 200 21327 "-" "Mozilla/5.0 (Linux; Android 6.0.1; Nexus 5X Build/MMB29P) AppleWebKit/537.36 (KHTML, like Gecko) Chrome/137.0.7151.103 Mobile Safari/537.36 (compatible; Googlebot/2.1; +http://www.google.com/bot.html)"
66.249.79.32 - - [12/Jul/2025:12:35:39 +0000] "GET /?h=5941001041960&mod=be8e1862&uri=form.php%3Fid%3D198392-342%26name%3Dpvc+pipe+walker+for+baby HTTP/1.1" 200 20963 "-" "Mozilla/5.0 (Linux; Android 6.0.1; Nexus 5X Build/MMB29P) AppleWebKit/537.36 (KHTML, like Gecko) Chrome/137.0.7151.103 Mobile Safari/537.36 (compatible; Googlebot/2.1; +http://www.google.com/bot.html)"
66.249.79.32 - - [12/Jul/2025:12:35:52 +0000] "GET /?h=5933261001960&mod=be8e1862&uri=pin.php%3Fid%3D198134-342%26name%3Dstokke+steps+bouncer+toy+hanger HTTP/1.1" 200 21399 "-" "Mozilla/5.0 (Linux; Android 6.0.1; Nexus 5X Build/MMB29P) AppleWebKit/537.36 (KHTML, like Gecko) Chrome/137.0.7151.103 Mobile Safari/537.36 (compatible; Googlebot/2.1; +http://www.google.com/bot.html)"
66.249.79.34 - - [12/Jul/2025:12:36:02 +0000] "POST /get-message-notify HTTP/1.1" 200 21707 "https://kelaby.company/?h=5933261001960&mod=be8e1862&uri=pin.php%3Fid%3D198134-342%26name%3Dstokke+steps+bouncer+toy+hanger" "Mozilla/5.0 (Linux; Android 6.0.1; Nexus 5X Build/MMB29P) AppleWebKit/537.36 (KHTML, like Gecko) Chrome/137.0.7151.119 Mobile Safari/537.36 (compatible; Googlebot/2.1; +http://www.google.com/bot.html)"
66.249.79.34 - - [12/Jul/2025:12:36:05 +0000] "GET /?h=5915711061960&mod=be8e1862&uri=shop.php%3Fid%3D197549-342%26name%3Dcomfy+time+bouncer HTTP/1.1" 200 21144 "-" "Mozilla/5.0 (Linux; Android 6.0.1; Nexus 5X Build/MMB29P) AppleWebKit/537.36 (KHTML, like Gecko) Chrome/137.0.7151.103 Mobile Safari/537.36 (compatible; Googlebot/2.1; +http://www.google.com/bot.html)"
66.249.79.32 - - [12/Jul/2025:12:36:17 +0000] "GET /?h=5933471011960&mod=be8e1862&uri=blog.php%3Fid%3D198141-342%26name%3Dwalmart+baby+walkers+in+store HTTP/1.1" 200 21582 "-" "Mozilla/5.0 (Linux; Android 6.0.1; Nexus 5X Build/MMB29P) AppleWebKit/537.36 (KHTML, like Gecko) Chrome/137.0.7151.103 Mobile Safari/537.36 (compatible; Googlebot/2.1; +http://www.google.com/bot.html)"
66.249.79.32 - - [12/Jul/2025:12:36:30 +0000] "GET /?h=5932601041960&mod=be8e1862&uri=shop.php%3Fid%3D198112-342%26name%3Dingenuity+smartbounce+automatic+bouncer+assembly HTTP/1.1" 200 20868 "-" "Mozilla/5.0 (Linux; Android 6.0.1; Nexus 5X Build/MMB29P) AppleWebKit/537.36 (KHTML, like Gecko) Chrome/137.0.7151.103 Mobile Safari/537.36 (compatible; Googlebot/2.1; +http://www.google.com/bot.html)"
66.249.79.32 - - [12/Jul/2025:12:36:42 +0000] "GET /?h=5932361061960&mod=be8e1862&uri=itm.php%3Fid%3D198104-342%26name%3Dikea+tovig+baby+bouncer+review HTTP/1.1" 200 20604 "-" "Mozilla/5.0 (Linux; Android 6.0.1; Nexus 5X Build/MMB29P) AppleWebKit/537.36 (KHTML, like Gecko) Chrome/137.0.7151.103 Mobile Safari/537.36 (compatible; Googlebot/2.1; +http://www.google.com/bot.html)"
66.249.79.33 - - [12/Jul/2025:12:37:01 +0000] "POST /get-message-notify HTTP/1.1" 200 21707 "https://kelaby.company/?h=5932361061960&mod=be8e1862&uri=itm.php%3Fid%3D198104-342%26name%3Dikea+tovig+baby+bouncer+review" "Mozilla/5.0 (Linux; Android 6.0.1; Nexus 5X Build/MMB29P) AppleWebKit/537.36 (KHTML, like Gecko) Chrome/137.0.7151.119 Mobile Safari/537.36 (compatible; Googlebot/2.1; +http://www.google.com/bot.html)"
66.249.79.34 - - [12/Jul/2025:12:37:05 +0000] "GET /?h=5932811071960&mod=be8e1862&uri=dp.php%3Fid%3D198119-342%26name%3Dsmyths+toys+bouncer HTTP/1.1" 200 20301 "-" "Mozilla/5.0 (Linux; Android 6.0.1; Nexus 5X Build/MMB29P) AppleWebKit/537.36 (KHTML, like Gecko) Chrome/137.0.7151.103 Mobile Safari/537.36 (compatible; Googlebot/2.1; +http://www.google.com/bot.html)"
66.249.79.32 - - [12/Jul/2025:12:37:21 +0000] "GET /?h=6373480061960&mod=c2f91461&uri=article.php%3Fid%3D212878-363%26name%3Ddark+garden+stones HTTP/1.1" 200 20908 "-" "Mozilla/5.0 (Linux; Android 6.0.1; Nexus 5X Build/MMB29P) AppleWebKit/537.36 (KHTML, like Gecko) Chrome/137.0.7151.103 Mobile Safari/537.36 (compatible; Googlebot/2.1; +http://www.google.com/bot.html)"
66.249.79.32 - - [12/Jul/2025:12:37:21 +0000] "GET /?h=6223070001960&mod=9b425b22&uri=goods.php%3Fid%3D207838-359%26name%3Dnew+balance+827+azul+e+vermelho HTTP/1.1" 200 21355 "-" "Mozilla/5.0 (Linux; Android 6.0.1; Nexus 5X Build/MMB29P) AppleWebKit/537.36 (KHTML, like Gecko) Chrome/137.0.7151.103 Mobile Safari/537.36 (compatible; Googlebot/2.1; +http://www.google.com/bot.html)"
66.249.79.32 - - [12/Jul/2025:12:37:22 +0000] "GET /?h=5932001091960&mod=be8e1862&uri=us.php%3Fid%3D198092-342%26name%3Dreclining+rocker+for+nursery HTTP/1.1" 200 21694 "-" "Mozilla/5.0 (Linux; Android 6.0.1; Nexus 5X Build/MMB29P) AppleWebKit/537.36 (KHTML, like Gecko) Chrome/137.0.7151.103 Mobile Safari/537.36 (compatible; Googlebot/2.1; +http://www.google.com/bot.html)"
66.249.79.32 - - [12/Jul/2025:12:37:24 +0000] "POST /get-message-notify HTTP/1.1" 200 21703 "https://kelaby.company/?h=6223070001960&mod=9b425b22&uri=goods.php%3Fid%3D207838-359%26name%3Dnew+balance+827+azul+e+vermelho" "Mozilla/5.0 (Linux; Android 6.0.1; Nexus 5X Build/MMB29P) AppleWebKit/537.36 (KHTML, like Gecko) Chrome/137.0.7151.119 Mobile Safari/537.36 (compatible; Googlebot/2.1; +http://www.google.com/bot.html)"
66.249.79.32 - - [12/Jul/2025:12:37:39 +0000] "GET /?h=6389486061960&mod=c2f91461&uri=us.php%3Fid%3D213412-363%26name%3Dcabochon+earring+blanks HTTP/1.1" 200 21238 "-" "Mozilla/5.0 (Linux; Android 6.0.1; Nexus 5X Build/MMB29P) AppleWebKit/537.36 (KHTML, like Gecko) Chrome/137.0.7151.103 Mobile Safari/537.36 (compatible; Googlebot/2.1; +http://www.google.com/bot.html)"
66.249.79.32 - - [12/Jul/2025:12:37:40 +0000] "GET /?h=5932301041960&mod=be8e1862&uri=brands.php%3Fid%3D198102-342%26name%3Dwalmart+bouncy+chair HTTP/1.1" 200 21384 "-" "Mozilla/5.0 (Linux; Android 6.0.1; Nexus 5X Build/MMB29P) AppleWebKit/537.36 (KHTML, like Gecko) Chrome/137.0.7151.103 Mobile Safari/537.36 (compatible; Googlebot/2.1; +http://www.google.com/bot.html)"
66.249.79.32 - - [12/Jul/2025:12:37:46 +0000] "GET /?h=5928341021960&mod=be8e1862&uri=blog.php%3Fid%3D197970-342%26name%3Dgiraffe+sit+up+chair HTTP/1.1" 200 20649 "-" "Mozilla/5.0 (Linux; Android 6.0.1; Nexus 5X Build/MMB29P) AppleWebKit/537.36 (KHTML, like Gecko) Chrome/137.0.7151.103 Mobile Safari/537.36 (compatible; Googlebot/2.1; +http://www.google.com/bot.html)"
66.249.79.32 - - [12/Jul/2025:12:37:52 +0000] "GET /?h=5932391021960&mod=be8e1862&uri=form.php%3Fid%3D198105-342%26name%3Dbouncer+nemo HTTP/1.1" 200 21261 "-" "Mozilla/5.0 (Linux; Android 6.0.1; Nexus 5X Build/MMB29P) AppleWebKit/537.36 (KHTML, like Gecko) Chrome/137.0.7151.103 Mobile Safari/537.36 (compatible; Googlebot/2.1; +http://www.google.com/bot.html)"
66.249.79.33 - - [12/Jul/2025:12:38:02 +0000] "POST /get-message-notify HTTP/1.1" 200 21697 "https://kelaby.company/?h=5932391021960&mod=be8e1862&uri=form.php%3Fid%3D198105-342%26name%3Dbouncer+nemo" "Mozilla/5.0 (Linux; Android 6.0.1; Nexus 5X Build/MMB29P) AppleWebKit/537.36 (KHTML, like Gecko) Chrome/137.0.7151.119 Mobile Safari/537.36 (compatible; Googlebot/2.1; +http://www.google.com/bot.html)"
66.249.79.32 - - [12/Jul/2025:12:38:09 +0000] "GET /?h=5932901001960&mod=be8e1862&uri=category-info.php%3Fid%3D198122-342%26name%3Dbacchon+ka+walker HTTP/1.1" 200 20916 "-" "Mozilla/5.0 (Linux; Android 6.0.1; Nexus 5X Build/MMB29P) AppleWebKit/537.36 (KHTML, like Gecko) Chrome/137.0.7151.103 Mobile Safari/537.36 (compatible; Googlebot/2.1; +http://www.google.com/bot.html)"
66.249.79.32 - - [12/Jul/2025:12:38:12 +0000] "POST /get-message-notify HTTP/1.1" 200 21701 "https://kelaby.company/?h=6389486061960&mod=c2f91461&uri=us.php%3Fid%3D213412-363%26name%3Dcabochon+earring+blanks" "Mozilla/5.0 (Linux; Android 6.0.1; Nexus 5X Build/MMB29P) AppleWebKit/537.36 (KHTML, like Gecko) Chrome/137.0.7151.119 Mobile Safari/537.36 (compatible; Googlebot/2.1; +http://www.google.com/bot.html)"
66.249.79.32 - - [12/Jul/2025:12:38:26 +0000] "GET /?h=5932091121960&mod=be8e1862&uri=form.php%3Fid%3D198095-342%26name%3Ddisney+minnie+mouse+garden+delights+bouncer HTTP/1.1" 200 20810 "-" "Mozilla/5.0 (Linux; Android 6.0.1; Nexus 5X Build/MMB29P) AppleWebKit/537.36 (KHTML, like Gecko) Chrome/137.0.7151.103 Mobile Safari/537.36 (compatible; Googlebot/2.1; +http://www.google.com/bot.html)"
66.249.79.32 - - [12/Jul/2025:12:38:32 +0000] "GET /?h=5933141021960&mod=be8e1862&uri=info.php%3Fid%3D198130-342%26name%3Dbaby+bjorn+grey+bouncer HTTP/1.1" 200 21634 "-" "Mozilla/5.0 (Linux; Android 6.0.1; Nexus 5X Build/MMB29P) AppleWebKit/537.36 (KHTML, like Gecko) Chrome/137.0.7151.103 Mobile Safari/537.36 (compatible; Googlebot/2.1; +http://www.google.com/bot.html)"
66.249.79.32 - - [12/Jul/2025:12:38:38 +0000] "GET /?h=5932871031960&mod=be8e1862&uri=form.php%3Fid%3D198121-342%26name%3Dheight+adjustable+bouncer HTTP/1.1" 200 21265 "-" "Mozilla/5.0 (Linux; Android 6.0.1; Nexus 5X Build/MMB29P) AppleWebKit/537.36 (KHTML, like Gecko) Chrome/137.0.7151.103 Mobile Safari/537.36 (compatible; Googlebot/2.1; +http://www.google.com/bot.html)"
66.249.79.32 - - [12/Jul/2025:12:38:50 +0000] "GET /?h=5931401041960&mod=be8e1862&uri=itm.php%3Fid%3D198072-342%26name%3Dmini+mouse+walker HTTP/1.1" 200 21516 "-" "Mozilla/5.0 (Linux; Android 6.0.1; Nexus 5X Build/MMB29P) AppleWebKit/537.36 (KHTML, like Gecko) Chrome/137.0.7151.103 Mobile Safari/537.36 (compatible; Googlebot/2.1; +http://www.google.com/bot.html)"
66.249.79.34 - - [12/Jul/2025:12:39:12 +0000] "GET /?h=6171187021960&mod=e50bea89&uri=form.php%3Fid%3D206078-296%26name%3Dlata+mangeshkar+honthon+pe+bas HTTP/1.1" 200 22519 "-" "Mozilla/5.0 (Linux; Android 6.0.1; Nexus 5X Build/MMB29P) AppleWebKit/537.36 (KHTML, like Gecko) Chrome/137.0.7151.103 Mobile Safari/537.36 (compatible; Googlebot/2.1; +http://www.google.com/bot.html)"
66.249.79.32 - - [12/Jul/2025:12:39:13 +0000] "POST /get-message-notify HTTP/1.1" 200 21691 "https://kelaby.company/?h=5931401041960&mod=be8e1862&uri=itm.php%3Fid%3D198072-342%26name%3Dmini+mouse+walker" "Mozilla/5.0 (Linux; Android 6.0.1; Nexus 5X Build/MMB29P) AppleWebKit/537.36 (KHTML, like Gecko) Chrome/137.0.7151.119 Mobile Safari/537.36 (compatible; Googlebot/2.1; +http://www.google.com/bot.html)"
66.249.79.33 - - [12/Jul/2025:12:39:13 +0000] "GET /?h=5931341021960&mod=be8e1862&uri=brands.php%3Fid%3D198070-342%26name%3Dtiny+love+cozy+rocker+napper+review HTTP/1.1" 200 21855 "-" "Mozilla/5.0 (Linux; Android 6.0.1; Nexus 5X Build/MMB29P) AppleWebKit/537.36 (KHTML, like Gecko) Chrome/137.0.7151.103 Mobile Safari/537.36 (compatible; Googlebot/2.1; +http://www.google.com/bot.html)"
66.249.79.32 - - [12/Jul/2025:12:39:17 +0000] "GET /?h=65820449041960&mod=9b425b22&uri=pin.php%3Fid%3D2196480-359%26name%3Dnew+balance+840+masculino+netshoes HTTP/1.1" 200 22511 "-" "Mozilla/5.0 (Linux; Android 6.0.1; Nexus 5X Build/MMB29P) AppleWebKit/537.36 (KHTML, like Gecko) Chrome/137.0.7151.103 Mobile Safari/537.36 (compatible; Googlebot/2.1; +http://www.google.com/bot.html)"
66.249.79.32 - - [12/Jul/2025:12:39:20 +0000] "POST /get-message-notify HTTP/1.1" 200 21708 "https://kelaby.company/?h=65820449041960&mod=9b425b22&uri=pin.php%3Fid%3D2196480-359%26name%3Dnew+balance+840+masculino+netshoes" "Mozilla/5.0 (Linux; Android 6.0.1; Nexus 5X Build/MMB29P) AppleWebKit/537.36 (KHTML, like Gecko) Chrome/137.0.7151.119 Mobile Safari/537.36 (compatible; Googlebot/2.1; +http://www.google.com/bot.html)"
66.249.79.32 - - [12/Jul/2025:12:39:22 +0000] "POST /get-message-notify HTTP/1.1" 200 21688 "https://kelaby.company/?h=6171187021960&mod=e50bea89&uri=form.php%3Fid%3D206078-296%26name%3Dlata+mangeshkar+honthon+pe+bas" "Mozilla/5.0 (Linux; Android 6.0.1; Nexus 5X Build/MMB29P) AppleWebKit/537.36 (KHTML, like Gecko) Chrome/137.0.7151.119 Mobile Safari/537.36 (compatible; Googlebot/2.1; +http://www.google.com/bot.html)"
66.249.79.32 - - [12/Jul/2025:12:39:39 +0000] "GET /?h=5931581101960&mod=be8e1862&uri=category-info.php%3Fid%3D198078-342%26name%3Damazon+sit+me+up+floor+seat HTTP/1.1" 200 20779 "-" "Mozilla/5.0 (Linux; Android 6.0.1; Nexus 5X Build/MMB29P) AppleWebKit/537.36 (KHTML, like Gecko) Chrome/137.0.7151.103 Mobile Safari/537.36 (compatible; Googlebot/2.1; +http://www.google.com/bot.html)"
66.249.79.32 - - [12/Jul/2025:12:39:56 +0000] "GET /?h=5932841021960&mod=be8e1862&uri=category-info.php%3Fid%3D198120-342%26name%3Dchad+valley+deluxe+bouncer HTTP/1.1" 200 20949 "-" "Mozilla/5.0 (Linux; Android 6.0.1; Nexus 5X Build/MMB29P) AppleWebKit/537.36 (KHTML, like Gecko) Chrome/137.0.7151.103 Mobile Safari/537.36 (compatible; Googlebot/2.1; +http://www.google.com/bot.html)"
66.249.79.234 - - [12/Jul/2025:12:40:12 +0000] "GET /?h=70128598121960&mod=24ff6e7b&uri=itm.php%3Fid%3D2340268-625%26name%3Dchanel+cap+toe+slingback+pumps HTTP/1.1" 200 21460 "-" "Mozilla/5.0 (Linux; Android 6.0.1; Nexus 5X Build/MMB29P) AppleWebKit/537.36 (KHTML, like Gecko) Chrome/137.0.7151.103 Mobile Safari/537.36 (compatible; Googlebot/2.1; +http://www.google.com/bot.html)"
66.249.79.33 - - [12/Jul/2025:12:40:12 +0000] "GET /?h=5932331071960&mod=be8e1862&uri=itm.php%3Fid%3D198103-342%26name%3Ddumbo+baby+bouncer HTTP/1.1" 200 20824 "-" "Mozilla/5.0 (Linux; Android 6.0.1; Nexus 5X Build/MMB29P) AppleWebKit/537.36 (KHTML, like Gecko) Chrome/137.0.7151.103 Mobile Safari/537.36 (compatible; Googlebot/2.1; +http://www.google.com/bot.html)"
66.249.79.32 - - [12/Jul/2025:12:40:13 +0000] "POST /get-message-notify HTTP/1.1" 200 21707 "https://kelaby.company/?h=5931581101960&mod=be8e1862&uri=category-info.php%3Fid%3D198078-342%26name%3Damazon+sit+me+up+floor+seat" "Mozilla/5.0 (Linux; Android 6.0.1; Nexus 5X Build/MMB29P) AppleWebKit/537.36 (KHTML, like Gecko) Chrome/137.0.7151.119 Mobile Safari/537.36 (compatible; Googlebot/2.1; +http://www.google.com/bot.html)"
66.249.79.33 - - [12/Jul/2025:12:40:18 +0000] "GET /?h=5933231051960&mod=be8e1862&uri=news.php%3Fid%3D198133-342%26name%3Dfisher+price+sit+me+up+floor+seat+with+tray HTTP/1.1" 200 21830 "-" "Mozilla/5.0 (Linux; Android 6.0.1; Nexus 5X Build/MMB29P) AppleWebKit/537.36 (KHTML, like Gecko) Chrome/137.0.7151.103 Mobile Safari/537.36 (compatible; Googlebot/2.1; +http://www.google.com/bot.html)"
66.249.79.32 - - [12/Jul/2025:12:40:22 +0000] "POST /get-message-notify HTTP/1.1" 200 21704 "https://kelaby.company/?h=5933231051960&mod=be8e1862&uri=news.php%3Fid%3D198133-342%26name%3Dfisher+price+sit+me+up+floor+seat+with+tray" "Mozilla/5.0 (Linux; Android 6.0.1; Nexus 5X Build/MMB29P) AppleWebKit/537.36 (KHTML, like Gecko) Chrome/137.0.7151.119 Mobile Safari/537.36 (compatible; Googlebot/2.1; +http://www.google.com/bot.html)"
66.249.79.32 - - [12/Jul/2025:12:40:25 +0000] "GET /?h=5933441121960&mod=be8e1862&uri=us.php%3Fid%3D198140-342%26name%3Dtiny+love+in+review HTTP/1.1" 200 20896 "-" "Mozilla/5.0 (Linux; Android 6.0.1; Nexus 5X Build/MMB29P) AppleWebKit/537.36 (KHTML, like Gecko) Chrome/137.0.7151.103 Mobile Safari/537.36 (compatible; Googlebot/2.1; +http://www.google.com/bot.html)"
66.249.79.32 - - [12/Jul/2025:12:40:32 +0000] "GET /?h=5933501041960&mod=be8e1862&uri=product.php%3Fid%3D198142-342%26name%3Dbaby+bouncer+souq HTTP/1.1" 200 21122 "-" "Mozilla/5.0 (Linux; Android 6.0.1; Nexus 5X Build/MMB29P) AppleWebKit/537.36 (KHTML, like Gecko) Chrome/137.0.7151.103 Mobile Safari/537.36 (compatible; Googlebot/2.1; +http://www.google.com/bot.html)"
66.249.79.32 - - [12/Jul/2025:12:40:38 +0000] "GET /?h=119564208001960&mod=208989a4&uri=us.php%3Fid%3D3990223-437%26name%3Deileen+fisher+ken+sandal HTTP/1.1" 200 22436 "-" "Mozilla/5.0 (Linux; Android 6.0.1; Nexus 5X Build/MMB29P) AppleWebKit/537.36 (KHTML, like Gecko) Chrome/137.0.7151.103 Mobile Safari/537.36 (compatible; Googlebot/2.1; +http://www.google.com/bot.html)"
66.249.79.32 - - [12/Jul/2025:12:40:39 +0000] "POST /get-message-notify HTTP/1.1" 200 21689 "https://kelaby.company/?h=5933501041960&mod=be8e1862&uri=product.php%3Fid%3D198142-342%26name%3Dbaby+bouncer+souq" "Mozilla/5.0 (Linux; Android 6.0.1; Nexus 5X Build/MMB29P) AppleWebKit/537.36 (KHTML, like Gecko) Chrome/137.0.7151.119 Mobile Safari/537.36 (compatible; Googlebot/2.1; +http://www.google.com/bot.html)"
66.249.79.32 - - [12/Jul/2025:12:40:55 +0000] "GET /?h=5933111011960&mod=be8e1862&uri=products.php%3Fid%3D198129-342%26name%3Dingenuity+automatic+rock+n+soothe+sleeper HTTP/1.1" 200 21124 "-" "Mozilla/5.0 (Linux; Android 6.0.1; Nexus 5X Build/MMB29P) AppleWebKit/537.36 (KHTML, like Gecko) Chrome/137.0.7151.103 Mobile Safari/537.36 (compatible; Googlebot/2.1; +http://www.google.com/bot.html)"
66.249.79.34 - - [12/Jul/2025:12:41:01 +0000] "GET /?h=5933711061960&mod=be8e1862&uri=news.php%3Fid%3D198149-342%26name%3Dfisher+price+high+chair+insert HTTP/1.1" 200 20612 "-" "Mozilla/5.0 (Linux; Android 6.0.1; Nexus 5X Build/MMB29P) AppleWebKit/537.36 (KHTML, like Gecko) Chrome/137.0.7151.103 Mobile Safari/537.36 (compatible; Googlebot/2.1; +http://www.google.com/bot.html)"
66.249.79.32 - - [12/Jul/2025:12:41:06 +0000] "POST /get-message-notify HTTP/1.1" 200 21704 "https://kelaby.company/?h=5933711061960&mod=be8e1862&uri=news.php%3Fid%3D198149-342%26name%3Dfisher+price+high+chair+insert" "Mozilla/5.0 (Linux; Android 6.0.1; Nexus 5X Build/MMB29P) AppleWebKit/537.36 (KHTML, like Gecko) Chrome/137.0.7151.119 Mobile Safari/537.36 (compatible; Googlebot/2.1; +http://www.google.com/bot.html)"
66.249.79.32 - - [12/Jul/2025:12:41:14 +0000] "POST /get-message-notify HTTP/1.1" 200 21709 "https://kelaby.company/?h=119564208001960&mod=208989a4&uri=us.php%3Fid%3D3990223-437%26name%3Deileen+fisher+ken+sandal" "Mozilla/5.0 (Linux; Android 6.0.1; Nexus 5X Build/MMB29P) AppleWebKit/537.36 (KHTML, like Gecko) Chrome/137.0.7151.119 Mobile Safari/537.36 (compatible; Googlebot/2.1; +http://www.google.com/bot.html)"
66.249.79.32 - - [12/Jul/2025:12:41:20 +0000] "GET /?h=5915621081960&mod=be8e1862&uri=info.php%3Fid%3D197546-342%26name%3Dingenuity+rocking+seat+review HTTP/1.1" 200 20846 "-" "Mozilla/5.0 (Linux; Android 6.0.1; Nexus 5X Build/MMB29P) AppleWebKit/537.36 (KHTML, like Gecko) Chrome/137.0.7151.103 Mobile Safari/537.36 (compatible; Googlebot/2.1; +http://www.google.com/bot.html)"
66.249.79.32 - - [12/Jul/2025:12:41:26 +0000] "GET /?h=5972645071960&mod=a788f0e7&uri=article.php%3Fid%3D199447-345%26name%3Doutfit+jeans+flojos HTTP/1.1" 200 20640 "-" "Mozilla/5.0 (Linux; Android 6.0.1; Nexus 5X Build/MMB29P) AppleWebKit/537.36 (KHTML, like Gecko) Chrome/137.0.7151.103 Mobile Safari/537.36 (compatible; Googlebot/2.1; +http://www.google.com/bot.html)"
66.249.79.233 - - [12/Jul/2025:12:41:27 +0000] "GET /?h=86402481031960&mod=f8cd71b7&uri=search.php%3Fid%3D2883385-328%26name%3Dbuffalo+sandaletten+plateau HTTP/1.1" 200 22105 "-" "Mozilla/5.0 (Linux; Android 6.0.1; Nexus 5X Build/MMB29P) AppleWebKit/537.36 (KHTML, like Gecko) Chrome/137.0.7151.103 Mobile Safari/537.36 (compatible; Googlebot/2.1; +http://www.google.com/bot.html)"
66.249.79.32 - - [12/Jul/2025:12:41:36 +0000] "GET /?h=5933081001960&mod=be8e1862&uri=article.php%3Fid%3D198128-342%26name%3Dfisher+price+bouncer+lion+around HTTP/1.1" 200 21153 "-" "Mozilla/5.0 (Linux; Android 6.0.1; Nexus 5X Build/MMB29P) AppleWebKit/537.36 (KHTML, like Gecko) Chrome/137.0.7151.103 Mobile Safari/537.36 (compatible; Googlebot/2.1; +http://www.google.com/bot.html)"
66.249.79.32 - - [12/Jul/2025:12:41:49 +0000] "GET /?h=5932991021960&mod=be8e1862&uri=itm.php%3Fid%3D198125-342%26name%3Dbaby+trend+baby+bouncer HTTP/1.1" 200 22239 "-" "Mozilla/5.0 (Linux; Android 6.0.1; Nexus 5X Build/MMB29P) AppleWebKit/537.36 (KHTML, like Gecko) Chrome/137.0.7151.103 Mobile Safari/537.36 (compatible; Googlebot/2.1; +http://www.google.com/bot.html)"
66.249.79.32 - - [12/Jul/2025:12:41:49 +0000] "GET /?h=25133351001960&mod=8ae8e407&uri=category-info.php%3Fid%3D838852-454%26name%3Dchristmas+present+ideas+for+12+year+girl HTTP/1.1" 200 21946 "-" "Mozilla/5.0 (Linux; Android 6.0.1; Nexus 5X Build/MMB29P) AppleWebKit/537.36 (KHTML, like Gecko) Chrome/137.0.7151.103 Mobile Safari/537.36 (compatible; Googlebot/2.1; +http://www.google.com/bot.html)"
66.249.79.34 - - [12/Jul/2025:12:42:31 +0000] "GET /?h=5947331031960&mod=9293eb98&uri=products.php%3Fid%3D198603-344%26name%3Dshoe+size+conversion+eu+to+us HTTP/1.1" 200 21958 "-" "Mozilla/5.0 (Linux; Android 6.0.1; Nexus 5X Build/MMB29P) AppleWebKit/537.36 (KHTML, like Gecko) Chrome/137.0.7151.103 Mobile Safari/537.36 (compatible; Googlebot/2.1; +http://www.google.com/bot.html)"
66.249.79.32 - - [12/Jul/2025:12:42:35 +0000] "POST /get-message-notify HTTP/1.1" 200 21694 "https://kelaby.company/?h=5947331031960&mod=9293eb98&uri=products.php%3Fid%3D198603-344%26name%3Dshoe+size+conversion+eu+to+us" "Mozilla/5.0 (Linux; Android 6.0.1; Nexus 5X Build/MMB29P) AppleWebKit/537.36 (KHTML, like Gecko) Chrome/137.0.7151.119 Mobile Safari/537.36 (compatible; Googlebot/2.1; +http://www.google.com/bot.html)"
66.249.79.32 - - [12/Jul/2025:12:42:47 +0000] "GET /?h=5931851041960&mod=be8e1862&uri=blog.php%3Fid%3D198087-342%26name%3Dingenuity+automatic+rock+n+soothe+sleeper+recall HTTP/1.1" 200 21149 "-" "Mozilla/5.0 (Linux; Android 6.0.1; Nexus 5X Build/MMB29P) AppleWebKit/537.36 (KHTML, like Gecko) Chrome/137.0.7151.103 Mobile Safari/537.36 (compatible; Googlebot/2.1; +http://www.google.com/bot.html)"
66.249.79.33 - - [12/Jul/2025:12:43:14 +0000] "GET /?h=5915681041960&mod=be8e1862&uri=products.php%3Fid%3D197548-342%26name%3Dsweet+cherry+baby+bouncer HTTP/1.1" 200 21317 "-" "Mozilla/5.0 (Linux; Android 6.0.1; Nexus 5X Build/MMB29P) AppleWebKit/537.36 (KHTML, like Gecko) Chrome/137.0.7151.103 Mobile Safari/537.36 (compatible; Googlebot/2.1; +http://www.google.com/bot.html)"
66.249.79.34 - - [12/Jul/2025:12:43:17 +0000] "POST /get-message-notify HTTP/1.1" 200 21692 "https://kelaby.company/?h=5915681041960&mod=be8e1862&uri=products.php%3Fid%3D197548-342%26name%3Dsweet+cherry+baby+bouncer" "Mozilla/5.0 (Linux; Android 6.0.1; Nexus 5X Build/MMB29P) AppleWebKit/537.36 (KHTML, like Gecko) Chrome/137.0.7151.119 Mobile Safari/537.36 (compatible; Googlebot/2.1; +http://www.google.com/bot.html)"
66.249.79.33 - - [12/Jul/2025:12:43:20 +0000] "GET /?h=5931821031960&mod=be8e1862&uri=brands.php%3Fid%3D198086-342%26name%3Dgraco+duet+sway+assembly HTTP/1.1" 200 21695 "-" "Mozilla/5.0 (Linux; Android 6.0.1; Nexus 5X Build/MMB29P) AppleWebKit/537.36 (KHTML, like Gecko) Chrome/137.0.7151.103 Mobile Safari/537.36 (compatible; Googlebot/2.1; +http://www.google.com/bot.html)"
66.249.79.32 - - [12/Jul/2025:12:43:36 +0000] "GET /?h=5933201041960&mod=be8e1862&uri=search.php%3Fid%3D198132-342%26name%3Dare+push+walkers+good+for+babies HTTP/1.1" 200 20952 "-" "Mozilla/5.0 (Linux; Android 6.0.1; Nexus 5X Build/MMB29P) AppleWebKit/537.36 (KHTML, like Gecko) Chrome/137.0.7151.103 Mobile Safari/537.36 (compatible; Googlebot/2.1; +http://www.google.com/bot.html)"
66.249.79.32 - - [12/Jul/2025:12:43:43 +0000] "GET /?h=5932421021960&mod=be8e1862&uri=blog.php%3Fid%3D198106-342%26name%3Dbaby+bouncer+that+lies+flat HTTP/1.1" 200 20874 "-" "Mozilla/5.0 (Linux; Android 6.0.1; Nexus 5X Build/MMB29P) AppleWebKit/537.36 (KHTML, like Gecko) Chrome/137.0.7151.103 Mobile Safari/537.36 (compatible; Googlebot/2.1; +http://www.google.com/bot.html)"
66.249.79.32 - - [12/Jul/2025:12:43:49 +0000] "GET /?h=5931881001960&mod=09018a5a&uri=category-info.php%3Fid%3D198088-343%26name%3Dtarget+mattress+in+a+box HTTP/1.1" 200 22056 "-" "Mozilla/5.0 (Linux; Android 6.0.1; Nexus 5X Build/MMB29P) AppleWebKit/537.36 (KHTML, like Gecko) Chrome/137.0.7151.103 Mobile Safari/537.36 (compatible; Googlebot/2.1; +http://www.google.com/bot.html)"
66.249.79.34 - - [12/Jul/2025:12:44:06 +0000] "GET /?h=6192385041960&mod=e50bea89&uri=product.php%3Fid%3D206812-296%26name%3D52+gaj+ka+naam HTTP/1.1" 200 21629 "-" "Mozilla/5.0 (Linux; Android 6.0.1; Nexus 5X Build/MMB29P) AppleWebKit/537.36 (KHTML, like Gecko) Chrome/137.0.7151.103 Mobile Safari/537.36 (compatible; Googlebot/2.1; +http://www.google.com/bot.html)"
66.249.79.34 - - [12/Jul/2025:12:44:06 +0000] "GET /?h=5959991121960&mod=9293eb98&uri=search.php%3Fid%3D199025-344%26name%3Dok+google+shoe+repair+near+me HTTP/1.1" 200 21265 "-" "Mozilla/5.0 (Linux; Android 6.0.1; Nexus 5X Build/MMB29P) AppleWebKit/537.36 (KHTML, like Gecko) Chrome/137.0.7151.103 Mobile Safari/537.36 (compatible; Googlebot/2.1; +http://www.google.com/bot.html)"
66.249.79.33 - - [12/Jul/2025:12:44:08 +0000] "POST /get-message-notify HTTP/1.1" 200 21702 "https://kelaby.company/?h=5959991121960&mod=9293eb98&uri=search.php%3Fid%3D199025-344%26name%3Dok+google+shoe+repair+near+me" "Mozilla/5.0 (Linux; Android 6.0.1; Nexus 5X Build/MMB29P) AppleWebKit/537.36 (KHTML, like Gecko) Chrome/137.0.7151.119 Mobile Safari/537.36 (compatible; Googlebot/2.1; +http://www.google.com/bot.html)"
66.249.79.32 - - [12/Jul/2025:12:44:22 +0000] "GET /?h=5931911031960&mod=be8e1862&uri=dp.php%3Fid%3D198089-342%26name%3Dcharlie+crane+chair HTTP/1.1" 200 22033 "-" "Mozilla/5.0 (Linux; Android 6.0.1; Nexus 5X Build/MMB29P) AppleWebKit/537.36 (KHTML, like Gecko) Chrome/137.0.7151.103 Mobile Safari/537.36 (compatible; Googlebot/2.1; +http://www.google.com/bot.html)"
66.249.79.32 - - [12/Jul/2025:12:44:28 +0000] "GET /?h=5931461011960&mod=be8e1862&uri=dp.php%3Fid%3D198074-342%26name%3Dbaby+bjorn+bouncer+newborn+sleep HTTP/1.1" 200 21285 "-" "Mozilla/5.0 (Linux; Android 6.0.1; Nexus 5X Build/MMB29P) AppleWebKit/537.36 (KHTML, like Gecko) Chrome/137.0.7151.103 Mobile Safari/537.36 (compatible; Googlebot/2.1; +http://www.google.com/bot.html)"
66.249.79.32 - - [12/Jul/2025:12:44:35 +0000] "GET /?h=5932751091960&mod=be8e1862&uri=dp.php%3Fid%3D198117-342%26name%3Dwalker+for+small+baby HTTP/1.1" 200 20632 "-" "Mozilla/5.0 (Linux; Android 6.0.1; Nexus 5X Build/MMB29P) AppleWebKit/537.36 (KHTML, like Gecko) Chrome/137.0.7151.103 Mobile Safari/537.36 (compatible; Googlebot/2.1; +http://www.google.com/bot.html)"
66.249.79.32 - - [12/Jul/2025:12:44:41 +0000] "GET /?h=5931941021960&mod=09018a5a&uri=dp.php%3Fid%3D198090-343%26name%3Dvideo+game+chair+target HTTP/1.1" 200 21211 "-" "Mozilla/5.0 (Linux; Android 6.0.1; Nexus 5X Build/MMB29P) AppleWebKit/537.36 (KHTML, like Gecko) Chrome/137.0.7151.103 Mobile Safari/537.36 (compatible; Googlebot/2.1; +http://www.google.com/bot.html)"
66.249.79.32 - - [12/Jul/2025:12:44:49 +0000] "POST /get-message-notify HTTP/1.1" 200 21708 "https://kelaby.company/?h=5931941021960&mod=09018a5a&uri=dp.php%3Fid%3D198090-343%26name%3Dvideo+game+chair+target" "Mozilla/5.0 (Linux; Android 6.0.1; Nexus 5X Build/MMB29P) AppleWebKit/537.36 (KHTML, like Gecko) Chrome/137.0.7151.119 Mobile Safari/537.36 (compatible; Googlebot/2.1; +http://www.google.com/bot.html)"
66.249.79.32 - - [12/Jul/2025:12:44:51 +0000] "POST /get-message-notify HTTP/1.1" 200 21702 "https://kelaby.company/?h=5931461011960&mod=be8e1862&uri=dp.php%3Fid%3D198074-342%26name%3Dbaby+bjorn+bouncer+newborn+sleep" "Mozilla/5.0 (Linux; Android 6.0.1; Nexus 5X Build/MMB29P) AppleWebKit/537.36 (KHTML, like Gecko) Chrome/137.0.7151.119 Mobile Safari/537.36 (compatible; Googlebot/2.1; +http://www.google.com/bot.html)"
66.249.79.32 - - [12/Jul/2025:12:44:57 +0000] "GET /?h=5931491021960&mod=be8e1862&uri=article.php%3Fid%3D198075-342%26name%3Dwinnie+the+pooh+dots+hunny+pots+bouncer HTTP/1.1" 200 22272 "-" "Mozilla/5.0 (Linux; Android 6.0.1; Nexus 5X Build/MMB29P) AppleWebKit/537.36 (KHTML, like Gecko) Chrome/137.0.7151.103 Mobile Safari/537.36 (compatible; Googlebot/2.1; +http://www.google.com/bot.html)"
52.79.150.41 - - [12/Jul/2025:12:45:02 +0000] "GET /wp-login.php HTTP/1.1" 200 2014 "http://kelaby.company/wp-login.php" "Mozilla/5.0 (Windows NT 10.0; Win64; x64; rv:137.0) Gecko/20100101 Firefox/137.0"
52.79.150.41 - - [12/Jul/2025:12:45:03 +0000] "GET /wp-json/wp/v2/users HTTP/1.1" 200 428 "http://kelaby.company/wp-login.php" "Mozilla/5.0 (Windows NT 10.0; Win64; x64; rv:137.0) Gecko/20100101 Firefox/137.0"
52.79.150.41 - - [12/Jul/2025:12:45:04 +0000] "POST /wp-login.php HTTP/1.1" 200 2136 "https://kelaby.company/wp-login.php?redirect_to=https%3A%2F%2Fkelaby.company%2Fwp-admin%2F" "Mozilla/5.0 (Windows NT 10.0; Win64; x64; rv:137.0) Gecko/20100101 Firefox/137.0"
52.79.150.41 - - [12/Jul/2025:12:45:05 +0000] "POST /wp-login.php HTTP/1.1" 200 2166 "https://kelaby.company/wp-login.php?redirect_to=https%3A%2F%2Fkelaby.company%2Fwp-admin%2F" "Mozilla/5.0 (Windows NT 10.0; Win64; x64; rv:137.0) Gecko/20100101 Firefox/137.0"
43.153.113.127 - - [12/Jul/2025:12:45:06 +0000] "GET / HTTP/1.1" 200 26418 "http://kelaby.company" "Mozilla/5.0 (iPhone; CPU iPhone OS 13_2_3 like Mac OS X) AppleWebKit/605.1.15 (KHTML, like Gecko) Version/13.0.3 Mobile/15E148 Safari/604.1"
66.249.79.34 - - [12/Jul/2025:12:45:24 +0000] "GET /?h=5931551031960&mod=09018a5a&uri=goods.php%3Fid%3D198077-343%26name%3Dtarget+franklin+coffee+table HTTP/1.1" 200 21741 "-" "Mozilla/5.0 (Linux; Android 6.0.1; Nexus 5X Build/MMB29P) AppleWebKit/537.36 (KHTML, like Gecko) Chrome/137.0.7151.103 Mobile Safari/537.36 (compatible; Googlebot/2.1; +http://www.google.com/bot.html)"
66.249.79.34 - - [12/Jul/2025:12:45:26 +0000] "GET /?h=100463310041960&mod=9b425b22&uri=product.php%3Fid%3D3352730-359%26name%3Dnew+balance+999+gore+tex HTTP/1.1" 200 21152 "-" "Mozilla/5.0 (Linux; Android 6.0.1; Nexus 5X Build/MMB29P) AppleWebKit/537.36 (KHTML, like Gecko) Chrome/137.0.7151.103 Mobile Safari/537.36 (compatible; Googlebot/2.1; +http://www.google.com/bot.html)"
66.249.79.32 - - [12/Jul/2025:12:45:28 +0000] "GET /?h=6254137001960&mod=9b425b22&uri=goods.php%3Fid%3D208892-359%26name%3Dnew+balance+801+v2 HTTP/1.1" 200 20887 "-" "Mozilla/5.0 (Linux; Android 6.0.1; Nexus 5X Build/MMB29P) AppleWebKit/537.36 (KHTML, like Gecko) Chrome/137.0.7151.103 Mobile Safari/537.36 (compatible; Googlebot/2.1; +http://www.google.com/bot.html)"
66.249.79.32 - - [12/Jul/2025:12:45:40 +0000] "GET /?h=5915681031960&mod=be8e1862&uri=product.php%3Fid%3D197548-342%26name%3Dsweet+cherry+baby+bouncer HTTP/1.1" 200 21480 "-" "Mozilla/5.0 (Linux; Android 6.0.1; Nexus 5X Build/MMB29P) AppleWebKit/537.36 (KHTML, like Gecko) Chrome/137.0.7151.103 Mobile Safari/537.36 (compatible; Googlebot/2.1; +http://www.google.com/bot.html)"
66.249.79.233 - - [12/Jul/2025:12:45:41 +0000] "GET /?h=5791658031960&mod=49856ed4&uri=news.php%3Fid%3D193409-57%26name%3Dboat+bluetooth+headset+335 HTTP/1.1" 200 22285 "-" "Mozilla/5.0 (Linux; Android 6.0.1; Nexus 5X Build/MMB29P) AppleWebKit/537.36 (KHTML, like Gecko) Chrome/137.0.7151.103 Mobile Safari/537.36 (compatible; Googlebot/2.1; +http://www.google.com/bot.html)"
66.249.79.32 - - [12/Jul/2025:12:45:46 +0000] "GET /?h=5933591021960&mod=be8e1862&uri=products.php%3Fid%3D198145-342%26name%3Dbaby+bouncer+lie+flat HTTP/1.1" 200 20482 "-" "Mozilla/5.0 (Linux; Android 6.0.1; Nexus 5X Build/MMB29P) AppleWebKit/537.36 (KHTML, like Gecko) Chrome/137.0.7151.103 Mobile Safari/537.36 (compatible; Googlebot/2.1; +http://www.google.com/bot.html)"
66.249.79.32 - - [12/Jul/2025:12:45:52 +0000] "POST /get-message-notify HTTP/1.1" 200 21707 "https://kelaby.company/?h=5933591021960&mod=be8e1862&uri=products.php%3Fid%3D198145-342%26name%3Dbaby+bouncer+lie+flat" "Mozilla/5.0 (Linux; Android 6.0.1; Nexus 5X Build/MMB29P) AppleWebKit/537.36 (KHTML, like Gecko) Chrome/137.0.7151.119 Mobile Safari/537.36 (compatible; Googlebot/2.1; +http://www.google.com/bot.html)"
66.249.79.32 - - [12/Jul/2025:12:45:53 +0000] "POST /get-message-notify HTTP/1.1" 200 21702 "https://kelaby.company/?h=5931551031960&mod=09018a5a&uri=goods.php%3Fid%3D198077-343%26name%3Dtarget+franklin+coffee+table" "Mozilla/5.0 (Linux; Android 6.0.1; Nexus 5X Build/MMB29P) AppleWebKit/537.36 (KHTML, like Gecko) Chrome/137.0.7151.119 Mobile Safari/537.36 (compatible; Googlebot/2.1; +http://www.google.com/bot.html)"
