66.249.79.230 - - [12/Jul/2025:13:34:52 +0000] "POST /get-message-notify HTTP/1.1" 200 20946 "https://www.kelaby.company/?h=5857030081960&mod=7530b57b&uri=goods.php%3Fid%3D195590-341%26name%3Dperfume+ralph+lauren+para+hombre" "Mozilla/5.0 (Linux; Android 6.0.1; Nexus 5X Build/MMB29P) AppleWebKit/537.36 (KHTML, like Gecko) Chrome/137.0.7151.119 Mobile Safari/537.36 (compatible; Googlebot/2.1; +http://www.google.com/bot.html)"
66.249.79.230 - - [12/Jul/2025:13:34:57 +0000] "GET /?h=5858920011960&mod=7530b57b&uri=search.php%3Fid%3D195653-341%26name%3Dlicuado+manzana+verde HTTP/1.1" 200 21818 "-" "Mozilla/5.0 (Linux; Android 6.0.1; Nexus 5X Build/MMB29P) AppleWebKit/537.36 (KHTML, like Gecko) Chrome/137.0.7151.103 Mobile Safari/537.36 (compatible; Googlebot/2.1; +http://www.google.com/bot.html)"
66.249.79.33 - - [12/Jul/2025:13:35:03 +0000] "GET /?h=6385117001960&mod=c2f91461&uri=search.php%3Fid%3D213266-363%26name%3Dreal+diamond+custom+name+necklace HTTP/1.1" 200 21592 "-" "Mozilla/5.0 (Linux; Android 6.0.1; Nexus 5X Build/MMB29P) AppleWebKit/537.36 (KHTML, like Gecko) Chrome/137.0.7151.103 Mobile Safari/537.36 (compatible; Googlebot/2.1; +http://www.google.com/bot.html)"
66.249.79.32 - - [12/Jul/2025:13:35:05 +0000] "POST /get-message-notify HTTP/1.1" 200 21713 "https://kelaby.company/?h=6385117001960&mod=c2f91461&uri=search.php%3Fid%3D213266-363%26name%3Dreal+diamond+custom+name+necklace" "Mozilla/5.0 (Linux; Android 6.0.1; Nexus 5X Build/MMB29P) AppleWebKit/537.36 (KHTML, like Gecko) Chrome/137.0.7151.119 Mobile Safari/537.36 (compatible; Googlebot/2.1; +http://www.google.com/bot.html)"
66.249.79.230 - - [12/Jul/2025:13:35:10 +0000] "GET /?h=86358816081960&mod=60b7f5df&uri=dp.php%3Fid%3D2881925-335%26name%3Dking+of+fighters+r2+switch HTTP/1.1" 200 21732 "-" "Mozilla/5.0 (Linux; Android 6.0.1; Nexus 5X Build/MMB29P) AppleWebKit/537.36 (KHTML, like Gecko) Chrome/137.0.7151.103 Mobile Safari/537.36 (compatible; Googlebot/2.1; +http://www.google.com/bot.html)"
66.249.79.32 - - [12/Jul/2025:13:35:33 +0000] "GET /?h=6490585091960&mod=26203c6a&uri=dp.php%3Fid%3D216783-364%26name%3Dtrespass+ladies+in+waterproof+jackets HTTP/1.1" 200 21094 "-" "Mozilla/5.0 (Linux; Android 6.0.1; Nexus 5X Build/MMB29P) AppleWebKit/537.36 (KHTML, like Gecko) Chrome/137.0.7151.103 Mobile Safari/537.36 (compatible; Googlebot/2.1; +http://www.google.com/bot.html)"
66.249.79.32 - - [12/Jul/2025:13:35:36 +0000] "GET /?h=25232891091960&mod=eede2d28&uri=form.php%3Fid%3D842177-235%26name%3Dh+und+m+softshelljacke+damen HTTP/1.1" 200 21425 "-" "Mozilla/5.0 (Linux; Android 6.0.1; Nexus 5X Build/MMB29P) AppleWebKit/537.36 (KHTML, like Gecko) Chrome/137.0.7151.103 Mobile Safari/537.36 (compatible; Googlebot/2.1; +http://www.google.com/bot.html)"
66.249.79.32 - - [12/Jul/2025:13:35:56 +0000] "GET /?h=6216846021960&mod=acac6e55&uri=article.php%3Fid%3D207629-219%26name%3Dreal+flame+crawford+electric+fireplace HTTP/1.1" 200 22125 "-" "Mozilla/5.0 (Linux; Android 6.0.1; Nexus 5X Build/MMB29P) AppleWebKit/537.36 (KHTML, like Gecko) Chrome/137.0.7151.103 Mobile Safari/537.36 (compatible; Googlebot/2.1; +http://www.google.com/bot.html)"
66.249.79.230 - - [12/Jul/2025:13:35:57 +0000] "GET /?h=5867297011960&mod=7530b57b&uri=itm.php%3Fid%3D195933-341%26name%3Dcomfier+masajeador HTTP/1.1" 200 22016 "-" "Mozilla/5.0 (Linux; Android 6.0.1; Nexus 5X Build/MMB29P) AppleWebKit/537.36 (KHTML, like Gecko) Chrome/137.0.7151.103 Mobile Safari/537.36 (compatible; Googlebot/2.1; +http://www.google.com/bot.html)"
66.249.79.231 - - [12/Jul/2025:13:36:03 +0000] "GET /?h=5756667051960&mod=60b7f5df&uri=product.php%3Fid%3D192242-335%26name%3Dnintendo+switch+ben+10+power+trip HTTP/1.1" 200 21755 "-" "Mozilla/5.0 (Linux; Android 6.0.1; Nexus 5X Build/MMB29P) AppleWebKit/537.36 (KHTML, like Gecko) Chrome/137.0.7151.103 Mobile Safari/537.36 (compatible; Googlebot/2.1; +http://www.google.com/bot.html)"
66.249.79.230 - - [12/Jul/2025:13:36:29 +0000] "GET /?h=5854937031960&mod=7530b57b&uri=form.php%3Fid%3D195520-341%26name%3Dvaso+para+nutribullet+precio HTTP/1.1" 200 22543 "-" "Mozilla/5.0 (Linux; Android 6.0.1; Nexus 5X Build/MMB29P) AppleWebKit/537.36 (KHTML, like Gecko) Chrome/137.0.7151.103 Mobile Safari/537.36 (compatible; Googlebot/2.1; +http://www.google.com/bot.html)"
66.249.79.230 - - [12/Jul/2025:13:36:46 +0000] "GET /?h=5860810001960&mod=7530b57b&uri=products.php%3Fid%3D195716-341%26name%3Dlentes+aviador+rosa HTTP/1.1" 200 21811 "-" "Mozilla/5.0 (Linux; Android 6.0.1; Nexus 5X Build/MMB29P) AppleWebKit/537.36 (KHTML, like Gecko) Chrome/137.0.7151.103 Mobile Safari/537.36 (compatible; Googlebot/2.1; +http://www.google.com/bot.html)"
66.249.79.230 - - [12/Jul/2025:13:37:02 +0000] "GET /?h=5861020011960&mod=7530b57b&uri=news.php%3Fid%3D195723-341%26name%3Dcamara+conferencia+logitech HTTP/1.1" 200 22326 "-" "Mozilla/5.0 (Linux; Android 6.0.1; Nexus 5X Build/MMB29P) AppleWebKit/537.36 (KHTML, like Gecko) Chrome/137.0.7151.103 Mobile Safari/537.36 (compatible; Googlebot/2.1; +http://www.google.com/bot.html)"
66.249.79.230 - - [12/Jul/2025:13:37:08 +0000] "GET /?h=5866037091960&mod=7530b57b&uri=itm.php%3Fid%3D195891-341%26name%3Dlicuadora+individual+hamilton+beach HTTP/1.1" 200 21608 "-" "Mozilla/5.0 (Linux; Android 6.0.1; Nexus 5X Build/MMB29P) AppleWebKit/537.36 (KHTML, like Gecko) Chrome/137.0.7151.103 Mobile Safari/537.36 (compatible; Googlebot/2.1; +http://www.google.com/bot.html)"
66.249.79.230 - - [12/Jul/2025:13:37:25 +0000] "POST /get-message-notify HTTP/1.1" 200 20939 "https://www.kelaby.company/?h=5861020011960&mod=7530b57b&uri=news.php%3Fid%3D195723-341%26name%3Dcamara+conferencia+logitech" "Mozilla/5.0 (Linux; Android 6.0.1; Nexus 5X Build/MMB29P) AppleWebKit/537.36 (KHTML, like Gecko) Chrome/137.0.7151.119 Mobile Safari/537.36 (compatible; Googlebot/2.1; +http://www.google.com/bot.html)"
66.249.79.230 - - [12/Jul/2025:13:37:44 +0000] "GET /?h=5900094021960&mod=8c76acf2&uri=us.php%3Fid%3D197028-155%26name%3Dowm5 HTTP/1.1" 200 21957 "-" "Mozilla/5.0 (Linux; Android 6.0.1; Nexus 5X Build/MMB29P) AppleWebKit/537.36 (KHTML, like Gecko) Chrome/137.0.7151.103 Mobile Safari/537.36 (compatible; Googlebot/2.1; +http://www.google.com/bot.html)"
66.249.79.230 - - [12/Jul/2025:13:37:51 +0000] "GET /?h=119582719021960&mod=7570fece&uri=itm.php%3Fid%3D3990842-315%26name%3Dfunkuhr+aldi+s%C3%83%C2%BCd HTTP/1.1" 200 22478 "-" "Mozilla/5.0 (Linux; Android 6.0.1; Nexus 5X Build/MMB29P) AppleWebKit/537.36 (KHTML, like Gecko) Chrome/137.0.7151.103 Mobile Safari/537.36 (compatible; Googlebot/2.1; +http://www.google.com/bot.html)"
66.249.79.230 - - [12/Jul/2025:13:37:53 +0000] "POST /get-message-notify HTTP/1.1" 200 20940 "https://www.kelaby.company/?h=119582719021960&mod=7570fece&uri=itm.php%3Fid%3D3990842-315%26name%3Dfunkuhr+aldi+s%C3%83%C2%BCd" "Mozilla/5.0 (Linux; Android 6.0.1; Nexus 5X Build/MMB29P) AppleWebKit/537.36 (KHTML, like Gecko) Chrome/137.0.7151.119 Mobile Safari/537.36 (compatible; Googlebot/2.1; +http://www.google.com/bot.html)"
66.249.79.231 - - [12/Jul/2025:13:38:29 +0000] "GET /?h=5908001061960&mod=8c76acf2&uri=goods.php%3Fid%3D197292-155%26name%3Dvelodyne+spl+1200r HTTP/1.1" 200 21851 "-" "Mozilla/5.0 (Linux; Android 6.0.1; Nexus 5X Build/MMB29P) AppleWebKit/537.36 (KHTML, like Gecko) Chrome/137.0.7151.103 Mobile Safari/537.36 (compatible; Googlebot/2.1; +http://www.google.com/bot.html)"
66.249.79.231 - - [12/Jul/2025:13:38:35 +0000] "GET /?h=119486843091960&mod=2b736f73&uri=product.php%3Fid%3D3987641-410%26name%3Dlego+minecraft+blue+sheep HTTP/1.1" 200 21859 "-" "Mozilla/5.0 (Linux; Android 6.0.1; Nexus 5X Build/MMB29P) AppleWebKit/537.36 (KHTML, like Gecko) Chrome/137.0.7151.103 Mobile Safari/537.36 (compatible; Googlebot/2.1; +http://www.google.com/bot.html)"
66.249.79.230 - - [12/Jul/2025:13:38:37 +0000] "POST /get-message-notify HTTP/1.1" 200 20937 "https://www.kelaby.company/?h=119486843091960&mod=2b736f73&uri=product.php%3Fid%3D3987641-410%26name%3Dlego+minecraft+blue+sheep" "Mozilla/5.0 (Linux; Android 6.0.1; Nexus 5X Build/MMB29P) AppleWebKit/537.36 (KHTML, like Gecko) Chrome/137.0.7151.119 Mobile Safari/537.36 (compatible; Googlebot/2.1; +http://www.google.com/bot.html)"
66.249.79.230 - - [12/Jul/2025:13:38:51 +0000] "GET /robots.txt HTTP/1.1" 200 88 "-" "Mozilla/5.0 (compatible; Googlebot/2.1; +http://www.google.com/bot.html)"
66.249.79.230 - - [12/Jul/2025:13:38:51 +0000] "GET /?h=5914241041960&mod=be8e1862&uri=shop.php%3Fid%3D197500-342%26name%3Dvtech+scout%27s+get+up+and+go+walker HTTP/1.1" 200 21846 "-" "Mozilla/5.0 (Linux; Android 6.0.1; Nexus 5X Build/MMB29P) AppleWebKit/537.36 (KHTML, like Gecko) Chrome/137.0.7151.103 Mobile Safari/537.36 (compatible; Googlebot/2.1; +http://www.google.com/bot.html)"
66.249.79.230 - - [12/Jul/2025:13:38:58 +0000] "GET /?h=5908241041960&mod=8c76acf2&uri=shared.php%3Fid%3D197300-155%26name%3Dpolk+audio+rt5 HTTP/1.1" 200 21572 "-" "Mozilla/5.0 (Linux; Android 6.0.1; Nexus 5X Build/MMB29P) AppleWebKit/537.36 (KHTML, like Gecko) Chrome/137.0.7151.103 Mobile Safari/537.36 (compatible; Googlebot/2.1; +http://www.google.com/bot.html)"
66.249.79.231 - - [12/Jul/2025:13:39:04 +0000] "GET /?h=79050866011960&mod=60b7f5df&uri=news.php%3Fid%3D2638028-335%26name%3Dnintendo+mini+classics+fire HTTP/1.1" 200 21643 "-" "Mozilla/5.0 (Linux; Android 6.0.1; Nexus 5X Build/MMB29P) AppleWebKit/537.36 (KHTML, like Gecko) Chrome/137.0.7151.103 Mobile Safari/537.36 (compatible; Googlebot/2.1; +http://www.google.com/bot.html)"
66.249.79.230 - - [12/Jul/2025:13:39:30 +0000] "GET /?h=5866457081960&mod=7530b57b&uri=brands.php%3Fid%3D195905-341%26name%3Dmasajes+en+plaza+norte HTTP/1.1" 200 21859 "-" "Mozilla/5.0 (Linux; Android 6.0.1; Nexus 5X Build/MMB29P) AppleWebKit/537.36 (KHTML, like Gecko) Chrome/137.0.7151.103 Mobile Safari/537.36 (compatible; Googlebot/2.1; +http://www.google.com/bot.html)"
66.249.79.37 - - [12/Jul/2025:13:39:31 +0000] "GET /?h=32241948011960&mod=5952ec3c&uri=shared.php%3Fid%3D1076118-376%26name%3Dlion+king+free+online+1994 HTTP/1.1" 200 21785 "-" "Mozilla/5.0 (Linux; Android 6.0.1; Nexus 5X Build/MMB29P) AppleWebKit/537.36 (KHTML, like Gecko) Chrome/137.0.7151.103 Mobile Safari/537.36 (compatible; Googlebot/2.1; +http://www.google.com/bot.html)"
66.249.79.32 - - [12/Jul/2025:13:39:36 +0000] "POST /get-message-notify HTTP/1.1" 200 21708 "https://kelaby.company/?h=32241948011960&mod=5952ec3c&uri=shared.php%3Fid%3D1076118-376%26name%3Dlion+king+free+online+1994" "Mozilla/5.0 (Linux; Android 6.0.1; Nexus 5X Build/MMB29P) AppleWebKit/537.36 (KHTML, like Gecko) Chrome/137.0.7151.119 Mobile Safari/537.36 (compatible; Googlebot/2.1; +http://www.google.com/bot.html)"
66.249.79.230 - - [12/Jul/2025:13:39:36 +0000] "GET /?h=39986324011960&mod=49856ed4&uri=category-info.php%3Fid%3D1334537-57%26name%3Dbest+mpow+true+wireless+earbuds HTTP/1.1" 200 21693 "-" "Mozilla/5.0 (Linux; Android 6.0.1; Nexus 5X Build/MMB29P) AppleWebKit/537.36 (KHTML, like Gecko) Chrome/137.0.7151.103 Mobile Safari/537.36 (compatible; Googlebot/2.1; +http://www.google.com/bot.html)"
66.249.79.230 - - [12/Jul/2025:13:40:23 +0000] "GET /robots.txt HTTP/1.1" 200 88 "-" "Mozilla/5.0 (compatible; Googlebot/2.1; +http://www.google.com/bot.html)"
66.249.79.232 - - [12/Jul/2025:13:40:23 +0000] "GET /?h=5857240011960&mod=7530b57b&uri=goods.php%3Fid%3D195597-341%26name%3Dgafas+tipo+aviador+graduadas HTTP/1.1" 200 21858 "-" "Mozilla/5.0 (Linux; Android 6.0.1; Nexus 5X Build/MMB29P) AppleWebKit/537.36 (KHTML, like Gecko) Chrome/137.0.7151.103 Mobile Safari/537.36 (compatible; Googlebot/2.1; +http://www.google.com/bot.html)"
66.249.79.33 - - [12/Jul/2025:13:40:40 +0000] "GET /?h=89822802011960&mod=a788f0e7&uri=pin.php%3Fid%3D2997523-345%26name%3Datuendo+para+boda+en+playa+hombre HTTP/1.1" 200 21989 "-" "Mozilla/5.0 (Linux; Android 6.0.1; Nexus 5X Build/MMB29P) AppleWebKit/537.36 (KHTML, like Gecko) Chrome/137.0.7151.103 Mobile Safari/537.36 (compatible; Googlebot/2.1; +http://www.google.com/bot.html)"
66.249.79.230 - - [12/Jul/2025:13:40:40 +0000] "GET /?h=5860600071960&mod=7530b57b&uri=products.php%3Fid%3D195709-341%26name%3Dpiedras+basalto+masaje HTTP/1.1" 200 21971 "-" "Mozilla/5.0 (Linux; Android 6.0.1; Nexus 5X Build/MMB29P) AppleWebKit/537.36 (KHTML, like Gecko) Chrome/137.0.7151.103 Mobile Safari/537.36 (compatible; Googlebot/2.1; +http://www.google.com/bot.html)"
66.249.79.230 - - [12/Jul/2025:13:40:46 +0000] "GET /?h=5864777021960&mod=7530b57b&uri=product.php%3Fid%3D195849-341%26name%3Dls2+ff352+opiniones HTTP/1.1" 200 22749 "-" "Mozilla/5.0 (Linux; Android 6.0.1; Nexus 5X Build/MMB29P) AppleWebKit/537.36 (KHTML, like Gecko) Chrome/137.0.7151.103 Mobile Safari/537.36 (compatible; Googlebot/2.1; +http://www.google.com/bot.html)"
66.249.79.230 - - [12/Jul/2025:13:40:52 +0000] "GET /?h=5858080031960&mod=7530b57b&uri=itm.php%3Fid%3D195625-341%26name%3Daspas+nutribullet+amazon HTTP/1.1" 200 21772 "-" "Mozilla/5.0 (Linux; Android 6.0.1; Nexus 5X Build/MMB29P) AppleWebKit/537.36 (KHTML, like Gecko) Chrome/137.0.7151.103 Mobile Safari/537.36 (compatible; Googlebot/2.1; +http://www.google.com/bot.html)"
66.249.79.37 - - [12/Jul/2025:13:40:52 +0000] "GET /?h=6136175051960&mod=e1029434&uri=product.php%3Fid%3D204907-208%26name%3Dinstax+camera+photo+paper HTTP/1.1" 200 21529 "-" "Mozilla/5.0 (Linux; Android 6.0.1; Nexus 5X Build/MMB29P) AppleWebKit/537.36 (KHTML, like Gecko) Chrome/137.0.7151.103 Mobile Safari/537.36 (compatible; Googlebot/2.1; +http://www.google.com/bot.html)"
66.249.79.37 - - [12/Jul/2025:13:40:50 +0000] "GET /?h=89827842091960&mod=c4fb7465&uri=brands.php%3Fid%3D2997691-875%26name%3Dnew+balance+574+sneaker+review HTTP/1.1" 200 21896 "-" "Mozilla/5.0 (Linux; Android 6.0.1; Nexus 5X Build/MMB29P) AppleWebKit/537.36 (KHTML, like Gecko) Chrome/137.0.7151.103 Mobile Safari/537.36 (compatible; Googlebot/2.1; +http://www.google.com/bot.html)"
66.249.79.230 - - [12/Jul/2025:13:40:58 +0000] "GET /?h=5869599081960&mod=7530b57b&uri=dp.php%3Fid%3D196010-341%26name%3Dmaquina+de+hacer+jugos HTTP/1.1" 200 21551 "-" "Mozilla/5.0 (Linux; Android 6.0.1; Nexus 5X Build/MMB29P) AppleWebKit/537.36 (KHTML, like Gecko) Chrome/137.0.7151.103 Mobile Safari/537.36 (compatible; Googlebot/2.1; +http://www.google.com/bot.html)"
66.249.79.230 - - [12/Jul/2025:13:41:05 +0000] "GET /?h=5862910061960&mod=7530b57b&uri=news.php%3Fid%3D195786-341%26name%3Dmasajeador+de+espalda+y+piernas HTTP/1.1" 200 22053 "-" "Mozilla/5.0 (Linux; Android 6.0.1; Nexus 5X Build/MMB29P) AppleWebKit/537.36 (KHTML, like Gecko) Chrome/137.0.7151.103 Mobile Safari/537.36 (compatible; Googlebot/2.1; +http://www.google.com/bot.html)"
66.249.79.230 - - [12/Jul/2025:13:41:07 +0000] "POST /get-message-notify HTTP/1.1" 200 20934 "https://www.kelaby.company/?h=5858080031960&mod=7530b57b&uri=itm.php%3Fid%3D195625-341%26name%3Daspas+nutribullet+amazon" "Mozilla/5.0 (Linux; Android 6.0.1; Nexus 5X Build/MMB29P) AppleWebKit/537.36 (KHTML, like Gecko) Chrome/137.0.7151.119 Mobile Safari/537.36 (compatible; Googlebot/2.1; +http://www.google.com/bot.html)"
66.249.79.230 - - [12/Jul/2025:13:41:11 +0000] "GET /?h=5771337021960&mod=49856ed4&uri=category-info.php%3Fid%3D192731-57%26name%3Dbest+noise+cancelling+headphones+on+the+market HTTP/1.1" 200 21586 "-" "Mozilla/5.0 (Linux; Android 6.0.1; Nexus 5X Build/MMB29P) AppleWebKit/537.36 (KHTML, like Gecko) Chrome/137.0.7151.103 Mobile Safari/537.36 (compatible; Googlebot/2.1; +http://www.google.com/bot.html)"
66.249.79.230 - - [12/Jul/2025:13:41:14 +0000] "POST /get-message-notify HTTP/1.1" 200 20936 "https://www.kelaby.company/?h=5771337021960&mod=49856ed4&uri=category-info.php%3Fid%3D192731-57%26name%3Dbest+noise+cancelling+headphones+on+the+market" "Mozilla/5.0 (Linux; Android 6.0.1; Nexus 5X Build/MMB29P) AppleWebKit/537.36 (KHTML, like Gecko) Chrome/137.0.7151.119 Mobile Safari/537.36 (compatible; Googlebot/2.1; +http://www.google.com/bot.html)"
66.249.79.230 - - [12/Jul/2025:13:41:17 +0000] "GET /?h=5865407021960&mod=7530b57b&uri=shop.php%3Fid%3D195870-341%26name%3Dpinda+masaje HTTP/1.1" 200 22491 "-" "Mozilla/5.0 (Linux; Android 6.0.1; Nexus 5X Build/MMB29P) AppleWebKit/537.36 (KHTML, like Gecko) Chrome/137.0.7151.103 Mobile Safari/537.36 (compatible; Googlebot/2.1; +http://www.google.com/bot.html)"
66.249.79.232 - - [12/Jul/2025:13:41:30 +0000] "POST /get-message-notify HTTP/1.1" 200 20925 "https://www.kelaby.company/?h=5862910061960&mod=7530b57b&uri=news.php%3Fid%3D195786-341%26name%3Dmasajeador+de+espalda+y+piernas" "Mozilla/5.0 (Linux; Android 6.0.1; Nexus 5X Build/MMB29P) AppleWebKit/537.36 (KHTML, like Gecko) Chrome/137.0.7151.119 Mobile Safari/537.36 (compatible; Googlebot/2.1; +http://www.google.com/bot.html)"
66.249.79.232 - - [12/Jul/2025:13:42:30 +0000] "GET /?h=79026836051960&mod=60b7f5df&uri=brands.php%3Fid%3D2637227-335%26name%3Dmetal+gear+solid+n64 HTTP/1.1" 200 22129 "-" "Mozilla/5.0 (Linux; Android 6.0.1; Nexus 5X Build/MMB29P) AppleWebKit/537.36 (KHTML, like Gecko) Chrome/137.0.7151.103 Mobile Safari/537.36 (compatible; Googlebot/2.1; +http://www.google.com/bot.html)"
66.249.79.233 - - [12/Jul/2025:13:42:30 +0000] "GET /robots.txt HTTP/1.1" 200 88 "-" "Mozilla/5.0 (compatible; Googlebot/2.1; +http://www.google.com/bot.html)"
66.249.79.233 - - [12/Jul/2025:13:42:36 +0000] "GET /?h=79039046071960&mod=60b7f5df&uri=form.php%3Fid%3D2637634-335%26name%3Dsan+francisco+rush+2049+n64 HTTP/1.1" 200 21180 "-" "Mozilla/5.0 (Linux; Android 6.0.1; Nexus 5X Build/MMB29P) AppleWebKit/537.36 (KHTML, like Gecko) Chrome/137.0.7151.103 Mobile Safari/537.36 (compatible; Googlebot/2.1; +http://www.google.com/bot.html)"
66.249.79.32 - - [12/Jul/2025:13:42:40 +0000] "GET /?h=89820642031960&mod=81db10a5&uri=info.php%3Fid%3D2997451-624%26name%3Dhigh+arch+soles HTTP/1.1" 200 20818 "-" "Mozilla/5.0 (Linux; Android 6.0.1; Nexus 5X Build/MMB29P) AppleWebKit/537.36 (KHTML, like Gecko) Chrome/137.0.7151.103 Mobile Safari/537.36 (compatible; Googlebot/2.1; +http://www.google.com/bot.html)"
66.249.79.37 - - [12/Jul/2025:13:42:42 +0000] "GET /?h=89741285001960&mod=f7efa4f8&uri=info.php%3Fid%3D2994802-40%26name%3Djd+sabre+lawn+tractor HTTP/1.1" 200 22241 "-" "Mozilla/5.0 (Linux; Android 6.0.1; Nexus 5X Build/MMB29P) AppleWebKit/537.36 (KHTML, like Gecko) Chrome/137.0.7151.103 Mobile Safari/537.36 (compatible; Googlebot/2.1; +http://www.google.com/bot.html)"
66.249.79.32 - - [12/Jul/2025:13:42:53 +0000] "POST /get-message-notify HTTP/1.1" 200 21695 "https://kelaby.company/?h=89820642031960&mod=81db10a5&uri=info.php%3Fid%3D2997451-624%26name%3Dhigh+arch+soles" "Mozilla/5.0 (Linux; Android 6.0.1; Nexus 5X Build/MMB29P) AppleWebKit/537.36 (KHTML, like Gecko) Chrome/137.0.7151.119 Mobile Safari/537.36 (compatible; Googlebot/2.1; +http://www.google.com/bot.html)"
66.249.79.234 - - [12/Jul/2025:13:43:02 +0000] "GET /?h=5859340001960&mod=7530b57b&uri=info.php%3Fid%3D195667-341%26name%3Dtrituradora+de+hielo+para+raspados HTTP/1.1" 200 22508 "-" "Mozilla/5.0 (Linux; Android 6.0.1; Nexus 5X Build/MMB29P) AppleWebKit/537.36 (KHTML, like Gecko) Chrome/137.0.7151.103 Mobile Safari/537.36 (compatible; Googlebot/2.1; +http://www.google.com/bot.html)"
66.249.79.232 - - [12/Jul/2025:13:43:37 +0000] "GET /?h=5854517041960&mod=7530b57b&uri=article.php%3Fid%3D195506-341%26name%3Dlicuadora+moulinex+allegro HTTP/1.1" 200 21757 "-" "Mozilla/5.0 (Linux; Android 6.0.1; Nexus 5X Build/MMB29P) AppleWebKit/537.36 (KHTML, like Gecko) Chrome/137.0.7151.103 Mobile Safari/537.36 (compatible; Googlebot/2.1; +http://www.google.com/bot.html)"
66.249.79.232 - - [12/Jul/2025:13:43:43 +0000] "GET /?h=5910881021960&mod=be8e1862&uri=news.php%3Fid%3D197388-342%26name%3Dbaby+einstein+more+to+see+high+contrast+panda+bouncer HTTP/1.1" 200 21024 "-" "Mozilla/5.0 (Linux; Android 6.0.1; Nexus 5X Build/MMB29P) AppleWebKit/537.36 (KHTML, like Gecko) Chrome/137.0.7151.103 Mobile Safari/537.36 (compatible; Googlebot/2.1; +http://www.google.com/bot.html)"
66.249.79.232 - - [12/Jul/2025:13:43:59 +0000] "GET /?h=5859970061960&mod=7530b57b&uri=blog.php%3Fid%3D195688-341%26name%3Dcolonia+hugo+boss+hombre+mercadona HTTP/1.1" 200 21804 "-" "Mozilla/5.0 (Linux; Android 6.0.1; Nexus 5X Build/MMB29P) AppleWebKit/537.36 (KHTML, like Gecko) Chrome/137.0.7151.103 Mobile Safari/537.36 (compatible; Googlebot/2.1; +http://www.google.com/bot.html)"
66.249.79.232 - - [12/Jul/2025:13:44:06 +0000] "GET /?h=5912081001960&mod=09018a5a&uri=blog.php%3Fid%3D197428-343%26name%3Dtarget+furniture+dominion+road HTTP/1.1" 200 21200 "-" "Mozilla/5.0 (Linux; Android 6.0.1; Nexus 5X Build/MMB29P) AppleWebKit/537.36 (KHTML, like Gecko) Chrome/137.0.7151.103 Mobile Safari/537.36 (compatible; Googlebot/2.1; +http://www.google.com/bot.html)"
66.249.79.232 - - [12/Jul/2025:13:44:12 +0000] "GET /?h=5864567021960&mod=63a6cfc9&uri=category-info.php%3Fid%3D195842-340%26name%3Dmartens+men%27s+combs HTTP/1.1" 200 22151 "-" "Mozilla/5.0 (Linux; Android 6.0.1; Nexus 5X Build/MMB29P) AppleWebKit/537.36 (KHTML, like Gecko) Chrome/137.0.7151.103 Mobile Safari/537.36 (compatible; Googlebot/2.1; +http://www.google.com/bot.html)"
66.249.79.232 - - [12/Jul/2025:13:44:16 +0000] "POST /get-message-notify HTTP/1.1" 200 20946 "https://www.kelaby.company/?h=5864567021960&mod=63a6cfc9&uri=category-info.php%3Fid%3D195842-340%26name%3Dmartens+men%27s+combs" "Mozilla/5.0 (Linux; Android 6.0.1; Nexus 5X Build/MMB29P) AppleWebKit/537.36 (KHTML, like Gecko) Chrome/137.0.7151.119 Mobile Safari/537.36 (compatible; Googlebot/2.1; +http://www.google.com/bot.html)"
66.249.79.232 - - [12/Jul/2025:13:44:18 +0000] "GET /?h=5899374081960&mod=8c76acf2&uri=pin.php%3Fid%3D197004-155%26name%3Dpolk+s+series HTTP/1.1" 200 21544 "-" "Mozilla/5.0 (Linux; Android 6.0.1; Nexus 5X Build/MMB29P) AppleWebKit/537.36 (KHTML, like Gecko) Chrome/137.0.7151.103 Mobile Safari/537.36 (compatible; Googlebot/2.1; +http://www.google.com/bot.html)"
66.249.79.232 - - [12/Jul/2025:13:44:25 +0000] "GET /?h=6029284091960&mod=7a7338ef&uri=us.php%3Fid%3D201339-347%26name%3Dgilet+gar%C3%83%C2%A7on+10+ans HTTP/1.1" 200 20881 "-" "Mozilla/5.0 (Linux; Android 6.0.1; Nexus 5X Build/MMB29P) AppleWebKit/537.36 (KHTML, like Gecko) Chrome/137.0.7151.103 Mobile Safari/537.36 (compatible; Googlebot/2.1; +http://www.google.com/bot.html)"
66.249.79.232 - - [12/Jul/2025:13:44:27 +0000] "POST /get-message-notify HTTP/1.1" 200 20959 "https://www.kelaby.company/?h=6029284091960&mod=7a7338ef&uri=us.php%3Fid%3D201339-347%26name%3Dgilet+gar%C3%83%C2%A7on+10+ans" "Mozilla/5.0 (Linux; Android 6.0.1; Nexus 5X Build/MMB29P) AppleWebKit/537.36 (KHTML, like Gecko) Chrome/137.0.7151.119 Mobile Safari/537.36 (compatible; Googlebot/2.1; +http://www.google.com/bot.html)"
66.249.79.232 - - [12/Jul/2025:13:44:31 +0000] "GET /?h=6027845061960&mod=7a7338ef&uri=us.php%3Fid%3D201291-347%26name%3Dsweat+rose+jennyfer HTTP/1.1" 200 21571 "-" "Mozilla/5.0 (Linux; Android 6.0.1; Nexus 5X Build/MMB29P) AppleWebKit/537.36 (KHTML, like Gecko) Chrome/137.0.7151.103 Mobile Safari/537.36 (compatible; Googlebot/2.1; +http://www.google.com/bot.html)"
66.249.79.232 - - [12/Jul/2025:13:44:34 +0000] "POST /get-message-notify HTTP/1.1" 200 20950 "https://www.kelaby.company/?h=6027845061960&mod=7a7338ef&uri=us.php%3Fid%3D201291-347%26name%3Dsweat+rose+jennyfer" "Mozilla/5.0 (Linux; Android 6.0.1; Nexus 5X Build/MMB29P) AppleWebKit/537.36 (KHTML, like Gecko) Chrome/137.0.7151.119 Mobile Safari/537.36 (compatible; Googlebot/2.1; +http://www.google.com/bot.html)"
66.249.79.232 - - [12/Jul/2025:13:44:34 +0000] "POST /get-message-notify HTTP/1.1" 200 20935 "https://www.kelaby.company/?h=5859970061960&mod=7530b57b&uri=blog.php%3Fid%3D195688-341%26name%3Dcolonia+hugo+boss+hombre+mercadona" "Mozilla/5.0 (Linux; Android 6.0.1; Nexus 5X Build/MMB29P) AppleWebKit/537.36 (KHTML, like Gecko) Chrome/137.0.7151.119 Mobile Safari/537.36 (compatible; Googlebot/2.1; +http://www.google.com/bot.html)"
66.249.79.33 - - [12/Jul/2025:13:44:35 +0000] "GET /?h=6192977041960&mod=acac6e55&uri=info.php%3Fid%3D206832-219%26name%3Dwater+tank+leaking+solution HTTP/1.1" 200 21626 "-" "Mozilla/5.0 (Linux; Android 6.0.1; Nexus 5X Build/MMB29P) AppleWebKit/537.36 (KHTML, like Gecko) Chrome/137.0.7151.103 Mobile Safari/537.36 (compatible; Googlebot/2.1; +http://www.google.com/bot.html)"
66.249.79.232 - - [12/Jul/2025:13:44:40 +0000] "GET /?h=6025685031960&mod=62c1507b&uri=article.php%3Fid%3D201219-330%26name%3Dberkley+plopper HTTP/1.1" 200 22105 "-" "Mozilla/5.0 (Linux; Android 6.0.1; Nexus 5X Build/MMB29P) AppleWebKit/537.36 (KHTML, like Gecko) Chrome/137.0.7151.103 Mobile Safari/537.36 (compatible; Googlebot/2.1; +http://www.google.com/bot.html)"
66.249.79.32 - - [12/Jul/2025:13:44:45 +0000] "GET /?h=6291142001960&mod=f7efa4f8&uri=blog.php%3Fid%3D210127-40%26name%3Ddcd778d2t+dewalt HTTP/1.1" 200 21545 "-" "Mozilla/5.0 (Linux; Android 6.0.1; Nexus 5X Build/MMB29P) AppleWebKit/537.36 (KHTML, like Gecko) Chrome/137.0.7151.103 Mobile Safari/537.36 (compatible; Googlebot/2.1; +http://www.google.com/bot.html)"
66.249.79.37 - - [12/Jul/2025:13:44:49 +0000] "POST /get-message-notify HTTP/1.1" 200 21708 "https://kelaby.company/?h=6291142001960&mod=f7efa4f8&uri=blog.php%3Fid%3D210127-40%26name%3Ddcd778d2t+dewalt" "Mozilla/5.0 (Linux; Android 6.0.1; Nexus 5X Build/MMB29P) AppleWebKit/537.36 (KHTML, like Gecko) Chrome/137.0.7151.119 Mobile Safari/537.36 (compatible; Googlebot/2.1; +http://www.google.com/bot.html)"
66.249.79.232 - - [12/Jul/2025:13:44:53 +0000] "GET /?h=101673314001960&mod=8c76acf2&uri=shop.php%3Fid%3D3393130-155%26name%3Djbl+soundbar+with+detachable+speakers HTTP/1.1" 200 22542 "-" "Mozilla/5.0 (Linux; Android 6.0.1; Nexus 5X Build/MMB29P) AppleWebKit/537.36 (KHTML, like Gecko) Chrome/137.0.7151.103 Mobile Safari/537.36 (compatible; Googlebot/2.1; +http://www.google.com/bot.html)"
66.249.79.233 - - [12/Jul/2025:13:45:06 +0000] "GET /?h=6028085141960&mod=7a7338ef&uri=pin.php%3Fid%3D201299-347%26name%3Dsweat+capuche+rose+pale HTTP/1.1" 200 20787 "-" "Mozilla/5.0 (Linux; Android 6.0.1; Nexus 5X Build/MMB29P) AppleWebKit/537.36 (KHTML, like Gecko) Chrome/137.0.7151.103 Mobile Safari/537.36 (compatible; Googlebot/2.1; +http://www.google.com/bot.html)"
66.249.79.32 - - [12/Jul/2025:13:45:08 +0000] "GET /?h=6199320061960&mod=acac6e55&uri=blog.php%3Fid%3D207044-219%26name%3Dvegetable+oil+lamp+heater HTTP/1.1" 200 21594 "-" "Mozilla/5.0 (Linux; Android 6.0.1; Nexus 5X Build/MMB29P) AppleWebKit/537.36 (KHTML, like Gecko) Chrome/137.0.7151.103 Mobile Safari/537.36 (compatible; Googlebot/2.1; +http://www.google.com/bot.html)"
66.249.79.232 - - [12/Jul/2025:13:45:21 +0000] "POST /get-message-notify HTTP/1.1" 200 20935 "https://www.kelaby.company/?h=5899374081960&mod=8c76acf2&uri=pin.php%3Fid%3D197004-155%26name%3Dpolk+s+series" "Mozilla/5.0 (Linux; Android 6.0.1; Nexus 5X Build/MMB29P) AppleWebKit/537.36 (KHTML, like Gecko) Chrome/137.0.7151.119 Mobile Safari/537.36 (compatible; Googlebot/2.1; +http://www.google.com/bot.html)"
66.249.79.232 - - [12/Jul/2025:13:45:29 +0000] "GET /?h=6020405011960&mod=62c1507b&uri=shared.php%3Fid%3D201043-330%26name%3Dyamamoto+baits+bulk HTTP/1.1" 200 22496 "-" "Mozilla/5.0 (Linux; Android 6.0.1; Nexus 5X Build/MMB29P) AppleWebKit/537.36 (KHTML, like Gecko) Chrome/137.0.7151.103 Mobile Safari/537.36 (compatible; Googlebot/2.1; +http://www.google.com/bot.html)"
66.249.79.232 - - [12/Jul/2025:13:45:35 +0000] "GET /?h=6034082041960&mod=7a7338ef&uri=shared.php%3Fid%3D201499-347%26name%3Dsweat+a+capuche+yamaha+homme HTTP/1.1" 200 21591 "-" "Mozilla/5.0 (Linux; Android 6.0.1; Nexus 5X Build/MMB29P) AppleWebKit/537.36 (KHTML, like Gecko) Chrome/137.0.7151.103 Mobile Safari/537.36 (compatible; Googlebot/2.1; +http://www.google.com/bot.html)"
66.249.79.37 - - [12/Jul/2025:13:45:54 +0000] "GET /?h=89830722001960&mod=c4fb7465&uri=blog.php%3Fid%3D2997787-875%26name%3Dmovies+coming+out+in+august+2019 HTTP/1.1" 200 20477 "-" "Mozilla/5.0 (Linux; Android 6.0.1; Nexus 5X Build/MMB29P) AppleWebKit/537.36 (KHTML, like Gecko) Chrome/137.0.7151.103 Mobile Safari/537.36 (compatible; Googlebot/2.1; +http://www.google.com/bot.html)"
66.249.79.232 - - [12/Jul/2025:13:45:54 +0000] "GET /?h=5894964071960&mod=8c76acf2&uri=category-info.php%3Fid%3D196857-155%26name%3Dlg+sound+bar+asda HTTP/1.1" 200 21964 "-" "Mozilla/5.0 (Linux; Android 6.0.1; Nexus 5X Build/MMB29P) AppleWebKit/537.36 (KHTML, like Gecko) Chrome/137.0.7151.103 Mobile Safari/537.36 (compatible; Googlebot/2.1; +http://www.google.com/bot.html)"
66.249.79.234 - - [12/Jul/2025:13:46:02 +0000] "GET /?h=107775528021960&mod=8c76acf2&uri=news.php%3Fid%3D3596827-155%26name%3Dcreative+a120+speakers HTTP/1.1" 200 22049 "-" "Mozilla/5.0 (Linux; Android 6.0.1; Nexus 5X Build/MMB29P) AppleWebKit/537.36 (KHTML, like Gecko) Chrome/137.0.7151.103 Mobile Safari/537.36 (compatible; Googlebot/2.1; +http://www.google.com/bot.html)"
66.249.79.230 - - [12/Jul/2025:13:46:19 +0000] "GET /?h=6017705031960&mod=681e38a8&uri=pin.php%3Fid%3D200953-346%26name%3Djuco+football+new+jersey HTTP/1.1" 200 21777 "-" "Mozilla/5.0 (Linux; Android 6.0.1; Nexus 5X Build/MMB29P) AppleWebKit/537.36 (KHTML, like Gecko) Chrome/137.0.7151.103 Mobile Safari/537.36 (compatible; Googlebot/2.1; +http://www.google.com/bot.html)"
66.249.79.230 - - [12/Jul/2025:13:46:26 +0000] "GET /?h=6027365001960&mod=7a7338ef&uri=products.php%3Fid%3D201275-347%26name%3Dsweat+carhartt+homme+vert HTTP/1.1" 200 21518 "-" "Mozilla/5.0 (Linux; Android 6.0.1; Nexus 5X Build/MMB29P) AppleWebKit/537.36 (KHTML, like Gecko) Chrome/137.0.7151.103 Mobile Safari/537.36 (compatible; Googlebot/2.1; +http://www.google.com/bot.html)"
66.249.79.230 - - [12/Jul/2025:13:46:35 +0000] "GET /?h=6027605011960&mod=62c1507b&uri=category-info.php%3Fid%3D201283-330%26name%3Dwhat+brand+of+fishing+rod+is+best HTTP/1.1" 200 22118 "-" "Mozilla/5.0 (Linux; Android 6.0.1; Nexus 5X Build/MMB29P) AppleWebKit/537.36 (KHTML, like Gecko) Chrome/137.0.7151.103 Mobile Safari/537.36 (compatible; Googlebot/2.1; +http://www.google.com/bot.html)"
66.249.79.230 - - [12/Jul/2025:13:46:45 +0000] "POST /get-message-notify HTTP/1.1" 200 20946 "https://www.kelaby.company/?h=5894964071960&mod=8c76acf2&uri=category-info.php%3Fid%3D196857-155%26name%3Dlg+sound+bar+asda" "Mozilla/5.0 (Linux; Android 6.0.1; Nexus 5X Build/MMB29P) AppleWebKit/537.36 (KHTML, like Gecko) Chrome/137.0.7151.119 Mobile Safari/537.36 (compatible; Googlebot/2.1; +http://www.google.com/bot.html)"
66.249.79.230 - - [12/Jul/2025:13:46:58 +0000] "GET /?h=6024965051960&mod=33acaba9&uri=brands.php%3Fid%3D201195-348%26name%3Dcomme+des+garcons+robe HTTP/1.1" 200 20556 "-" "Mozilla/5.0 (Linux; Android 6.0.1; Nexus 5X Build/MMB29P) AppleWebKit/537.36 (KHTML, like Gecko) Chrome/137.0.7151.103 Mobile Safari/537.36 (compatible; Googlebot/2.1; +http://www.google.com/bot.html)"
66.249.79.231 - - [12/Jul/2025:13:47:14 +0000] "GET /?h=6025925071960&mod=e7dfca01&uri=brands.php%3Fid%3D201227-60%26name%3Dtommy+hilfiger+maglia+rossa HTTP/1.1" 200 22544 "-" "Mozilla/5.0 (Linux; Android 6.0.1; Nexus 5X Build/MMB29P) AppleWebKit/537.36 (KHTML, like Gecko) Chrome/137.0.7151.103 Mobile Safari/537.36 (compatible; Googlebot/2.1; +http://www.google.com/bot.html)"
66.249.79.231 - - [12/Jul/2025:13:47:17 +0000] "POST /get-message-notify HTTP/1.1" 200 20945 "https://www.kelaby.company/?h=6025925071960&mod=e7dfca01&uri=brands.php%3Fid%3D201227-60%26name%3Dtommy+hilfiger+maglia+rossa" "Mozilla/5.0 (Linux; Android 6.0.1; Nexus 5X Build/MMB29P) AppleWebKit/537.36 (KHTML, like Gecko) Chrome/137.0.7151.119 Mobile Safari/537.36 (compatible; Googlebot/2.1; +http://www.google.com/bot.html)"
66.249.79.230 - - [12/Jul/2025:13:47:30 +0000] "GET /?h=5976845031960&mod=a788f0e7&uri=product.php%3Fid%3D199588-345%26name%3Dchaquetas+snowboard+outlet HTTP/1.1" 200 21302 "-" "Mozilla/5.0 (Linux; Android 6.0.1; Nexus 5X Build/MMB29P) AppleWebKit/537.36 (KHTML, like Gecko) Chrome/137.0.7151.103 Mobile Safari/537.36 (compatible; Googlebot/2.1; +http://www.google.com/bot.html)"
66.249.79.230 - - [12/Jul/2025:13:47:37 +0000] "GET /?h=6021125071960&mod=62c1507b&uri=shop.php%3Fid%3D201067-330%26name%3Dgulp+recharge HTTP/1.1" 200 22056 "-" "Mozilla/5.0 (Linux; Android 6.0.1; Nexus 5X Build/MMB29P) AppleWebKit/537.36 (KHTML, like Gecko) Chrome/137.0.7151.103 Mobile Safari/537.36 (compatible; Googlebot/2.1; +http://www.google.com/bot.html)"
66.249.79.230 - - [12/Jul/2025:13:47:43 +0000] "GET /?h=119643412021960&mod=ee411757&uri=product.php%3Fid%3D3992867-100%26name%3Ddexcom+g6+samsung+galaxy+watch+active HTTP/1.1" 200 21095 "-" "Mozilla/5.0 (Linux; Android 6.0.1; Nexus 5X Build/MMB29P) AppleWebKit/537.36 (KHTML, like Gecko) Chrome/137.0.7151.103 Mobile Safari/537.36 (compatible; Googlebot/2.1; +http://www.google.com/bot.html)"
66.249.79.230 - - [12/Jul/2025:13:47:51 +0000] "GET /?h=5990459031960&mod=a788f0e7&uri=blog.php%3Fid%3D200043-345%26name%3Dropa+de+esqui+rebajas HTTP/1.1" 200 22140 "-" "Mozilla/5.0 (Linux; Android 6.0.1; Nexus 5X Build/MMB29P) AppleWebKit/537.36 (KHTML, like Gecko) Chrome/137.0.7151.103 Mobile Safari/537.36 (compatible; Googlebot/2.1; +http://www.google.com/bot.html)"
66.249.79.231 - - [12/Jul/2025:13:48:04 +0000] "GET /robots.txt HTTP/1.1" 200 88 "-" "Mozilla/5.0 (compatible; Googlebot/2.1; +http://www.google.com/bot.html)"
66.249.79.232 - - [12/Jul/2025:13:48:04 +0000] "GET /?h=6025445011960&mod=62c1507b&uri=us.php%3Fid%3D201211-330%26name%3Dcustom+painted+flicker+shads HTTP/1.1" 200 22203 "-" "Mozilla/5.0 (Linux; Android 6.0.1; Nexus 5X Build/MMB29P) AppleWebKit/537.36 (KHTML, like Gecko) Chrome/137.0.7151.103 Mobile Safari/537.36 (compatible; Googlebot/2.1; +http://www.google.com/bot.html)"
66.249.79.230 - - [12/Jul/2025:13:48:11 +0000] "POST /get-message-notify HTTP/1.1" 200 20948 "https://www.kelaby.company/?h=119643412021960&mod=ee411757&uri=product.php%3Fid%3D3992867-100%26name%3Ddexcom+g6+samsung+galaxy+watch+active" "Mozilla/5.0 (Linux; Android 6.0.1; Nexus 5X Build/MMB29P) AppleWebKit/537.36 (KHTML, like Gecko) Chrome/137.0.7151.119 Mobile Safari/537.36 (compatible; Googlebot/2.1; +http://www.google.com/bot.html)"
66.249.79.230 - - [12/Jul/2025:13:48:17 +0000] "GET /?h=6034554051960&mod=7a7338ef&uri=shared.php%3Fid%3D201515-347%26name%3Dsweat+a+capuche+guess+femme HTTP/1.1" 200 20797 "-" "Mozilla/5.0 (Linux; Android 6.0.1; Nexus 5X Build/MMB29P) AppleWebKit/537.36 (KHTML, like Gecko) Chrome/137.0.7151.103 Mobile Safari/537.36 (compatible; Googlebot/2.1; +http://www.google.com/bot.html)"
66.249.79.33 - - [12/Jul/2025:13:48:20 +0000] "GET /?h=6215196121960&mod=acac6e55&uri=pin.php%3Fid%3D207574-219%26name%3Danglers+pro+tackle HTTP/1.1" 200 21552 "-" "Mozilla/5.0 (Linux; Android 6.0.1; Nexus 5X Build/MMB29P) AppleWebKit/537.36 (KHTML, like Gecko) Chrome/137.0.7151.103 Mobile Safari/537.36 (compatible; Googlebot/2.1; +http://www.google.com/bot.html)"
66.249.79.230 - - [12/Jul/2025:13:48:30 +0000] "GET /?h=101692573021960&mod=8c76acf2&uri=goods.php%3Fid%3D3393772-155%26name%3Danker+mini+bluetooth+speaker HTTP/1.1" 200 21711 "-" "Mozilla/5.0 (Linux; Android 6.0.1; Nexus 5X Build/MMB29P) AppleWebKit/537.36 (KHTML, like Gecko) Chrome/137.0.7151.103 Mobile Safari/537.36 (compatible; Googlebot/2.1; +http://www.google.com/bot.html)"
66.249.79.230 - - [12/Jul/2025:13:48:52 +0000] "GET /?h=6026405031960&mod=7a7338ef&uri=us.php%3Fid%3D201243-347%26name%3Dpulls+ado+fille HTTP/1.1" 200 21700 "-" "Mozilla/5.0 (Linux; Android 6.0.1; Nexus 5X Build/MMB29P) AppleWebKit/537.36 (KHTML, like Gecko) Chrome/137.0.7151.103 Mobile Safari/537.36 (compatible; Googlebot/2.1; +http://www.google.com/bot.html)"
66.249.79.231 - - [12/Jul/2025:13:49:29 +0000] "GET /robots.txt HTTP/1.1" 200 88 "-" "Mozilla/5.0 (compatible; Googlebot/2.1; +http://www.google.com/bot.html)"
66.249.79.231 - - [12/Jul/2025:13:49:29 +0000] "GET /?h=6020645011960&mod=62c1507b&uri=article.php%3Fid%3D201051-330%26name%3Darduino+water+heater+controller HTTP/1.1" 200 22307 "-" "Mozilla/5.0 (Linux; Android 6.0.1; Nexus 5X Build/MMB29P) AppleWebKit/537.36 (KHTML, like Gecko) Chrome/137.0.7151.103 Mobile Safari/537.36 (compatible; Googlebot/2.1; +http://www.google.com/bot.html)"
66.249.79.230 - - [12/Jul/2025:13:49:32 +0000] "POST /get-message-notify HTTP/1.1" 200 20943 "https://www.kelaby.company/?h=6020645011960&mod=62c1507b&uri=article.php%3Fid%3D201051-330%26name%3Darduino+water+heater+controller" "Mozilla/5.0 (Linux; Android 6.0.1; Nexus 5X Build/MMB29P) AppleWebKit/537.36 (KHTML, like Gecko) Chrome/137.0.7151.119 Mobile Safari/537.36 (compatible; Googlebot/2.1; +http://www.google.com/bot.html)"
66.249.79.230 - - [12/Jul/2025:13:49:35 +0000] "GET /?h=104134912001960&mod=8c76acf2&uri=products.php%3Fid%3D3475305-155%26name%3Dproac+10+signature HTTP/1.1" 200 22027 "-" "Mozilla/5.0 (Linux; Android 6.0.1; Nexus 5X Build/MMB29P) AppleWebKit/537.36 (KHTML, like Gecko) Chrome/137.0.7151.103 Mobile Safari/537.36 (compatible; Googlebot/2.1; +http://www.google.com/bot.html)"
66.249.79.230 - - [12/Jul/2025:13:49:38 +0000] "POST /get-message-notify HTTP/1.1" 200 20948 "https://www.kelaby.company/?h=104134912001960&mod=8c76acf2&uri=products.php%3Fid%3D3475305-155%26name%3Dproac+10+signature" "Mozilla/5.0 (Linux; Android 6.0.1; Nexus 5X Build/MMB29P) AppleWebKit/537.36 (KHTML, like Gecko) Chrome/137.0.7151.119 Mobile Safari/537.36 (compatible; Googlebot/2.1; +http://www.google.com/bot.html)"
66.249.79.230 - - [12/Jul/2025:13:49:41 +0000] "GET /?h=6025205011960&mod=681e38a8&uri=itm.php%3Fid%3D201203-346%26name%3Deuro+2016+kits HTTP/1.1" 200 22391 "-" "Mozilla/5.0 (Linux; Android 6.0.1; Nexus 5X Build/MMB29P) AppleWebKit/537.36 (KHTML, like Gecko) Chrome/137.0.7151.103 Mobile Safari/537.36 (compatible; Googlebot/2.1; +http://www.google.com/bot.html)"
66.249.79.230 - - [12/Jul/2025:13:49:43 +0000] "POST /get-message-notify HTTP/1.1" 200 20952 "https://www.kelaby.company/?h=6025205011960&mod=681e38a8&uri=itm.php%3Fid%3D201203-346%26name%3Deuro+2016+kits" "Mozilla/5.0 (Linux; Android 6.0.1; Nexus 5X Build/MMB29P) AppleWebKit/537.36 (KHTML, like Gecko) Chrome/137.0.7151.119 Mobile Safari/537.36 (compatible; Googlebot/2.1; +http://www.google.com/bot.html)"
66.249.79.230 - - [12/Jul/2025:13:49:48 +0000] "GET /?h=104148711021960&mod=8c76acf2&uri=pin.php%3Fid%3D3475766-155%26name%3Dbose+acoustimass+serie HTTP/1.1" 200 21953 "-" "Mozilla/5.0 (Linux; Android 6.0.1; Nexus 5X Build/MMB29P) AppleWebKit/537.36 (KHTML, like Gecko) Chrome/137.0.7151.103 Mobile Safari/537.36 (compatible; Googlebot/2.1; +http://www.google.com/bot.html)"
66.249.79.230 - - [12/Jul/2025:13:49:54 +0000] "GET /?h=5935931051960&mod=bcfcd283&uri=dp.php%3Fid%3D198223-323%26name%3Dwhite+yeti+30+oz HTTP/1.1" 200 21501 "-" "Mozilla/5.0 (Linux; Android 6.0.1; Nexus 5X Build/MMB29P) AppleWebKit/537.36 (KHTML, like Gecko) Chrome/137.0.7151.103 Mobile Safari/537.36 (compatible; Googlebot/2.1; +http://www.google.com/bot.html)"
66.249.79.230 - - [12/Jul/2025:13:50:01 +0000] "POST /get-message-notify HTTP/1.1" 200 20948 "https://www.kelaby.company/?h=104148711021960&mod=8c76acf2&uri=pin.php%3Fid%3D3475766-155%26name%3Dbose+acoustimass+serie" "Mozilla/5.0 (Linux; Android 6.0.1; Nexus 5X Build/MMB29P) AppleWebKit/537.36 (KHTML, like Gecko) Chrome/137.0.7151.119 Mobile Safari/537.36 (compatible; Googlebot/2.1; +http://www.google.com/bot.html)"
66.249.79.33 - - [12/Jul/2025:13:50:10 +0000] "GET /?h=6391946001960&mod=c2f91461&uri=dp.php%3Fid%3D213494-363%26name%3Dfriendship+bracelet+patterns+embroidery+floss HTTP/1.1" 200 21597 "-" "Mozilla/5.0 (Linux; Android 6.0.1; Nexus 5X Build/MMB29P) AppleWebKit/537.36 (KHTML, like Gecko) Chrome/137.0.7151.103 Mobile Safari/537.36 (compatible; Googlebot/2.1; +http://www.google.com/bot.html)"
66.249.79.230 - - [12/Jul/2025:13:50:21 +0000] "GET /?h=6022085091960&mod=62c1507b&uri=shop.php%3Fid%3D201099-330%26name%3Dkorum+opportunist+8ft+review HTTP/1.1" 200 21808 "-" "Mozilla/5.0 (Linux; Android 6.0.1; Nexus 5X Build/MMB29P) AppleWebKit/537.36 (KHTML, like Gecko) Chrome/137.0.7151.103 Mobile Safari/537.36 (compatible; Googlebot/2.1; +http://www.google.com/bot.html)"
66.249.79.230 - - [12/Jul/2025:13:50:24 +0000] "POST /get-message-notify HTTP/1.1" 200 20951 "https://www.kelaby.company/?h=6022085091960&mod=62c1507b&uri=shop.php%3Fid%3D201099-330%26name%3Dkorum+opportunist+8ft+review" "Mozilla/5.0 (Linux; Android 6.0.1; Nexus 5X Build/MMB29P) AppleWebKit/537.36 (KHTML, like Gecko) Chrome/137.0.7151.119 Mobile Safari/537.36 (compatible; Googlebot/2.1; +http://www.google.com/bot.html)"
66.249.79.230 - - [12/Jul/2025:13:50:27 +0000] "GET /?h=6021605011960&mod=681e38a8&uri=dp.php%3Fid%3D201083-346%26name%3Darmy+navy+jerseys+2021 HTTP/1.1" 200 21882 "-" "Mozilla/5.0 (Linux; Android 6.0.1; Nexus 5X Build/MMB29P) AppleWebKit/537.36 (KHTML, like Gecko) Chrome/137.0.7151.103 Mobile Safari/537.36 (compatible; Googlebot/2.1; +http://www.google.com/bot.html)"
66.249.79.230 - - [12/Jul/2025:13:50:44 +0000] "GET /?h=6026885011960&mod=7a7338ef&uri=info.php%3Fid%3D201259-347%26name%3Dpull+homme+moumoute HTTP/1.1" 200 21395 "-" "Mozilla/5.0 (Linux; Android 6.0.1; Nexus 5X Build/MMB29P) AppleWebKit/537.36 (KHTML, like Gecko) Chrome/137.0.7151.103 Mobile Safari/537.36 (compatible; Googlebot/2.1; +http://www.google.com/bot.html)"
66.249.79.230 - - [12/Jul/2025:13:50:50 +0000] "GET /?h=6032164001960&mod=8d3215ae&uri=shared.php%3Fid%3D201435-59%26name%3Djumpsuit+sposa HTTP/1.1" 200 21562 "-" "Mozilla/5.0 (Linux; Android 6.0.1; Nexus 5X Build/MMB29P) AppleWebKit/537.36 (KHTML, like Gecko) Chrome/137.0.7151.103 Mobile Safari/537.36 (compatible; Googlebot/2.1; +http://www.google.com/bot.html)"
66.249.79.230 - - [12/Jul/2025:13:50:56 +0000] "GET /?h=6032884091960&mod=7a7338ef&uri=search.php%3Fid%3D201459-347%26name%3Doxbow+sweat+homme HTTP/1.1" 200 20568 "-" "Mozilla/5.0 (Linux; Android 6.0.1; Nexus 5X Build/MMB29P) AppleWebKit/537.36 (KHTML, like Gecko) Chrome/137.0.7151.103 Mobile Safari/537.36 (compatible; Googlebot/2.1; +http://www.google.com/bot.html)"
66.249.79.231 - - [12/Jul/2025:13:51:01 +0000] "POST /get-message-notify HTTP/1.1" 200 20929 "https://www.kelaby.company/?h=6032884091960&mod=7a7338ef&uri=search.php%3Fid%3D201459-347%26name%3Doxbow+sweat+homme" "Mozilla/5.0 (Linux; Android 6.0.1; Nexus 5X Build/MMB29P) AppleWebKit/537.36 (KHTML, like Gecko) Chrome/137.0.7151.119 Mobile Safari/537.36 (compatible; Googlebot/2.1; +http://www.google.com/bot.html)"
66.249.79.232 - - [12/Jul/2025:13:51:03 +0000] "GET /?h=6024485041960&mod=8d3215ae&uri=brands.php%3Fid%3D201179-59%26name%3Dabiti+da+cerimonia+con+la+coda HTTP/1.1" 200 21395 "-" "Mozilla/5.0 (Linux; Android 6.0.1; Nexus 5X Build/MMB29P) AppleWebKit/537.36 (KHTML, like Gecko) Chrome/137.0.7151.103 Mobile Safari/537.36 (compatible; Googlebot/2.1; +http://www.google.com/bot.html)"
66.249.79.230 - - [12/Jul/2025:13:51:11 +0000] "POST /get-message-notify HTTP/1.1" 200 20944 "https://www.kelaby.company/?h=6024485041960&mod=8d3215ae&uri=brands.php%3Fid%3D201179-59%26name%3Dabiti+da+cerimonia+con+la+coda" "Mozilla/5.0 (Linux; Android 6.0.1; Nexus 5X Build/MMB29P) AppleWebKit/537.36 (KHTML, like Gecko) Chrome/137.0.7151.119 Mobile Safari/537.36 (compatible; Googlebot/2.1; +http://www.google.com/bot.html)"
66.249.79.231 - - [12/Jul/2025:13:51:15 +0000] "GET /?h=6028564031960&mod=7a7338ef&uri=category-info.php%3Fid%3D201315-347%26name%3Dpull+sans+col HTTP/1.1" 200 22141 "-" "Mozilla/5.0 (Linux; Android 6.0.1; Nexus 5X Build/MMB29P) AppleWebKit/537.36 (KHTML, like Gecko) Chrome/137.0.7151.103 Mobile Safari/537.36 (compatible; Googlebot/2.1; +http://www.google.com/bot.html)"
66.249.79.230 - - [12/Jul/2025:13:51:28 +0000] "GET /?h=6035034011960&mod=7a7338ef&uri=info.php%3Fid%3D201531-347%26name%3Dsweat+femme+bon+prix HTTP/1.1" 200 21750 "-" "Mozilla/5.0 (Linux; Android 6.0.1; Nexus 5X Build/MMB29P) AppleWebKit/537.36 (KHTML, like Gecko) Chrome/137.0.7151.103 Mobile Safari/537.36 (compatible; Googlebot/2.1; +http://www.google.com/bot.html)"
66.249.79.230 - - [12/Jul/2025:13:51:51 +0000] "GET /?h=6034322021960&mod=7a7338ef&uri=dp.php%3Fid%3D201507-347%26name%3Dsweat+long+femme+grande+taille HTTP/1.1" 200 22000 "-" "Mozilla/5.0 (Linux; Android 6.0.1; Nexus 5X Build/MMB29P) AppleWebKit/537.36 (KHTML, like Gecko) Chrome/137.0.7151.103 Mobile Safari/537.36 (compatible; Googlebot/2.1; +http://www.google.com/bot.html)"
66.249.79.33 - - [12/Jul/2025:13:51:57 +0000] "GET /?h=6163612001960&mod=e50bea89&uri=news.php%3Fid%3D205822-296%26name%3Drangamma+mangamma+cinema HTTP/1.1" 200 21788 "-" "Mozilla/5.0 (Linux; Android 6.0.1; Nexus 5X Build/MMB29P) AppleWebKit/537.36 (KHTML, like Gecko) Chrome/137.0.7151.103 Mobile Safari/537.36 (compatible; Googlebot/2.1; +http://www.google.com/bot.html)"
66.249.79.230 - - [12/Jul/2025:13:51:57 +0000] "GET /?h=6019925021960&mod=681e38a8&uri=category-info.php%3Fid%3D201027-346%26name%3Ddan+marino+memorabilia HTTP/1.1" 200 22213 "-" "Mozilla/5.0 (Linux; Android 6.0.1; Nexus 5X Build/MMB29P) AppleWebKit/537.36 (KHTML, like Gecko) Chrome/137.0.7151.103 Mobile Safari/537.36 (compatible; Googlebot/2.1; +http://www.google.com/bot.html)"
66.249.79.230 - - [12/Jul/2025:13:52:06 +0000] "GET /?h=107356030011960&mod=8c76acf2&uri=category-info.php%3Fid%3D3582821-155%26name%3Dsonos+and+apple+tv HTTP/1.1" 200 22226 "-" "Mozilla/5.0 (Linux; Android 6.0.1; Nexus 5X Build/MMB29P) AppleWebKit/537.36 (KHTML, like Gecko) Chrome/137.0.7151.103 Mobile Safari/537.36 (compatible; Googlebot/2.1; +http://www.google.com/bot.html)"
66.249.79.32 - - [12/Jul/2025:13:52:29 +0000] "GET /?h=6197280061960&mod=acac6e55&uri=blog.php%3Fid%3D206976-219%26name%3Dtall+electric+stove+fire HTTP/1.1" 200 22148 "-" "Mozilla/5.0 (Linux; Android 6.0.1; Nexus 5X Build/MMB29P) AppleWebKit/537.36 (KHTML, like Gecko) Chrome/137.0.7151.103 Mobile Safari/537.36 (compatible; Googlebot/2.1; +http://www.google.com/bot.html)"
66.249.79.230 - - [12/Jul/2025:13:52:30 +0000] "GET /?h=6033842011960&mod=7a7338ef&uri=dp.php%3Fid%3D201491-347%26name%3Dsweat+ecriture+japonaise+femme HTTP/1.1" 200 21552 "-" "Mozilla/5.0 (Linux; Android 6.0.1; Nexus 5X Build/MMB29P) AppleWebKit/537.36 (KHTML, like Gecko) Chrome/137.0.7151.103 Mobile Safari/537.36 (compatible; Googlebot/2.1; +http://www.google.com/bot.html)"
66.249.79.230 - - [12/Jul/2025:13:52:32 +0000] "POST /get-message-notify HTTP/1.1" 200 20940 "https://www.kelaby.company/?h=6033842011960&mod=7a7338ef&uri=dp.php%3Fid%3D201491-347%26name%3Dsweat+ecriture+japonaise+femme" "Mozilla/5.0 (Linux; Android 6.0.1; Nexus 5X Build/MMB29P) AppleWebKit/537.36 (KHTML, like Gecko) Chrome/137.0.7151.119 Mobile Safari/537.36 (compatible; Googlebot/2.1; +http://www.google.com/bot.html)"
66.249.79.33 - - [12/Jul/2025:13:52:33 +0000] "POST /get-message-notify HTTP/1.1" 200 21697 "https://kelaby.company/?h=6197280061960&mod=acac6e55&uri=blog.php%3Fid%3D206976-219%26name%3Dtall+electric+stove+fire" "Mozilla/5.0 (Linux; Android 6.0.1; Nexus 5X Build/MMB29P) AppleWebKit/537.36 (KHTML, like Gecko) Chrome/137.0.7151.119 Mobile Safari/537.36 (compatible; Googlebot/2.1; +http://www.google.com/bot.html)"
66.249.79.230 - - [12/Jul/2025:13:52:36 +0000] "GET /?h=6020165051960&mod=62c1507b&uri=shop.php%3Fid%3D201035-330%26name%3Dberkley+powerbait+pit+boss HTTP/1.1" 200 22211 "-" "Mozilla/5.0 (Linux; Android 6.0.1; Nexus 5X Build/MMB29P) AppleWebKit/537.36 (KHTML, like Gecko) Chrome/137.0.7151.103 Mobile Safari/537.36 (compatible; Googlebot/2.1; +http://www.google.com/bot.html)"
66.249.79.230 - - [12/Jul/2025:13:52:55 +0000] "GET /?h=6021365051960&mod=681e38a8&uri=category-info.php%3Fid%3D201075-346%26name%3Dportugal+jersey+euro+2016 HTTP/1.1" 200 21459 "-" "Mozilla/5.0 (Linux; Android 6.0.1; Nexus 5X Build/MMB29P) AppleWebKit/537.36 (KHTML, like Gecko) Chrome/137.0.7151.103 Mobile Safari/537.36 (compatible; Googlebot/2.1; +http://www.google.com/bot.html)"
66.249.79.231 - - [12/Jul/2025:13:53:01 +0000] "GET /?h=6031444061960&mod=7a7338ef&uri=search.php%3Fid%3D201411-347%26name%3Dsweat+rip+curl+homme HTTP/1.1" 200 21073 "-" "Mozilla/5.0 (Linux; Android 6.0.1; Nexus 5X Build/MMB29P) AppleWebKit/537.36 (KHTML, like Gecko) Chrome/137.0.7151.103 Mobile Safari/537.36 (compatible; Googlebot/2.1; +http://www.google.com/bot.html)"
66.249.79.230 - - [12/Jul/2025:13:53:10 +0000] "GET /?h=107404184021960&mod=8c76acf2&uri=search.php%3Fid%3D3584432-155%26name%3Dcheap+jbl+charge HTTP/1.1" 200 21743 "-" "Mozilla/5.0 (Linux; Android 6.0.1; Nexus 5X Build/MMB29P) AppleWebKit/537.36 (KHTML, like Gecko) Chrome/137.0.7151.103 Mobile Safari/537.36 (compatible; Googlebot/2.1; +http://www.google.com/bot.html)"
66.249.79.230 - - [12/Jul/2025:13:53:10 +0000] "GET /?h=6119555011960&mod=e1029434&uri=info.php%3Fid%3D204353-208%26name%3Dfujifilm+instax+mini+90+neo+classic+red HTTP/1.1" 200 21226 "-" "Mozilla/5.0 (Linux; Android 6.0.1; Nexus 5X Build/MMB29P) AppleWebKit/537.36 (KHTML, like Gecko) Chrome/137.0.7151.103 Mobile Safari/537.36 (compatible; Googlebot/2.1; +http://www.google.com/bot.html)"
66.249.79.231 - - [12/Jul/2025:13:53:13 +0000] "POST /get-message-notify HTTP/1.1" 200 20959 "https://www.kelaby.company/?h=107404184021960&mod=8c76acf2&uri=search.php%3Fid%3D3584432-155%26name%3Dcheap+jbl+charge" "Mozilla/5.0 (Linux; Android 6.0.1; Nexus 5X Build/MMB29P) AppleWebKit/537.36 (KHTML, like Gecko) Chrome/137.0.7151.119 Mobile Safari/537.36 (compatible; Googlebot/2.1; +http://www.google.com/bot.html)"
66.249.79.230 - - [12/Jul/2025:13:53:33 +0000] "GET /?h=6033362101960&mod=7a7338ef&uri=search.php%3Fid%3D201475-347%26name%3Dsweat+en+velours+homme HTTP/1.1" 200 20625 "-" "Mozilla/5.0 (Linux; Android 6.0.1; Nexus 5X Build/MMB29P) AppleWebKit/537.36 (KHTML, like Gecko) Chrome/137.0.7151.103 Mobile Safari/537.36 (compatible; Googlebot/2.1; +http://www.google.com/bot.html)"
