Current File : /home/kelaby89/access-logs/kelaby.sixpack.studio-ssl_log |
66.249.79.37 - - [12/Jul/2025:12:13:44 +0000] "POST /get-message-notify HTTP/1.1" 200 21706 "https://kelaby.company/?h=5975990001960&mod=a788f0e7&uri=goods.php%3Fid%3D199559-345%26name%3Dvestido+de+madrina+felipe+varela" "Mozilla/5.0 (Linux; Android 6.0.1; Nexus 5X Build/MMB29P) AppleWebKit/537.36 (KHTML, like Gecko) Chrome/137.0.7151.119 Mobile Safari/537.36 (compatible; Googlebot/2.1; +http://www.google.com/bot.html)"
66.249.79.232 - - [12/Jul/2025:12:13:46 +0000] "GET /?h=6027125071960&mod=62c1507b&uri=product.php%3Fid%3D201267-330%26name%3Dzodi+zip+instant+shower HTTP/1.1" 200 22140 "-" "Mozilla/5.0 (Linux; Android 6.0.1; Nexus 5X Build/MMB29P) AppleWebKit/537.36 (KHTML, like Gecko) Chrome/137.0.7151.103 Mobile Safari/537.36 (compatible; Googlebot/2.1; +http://www.google.com/bot.html)"
66.249.79.37 - - [12/Jul/2025:12:13:47 +0000] "GET /?h=6109175041960&mod=f7efa4f8&uri=product.php%3Fid%3D204007-40%26name%3Dmilwaukee+circular+saw+with+laser HTTP/1.1" 200 22507 "-" "Mozilla/5.0 (Linux; Android 6.0.1; Nexus 5X Build/MMB29P) AppleWebKit/537.36 (KHTML, like Gecko) Chrome/137.0.7151.103 Mobile Safari/537.36 (compatible; Googlebot/2.1; +http://www.google.com/bot.html)"
209.74.77.214 - - [12/Jul/2025:12:13:53 +0000] "POST /wp-cron.php?doing_wp_cron=1752322433.0552659034729003906250 HTTP/1.1" 200 - "-" "WordPress/6.8.1; https://kelaby.company"
51.222.253.4 - - [12/Jul/2025:12:13:52 +0000] "GET /?h=6525895071960&mod=7ddd00ed&uri=article.php%3Fid%3D217960-366%26name%3Dlevi%27s+plaque+belt HTTP/1.1" 301 - "-" "Mozilla/5.0 (compatible; AhrefsBot/7.0; +http://ahrefs.com/robot/)"
66.249.79.37 - - [12/Jul/2025:12:13:58 +0000] "GET /?h=6139175031960&mod=e1029434&uri=blog.php%3Fid%3D205007-208%26name%3Dtamron+35mm+sony+sample+photos HTTP/1.1" 200 21174 "-" "Mozilla/5.0 (Linux; Android 6.0.1; Nexus 5X Build/MMB29P) AppleWebKit/537.36 (KHTML, like Gecko) Chrome/137.0.7151.103 Mobile Safari/537.36 (compatible; Googlebot/2.1; +http://www.google.com/bot.html)"
66.249.79.32 - - [12/Jul/2025:12:14:11 +0000] "GET /?h=6248479021960&mod=9b425b22&uri=products.php%3Fid%3D208702-359%26name%3Dnew+balance+680+%C3%83%C2%A9+bom HTTP/1.1" 200 22264 "-" "Mozilla/5.0 (Linux; Android 6.0.1; Nexus 5X Build/MMB29P) AppleWebKit/537.36 (KHTML, like Gecko) Chrome/137.0.7151.103 Mobile Safari/537.36 (compatible; Googlebot/2.1; +http://www.google.com/bot.html)"
66.249.79.32 - - [12/Jul/2025:12:14:24 +0000] "GET /?h=6076631051960&mod=c7ced588&uri=info.php%3Fid%3D202921-349%26name%3Dcollier+coeur+s%C3%83%C2%A9parable+personnalisable HTTP/1.1" 200 21869 "-" "Mozilla/5.0 (Linux; Android 6.0.1; Nexus 5X Build/MMB29P) AppleWebKit/537.36 (KHTML, like Gecko) Chrome/137.0.7151.103 Mobile Safari/537.36 (compatible; Googlebot/2.1; +http://www.google.com/bot.html)"
66.249.79.32 - - [12/Jul/2025:12:14:27 +0000] "POST /get-message-notify HTTP/1.1" 200 21691 "https://kelaby.company/?h=6076631051960&mod=c7ced588&uri=info.php%3Fid%3D202921-349%26name%3Dcollier+coeur+s%C3%83%C2%A9parable+personnalisable" "Mozilla/5.0 (Linux; Android 6.0.1; Nexus 5X Build/MMB29P) AppleWebKit/537.36 (KHTML, like Gecko) Chrome/137.0.7151.119 Mobile Safari/537.36 (compatible; Googlebot/2.1; +http://www.google.com/bot.html)"
66.249.79.33 - - [12/Jul/2025:12:15:07 +0000] "GET /?h=6071681131960&mod=c7ced588&uri=article.php%3Fid%3D202756-349%26name%3Dbijoux+acier+inoxydable+or HTTP/1.1" 200 21490 "-" "Mozilla/5.0 (Linux; Android 6.0.1; Nexus 5X Build/MMB29P) AppleWebKit/537.36 (KHTML, like Gecko) Chrome/137.0.7151.103 Mobile Safari/537.36 (compatible; Googlebot/2.1; +http://www.google.com/bot.html)"
66.249.79.231 - - [12/Jul/2025:12:15:08 +0000] "GET /?h=6029044011960&mod=33acaba9&uri=search.php%3Fid%3D201331-348%26name%3Dhm+robe+mariee HTTP/1.1" 200 20663 "-" "Mozilla/5.0 (Linux; Android 6.0.1; Nexus 5X Build/MMB29P) AppleWebKit/537.36 (KHTML, like Gecko) Chrome/137.0.7151.103 Mobile Safari/537.36 (compatible; Googlebot/2.1; +http://www.google.com/bot.html)"
66.249.79.32 - - [12/Jul/2025:12:15:14 +0000] "GET /?h=6137075071960&mod=e1029434&uri=itm.php%3Fid%3D204937-208%26name%3Dinstax+mini+fuji HTTP/1.1" 200 20902 "-" "Mozilla/5.0 (Linux; Android 6.0.1; Nexus 5X Build/MMB29P) AppleWebKit/537.36 (KHTML, like Gecko) Chrome/137.0.7151.103 Mobile Safari/537.36 (compatible; Googlebot/2.1; +http://www.google.com/bot.html)"
66.249.79.32 - - [12/Jul/2025:12:15:29 +0000] "GET /?h=6015369031960&mod=62c1507b&uri=form.php%3Fid%3D200875-330%26name%3Dhow+to+pick+a+fishing+rod HTTP/1.1" 200 22314 "-" "Mozilla/5.0 (Linux; Android 6.0.1; Nexus 5X Build/MMB29P) AppleWebKit/537.36 (KHTML, like Gecko) Chrome/137.0.7151.103 Mobile Safari/537.36 (compatible; Googlebot/2.1; +http://www.google.com/bot.html)"
66.249.79.32 - - [12/Jul/2025:12:15:36 +0000] "GET /?h=6090769041960&mod=f7efa4f8&uri=itm.php%3Fid%3D203393-40%26name%3Dmakita+vj05z HTTP/1.1" 200 21879 "-" "Mozilla/5.0 (Linux; Android 6.0.1; Nexus 5X Build/MMB29P) AppleWebKit/537.36 (KHTML, like Gecko) Chrome/137.0.7151.103 Mobile Safari/537.36 (compatible; Googlebot/2.1; +http://www.google.com/bot.html)"
66.249.79.32 - - [12/Jul/2025:12:15:42 +0000] "GET /?h=6101447111960&mod=f7efa4f8&uri=shop.php%3Fid%3D203749-40%26name%3Dstihl+gta+26+battery+powered+chainsaw HTTP/1.1" 200 21110 "-" "Mozilla/5.0 (Linux; Android 6.0.1; Nexus 5X Build/MMB29P) AppleWebKit/537.36 (KHTML, like Gecko) Chrome/137.0.7151.103 Mobile Safari/537.36 (compatible; Googlebot/2.1; +http://www.google.com/bot.html)"
66.249.79.32 - - [12/Jul/2025:12:15:54 +0000] "GET /?h=6137915051960&mod=e1029434&uri=search.php%3Fid%3D204965-208%26name%3Dsony+e+mount+kit+lens HTTP/1.1" 200 21818 "-" "Mozilla/5.0 (Linux; Android 6.0.1; Nexus 5X Build/MMB29P) AppleWebKit/537.36 (KHTML, like Gecko) Chrome/137.0.7151.103 Mobile Safari/537.36 (compatible; Googlebot/2.1; +http://www.google.com/bot.html)"
66.249.79.34 - - [12/Jul/2025:12:16:06 +0000] "GET /?h=6085519041960&mod=f7efa4f8&uri=category-info.php%3Fid%3D203218-40%26name%3Ddewalt+rechargeable+vacuum HTTP/1.1" 200 22419 "-" "Mozilla/5.0 (Linux; Android 6.0.1; Nexus 5X Build/MMB29P) AppleWebKit/537.36 (KHTML, like Gecko) Chrome/137.0.7151.103 Mobile Safari/537.36 (compatible; Googlebot/2.1; +http://www.google.com/bot.html)"
66.249.79.34 - - [12/Jul/2025:12:16:07 +0000] "GET /?h=5917481011960&mod=be8e1862&uri=search.php%3Fid%3D197608-342%26name%3Dminimalist+baby+rocker HTTP/1.1" 200 21463 "-" "Mozilla/5.0 (Linux; Android 6.0.1; Nexus 5X Build/MMB29P) AppleWebKit/537.36 (KHTML, like Gecko) Chrome/137.0.7151.103 Mobile Safari/537.36 (compatible; Googlebot/2.1; +http://www.google.com/bot.html)"
66.249.79.33 - - [12/Jul/2025:12:16:11 +0000] "GET /?h=6072461041960&mod=c7ced588&uri=article.php%3Fid%3D202782-349%26name%3Dbijouterie+la+vie+en+or+catalogue HTTP/1.1" 200 21768 "-" "Mozilla/5.0 (Linux; Android 6.0.1; Nexus 5X Build/MMB29P) AppleWebKit/537.36 (KHTML, like Gecko) Chrome/137.0.7151.103 Mobile Safari/537.36 (compatible; Googlebot/2.1; +http://www.google.com/bot.html)"
66.249.79.32 - - [12/Jul/2025:12:16:18 +0000] "POST /get-message-notify HTTP/1.1" 200 21706 "https://kelaby.company/?h=6072461041960&mod=c7ced588&uri=article.php%3Fid%3D202782-349%26name%3Dbijouterie+la+vie+en+or+catalogue" "Mozilla/5.0 (Linux; Android 6.0.1; Nexus 5X Build/MMB29P) AppleWebKit/537.36 (KHTML, like Gecko) Chrome/137.0.7151.119 Mobile Safari/537.36 (compatible; Googlebot/2.1; +http://www.google.com/bot.html)"
66.249.79.32 - - [12/Jul/2025:12:16:28 +0000] "GET /?h=119565198041960&mod=621df6a7&uri=news.php%3Fid%3D3990256-649%26name%3Dheated+towel+drying+rack HTTP/1.1" 200 21902 "-" "Mozilla/5.0 (Linux; Android 6.0.1; Nexus 5X Build/MMB29P) AppleWebKit/537.36 (KHTML, like Gecko) Chrome/137.0.7151.103 Mobile Safari/537.36 (compatible; Googlebot/2.1; +http://www.google.com/bot.html)"
66.249.79.32 - - [12/Jul/2025:12:16:32 +0000] "POST /get-message-notify HTTP/1.1" 200 21697 "https://kelaby.company/?h=119565198041960&mod=621df6a7&uri=news.php%3Fid%3D3990256-649%26name%3Dheated+towel+drying+rack" "Mozilla/5.0 (Linux; Android 6.0.1; Nexus 5X Build/MMB29P) AppleWebKit/537.36 (KHTML, like Gecko) Chrome/137.0.7151.119 Mobile Safari/537.36 (compatible; Googlebot/2.1; +http://www.google.com/bot.html)"
66.249.79.32 - - [12/Jul/2025:12:16:45 +0000] "GET /?h=6097997021960&mod=f7efa4f8&uri=article.php%3Fid%3D203634-40%26name%3Dmilwaukee+2313 HTTP/1.1" 200 21868 "-" "Mozilla/5.0 (Linux; Android 6.0.1; Nexus 5X Build/MMB29P) AppleWebKit/537.36 (KHTML, like Gecko) Chrome/137.0.7151.103 Mobile Safari/537.36 (compatible; Googlebot/2.1; +http://www.google.com/bot.html)"
66.249.79.32 - - [12/Jul/2025:12:16:51 +0000] "GET /?h=6024185011960&mod=62c1507b&uri=itm.php%3Fid%3D201169-330%26name%3Dpowerbait+flatworm HTTP/1.1" 200 21774 "-" "Mozilla/5.0 (Linux; Android 6.0.1; Nexus 5X Build/MMB29P) AppleWebKit/537.36 (KHTML, like Gecko) Chrome/137.0.7151.103 Mobile Safari/537.36 (compatible; Googlebot/2.1; +http://www.google.com/bot.html)"
66.249.79.32 - - [12/Jul/2025:12:16:54 +0000] "POST /get-message-notify HTTP/1.1" 200 21710 "https://kelaby.company/?h=6024185011960&mod=62c1507b&uri=itm.php%3Fid%3D201169-330%26name%3Dpowerbait+flatworm" "Mozilla/5.0 (Linux; Android 6.0.1; Nexus 5X Build/MMB29P) AppleWebKit/537.36 (KHTML, like Gecko) Chrome/137.0.7151.119 Mobile Safari/537.36 (compatible; Googlebot/2.1; +http://www.google.com/bot.html)"
66.249.79.32 - - [12/Jul/2025:12:16:57 +0000] "GET /?h=42950892141960&mod=62c1507b&uri=form.php%3Fid%3D1433432-330%26name%3Dzone+hvac+system HTTP/1.1" 200 21589 "-" "Mozilla/5.0 (Linux; Android 6.0.1; Nexus 5X Build/MMB29P) AppleWebKit/537.36 (KHTML, like Gecko) Chrome/137.0.7151.103 Mobile Safari/537.36 (compatible; Googlebot/2.1; +http://www.google.com/bot.html)"
66.249.79.32 - - [12/Jul/2025:12:17:01 +0000] "POST /get-message-notify HTTP/1.1" 200 21698 "https://kelaby.company/?h=42950892141960&mod=62c1507b&uri=form.php%3Fid%3D1433432-330%26name%3Dzone+hvac+system" "Mozilla/5.0 (Linux; Android 6.0.1; Nexus 5X Build/MMB29P) AppleWebKit/537.36 (KHTML, like Gecko) Chrome/137.0.7151.119 Mobile Safari/537.36 (compatible; Googlebot/2.1; +http://www.google.com/bot.html)"
66.249.79.32 - - [12/Jul/2025:12:17:09 +0000] "GET /?h=45433738141960&mod=62c1507b&uri=product.php%3Fid%3D1516261-330%26name%3Dinstalling+honeywell+t9+thermostat HTTP/1.1" 200 21735 "-" "Mozilla/5.0 (Linux; Android 6.0.1; Nexus 5X Build/MMB29P) AppleWebKit/537.36 (KHTML, like Gecko) Chrome/137.0.7151.103 Mobile Safari/537.36 (compatible; Googlebot/2.1; +http://www.google.com/bot.html)"
209.74.77.214 - - [12/Jul/2025:12:17:18 +0000] "POST /wp-cron.php?doing_wp_cron=1752322638.6856820583343505859375 HTTP/1.1" 200 - "-" "WordPress/6.8.1; https://kelaby.company"
51.222.253.15 - - [12/Jul/2025:12:17:17 +0000] "GET /?h=71899408051960&mod=12193fad&uri=blog.php%3Fid%3D2399348-456%26name%3Dmen%27s+extended+tees HTTP/1.1" 301 - "-" "Mozilla/5.0 (compatible; AhrefsBot/7.0; +http://ahrefs.com/robot/)"
66.249.79.32 - - [12/Jul/2025:12:17:24 +0000] "POST /get-message-notify HTTP/1.1" 200 21702 "https://kelaby.company/?h=45433738141960&mod=62c1507b&uri=product.php%3Fid%3D1516261-330%26name%3Dinstalling+honeywell+t9+thermostat" "Mozilla/5.0 (Linux; Android 6.0.1; Nexus 5X Build/MMB29P) AppleWebKit/537.36 (KHTML, like Gecko) Chrome/137.0.7151.119 Mobile Safari/537.36 (compatible; Googlebot/2.1; +http://www.google.com/bot.html)"
66.249.79.32 - - [12/Jul/2025:12:17:32 +0000] "GET /?h=25117366071960&mod=e3a33d78&uri=brands.php%3Fid%3D838319-850%26name%3Dfree+connect+white HTTP/1.1" 200 20843 "-" "Mozilla/5.0 (Linux; Android 6.0.1; Nexus 5X Build/MMB29P) AppleWebKit/537.36 (KHTML, like Gecko) Chrome/137.0.7151.103 Mobile Safari/537.36 (compatible; Googlebot/2.1; +http://www.google.com/bot.html)"
66.249.79.32 - - [12/Jul/2025:12:17:39 +0000] "GET /?h=6125315031960&mod=e1029434&uri=category-info.php%3Fid%3D204545-208%26name%3Dsony+10+bit+video+camera HTTP/1.1" 200 21372 "-" "Mozilla/5.0 (Linux; Android 6.0.1; Nexus 5X Build/MMB29P) AppleWebKit/537.36 (KHTML, like Gecko) Chrome/137.0.7151.103 Mobile Safari/537.36 (compatible; Googlebot/2.1; +http://www.google.com/bot.html)"
66.249.79.32 - - [12/Jul/2025:12:17:55 +0000] "GET /?h=33407767041960&mod=681e38a8&uri=products.php%3Fid%3D1115021-346%26name%3Dgaa+cul+camp+gear HTTP/1.1" 200 23308 "-" "Mozilla/5.0 (Linux; Android 6.0.1; Nexus 5X Build/MMB29P) AppleWebKit/537.36 (KHTML, like Gecko) Chrome/137.0.7151.103 Mobile Safari/537.36 (compatible; Googlebot/2.1; +http://www.google.com/bot.html)"
66.249.79.32 - - [12/Jul/2025:12:17:55 +0000] "GET /?h=6368680111960&mod=c2f91461&uri=dp.php%3Fid%3D212718-363%26name%3Dfishtail+loom+band HTTP/1.1" 200 20640 "-" "Mozilla/5.0 (Linux; Android 6.0.1; Nexus 5X Build/MMB29P) AppleWebKit/537.36 (KHTML, like Gecko) Chrome/137.0.7151.103 Mobile Safari/537.36 (compatible; Googlebot/2.1; +http://www.google.com/bot.html)"
66.249.79.34 - - [12/Jul/2025:12:18:05 +0000] "GET /?h=119795878101960&mod=da036300&uri=category-info.php%3Fid%3D3997952-242%26name%3Dsteam+wand+without+espresso+machine HTTP/1.1" 200 21170 "-" "Mozilla/5.0 (Linux; Android 6.0.1; Nexus 5X Build/MMB29P) AppleWebKit/537.36 (KHTML, like Gecko) Chrome/137.0.7151.103 Mobile Safari/537.36 (compatible; Googlebot/2.1; +http://www.google.com/bot.html)"
66.249.79.32 - - [12/Jul/2025:12:18:06 +0000] "GET /?h=6084059011960&mod=f7efa4f8&uri=news.php%3Fid%3D203169-40%26name%3Dstihl+battery+trimmer+amazon HTTP/1.1" 200 21551 "-" "Mozilla/5.0 (Linux; Android 6.0.1; Nexus 5X Build/MMB29P) AppleWebKit/537.36 (KHTML, like Gecko) Chrome/137.0.7151.103 Mobile Safari/537.36 (compatible; Googlebot/2.1; +http://www.google.com/bot.html)"
66.249.79.32 - - [12/Jul/2025:12:18:14 +0000] "GET /?h=6137285091960&mod=e1029434&uri=search.php%3Fid%3D204944-208%26name%3Dzeiss+batis+lenses HTTP/1.1" 200 20610 "-" "Mozilla/5.0 (Linux; Android 6.0.1; Nexus 5X Build/MMB29P) AppleWebKit/537.36 (KHTML, like Gecko) Chrome/137.0.7151.103 Mobile Safari/537.36 (compatible; Googlebot/2.1; +http://www.google.com/bot.html)"
66.249.79.32 - - [12/Jul/2025:12:18:31 +0000] "GET /?h=6083609041960&mod=f7efa4f8&uri=dp.php%3Fid%3D203154-40%26name%3D18v+grinder+makita HTTP/1.1" 200 22483 "-" "Mozilla/5.0 (Linux; Android 6.0.1; Nexus 5X Build/MMB29P) AppleWebKit/537.36 (KHTML, like Gecko) Chrome/137.0.7151.103 Mobile Safari/537.36 (compatible; Googlebot/2.1; +http://www.google.com/bot.html)"
66.249.79.32 - - [12/Jul/2025:12:18:43 +0000] "GET /?h=5991929041960&mod=a788f0e7&uri=form.php%3Fid%3D200092-345%26name%3Dleggins+talla+16 HTTP/1.1" 200 22526 "-" "Mozilla/5.0 (Linux; Android 6.0.1; Nexus 5X Build/MMB29P) AppleWebKit/537.36 (KHTML, like Gecko) Chrome/137.0.7151.103 Mobile Safari/537.36 (compatible; Googlebot/2.1; +http://www.google.com/bot.html)"
66.249.79.32 - - [12/Jul/2025:12:18:53 +0000] "GET /?h=6143705041960&mod=c5e24739&uri=form.php%3Fid%3D205158-351%26name%3Dblanchir+basket+toile+blanche HTTP/1.1" 200 21132 "-" "Mozilla/5.0 (Linux; Android 6.0.1; Nexus 5X Build/MMB29P) AppleWebKit/537.36 (KHTML, like Gecko) Chrome/137.0.7151.103 Mobile Safari/537.36 (compatible; Googlebot/2.1; +http://www.google.com/bot.html)"
66.249.79.32 - - [12/Jul/2025:12:18:57 +0000] "GET /?h=6132875031960&mod=e1029434&uri=search.php%3Fid%3D204797-208%26name%3D50mm+fe HTTP/1.1" 200 21753 "-" "Mozilla/5.0 (Linux; Android 6.0.1; Nexus 5X Build/MMB29P) AppleWebKit/537.36 (KHTML, like Gecko) Chrome/137.0.7151.103 Mobile Safari/537.36 (compatible; Googlebot/2.1; +http://www.google.com/bot.html)"
66.249.79.231 - - [12/Jul/2025:12:18:58 +0000] "GET /?h=98602799071960&mod=60b7f5df&uri=info.php%3Fid%3D3290629-335%26name%3Dmakro+twin+tub+washing+machines HTTP/1.1" 200 21622 "-" "Mozilla/5.0 (Linux; Android 6.0.1; Nexus 5X Build/MMB29P) AppleWebKit/537.36 (KHTML, like Gecko) Chrome/137.0.7151.103 Mobile Safari/537.36 (compatible; Googlebot/2.1; +http://www.google.com/bot.html)"
66.249.79.32 - - [12/Jul/2025:12:19:01 +0000] "POST /get-message-notify HTTP/1.1" 200 21691 "https://kelaby.company/?h=6132875031960&mod=e1029434&uri=search.php%3Fid%3D204797-208%26name%3D50mm+fe" "Mozilla/5.0 (Linux; Android 6.0.1; Nexus 5X Build/MMB29P) AppleWebKit/537.36 (KHTML, like Gecko) Chrome/137.0.7151.119 Mobile Safari/537.36 (compatible; Googlebot/2.1; +http://www.google.com/bot.html)"
66.249.79.34 - - [12/Jul/2025:12:19:04 +0000] "GET /?h=6125525041960&mod=e1029434&uri=products.php%3Fid%3D204552-208%26name%3Dviltrox+85mm+f1+stm+ii HTTP/1.1" 200 21338 "-" "Mozilla/5.0 (Linux; Android 6.0.1; Nexus 5X Build/MMB29P) AppleWebKit/537.36 (KHTML, like Gecko) Chrome/137.0.7151.103 Mobile Safari/537.36 (compatible; Googlebot/2.1; +http://www.google.com/bot.html)"
66.249.79.32 - - [12/Jul/2025:12:19:23 +0000] "POST /get-message-notify HTTP/1.1" 200 21703 "https://kelaby.company/?h=25117366071960&mod=e3a33d78&uri=brands.php%3Fid%3D838319-850%26name%3Dfree+connect+white" "Mozilla/5.0 (Linux; Android 6.0.1; Nexus 5X Build/MMB29P) AppleWebKit/537.36 (KHTML, like Gecko) Chrome/137.0.7151.119 Mobile Safari/537.36 (compatible; Googlebot/2.1; +http://www.google.com/bot.html)"
66.249.79.32 - - [12/Jul/2025:12:19:17 +0000] "GET /?h=5948111081960&mod=9293eb98&uri=itm.php%3Fid%3D198629-344%26name%3Droadrunner+custom+insoles+review HTTP/1.1" 200 21705 "-" "Mozilla/5.0 (Linux; Android 6.0.1; Nexus 5X Build/MMB29P) AppleWebKit/537.36 (KHTML, like Gecko) Chrome/137.0.7151.103 Mobile Safari/537.36 (compatible; Googlebot/2.1; +http://www.google.com/bot.html)"
66.249.79.32 - - [12/Jul/2025:12:19:28 +0000] "POST /get-message-notify HTTP/1.1" 200 21700 "https://kelaby.company/?h=5948111081960&mod=9293eb98&uri=itm.php%3Fid%3D198629-344%26name%3Droadrunner+custom+insoles+review" "Mozilla/5.0 (Linux; Android 6.0.1; Nexus 5X Build/MMB29P) AppleWebKit/537.36 (KHTML, like Gecko) Chrome/137.0.7151.119 Mobile Safari/537.36 (compatible; Googlebot/2.1; +http://www.google.com/bot.html)"
66.249.79.32 - - [12/Jul/2025:12:19:39 +0000] "GET /?h=6125945061960&mod=e1029434&uri=product.php%3Fid%3D204566-208%26name%3Dvideo+camera+sony+4k+price HTTP/1.1" 200 21821 "-" "Mozilla/5.0 (Linux; Android 6.0.1; Nexus 5X Build/MMB29P) AppleWebKit/537.36 (KHTML, like Gecko) Chrome/137.0.7151.103 Mobile Safari/537.36 (compatible; Googlebot/2.1; +http://www.google.com/bot.html)"
66.249.79.32 - - [12/Jul/2025:12:19:46 +0000] "GET /?h=6247579121960&mod=9b425b22&uri=itm.php%3Fid%3D208672-359%26name%3D801+sheen+pack HTTP/1.1" 200 21166 "-" "Mozilla/5.0 (Linux; Android 6.0.1; Nexus 5X Build/MMB29P) AppleWebKit/537.36 (KHTML, like Gecko) Chrome/137.0.7151.103 Mobile Safari/537.36 (compatible; Googlebot/2.1; +http://www.google.com/bot.html)"
66.249.79.32 - - [12/Jul/2025:12:19:49 +0000] "POST /get-message-notify HTTP/1.1" 200 21718 "https://kelaby.company/?h=6247579121960&mod=9b425b22&uri=itm.php%3Fid%3D208672-359%26name%3D801+sheen+pack" "Mozilla/5.0 (Linux; Android 6.0.1; Nexus 5X Build/MMB29P) AppleWebKit/537.36 (KHTML, like Gecko) Chrome/137.0.7151.119 Mobile Safari/537.36 (compatible; Googlebot/2.1; +http://www.google.com/bot.html)"
66.249.79.32 - - [12/Jul/2025:12:19:55 +0000] "GET /?h=115108877031960&mod=be8e1862&uri=info.php%3Fid%3D3841603-342%26name%3Dsimple+steps+walker HTTP/1.1" 200 21684 "-" "Mozilla/5.0 (Linux; Android 6.0.1; Nexus 5X Build/MMB29P) AppleWebKit/537.36 (KHTML, like Gecko) Chrome/137.0.7151.103 Mobile Safari/537.36 (compatible; Googlebot/2.1; +http://www.google.com/bot.html)"
66.249.79.33 - - [12/Jul/2025:12:20:03 +0000] "GET /?h=6359320041960&mod=007ad58e&uri=products.php%3Fid%3D212406-329%26name%3Dmuji+linen+trousers HTTP/1.1" 200 21213 "-" "Mozilla/5.0 (Linux; Android 6.0.1; Nexus 5X Build/MMB29P) AppleWebKit/537.36 (KHTML, like Gecko) Chrome/137.0.7151.103 Mobile Safari/537.36 (compatible; Googlebot/2.1; +http://www.google.com/bot.html)"
66.249.79.230 - - [12/Jul/2025:12:20:06 +0000] "GET /?h=6023765011960&mod=62c1507b&uri=products.php%3Fid%3D201155-330%26name%3Dheat+timer+multi+mod HTTP/1.1" 200 21829 "-" "Mozilla/5.0 (Linux; Android 6.0.1; Nexus 5X Build/MMB29P) AppleWebKit/537.36 (KHTML, like Gecko) Chrome/137.0.7151.103 Mobile Safari/537.36 (compatible; Googlebot/2.1; +http://www.google.com/bot.html)"
66.249.79.33 - - [12/Jul/2025:12:20:08 +0000] "GET /?h=6136655031960&mod=e1029434&uri=dp.php%3Fid%3D204923-208%26name%3D7artisans+full+frame+sony HTTP/1.1" 200 22049 "-" "Mozilla/5.0 (Linux; Android 6.0.1; Nexus 5X Build/MMB29P) AppleWebKit/537.36 (KHTML, like Gecko) Chrome/137.0.7151.103 Mobile Safari/537.36 (compatible; Googlebot/2.1; +http://www.google.com/bot.html)"
66.249.79.231 - - [12/Jul/2025:12:20:09 +0000] "POST /get-message-notify HTTP/1.1" 200 20935 "https://www.kelaby.company/?h=6023765011960&mod=62c1507b&uri=products.php%3Fid%3D201155-330%26name%3Dheat+timer+multi+mod" "Mozilla/5.0 (Linux; Android 6.0.1; Nexus 5X Build/MMB29P) AppleWebKit/537.36 (KHTML, like Gecko) Chrome/137.0.7151.119 Mobile Safari/537.36 (compatible; Googlebot/2.1; +http://www.google.com/bot.html)"
66.249.79.32 - - [12/Jul/2025:12:20:36 +0000] "GET /?h=6072131031960&mod=c7ced588&uri=shop.php%3Fid%3D202771-349%26name%3Dcollier+m%C3%83%C2%A9daille+personnalisable HTTP/1.1" 200 22485 "-" "Mozilla/5.0 (Linux; Android 6.0.1; Nexus 5X Build/MMB29P) AppleWebKit/537.36 (KHTML, like Gecko) Chrome/137.0.7151.103 Mobile Safari/537.36 (compatible; Googlebot/2.1; +http://www.google.com/bot.html)"
66.249.79.230 - - [12/Jul/2025:12:20:36 +0000] "GET /?h=5804918051960&mod=9bbcf8c9&uri=brands.php%3Fid%3D193851-336%26name%3Dborsette+bomboniere+uncinetto+schemi HTTP/1.1" 200 21185 "-" "Mozilla/5.0 (Linux; Android 6.0.1; Nexus 5X Build/MMB29P) AppleWebKit/537.36 (KHTML, like Gecko) Chrome/137.0.7151.103 Mobile Safari/537.36 (compatible; Googlebot/2.1; +http://www.google.com/bot.html)"
66.249.79.32 - - [12/Jul/2025:12:20:42 +0000] "GET /?h=25116346011960&mod=3567c93c&uri=pin.php%3Fid%3D838285-877%26name%3Drei+flexlite+macro+chair+review HTTP/1.1" 200 20725 "-" "Mozilla/5.0 (Linux; Android 6.0.1; Nexus 5X Build/MMB29P) AppleWebKit/537.36 (KHTML, like Gecko) Chrome/137.0.7151.103 Mobile Safari/537.36 (compatible; Googlebot/2.1; +http://www.google.com/bot.html)"
66.249.79.32 - - [12/Jul/2025:12:20:49 +0000] "GET /?h=6128045041960&mod=e1029434&uri=product.php%3Fid%3D204636-208%26name%3Dsony+hdr+240 HTTP/1.1" 200 21632 "-" "Mozilla/5.0 (Linux; Android 6.0.1; Nexus 5X Build/MMB29P) AppleWebKit/537.36 (KHTML, like Gecko) Chrome/137.0.7151.103 Mobile Safari/537.36 (compatible; Googlebot/2.1; +http://www.google.com/bot.html)"
66.249.79.32 - - [12/Jul/2025:12:20:51 +0000] "GET /?h=6227041061960&mod=9b425b22&uri=shared.php%3Fid%3D207974-359%26name%3Dnew+balance+801+prata HTTP/1.1" 200 21403 "-" "Mozilla/5.0 (Linux; Android 6.0.1; Nexus 5X Build/MMB29P) AppleWebKit/537.36 (KHTML, like Gecko) Chrome/137.0.7151.103 Mobile Safari/537.36 (compatible; Googlebot/2.1; +http://www.google.com/bot.html)"
66.249.79.32 - - [12/Jul/2025:12:20:52 +0000] "POST /get-message-notify HTTP/1.1" 200 21701 "https://kelaby.company/?h=6128045041960&mod=e1029434&uri=product.php%3Fid%3D204636-208%26name%3Dsony+hdr+240" "Mozilla/5.0 (Linux; Android 6.0.1; Nexus 5X Build/MMB29P) AppleWebKit/537.36 (KHTML, like Gecko) Chrome/137.0.7151.119 Mobile Safari/537.36 (compatible; Googlebot/2.1; +http://www.google.com/bot.html)"
66.249.79.32 - - [12/Jul/2025:12:20:53 +0000] "GET /?h=25234781021960&mod=eede2d28&uri=product.php%3Fid%3D842240-235%26name%3Dversace+vintage+pullover HTTP/1.1" 200 22102 "-" "Mozilla/5.0 (Linux; Android 6.0.1; Nexus 5X Build/MMB29P) AppleWebKit/537.36 (KHTML, like Gecko) Chrome/137.0.7151.103 Mobile Safari/537.36 (compatible; Googlebot/2.1; +http://www.google.com/bot.html)"
209.74.77.214 - - [12/Jul/2025:12:20:57 +0000] "POST /wp-cron.php?doing_wp_cron=1752322857.1507160663604736328125 HTTP/1.1" 200 - "-" "WordPress/6.8.1; https://kelaby.company"
51.222.253.5 - - [12/Jul/2025:12:20:56 +0000] "GET /?h=75240019051960&mod=eaea3841&uri=dp.php%3Fid%3D2510801-1469%26name%3Dpetsafe+receiver HTTP/1.1" 301 - "-" "Mozilla/5.0 (compatible; AhrefsBot/7.0; +http://ahrefs.com/robot/)"
66.249.79.32 - - [12/Jul/2025:12:20:59 +0000] "GET /?h=5951201021960&mod=9293eb98&uri=category-info.php%3Fid%3D198732-344%26name%3Dtimberland+boots+jcpenney HTTP/1.1" 200 21493 "-" "Mozilla/5.0 (Linux; Android 6.0.1; Nexus 5X Build/MMB29P) AppleWebKit/537.36 (KHTML, like Gecko) Chrome/137.0.7151.103 Mobile Safari/537.36 (compatible; Googlebot/2.1; +http://www.google.com/bot.html)"
66.249.79.33 - - [12/Jul/2025:12:21:12 +0000] "GET /?h=6076811091960&mod=c7ced588&uri=blog.php%3Fid%3D202927-349%26name%3Dgourmette+en+or+bebe+garcon HTTP/1.1" 200 22149 "-" "Mozilla/5.0 (Linux; Android 6.0.1; Nexus 5X Build/MMB29P) AppleWebKit/537.36 (KHTML, like Gecko) Chrome/137.0.7151.103 Mobile Safari/537.36 (compatible; Googlebot/2.1; +http://www.google.com/bot.html)"
66.249.79.33 - - [12/Jul/2025:12:21:20 +0000] "POST /get-message-notify HTTP/1.1" 200 21706 "https://kelaby.company/?h=115108877031960&mod=be8e1862&uri=info.php%3Fid%3D3841603-342%26name%3Dsimple+steps+walker" "Mozilla/5.0 (Linux; Android 6.0.1; Nexus 5X Build/MMB29P) AppleWebKit/537.36 (KHTML, like Gecko) Chrome/137.0.7151.119 Mobile Safari/537.36 (compatible; Googlebot/2.1; +http://www.google.com/bot.html)"
66.249.79.32 - - [12/Jul/2025:12:21:34 +0000] "GET /?h=6077441101960&mod=f7efa4f8&uri=products.php%3Fid%3D202948-40%26name%3Dcut+off+tool+milwaukee HTTP/1.1" 200 21258 "-" "Mozilla/5.0 (Linux; Android 6.0.1; Nexus 5X Build/MMB29P) AppleWebKit/537.36 (KHTML, like Gecko) Chrome/137.0.7151.103 Mobile Safari/537.36 (compatible; Googlebot/2.1; +http://www.google.com/bot.html)"
66.249.79.32 - - [12/Jul/2025:12:21:51 +0000] "GET /?h=6088369141960&mod=f7efa4f8&uri=blog.php%3Fid%3D203313-40%26name%3Dyato+cordless+angle+grinder HTTP/1.1" 200 21263 "-" "Mozilla/5.0 (Linux; Android 6.0.1; Nexus 5X Build/MMB29P) AppleWebKit/537.36 (KHTML, like Gecko) Chrome/137.0.7151.103 Mobile Safari/537.36 (compatible; Googlebot/2.1; +http://www.google.com/bot.html)"
66.249.79.32 - - [12/Jul/2025:12:21:57 +0000] "GET /?h=6073571011960&mod=c7ced588&uri=article.php%3Fid%3D202819-349%26name%3Dmedaillon+gravure HTTP/1.1" 200 21928 "-" "Mozilla/5.0 (Linux; Android 6.0.1; Nexus 5X Build/MMB29P) AppleWebKit/537.36 (KHTML, like Gecko) Chrome/137.0.7151.103 Mobile Safari/537.36 (compatible; Googlebot/2.1; +http://www.google.com/bot.html)"
66.249.79.32 - - [12/Jul/2025:12:21:57 +0000] "POST /get-message-notify HTTP/1.1" 200 21687 "https://kelaby.company/?h=6072131031960&mod=c7ced588&uri=shop.php%3Fid%3D202771-349%26name%3Dcollier+m%C3%83%C2%A9daille+personnalisable" "Mozilla/5.0 (Linux; Android 6.0.1; Nexus 5X Build/MMB29P) AppleWebKit/537.36 (KHTML, like Gecko) Chrome/137.0.7151.119 Mobile Safari/537.36 (compatible; Googlebot/2.1; +http://www.google.com/bot.html)"
66.249.79.32 - - [12/Jul/2025:12:22:01 +0000] "POST /get-message-notify HTTP/1.1" 200 21709 "https://kelaby.company/?h=6073571011960&mod=c7ced588&uri=article.php%3Fid%3D202819-349%26name%3Dmedaillon+gravure" "Mozilla/5.0 (Linux; Android 6.0.1; Nexus 5X Build/MMB29P) AppleWebKit/537.36 (KHTML, like Gecko) Chrome/137.0.7151.119 Mobile Safari/537.36 (compatible; Googlebot/2.1; +http://www.google.com/bot.html)"
66.249.79.32 - - [12/Jul/2025:12:22:13 +0000] "GET /?h=6072581061960&mod=c7ced588&uri=pin.php%3Fid%3D202786-349%26name%3Dgravure+photo+pendentif HTTP/1.1" 200 22134 "-" "Mozilla/5.0 (Linux; Android 6.0.1; Nexus 5X Build/MMB29P) AppleWebKit/537.36 (KHTML, like Gecko) Chrome/137.0.7151.103 Mobile Safari/537.36 (compatible; Googlebot/2.1; +http://www.google.com/bot.html)"
66.249.79.32 - - [12/Jul/2025:12:22:16 +0000] "POST /get-message-notify HTTP/1.1" 200 21707 "https://kelaby.company/?h=6088369141960&mod=f7efa4f8&uri=blog.php%3Fid%3D203313-40%26name%3Dyato+cordless+angle+grinder" "Mozilla/5.0 (Linux; Android 6.0.1; Nexus 5X Build/MMB29P) AppleWebKit/537.36 (KHTML, like Gecko) Chrome/137.0.7151.119 Mobile Safari/537.36 (compatible; Googlebot/2.1; +http://www.google.com/bot.html)"
66.249.79.32 - - [12/Jul/2025:12:22:19 +0000] "GET /?h=25116286091960&mod=6f0ab8ae&uri=brands.php%3Fid%3D838283-501%26name%3Dpets+at+home+24+hour+vets HTTP/1.1" 200 22357 "-" "Mozilla/5.0 (Linux; Android 6.0.1; Nexus 5X Build/MMB29P) AppleWebKit/537.36 (KHTML, like Gecko) Chrome/137.0.7151.103 Mobile Safari/537.36 (compatible; Googlebot/2.1; +http://www.google.com/bot.html)"
66.249.79.32 - - [12/Jul/2025:12:22:26 +0000] "POST /get-message-notify HTTP/1.1" 200 21701 "https://kelaby.company/?h=6095237081960&mod=c7ced588&uri=itm.php%3Fid%3D203542-349%26name%3Dcollier+personnalisable+pas+cher" "Mozilla/5.0 (Linux; Android 6.0.1; Nexus 5X Build/MMB29P) AppleWebKit/537.36 (KHTML, like Gecko) Chrome/137.0.7151.119 Mobile Safari/537.36 (compatible; Googlebot/2.1; +http://www.google.com/bot.html)"
66.249.79.32 - - [12/Jul/2025:12:22:28 +0000] "GET /?h=25116586031960&mod=c3f2cd4b&uri=itm.php%3Fid%3D838293-500%26name%3Dmonth+old+sensory+play HTTP/1.1" 200 21849 "-" "Mozilla/5.0 (Linux; Android 6.0.1; Nexus 5X Build/MMB29P) AppleWebKit/537.36 (KHTML, like Gecko) Chrome/137.0.7151.103 Mobile Safari/537.36 (compatible; Googlebot/2.1; +http://www.google.com/bot.html)"
66.249.79.32 - - [12/Jul/2025:12:22:41 +0000] "GET /?h=6114605031960&mod=e1029434&uri=category-info.php%3Fid%3D204188-208%26name%3Dsony+fe+fisheye+lens HTTP/1.1" 200 21928 "-" "Mozilla/5.0 (Linux; Android 6.0.1; Nexus 5X Build/MMB29P) AppleWebKit/537.36 (KHTML, like Gecko) Chrome/137.0.7151.103 Mobile Safari/537.36 (compatible; Googlebot/2.1; +http://www.google.com/bot.html)"
66.249.79.32 - - [12/Jul/2025:12:22:46 +0000] "GET /?h=25230372051960&mod=eede2d28&uri=news.php%3Fid%3D842093-235%26name%3Dmerino+jacken+damen HTTP/1.1" 200 21366 "-" "Mozilla/5.0 (Linux; Android 6.0.1; Nexus 5X Build/MMB29P) AppleWebKit/537.36 (KHTML, like Gecko) Chrome/137.0.7151.103 Mobile Safari/537.36 (compatible; Googlebot/2.1; +http://www.google.com/bot.html)"
66.249.79.32 - - [12/Jul/2025:12:22:48 +0000] "POST /get-message-notify HTTP/1.1" 200 21690 "https://kelaby.company/?h=25230372051960&mod=eede2d28&uri=news.php%3Fid%3D842093-235%26name%3Dmerino+jacken+damen" "Mozilla/5.0 (Linux; Android 6.0.1; Nexus 5X Build/MMB29P) AppleWebKit/537.36 (KHTML, like Gecko) Chrome/137.0.7151.119 Mobile Safari/537.36 (compatible; Googlebot/2.1; +http://www.google.com/bot.html)"
66.249.79.32 - - [12/Jul/2025:12:22:54 +0000] "GET /?h=5947661041960&mod=9293eb98&uri=blog.php%3Fid%3D198614-344%26name%3Dtekkie+town+school+shoes HTTP/1.1" 200 21907 "-" "Mozilla/5.0 (Linux; Android 6.0.1; Nexus 5X Build/MMB29P) AppleWebKit/537.36 (KHTML, like Gecko) Chrome/137.0.7151.103 Mobile Safari/537.36 (compatible; Googlebot/2.1; +http://www.google.com/bot.html)"
66.249.79.32 - - [12/Jul/2025:12:22:56 +0000] "GET /?h=6164073021960&mod=cc13c58b&uri=category-info.php%3Fid%3D205838-358%26name%3Dprenatal+reggiseno+allattamento HTTP/1.1" 200 21113 "-" "Mozilla/5.0 (Linux; Android 6.0.1; Nexus 5X Build/MMB29P) AppleWebKit/537.36 (KHTML, like Gecko) Chrome/137.0.7151.103 Mobile Safari/537.36 (compatible; Googlebot/2.1; +http://www.google.com/bot.html)"
66.249.79.32 - - [12/Jul/2025:12:23:07 +0000] "GET /?h=5948741041960&mod=9293eb98&uri=itm.php%3Fid%3D198650-344%26name%3Dplus+size+shoes+size+12 HTTP/1.1" 200 22168 "-" "Mozilla/5.0 (Linux; Android 6.0.1; Nexus 5X Build/MMB29P) AppleWebKit/537.36 (KHTML, like Gecko) Chrome/137.0.7151.103 Mobile Safari/537.36 (compatible; Googlebot/2.1; +http://www.google.com/bot.html)"
66.249.79.33 - - [12/Jul/2025:12:23:12 +0000] "POST /get-message-notify HTTP/1.1" 200 21710 "https://kelaby.company/?h=5948741041960&mod=9293eb98&uri=itm.php%3Fid%3D198650-344%26name%3Dplus+size+shoes+size+12" "Mozilla/5.0 (Linux; Android 6.0.1; Nexus 5X Build/MMB29P) AppleWebKit/537.36 (KHTML, like Gecko) Chrome/137.0.7151.119 Mobile Safari/537.36 (compatible; Googlebot/2.1; +http://www.google.com/bot.html)"
66.249.79.32 - - [12/Jul/2025:12:23:16 +0000] "POST /get-message-notify HTTP/1.1" 200 21707 "https://kelaby.company/?h=5947661041960&mod=9293eb98&uri=blog.php%3Fid%3D198614-344%26name%3Dtekkie+town+school+shoes" "Mozilla/5.0 (Linux; Android 6.0.1; Nexus 5X Build/MMB29P) AppleWebKit/537.36 (KHTML, like Gecko) Chrome/137.0.7151.119 Mobile Safari/537.36 (compatible; Googlebot/2.1; +http://www.google.com/bot.html)"
66.249.79.32 - - [12/Jul/2025:12:23:16 +0000] "POST /get-message-notify HTTP/1.1" 200 21704 "https://kelaby.company/?h=25116586031960&mod=c3f2cd4b&uri=itm.php%3Fid%3D838293-500%26name%3Dmonth+old+sensory+play" "Mozilla/5.0 (Linux; Android 6.0.1; Nexus 5X Build/MMB29P) AppleWebKit/537.36 (KHTML, like Gecko) Chrome/137.0.7151.119 Mobile Safari/537.36 (compatible; Googlebot/2.1; +http://www.google.com/bot.html)"
66.249.79.32 - - [12/Jul/2025:12:23:29 +0000] "GET /?h=24010461031960&mod=62c1507b&uri=itm.php%3Fid%3D801403-330%26name%3Dpolyform+fender+holder HTTP/1.1" 200 22301 "-" "Mozilla/5.0 (Linux; Android 6.0.1; Nexus 5X Build/MMB29P) AppleWebKit/537.36 (KHTML, like Gecko) Chrome/137.0.7151.103 Mobile Safari/537.36 (compatible; Googlebot/2.1; +http://www.google.com/bot.html)"
66.249.79.32 - - [12/Jul/2025:12:23:35 +0000] "GET /?h=32115384031960&mod=62c1507b&uri=us.php%3Fid%3D1071898-330%26name%3Djapanese+fishing+balls HTTP/1.1" 200 21223 "-" "Mozilla/5.0 (Linux; Android 6.0.1; Nexus 5X Build/MMB29P) AppleWebKit/537.36 (KHTML, like Gecko) Chrome/137.0.7151.103 Mobile Safari/537.36 (compatible; Googlebot/2.1; +http://www.google.com/bot.html)"
66.249.79.32 - - [12/Jul/2025:12:23:54 +0000] "GET /?h=6164193041960&mod=cc13c58b&uri=article.php%3Fid%3D205842-358%26name%3Dreggiseno+uomo HTTP/1.1" 200 21136 "-" "Mozilla/5.0 (Linux; Android 6.0.1; Nexus 5X Build/MMB29P) AppleWebKit/537.36 (KHTML, like Gecko) Chrome/137.0.7151.103 Mobile Safari/537.36 (compatible; Googlebot/2.1; +http://www.google.com/bot.html)"
66.249.79.32 - - [12/Jul/2025:12:23:55 +0000] "GET /?h=5947061141960&mod=9293eb98&uri=info.php%3Fid%3D198594-344%26name%3Dedison+mall+shoe+stores HTTP/1.1" 200 21683 "-" "Mozilla/5.0 (Linux; Android 6.0.1; Nexus 5X Build/MMB29P) AppleWebKit/537.36 (KHTML, like Gecko) Chrome/137.0.7151.103 Mobile Safari/537.36 (compatible; Googlebot/2.1; +http://www.google.com/bot.html)"
66.249.79.32 - - [12/Jul/2025:12:23:55 +0000] "POST /get-message-notify HTTP/1.1" 200 21707 "https://kelaby.company/?h=32115384031960&mod=62c1507b&uri=us.php%3Fid%3D1071898-330%26name%3Djapanese+fishing+balls" "Mozilla/5.0 (Linux; Android 6.0.1; Nexus 5X Build/MMB29P) AppleWebKit/537.36 (KHTML, like Gecko) Chrome/137.0.7151.119 Mobile Safari/537.36 (compatible; Googlebot/2.1; +http://www.google.com/bot.html)"
66.249.79.33 - - [12/Jul/2025:12:24:01 +0000] "GET /?h=6124895031960&mod=e1029434&uri=blog.php%3Fid%3D204531-208%26name%3D8mm+camcorder+head+cleaning+tape HTTP/1.1" 200 21099 "-" "Mozilla/5.0 (Linux; Android 6.0.1; Nexus 5X Build/MMB29P) AppleWebKit/537.36 (KHTML, like Gecko) Chrome/137.0.7151.103 Mobile Safari/537.36 (compatible; Googlebot/2.1; +http://www.google.com/bot.html)"
151.177.180.31 - - [12/Jul/2025:12:24:08 +0000] "GET /wp-login.php HTTP/1.1" 200 2014 "http://kelaby.company/wp-login.php" "Mozilla/5.0 (Windows NT 10.0; Win64; x64; rv:137.0) Gecko/20100101 Firefox/137.0"
151.177.180.31 - - [12/Jul/2025:12:24:09 +0000] "GET /wp-json/wp/v2/users HTTP/1.1" 200 428 "http://kelaby.company/wp-login.php" "Mozilla/5.0 (Windows NT 10.0; Win64; x64; rv:137.0) Gecko/20100101 Firefox/137.0"
151.177.180.31 - - [12/Jul/2025:12:24:10 +0000] "POST /wp-login.php HTTP/1.1" 200 2136 "https://kelaby.company/wp-login.php?redirect_to=https%3A%2F%2Fkelaby.company%2Fwp-admin%2F" "Mozilla/5.0 (Windows NT 10.0; Win64; x64; rv:137.0) Gecko/20100101 Firefox/137.0"
66.249.79.32 - - [12/Jul/2025:12:24:12 +0000] "GET /?h=6080829041960&mod=f7efa4f8&uri=us.php%3Fid%3D203061-40%26name%3Dstihl+battery+weed+eater+amazon HTTP/1.1" 200 22032 "-" "Mozilla/5.0 (Linux; Android 6.0.1; Nexus 5X Build/MMB29P) AppleWebKit/537.36 (KHTML, like Gecko) Chrome/137.0.7151.103 Mobile Safari/537.36 (compatible; Googlebot/2.1; +http://www.google.com/bot.html)"
151.177.180.31 - - [12/Jul/2025:12:24:12 +0000] "POST /wp-login.php HTTP/1.1" 200 2163 "https://kelaby.company/wp-login.php?redirect_to=https%3A%2F%2Fkelaby.company%2Fwp-admin%2F" "Mozilla/5.0 (Windows NT 10.0; Win64; x64; rv:137.0) Gecko/20100101 Firefox/137.0"
51.222.253.9 - - [12/Jul/2025:12:24:24 +0000] "GET /wp-sitemap.xml HTTP/1.1" 200 66981 "-" "Mozilla/5.0 (compatible; AhrefsBot/7.0; +http://ahrefs.com/robot/)"
66.249.79.37 - - [12/Jul/2025:12:24:32 +0000] "GET /?h=6072221061960&mod=c7ced588&uri=category-info.php%3Fid%3D202774-349%26name%3Dpendentif+lettre+k+argent HTTP/1.1" 200 21535 "-" "Mozilla/5.0 (Linux; Android 6.0.1; Nexus 5X Build/MMB29P) AppleWebKit/537.36 (KHTML, like Gecko) Chrome/137.0.7151.103 Mobile Safari/537.36 (compatible; Googlebot/2.1; +http://www.google.com/bot.html)"
66.249.79.37 - - [12/Jul/2025:12:24:42 +0000] "POST /get-message-notify HTTP/1.1" 200 21704 "https://kelaby.company/?h=6072221061960&mod=c7ced588&uri=category-info.php%3Fid%3D202774-349%26name%3Dpendentif+lettre+k+argent" "Mozilla/5.0 (Linux; Android 6.0.1; Nexus 5X Build/MMB29P) AppleWebKit/537.36 (KHTML, like Gecko) Chrome/137.0.7151.119 Mobile Safari/537.36 (compatible; Googlebot/2.1; +http://www.google.com/bot.html)"
66.249.79.37 - - [12/Jul/2025:12:24:43 +0000] "GET /?h=6135035051960&mod=e1029434&uri=blog.php%3Fid%3D204869-208%26name%3Dfuji+instax+mini+film+near+me HTTP/1.1" 200 22339 "-" "Mozilla/5.0 (Linux; Android 6.0.1; Nexus 5X Build/MMB29P) AppleWebKit/537.36 (KHTML, like Gecko) Chrome/137.0.7151.103 Mobile Safari/537.36 (compatible; Googlebot/2.1; +http://www.google.com/bot.html)"
66.249.79.37 - - [12/Jul/2025:12:24:43 +0000] "GET /?h=6133295011960&mod=e1029434&uri=goods.php%3Fid%3D204811-208%26name%3Dinstax+mini+release+date HTTP/1.1" 200 20887 "-" "Mozilla/5.0 (Linux; Android 6.0.1; Nexus 5X Build/MMB29P) AppleWebKit/537.36 (KHTML, like Gecko) Chrome/137.0.7151.103 Mobile Safari/537.36 (compatible; Googlebot/2.1; +http://www.google.com/bot.html)"
66.249.79.37 - - [12/Jul/2025:12:24:47 +0000] "POST /get-message-notify HTTP/1.1" 200 21699 "https://kelaby.company/?h=6133295011960&mod=e1029434&uri=goods.php%3Fid%3D204811-208%26name%3Dinstax+mini+release+date" "Mozilla/5.0 (Linux; Android 6.0.1; Nexus 5X Build/MMB29P) AppleWebKit/537.36 (KHTML, like Gecko) Chrome/137.0.7151.119 Mobile Safari/537.36 (compatible; Googlebot/2.1; +http://www.google.com/bot.html)"
66.249.79.32 - - [12/Jul/2025:12:25:01 +0000] "GET /?h=5915411081960&mod=be8e1862&uri=blog.php%3Fid%3D197539-342%26name%3Dfisher+price+cmr07 HTTP/1.1" 200 21520 "-" "Mozilla/5.0 (Linux; Android 6.0.1; Nexus 5X Build/MMB29P) AppleWebKit/537.36 (KHTML, like Gecko) Chrome/137.0.7151.103 Mobile Safari/537.36 (compatible; Googlebot/2.1; +http://www.google.com/bot.html)"
66.249.79.37 - - [12/Jul/2025:12:25:06 +0000] "GET /?h=6075641041960&mod=c7ced588&uri=info.php%3Fid%3D202888-349%26name%3Dcollier+saphir+or+blanc HTTP/1.1" 200 22422 "-" "Mozilla/5.0 (Linux; Android 6.0.1; Nexus 5X Build/MMB29P) AppleWebKit/537.36 (KHTML, like Gecko) Chrome/137.0.7151.103 Mobile Safari/537.36 (compatible; Googlebot/2.1; +http://www.google.com/bot.html)"
66.249.79.32 - - [12/Jul/2025:12:25:09 +0000] "POST /get-message-notify HTTP/1.1" 200 21699 "https://kelaby.company/?h=6075641041960&mod=c7ced588&uri=info.php%3Fid%3D202888-349%26name%3Dcollier+saphir+or+blanc" "Mozilla/5.0 (Linux; Android 6.0.1; Nexus 5X Build/MMB29P) AppleWebKit/537.36 (KHTML, like Gecko) Chrome/137.0.7151.119 Mobile Safari/537.36 (compatible; Googlebot/2.1; +http://www.google.com/bot.html)"
66.249.79.37 - - [12/Jul/2025:12:25:24 +0000] "GET /?h=6129515051960&mod=e1029434&uri=article.php%3Fid%3D204685-208%26name%3Dsony+handycam+mini+dv+camcorder HTTP/1.1" 200 20789 "-" "Mozilla/5.0 (Linux; Android 6.0.1; Nexus 5X Build/MMB29P) AppleWebKit/537.36 (KHTML, like Gecko) Chrome/137.0.7151.103 Mobile Safari/537.36 (compatible; Googlebot/2.1; +http://www.google.com/bot.html)"
66.249.79.37 - - [12/Jul/2025:12:25:30 +0000] "GET /?h=6082029051960&mod=c7ced588&uri=blog.php%3Fid%3D203101-349%26name%3Dbracelet+avec+charms+pas+cher HTTP/1.1" 200 21608 "-" "Mozilla/5.0 (Linux; Android 6.0.1; Nexus 5X Build/MMB29P) AppleWebKit/537.36 (KHTML, like Gecko) Chrome/137.0.7151.103 Mobile Safari/537.36 (compatible; Googlebot/2.1; +http://www.google.com/bot.html)"
66.249.79.37 - - [12/Jul/2025:12:25:49 +0000] "GET /?h=5918381031960&mod=09018a5a&uri=pin.php%3Fid%3D197638-343%26name%3Dtarget+white+coffee+table HTTP/1.1" 200 21210 "-" "Mozilla/5.0 (Linux; Android 6.0.1; Nexus 5X Build/MMB29P) AppleWebKit/537.36 (KHTML, like Gecko) Chrome/137.0.7151.103 Mobile Safari/537.36 (compatible; Googlebot/2.1; +http://www.google.com/bot.html)"
66.249.79.37 - - [12/Jul/2025:12:25:53 +0000] "POST /get-message-notify HTTP/1.1" 200 21705 "https://kelaby.company/?h=5918381031960&mod=09018a5a&uri=pin.php%3Fid%3D197638-343%26name%3Dtarget+white+coffee+table" "Mozilla/5.0 (Linux; Android 6.0.1; Nexus 5X Build/MMB29P) AppleWebKit/537.36 (KHTML, like Gecko) Chrome/137.0.7151.119 Mobile Safari/537.36 (compatible; Googlebot/2.1; +http://www.google.com/bot.html)"
66.249.79.37 - - [12/Jul/2025:12:25:55 +0000] "GET /?h=6071591051960&mod=c7ced588&uri=pin.php%3Fid%3D202753-349%26name%3Dcollier+militaire+plaque HTTP/1.1" 200 22152 "-" "Mozilla/5.0 (Linux; Android 6.0.1; Nexus 5X Build/MMB29P) AppleWebKit/537.36 (KHTML, like Gecko) Chrome/137.0.7151.103 Mobile Safari/537.36 (compatible; Googlebot/2.1; +http://www.google.com/bot.html)"
66.249.79.37 - - [12/Jul/2025:12:26:05 +0000] "GET /?h=6086089011960&mod=f7efa4f8&uri=news.php%3Fid%3D203237-40%26name%3Dfsa+45+stihl+amazon HTTP/1.1" 200 22099 "-" "Mozilla/5.0 (Linux; Android 6.0.1; Nexus 5X Build/MMB29P) AppleWebKit/537.36 (KHTML, like Gecko) Chrome/137.0.7151.103 Mobile Safari/537.36 (compatible; Googlebot/2.1; +http://www.google.com/bot.html)"
66.249.79.37 - - [12/Jul/2025:12:26:18 +0000] "GET /?h=25115986091960&mod=3567c93c&uri=products.php%3Fid%3D838273-877%26name%3Dairbag+beach+lounger HTTP/1.1" 200 20765 "-" "Mozilla/5.0 (Linux; Android 6.0.1; Nexus 5X Build/MMB29P) AppleWebKit/537.36 (KHTML, like Gecko) Chrome/137.0.7151.103 Mobile Safari/537.36 (compatible; Googlebot/2.1; +http://www.google.com/bot.html)"
66.249.79.37 - - [12/Jul/2025:12:26:22 +0000] "GET /?h=6402686021960&mod=3820fccb&uri=product.php%3Fid%3D213852-183%26name%3Dsplendor+pro+new+model+visor HTTP/1.1" 200 20764 "-" "Mozilla/5.0 (Linux; Android 6.0.1; Nexus 5X Build/MMB29P) AppleWebKit/537.36 (KHTML, like Gecko) Chrome/137.0.7151.103 Mobile Safari/537.36 (compatible; Googlebot/2.1; +http://www.google.com/bot.html)"
66.249.79.37 - - [12/Jul/2025:12:26:31 +0000] "GET /?h=6072941021960&mod=c7ced588&uri=blog.php%3Fid%3D202798-349%26name%3Dcollier+chanel+or HTTP/1.1" 200 22084 "-" "Mozilla/5.0 (Linux; Android 6.0.1; Nexus 5X Build/MMB29P) AppleWebKit/537.36 (KHTML, like Gecko) Chrome/137.0.7151.103 Mobile Safari/537.36 (compatible; Googlebot/2.1; +http://www.google.com/bot.html)"
66.249.79.37 - - [12/Jul/2025:12:26:43 +0000] "GET /?h=25114786031960&mod=3567c93c&uri=us.php%3Fid%3D838233-877%26name%3Dbeach+chairs+nearby HTTP/1.1" 200 21199 "-" "Mozilla/5.0 (Linux; Android 6.0.1; Nexus 5X Build/MMB29P) AppleWebKit/537.36 (KHTML, like Gecko) Chrome/137.0.7151.103 Mobile Safari/537.36 (compatible; Googlebot/2.1; +http://www.google.com/bot.html)"
66.249.79.37 - - [12/Jul/2025:12:26:52 +0000] "POST /get-message-notify HTTP/1.1" 200 21711 "https://kelaby.company/?h=25114786031960&mod=3567c93c&uri=us.php%3Fid%3D838233-877%26name%3Dbeach+chairs+nearby" "Mozilla/5.0 (Linux; Android 6.0.1; Nexus 5X Build/MMB29P) AppleWebKit/537.36 (KHTML, like Gecko) Chrome/137.0.7151.119 Mobile Safari/537.36 (compatible; Googlebot/2.1; +http://www.google.com/bot.html)"
66.249.79.37 - - [12/Jul/2025:12:26:56 +0000] "GET /?h=6156695011960&mod=c5e24739&uri=product.php%3Fid%3D205591-351%26name%3Dsandro+basket+femme+scratch HTTP/1.1" 200 21527 "-" "Mozilla/5.0 (Linux; Android 6.0.1; Nexus 5X Build/MMB29P) AppleWebKit/537.36 (KHTML, like Gecko) Chrome/137.0.7151.103 Mobile Safari/537.36 (compatible; Googlebot/2.1; +http://www.google.com/bot.html)"
66.249.79.32 - - [12/Jul/2025:12:27:09 +0000] "GET /?h=6247939041960&mod=9b425b22&uri=goods.php%3Fid%3D208684-359%26name%3Dt%C3%83%C2%AAnis+new+balance+801+preto HTTP/1.1" 200 21993 "-" "Mozilla/5.0 (Linux; Android 6.0.1; Nexus 5X Build/MMB29P) AppleWebKit/537.36 (KHTML, like Gecko) Chrome/137.0.7151.103 Mobile Safari/537.36 (compatible; Googlebot/2.1; +http://www.google.com/bot.html)"
66.249.79.37 - - [12/Jul/2025:12:27:32 +0000] "GET /?h=88585205071960&mod=c5e24739&uri=us.php%3Fid%3D2956225-351%26name%3Dsneakers+day+courir+date HTTP/1.1" 200 20629 "-" "Mozilla/5.0 (Linux; Android 6.0.1; Nexus 5X Build/MMB29P) AppleWebKit/537.36 (KHTML, like Gecko) Chrome/137.0.7151.103 Mobile Safari/537.36 (compatible; Googlebot/2.1; +http://www.google.com/bot.html)"
66.249.79.37 - - [12/Jul/2025:12:27:38 +0000] "GET /?h=6071501021960&mod=c7ced588&uri=article.php%3Fid%3D202750-349%26name%3Dcroix+orthodoxe+serbe+pendentif HTTP/1.1" 200 22009 "-" "Mozilla/5.0 (Linux; Android 6.0.1; Nexus 5X Build/MMB29P) AppleWebKit/537.36 (KHTML, like Gecko) Chrome/137.0.7151.103 Mobile Safari/537.36 (compatible; Googlebot/2.1; +http://www.google.com/bot.html)"
66.249.79.37 - - [12/Jul/2025:12:27:45 +0000] "POST /get-message-notify HTTP/1.1" 200 21711 "https://kelaby.company/?h=6071501021960&mod=c7ced588&uri=article.php%3Fid%3D202750-349%26name%3Dcroix+orthodoxe+serbe+pendentif" "Mozilla/5.0 (Linux; Android 6.0.1; Nexus 5X Build/MMB29P) AppleWebKit/537.36 (KHTML, like Gecko) Chrome/137.0.7151.119 Mobile Safari/537.36 (compatible; Googlebot/2.1; +http://www.google.com/bot.html)"
66.249.79.37 - - [12/Jul/2025:12:27:57 +0000] "GET /?h=6081309051960&mod=f7efa4f8&uri=us.php%3Fid%3D203077-40%26name%3Dmakita+td022dse+v HTTP/1.1" 200 22107 "-" "Mozilla/5.0 (Linux; Android 6.0.1; Nexus 5X Build/MMB29P) AppleWebKit/537.36 (KHTML, like Gecko) Chrome/137.0.7151.103 Mobile Safari/537.36 (compatible; Googlebot/2.1; +http://www.google.com/bot.html)"
66.249.79.33 - - [12/Jul/2025:12:28:04 +0000] "GET /?h=6085249051960&mod=c7ced588&uri=goods.php%3Fid%3D203209-349%26name%3Dchaine+cable+or HTTP/1.1" 200 21146 "-" "Mozilla/5.0 (Linux; Android 6.0.1; Nexus 5X Build/MMB29P) AppleWebKit/537.36 (KHTML, like Gecko) Chrome/137.0.7151.103 Mobile Safari/537.36 (compatible; Googlebot/2.1; +http://www.google.com/bot.html)"
66.249.79.32 - - [12/Jul/2025:12:28:13 +0000] "GET /?h=6254197041960&mod=a98bf9c1&uri=shared.php%3Fid%3D208894-117%26name%3Drelojes+festina+mujer+rebajas HTTP/1.1" 200 21772 "-" "Mozilla/5.0 (Linux; Android 6.0.1; Nexus 5X Build/MMB29P) AppleWebKit/537.36 (KHTML, like Gecko) Chrome/137.0.7151.103 Mobile Safari/537.36 (compatible; Googlebot/2.1; +http://www.google.com/bot.html)"
66.249.79.37 - - [12/Jul/2025:12:28:25 +0000] "GET /?h=6092899001960&mod=f7efa4f8&uri=dp.php%3Fid%3D203464-40%26name%3Dmakita+rattle+gun+skin HTTP/1.1" 200 22628 "-" "Mozilla/5.0 (Linux; Android 6.0.1; Nexus 5X Build/MMB29P) AppleWebKit/537.36 (KHTML, like Gecko) Chrome/137.0.7151.103 Mobile Safari/537.36 (compatible; Googlebot/2.1; +http://www.google.com/bot.html)"
66.249.79.37 - - [12/Jul/2025:12:28:31 +0000] "POST /get-message-notify HTTP/1.1" 200 21708 "https://kelaby.company/?h=6092899001960&mod=f7efa4f8&uri=dp.php%3Fid%3D203464-40%26name%3Dmakita+rattle+gun+skin" "Mozilla/5.0 (Linux; Android 6.0.1; Nexus 5X Build/MMB29P) AppleWebKit/537.36 (KHTML, like Gecko) Chrome/137.0.7151.119 Mobile Safari/537.36 (compatible; Googlebot/2.1; +http://www.google.com/bot.html)"
66.249.79.37 - - [12/Jul/2025:12:28:36 +0000] "GET /?h=5089927021960&mod=32776512&uri=blog.php%3Fid%3D169920-309%26name%3Dasrock+b365+pro4+atx+lga1151+motherboard HTTP/1.1" 200 21944 "-" "Mozilla/5.0 (Linux; Android 6.0.1; Nexus 5X Build/MMB29P) AppleWebKit/537.36 (KHTML, like Gecko) Chrome/137.0.7151.103 Mobile Safari/537.36 (compatible; Googlebot/2.1; +http://www.google.com/bot.html)"
66.249.79.37 - - [12/Jul/2025:12:28:58 +0000] "GET /?h=6139595011960&mod=e1029434&uri=shared.php%3Fid%3D205021-208%26name%3Dinstax+film+mini+7s HTTP/1.1" 200 21479 "-" "Mozilla/5.0 (Linux; Android 6.0.1; Nexus 5X Build/MMB29P) AppleWebKit/537.36 (KHTML, like Gecko) Chrome/137.0.7151.103 Mobile Safari/537.36 (compatible; Googlebot/2.1; +http://www.google.com/bot.html)"
66.249.79.37 - - [12/Jul/2025:12:29:04 +0000] "GET /?h=25082552051960&mod=62c1507b&uri=shop.php%3Fid%3D837158-330%26name%3Dgenteq+5sme44jg2006d HTTP/1.1" 200 21719 "-" "Mozilla/5.0 (Linux; Android 6.0.1; Nexus 5X Build/MMB29P) AppleWebKit/537.36 (KHTML, like Gecko) Chrome/137.0.7151.103 Mobile Safari/537.36 (compatible; Googlebot/2.1; +http://www.google.com/bot.html)"
66.249.79.32 - - [12/Jul/2025:12:29:11 +0000] "GET /?h=6065697001960&mod=c7ced588&uri=search.php%3Fid%3D202556-349%26name%3Dchaine+noircie HTTP/1.1" 200 22493 "-" "Mozilla/5.0 (Linux; Android 6.0.1; Nexus 5X Build/MMB29P) AppleWebKit/537.36 (KHTML, like Gecko) Chrome/137.0.7151.103 Mobile Safari/537.36 (compatible; Googlebot/2.1; +http://www.google.com/bot.html)"
66.249.79.37 - - [12/Jul/2025:12:29:17 +0000] "GET /?h=6076901021960&mod=c7ced588&uri=news.php%3Fid%3D202930-349%26name%3Dbellini+joaillier+horloger+diamantaire HTTP/1.1" 200 21297 "-" "Mozilla/5.0 (Linux; Android 6.0.1; Nexus 5X Build/MMB29P) AppleWebKit/537.36 (KHTML, like Gecko) Chrome/137.0.7151.103 Mobile Safari/537.36 (compatible; Googlebot/2.1; +http://www.google.com/bot.html)"
66.249.79.37 - - [12/Jul/2025:12:29:30 +0000] "GET /?h=6105485041960&mod=f7efa4f8&uri=blog.php%3Fid%3D203884-40%26name%3Dozito+18v+battery+nz HTTP/1.1" 200 22458 "-" "Mozilla/5.0 (Linux; Android 6.0.1; Nexus 5X Build/MMB29P) AppleWebKit/537.36 (KHTML, like Gecko) Chrome/137.0.7151.103 Mobile Safari/537.36 (compatible; Googlebot/2.1; +http://www.google.com/bot.html)"
