66.249.79.37 - - [12/Jul/2025:18:42:22 +0000] "GET /?h=5922641131960&mod=09018a5a&uri=shop.php%3Fid%3D197780-343%26name%3Ddining+chair+slipcovers+target HTTP/1.1" 200 20958 "-" "Mozilla/5.0 (Linux; Android 6.0.1; Nexus 5X Build/MMB29P) AppleWebKit/537.36 (KHTML, like Gecko) Chrome/137.0.7151.103 Mobile Safari/537.36 (compatible; Googlebot/2.1; +http://www.google.com/bot.html)"
66.249.79.37 - - [12/Jul/2025:18:42:25 +0000] "GET /?h=5926601001960&mod=be8e1862&uri=shop.php%3Fid%3D197912-342%26name%3Dingenuity+rocker+recall HTTP/1.1" 200 21163 "-" "Mozilla/5.0 (Linux; Android 6.0.1; Nexus 5X Build/MMB29P) AppleWebKit/537.36 (KHTML, like Gecko) Chrome/137.0.7151.103 Mobile Safari/537.36 (compatible; Googlebot/2.1; +http://www.google.com/bot.html)"
66.249.79.37 - - [12/Jul/2025:18:42:29 +0000] "GET /?h=5921831011960&mod=be8e1862&uri=article.php%3Fid%3D197753-342%26name%3Dmamas+and+papas+wave+rocker+review HTTP/1.1" 200 21838 "-" "Mozilla/5.0 (Linux; Android 6.0.1; Nexus 5X Build/MMB29P) AppleWebKit/537.36 (KHTML, like Gecko) Chrome/137.0.7151.103 Mobile Safari/537.36 (compatible; Googlebot/2.1; +http://www.google.com/bot.html)"
66.249.79.37 - - [12/Jul/2025:18:42:34 +0000] "GET /?h=5921741041960&mod=be8e1862&uri=article.php%3Fid%3D197750-342%26name%3Dgraco+move+with+me+soother+bouncer HTTP/1.1" 200 21665 "-" "Mozilla/5.0 (Linux; Android 6.0.1; Nexus 5X Build/MMB29P) AppleWebKit/537.36 (KHTML, like Gecko) Chrome/137.0.7151.103 Mobile Safari/537.36 (compatible; Googlebot/2.1; +http://www.google.com/bot.html)"
66.249.79.37 - - [12/Jul/2025:18:42:32 +0000] "GET /?h=37309901031960&mod=47093d80&uri=shop.php%3Fid%3D1245245-1115%26name%3Dcasio+2100+mod HTTP/1.1" 200 20728 "-" "Mozilla/5.0 (Linux; Android 6.0.1; Nexus 5X Build/MMB29P) AppleWebKit/537.36 (KHTML, like Gecko) Chrome/137.0.7151.103 Mobile Safari/537.36 (compatible; Googlebot/2.1; +http://www.google.com/bot.html)"
66.249.79.37 - - [12/Jul/2025:18:42:37 +0000] "GET /?h=90310145031960&mod=62c1507b&uri=product.php%3Fid%3D3013785-330%26name%3Dlorentz+psk2 HTTP/1.1" 200 22322 "-" "Mozilla/5.0 (Linux; Android 6.0.1; Nexus 5X Build/MMB29P) AppleWebKit/537.36 (KHTML, like Gecko) Chrome/137.0.7151.103 Mobile Safari/537.36 (compatible; Googlebot/2.1; +http://www.google.com/bot.html)"
66.249.79.37 - - [12/Jul/2025:18:42:37 +0000] "GET /?h=6073841001960&mod=c7ced588&uri=search.php%3Fid%3D202828-349%26name%3Dcollier+pas+cher+amazon HTTP/1.1" 200 21547 "-" "Mozilla/5.0 (Linux; Android 6.0.1; Nexus 5X Build/MMB29P) AppleWebKit/537.36 (KHTML, like Gecko) Chrome/137.0.7151.103 Mobile Safari/537.36 (compatible; Googlebot/2.1; +http://www.google.com/bot.html)"
66.249.79.37 - - [12/Jul/2025:18:42:37 +0000] "GET /?h=6150395031960&mod=b31ff1b3&uri=blog.php%3Fid%3D205381-352%26name%3Dpharrell+williams+adidas+gris HTTP/1.1" 200 21174 "-" "Mozilla/5.0 (Linux; Android 6.0.1; Nexus 5X Build/MMB29P) AppleWebKit/537.36 (KHTML, like Gecko) Chrome/137.0.7151.103 Mobile Safari/537.36 (compatible; Googlebot/2.1; +http://www.google.com/bot.html)"
66.249.79.37 - - [12/Jul/2025:18:43:04 +0000] "GET /?h=5923271041960&mod=09018a5a&uri=article.php%3Fid%3D197801-343%26name%3Droom+essentials+tv+stand HTTP/1.1" 200 21769 "-" "Mozilla/5.0 (Linux; Android 6.0.1; Nexus 5X Build/MMB29P) AppleWebKit/537.36 (KHTML, like Gecko) Chrome/137.0.7151.103 Mobile Safari/537.36 (compatible; Googlebot/2.1; +http://www.google.com/bot.html)"
66.249.79.37 - - [12/Jul/2025:18:43:23 +0000] "GET /?h=5922821041960&mod=be8e1862&uri=products.php%3Fid%3D197786-342%26name%3Djoie+sansa+petite+city+lounger+review HTTP/1.1" 200 21193 "-" "Mozilla/5.0 (Linux; Android 6.0.1; Nexus 5X Build/MMB29P) AppleWebKit/537.36 (KHTML, like Gecko) Chrome/137.0.7151.103 Mobile Safari/537.36 (compatible; Googlebot/2.1; +http://www.google.com/bot.html)"
66.249.79.37 - - [12/Jul/2025:18:43:33 +0000] "GET /?h=28006921051960&mod=7530b57b&uri=brands.php%3Fid%3D934745-341%26name%3Dray+ban+hexagonal+dorado HTTP/1.1" 200 22092 "-" "Mozilla/5.0 (Linux; Android 6.0.1; Nexus 5X Build/MMB29P) AppleWebKit/537.36 (KHTML, like Gecko) Chrome/137.0.7151.103 Mobile Safari/537.36 (compatible; Googlebot/2.1; +http://www.google.com/bot.html)"
66.249.79.37 - - [12/Jul/2025:18:43:44 +0000] "GET /?h=5874378031960&mod=7530b57b&uri=article.php%3Fid%3D196170-341%26name%3Dray+ban+aviator+espejo+hombre HTTP/1.1" 200 22268 "-" "Mozilla/5.0 (Linux; Android 6.0.1; Nexus 5X Build/MMB29P) AppleWebKit/537.36 (KHTML, like Gecko) Chrome/137.0.7151.103 Mobile Safari/537.36 (compatible; Googlebot/2.1; +http://www.google.com/bot.html)"
66.249.79.232 - - [12/Jul/2025:18:43:44 +0000] "GET /?h=5823229111960&mod=9bbcf8c9&uri=article.php%3Fid%3D194462-336%26name%3Dcoffa+siciliana+vendita HTTP/1.1" 200 21720 "-" "Mozilla/5.0 (Linux; Android 6.0.1; Nexus 5X Build/MMB29P) AppleWebKit/537.36 (KHTML, like Gecko) Chrome/137.0.7151.103 Mobile Safari/537.36 (compatible; Googlebot/2.1; +http://www.google.com/bot.html)"
66.249.79.37 - - [12/Jul/2025:18:43:54 +0000] "GET /?h=5873418021960&mod=7530b57b&uri=product.php%3Fid%3D196138-341%26name%3Drayban+wayfarer+grandes HTTP/1.1" 200 22113 "-" "Mozilla/5.0 (Linux; Android 6.0.1; Nexus 5X Build/MMB29P) AppleWebKit/537.36 (KHTML, like Gecko) Chrome/137.0.7151.103 Mobile Safari/537.36 (compatible; Googlebot/2.1; +http://www.google.com/bot.html)"
66.249.79.37 - - [12/Jul/2025:18:43:57 +0000] "POST /get-message-notify HTTP/1.1" 200 21702 "https://kelaby.company/?h=5873418021960&mod=7530b57b&uri=product.php%3Fid%3D196138-341%26name%3Drayban+wayfarer+grandes" "Mozilla/5.0 (Linux; Android 6.0.1; Nexus 5X Build/MMB29P) AppleWebKit/537.36 (KHTML, like Gecko) Chrome/137.0.7151.119 Mobile Safari/537.36 (compatible; Googlebot/2.1; +http://www.google.com/bot.html)"
66.249.79.32 - - [12/Jul/2025:18:44:04 +0000] "GET /?h=5874258041960&mod=7530b57b&uri=blog.php%3Fid%3D196166-341%26name%3Danatom%C3%83%C2%ADa+para+quiromasaje+pdf HTTP/1.1" 200 22827 "-" "Mozilla/5.0 (Linux; Android 6.0.1; Nexus 5X Build/MMB29P) AppleWebKit/537.36 (KHTML, like Gecko) Chrome/137.0.7151.103 Mobile Safari/537.36 (compatible; Googlebot/2.1; +http://www.google.com/bot.html)"
66.249.79.32 - - [12/Jul/2025:18:44:13 +0000] "GET /?h=5872758041960&mod=7530b57b&uri=dp.php%3Fid%3D196116-341%26name%3Dgafas+parecidas+a+ray+ban HTTP/1.1" 200 22077 "-" "Mozilla/5.0 (Linux; Android 6.0.1; Nexus 5X Build/MMB29P) AppleWebKit/537.36 (KHTML, like Gecko) Chrome/137.0.7151.103 Mobile Safari/537.36 (compatible; Googlebot/2.1; +http://www.google.com/bot.html)"
66.249.79.32 - - [12/Jul/2025:18:44:23 +0000] "GET /?h=5873658041960&mod=7530b57b&uri=category-info.php%3Fid%3D196146-341%26name%3Dvasos+postre+vidrio HTTP/1.1" 200 22057 "-" "Mozilla/5.0 (Linux; Android 6.0.1; Nexus 5X Build/MMB29P) AppleWebKit/537.36 (KHTML, like Gecko) Chrome/137.0.7151.103 Mobile Safari/537.36 (compatible; Googlebot/2.1; +http://www.google.com/bot.html)"
66.249.79.32 - - [12/Jul/2025:18:44:32 +0000] "GET /?h=5873448021960&mod=7530b57b&uri=products.php%3Fid%3D196139-341%26name%3Dexprimidor+de+naranja+electrico+industrial HTTP/1.1" 200 22195 "-" "Mozilla/5.0 (Linux; Android 6.0.1; Nexus 5X Build/MMB29P) AppleWebKit/537.36 (KHTML, like Gecko) Chrome/137.0.7151.103 Mobile Safari/537.36 (compatible; Googlebot/2.1; +http://www.google.com/bot.html)"
66.249.79.233 - - [12/Jul/2025:18:44:32 +0000] "GET /?h=36356950021960&mod=4b3da53a&uri=pin.php%3Fid%3D1213440-308%26name%3Dmens+pj+gown HTTP/1.1" 200 21799 "-" "Mozilla/5.0 (Linux; Android 6.0.1; Nexus 5X Build/MMB29P) AppleWebKit/537.36 (KHTML, like Gecko) Chrome/137.0.7151.103 Mobile Safari/537.36 (compatible; Googlebot/2.1; +http://www.google.com/bot.html)"
209.74.77.214 - - [12/Jul/2025:18:44:39 +0000] "POST /wp-cron.php?doing_wp_cron=1752345879.2030150890350341796875 HTTP/1.1" 200 - "-" "WordPress/6.8.1; https://kelaby.company"
51.222.253.5 - - [12/Jul/2025:18:44:39 +0000] "GET /?h=50097044021960&mod=8db28457&uri=goods.php%3Fid%3D1671825-1032%26name%3Dlaser+autofocus+sensor HTTP/1.1" 301 - "-" "Mozilla/5.0 (compatible; AhrefsBot/7.0; +http://ahrefs.com/robot/)"
66.249.79.32 - - [12/Jul/2025:18:44:42 +0000] "GET /?h=5873178081960&mod=7530b57b&uri=itm.php%3Fid%3D196130-341%26name%3Dmasaje+transverso+profundo+fascitis+plantar HTTP/1.1" 200 21256 "-" "Mozilla/5.0 (Linux; Android 6.0.1; Nexus 5X Build/MMB29P) AppleWebKit/537.36 (KHTML, like Gecko) Chrome/137.0.7151.103 Mobile Safari/537.36 (compatible; Googlebot/2.1; +http://www.google.com/bot.html)"
66.249.79.32 - - [12/Jul/2025:18:44:50 +0000] "POST /get-message-notify HTTP/1.1" 200 21695 "https://kelaby.company/?h=5873178081960&mod=7530b57b&uri=itm.php%3Fid%3D196130-341%26name%3Dmasaje+transverso+profundo+fascitis+plantar" "Mozilla/5.0 (Linux; Android 6.0.1; Nexus 5X Build/MMB29P) AppleWebKit/537.36 (KHTML, like Gecko) Chrome/137.0.7151.119 Mobile Safari/537.36 (compatible; Googlebot/2.1; +http://www.google.com/bot.html)"
66.249.79.32 - - [12/Jul/2025:18:44:52 +0000] "GET /?h=5873208031960&mod=7530b57b&uri=brands.php%3Fid%3D196131-341%26name%3Dlentes+oftalmicos+mujer+gucci HTTP/1.1" 200 22092 "-" "Mozilla/5.0 (Linux; Android 6.0.1; Nexus 5X Build/MMB29P) AppleWebKit/537.36 (KHTML, like Gecko) Chrome/137.0.7151.103 Mobile Safari/537.36 (compatible; Googlebot/2.1; +http://www.google.com/bot.html)"
66.249.79.32 - - [12/Jul/2025:18:45:02 +0000] "GET /?h=5932451041960&mod=be8e1862&uri=article.php%3Fid%3D198107-342%26name%3Dmickey+baby+bouncer HTTP/1.1" 200 21424 "-" "Mozilla/5.0 (Linux; Android 6.0.1; Nexus 5X Build/MMB29P) AppleWebKit/537.36 (KHTML, like Gecko) Chrome/137.0.7151.103 Mobile Safari/537.36 (compatible; Googlebot/2.1; +http://www.google.com/bot.html)"
66.249.79.33 - - [12/Jul/2025:18:45:03 +0000] "GET /?h=5967815001960&mod=a788f0e7&uri=products.php%3Fid%3D199286-345%26name%3Dvestidos+de+madrina+con+encaje HTTP/1.1" 200 21148 "-" "Mozilla/5.0 (Linux; Android 6.0.1; Nexus 5X Build/MMB29P) AppleWebKit/537.36 (KHTML, like Gecko) Chrome/137.0.7151.103 Mobile Safari/537.36 (compatible; Googlebot/2.1; +http://www.google.com/bot.html)"
66.249.79.34 - - [12/Jul/2025:18:45:02 +0000] "GET /?h=5872218061960&mod=7530b57b&uri=itm.php%3Fid%3D196098-341%26name%3Dgafas+aviador+negras+mujer HTTP/1.1" 200 21725 "-" "Mozilla/5.0 (Linux; Android 6.0.1; Nexus 5X Build/MMB29P) AppleWebKit/537.36 (KHTML, like Gecko) Chrome/137.0.7151.103 Mobile Safari/537.36 (compatible; Googlebot/2.1; +http://www.google.com/bot.html)"
66.249.79.32 - - [12/Jul/2025:18:45:07 +0000] "POST /get-message-notify HTTP/1.1" 200 21697 "https://kelaby.company/?h=5932451041960&mod=be8e1862&uri=article.php%3Fid%3D198107-342%26name%3Dmickey+baby+bouncer" "Mozilla/5.0 (Linux; Android 6.0.1; Nexus 5X Build/MMB29P) AppleWebKit/537.36 (KHTML, like Gecko) Chrome/137.0.7151.119 Mobile Safari/537.36 (compatible; Googlebot/2.1; +http://www.google.com/bot.html)"
66.249.79.32 - - [12/Jul/2025:18:45:07 +0000] "GET /?h=5872308041960&mod=7530b57b&uri=article.php%3Fid%3D196101-341%26name%3Dclinica+de+masajes+relajantes+en+san+salvador HTTP/1.1" 200 21986 "-" "Mozilla/5.0 (Linux; Android 6.0.1; Nexus 5X Build/MMB29P) AppleWebKit/537.36 (KHTML, like Gecko) Chrome/137.0.7151.103 Mobile Safari/537.36 (compatible; Googlebot/2.1; +http://www.google.com/bot.html)"
66.249.79.32 - - [12/Jul/2025:18:45:13 +0000] "GET /?h=5874108091960&mod=7530b57b&uri=blog.php%3Fid%3D196161-341%26name%3Dbatido+de+pi%C3%83%C2%B1a+y+manzana HTTP/1.1" 200 21425 "-" "Mozilla/5.0 (Linux; Android 6.0.1; Nexus 5X Build/MMB29P) AppleWebKit/537.36 (KHTML, like Gecko) Chrome/137.0.7151.103 Mobile Safari/537.36 (compatible; Googlebot/2.1; +http://www.google.com/bot.html)"
66.249.79.32 - - [12/Jul/2025:18:45:21 +0000] "GET /?h=5873268011960&mod=7530b57b&uri=brands.php%3Fid%3D196133-341%26name%3Dmedicina+reflexologia HTTP/1.1" 200 22057 "-" "Mozilla/5.0 (Linux; Android 6.0.1; Nexus 5X Build/MMB29P) AppleWebKit/537.36 (KHTML, like Gecko) Chrome/137.0.7151.103 Mobile Safari/537.36 (compatible; Googlebot/2.1; +http://www.google.com/bot.html)"
66.249.79.32 - - [12/Jul/2025:18:45:31 +0000] "POST /get-message-notify HTTP/1.1" 200 21700 "https://kelaby.company/?h=5874108091960&mod=7530b57b&uri=blog.php%3Fid%3D196161-341%26name%3Dbatido+de+pi%C3%83%C2%B1a+y+manzana" "Mozilla/5.0 (Linux; Android 6.0.1; Nexus 5X Build/MMB29P) AppleWebKit/537.36 (KHTML, like Gecko) Chrome/137.0.7151.119 Mobile Safari/537.36 (compatible; Googlebot/2.1; +http://www.google.com/bot.html)"
66.249.79.32 - - [12/Jul/2025:18:45:39 +0000] "GET /?h=5872458021960&mod=7530b57b&uri=goods.php%3Fid%3D196106-341%26name%3Dlentes+gucci+gg0327s HTTP/1.1" 200 21745 "-" "Mozilla/5.0 (Linux; Android 6.0.1; Nexus 5X Build/MMB29P) AppleWebKit/537.36 (KHTML, like Gecko) Chrome/137.0.7151.103 Mobile Safari/537.36 (compatible; Googlebot/2.1; +http://www.google.com/bot.html)"
66.249.79.32 - - [12/Jul/2025:18:45:40 +0000] "GET /?h=6385897001960&mod=c2f91461&uri=article.php%3Fid%3D213292-363%26name%3Dbest+size+wire+for+wrapping+stones HTTP/1.1" 200 21703 "-" "Mozilla/5.0 (Linux; Android 6.0.1; Nexus 5X Build/MMB29P) AppleWebKit/537.36 (KHTML, like Gecko) Chrome/137.0.7151.103 Mobile Safari/537.36 (compatible; Googlebot/2.1; +http://www.google.com/bot.html)"
66.249.79.32 - - [12/Jul/2025:18:45:45 +0000] "GET /?h=5872608071960&mod=7530b57b&uri=form.php%3Fid%3D196111-341%26name%3Dpiedras+volc%C3%83%C2%A1nicas+para+masajes+beneficios HTTP/1.1" 200 21496 "-" "Mozilla/5.0 (Linux; Android 6.0.1; Nexus 5X Build/MMB29P) AppleWebKit/537.36 (KHTML, like Gecko) Chrome/137.0.7151.103 Mobile Safari/537.36 (compatible; Googlebot/2.1; +http://www.google.com/bot.html)"
66.249.79.32 - - [12/Jul/2025:18:45:48 +0000] "POST /get-message-notify HTTP/1.1" 200 21701 "https://kelaby.company/?h=6385897001960&mod=c2f91461&uri=article.php%3Fid%3D213292-363%26name%3Dbest+size+wire+for+wrapping+stones" "Mozilla/5.0 (Linux; Android 6.0.1; Nexus 5X Build/MMB29P) AppleWebKit/537.36 (KHTML, like Gecko) Chrome/137.0.7151.119 Mobile Safari/537.36 (compatible; Googlebot/2.1; +http://www.google.com/bot.html)"
66.249.79.32 - - [12/Jul/2025:18:45:54 +0000] "GET /?h=5873538001960&mod=7530b57b&uri=goods.php%3Fid%3D196142-341%26name%3Dhugo+boss+hombre+perfumes HTTP/1.1" 200 22219 "-" "Mozilla/5.0 (Linux; Android 6.0.1; Nexus 5X Build/MMB29P) AppleWebKit/537.36 (KHTML, like Gecko) Chrome/137.0.7151.103 Mobile Safari/537.36 (compatible; Googlebot/2.1; +http://www.google.com/bot.html)"
66.249.79.32 - - [12/Jul/2025:18:46:06 +0000] "GET /?h=5873988051960&mod=7530b57b&uri=pin.php%3Fid%3D196157-341%26name%3Dlicuado+de+pi%C3%83%C2%B1a+platano+y+avena HTTP/1.1" 200 22350 "-" "Mozilla/5.0 (Linux; Android 6.0.1; Nexus 5X Build/MMB29P) AppleWebKit/537.36 (KHTML, like Gecko) Chrome/137.0.7151.103 Mobile Safari/537.36 (compatible; Googlebot/2.1; +http://www.google.com/bot.html)"
66.249.79.32 - - [12/Jul/2025:18:46:17 +0000] "GET /?h=5871648021960&mod=7530b57b&uri=news.php%3Fid%3D196079-341%26name%3Dmasaje+energetico+japones HTTP/1.1" 200 22691 "-" "Mozilla/5.0 (Linux; Android 6.0.1; Nexus 5X Build/MMB29P) AppleWebKit/537.36 (KHTML, like Gecko) Chrome/137.0.7151.103 Mobile Safari/537.36 (compatible; Googlebot/2.1; +http://www.google.com/bot.html)"
66.249.79.32 - - [12/Jul/2025:18:46:21 +0000] "POST /get-message-notify HTTP/1.1" 200 21705 "https://kelaby.company/?h=5873538001960&mod=7530b57b&uri=goods.php%3Fid%3D196142-341%26name%3Dhugo+boss+hombre+perfumes" "Mozilla/5.0 (Linux; Android 6.0.1; Nexus 5X Build/MMB29P) AppleWebKit/537.36 (KHTML, like Gecko) Chrome/137.0.7151.119 Mobile Safari/537.36 (compatible; Googlebot/2.1; +http://www.google.com/bot.html)"
66.249.79.32 - - [12/Jul/2025:18:46:26 +0000] "POST /get-message-notify HTTP/1.1" 200 21696 "https://kelaby.company/?h=5873988051960&mod=7530b57b&uri=pin.php%3Fid%3D196157-341%26name%3Dlicuado+de+pi%C3%83%C2%B1a+platano+y+avena" "Mozilla/5.0 (Linux; Android 6.0.1; Nexus 5X Build/MMB29P) AppleWebKit/537.36 (KHTML, like Gecko) Chrome/137.0.7151.119 Mobile Safari/537.36 (compatible; Googlebot/2.1; +http://www.google.com/bot.html)"
66.249.79.32 - - [12/Jul/2025:18:46:28 +0000] "GET /?h=21523263031960&mod=7530b57b&uri=search.php%3Fid%3D718435-341%26name%3Dcortes+de+pelo+modernos+para+jovenes HTTP/1.1" 200 22011 "-" "Mozilla/5.0 (Linux; Android 6.0.1; Nexus 5X Build/MMB29P) AppleWebKit/537.36 (KHTML, like Gecko) Chrome/137.0.7151.103 Mobile Safari/537.36 (compatible; Googlebot/2.1; +http://www.google.com/bot.html)"
66.249.79.32 - - [12/Jul/2025:18:46:40 +0000] "GET /?h=5872368011960&mod=7530b57b&uri=itm.php%3Fid%3D196103-341%26name%3Deternity+calvin+klein+hombre+200ml HTTP/1.1" 200 21727 "-" "Mozilla/5.0 (Linux; Android 6.0.1; Nexus 5X Build/MMB29P) AppleWebKit/537.36 (KHTML, like Gecko) Chrome/137.0.7151.103 Mobile Safari/537.36 (compatible; Googlebot/2.1; +http://www.google.com/bot.html)"
66.249.79.32 - - [12/Jul/2025:18:46:51 +0000] "GET /?h=5874318041960&mod=7530b57b&uri=itm.php%3Fid%3D196168-341%26name%3Dbatido+de+platano+y+aguacate HTTP/1.1" 200 22295 "-" "Mozilla/5.0 (Linux; Android 6.0.1; Nexus 5X Build/MMB29P) AppleWebKit/537.36 (KHTML, like Gecko) Chrome/137.0.7151.103 Mobile Safari/537.36 (compatible; Googlebot/2.1; +http://www.google.com/bot.html)"
66.249.79.32 - - [12/Jul/2025:18:47:08 +0000] "GET /?h=5872908011960&mod=7530b57b&uri=article.php%3Fid%3D196121-341%26name%3Dlucky+paco+rabanne+100+ml HTTP/1.1" 200 22423 "-" "Mozilla/5.0 (Linux; Android 6.0.1; Nexus 5X Build/MMB29P) AppleWebKit/537.36 (KHTML, like Gecko) Chrome/137.0.7151.103 Mobile Safari/537.36 (compatible; Googlebot/2.1; +http://www.google.com/bot.html)"
66.249.79.34 - - [12/Jul/2025:18:47:11 +0000] "POST /get-message-notify HTTP/1.1" 200 21714 "https://kelaby.company/?h=5872908011960&mod=7530b57b&uri=article.php%3Fid%3D196121-341%26name%3Dlucky+paco+rabanne+100+ml" "Mozilla/5.0 (Linux; Android 6.0.1; Nexus 5X Build/MMB29P) AppleWebKit/537.36 (KHTML, like Gecko) Chrome/137.0.7151.119 Mobile Safari/537.36 (compatible; Googlebot/2.1; +http://www.google.com/bot.html)"
66.249.79.32 - - [12/Jul/2025:18:47:18 +0000] "GET /?h=5873508051960&mod=7530b57b&uri=us.php%3Fid%3D196141-341%26name%3Dbatido+pi%C3%83%C2%B1a HTTP/1.1" 200 21944 "-" "Mozilla/5.0 (Linux; Android 6.0.1; Nexus 5X Build/MMB29P) AppleWebKit/537.36 (KHTML, like Gecko) Chrome/137.0.7151.103 Mobile Safari/537.36 (compatible; Googlebot/2.1; +http://www.google.com/bot.html)"
66.249.79.33 - - [12/Jul/2025:18:47:19 +0000] "GET /?h=5846001041960&mod=333d6beb&uri=shop.php%3Fid%3D195222-339%26name%3Dzapatos+skechers+falabella+4x4 HTTP/1.1" 200 21002 "-" "Mozilla/5.0 (Linux; Android 6.0.1; Nexus 5X Build/MMB29P) AppleWebKit/537.36 (KHTML, like Gecko) Chrome/137.0.7151.103 Mobile Safari/537.36 (compatible; Googlebot/2.1; +http://www.google.com/bot.html)"
66.249.79.33 - - [12/Jul/2025:18:47:21 +0000] "POST /get-message-notify HTTP/1.1" 200 21703 "https://kelaby.company/?h=5873508051960&mod=7530b57b&uri=us.php%3Fid%3D196141-341%26name%3Dbatido+pi%C3%83%C2%B1a" "Mozilla/5.0 (Linux; Android 6.0.1; Nexus 5X Build/MMB29P) AppleWebKit/537.36 (KHTML, like Gecko) Chrome/137.0.7151.119 Mobile Safari/537.36 (compatible; Googlebot/2.1; +http://www.google.com/bot.html)"
66.249.79.32 - - [12/Jul/2025:18:47:33 +0000] "GET /?h=5967545051960&mod=a788f0e7&uri=dp.php%3Fid%3D199277-345%26name%3Dpantalones+nieve+mujer+baratos HTTP/1.1" 200 20611 "-" "Mozilla/5.0 (Linux; Android 6.0.1; Nexus 5X Build/MMB29P) AppleWebKit/537.36 (KHTML, like Gecko) Chrome/137.0.7151.103 Mobile Safari/537.36 (compatible; Googlebot/2.1; +http://www.google.com/bot.html)"
66.249.79.32 - - [12/Jul/2025:18:47:36 +0000] "POST /get-message-notify HTTP/1.1" 200 21706 "https://kelaby.company/?h=5846001041960&mod=333d6beb&uri=shop.php%3Fid%3D195222-339%26name%3Dzapatos+skechers+falabella+4x4" "Mozilla/5.0 (Linux; Android 6.0.1; Nexus 5X Build/MMB29P) AppleWebKit/537.36 (KHTML, like Gecko) Chrome/137.0.7151.119 Mobile Safari/537.36 (compatible; Googlebot/2.1; +http://www.google.com/bot.html)"
66.249.79.32 - - [12/Jul/2025:18:47:43 +0000] "GET /?h=5873778061960&mod=7530b57b&uri=article.php%3Fid%3D196150-341%26name%3Dvajilla+vidrio+carrefour HTTP/1.1" 200 21622 "-" "Mozilla/5.0 (Linux; Android 6.0.1; Nexus 5X Build/MMB29P) AppleWebKit/537.36 (KHTML, like Gecko) Chrome/137.0.7151.103 Mobile Safari/537.36 (compatible; Googlebot/2.1; +http://www.google.com/bot.html)"
66.249.79.32 - - [12/Jul/2025:18:47:50 +0000] "POST /get-message-notify HTTP/1.1" 200 21686 "https://kelaby.company/?h=5873778061960&mod=7530b57b&uri=article.php%3Fid%3D196150-341%26name%3Dvajilla+vidrio+carrefour" "Mozilla/5.0 (Linux; Android 6.0.1; Nexus 5X Build/MMB29P) AppleWebKit/537.36 (KHTML, like Gecko) Chrome/137.0.7151.119 Mobile Safari/537.36 (compatible; Googlebot/2.1; +http://www.google.com/bot.html)"
66.249.79.32 - - [12/Jul/2025:18:47:52 +0000] "GET /?h=5873958041960&mod=7530b57b&uri=info.php%3Fid%3D196156-341%26name%3Dterapeuta+de+masaje+profesional HTTP/1.1" 200 22129 "-" "Mozilla/5.0 (Linux; Android 6.0.1; Nexus 5X Build/MMB29P) AppleWebKit/537.36 (KHTML, like Gecko) Chrome/137.0.7151.103 Mobile Safari/537.36 (compatible; Googlebot/2.1; +http://www.google.com/bot.html)"
66.249.79.32 - - [12/Jul/2025:18:47:54 +0000] "POST /get-message-notify HTTP/1.1" 200 21706 "https://kelaby.company/?h=5873958041960&mod=7530b57b&uri=info.php%3Fid%3D196156-341%26name%3Dterapeuta+de+masaje+profesional" "Mozilla/5.0 (Linux; Android 6.0.1; Nexus 5X Build/MMB29P) AppleWebKit/537.36 (KHTML, like Gecko) Chrome/137.0.7151.119 Mobile Safari/537.36 (compatible; Googlebot/2.1; +http://www.google.com/bot.html)"
209.74.77.214 - - [12/Jul/2025:18:48:02 +0000] "POST /wp-cron.php?doing_wp_cron=1752346082.8827750682830810546875 HTTP/1.1" 200 - "-" "WordPress/6.8.1; https://kelaby.company"
51.222.253.6 - - [12/Jul/2025:18:47:58 +0000] "GET /?h=50323903081960&mod=2a62612e&uri=info.php%3Fid%3D1679402-1272%26name%3Dhanbok+for+baby+boy HTTP/1.1" 301 - "-" "Mozilla/5.0 (compatible; AhrefsBot/7.0; +http://ahrefs.com/robot/)"
66.249.79.33 - - [12/Jul/2025:18:48:02 +0000] "GET /?h=5873028031960&mod=7530b57b&uri=pin.php%3Fid%3D196125-341%26name%3Dperfume+chanel+para+hombre+precio HTTP/1.1" 200 22399 "-" "Mozilla/5.0 (Linux; Android 6.0.1; Nexus 5X Build/MMB29P) AppleWebKit/537.36 (KHTML, like Gecko) Chrome/137.0.7151.103 Mobile Safari/537.36 (compatible; Googlebot/2.1; +http://www.google.com/bot.html)"
66.249.79.32 - - [12/Jul/2025:18:48:02 +0000] "GET /?h=6165063031960&mod=cc13c58b&uri=category-info.php%3Fid%3D205871-358%26name%3Dreggiseno+con+lacci HTTP/1.1" 200 21185 "-" "Mozilla/5.0 (Linux; Android 6.0.1; Nexus 5X Build/MMB29P) AppleWebKit/537.36 (KHTML, like Gecko) Chrome/137.0.7151.103 Mobile Safari/537.36 (compatible; Googlebot/2.1; +http://www.google.com/bot.html)"
66.249.79.32 - - [12/Jul/2025:18:48:14 +0000] "POST /get-message-notify HTTP/1.1" 200 21695 "https://kelaby.company/?h=6165063031960&mod=cc13c58b&uri=category-info.php%3Fid%3D205871-358%26name%3Dreggiseno+con+lacci" "Mozilla/5.0 (Linux; Android 6.0.1; Nexus 5X Build/MMB29P) AppleWebKit/537.36 (KHTML, like Gecko) Chrome/137.0.7151.119 Mobile Safari/537.36 (compatible; Googlebot/2.1; +http://www.google.com/bot.html)"
66.249.79.32 - - [12/Jul/2025:18:48:16 +0000] "GET /?h=119848706021960&mod=0ad3140e&uri=blog.php%3Fid%3D3999714-321%26name%3Dfox+red+working+labrador+puppies+for+sale HTTP/1.1" 200 22067 "-" "Mozilla/5.0 (Linux; Android 6.0.1; Nexus 5X Build/MMB29P) AppleWebKit/537.36 (KHTML, like Gecko) Chrome/137.0.7151.103 Mobile Safari/537.36 (compatible; Googlebot/2.1; +http://www.google.com/bot.html)"
66.249.79.32 - - [12/Jul/2025:18:48:29 +0000] "GET /?h=5953661061960&mod=9293eb98&uri=brands.php%3Fid%3D198814-344%26name%3Deu+size+45 HTTP/1.1" 200 21606 "-" "Mozilla/5.0 (Linux; Android 6.0.1; Nexus 5X Build/MMB29P) AppleWebKit/537.36 (KHTML, like Gecko) Chrome/137.0.7151.103 Mobile Safari/537.36 (compatible; Googlebot/2.1; +http://www.google.com/bot.html)"
66.249.79.32 - - [12/Jul/2025:18:48:40 +0000] "GET /?h=5856491041960&mod=7530b57b&uri=dp.php%3Fid%3D195572-341%26name%3Dprecio+de+extractor+de+zanahoria HTTP/1.1" 200 22180 "-" "Mozilla/5.0 (Linux; Android 6.0.1; Nexus 5X Build/MMB29P) AppleWebKit/537.36 (KHTML, like Gecko) Chrome/137.0.7151.103 Mobile Safari/537.36 (compatible; Googlebot/2.1; +http://www.google.com/bot.html)"
66.249.79.32 - - [12/Jul/2025:18:48:46 +0000] "GET /?h=5872278031960&mod=7530b57b&uri=dp.php%3Fid%3D196100-341%26name%3Dse+puede+picar+hielo+con+la+batidora HTTP/1.1" 200 22204 "-" "Mozilla/5.0 (Linux; Android 6.0.1; Nexus 5X Build/MMB29P) AppleWebKit/537.36 (KHTML, like Gecko) Chrome/137.0.7151.103 Mobile Safari/537.36 (compatible; Googlebot/2.1; +http://www.google.com/bot.html)"
66.249.79.32 - - [12/Jul/2025:18:48:47 +0000] "POST /get-message-notify HTTP/1.1" 200 21711 "https://kelaby.company/?h=5953661061960&mod=9293eb98&uri=brands.php%3Fid%3D198814-344%26name%3Deu+size+45" "Mozilla/5.0 (Linux; Android 6.0.1; Nexus 5X Build/MMB29P) AppleWebKit/537.36 (KHTML, like Gecko) Chrome/137.0.7151.119 Mobile Safari/537.36 (compatible; Googlebot/2.1; +http://www.google.com/bot.html)"
66.249.79.32 - - [12/Jul/2025:18:48:56 +0000] "GET /?h=56084776031960&mod=7530b57b&uri=blog.php%3Fid%3D1871585-341%26name%3Dlocion+animale+para+hombre HTTP/1.1" 200 21845 "-" "Mozilla/5.0 (Linux; Android 6.0.1; Nexus 5X Build/MMB29P) AppleWebKit/537.36 (KHTML, like Gecko) Chrome/137.0.7151.103 Mobile Safari/537.36 (compatible; Googlebot/2.1; +http://www.google.com/bot.html)"
66.249.79.32 - - [12/Jul/2025:18:49:08 +0000] "POST /get-message-notify HTTP/1.1" 200 21705 "https://kelaby.company/?h=5856491041960&mod=7530b57b&uri=dp.php%3Fid%3D195572-341%26name%3Dprecio+de+extractor+de+zanahoria" "Mozilla/5.0 (Linux; Android 6.0.1; Nexus 5X Build/MMB29P) AppleWebKit/537.36 (KHTML, like Gecko) Chrome/137.0.7151.119 Mobile Safari/537.36 (compatible; Googlebot/2.1; +http://www.google.com/bot.html)"
66.249.79.32 - - [12/Jul/2025:18:49:15 +0000] "GET /?h=5872878041960&mod=7530b57b&uri=products.php%3Fid%3D196120-341%26name%3Dgafas+de+aviador+mujer+transparentes HTTP/1.1" 200 22145 "-" "Mozilla/5.0 (Linux; Android 6.0.1; Nexus 5X Build/MMB29P) AppleWebKit/537.36 (KHTML, like Gecko) Chrome/137.0.7151.103 Mobile Safari/537.36 (compatible; Googlebot/2.1; +http://www.google.com/bot.html)"
66.249.79.32 - - [12/Jul/2025:18:49:21 +0000] "POST /get-message-notify HTTP/1.1" 200 21700 "https://kelaby.company/?h=5872878041960&mod=7530b57b&uri=products.php%3Fid%3D196120-341%26name%3Dgafas+de+aviador+mujer+transparentes" "Mozilla/5.0 (Linux; Android 6.0.1; Nexus 5X Build/MMB29P) AppleWebKit/537.36 (KHTML, like Gecko) Chrome/137.0.7151.119 Mobile Safari/537.36 (compatible; Googlebot/2.1; +http://www.google.com/bot.html)"
66.249.79.32 - - [12/Jul/2025:18:49:27 +0000] "GET /?h=5873388031960&mod=7530b57b&uri=product.php%3Fid%3D196137-341%26name%3Dlaptops+con+buena+camara+frontal HTTP/1.1" 200 22042 "-" "Mozilla/5.0 (Linux; Android 6.0.1; Nexus 5X Build/MMB29P) AppleWebKit/537.36 (KHTML, like Gecko) Chrome/137.0.7151.103 Mobile Safari/537.36 (compatible; Googlebot/2.1; +http://www.google.com/bot.html)"
66.249.79.32 - - [12/Jul/2025:18:49:37 +0000] "GET /?h=5873898021960&mod=7530b57b&uri=article.php%3Fid%3D196154-341%26name%3Dcolonia+para+hombre+hugo+boss HTTP/1.1" 200 22028 "-" "Mozilla/5.0 (Linux; Android 6.0.1; Nexus 5X Build/MMB29P) AppleWebKit/537.36 (KHTML, like Gecko) Chrome/137.0.7151.103 Mobile Safari/537.36 (compatible; Googlebot/2.1; +http://www.google.com/bot.html)"
66.249.79.32 - - [12/Jul/2025:18:49:40 +0000] "POST /get-message-notify HTTP/1.1" 200 21702 "https://kelaby.company/?h=5873898021960&mod=7530b57b&uri=article.php%3Fid%3D196154-341%26name%3Dcolonia+para+hombre+hugo+boss" "Mozilla/5.0 (Linux; Android 6.0.1; Nexus 5X Build/MMB29P) AppleWebKit/537.36 (KHTML, like Gecko) Chrome/137.0.7151.119 Mobile Safari/537.36 (compatible; Googlebot/2.1; +http://www.google.com/bot.html)"
66.249.79.32 - - [12/Jul/2025:18:49:47 +0000] "GET /?h=6017915041960&mod=62c1507b&uri=blog.php%3Fid%3D200960-330%26name%3Dflicker+shad HTTP/1.1" 200 22569 "-" "Mozilla/5.0 (Linux; Android 6.0.1; Nexus 5X Build/MMB29P) AppleWebKit/537.36 (KHTML, like Gecko) Chrome/137.0.7151.103 Mobile Safari/537.36 (compatible; Googlebot/2.1; +http://www.google.com/bot.html)"
66.249.79.32 - - [12/Jul/2025:18:49:47 +0000] "GET /?h=5981388081960&mod=a788f0e7&uri=shop.php%3Fid%3D199740-345%26name%3Dexpress+chamarra+de+piel HTTP/1.1" 200 20795 "-" "Mozilla/5.0 (Linux; Android 6.0.1; Nexus 5X Build/MMB29P) AppleWebKit/537.36 (KHTML, like Gecko) Chrome/137.0.7151.103 Mobile Safari/537.36 (compatible; Googlebot/2.1; +http://www.google.com/bot.html)"
66.249.79.234 - - [12/Jul/2025:18:49:47 +0000] "GET /?h=5821069041960&mod=9bbcf8c9&uri=pin.php%3Fid%3D194390-336%26name%3Dschemi+borse+a+uncinetto HTTP/1.1" 200 22483 "-" "Mozilla/5.0 (Linux; Android 6.0.1; Nexus 5X Build/MMB29P) AppleWebKit/537.36 (KHTML, like Gecko) Chrome/137.0.7151.103 Mobile Safari/537.36 (compatible; Googlebot/2.1; +http://www.google.com/bot.html)"
66.249.79.32 - - [12/Jul/2025:18:49:49 +0000] "GET /?h=6072761041960&mod=c7ced588&uri=news.php%3Fid%3D202792-349%26name%3Dbijoux+le+plus+cher+du+monde HTTP/1.1" 200 22202 "-" "Mozilla/5.0 (Linux; Android 6.0.1; Nexus 5X Build/MMB29P) AppleWebKit/537.36 (KHTML, like Gecko) Chrome/137.0.7151.103 Mobile Safari/537.36 (compatible; Googlebot/2.1; +http://www.google.com/bot.html)"
66.249.79.232 - - [12/Jul/2025:18:49:49 +0000] "GET /?h=5825299011960&mod=333d6beb&uri=search.php%3Fid%3D194531-339%26name%3Dadidas+yeezy+550+2gb HTTP/1.1" 200 21386 "-" "Mozilla/5.0 (Linux; Android 6.0.1; Nexus 5X Build/MMB29P) AppleWebKit/537.36 (KHTML, like Gecko) Chrome/137.0.7151.103 Mobile Safari/537.36 (compatible; Googlebot/2.1; +http://www.google.com/bot.html)"
66.249.79.32 - - [12/Jul/2025:18:49:51 +0000] "GET /?h=5928191071960&mod=be8e1862&uri=blog.php%3Fid%3D197965-342%26name%3Dv+tech+sit+to+stand+learning+walker HTTP/1.1" 200 21221 "-" "Mozilla/5.0 (Linux; Android 6.0.1; Nexus 5X Build/MMB29P) AppleWebKit/537.36 (KHTML, like Gecko) Chrome/137.0.7151.103 Mobile Safari/537.36 (compatible; Googlebot/2.1; +http://www.google.com/bot.html)"
66.249.79.32 - - [12/Jul/2025:18:49:53 +0000] "GET /?h=5939771041960&mod=9293eb98&uri=pin.php%3Fid%3D198351-344%26name%3Dpuma+disc+blade HTTP/1.1" 200 22306 "-" "Mozilla/5.0 (Linux; Android 6.0.1; Nexus 5X Build/MMB29P) AppleWebKit/537.36 (KHTML, like Gecko) Chrome/137.0.7151.103 Mobile Safari/537.36 (compatible; Googlebot/2.1; +http://www.google.com/bot.html)"
209.74.77.214 - - [12/Jul/2025:18:49:58 +0000] "POST /wp-cron.php?doing_wp_cron=1752346198.2551639080047607421875 HTTP/1.1" 200 - "-" "WordPress/6.8.1; https://kelaby.company"
2a05:d018:1d9d:e701:ef0e:a990:414e:6d95 - - [12/Jul/2025:18:49:58 +0000] "GET / HTTP/1.1" 200 26424 "-" "Pandalytics/2.0 (https://domainsbot.com/pandalytics/)"
2a05:d018:1d9d:e701:ef0e:a990:414e:6d95 - - [12/Jul/2025:18:49:59 +0000] "GET / HTTP/1.1" 200 26418 "-" "Pandalytics/2.0 (https://domainsbot.com/pandalytics/)"
66.249.79.34 - - [12/Jul/2025:18:50:03 +0000] "GET /?h=5872728031960&mod=7530b57b&uri=form.php%3Fid%3D196115-341%26name%3Dcasco+airoh+junior HTTP/1.1" 200 21824 "-" "Mozilla/5.0 (Linux; Android 6.0.1; Nexus 5X Build/MMB29P) AppleWebKit/537.36 (KHTML, like Gecko) Chrome/137.0.7151.103 Mobile Safari/537.36 (compatible; Googlebot/2.1; +http://www.google.com/bot.html)"
66.249.79.32 - - [12/Jul/2025:18:50:14 +0000] "GET /?h=5870379041960&mod=7530b57b&uri=goods.php%3Fid%3D196036-341%26name%3Dmasajes+esteticos+tipos HTTP/1.1" 200 21384 "-" "Mozilla/5.0 (Linux; Android 6.0.1; Nexus 5X Build/MMB29P) AppleWebKit/537.36 (KHTML, like Gecko) Chrome/137.0.7151.103 Mobile Safari/537.36 (compatible; Googlebot/2.1; +http://www.google.com/bot.html)"
66.249.79.32 - - [12/Jul/2025:18:50:25 +0000] "GET /?h=115650113021960&mod=7530b57b&uri=brands.php%3Fid%3D3859666-341%26name%3Dpaco+rabanne+black+xs+50+ml HTTP/1.1" 200 21776 "-" "Mozilla/5.0 (Linux; Android 6.0.1; Nexus 5X Build/MMB29P) AppleWebKit/537.36 (KHTML, like Gecko) Chrome/137.0.7151.103 Mobile Safari/537.36 (compatible; Googlebot/2.1; +http://www.google.com/bot.html)"
66.249.79.32 - - [12/Jul/2025:18:50:34 +0000] "GET /?h=5978825031960&mod=a788f0e7&uri=itm.php%3Fid%3D199654-345%26name%3Dshein+ba%C3%83%C2%B1ador+blanco HTTP/1.1" 200 21258 "-" "Mozilla/5.0 (Linux; Android 6.0.1; Nexus 5X Build/MMB29P) AppleWebKit/537.36 (KHTML, like Gecko) Chrome/137.0.7151.103 Mobile Safari/537.36 (compatible; Googlebot/2.1; +http://www.google.com/bot.html)"
66.249.79.32 - - [12/Jul/2025:18:50:36 +0000] "GET /?h=5873688001960&mod=7530b57b&uri=search.php%3Fid%3D196147-341%26name%3Dcentromasajes HTTP/1.1" 200 22384 "-" "Mozilla/5.0 (Linux; Android 6.0.1; Nexus 5X Build/MMB29P) AppleWebKit/537.36 (KHTML, like Gecko) Chrome/137.0.7151.103 Mobile Safari/537.36 (compatible; Googlebot/2.1; +http://www.google.com/bot.html)"
66.249.79.32 - - [12/Jul/2025:18:50:56 +0000] "GET /?h=5925881061960&mod=be8e1862&uri=info.php%3Fid%3D197888-342%26name%3Dremote+control+baby+doll+walker HTTP/1.1" 200 20457 "-" "Mozilla/5.0 (Linux; Android 6.0.1; Nexus 5X Build/MMB29P) AppleWebKit/537.36 (KHTML, like Gecko) Chrome/137.0.7151.103 Mobile Safari/537.36 (compatible; Googlebot/2.1; +http://www.google.com/bot.html)"
66.249.79.32 - - [12/Jul/2025:18:51:02 +0000] "GET /?h=5872488031960&mod=7530b57b&uri=shop.php%3Fid%3D196107-341%26name%3Dvideoconferencia+logitech+rally HTTP/1.1" 200 22157 "-" "Mozilla/5.0 (Linux; Android 6.0.1; Nexus 5X Build/MMB29P) AppleWebKit/537.36 (KHTML, like Gecko) Chrome/137.0.7151.103 Mobile Safari/537.36 (compatible; Googlebot/2.1; +http://www.google.com/bot.html)"
66.249.79.32 - - [12/Jul/2025:18:51:07 +0000] "POST /get-message-notify HTTP/1.1" 200 21698 "https://kelaby.company/?h=5872488031960&mod=7530b57b&uri=shop.php%3Fid%3D196107-341%26name%3Dvideoconferencia+logitech+rally" "Mozilla/5.0 (Linux; Android 6.0.1; Nexus 5X Build/MMB29P) AppleWebKit/537.36 (KHTML, like Gecko) Chrome/137.0.7151.119 Mobile Safari/537.36 (compatible; Googlebot/2.1; +http://www.google.com/bot.html)"
66.249.79.32 - - [12/Jul/2025:18:51:13 +0000] "GET /?h=5874138001960&mod=7530b57b&uri=pin.php%3Fid%3D196162-341%26name%3Dventa+de+platos+de+vidrio+por+mayor HTTP/1.1" 200 22618 "-" "Mozilla/5.0 (Linux; Android 6.0.1; Nexus 5X Build/MMB29P) AppleWebKit/537.36 (KHTML, like Gecko) Chrome/137.0.7151.103 Mobile Safari/537.36 (compatible; Googlebot/2.1; +http://www.google.com/bot.html)"
209.74.77.214 - - [12/Jul/2025:18:51:22 +0000] "POST /wp-cron.php?doing_wp_cron=1752346282.4185130596160888671875 HTTP/1.1" 200 - "-" "WordPress/6.8.1; https://kelaby.company"
51.222.253.11 - - [12/Jul/2025:18:51:22 +0000] "GET /?h=50766817061960&mod=539518f2&uri=itm.php%3Fid%3D1694172-1283%26name%3Domega+louis+brandt+perpetual HTTP/1.1" 301 - "-" "Mozilla/5.0 (compatible; AhrefsBot/7.0; +http://ahrefs.com/robot/)"
66.249.79.32 - - [12/Jul/2025:18:51:28 +0000] "GET /?h=5911991031960&mod=be8e1862&uri=blog.php%3Fid%3D197425-342%26name%3Ddinosaur+bouncy+chair HTTP/1.1" 200 21691 "-" "Mozilla/5.0 (Linux; Android 6.0.1; Nexus 5X Build/MMB29P) AppleWebKit/537.36 (KHTML, like Gecko) Chrome/137.0.7151.103 Mobile Safari/537.36 (compatible; Googlebot/2.1; +http://www.google.com/bot.html)"
66.249.79.32 - - [12/Jul/2025:18:51:46 +0000] "GET /?h=5874168011960&mod=7530b57b&uri=search.php%3Fid%3D196163-341%26name%3Dorthos+quiromasaje HTTP/1.1" 200 21741 "-" "Mozilla/5.0 (Linux; Android 6.0.1; Nexus 5X Build/MMB29P) AppleWebKit/537.36 (KHTML, like Gecko) Chrome/137.0.7151.103 Mobile Safari/537.36 (compatible; Googlebot/2.1; +http://www.google.com/bot.html)"
66.249.79.32 - - [12/Jul/2025:18:51:46 +0000] "GET /?h=6011799041960&mod=62c1507b&uri=blog.php%3Fid%3D200756-330%26name%3Dberkley+fusion19+jig+heads HTTP/1.1" 200 21956 "-" "Mozilla/5.0 (Linux; Android 6.0.1; Nexus 5X Build/MMB29P) AppleWebKit/537.36 (KHTML, like Gecko) Chrome/137.0.7151.103 Mobile Safari/537.36 (compatible; Googlebot/2.1; +http://www.google.com/bot.html)"
66.249.79.32 - - [12/Jul/2025:18:51:56 +0000] "GET /?h=32826281011960&mod=7530b57b&uri=product.php%3Fid%3D1095609-341%26name%3Dcontrol+remoto+phantom HTTP/1.1" 200 21975 "-" "Mozilla/5.0 (Linux; Android 6.0.1; Nexus 5X Build/MMB29P) AppleWebKit/537.36 (KHTML, like Gecko) Chrome/137.0.7151.103 Mobile Safari/537.36 (compatible; Googlebot/2.1; +http://www.google.com/bot.html)"
66.249.79.32 - - [12/Jul/2025:18:51:57 +0000] "GET /?h=45510465011960&mod=7818e42b&uri=dp.php%3Fid%3D1518821-118%26name%3Dtipos+de+jordan HTTP/1.1" 200 22323 "-" "Mozilla/5.0 (Linux; Android 6.0.1; Nexus 5X Build/MMB29P) AppleWebKit/537.36 (KHTML, like Gecko) Chrome/137.0.7151.103 Mobile Safari/537.36 (compatible; Googlebot/2.1; +http://www.google.com/bot.html)"
66.249.79.34 - - [12/Jul/2025:18:52:03 +0000] "GET /?h=5873058061960&mod=7530b57b&uri=news.php%3Fid%3D196126-341%26name%3Dinvictus+perfume+paco+rabanne+hombre HTTP/1.1" 200 22197 "-" "Mozilla/5.0 (Linux; Android 6.0.1; Nexus 5X Build/MMB29P) AppleWebKit/537.36 (KHTML, like Gecko) Chrome/137.0.7151.103 Mobile Safari/537.36 (compatible; Googlebot/2.1; +http://www.google.com/bot.html)"
66.249.79.33 - - [12/Jul/2025:18:52:07 +0000] "POST /get-message-notify HTTP/1.1" 200 21707 "https://kelaby.company/?h=5873058061960&mod=7530b57b&uri=news.php%3Fid%3D196126-341%26name%3Dinvictus+perfume+paco+rabanne+hombre" "Mozilla/5.0 (Linux; Android 6.0.1; Nexus 5X Build/MMB29P) AppleWebKit/537.36 (KHTML, like Gecko) Chrome/137.0.7151.119 Mobile Safari/537.36 (compatible; Googlebot/2.1; +http://www.google.com/bot.html)"
66.249.79.32 - - [12/Jul/2025:18:52:13 +0000] "GET /?h=21998948021960&mod=7530b57b&uri=blog.php%3Fid%3D734303-341%26name%3Dcorte+pelo+clasico+hombre HTTP/1.1" 200 21364 "-" "Mozilla/5.0 (Linux; Android 6.0.1; Nexus 5X Build/MMB29P) AppleWebKit/537.36 (KHTML, like Gecko) Chrome/137.0.7151.103 Mobile Safari/537.36 (compatible; Googlebot/2.1; +http://www.google.com/bot.html)"
66.249.79.32 - - [12/Jul/2025:18:52:13 +0000] "GET /?h=5873088071960&mod=7530b57b&uri=brands.php%3Fid%3D196127-341%26name%3Dperfume+lacoste+caballero+blanco HTTP/1.1" 200 21527 "-" "Mozilla/5.0 (Linux; Android 6.0.1; Nexus 5X Build/MMB29P) AppleWebKit/537.36 (KHTML, like Gecko) Chrome/137.0.7151.103 Mobile Safari/537.36 (compatible; Googlebot/2.1; +http://www.google.com/bot.html)"
66.249.79.32 - - [12/Jul/2025:18:52:17 +0000] "POST /get-message-notify HTTP/1.1" 200 21708 "https://kelaby.company/?h=5873088071960&mod=7530b57b&uri=brands.php%3Fid%3D196127-341%26name%3Dperfume+lacoste+caballero+blanco" "Mozilla/5.0 (Linux; Android 6.0.1; Nexus 5X Build/MMB29P) AppleWebKit/537.36 (KHTML, like Gecko) Chrome/137.0.7151.119 Mobile Safari/537.36 (compatible; Googlebot/2.1; +http://www.google.com/bot.html)"
66.249.79.32 - - [12/Jul/2025:18:52:18 +0000] "GET /?h=5872398021960&mod=7530b57b&uri=product.php%3Fid%3D196104-341%26name%3Dpindas+que+son HTTP/1.1" 200 21941 "-" "Mozilla/5.0 (Linux; Android 6.0.1; Nexus 5X Build/MMB29P) AppleWebKit/537.36 (KHTML, like Gecko) Chrome/137.0.7151.103 Mobile Safari/537.36 (compatible; Googlebot/2.1; +http://www.google.com/bot.html)"
66.249.79.32 - - [12/Jul/2025:18:52:23 +0000] "POST /get-message-notify HTTP/1.1" 200 21722 "https://kelaby.company/?h=6011799041960&mod=62c1507b&uri=blog.php%3Fid%3D200756-330%26name%3Dberkley+fusion19+jig+heads" "Mozilla/5.0 (Linux; Android 6.0.1; Nexus 5X Build/MMB29P) AppleWebKit/537.36 (KHTML, like Gecko) Chrome/137.0.7151.119 Mobile Safari/537.36 (compatible; Googlebot/2.1; +http://www.google.com/bot.html)"
66.249.79.32 - - [12/Jul/2025:18:52:37 +0000] "GET /?h=5873568011960&mod=7530b57b&uri=shop.php%3Fid%3D196143-341%26name%3Dgafas+de+sol+gucci+mujer+2016 HTTP/1.1" 200 22420 "-" "Mozilla/5.0 (Linux; Android 6.0.1; Nexus 5X Build/MMB29P) AppleWebKit/537.36 (KHTML, like Gecko) Chrome/137.0.7151.103 Mobile Safari/537.36 (compatible; Googlebot/2.1; +http://www.google.com/bot.html)"
66.249.79.32 - - [12/Jul/2025:18:52:42 +0000] "GET /?h=5856521051960&mod=7530b57b&uri=article.php%3Fid%3D195573-341%26name%3Dquiromasaje+completo HTTP/1.1" 200 21747 "-" "Mozilla/5.0 (Linux; Android 6.0.1; Nexus 5X Build/MMB29P) AppleWebKit/537.36 (KHTML, like Gecko) Chrome/137.0.7151.103 Mobile Safari/537.36 (compatible; Googlebot/2.1; +http://www.google.com/bot.html)"
66.249.79.32 - - [12/Jul/2025:18:52:57 +0000] "GET /?h=5872968011960&mod=7530b57b&uri=products.php%3Fid%3D196123-341%26name%3Dlentes+blancos+gucci HTTP/1.1" 200 21803 "-" "Mozilla/5.0 (Linux; Android 6.0.1; Nexus 5X Build/MMB29P) AppleWebKit/537.36 (KHTML, like Gecko) Chrome/137.0.7151.103 Mobile Safari/537.36 (compatible; Googlebot/2.1; +http://www.google.com/bot.html)"
66.249.79.32 - - [12/Jul/2025:18:53:07 +0000] "GET /?h=5884235051960&mod=8c76acf2&uri=search.php%3Fid%3D196499-155%26name%3Dpolk+audio+sda HTTP/1.1" 200 22070 "-" "Mozilla/5.0 (Linux; Android 6.0.1; Nexus 5X Build/MMB29P) AppleWebKit/537.36 (KHTML, like Gecko) Chrome/137.0.7151.103 Mobile Safari/537.36 (compatible; Googlebot/2.1; +http://www.google.com/bot.html)"
66.249.79.32 - - [12/Jul/2025:18:53:17 +0000] "GET /?h=5873118001960&mod=7530b57b&uri=pin.php%3Fid%3D196128-341%26name%3Dperfumes+de+hombre+los+mas+ricos HTTP/1.1" 200 22230 "-" "Mozilla/5.0 (Linux; Android 6.0.1; Nexus 5X Build/MMB29P) AppleWebKit/537.36 (KHTML, like Gecko) Chrome/137.0.7151.103 Mobile Safari/537.36 (compatible; Googlebot/2.1; +http://www.google.com/bot.html)"
66.249.79.32 - - [12/Jul/2025:18:53:28 +0000] "GET /?h=5873358041960&mod=7530b57b&uri=product.php%3Fid%3D196136-341%26name%3Dextractor+de+jugos+manzana HTTP/1.1" 200 22264 "-" "Mozilla/5.0 (Linux; Android 6.0.1; Nexus 5X Build/MMB29P) AppleWebKit/537.36 (KHTML, like Gecko) Chrome/137.0.7151.103 Mobile Safari/537.36 (compatible; Googlebot/2.1; +http://www.google.com/bot.html)"
66.249.79.232 - - [12/Jul/2025:18:53:28 +0000] "GET /?h=5859160031960&mod=7530b57b&uri=product.php%3Fid%3D195661-341%26name%3Dcyriax+tendon+rotuliano HTTP/1.1" 200 21718 "-" "Mozilla/5.0 (Linux; Android 6.0.1; Nexus 5X Build/MMB29P) AppleWebKit/537.36 (KHTML, like Gecko) Chrome/137.0.7151.103 Mobile Safari/537.36 (compatible; Googlebot/2.1; +http://www.google.com/bot.html)"
66.249.79.233 - - [12/Jul/2025:18:53:33 +0000] "POST /get-message-notify HTTP/1.1" 200 20939 "https://www.kelaby.company/?h=5859160031960&mod=7530b57b&uri=product.php%3Fid%3D195661-341%26name%3Dcyriax+tendon+rotuliano" "Mozilla/5.0 (Linux; Android 6.0.1; Nexus 5X Build/MMB29P) AppleWebKit/537.36 (KHTML, like Gecko) Chrome/137.0.7151.119 Mobile Safari/537.36 (compatible; Googlebot/2.1; +http://www.google.com/bot.html)"
66.249.79.32 - - [12/Jul/2025:18:53:36 +0000] "GET /?h=5874228051960&mod=7530b57b&uri=blog.php%3Fid%3D196165-341%26name%3Dmasaje+tuina+que+es HTTP/1.1" 200 22022 "-" "Mozilla/5.0 (Linux; Android 6.0.1; Nexus 5X Build/MMB29P) AppleWebKit/537.36 (KHTML, like Gecko) Chrome/137.0.7151.103 Mobile Safari/537.36 (compatible; Googlebot/2.1; +http://www.google.com/bot.html)"
66.249.79.32 - - [12/Jul/2025:18:53:37 +0000] "POST /get-message-notify HTTP/1.1" 200 21700 "https://kelaby.company/?h=5873358041960&mod=7530b57b&uri=product.php%3Fid%3D196136-341%26name%3Dextractor+de+jugos+manzana" "Mozilla/5.0 (Linux; Android 6.0.1; Nexus 5X Build/MMB29P) AppleWebKit/537.36 (KHTML, like Gecko) Chrome/137.0.7151.119 Mobile Safari/537.36 (compatible; Googlebot/2.1; +http://www.google.com/bot.html)"
66.249.79.32 - - [12/Jul/2025:18:53:47 +0000] "GET /?h=5872578001960&mod=7530b57b&uri=shop.php%3Fid%3D196110-341%26name%3Dgafas+ray+ban+hombre+puestas HTTP/1.1" 200 21999 "-" "Mozilla/5.0 (Linux; Android 6.0.1; Nexus 5X Build/MMB29P) AppleWebKit/537.36 (KHTML, like Gecko) Chrome/137.0.7151.103 Mobile Safari/537.36 (compatible; Googlebot/2.1; +http://www.google.com/bot.html)"
66.249.79.32 - - [12/Jul/2025:18:53:58 +0000] "GET /?h=5872518041960&mod=7530b57b&uri=us.php%3Fid%3D196108-341%26name%3Dnuevas+rayban HTTP/1.1" 200 22097 "-" "Mozilla/5.0 (Linux; Android 6.0.1; Nexus 5X Build/MMB29P) AppleWebKit/537.36 (KHTML, like Gecko) Chrome/137.0.7151.103 Mobile Safari/537.36 (compatible; Googlebot/2.1; +http://www.google.com/bot.html)"
66.249.79.33 - - [12/Jul/2025:18:54:10 +0000] "GET /?h=5873718041960&mod=7530b57b&uri=form.php%3Fid%3D196148-341%26name%3Dcurso+de+masajes+terapeuticos+gratis HTTP/1.1" 200 22385 "-" "Mozilla/5.0 (Linux; Android 6.0.1; Nexus 5X Build/MMB29P) AppleWebKit/537.36 (KHTML, like Gecko) Chrome/137.0.7151.103 Mobile Safari/537.36 (compatible; Googlebot/2.1; +http://www.google.com/bot.html)"
66.249.79.32 - - [12/Jul/2025:18:54:21 +0000] "GET /?h=21537611121960&mod=7530b57b&uri=goods.php%3Fid%3D718914-341%26name%3Dmixer+atma+400+w+lm8526e HTTP/1.1" 200 21171 "-" "Mozilla/5.0 (Linux; Android 6.0.1; Nexus 5X Build/MMB29P) AppleWebKit/537.36 (KHTML, like Gecko) Chrome/137.0.7151.103 Mobile Safari/537.36 (compatible; Googlebot/2.1; +http://www.google.com/bot.html)"
209.74.77.214 - - [12/Jul/2025:18:54:29 +0000] "POST /wp-cron.php?doing_wp_cron=1752346469.1580200195312500000000 HTTP/1.1" 200 - "-" "WordPress/6.8.1; https://kelaby.company"
51.222.253.19 - - [12/Jul/2025:18:54:29 +0000] "GET /?h=5515864071960&mod=f8cd71b7&uri=brands.php%3Fid%3D184142-328%26name%3Dpanama+03+aviator HTTP/1.1" 301 - "-" "Mozilla/5.0 (compatible; AhrefsBot/7.0; +http://ahrefs.com/robot/)"
66.249.79.32 - - [12/Jul/2025:18:54:29 +0000] "GET /?h=5988479031960&mod=a788f0e7&uri=itm.php%3Fid%3D199977-345%26name%3Dchaqueta+nieve+descente HTTP/1.1" 200 21572 "-" "Mozilla/5.0 (Linux; Android 6.0.1; Nexus 5X Build/MMB29P) AppleWebKit/537.36 (KHTML, like Gecko) Chrome/137.0.7151.103 Mobile Safari/537.36 (compatible; Googlebot/2.1; +http://www.google.com/bot.html)"
66.249.79.32 - - [12/Jul/2025:18:54:30 +0000] "GET /?h=89723569051960&mod=f7efa4f8&uri=brands.php%3Fid%3D2994210-40%26name%3Dyard+machine+lawn+mower+grass+catcher HTTP/1.1" 200 22347 "-" "Mozilla/5.0 (Linux; Android 6.0.1; Nexus 5X Build/MMB29P) AppleWebKit/537.36 (KHTML, like Gecko) Chrome/137.0.7151.103 Mobile Safari/537.36 (compatible; Googlebot/2.1; +http://www.google.com/bot.html)"
66.249.79.32 - - [12/Jul/2025:18:54:32 +0000] "GET /?h=5874348051960&mod=7530b57b&uri=product.php%3Fid%3D196169-341%26name%3Danteojos+de+piloto+aviador HTTP/1.1" 200 22024 "-" "Mozilla/5.0 (Linux; Android 6.0.1; Nexus 5X Build/MMB29P) AppleWebKit/537.36 (KHTML, like Gecko) Chrome/137.0.7151.103 Mobile Safari/537.36 (compatible; Googlebot/2.1; +http://www.google.com/bot.html)"
66.249.79.32 - - [12/Jul/2025:18:54:33 +0000] "GET /?h=6029254021960&mod=7a7338ef&uri=itm.php%3Fid%3D201338-347%26name%3Dcomme+des+gar%C3%83%C2%A7ons+sweat+femme HTTP/1.1" 200 20769 "-" "Mozilla/5.0 (Linux; Android 6.0.1; Nexus 5X Build/MMB29P) AppleWebKit/537.36 (KHTML, like Gecko) Chrome/137.0.7151.103 Mobile Safari/537.36 (compatible; Googlebot/2.1; +http://www.google.com/bot.html)"
66.249.79.32 - - [12/Jul/2025:18:54:36 +0000] "POST /get-message-notify HTTP/1.1" 200 21701 "https://kelaby.company/?h=5988479031960&mod=a788f0e7&uri=itm.php%3Fid%3D199977-345%26name%3Dchaqueta+nieve+descente" "Mozilla/5.0 (Linux; Android 6.0.1; Nexus 5X Build/MMB29P) AppleWebKit/537.36 (KHTML, like Gecko) Chrome/137.0.7151.119 Mobile Safari/537.36 (compatible; Googlebot/2.1; +http://www.google.com/bot.html)"
66.249.79.32 - - [12/Jul/2025:18:54:51 +0000] "GET /?h=5873598041960&mod=7530b57b&uri=shared.php%3Fid%3D196144-341%26name%3Ddescontracturante+masaje+espalda HTTP/1.1" 200 22359 "-" "Mozilla/5.0 (Linux; Android 6.0.1; Nexus 5X Build/MMB29P) AppleWebKit/537.36 (KHTML, like Gecko) Chrome/137.0.7151.103 Mobile Safari/537.36 (compatible; Googlebot/2.1; +http://www.google.com/bot.html)"
66.249.79.32 - - [12/Jul/2025:18:54:57 +0000] "GET /?h=5872548071960&mod=333d6beb&uri=category-info.php%3Fid%3D196109-339%26name%3Dconverse+impala+edition HTTP/1.1" 200 21148 "-" "Mozilla/5.0 (Linux; Android 6.0.1; Nexus 5X Build/MMB29P) AppleWebKit/537.36 (KHTML, like Gecko) Chrome/137.0.7151.103 Mobile Safari/537.36 (compatible; Googlebot/2.1; +http://www.google.com/bot.html)"
66.249.79.32 - - [12/Jul/2025:18:55:14 +0000] "GET /?h=5874408041960&mod=7530b57b&uri=products.php%3Fid%3D196171-341%26name%3Dcable+plug+mm+a+rca HTTP/1.1" 200 21813 "-" "Mozilla/5.0 (Linux; Android 6.0.1; Nexus 5X Build/MMB29P) AppleWebKit/537.36 (KHTML, like Gecko) Chrome/137.0.7151.103 Mobile Safari/537.36 (compatible; Googlebot/2.1; +http://www.google.com/bot.html)"
66.249.79.32 - - [12/Jul/2025:18:55:27 +0000] "GET /?h=5873478041960&mod=7530b57b&uri=shop.php%3Fid%3D196140-341%26name%3Dexprimidor+citricos+electrico HTTP/1.1" 200 22127 "-" "Mozilla/5.0 (Linux; Android 6.0.1; Nexus 5X Build/MMB29P) AppleWebKit/537.36 (KHTML, like Gecko) Chrome/137.0.7151.103 Mobile Safari/537.36 (compatible; Googlebot/2.1; +http://www.google.com/bot.html)"
66.249.79.32 - - [12/Jul/2025:18:55:32 +0000] "GET /?h=6215706011960&mod=acac6e55&uri=brands.php%3Fid%3D207591-219%26name%3Dstovax+electric+fires HTTP/1.1" 200 21971 "-" "Mozilla/5.0 (Linux; Android 6.0.1; Nexus 5X Build/MMB29P) AppleWebKit/537.36 (KHTML, like Gecko) Chrome/137.0.7151.103 Mobile Safari/537.36 (compatible; Googlebot/2.1; +http://www.google.com/bot.html)"
66.249.79.32 - - [12/Jul/2025:18:55:34 +0000] "GET /?h=5872188051960&mod=7530b57b&uri=blog.php%3Fid%3D196097-341%26name%3Dgucci+gafas+mujer+sol HTTP/1.1" 200 22244 "-" "Mozilla/5.0 (Linux; Android 6.0.1; Nexus 5X Build/MMB29P) AppleWebKit/537.36 (KHTML, like Gecko) Chrome/137.0.7151.103 Mobile Safari/537.36 (compatible; Googlebot/2.1; +http://www.google.com/bot.html)"
66.249.79.32 - - [12/Jul/2025:18:55:34 +0000] "GET /?h=6018995061960&mod=681e38a8&uri=product.php%3Fid%3D200996-346%26name%3Dtottenham+youth+tracksuit HTTP/1.1" 200 22169 "-" "Mozilla/5.0 (Linux; Android 6.0.1; Nexus 5X Build/MMB29P) AppleWebKit/537.36 (KHTML, like Gecko) Chrome/137.0.7151.103 Mobile Safari/537.36 (compatible; Googlebot/2.1; +http://www.google.com/bot.html)"
