66.249.79.32 - - [12/Jul/2025:18:55:37 +0000] "POST /get-message-notify HTTP/1.1" 200 21715 "https://kelaby.company/?h=6215706011960&mod=acac6e55&uri=brands.php%3Fid%3D207591-219%26name%3Dstovax+electric+fires" "Mozilla/5.0 (Linux; Android 6.0.1; Nexus 5X Build/MMB29P) AppleWebKit/537.36 (KHTML, like Gecko) Chrome/137.0.7151.119 Mobile Safari/537.36 (compatible; Googlebot/2.1; +http://www.google.com/bot.html)"
66.249.79.32 - - [12/Jul/2025:18:55:40 +0000] "GET /?h=5872668061960&mod=7530b57b&uri=blog.php%3Fid%3D196113-341%26name%3Dvasos+para+postres+vidrio+con+tapa HTTP/1.1" 200 22153 "-" "Mozilla/5.0 (Linux; Android 6.0.1; Nexus 5X Build/MMB29P) AppleWebKit/537.36 (KHTML, like Gecko) Chrome/137.0.7151.103 Mobile Safari/537.36 (compatible; Googlebot/2.1; +http://www.google.com/bot.html)"
66.249.79.32 - - [12/Jul/2025:18:55:43 +0000] "POST /get-message-notify HTTP/1.1" 200 21730 "https://kelaby.company/?h=6018995061960&mod=681e38a8&uri=product.php%3Fid%3D200996-346%26name%3Dtottenham+youth+tracksuit" "Mozilla/5.0 (Linux; Android 6.0.1; Nexus 5X Build/MMB29P) AppleWebKit/537.36 (KHTML, like Gecko) Chrome/137.0.7151.119 Mobile Safari/537.36 (compatible; Googlebot/2.1; +http://www.google.com/bot.html)"
66.249.79.32 - - [12/Jul/2025:18:55:51 +0000] "GET /?h=5872848071960&mod=7530b57b&uri=info.php%3Fid%3D196119-341%26name%3Dcable+auxiliar+de+audio+y+video HTTP/1.1" 200 21893 "-" "Mozilla/5.0 (Linux; Android 6.0.1; Nexus 5X Build/MMB29P) AppleWebKit/537.36 (KHTML, like Gecko) Chrome/137.0.7151.103 Mobile Safari/537.36 (compatible; Googlebot/2.1; +http://www.google.com/bot.html)"
66.249.79.33 - - [12/Jul/2025:18:56:03 +0000] "GET /?h=5872818021960&mod=7530b57b&uri=dp.php%3Fid%3D196118-341%26name%3Daparatologia+masajes HTTP/1.1" 200 22085 "-" "Mozilla/5.0 (Linux; Android 6.0.1; Nexus 5X Build/MMB29P) AppleWebKit/537.36 (KHTML, like Gecko) Chrome/137.0.7151.103 Mobile Safari/537.36 (compatible; Googlebot/2.1; +http://www.google.com/bot.html)"
66.249.79.32 - - [12/Jul/2025:18:56:06 +0000] "POST /get-message-notify HTTP/1.1" 200 21703 "https://kelaby.company/?h=5873478041960&mod=7530b57b&uri=shop.php%3Fid%3D196140-341%26name%3Dexprimidor+citricos+electrico" "Mozilla/5.0 (Linux; Android 6.0.1; Nexus 5X Build/MMB29P) AppleWebKit/537.36 (KHTML, like Gecko) Chrome/137.0.7151.119 Mobile Safari/537.36 (compatible; Googlebot/2.1; +http://www.google.com/bot.html)"
66.249.79.33 - - [12/Jul/2025:18:56:09 +0000] "GET /?h=6230350001960&mod=acac6e55&uri=dp.php%3Fid%3D208088-219%26name%3Dnash+dwarf+9ft+abbreviated HTTP/1.1" 200 22101 "-" "Mozilla/5.0 (Linux; Android 6.0.1; Nexus 5X Build/MMB29P) AppleWebKit/537.36 (KHTML, like Gecko) Chrome/137.0.7151.103 Mobile Safari/537.36 (compatible; Googlebot/2.1; +http://www.google.com/bot.html)"
66.249.79.32 - - [12/Jul/2025:18:56:13 +0000] "POST /get-message-notify HTTP/1.1" 200 21701 "https://kelaby.company/?h=6230350001960&mod=acac6e55&uri=dp.php%3Fid%3D208088-219%26name%3Dnash+dwarf+9ft+abbreviated" "Mozilla/5.0 (Linux; Android 6.0.1; Nexus 5X Build/MMB29P) AppleWebKit/537.36 (KHTML, like Gecko) Chrome/137.0.7151.119 Mobile Safari/537.36 (compatible; Googlebot/2.1; +http://www.google.com/bot.html)"
66.249.79.32 - - [12/Jul/2025:18:56:22 +0000] "GET /?h=5856521021960&mod=7530b57b&uri=blog.php%3Fid%3D195573-341%26name%3Dquiromasaje+completo HTTP/1.1" 200 21864 "-" "Mozilla/5.0 (Linux; Android 6.0.1; Nexus 5X Build/MMB29P) AppleWebKit/537.36 (KHTML, like Gecko) Chrome/137.0.7151.103 Mobile Safari/537.36 (compatible; Googlebot/2.1; +http://www.google.com/bot.html)"
66.249.79.32 - - [12/Jul/2025:18:56:25 +0000] "POST /get-message-notify HTTP/1.1" 200 21693 "https://kelaby.company/?h=5856521021960&mod=7530b57b&uri=blog.php%3Fid%3D195573-341%26name%3Dquiromasaje+completo" "Mozilla/5.0 (Linux; Android 6.0.1; Nexus 5X Build/MMB29P) AppleWebKit/537.36 (KHTML, like Gecko) Chrome/137.0.7151.119 Mobile Safari/537.36 (compatible; Googlebot/2.1; +http://www.google.com/bot.html)"
66.249.79.32 - - [12/Jul/2025:18:56:27 +0000] "GET /?h=5872248071960&mod=7530b57b&uri=product.php%3Fid%3D196099-341%26name%3Dpiedras+volc%C3%83%C2%A1nicas+beneficios HTTP/1.1" 200 21984 "-" "Mozilla/5.0 (Linux; Android 6.0.1; Nexus 5X Build/MMB29P) AppleWebKit/537.36 (KHTML, like Gecko) Chrome/137.0.7151.103 Mobile Safari/537.36 (compatible; Googlebot/2.1; +http://www.google.com/bot.html)"
66.249.79.32 - - [12/Jul/2025:18:56:34 +0000] "GET /?h=6003534081960&mod=62c1507b&uri=blog.php%3Fid%3D200480-330%26name%3Dgulp+mullet HTTP/1.1" 200 21887 "-" "Mozilla/5.0 (Linux; Android 6.0.1; Nexus 5X Build/MMB29P) AppleWebKit/537.36 (KHTML, like Gecko) Chrome/137.0.7151.103 Mobile Safari/537.36 (compatible; Googlebot/2.1; +http://www.google.com/bot.html)"
66.249.79.32 - - [12/Jul/2025:18:56:44 +0000] "GET /?h=5873298001960&mod=7530b57b&uri=brands.php%3Fid%3D196134-341%26name%3Dlentes+aviador+para+cara+redonda HTTP/1.1" 200 21920 "-" "Mozilla/5.0 (Linux; Android 6.0.1; Nexus 5X Build/MMB29P) AppleWebKit/537.36 (KHTML, like Gecko) Chrome/137.0.7151.103 Mobile Safari/537.36 (compatible; Googlebot/2.1; +http://www.google.com/bot.html)"
66.249.79.32 - - [12/Jul/2025:18:56:47 +0000] "POST /get-message-notify HTTP/1.1" 200 21700 "https://kelaby.company/?h=5873298001960&mod=7530b57b&uri=brands.php%3Fid%3D196134-341%26name%3Dlentes+aviador+para+cara+redonda" "Mozilla/5.0 (Linux; Android 6.0.1; Nexus 5X Build/MMB29P) AppleWebKit/537.36 (KHTML, like Gecko) Chrome/137.0.7151.119 Mobile Safari/537.36 (compatible; Googlebot/2.1; +http://www.google.com/bot.html)"
66.249.79.32 - - [12/Jul/2025:18:56:49 +0000] "GET /?h=45704477001960&mod=7530b57b&uri=form.php%3Fid%3D1525297-341%26name%3Dagv+k1+sole+luna HTTP/1.1" 200 21582 "-" "Mozilla/5.0 (Linux; Android 6.0.1; Nexus 5X Build/MMB29P) AppleWebKit/537.36 (KHTML, like Gecko) Chrome/137.0.7151.103 Mobile Safari/537.36 (compatible; Googlebot/2.1; +http://www.google.com/bot.html)"
66.249.79.32 - - [12/Jul/2025:18:56:51 +0000] "GET /?h=6269065011960&mod=a98bf9c1&uri=news.php%3Fid%3D209391-117%26name%3Dreloj+de+the+beatles HTTP/1.1" 200 22146 "-" "Mozilla/5.0 (Linux; Android 6.0.1; Nexus 5X Build/MMB29P) AppleWebKit/537.36 (KHTML, like Gecko) Chrome/137.0.7151.103 Mobile Safari/537.36 (compatible; Googlebot/2.1; +http://www.google.com/bot.html)"
66.249.79.32 - - [12/Jul/2025:18:56:58 +0000] "GET /?h=5874048011960&mod=7530b57b&uri=info.php%3Fid%3D196159-341%26name%3Dmasaje+reductivo+espalda HTTP/1.1" 200 21994 "-" "Mozilla/5.0 (Linux; Android 6.0.1; Nexus 5X Build/MMB29P) AppleWebKit/537.36 (KHTML, like Gecko) Chrome/137.0.7151.103 Mobile Safari/537.36 (compatible; Googlebot/2.1; +http://www.google.com/bot.html)"
66.249.79.32 - - [12/Jul/2025:18:57:09 +0000] "GET /?h=5872638001960&mod=7530b57b&uri=us.php%3Fid%3D196112-341%26name%3Dcasco+integral+ls2+ff352 HTTP/1.1" 200 22020 "-" "Mozilla/5.0 (Linux; Android 6.0.1; Nexus 5X Build/MMB29P) AppleWebKit/537.36 (KHTML, like Gecko) Chrome/137.0.7151.103 Mobile Safari/537.36 (compatible; Googlebot/2.1; +http://www.google.com/bot.html)"
66.249.79.32 - - [12/Jul/2025:18:57:12 +0000] "POST /get-message-notify HTTP/1.1" 200 21718 "https://kelaby.company/?h=5872638001960&mod=7530b57b&uri=us.php%3Fid%3D196112-341%26name%3Dcasco+integral+ls2+ff352" "Mozilla/5.0 (Linux; Android 6.0.1; Nexus 5X Build/MMB29P) AppleWebKit/537.36 (KHTML, like Gecko) Chrome/137.0.7151.119 Mobile Safari/537.36 (compatible; Googlebot/2.1; +http://www.google.com/bot.html)"
209.74.77.214 - - [12/Jul/2025:18:57:18 +0000] "POST /wp-cron.php?doing_wp_cron=1752346638.2991819381713867187500 HTTP/1.1" 200 - "-" "WordPress/6.8.1; https://kelaby.company"
51.222.253.8 - - [12/Jul/2025:18:57:18 +0000] "GET /?h=56974075011960&mod=ea3aed2b&uri=category-info.php%3Fid%3D1901249-70%26name%3Dnutribullet+pro+plus+stores HTTP/1.1" 301 - "-" "Mozilla/5.0 (compatible; AhrefsBot/7.0; +http://ahrefs.com/robot/)"
66.249.79.32 - - [12/Jul/2025:18:57:20 +0000] "GET /?h=5873838001960&mod=7530b57b&uri=form.php%3Fid%3D196152-341%26name%3Dcolonia+de+dolce+gabbana+de+hombre HTTP/1.1" 200 21868 "-" "Mozilla/5.0 (Linux; Android 6.0.1; Nexus 5X Build/MMB29P) AppleWebKit/537.36 (KHTML, like Gecko) Chrome/137.0.7151.103 Mobile Safari/537.36 (compatible; Googlebot/2.1; +http://www.google.com/bot.html)"
66.249.79.32 - - [12/Jul/2025:18:57:32 +0000] "GET /?h=5987789111960&mod=a788f0e7&uri=product.php%3Fid%3D199954-345%26name%3Dpantalon+nieve+decimas HTTP/1.1" 200 21888 "-" "Mozilla/5.0 (Linux; Android 6.0.1; Nexus 5X Build/MMB29P) AppleWebKit/537.36 (KHTML, like Gecko) Chrome/137.0.7151.103 Mobile Safari/537.36 (compatible; Googlebot/2.1; +http://www.google.com/bot.html)"
66.249.79.32 - - [12/Jul/2025:18:57:43 +0000] "GET /?h=5996650041960&mod=62c1507b&uri=product.php%3Fid%3D200250-330%26name%3Dtrd+rig HTTP/1.1" 200 22244 "-" "Mozilla/5.0 (Linux; Android 6.0.1; Nexus 5X Build/MMB29P) AppleWebKit/537.36 (KHTML, like Gecko) Chrome/137.0.7151.103 Mobile Safari/537.36 (compatible; Googlebot/2.1; +http://www.google.com/bot.html)"
66.249.79.32 - - [12/Jul/2025:18:57:48 +0000] "POST /get-message-notify HTTP/1.1" 200 21713 "https://kelaby.company/?h=5996650041960&mod=62c1507b&uri=product.php%3Fid%3D200250-330%26name%3Dtrd+rig" "Mozilla/5.0 (Linux; Android 6.0.1; Nexus 5X Build/MMB29P) AppleWebKit/537.36 (KHTML, like Gecko) Chrome/137.0.7151.119 Mobile Safari/537.36 (compatible; Googlebot/2.1; +http://www.google.com/bot.html)"
66.249.79.32 - - [12/Jul/2025:18:57:55 +0000] "GET /?h=5996890001960&mod=a788f0e7&uri=shop.php%3Fid%3D200258-345%26name%3Dpantalon+corto+blanco+bebe HTTP/1.1" 200 22346 "-" "Mozilla/5.0 (Linux; Android 6.0.1; Nexus 5X Build/MMB29P) AppleWebKit/537.36 (KHTML, like Gecko) Chrome/137.0.7151.103 Mobile Safari/537.36 (compatible; Googlebot/2.1; +http://www.google.com/bot.html)"
66.249.79.32 - - [12/Jul/2025:18:57:59 +0000] "POST /get-message-notify HTTP/1.1" 200 21711 "https://kelaby.company/?h=5996890001960&mod=a788f0e7&uri=shop.php%3Fid%3D200258-345%26name%3Dpantalon+corto+blanco+bebe" "Mozilla/5.0 (Linux; Android 6.0.1; Nexus 5X Build/MMB29P) AppleWebKit/537.36 (KHTML, like Gecko) Chrome/137.0.7151.119 Mobile Safari/537.36 (compatible; Googlebot/2.1; +http://www.google.com/bot.html)"
66.249.79.34 - - [12/Jul/2025:18:58:07 +0000] "GET /?h=5990909001960&mod=a788f0e7&uri=shared.php%3Fid%3D200058-345%26name%3Dmarcas+plumiferos+el+corte+ingles HTTP/1.1" 200 22580 "-" "Mozilla/5.0 (Linux; Android 6.0.1; Nexus 5X Build/MMB29P) AppleWebKit/537.36 (KHTML, like Gecko) Chrome/137.0.7151.103 Mobile Safari/537.36 (compatible; Googlebot/2.1; +http://www.google.com/bot.html)"
66.249.79.32 - - [12/Jul/2025:18:58:34 +0000] "GET /?h=5998330001960&mod=a788f0e7&uri=products.php%3Fid%3D200306-345%26name%3Dchamarras+de+piel+con+protecciones HTTP/1.1" 200 22408 "-" "Mozilla/5.0 (Linux; Android 6.0.1; Nexus 5X Build/MMB29P) AppleWebKit/537.36 (KHTML, like Gecko) Chrome/137.0.7151.103 Mobile Safari/537.36 (compatible; Googlebot/2.1; +http://www.google.com/bot.html)"
66.249.79.32 - - [12/Jul/2025:18:58:34 +0000] "GET /?h=67433675041960&mod=2b094148&uri=products.php%3Fid%3D2250315-427%26name%3Dtricity+155+recensioni HTTP/1.1" 200 21575 "-" "Mozilla/5.0 (Linux; Android 6.0.1; Nexus 5X Build/MMB29P) AppleWebKit/537.36 (KHTML, like Gecko) Chrome/137.0.7151.103 Mobile Safari/537.36 (compatible; Googlebot/2.1; +http://www.google.com/bot.html)"
66.249.79.32 - - [12/Jul/2025:18:58:39 +0000] "GET /?h=5988509041960&mod=a788f0e7&uri=product.php%3Fid%3D199978-345%26name%3Dropa+americana+poleras HTTP/1.1" 200 22292 "-" "Mozilla/5.0 (Linux; Android 6.0.1; Nexus 5X Build/MMB29P) AppleWebKit/537.36 (KHTML, like Gecko) Chrome/137.0.7151.103 Mobile Safari/537.36 (compatible; Googlebot/2.1; +http://www.google.com/bot.html)"
66.249.79.32 - - [12/Jul/2025:18:58:48 +0000] "GET /?h=5999050021960&mod=62c1507b&uri=category-info.php%3Fid%3D200330-330%26name%3Dberkley+crazy+legs+chigger+craw HTTP/1.1" 200 22507 "-" "Mozilla/5.0 (Linux; Android 6.0.1; Nexus 5X Build/MMB29P) AppleWebKit/537.36 (KHTML, like Gecko) Chrome/137.0.7151.103 Mobile Safari/537.36 (compatible; Googlebot/2.1; +http://www.google.com/bot.html)"
66.249.79.32 - - [12/Jul/2025:18:58:50 +0000] "POST /get-message-notify HTTP/1.1" 200 21701 "https://kelaby.company/?h=5988509041960&mod=a788f0e7&uri=product.php%3Fid%3D199978-345%26name%3Dropa+americana+poleras" "Mozilla/5.0 (Linux; Android 6.0.1; Nexus 5X Build/MMB29P) AppleWebKit/537.36 (KHTML, like Gecko) Chrome/137.0.7151.119 Mobile Safari/537.36 (compatible; Googlebot/2.1; +http://www.google.com/bot.html)"
66.249.79.32 - - [12/Jul/2025:18:58:51 +0000] "GET /?h=36438134061960&mod=8ae8e407&uri=goods.php%3Fid%3D1216170-454%26name%3Dlego+store+at+disneyland HTTP/1.1" 200 21614 "-" "Mozilla/5.0 (Linux; Android 6.0.1; Nexus 5X Build/MMB29P) AppleWebKit/537.36 (KHTML, like Gecko) Chrome/137.0.7151.103 Mobile Safari/537.36 (compatible; Googlebot/2.1; +http://www.google.com/bot.html)"
66.249.79.32 - - [12/Jul/2025:18:58:53 +0000] "GET /?h=5988269121960&mod=a788f0e7&uri=product.php%3Fid%3D199970-345%26name%3Dcaprile+vestidos+madrina HTTP/1.1" 200 21367 "-" "Mozilla/5.0 (Linux; Android 6.0.1; Nexus 5X Build/MMB29P) AppleWebKit/537.36 (KHTML, like Gecko) Chrome/137.0.7151.103 Mobile Safari/537.36 (compatible; Googlebot/2.1; +http://www.google.com/bot.html)"
66.249.79.32 - - [12/Jul/2025:18:59:10 +0000] "GET /?h=5988989001960&mod=a788f0e7&uri=form.php%3Fid%3D199994-345%26name%3Dropa+americana+exclusiva HTTP/1.1" 200 22235 "-" "Mozilla/5.0 (Linux; Android 6.0.1; Nexus 5X Build/MMB29P) AppleWebKit/537.36 (KHTML, like Gecko) Chrome/137.0.7151.103 Mobile Safari/537.36 (compatible; Googlebot/2.1; +http://www.google.com/bot.html)"
66.249.79.32 - - [12/Jul/2025:18:59:15 +0000] "GET /?h=6002154061960&mod=62c1507b&uri=article.php%3Fid%3D200434-330%26name%3Dtying+a+hair+rig HTTP/1.1" 200 21785 "-" "Mozilla/5.0 (Linux; Android 6.0.1; Nexus 5X Build/MMB29P) AppleWebKit/537.36 (KHTML, like Gecko) Chrome/137.0.7151.103 Mobile Safari/537.36 (compatible; Googlebot/2.1; +http://www.google.com/bot.html)"
66.249.79.32 - - [12/Jul/2025:18:59:32 +0000] "GET /?h=5994269021960&mod=a788f0e7&uri=info.php%3Fid%3D200170-345%26name%3Dvestidos+madrina+jorge+vazquez HTTP/1.1" 200 21454 "-" "Mozilla/5.0 (Linux; Android 6.0.1; Nexus 5X Build/MMB29P) AppleWebKit/537.36 (KHTML, like Gecko) Chrome/137.0.7151.103 Mobile Safari/537.36 (compatible; Googlebot/2.1; +http://www.google.com/bot.html)"
66.249.79.32 - - [12/Jul/2025:18:59:38 +0000] "GET /?h=5990189041960&mod=a788f0e7&uri=pin.php%3Fid%3D200034-345%26name%3Dchaqueta+snow+rip+curl+mujer HTTP/1.1" 200 22131 "-" "Mozilla/5.0 (Linux; Android 6.0.1; Nexus 5X Build/MMB29P) AppleWebKit/537.36 (KHTML, like Gecko) Chrome/137.0.7151.103 Mobile Safari/537.36 (compatible; Googlebot/2.1; +http://www.google.com/bot.html)"
66.249.79.32 - - [12/Jul/2025:18:59:41 +0000] "POST /get-message-notify HTTP/1.1" 200 21701 "https://kelaby.company/?h=5990189041960&mod=a788f0e7&uri=pin.php%3Fid%3D200034-345%26name%3Dchaqueta+snow+rip+curl+mujer" "Mozilla/5.0 (Linux; Android 6.0.1; Nexus 5X Build/MMB29P) AppleWebKit/537.36 (KHTML, like Gecko) Chrome/137.0.7151.119 Mobile Safari/537.36 (compatible; Googlebot/2.1; +http://www.google.com/bot.html)"
66.249.79.32 - - [12/Jul/2025:18:59:46 +0000] "GET /?h=5995930081960&mod=a788f0e7&uri=dp.php%3Fid%3D200226-345%26name%3Dremate+de+ropa+americana HTTP/1.1" 200 21613 "-" "Mozilla/5.0 (Linux; Android 6.0.1; Nexus 5X Build/MMB29P) AppleWebKit/537.36 (KHTML, like Gecko) Chrome/137.0.7151.103 Mobile Safari/537.36 (compatible; Googlebot/2.1; +http://www.google.com/bot.html)"
66.249.79.32 - - [12/Jul/2025:18:59:50 +0000] "GET /?h=5820499051960&mod=9bbcf8c9&uri=shop.php%3Fid%3D194371-336%26name%3Dshopper+piquadro HTTP/1.1" 200 21978 "-" "Mozilla/5.0 (Linux; Android 6.0.1; Nexus 5X Build/MMB29P) AppleWebKit/537.36 (KHTML, like Gecko) Chrome/137.0.7151.103 Mobile Safari/537.36 (compatible; Googlebot/2.1; +http://www.google.com/bot.html)"
66.249.79.32 - - [12/Jul/2025:18:59:53 +0000] "POST /get-message-notify HTTP/1.1" 200 21702 "https://kelaby.company/?h=5820499051960&mod=9bbcf8c9&uri=shop.php%3Fid%3D194371-336%26name%3Dshopper+piquadro" "Mozilla/5.0 (Linux; Android 6.0.1; Nexus 5X Build/MMB29P) AppleWebKit/537.36 (KHTML, like Gecko) Chrome/137.0.7151.119 Mobile Safari/537.36 (compatible; Googlebot/2.1; +http://www.google.com/bot.html)"
66.249.79.32 - - [12/Jul/2025:18:59:57 +0000] "GET /?h=6302512041960&mod=f7efa4f8&uri=pin.php%3Fid%3D210506-40%26name%3Dargos+drill+bits HTTP/1.1" 200 21519 "-" "Mozilla/5.0 (Linux; Android 6.0.1; Nexus 5X Build/MMB29P) AppleWebKit/537.36 (KHTML, like Gecko) Chrome/137.0.7151.103 Mobile Safari/537.36 (compatible; Googlebot/2.1; +http://www.google.com/bot.html)"
66.249.79.32 - - [12/Jul/2025:18:59:58 +0000] "GET /?h=5984448041960&mod=a788f0e7&uri=product.php%3Fid%3D199842-345%26name%3Dfardos+ropa+clinica HTTP/1.1" 200 20110 "-" "Mozilla/5.0 (Linux; Android 6.0.1; Nexus 5X Build/MMB29P) AppleWebKit/537.36 (KHTML, like Gecko) Chrome/137.0.7151.103 Mobile Safari/537.36 (compatible; Googlebot/2.1; +http://www.google.com/bot.html)"
66.249.79.33 - - [12/Jul/2025:19:00:02 +0000] "POST /get-message-notify HTTP/1.1" 200 21704 "https://kelaby.company/?h=6302512041960&mod=f7efa4f8&uri=pin.php%3Fid%3D210506-40%26name%3Dargos+drill+bits" "Mozilla/5.0 (Linux; Android 6.0.1; Nexus 5X Build/MMB29P) AppleWebKit/537.36 (KHTML, like Gecko) Chrome/137.0.7151.119 Mobile Safari/537.36 (compatible; Googlebot/2.1; +http://www.google.com/bot.html)"
66.249.79.33 - - [12/Jul/2025:19:00:09 +0000] "GET /?h=5989709041960&mod=a788f0e7&uri=us.php%3Fid%3D200018-345%26name%3Dguantes+esqui+lidl HTTP/1.1" 200 21678 "-" "Mozilla/5.0 (Linux; Android 6.0.1; Nexus 5X Build/MMB29P) AppleWebKit/537.36 (KHTML, like Gecko) Chrome/137.0.7151.103 Mobile Safari/537.36 (compatible; Googlebot/2.1; +http://www.google.com/bot.html)"
66.249.79.33 - - [12/Jul/2025:19:00:13 +0000] "POST /get-message-notify HTTP/1.1" 200 21697 "https://kelaby.company/?h=5989709041960&mod=a788f0e7&uri=us.php%3Fid%3D200018-345%26name%3Dguantes+esqui+lidl" "Mozilla/5.0 (Linux; Android 6.0.1; Nexus 5X Build/MMB29P) AppleWebKit/537.36 (KHTML, like Gecko) Chrome/137.0.7151.119 Mobile Safari/537.36 (compatible; Googlebot/2.1; +http://www.google.com/bot.html)"
66.249.79.32 - - [12/Jul/2025:19:00:15 +0000] "GET /?h=25118266051960&mod=6f0ab8ae&uri=pin.php%3Fid%3D838349-501%26name%3Demergency+vet+sunday HTTP/1.1" 200 22123 "-" "Mozilla/5.0 (Linux; Android 6.0.1; Nexus 5X Build/MMB29P) AppleWebKit/537.36 (KHTML, like Gecko) Chrome/137.0.7151.103 Mobile Safari/537.36 (compatible; Googlebot/2.1; +http://www.google.com/bot.html)"
66.249.79.32 - - [12/Jul/2025:19:00:20 +0000] "GET /?h=5998090041960&mod=a788f0e7&uri=dp.php%3Fid%3D200298-345%26name%3Dropa+conjunto+bebe+y+mama HTTP/1.1" 200 21763 "-" "Mozilla/5.0 (Linux; Android 6.0.1; Nexus 5X Build/MMB29P) AppleWebKit/537.36 (KHTML, like Gecko) Chrome/137.0.7151.103 Mobile Safari/537.36 (compatible; Googlebot/2.1; +http://www.google.com/bot.html)"
66.249.79.32 - - [12/Jul/2025:19:00:23 +0000] "POST /get-message-notify HTTP/1.1" 200 21691 "https://kelaby.company/?h=5998090041960&mod=a788f0e7&uri=dp.php%3Fid%3D200298-345%26name%3Dropa+conjunto+bebe+y+mama" "Mozilla/5.0 (Linux; Android 6.0.1; Nexus 5X Build/MMB29P) AppleWebKit/537.36 (KHTML, like Gecko) Chrome/137.0.7151.119 Mobile Safari/537.36 (compatible; Googlebot/2.1; +http://www.google.com/bot.html)"
209.74.77.214 - - [12/Jul/2025:19:00:35 +0000] "POST /wp-cron.php?doing_wp_cron=1752346834.9887599945068359375000 HTTP/1.1" 200 - "-" "WordPress/6.8.1; https://kelaby.company"
51.222.253.19 - - [12/Jul/2025:19:00:34 +0000] "GET /?h=58962408071960&mod=1f5940a5&uri=brands.php%3Fid%3D1967612-1355%26name%3Dabito+da+sposa+cercasi+puglia+repliche HTTP/1.1" 301 - "-" "Mozilla/5.0 (compatible; AhrefsBot/7.0; +http://ahrefs.com/robot/)"
66.249.79.32 - - [12/Jul/2025:19:00:40 +0000] "GET /?h=5988749081960&mod=a788f0e7&uri=form.php%3Fid%3D199986-345%26name%3Dcamiseta+esqui+mujer HTTP/1.1" 200 22094 "-" "Mozilla/5.0 (Linux; Android 6.0.1; Nexus 5X Build/MMB29P) AppleWebKit/537.36 (KHTML, like Gecko) Chrome/137.0.7151.103 Mobile Safari/537.36 (compatible; Googlebot/2.1; +http://www.google.com/bot.html)"
66.249.79.32 - - [12/Jul/2025:19:00:54 +0000] "GET /?h=42208053011960&mod=63a6cfc9&uri=form.php%3Fid%3D1408659-340%26name%3Dzapatillas+under+armour+basquet+blanco HTTP/1.1" 200 21509 "-" "Mozilla/5.0 (Linux; Android 6.0.1; Nexus 5X Build/MMB29P) AppleWebKit/537.36 (KHTML, like Gecko) Chrome/137.0.7151.103 Mobile Safari/537.36 (compatible; Googlebot/2.1; +http://www.google.com/bot.html)"
66.249.79.32 - - [12/Jul/2025:19:00:55 +0000] "GET /?h=6049584041960&mod=7a7338ef&uri=itm.php%3Fid%3D202016-347%26name%3Dsweat+levis+rose+homme HTTP/1.1" 200 21161 "-" "Mozilla/5.0 (Linux; Android 6.0.1; Nexus 5X Build/MMB29P) AppleWebKit/537.36 (KHTML, like Gecko) Chrome/137.0.7151.103 Mobile Safari/537.36 (compatible; Googlebot/2.1; +http://www.google.com/bot.html)"
66.249.79.34 - - [12/Jul/2025:19:01:08 +0000] "POST /get-message-notify HTTP/1.1" 200 21707 "https://kelaby.company/?h=6049584041960&mod=7a7338ef&uri=itm.php%3Fid%3D202016-347%26name%3Dsweat+levis+rose+homme" "Mozilla/5.0 (Linux; Android 6.0.1; Nexus 5X Build/MMB29P) AppleWebKit/537.36 (KHTML, like Gecko) Chrome/137.0.7151.119 Mobile Safari/537.36 (compatible; Googlebot/2.1; +http://www.google.com/bot.html)"
66.249.79.32 - - [12/Jul/2025:19:01:09 +0000] "GET /?h=6000730031960&mod=62c1507b&uri=article.php%3Fid%3D200386-330%26name%3Dcombi+rig+fluorocarbon HTTP/1.1" 200 22147 "-" "Mozilla/5.0 (Linux; Android 6.0.1; Nexus 5X Build/MMB29P) AppleWebKit/537.36 (KHTML, like Gecko) Chrome/137.0.7151.103 Mobile Safari/537.36 (compatible; Googlebot/2.1; +http://www.google.com/bot.html)"
66.249.79.33 - - [12/Jul/2025:19:01:14 +0000] "GET /?h=5985389061960&mod=a788f0e7&uri=product.php%3Fid%3D199874-345%26name%3Dabrigos+para+esquiar+hombre HTTP/1.1" 200 20621 "-" "Mozilla/5.0 (Linux; Android 6.0.1; Nexus 5X Build/MMB29P) AppleWebKit/537.36 (KHTML, like Gecko) Chrome/137.0.7151.103 Mobile Safari/537.36 (compatible; Googlebot/2.1; +http://www.google.com/bot.html)"
66.249.79.33 - - [12/Jul/2025:19:01:15 +0000] "POST /get-message-notify HTTP/1.1" 200 21693 "https://kelaby.company/?h=6000730031960&mod=62c1507b&uri=article.php%3Fid%3D200386-330%26name%3Dcombi+rig+fluorocarbon" "Mozilla/5.0 (Linux; Android 6.0.1; Nexus 5X Build/MMB29P) AppleWebKit/537.36 (KHTML, like Gecko) Chrome/137.0.7151.119 Mobile Safari/537.36 (compatible; Googlebot/2.1; +http://www.google.com/bot.html)"
66.249.79.32 - - [12/Jul/2025:19:01:20 +0000] "GET /?h=5989229041960&mod=a788f0e7&uri=search.php%3Fid%3D200002-345%26name%3Dvestidos+para+madrinas+bajitas HTTP/1.1" 200 21692 "-" "Mozilla/5.0 (Linux; Android 6.0.1; Nexus 5X Build/MMB29P) AppleWebKit/537.36 (KHTML, like Gecko) Chrome/137.0.7151.103 Mobile Safari/537.36 (compatible; Googlebot/2.1; +http://www.google.com/bot.html)"
66.249.79.32 - - [12/Jul/2025:19:01:24 +0000] "GET /?h=6324146021960&mod=f7efa4f8&uri=itm.php%3Fid%3D211232-40%26name%3Dmost+powerful+cordless+tools HTTP/1.1" 200 21832 "-" "Mozilla/5.0 (Linux; Android 6.0.1; Nexus 5X Build/MMB29P) AppleWebKit/537.36 (KHTML, like Gecko) Chrome/137.0.7151.103 Mobile Safari/537.36 (compatible; Googlebot/2.1; +http://www.google.com/bot.html)"
66.249.79.32 - - [12/Jul/2025:19:01:28 +0000] "GET /?h=5993069041960&mod=a788f0e7&uri=article.php%3Fid%3D200130-345%26name%3Dconjuntos+de+legis+para+ni%C3%83%C2%B1as HTTP/1.1" 200 22266 "-" "Mozilla/5.0 (Linux; Android 6.0.1; Nexus 5X Build/MMB29P) AppleWebKit/537.36 (KHTML, like Gecko) Chrome/137.0.7151.103 Mobile Safari/537.36 (compatible; Googlebot/2.1; +http://www.google.com/bot.html)"
66.249.79.32 - - [12/Jul/2025:19:01:40 +0000] "GET /?h=5900471051960&mod=8c76acf2&uri=pin.php%3Fid%3D197041-155%26name%3Dbass+boosted+car+speakers HTTP/1.1" 200 22179 "-" "Mozilla/5.0 (Linux; Android 6.0.1; Nexus 5X Build/MMB29P) AppleWebKit/537.36 (KHTML, like Gecko) Chrome/137.0.7151.103 Mobile Safari/537.36 (compatible; Googlebot/2.1; +http://www.google.com/bot.html)"
92.205.212.113 - - [12/Jul/2025:19:01:48 +0000] "GET /wp-login.php HTTP/1.1" 200 2014 "http://kelaby.company/wp-login.php" "Mozilla/5.0 (Windows NT 10.0; Win64; x64; rv:137.0) Gecko/20100101 Firefox/137.0"
92.205.212.113 - - [12/Jul/2025:19:01:49 +0000] "GET /wp-json/wp/v2/users HTTP/1.1" 200 428 "http://kelaby.company/wp-login.php" "Mozilla/5.0 (Windows NT 10.0; Win64; x64; rv:137.0) Gecko/20100101 Firefox/137.0"
92.205.212.113 - - [12/Jul/2025:19:01:50 +0000] "POST /wp-login.php HTTP/1.1" 200 2136 "https://kelaby.company/wp-login.php?redirect_to=https%3A%2F%2Fkelaby.company%2Fwp-admin%2F" "Mozilla/5.0 (Windows NT 10.0; Win64; x64; rv:137.0) Gecko/20100101 Firefox/137.0"
92.205.212.113 - - [12/Jul/2025:19:01:50 +0000] "POST /wp-login.php HTTP/1.1" 200 2162 "https://kelaby.company/wp-login.php?redirect_to=https%3A%2F%2Fkelaby.company%2Fwp-admin%2F" "Mozilla/5.0 (Windows NT 10.0; Win64; x64; rv:137.0) Gecko/20100101 Firefox/137.0"
66.249.79.32 - - [12/Jul/2025:19:01:51 +0000] "GET /?h=6000490001960&mod=681e38a8&uri=pin.php%3Fid%3D200378-346%26name%3Dmotherwell+kit HTTP/1.1" 200 22295 "-" "Mozilla/5.0 (Linux; Android 6.0.1; Nexus 5X Build/MMB29P) AppleWebKit/537.36 (KHTML, like Gecko) Chrome/137.0.7151.103 Mobile Safari/537.36 (compatible; Googlebot/2.1; +http://www.google.com/bot.html)"
66.249.79.32 - - [12/Jul/2025:19:01:55 +0000] "POST /get-message-notify HTTP/1.1" 200 21708 "https://kelaby.company/?h=6000490001960&mod=681e38a8&uri=pin.php%3Fid%3D200378-346%26name%3Dmotherwell+kit" "Mozilla/5.0 (Linux; Android 6.0.1; Nexus 5X Build/MMB29P) AppleWebKit/537.36 (KHTML, like Gecko) Chrome/137.0.7151.119 Mobile Safari/537.36 (compatible; Googlebot/2.1; +http://www.google.com/bot.html)"
66.249.79.231 - - [12/Jul/2025:19:02:06 +0000] "GET /?h=38329836051960&mod=4b3da53a&uri=itm.php%3Fid%3D1279271-308%26name%3Dwind+proof+coat HTTP/1.1" 200 21627 "-" "Mozilla/5.0 (Linux; Android 6.0.1; Nexus 5X Build/MMB29P) AppleWebKit/537.36 (KHTML, like Gecko) Chrome/137.0.7151.103 Mobile Safari/537.36 (compatible; Googlebot/2.1; +http://www.google.com/bot.html)"
66.249.79.33 - - [12/Jul/2025:19:02:07 +0000] "GET /?h=6000970041960&mod=62c1507b&uri=shared.php%3Fid%3D200394-330%26name%3Dbraemar+thermostat+controller HTTP/1.1" 200 22182 "-" "Mozilla/5.0 (Linux; Android 6.0.1; Nexus 5X Build/MMB29P) AppleWebKit/537.36 (KHTML, like Gecko) Chrome/137.0.7151.103 Mobile Safari/537.36 (compatible; Googlebot/2.1; +http://www.google.com/bot.html)"
66.249.79.33 - - [12/Jul/2025:19:02:11 +0000] "POST /get-message-notify HTTP/1.1" 200 21701 "https://kelaby.company/?h=6000970041960&mod=62c1507b&uri=shared.php%3Fid%3D200394-330%26name%3Dbraemar+thermostat+controller" "Mozilla/5.0 (Linux; Android 6.0.1; Nexus 5X Build/MMB29P) AppleWebKit/537.36 (KHTML, like Gecko) Chrome/137.0.7151.119 Mobile Safari/537.36 (compatible; Googlebot/2.1; +http://www.google.com/bot.html)"
66.249.79.231 - - [12/Jul/2025:19:02:12 +0000] "POST /get-message-notify HTTP/1.1" 200 20938 "https://www.kelaby.company/?h=38329836051960&mod=4b3da53a&uri=itm.php%3Fid%3D1279271-308%26name%3Dwind+proof+coat" "Mozilla/5.0 (Linux; Android 6.0.1; Nexus 5X Build/MMB29P) AppleWebKit/537.36 (KHTML, like Gecko) Chrome/137.0.7151.119 Mobile Safari/537.36 (compatible; Googlebot/2.1; +http://www.google.com/bot.html)"
66.249.79.32 - - [12/Jul/2025:19:02:30 +0000] "GET /?h=5987069021960&mod=a788f0e7&uri=products.php%3Fid%3D199930-345%26name%3Dpantalones+anchos+cortefiel HTTP/1.1" 200 20898 "-" "Mozilla/5.0 (Linux; Android 6.0.1; Nexus 5X Build/MMB29P) AppleWebKit/537.36 (KHTML, like Gecko) Chrome/137.0.7151.103 Mobile Safari/537.36 (compatible; Googlebot/2.1; +http://www.google.com/bot.html)"
66.249.79.32 - - [12/Jul/2025:19:02:34 +0000] "GET /?h=5990159091960&mod=a788f0e7&uri=news.php%3Fid%3D200033-345%26name%3Dprecios+vestidos+rosa+clara+fiesta HTTP/1.1" 200 21981 "-" "Mozilla/5.0 (Linux; Android 6.0.1; Nexus 5X Build/MMB29P) AppleWebKit/537.36 (KHTML, like Gecko) Chrome/137.0.7151.103 Mobile Safari/537.36 (compatible; Googlebot/2.1; +http://www.google.com/bot.html)"
66.249.79.32 - - [12/Jul/2025:19:02:35 +0000] "POST /get-message-notify HTTP/1.1" 200 21699 "https://kelaby.company/?h=5987069021960&mod=a788f0e7&uri=products.php%3Fid%3D199930-345%26name%3Dpantalones+anchos+cortefiel" "Mozilla/5.0 (Linux; Android 6.0.1; Nexus 5X Build/MMB29P) AppleWebKit/537.36 (KHTML, like Gecko) Chrome/137.0.7151.119 Mobile Safari/537.36 (compatible; Googlebot/2.1; +http://www.google.com/bot.html)"
66.249.79.32 - - [12/Jul/2025:19:02:44 +0000] "GET /?h=6000010141960&mod=681e38a8&uri=info.php%3Fid%3D200362-346%26name%3Dengland+retro+shirt+sports+direct HTTP/1.1" 200 21616 "-" "Mozilla/5.0 (Linux; Android 6.0.1; Nexus 5X Build/MMB29P) AppleWebKit/537.36 (KHTML, like Gecko) Chrome/137.0.7151.103 Mobile Safari/537.36 (compatible; Googlebot/2.1; +http://www.google.com/bot.html)"
66.249.79.32 - - [12/Jul/2025:19:02:44 +0000] "GET /?h=5869359001960&mod=7530b57b&uri=itm.php%3Fid%3D196002-341%26name%3Doster+xpert+potencia HTTP/1.1" 200 22058 "-" "Mozilla/5.0 (Linux; Android 6.0.1; Nexus 5X Build/MMB29P) AppleWebKit/537.36 (KHTML, like Gecko) Chrome/137.0.7151.103 Mobile Safari/537.36 (compatible; Googlebot/2.1; +http://www.google.com/bot.html)"
66.249.79.230 - - [12/Jul/2025:19:02:45 +0000] "GET /?h=5683470031960&mod=2076b5ab&uri=shared.php%3Fid%3D189770-333%26name%3Dscorpio+birthstone+earrings HTTP/1.1" 200 20980 "-" "Mozilla/5.0 (Linux; Android 6.0.1; Nexus 5X Build/MMB29P) AppleWebKit/537.36 (KHTML, like Gecko) Chrome/137.0.7151.103 Mobile Safari/537.36 (compatible; Googlebot/2.1; +http://www.google.com/bot.html)"
66.249.79.32 - - [12/Jul/2025:19:02:48 +0000] "POST /get-message-notify HTTP/1.1" 200 21698 "https://kelaby.company/?h=5869359001960&mod=7530b57b&uri=itm.php%3Fid%3D196002-341%26name%3Doster+xpert+potencia" "Mozilla/5.0 (Linux; Android 6.0.1; Nexus 5X Build/MMB29P) AppleWebKit/537.36 (KHTML, like Gecko) Chrome/137.0.7151.119 Mobile Safari/537.36 (compatible; Googlebot/2.1; +http://www.google.com/bot.html)"
66.249.79.32 - - [12/Jul/2025:19:02:49 +0000] "GET /?h=5879375041960&mod=9cb3bc4b&uri=dp.php%3Fid%3D196337-318%26name%3Dzapatillas+adidas+originales+para+mujer HTTP/1.1" 200 20907 "-" "Mozilla/5.0 (Linux; Android 6.0.1; Nexus 5X Build/MMB29P) AppleWebKit/537.36 (KHTML, like Gecko) Chrome/137.0.7151.103 Mobile Safari/537.36 (compatible; Googlebot/2.1; +http://www.google.com/bot.html)"
66.249.79.32 - - [12/Jul/2025:19:02:49 +0000] "GET /?h=25103012001960&mod=6351bf9d&uri=products.php%3Fid%3D837840-19%26name%3Dladies+wedding+dresses+uk HTTP/1.1" 200 21251 "-" "Mozilla/5.0 (Linux; Android 6.0.1; Nexus 5X Build/MMB29P) AppleWebKit/537.36 (KHTML, like Gecko) Chrome/137.0.7151.103 Mobile Safari/537.36 (compatible; Googlebot/2.1; +http://www.google.com/bot.html)"
66.249.79.32 - - [12/Jul/2025:19:02:55 +0000] "GET /?h=5994509041960&mod=a788f0e7&uri=blog.php%3Fid%3D200178-345%26name%3Dropa+impermeable+nieve HTTP/1.1" 200 21959 "-" "Mozilla/5.0 (Linux; Android 6.0.1; Nexus 5X Build/MMB29P) AppleWebKit/537.36 (KHTML, like Gecko) Chrome/137.0.7151.103 Mobile Safari/537.36 (compatible; Googlebot/2.1; +http://www.google.com/bot.html)"
66.249.79.32 - - [12/Jul/2025:19:03:02 +0000] "GET /?h=5990429041960&mod=a788f0e7&uri=blog.php%3Fid%3D200042-345%26name%3Dropa+de+nieve+dope HTTP/1.1" 200 21404 "-" "Mozilla/5.0 (Linux; Android 6.0.1; Nexus 5X Build/MMB29P) AppleWebKit/537.36 (KHTML, like Gecko) Chrome/137.0.7151.103 Mobile Safari/537.36 (compatible; Googlebot/2.1; +http://www.google.com/bot.html)"
66.249.79.230 - - [12/Jul/2025:19:03:04 +0000] "POST /get-message-notify HTTP/1.1" 200 20937 "https://www.kelaby.company/?h=5683470031960&mod=2076b5ab&uri=shared.php%3Fid%3D189770-333%26name%3Dscorpio+birthstone+earrings" "Mozilla/5.0 (Linux; Android 6.0.1; Nexus 5X Build/MMB29P) AppleWebKit/537.36 (KHTML, like Gecko) Chrome/137.0.7151.119 Mobile Safari/537.36 (compatible; Googlebot/2.1; +http://www.google.com/bot.html)"
66.249.79.32 - - [12/Jul/2025:19:03:19 +0000] "GET /?h=5858320061960&mod=63a6cfc9&uri=news.php%3Fid%3D195633-340%26name%3Dconverse+gran+via HTTP/1.1" 200 21866 "-" "Mozilla/5.0 (Linux; Android 6.0.1; Nexus 5X Build/MMB29P) AppleWebKit/537.36 (KHTML, like Gecko) Chrome/137.0.7151.103 Mobile Safari/537.36 (compatible; Googlebot/2.1; +http://www.google.com/bot.html)"
66.249.79.32 - - [12/Jul/2025:19:03:34 +0000] "GET /?h=5983728001960&mod=a788f0e7&uri=us.php%3Fid%3D199818-345%26name%3Dsudadera+de+riverdale+shein HTTP/1.1" 200 20981 "-" "Mozilla/5.0 (Linux; Android 6.0.1; Nexus 5X Build/MMB29P) AppleWebKit/537.36 (KHTML, like Gecko) Chrome/137.0.7151.103 Mobile Safari/537.36 (compatible; Googlebot/2.1; +http://www.google.com/bot.html)"
66.249.79.32 - - [12/Jul/2025:19:03:47 +0000] "GET /?h=5995690001960&mod=a788f0e7&uri=itm.php%3Fid%3D200218-345%26name%3Dfardos+ropa+carters+nueva HTTP/1.1" 200 22235 "-" "Mozilla/5.0 (Linux; Android 6.0.1; Nexus 5X Build/MMB29P) AppleWebKit/537.36 (KHTML, like Gecko) Chrome/137.0.7151.103 Mobile Safari/537.36 (compatible; Googlebot/2.1; +http://www.google.com/bot.html)"
209.74.77.214 - - [12/Jul/2025:19:03:55 +0000] "POST /wp-cron.php?doing_wp_cron=1752347035.5691750049591064453125 HTTP/1.1" 200 - "-" "WordPress/6.8.1; https://kelaby.company"
51.222.253.11 - - [12/Jul/2025:19:03:55 +0000] "GET /?h=63618667021960&mod=81c83933&uri=brands.php%3Fid%3D2123014-297%26name%3Dwine+country+golden+doodles HTTP/1.1" 301 - "-" "Mozilla/5.0 (compatible; AhrefsBot/7.0; +http://ahrefs.com/robot/)"
66.249.79.34 - - [12/Jul/2025:19:04:10 +0000] "POST /get-message-notify HTTP/1.1" 200 21697 "https://kelaby.company/?h=5995690001960&mod=a788f0e7&uri=itm.php%3Fid%3D200218-345%26name%3Dfardos+ropa+carters+nueva" "Mozilla/5.0 (Linux; Android 6.0.1; Nexus 5X Build/MMB29P) AppleWebKit/537.36 (KHTML, like Gecko) Chrome/137.0.7151.119 Mobile Safari/537.36 (compatible; Googlebot/2.1; +http://www.google.com/bot.html)"
66.249.79.33 - - [12/Jul/2025:19:04:02 +0000] "GET /?h=5942711011960&mod=9293eb98&uri=itm.php%3Fid%3D198449-344%26name%3Dshop11+nike+air+force HTTP/1.1" 200 22616 "-" "Mozilla/5.0 (Linux; Android 6.0.1; Nexus 5X Build/MMB29P) AppleWebKit/537.36 (KHTML, like Gecko) Chrome/137.0.7151.103 Mobile Safari/537.36 (compatible; Googlebot/2.1; +http://www.google.com/bot.html)"
66.249.79.33 - - [12/Jul/2025:19:04:12 +0000] "GET /?h=5993549081960&mod=a788f0e7&uri=goods.php%3Fid%3D200146-345%26name%3Dropa+de+nieve+en+flores HTTP/1.1" 200 22153 "-" "Mozilla/5.0 (Linux; Android 6.0.1; Nexus 5X Build/MMB29P) AppleWebKit/537.36 (KHTML, like Gecko) Chrome/137.0.7151.103 Mobile Safari/537.36 (compatible; Googlebot/2.1; +http://www.google.com/bot.html)"
66.249.79.32 - - [12/Jul/2025:19:04:26 +0000] "GET /?h=5991389111960&mod=a788f0e7&uri=products.php%3Fid%3D200074-345%26name%3Dchandal+bebe+24+meses HTTP/1.1" 200 21964 "-" "Mozilla/5.0 (Linux; Android 6.0.1; Nexus 5X Build/MMB29P) AppleWebKit/537.36 (KHTML, like Gecko) Chrome/137.0.7151.103 Mobile Safari/537.36 (compatible; Googlebot/2.1; +http://www.google.com/bot.html)"
66.249.79.32 - - [12/Jul/2025:19:04:44 +0000] "GET /?h=5989949081960&mod=a788f0e7&uri=products.php%3Fid%3D200026-345%26name%3Dchamarra+de+piel+de+avestruz+precio HTTP/1.1" 200 21904 "-" "Mozilla/5.0 (Linux; Android 6.0.1; Nexus 5X Build/MMB29P) AppleWebKit/537.36 (KHTML, like Gecko) Chrome/137.0.7151.103 Mobile Safari/537.36 (compatible; Googlebot/2.1; +http://www.google.com/bot.html)"
66.249.79.32 - - [12/Jul/2025:19:04:49 +0000] "POST /get-message-notify HTTP/1.1" 200 21703 "https://kelaby.company/?h=5989949081960&mod=a788f0e7&uri=products.php%3Fid%3D200026-345%26name%3Dchamarra+de+piel+de+avestruz+precio" "Mozilla/5.0 (Linux; Android 6.0.1; Nexus 5X Build/MMB29P) AppleWebKit/537.36 (KHTML, like Gecko) Chrome/137.0.7151.119 Mobile Safari/537.36 (compatible; Googlebot/2.1; +http://www.google.com/bot.html)"
66.249.79.32 - - [12/Jul/2025:19:04:54 +0000] "GET /?h=5828388011960&mod=63a6cfc9&uri=shared.php%3Fid%3D194634-340%26name%3Dhugo+boss+1998+zara HTTP/1.1" 200 20651 "-" "Mozilla/5.0 (Linux; Android 6.0.1; Nexus 5X Build/MMB29P) AppleWebKit/537.36 (KHTML, like Gecko) Chrome/137.0.7151.103 Mobile Safari/537.36 (compatible; Googlebot/2.1; +http://www.google.com/bot.html)"
66.249.79.34 - - [12/Jul/2025:19:05:06 +0000] "GET /?h=5991149031960&mod=a788f0e7&uri=goods.php%3Fid%3D200066-345%26name%3Dchamarra+de+piel+mujer+con+borrega HTTP/1.1" 200 21623 "-" "Mozilla/5.0 (Linux; Android 6.0.1; Nexus 5X Build/MMB29P) AppleWebKit/537.36 (KHTML, like Gecko) Chrome/137.0.7151.103 Mobile Safari/537.36 (compatible; Googlebot/2.1; +http://www.google.com/bot.html)"
66.249.79.32 - - [12/Jul/2025:19:05:16 +0000] "GET /?h=5988029041960&mod=a788f0e7&uri=products.php%3Fid%3D199962-345%26name%3Dropa+usada+calle+bandera HTTP/1.1" 200 22121 "-" "Mozilla/5.0 (Linux; Android 6.0.1; Nexus 5X Build/MMB29P) AppleWebKit/537.36 (KHTML, like Gecko) Chrome/137.0.7151.103 Mobile Safari/537.36 (compatible; Googlebot/2.1; +http://www.google.com/bot.html)"
66.249.79.32 - - [12/Jul/2025:19:05:23 +0000] "POST /get-message-notify HTTP/1.1" 200 21698 "https://kelaby.company/?h=5991149031960&mod=a788f0e7&uri=goods.php%3Fid%3D200066-345%26name%3Dchamarra+de+piel+mujer+con+borrega" "Mozilla/5.0 (Linux; Android 6.0.1; Nexus 5X Build/MMB29P) AppleWebKit/537.36 (KHTML, like Gecko) Chrome/137.0.7151.119 Mobile Safari/537.36 (compatible; Googlebot/2.1; +http://www.google.com/bot.html)"
66.249.79.231 - - [12/Jul/2025:19:05:26 +0000] "GET /?h=65447841051960&mod=e082709f&uri=brands.php%3Fid%3D2184041-287%26name%3Dgodox+grid HTTP/1.1" 200 22107 "-" "Mozilla/5.0 (Linux; Android 6.0.1; Nexus 5X Build/MMB29P) AppleWebKit/537.36 (KHTML, like Gecko) Chrome/137.0.7151.103 Mobile Safari/537.36 (compatible; Googlebot/2.1; +http://www.google.com/bot.html)"
66.249.79.32 - - [12/Jul/2025:19:05:26 +0000] "GET /?h=5993309001960&mod=a788f0e7&uri=info.php%3Fid%3D200138-345%26name%3Dmoda+inside+hombre HTTP/1.1" 200 22378 "-" "Mozilla/5.0 (Linux; Android 6.0.1; Nexus 5X Build/MMB29P) AppleWebKit/537.36 (KHTML, like Gecko) Chrome/137.0.7151.103 Mobile Safari/537.36 (compatible; Googlebot/2.1; +http://www.google.com/bot.html)"
66.249.79.230 - - [12/Jul/2025:19:05:27 +0000] "GET /?h=5735173031960&mod=4428d361&uri=form.php%3Fid%3D191525-334%26name%3Dwatch+jersey+shore+family HTTP/1.1" 200 23142 "-" "Mozilla/5.0 (Linux; Android 6.0.1; Nexus 5X Build/MMB29P) AppleWebKit/537.36 (KHTML, like Gecko) Chrome/137.0.7151.103 Mobile Safari/537.36 (compatible; Googlebot/2.1; +http://www.google.com/bot.html)"
66.249.79.32 - - [12/Jul/2025:19:05:31 +0000] "GET /?h=5992829141960&mod=a788f0e7&uri=products.php%3Fid%3D200122-345%26name%3Dpantalon+para+bebe+con+pie HTTP/1.1" 200 21578 "-" "Mozilla/5.0 (Linux; Android 6.0.1; Nexus 5X Build/MMB29P) AppleWebKit/537.36 (KHTML, like Gecko) Chrome/137.0.7151.103 Mobile Safari/537.36 (compatible; Googlebot/2.1; +http://www.google.com/bot.html)"
66.249.79.230 - - [12/Jul/2025:19:05:31 +0000] "POST /get-message-notify HTTP/1.1" 200 20945 "https://www.kelaby.company/?h=65447841051960&mod=e082709f&uri=brands.php%3Fid%3D2184041-287%26name%3Dgodox+grid" "Mozilla/5.0 (Linux; Android 6.0.1; Nexus 5X Build/MMB29P) AppleWebKit/537.36 (KHTML, like Gecko) Chrome/137.0.7151.119 Mobile Safari/537.36 (compatible; Googlebot/2.1; +http://www.google.com/bot.html)"
66.249.79.32 - - [12/Jul/2025:19:05:37 +0000] "GET /?h=5997370041960&mod=681e38a8&uri=search.php%3Fid%3D200274-346%26name%3Dcambridge+united+shirt HTTP/1.1" 200 22759 "-" "Mozilla/5.0 (Linux; Android 6.0.1; Nexus 5X Build/MMB29P) AppleWebKit/537.36 (KHTML, like Gecko) Chrome/137.0.7151.103 Mobile Safari/537.36 (compatible; Googlebot/2.1; +http://www.google.com/bot.html)"
66.249.79.32 - - [12/Jul/2025:19:05:43 +0000] "POST /get-message-notify HTTP/1.1" 200 21700 "https://kelaby.company/?h=5997370041960&mod=681e38a8&uri=search.php%3Fid%3D200274-346%26name%3Dcambridge+united+shirt" "Mozilla/5.0 (Linux; Android 6.0.1; Nexus 5X Build/MMB29P) AppleWebKit/537.36 (KHTML, like Gecko) Chrome/137.0.7151.119 Mobile Safari/537.36 (compatible; Googlebot/2.1; +http://www.google.com/bot.html)"
66.249.79.32 - - [12/Jul/2025:19:05:59 +0000] "GET /?h=5911031031960&mod=8c76acf2&uri=itm.php%3Fid%3D197393-155%26name%3Dcelestion+f+10 HTTP/1.1" 200 22328 "-" "Mozilla/5.0 (Linux; Android 6.0.1; Nexus 5X Build/MMB29P) AppleWebKit/537.36 (KHTML, like Gecko) Chrome/137.0.7151.103 Mobile Safari/537.36 (compatible; Googlebot/2.1; +http://www.google.com/bot.html)"
66.249.79.32 - - [12/Jul/2025:19:06:11 +0000] "POST /get-message-notify HTTP/1.1" 200 21714 "https://kelaby.company/?h=5911031031960&mod=8c76acf2&uri=itm.php%3Fid%3D197393-155%26name%3Dcelestion+f+10" "Mozilla/5.0 (Linux; Android 6.0.1; Nexus 5X Build/MMB29P) AppleWebKit/537.36 (KHTML, like Gecko) Chrome/137.0.7151.119 Mobile Safari/537.36 (compatible; Googlebot/2.1; +http://www.google.com/bot.html)"
66.249.79.32 - - [12/Jul/2025:19:06:14 +0000] "GET /?h=5997130021960&mod=62c1507b&uri=dp.php%3Fid%3D200266-330%26name%3Dczech+nymphing+rig HTTP/1.1" 200 22251 "-" "Mozilla/5.0 (Linux; Android 6.0.1; Nexus 5X Build/MMB29P) AppleWebKit/537.36 (KHTML, like Gecko) Chrome/137.0.7151.103 Mobile Safari/537.36 (compatible; Googlebot/2.1; +http://www.google.com/bot.html)"
66.249.79.32 - - [12/Jul/2025:19:06:20 +0000] "GET /?h=5864567001960&mod=63a6cfc9&uri=shared.php%3Fid%3D195842-340%26name%3Dmartens+men%27s+combs HTTP/1.1" 200 21921 "-" "Mozilla/5.0 (Linux; Android 6.0.1; Nexus 5X Build/MMB29P) AppleWebKit/537.36 (KHTML, like Gecko) Chrome/137.0.7151.103 Mobile Safari/537.36 (compatible; Googlebot/2.1; +http://www.google.com/bot.html)"
66.249.79.32 - - [12/Jul/2025:19:06:25 +0000] "GET /?h=5983968031960&mod=a788f0e7&uri=product.php%3Fid%3D199826-345%26name%3Dventa+de+ropa+americana+clasificada+en+guatemala HTTP/1.1" 200 20531 "-" "Mozilla/5.0 (Linux; Android 6.0.1; Nexus 5X Build/MMB29P) AppleWebKit/537.36 (KHTML, like Gecko) Chrome/137.0.7151.103 Mobile Safari/537.36 (compatible; Googlebot/2.1; +http://www.google.com/bot.html)"
66.249.79.230 - - [12/Jul/2025:19:06:39 +0000] "GET /?h=5684820081960&mod=2076b5ab&uri=search.php%3Fid%3D189815-333%26name%3Damelia+rue+amethyst+necklace HTTP/1.1" 200 20340 "-" "Mozilla/5.0 (Linux; Android 6.0.1; Nexus 5X Build/MMB29P) AppleWebKit/537.36 (KHTML, like Gecko) Chrome/137.0.7151.103 Mobile Safari/537.36 (compatible; Googlebot/2.1; +http://www.google.com/bot.html)"
66.249.79.32 - - [12/Jul/2025:19:06:39 +0000] "POST /get-message-notify HTTP/1.1" 200 21701 "https://kelaby.company/?h=5983968031960&mod=a788f0e7&uri=product.php%3Fid%3D199826-345%26name%3Dventa+de+ropa+americana+clasificada+en+guatemala" "Mozilla/5.0 (Linux; Android 6.0.1; Nexus 5X Build/MMB29P) AppleWebKit/537.36 (KHTML, like Gecko) Chrome/137.0.7151.119 Mobile Safari/537.36 (compatible; Googlebot/2.1; +http://www.google.com/bot.html)"
66.249.79.32 - - [12/Jul/2025:19:06:39 +0000] "GET /?h=5986589041960&mod=a788f0e7&uri=shop.php%3Fid%3D199914-345%26name%3Dropa+esqui+the+north+face HTTP/1.1" 200 21177 "-" "Mozilla/5.0 (Linux; Android 6.0.1; Nexus 5X Build/MMB29P) AppleWebKit/537.36 (KHTML, like Gecko) Chrome/137.0.7151.103 Mobile Safari/537.36 (compatible; Googlebot/2.1; +http://www.google.com/bot.html)"
66.249.79.231 - - [12/Jul/2025:19:06:39 +0000] "GET /?h=5671191121960&mod=4b3da53a&uri=itm.php%3Fid%3D189360-308%26name%3Dgray+and+green+hoodie HTTP/1.1" 200 21632 "-" "Mozilla/5.0 (Linux; Android 6.0.1; Nexus 5X Build/MMB29P) AppleWebKit/537.36 (KHTML, like Gecko) Chrome/137.0.7151.103 Mobile Safari/537.36 (compatible; Googlebot/2.1; +http://www.google.com/bot.html)"
66.249.79.32 - - [12/Jul/2025:19:06:53 +0000] "GET /?h=5921591031960&mod=be8e1862&uri=category-info.php%3Fid%3D197745-342%26name%3Dbaby+bounce4 HTTP/1.1" 200 21210 "-" "Mozilla/5.0 (Linux; Android 6.0.1; Nexus 5X Build/MMB29P) AppleWebKit/537.36 (KHTML, like Gecko) Chrome/137.0.7151.103 Mobile Safari/537.36 (compatible; Googlebot/2.1; +http://www.google.com/bot.html)"
66.249.79.32 - - [12/Jul/2025:19:06:59 +0000] "GET /?h=5999530041960&mod=62c1507b&uri=brands.php%3Fid%3D200346-330%26name%3Dwhat+size+wire+for+240+volt+garage+heater HTTP/1.1" 200 22013 "-" "Mozilla/5.0 (Linux; Android 6.0.1; Nexus 5X Build/MMB29P) AppleWebKit/537.36 (KHTML, like Gecko) Chrome/137.0.7151.103 Mobile Safari/537.36 (compatible; Googlebot/2.1; +http://www.google.com/bot.html)"
66.249.79.34 - - [12/Jul/2025:19:07:11 +0000] "POST /get-message-notify HTTP/1.1" 200 21693 "https://kelaby.company/?h=5828388011960&mod=63a6cfc9&uri=shared.php%3Fid%3D194634-340%26name%3Dhugo+boss+1998+zara" "Mozilla/5.0 (Linux; Android 6.0.1; Nexus 5X Build/MMB29P) AppleWebKit/537.36 (KHTML, like Gecko) Chrome/137.0.7151.119 Mobile Safari/537.36 (compatible; Googlebot/2.1; +http://www.google.com/bot.html)"
209.74.77.214 - - [12/Jul/2025:19:07:11 +0000] "POST /wp-cron.php?doing_wp_cron=1752347231.3234589099884033203125 HTTP/1.1" 200 - "-" "WordPress/6.8.1; https://kelaby.company"
51.222.253.2 - - [12/Jul/2025:19:07:11 +0000] "GET /?h=63979951011960&mod=3c4eea06&uri=form.php%3Fid%3D2135069-1388%26name%3Dnike+180+x+cdg HTTP/1.1" 301 - "-" "Mozilla/5.0 (compatible; AhrefsBot/7.0; +http://ahrefs.com/robot/)"
66.249.79.32 - - [12/Jul/2025:19:07:22 +0000] "GET /?h=5992109041960&mod=a788f0e7&uri=products.php%3Fid%3D200098-345%26name%3Dpantalon+ancho+alto HTTP/1.1" 200 22095 "-" "Mozilla/5.0 (Linux; Android 6.0.1; Nexus 5X Build/MMB29P) AppleWebKit/537.36 (KHTML, like Gecko) Chrome/137.0.7151.103 Mobile Safari/537.36 (compatible; Googlebot/2.1; +http://www.google.com/bot.html)"
66.249.79.231 - - [12/Jul/2025:19:07:24 +0000] "GET /?h=5746107021960&mod=60b7f5df&uri=goods.php%3Fid%3D191890-335%26name%3Dtub+wash+lg+washing+machine HTTP/1.1" 200 22186 "-" "Mozilla/5.0 (Linux; Android 6.0.1; Nexus 5X Build/MMB29P) AppleWebKit/537.36 (KHTML, like Gecko) Chrome/137.0.7151.103 Mobile Safari/537.36 (compatible; Googlebot/2.1; +http://www.google.com/bot.html)"
66.249.79.230 - - [12/Jul/2025:19:07:27 +0000] "POST /get-message-notify HTTP/1.1" 200 20935 "https://www.kelaby.company/?h=5746107021960&mod=60b7f5df&uri=goods.php%3Fid%3D191890-335%26name%3Dtub+wash+lg+washing+machine" "Mozilla/5.0 (Linux; Android 6.0.1; Nexus 5X Build/MMB29P) AppleWebKit/537.36 (KHTML, like Gecko) Chrome/137.0.7151.119 Mobile Safari/537.36 (compatible; Googlebot/2.1; +http://www.google.com/bot.html)"
66.249.79.32 - - [12/Jul/2025:19:07:27 +0000] "GET /?h=5998570041960&mod=a788f0e7&uri=blog.php%3Fid%3D200314-345%26name%3Dventa+de+paca+americana HTTP/1.1" 200 21933 "-" "Mozilla/5.0 (Linux; Android 6.0.1; Nexus 5X Build/MMB29P) AppleWebKit/537.36 (KHTML, like Gecko) Chrome/137.0.7151.103 Mobile Safari/537.36 (compatible; Googlebot/2.1; +http://www.google.com/bot.html)"
66.249.79.32 - - [12/Jul/2025:19:07:33 +0000] "GET /?h=5995469001960&mod=a788f0e7&uri=search.php%3Fid%3D200210-345%26name%3Dvestido+azul+madrina HTTP/1.1" 200 22110 "-" "Mozilla/5.0 (Linux; Android 6.0.1; Nexus 5X Build/MMB29P) AppleWebKit/537.36 (KHTML, like Gecko) Chrome/137.0.7151.103 Mobile Safari/537.36 (compatible; Googlebot/2.1; +http://www.google.com/bot.html)"
66.249.79.32 - - [12/Jul/2025:19:07:42 +0000] "GET /?h=5985869041960&mod=a788f0e7&uri=dp.php%3Fid%3D199890-345%26name%3Dbuzo+entrenamiento+boca+juniors HTTP/1.1" 200 21094 "-" "Mozilla/5.0 (Linux; Android 6.0.1; Nexus 5X Build/MMB29P) AppleWebKit/537.36 (KHTML, like Gecko) Chrome/137.0.7151.103 Mobile Safari/537.36 (compatible; Googlebot/2.1; +http://www.google.com/bot.html)"
66.249.79.32 - - [12/Jul/2025:19:07:50 +0000] "GET /?h=5999770001960&mod=62c1507b&uri=itm.php%3Fid%3D200354-330%26name%3Dbest+all+round+carp+rig HTTP/1.1" 200 22292 "-" "Mozilla/5.0 (Linux; Android 6.0.1; Nexus 5X Build/MMB29P) AppleWebKit/537.36 (KHTML, like Gecko) Chrome/137.0.7151.103 Mobile Safari/537.36 (compatible; Googlebot/2.1; +http://www.google.com/bot.html)"
66.249.79.32 - - [12/Jul/2025:19:07:50 +0000] "GET /?h=6333428071960&mod=e27a9497&uri=search.php%3Fid%3D211542-27%26name%3Dgoogle+home+para+pc+windows+10 HTTP/1.1" 200 21496 "-" "Mozilla/5.0 (Linux; Android 6.0.1; Nexus 5X Build/MMB29P) AppleWebKit/537.36 (KHTML, like Gecko) Chrome/137.0.7151.103 Mobile Safari/537.36 (compatible; Googlebot/2.1; +http://www.google.com/bot.html)"
66.249.79.34 - - [12/Jul/2025:19:08:04 +0000] "GET /?h=5990669021960&mod=a788f0e7&uri=goods.php%3Fid%3D200050-345%26name%3Dcolumbia+chaqueta+nieve HTTP/1.1" 200 21894 "-" "Mozilla/5.0 (Linux; Android 6.0.1; Nexus 5X Build/MMB29P) AppleWebKit/537.36 (KHTML, like Gecko) Chrome/137.0.7151.103 Mobile Safari/537.36 (compatible; Googlebot/2.1; +http://www.google.com/bot.html)"
66.249.79.33 - - [12/Jul/2025:19:08:10 +0000] "POST /get-message-notify HTTP/1.1" 200 21695 "https://kelaby.company/?h=5995469001960&mod=a788f0e7&uri=search.php%3Fid%3D200210-345%26name%3Dvestido+azul+madrina" "Mozilla/5.0 (Linux; Android 6.0.1; Nexus 5X Build/MMB29P) AppleWebKit/537.36 (KHTML, like Gecko) Chrome/137.0.7151.119 Mobile Safari/537.36 (compatible; Googlebot/2.1; +http://www.google.com/bot.html)"
66.249.79.33 - - [12/Jul/2025:19:08:10 +0000] "GET /?h=5985168041960&mod=a788f0e7&uri=search.php%3Fid%3D199866-345%26name%3Dvestidos+de+madrina+color+morado HTTP/1.1" 200 21068 "-" "Mozilla/5.0 (Linux; Android 6.0.1; Nexus 5X Build/MMB29P) AppleWebKit/537.36 (KHTML, like Gecko) Chrome/137.0.7151.103 Mobile Safari/537.36 (compatible; Googlebot/2.1; +http://www.google.com/bot.html)"
66.249.79.32 - - [12/Jul/2025:19:08:25 +0000] "GET /?h=6015579101960&mod=62c1507b&uri=news.php%3Fid%3D200882-330%26name%3Dglow+in+the+dark+powerbait HTTP/1.1" 200 21727 "-" "Mozilla/5.0 (Linux; Android 6.0.1; Nexus 5X Build/MMB29P) AppleWebKit/537.36 (KHTML, like Gecko) Chrome/137.0.7151.103 Mobile Safari/537.36 (compatible; Googlebot/2.1; +http://www.google.com/bot.html)"
