66.249.79.37 - - [12/Jul/2025:18:23:51 +0000] "GET /?h=5930801001960&mod=be8e1862&uri=shared.php%3Fid%3D198052-342%26name%3Dmamaroo+silver+plush HTTP/1.1" 200 21340 "-" "Mozilla/5.0 (Linux; Android 6.0.1; Nexus 5X Build/MMB29P) AppleWebKit/537.36 (KHTML, like Gecko) Chrome/137.0.7151.103 Mobile Safari/537.36 (compatible; Googlebot/2.1; +http://www.google.com/bot.html)"
66.249.79.37 - - [12/Jul/2025:18:23:58 +0000] "POST /get-message-notify HTTP/1.1" 200 21708 "https://kelaby.company/?h=5930081021960&mod=be8e1862&uri=info.php%3Fid%3D198028-342%26name%3Dfisher+price+animal+high+chair" "Mozilla/5.0 (Linux; Android 6.0.1; Nexus 5X Build/MMB29P) AppleWebKit/537.36 (KHTML, like Gecko) Chrome/137.0.7151.119 Mobile Safari/537.36 (compatible; Googlebot/2.1; +http://www.google.com/bot.html)"
66.249.79.37 - - [12/Jul/2025:18:23:54 +0000] "GET /?h=5932961021960&mod=be8e1862&uri=dp.php%3Fid%3D198124-342%26name%3Dfisher+price+comfort+curve+bouncer+disassembly HTTP/1.1" 200 20782 "-" "Mozilla/5.0 (Linux; Android 6.0.1; Nexus 5X Build/MMB29P) AppleWebKit/537.36 (KHTML, like Gecko) Chrome/137.0.7151.103 Mobile Safari/537.36 (compatible; Googlebot/2.1; +http://www.google.com/bot.html)"
66.249.79.37 - - [12/Jul/2025:18:24:03 +0000] "GET /?h=32824092001960&mod=7530b57b&uri=brands.php%3Fid%3D1095536-341%26name%3Dcasco+roda+mercado+libre HTTP/1.1" 200 22076 "-" "Mozilla/5.0 (Linux; Android 6.0.1; Nexus 5X Build/MMB29P) AppleWebKit/537.36 (KHTML, like Gecko) Chrome/137.0.7151.103 Mobile Safari/537.36 (compatible; Googlebot/2.1; +http://www.google.com/bot.html)"
66.249.79.37 - - [12/Jul/2025:18:24:07 +0000] "GET /?h=5931401001960&mod=be8e1862&uri=brands.php%3Fid%3D198072-342%26name%3Dmini+mouse+walker HTTP/1.1" 200 20887 "-" "Mozilla/5.0 (Linux; Android 6.0.1; Nexus 5X Build/MMB29P) AppleWebKit/537.36 (KHTML, like Gecko) Chrome/137.0.7151.103 Mobile Safari/537.36 (compatible; Googlebot/2.1; +http://www.google.com/bot.html)"
209.74.77.214 - - [12/Jul/2025:18:24:12 +0000] "POST /wp-cron.php?doing_wp_cron=1752344652.5752520561218261718750 HTTP/1.1" 200 - "-" "WordPress/6.8.1; https://kelaby.company"
51.222.253.7 - - [12/Jul/2025:18:24:12 +0000] "GET /?h=3574512031960&mod=745b601f&uri=dp.php%3Fid%3D119311-225%26name%3Dcrazy+explosive+2017+shoe+men%27s+basketball HTTP/1.1" 301 - "-" "Mozilla/5.0 (compatible; AhrefsBot/7.0; +http://ahrefs.com/robot/)"
66.249.79.37 - - [12/Jul/2025:18:24:12 +0000] "POST /get-message-notify HTTP/1.1" 200 21707 "https://kelaby.company/?h=5931401001960&mod=be8e1862&uri=brands.php%3Fid%3D198072-342%26name%3Dmini+mouse+walker" "Mozilla/5.0 (Linux; Android 6.0.1; Nexus 5X Build/MMB29P) AppleWebKit/537.36 (KHTML, like Gecko) Chrome/137.0.7151.119 Mobile Safari/537.36 (compatible; Googlebot/2.1; +http://www.google.com/bot.html)"
66.249.79.37 - - [12/Jul/2025:18:24:20 +0000] "GET /?h=5931641001960&mod=be8e1862&uri=goods.php%3Fid%3D198080-342%26name%3Dbaby+bjorn+bouncer+until+what+age HTTP/1.1" 200 21176 "-" "Mozilla/5.0 (Linux; Android 6.0.1; Nexus 5X Build/MMB29P) AppleWebKit/537.36 (KHTML, like Gecko) Chrome/137.0.7151.103 Mobile Safari/537.36 (compatible; Googlebot/2.1; +http://www.google.com/bot.html)"
66.249.79.37 - - [12/Jul/2025:18:24:20 +0000] "GET /?h=5986649031960&mod=a788f0e7&uri=pin.php%3Fid%3D199916-345%26name%3Dboutique+de+maternidad HTTP/1.1" 200 21051 "-" "Mozilla/5.0 (Linux; Android 6.0.1; Nexus 5X Build/MMB29P) AppleWebKit/537.36 (KHTML, like Gecko) Chrome/137.0.7151.103 Mobile Safari/537.36 (compatible; Googlebot/2.1; +http://www.google.com/bot.html)"
66.249.79.37 - - [12/Jul/2025:18:24:23 +0000] "GET /?h=5934281011960&mod=be8e1862&uri=us.php%3Fid%3D198168-342%26name%3Dsnugapuppy+bouncer+weight+limit HTTP/1.1" 200 21181 "-" "Mozilla/5.0 (Linux; Android 6.0.1; Nexus 5X Build/MMB29P) AppleWebKit/537.36 (KHTML, like Gecko) Chrome/137.0.7151.103 Mobile Safari/537.36 (compatible; Googlebot/2.1; +http://www.google.com/bot.html)"
66.249.79.37 - - [12/Jul/2025:18:24:23 +0000] "POST /get-message-notify HTTP/1.1" 200 21713 "https://kelaby.company/?h=5986649031960&mod=a788f0e7&uri=pin.php%3Fid%3D199916-345%26name%3Dboutique+de+maternidad" "Mozilla/5.0 (Linux; Android 6.0.1; Nexus 5X Build/MMB29P) AppleWebKit/537.36 (KHTML, like Gecko) Chrome/137.0.7151.119 Mobile Safari/537.36 (compatible; Googlebot/2.1; +http://www.google.com/bot.html)"
66.249.79.37 - - [12/Jul/2025:18:24:25 +0000] "GET /?h=5937761121960&mod=be8e1862&uri=dp.php%3Fid%3D198284-342%26name%3Dwinfun+grow+with+me+rocking+chair HTTP/1.1" 200 20529 "-" "Mozilla/5.0 (Linux; Android 6.0.1; Nexus 5X Build/MMB29P) AppleWebKit/537.36 (KHTML, like Gecko) Chrome/137.0.7151.103 Mobile Safari/537.36 (compatible; Googlebot/2.1; +http://www.google.com/bot.html)"
66.249.79.37 - - [12/Jul/2025:18:24:39 +0000] "POST /get-message-notify HTTP/1.1" 200 21708 "https://kelaby.company/?h=5931641001960&mod=be8e1862&uri=goods.php%3Fid%3D198080-342%26name%3Dbaby+bjorn+bouncer+until+what+age" "Mozilla/5.0 (Linux; Android 6.0.1; Nexus 5X Build/MMB29P) AppleWebKit/537.36 (KHTML, like Gecko) Chrome/137.0.7151.119 Mobile Safari/537.36 (compatible; Googlebot/2.1; +http://www.google.com/bot.html)"
66.249.79.37 - - [12/Jul/2025:18:24:44 +0000] "GET /?h=5932001001960&mod=be8e1862&uri=dp.php%3Fid%3D198092-342%26name%3Dreclining+rocker+for+nursery HTTP/1.1" 200 22054 "-" "Mozilla/5.0 (Linux; Android 6.0.1; Nexus 5X Build/MMB29P) AppleWebKit/537.36 (KHTML, like Gecko) Chrome/137.0.7151.103 Mobile Safari/537.36 (compatible; Googlebot/2.1; +http://www.google.com/bot.html)"
66.249.79.37 - - [12/Jul/2025:18:24:55 +0000] "GET /?h=5936921141960&mod=be8e1862&uri=pin.php%3Fid%3D198256-342%26name%3Ddeluxe+bouncer+portable+swing HTTP/1.1" 200 20279 "-" "Mozilla/5.0 (Linux; Android 6.0.1; Nexus 5X Build/MMB29P) AppleWebKit/537.36 (KHTML, like Gecko) Chrome/137.0.7151.103 Mobile Safari/537.36 (compatible; Googlebot/2.1; +http://www.google.com/bot.html)"
66.249.79.37 - - [12/Jul/2025:18:25:02 +0000] "GET /?h=5932481011960&mod=be8e1862&uri=dp.php%3Fid%3D198108-342%26name%3Dsee+and+soothe+bouncer HTTP/1.1" 200 21362 "-" "Mozilla/5.0 (Linux; Android 6.0.1; Nexus 5X Build/MMB29P) AppleWebKit/537.36 (KHTML, like Gecko) Chrome/137.0.7151.103 Mobile Safari/537.36 (compatible; Googlebot/2.1; +http://www.google.com/bot.html)"
66.249.79.37 - - [12/Jul/2025:18:24:53 +0000] "GET /?h=5938601001960&mod=9293eb98&uri=blog.php%3Fid%3D198312-344%26name%3Dsalt+and+pepper+boots HTTP/1.1" 200 22332 "-" "Mozilla/5.0 (Linux; Android 6.0.1; Nexus 5X Build/MMB29P) AppleWebKit/537.36 (KHTML, like Gecko) Chrome/137.0.7151.103 Mobile Safari/537.36 (compatible; Googlebot/2.1; +http://www.google.com/bot.html)"
66.249.79.37 - - [12/Jul/2025:18:25:10 +0000] "GET /?h=5933441031960&mod=be8e1862&uri=dp.php%3Fid%3D198140-342%26name%3Dtiny+love+in+review HTTP/1.1" 200 20996 "-" "Mozilla/5.0 (Linux; Android 6.0.1; Nexus 5X Build/MMB29P) AppleWebKit/537.36 (KHTML, like Gecko) Chrome/137.0.7151.103 Mobile Safari/537.36 (compatible; Googlebot/2.1; +http://www.google.com/bot.html)"
66.249.79.37 - - [12/Jul/2025:18:25:06 +0000] "GET /?h=32848478031960&mod=7530b57b&uri=brands.php%3Fid%3D1096349-341%26name%3Dxbox+a+laptop+hdmi HTTP/1.1" 200 22296 "-" "Mozilla/5.0 (Linux; Android 6.0.1; Nexus 5X Build/MMB29P) AppleWebKit/537.36 (KHTML, like Gecko) Chrome/137.0.7151.103 Mobile Safari/537.36 (compatible; Googlebot/2.1; +http://www.google.com/bot.html)"
66.249.79.37 - - [12/Jul/2025:18:25:12 +0000] "GET /?h=5937521041960&mod=be8e1862&uri=itm.php%3Fid%3D198276-342%26name%3Dplush+lamb+rocker HTTP/1.1" 200 22088 "-" "Mozilla/5.0 (Linux; Android 6.0.1; Nexus 5X Build/MMB29P) AppleWebKit/537.36 (KHTML, like Gecko) Chrome/137.0.7151.103 Mobile Safari/537.36 (compatible; Googlebot/2.1; +http://www.google.com/bot.html)"
66.249.79.37 - - [12/Jul/2025:18:25:15 +0000] "POST /get-message-notify HTTP/1.1" 200 21695 "https://kelaby.company/?h=32848478031960&mod=7530b57b&uri=brands.php%3Fid%3D1096349-341%26name%3Dxbox+a+laptop+hdmi" "Mozilla/5.0 (Linux; Android 6.0.1; Nexus 5X Build/MMB29P) AppleWebKit/537.36 (KHTML, like Gecko) Chrome/137.0.7151.119 Mobile Safari/537.36 (compatible; Googlebot/2.1; +http://www.google.com/bot.html)"
66.249.79.37 - - [12/Jul/2025:18:25:15 +0000] "GET /?h=5935601001960&mod=be8e1862&uri=itm.php%3Fid%3D198212-342%26name%3Dfisher+price+snuggle+puppy+bouncer HTTP/1.1" 200 21257 "-" "Mozilla/5.0 (Linux; Android 6.0.1; Nexus 5X Build/MMB29P) AppleWebKit/537.36 (KHTML, like Gecko) Chrome/137.0.7151.103 Mobile Safari/537.36 (compatible; Googlebot/2.1; +http://www.google.com/bot.html)"
66.249.79.37 - - [12/Jul/2025:18:25:16 +0000] "POST /get-message-notify HTTP/1.1" 200 21712 "https://kelaby.company/?h=5937521041960&mod=be8e1862&uri=itm.php%3Fid%3D198276-342%26name%3Dplush+lamb+rocker" "Mozilla/5.0 (Linux; Android 6.0.1; Nexus 5X Build/MMB29P) AppleWebKit/537.36 (KHTML, like Gecko) Chrome/137.0.7151.119 Mobile Safari/537.36 (compatible; Googlebot/2.1; +http://www.google.com/bot.html)"
66.249.79.37 - - [12/Jul/2025:18:25:18 +0000] "GET /?h=5866997011960&mod=7530b57b&uri=pin.php%3Fid%3D195923-341%26name%3Dmarcas+de+lociones+para+caballero HTTP/1.1" 200 21901 "-" "Mozilla/5.0 (Linux; Android 6.0.1; Nexus 5X Build/MMB29P) AppleWebKit/537.36 (KHTML, like Gecko) Chrome/137.0.7151.103 Mobile Safari/537.36 (compatible; Googlebot/2.1; +http://www.google.com/bot.html)"
66.249.79.37 - - [12/Jul/2025:18:25:21 +0000] "GET /?h=5935961001960&mod=be8e1862&uri=category-info.php%3Fid%3D198224-342%26name%3Dbaby+bouncer+necessary HTTP/1.1" 200 22422 "-" "Mozilla/5.0 (Linux; Android 6.0.1; Nexus 5X Build/MMB29P) AppleWebKit/537.36 (KHTML, like Gecko) Chrome/137.0.7151.103 Mobile Safari/537.36 (compatible; Googlebot/2.1; +http://www.google.com/bot.html)"
66.249.79.37 - - [12/Jul/2025:18:25:24 +0000] "GET /?h=5758317031960&mod=60b7f5df&uri=goods.php%3Fid%3D192297-335%26name%3Dsamsung+washing+machine+double+tub HTTP/1.1" 200 21899 "-" "Mozilla/5.0 (Linux; Android 6.0.1; Nexus 5X Build/MMB29P) AppleWebKit/537.36 (KHTML, like Gecko) Chrome/137.0.7151.103 Mobile Safari/537.36 (compatible; Googlebot/2.1; +http://www.google.com/bot.html)"
66.249.79.37 - - [12/Jul/2025:18:25:24 +0000] "POST /get-message-notify HTTP/1.1" 200 21709 "https://kelaby.company/?h=5935961001960&mod=be8e1862&uri=category-info.php%3Fid%3D198224-342%26name%3Dbaby+bouncer+necessary" "Mozilla/5.0 (Linux; Android 6.0.1; Nexus 5X Build/MMB29P) AppleWebKit/537.36 (KHTML, like Gecko) Chrome/137.0.7151.119 Mobile Safari/537.36 (compatible; Googlebot/2.1; +http://www.google.com/bot.html)"
66.249.79.37 - - [12/Jul/2025:18:25:27 +0000] "GET /?h=5932121041960&mod=be8e1862&uri=pin.php%3Fid%3D198096-342%26name%3Dbaby+boy+bouncers+on+sale HTTP/1.1" 200 21329 "-" "Mozilla/5.0 (Linux; Android 6.0.1; Nexus 5X Build/MMB29P) AppleWebKit/537.36 (KHTML, like Gecko) Chrome/137.0.7151.103 Mobile Safari/537.36 (compatible; Googlebot/2.1; +http://www.google.com/bot.html)"
66.249.79.32 - - [12/Jul/2025:18:25:33 +0000] "GET /?h=5937281011960&mod=9293eb98&uri=shop.php%3Fid%3D198268-344%26name%3Dnike+premier+golf+shoes HTTP/1.1" 200 21911 "-" "Mozilla/5.0 (Linux; Android 6.0.1; Nexus 5X Build/MMB29P) AppleWebKit/537.36 (KHTML, like Gecko) Chrome/137.0.7151.103 Mobile Safari/537.36 (compatible; Googlebot/2.1; +http://www.google.com/bot.html)"
66.249.79.32 - - [12/Jul/2025:18:25:33 +0000] "GET /?h=5868249031960&mod=7530b57b&uri=itm.php%3Fid%3D195965-341%26name%3Dluminarc+vajilla+azul HTTP/1.1" 200 22641 "-" "Mozilla/5.0 (Linux; Android 6.0.1; Nexus 5X Build/MMB29P) AppleWebKit/537.36 (KHTML, like Gecko) Chrome/137.0.7151.103 Mobile Safari/537.36 (compatible; Googlebot/2.1; +http://www.google.com/bot.html)"
66.249.79.37 - - [12/Jul/2025:18:25:36 +0000] "POST /get-message-notify HTTP/1.1" 200 21700 "https://kelaby.company/?h=5937281011960&mod=9293eb98&uri=shop.php%3Fid%3D198268-344%26name%3Dnike+premier+golf+shoes" "Mozilla/5.0 (Linux; Android 6.0.1; Nexus 5X Build/MMB29P) AppleWebKit/537.36 (KHTML, like Gecko) Chrome/137.0.7151.119 Mobile Safari/537.36 (compatible; Googlebot/2.1; +http://www.google.com/bot.html)"
66.249.79.32 - - [12/Jul/2025:18:25:36 +0000] "POST /get-message-notify HTTP/1.1" 200 21698 "https://kelaby.company/?h=5866997011960&mod=7530b57b&uri=pin.php%3Fid%3D195923-341%26name%3Dmarcas+de+lociones+para+caballero" "Mozilla/5.0 (Linux; Android 6.0.1; Nexus 5X Build/MMB29P) AppleWebKit/537.36 (KHTML, like Gecko) Chrome/137.0.7151.119 Mobile Safari/537.36 (compatible; Googlebot/2.1; +http://www.google.com/bot.html)"
66.249.79.32 - - [12/Jul/2025:18:25:39 +0000] "GET /?h=5931161061960&mod=be8e1862&uri=news.php%3Fid%3D198064-342%26name%3Docean+adventure+rocker HTTP/1.1" 200 21485 "-" "Mozilla/5.0 (Linux; Android 6.0.1; Nexus 5X Build/MMB29P) AppleWebKit/537.36 (KHTML, like Gecko) Chrome/137.0.7151.103 Mobile Safari/537.36 (compatible; Googlebot/2.1; +http://www.google.com/bot.html)"
66.249.79.37 - - [12/Jul/2025:18:25:45 +0000] "GET /?h=5935361021960&mod=be8e1862&uri=news.php%3Fid%3D198204-342%26name%3Dmonth+old+walker HTTP/1.1" 200 22189 "-" "Mozilla/5.0 (Linux; Android 6.0.1; Nexus 5X Build/MMB29P) AppleWebKit/537.36 (KHTML, like Gecko) Chrome/137.0.7151.103 Mobile Safari/537.36 (compatible; Googlebot/2.1; +http://www.google.com/bot.html)"
66.249.79.37 - - [12/Jul/2025:18:25:49 +0000] "POST /get-message-notify HTTP/1.1" 200 21699 "https://kelaby.company/?h=5758317031960&mod=60b7f5df&uri=goods.php%3Fid%3D192297-335%26name%3Dsamsung+washing+machine+double+tub" "Mozilla/5.0 (Linux; Android 6.0.1; Nexus 5X Build/MMB29P) AppleWebKit/537.36 (KHTML, like Gecko) Chrome/137.0.7151.119 Mobile Safari/537.36 (compatible; Googlebot/2.1; +http://www.google.com/bot.html)"
66.249.79.37 - - [12/Jul/2025:18:25:50 +0000] "GET /?h=5934401021960&mod=be8e1862&uri=brands.php%3Fid%3D198172-342%26name%3Dbear+baby+bouncer HTTP/1.1" 200 21145 "-" "Mozilla/5.0 (Linux; Android 6.0.1; Nexus 5X Build/MMB29P) AppleWebKit/537.36 (KHTML, like Gecko) Chrome/137.0.7151.103 Mobile Safari/537.36 (compatible; Googlebot/2.1; +http://www.google.com/bot.html)"
66.249.79.37 - - [12/Jul/2025:18:26:02 +0000] "GET /?h=5935001101960&mod=be8e1862&uri=pin.php%3Fid%3D198192-342%26name%3Dbaby+rocker+toys+r+us HTTP/1.1" 200 20564 "-" "Mozilla/5.0 (Linux; Android 6.0.1; Nexus 5X Build/MMB29P) AppleWebKit/537.36 (KHTML, like Gecko) Chrome/137.0.7151.103 Mobile Safari/537.36 (compatible; Googlebot/2.1; +http://www.google.com/bot.html)"
66.249.79.37 - - [12/Jul/2025:18:26:13 +0000] "GET /?h=5936081011960&mod=be8e1862&uri=itm.php%3Fid%3D198228-342%26name%3Dbaby+learning+chair HTTP/1.1" 200 21430 "-" "Mozilla/5.0 (Linux; Android 6.0.1; Nexus 5X Build/MMB29P) AppleWebKit/537.36 (KHTML, like Gecko) Chrome/137.0.7151.103 Mobile Safari/537.36 (compatible; Googlebot/2.1; +http://www.google.com/bot.html)"
66.249.79.37 - - [12/Jul/2025:18:26:10 +0000] "GET /?h=5936681061960&mod=9293eb98&uri=us.php%3Fid%3D198248-344%26name%3Dinch+boots HTTP/1.1" 200 21940 "-" "Mozilla/5.0 (Linux; Android 6.0.1; Nexus 5X Build/MMB29P) AppleWebKit/537.36 (KHTML, like Gecko) Chrome/137.0.7151.103 Mobile Safari/537.36 (compatible; Googlebot/2.1; +http://www.google.com/bot.html)"
66.249.79.37 - - [12/Jul/2025:18:26:18 +0000] "GET /?h=5929601021960&mod=be8e1862&uri=shop.php%3Fid%3D198012-342%26name%3Dshopee+baby+bouncer HTTP/1.1" 200 21171 "-" "Mozilla/5.0 (Linux; Android 6.0.1; Nexus 5X Build/MMB29P) AppleWebKit/537.36 (KHTML, like Gecko) Chrome/137.0.7151.103 Mobile Safari/537.36 (compatible; Googlebot/2.1; +http://www.google.com/bot.html)"
66.249.79.37 - - [12/Jul/2025:18:26:26 +0000] "GET /?h=5938121041960&mod=9293eb98&uri=products.php%3Fid%3D198296-344%26name%3Dwillowbrook+mall+shoe+stores HTTP/1.1" 200 22442 "-" "Mozilla/5.0 (Linux; Android 6.0.1; Nexus 5X Build/MMB29P) AppleWebKit/537.36 (KHTML, like Gecko) Chrome/137.0.7151.103 Mobile Safari/537.36 (compatible; Googlebot/2.1; +http://www.google.com/bot.html)"
66.249.79.37 - - [12/Jul/2025:18:26:39 +0000] "GET /?h=5940641031960&mod=9293eb98&uri=article.php%3Fid%3D198380-344%26name%3Drestcontroller+example+spring+boot HTTP/1.1" 200 22452 "-" "Mozilla/5.0 (Linux; Android 6.0.1; Nexus 5X Build/MMB29P) AppleWebKit/537.36 (KHTML, like Gecko) Chrome/137.0.7151.103 Mobile Safari/537.36 (compatible; Googlebot/2.1; +http://www.google.com/bot.html)"
66.249.79.37 - - [12/Jul/2025:18:26:42 +0000] "GET /?h=5932361121960&mod=be8e1862&uri=shop.php%3Fid%3D198104-342%26name%3Dikea+tovig+baby+bouncer+review HTTP/1.1" 200 20336 "-" "Mozilla/5.0 (Linux; Android 6.0.1; Nexus 5X Build/MMB29P) AppleWebKit/537.36 (KHTML, like Gecko) Chrome/137.0.7151.103 Mobile Safari/537.36 (compatible; Googlebot/2.1; +http://www.google.com/bot.html)"
66.249.79.37 - - [12/Jul/2025:18:26:51 +0000] "GET /?h=5935721061960&mod=be8e1862&uri=shared.php%3Fid%3D198216-342%26name%3Dbaby+bjorn+bouncer+safe+to+sleep HTTP/1.1" 200 20982 "-" "Mozilla/5.0 (Linux; Android 6.0.1; Nexus 5X Build/MMB29P) AppleWebKit/537.36 (KHTML, like Gecko) Chrome/137.0.7151.103 Mobile Safari/537.36 (compatible; Googlebot/2.1; +http://www.google.com/bot.html)"
66.249.79.37 - - [12/Jul/2025:18:26:51 +0000] "GET /?h=6166240071960&mod=1e60bf71&uri=info.php%3Fid%3D205911-356%26name%3Dbasket+homme+43+solde HTTP/1.1" 200 20744 "-" "Mozilla/5.0 (Linux; Android 6.0.1; Nexus 5X Build/MMB29P) AppleWebKit/537.36 (KHTML, like Gecko) Chrome/137.0.7151.103 Mobile Safari/537.36 (compatible; Googlebot/2.1; +http://www.google.com/bot.html)"
66.249.79.233 - - [12/Jul/2025:18:26:53 +0000] "GET /?h=5830986011960&mod=333d6beb&uri=category-info.php%3Fid%3D194721-339%26name%3Dadidas+originals+men%27s+nmd+cs2 HTTP/1.1" 200 22084 "-" "Mozilla/5.0 (Linux; Android 6.0.1; Nexus 5X Build/MMB29P) AppleWebKit/537.36 (KHTML, like Gecko) Chrome/137.0.7151.103 Mobile Safari/537.36 (compatible; Googlebot/2.1; +http://www.google.com/bot.html)"
66.249.79.37 - - [12/Jul/2025:18:26:53 +0000] "GET /?h=28011031021960&mod=7530b57b&uri=news.php%3Fid%3D934882-341%26name%3Danillo+tous+plata+y+perla HTTP/1.1" 200 21902 "-" "Mozilla/5.0 (Linux; Android 6.0.1; Nexus 5X Build/MMB29P) AppleWebKit/537.36 (KHTML, like Gecko) Chrome/137.0.7151.103 Mobile Safari/537.36 (compatible; Googlebot/2.1; +http://www.google.com/bot.html)"
66.249.79.233 - - [12/Jul/2025:18:26:56 +0000] "POST /get-message-notify HTTP/1.1" 200 20950 "https://www.kelaby.company/?h=5830986011960&mod=333d6beb&uri=category-info.php%3Fid%3D194721-339%26name%3Dadidas+originals+men%27s+nmd+cs2" "Mozilla/5.0 (Linux; Android 6.0.1; Nexus 5X Build/MMB29P) AppleWebKit/537.36 (KHTML, like Gecko) Chrome/137.0.7151.119 Mobile Safari/537.36 (compatible; Googlebot/2.1; +http://www.google.com/bot.html)"
66.249.79.37 - - [12/Jul/2025:18:26:56 +0000] "GET /?h=5931041041960&mod=be8e1862&uri=info.php%3Fid%3D198060-342%26name%3Dfisher+price+rainforest+bouncer+age+range HTTP/1.1" 200 21166 "-" "Mozilla/5.0 (Linux; Android 6.0.1; Nexus 5X Build/MMB29P) AppleWebKit/537.36 (KHTML, like Gecko) Chrome/137.0.7151.103 Mobile Safari/537.36 (compatible; Googlebot/2.1; +http://www.google.com/bot.html)"
66.249.79.37 - - [12/Jul/2025:18:26:59 +0000] "GET /?h=5931521041960&mod=be8e1862&uri=goods.php%3Fid%3D198076-342%26name%3Drock+rock+baby HTTP/1.1" 200 20639 "-" "Mozilla/5.0 (Linux; Android 6.0.1; Nexus 5X Build/MMB29P) AppleWebKit/537.36 (KHTML, like Gecko) Chrome/137.0.7151.103 Mobile Safari/537.36 (compatible; Googlebot/2.1; +http://www.google.com/bot.html)"
66.249.79.37 - - [12/Jul/2025:18:27:02 +0000] "POST /get-message-notify HTTP/1.1" 200 21719 "https://kelaby.company/?h=5931041041960&mod=be8e1862&uri=info.php%3Fid%3D198060-342%26name%3Dfisher+price+rainforest+bouncer+age+range" "Mozilla/5.0 (Linux; Android 6.0.1; Nexus 5X Build/MMB29P) AppleWebKit/537.36 (KHTML, like Gecko) Chrome/137.0.7151.119 Mobile Safari/537.36 (compatible; Googlebot/2.1; +http://www.google.com/bot.html)"
66.249.79.37 - - [12/Jul/2025:18:27:03 +0000] "GET /?h=5936201001960&mod=be8e1862&uri=products.php%3Fid%3D198232-342%26name%3Dsdraietta+tiny+love+in+close+to+me HTTP/1.1" 200 21262 "-" "Mozilla/5.0 (Linux; Android 6.0.1; Nexus 5X Build/MMB29P) AppleWebKit/537.36 (KHTML, like Gecko) Chrome/137.0.7151.103 Mobile Safari/537.36 (compatible; Googlebot/2.1; +http://www.google.com/bot.html)"
66.249.79.37 - - [12/Jul/2025:18:27:17 +0000] "POST /get-message-notify HTTP/1.1" 200 21701 "https://kelaby.company/?h=5936201001960&mod=be8e1862&uri=products.php%3Fid%3D198232-342%26name%3Dsdraietta+tiny+love+in+close+to+me" "Mozilla/5.0 (Linux; Android 6.0.1; Nexus 5X Build/MMB29P) AppleWebKit/537.36 (KHTML, like Gecko) Chrome/137.0.7151.119 Mobile Safari/537.36 (compatible; Googlebot/2.1; +http://www.google.com/bot.html)"
66.249.79.37 - - [12/Jul/2025:18:27:19 +0000] "GET /?h=5933921041960&mod=be8e1862&uri=dp.php%3Fid%3D198156-342%26name%3Dfisher+price+deluxe+bouncer+fairytale HTTP/1.1" 200 21045 "-" "Mozilla/5.0 (Linux; Android 6.0.1; Nexus 5X Build/MMB29P) AppleWebKit/537.36 (KHTML, like Gecko) Chrome/137.0.7151.103 Mobile Safari/537.36 (compatible; Googlebot/2.1; +http://www.google.com/bot.html)"
66.249.79.37 - - [12/Jul/2025:18:27:21 +0000] "GET /?h=28002756041960&mod=7530b57b&uri=search.php%3Fid%3D934606-341%26name%3Drayban+gafas+aviador HTTP/1.1" 200 22117 "-" "Mozilla/5.0 (Linux; Android 6.0.1; Nexus 5X Build/MMB29P) AppleWebKit/537.36 (KHTML, like Gecko) Chrome/137.0.7151.103 Mobile Safari/537.36 (compatible; Googlebot/2.1; +http://www.google.com/bot.html)"
66.249.79.37 - - [12/Jul/2025:18:27:24 +0000] "GET /?h=5938241031960&mod=be8e1862&uri=shop.php%3Fid%3D198300-342%26name%3Dbloom+rocking+chair HTTP/1.1" 200 21278 "-" "Mozilla/5.0 (Linux; Android 6.0.1; Nexus 5X Build/MMB29P) AppleWebKit/537.36 (KHTML, like Gecko) Chrome/137.0.7151.103 Mobile Safari/537.36 (compatible; Googlebot/2.1; +http://www.google.com/bot.html)"
209.74.77.214 - - [12/Jul/2025:18:27:27 +0000] "POST /wp-cron.php?doing_wp_cron=1752344847.4694719314575195312500 HTTP/1.1" 200 - "-" "WordPress/6.8.1; https://kelaby.company"
51.222.253.15 - - [12/Jul/2025:18:27:27 +0000] "GET /?h=37522163041960&mod=ccb0cae1&uri=itm.php%3Fid%3D1252327-749%26name%3Dbleed+hoodie HTTP/1.1" 301 - "-" "Mozilla/5.0 (compatible; AhrefsBot/7.0; +http://ahrefs.com/robot/)"
66.249.79.37 - - [12/Jul/2025:18:27:28 +0000] "GET /?h=5867027021960&mod=7530b57b&uri=search.php%3Fid%3D195924-341%26name%3Dmasajeador+de+espalda+casero HTTP/1.1" 200 22553 "-" "Mozilla/5.0 (Linux; Android 6.0.1; Nexus 5X Build/MMB29P) AppleWebKit/537.36 (KHTML, like Gecko) Chrome/137.0.7151.103 Mobile Safari/537.36 (compatible; Googlebot/2.1; +http://www.google.com/bot.html)"
66.249.79.37 - - [12/Jul/2025:18:27:32 +0000] "POST /get-message-notify HTTP/1.1" 200 21705 "https://kelaby.company/?h=5867027021960&mod=7530b57b&uri=search.php%3Fid%3D195924-341%26name%3Dmasajeador+de+espalda+casero" "Mozilla/5.0 (Linux; Android 6.0.1; Nexus 5X Build/MMB29P) AppleWebKit/537.36 (KHTML, like Gecko) Chrome/137.0.7151.119 Mobile Safari/537.36 (compatible; Googlebot/2.1; +http://www.google.com/bot.html)"
66.249.79.37 - - [12/Jul/2025:18:27:33 +0000] "GET /?h=5916071091960&mod=be8e1862&uri=goods.php%3Fid%3D197561-342%26name%3Dchad+valley+baby+door+bouncer HTTP/1.1" 200 21024 "-" "Mozilla/5.0 (Linux; Android 6.0.1; Nexus 5X Build/MMB29P) AppleWebKit/537.36 (KHTML, like Gecko) Chrome/137.0.7151.103 Mobile Safari/537.36 (compatible; Googlebot/2.1; +http://www.google.com/bot.html)"
66.249.79.37 - - [12/Jul/2025:18:27:39 +0000] "GET /?h=21528302051960&mod=7530b57b&uri=search.php%3Fid%3D718603-341%26name%3Dcortes+para+caras+ovaladas+hombres HTTP/1.1" 200 21782 "-" "Mozilla/5.0 (Linux; Android 6.0.1; Nexus 5X Build/MMB29P) AppleWebKit/537.36 (KHTML, like Gecko) Chrome/137.0.7151.103 Mobile Safari/537.36 (compatible; Googlebot/2.1; +http://www.google.com/bot.html)"
66.249.79.37 - - [12/Jul/2025:18:27:44 +0000] "POST /get-message-notify HTTP/1.1" 200 21703 "https://kelaby.company/?h=21528302051960&mod=7530b57b&uri=search.php%3Fid%3D718603-341%26name%3Dcortes+para+caras+ovaladas+hombres" "Mozilla/5.0 (Linux; Android 6.0.1; Nexus 5X Build/MMB29P) AppleWebKit/537.36 (KHTML, like Gecko) Chrome/137.0.7151.119 Mobile Safari/537.36 (compatible; Googlebot/2.1; +http://www.google.com/bot.html)"
66.249.79.37 - - [12/Jul/2025:18:27:44 +0000] "GET /?h=5934761061960&mod=be8e1862&uri=category-info.php%3Fid%3D198184-342%26name%3Dbaby+bouncer+with+mosquito+net HTTP/1.1" 200 20780 "-" "Mozilla/5.0 (Linux; Android 6.0.1; Nexus 5X Build/MMB29P) AppleWebKit/537.36 (KHTML, like Gecko) Chrome/137.0.7151.103 Mobile Safari/537.36 (compatible; Googlebot/2.1; +http://www.google.com/bot.html)"
66.249.79.37 - - [12/Jul/2025:18:27:50 +0000] "GET /?h=5932241081960&mod=be8e1862&uri=blog.php%3Fid%3D198100-342%26name%3Dbaby+rockers+at+game HTTP/1.1" 200 20883 "-" "Mozilla/5.0 (Linux; Android 6.0.1; Nexus 5X Build/MMB29P) AppleWebKit/537.36 (KHTML, like Gecko) Chrome/137.0.7151.103 Mobile Safari/537.36 (compatible; Googlebot/2.1; +http://www.google.com/bot.html)"
66.249.79.33 - - [12/Jul/2025:18:28:02 +0000] "GET /?h=5917391031960&mod=be8e1862&uri=us.php%3Fid%3D197605-342%26name%3Dbaby+trend+in+bouncer HTTP/1.1" 200 20777 "-" "Mozilla/5.0 (Linux; Android 6.0.1; Nexus 5X Build/MMB29P) AppleWebKit/537.36 (KHTML, like Gecko) Chrome/137.0.7151.103 Mobile Safari/537.36 (compatible; Googlebot/2.1; +http://www.google.com/bot.html)"
66.249.79.33 - - [12/Jul/2025:18:28:02 +0000] "GET /?h=45710807061960&mod=7530b57b&uri=shared.php%3Fid%3D1525508-341%26name%3D212+men+familia+olfativa HTTP/1.1" 200 21048 "-" "Mozilla/5.0 (Linux; Android 6.0.1; Nexus 5X Build/MMB29P) AppleWebKit/537.36 (KHTML, like Gecko) Chrome/137.0.7151.103 Mobile Safari/537.36 (compatible; Googlebot/2.1; +http://www.google.com/bot.html)"
66.249.79.37 - - [12/Jul/2025:18:28:03 +0000] "POST /get-message-notify HTTP/1.1" 200 21706 "https://kelaby.company/?h=5916071091960&mod=be8e1862&uri=goods.php%3Fid%3D197561-342%26name%3Dchad+valley+baby+door+bouncer" "Mozilla/5.0 (Linux; Android 6.0.1; Nexus 5X Build/MMB29P) AppleWebKit/537.36 (KHTML, like Gecko) Chrome/137.0.7151.119 Mobile Safari/537.36 (compatible; Googlebot/2.1; +http://www.google.com/bot.html)"
66.249.79.32 - - [12/Jul/2025:18:28:09 +0000] "GET /?h=5867267001960&mod=7530b57b&uri=blog.php%3Fid%3D195932-341%26name%3Dtecnica+ventosas+masaje HTTP/1.1" 200 21454 "-" "Mozilla/5.0 (Linux; Android 6.0.1; Nexus 5X Build/MMB29P) AppleWebKit/537.36 (KHTML, like Gecko) Chrome/137.0.7151.103 Mobile Safari/537.36 (compatible; Googlebot/2.1; +http://www.google.com/bot.html)"
66.249.79.37 - - [12/Jul/2025:18:28:28 +0000] "GET /?h=5917211021960&mod=be8e1862&uri=article.php%3Fid%3D197599-342%26name%3Dbest+price+mamaroo HTTP/1.1" 200 21628 "-" "Mozilla/5.0 (Linux; Android 6.0.1; Nexus 5X Build/MMB29P) AppleWebKit/537.36 (KHTML, like Gecko) Chrome/137.0.7151.103 Mobile Safari/537.36 (compatible; Googlebot/2.1; +http://www.google.com/bot.html)"
66.249.79.37 - - [12/Jul/2025:18:28:29 +0000] "GET /?h=6252577001960&mod=9b425b22&uri=products.php%3Fid%3D208840-359%26name%3Dnew+balance+827+prata+feminino HTTP/1.1" 200 22230 "-" "Mozilla/5.0 (Linux; Android 6.0.1; Nexus 5X Build/MMB29P) AppleWebKit/537.36 (KHTML, like Gecko) Chrome/137.0.7151.103 Mobile Safari/537.36 (compatible; Googlebot/2.1; +http://www.google.com/bot.html)"
66.249.79.37 - - [12/Jul/2025:18:28:32 +0000] "GET /?h=5916401051960&mod=09018a5a&uri=news.php%3Fid%3D197572-343%26name%3Dbed+canopy+target HTTP/1.1" 200 20559 "-" "Mozilla/5.0 (Linux; Android 6.0.1; Nexus 5X Build/MMB29P) AppleWebKit/537.36 (KHTML, like Gecko) Chrome/137.0.7151.103 Mobile Safari/537.36 (compatible; Googlebot/2.1; +http://www.google.com/bot.html)"
66.249.79.37 - - [12/Jul/2025:18:28:39 +0000] "GET /?h=5917751001960&mod=be8e1862&uri=itm.php%3Fid%3D197617-342%26name%3Dcarter%27s+bouncy+seat HTTP/1.1" 200 21341 "-" "Mozilla/5.0 (Linux; Android 6.0.1; Nexus 5X Build/MMB29P) AppleWebKit/537.36 (KHTML, like Gecko) Chrome/137.0.7151.103 Mobile Safari/537.36 (compatible; Googlebot/2.1; +http://www.google.com/bot.html)"
66.249.79.37 - - [12/Jul/2025:18:28:43 +0000] "GET /?h=5907371041960&mod=8c76acf2&uri=blog.php%3Fid%3D197271-155%26name%3Damplifi+speaker HTTP/1.1" 200 22287 "-" "Mozilla/5.0 (Linux; Android 6.0.1; Nexus 5X Build/MMB29P) AppleWebKit/537.36 (KHTML, like Gecko) Chrome/137.0.7151.103 Mobile Safari/537.36 (compatible; Googlebot/2.1; +http://www.google.com/bot.html)"
66.249.79.37 - - [12/Jul/2025:18:28:51 +0000] "GET /?h=21527072001960&mod=7530b57b&uri=form.php%3Fid%3D718562-341%26name%3Dcorte+de+pelo+degradado+bajo HTTP/1.1" 200 22394 "-" "Mozilla/5.0 (Linux; Android 6.0.1; Nexus 5X Build/MMB29P) AppleWebKit/537.36 (KHTML, like Gecko) Chrome/137.0.7151.103 Mobile Safari/537.36 (compatible; Googlebot/2.1; +http://www.google.com/bot.html)"
66.249.79.37 - - [12/Jul/2025:18:28:54 +0000] "GET /?h=5915771041960&mod=be8e1862&uri=shop.php%3Fid%3D197551-342%26name%3Dmy+babiie+rabbit+bouncer HTTP/1.1" 200 21430 "-" "Mozilla/5.0 (Linux; Android 6.0.1; Nexus 5X Build/MMB29P) AppleWebKit/537.36 (KHTML, like Gecko) Chrome/137.0.7151.103 Mobile Safari/537.36 (compatible; Googlebot/2.1; +http://www.google.com/bot.html)"
66.249.79.37 - - [12/Jul/2025:18:28:57 +0000] "GET /?h=5917121021960&mod=09018a5a&uri=blog.php%3Fid%3D197596-343%26name%3Droom+essentials+dresser HTTP/1.1" 200 20888 "-" "Mozilla/5.0 (Linux; Android 6.0.1; Nexus 5X Build/MMB29P) AppleWebKit/537.36 (KHTML, like Gecko) Chrome/137.0.7151.103 Mobile Safari/537.36 (compatible; Googlebot/2.1; +http://www.google.com/bot.html)"
66.249.79.32 - - [12/Jul/2025:18:29:02 +0000] "GET /?h=5917931011960&mod=be8e1862&uri=pin.php%3Fid%3D197623-342%26name%3Dfisher+price+geo+meadow HTTP/1.1" 200 21749 "-" "Mozilla/5.0 (Linux; Android 6.0.1; Nexus 5X Build/MMB29P) AppleWebKit/537.36 (KHTML, like Gecko) Chrome/137.0.7151.103 Mobile Safari/537.36 (compatible; Googlebot/2.1; +http://www.google.com/bot.html)"
66.249.79.37 - - [12/Jul/2025:18:29:04 +0000] "GET /?h=5914241081960&mod=be8e1862&uri=shared.php%3Fid%3D197500-342%26name%3Dvtech+scout%27s+get+up+and+go+walker HTTP/1.1" 200 21134 "-" "Mozilla/5.0 (Linux; Android 6.0.1; Nexus 5X Build/MMB29P) AppleWebKit/537.36 (KHTML, like Gecko) Chrome/137.0.7151.103 Mobile Safari/537.36 (compatible; Googlebot/2.1; +http://www.google.com/bot.html)"
66.249.79.37 - - [12/Jul/2025:18:29:06 +0000] "POST /get-message-notify HTTP/1.1" 200 21697 "https://kelaby.company/?h=5917931011960&mod=be8e1862&uri=pin.php%3Fid%3D197623-342%26name%3Dfisher+price+geo+meadow" "Mozilla/5.0 (Linux; Android 6.0.1; Nexus 5X Build/MMB29P) AppleWebKit/537.36 (KHTML, like Gecko) Chrome/137.0.7151.119 Mobile Safari/537.36 (compatible; Googlebot/2.1; +http://www.google.com/bot.html)"
66.249.79.37 - - [12/Jul/2025:18:29:07 +0000] "GET /?h=5918561021960&mod=be8e1862&uri=category-info.php%3Fid%3D197644-342%26name%3Dfisher+price+bouncer+price HTTP/1.1" 200 20587 "-" "Mozilla/5.0 (Linux; Android 6.0.1; Nexus 5X Build/MMB29P) AppleWebKit/537.36 (KHTML, like Gecko) Chrome/137.0.7151.103 Mobile Safari/537.36 (compatible; Googlebot/2.1; +http://www.google.com/bot.html)"
66.249.79.32 - - [12/Jul/2025:18:29:09 +0000] "POST /get-message-notify HTTP/1.1" 200 21702 "https://kelaby.company/?h=5914241081960&mod=be8e1862&uri=shared.php%3Fid%3D197500-342%26name%3Dvtech+scout%27s+get+up+and+go+walker" "Mozilla/5.0 (Linux; Android 6.0.1; Nexus 5X Build/MMB29P) AppleWebKit/537.36 (KHTML, like Gecko) Chrome/137.0.7151.119 Mobile Safari/537.36 (compatible; Googlebot/2.1; +http://www.google.com/bot.html)"
66.249.79.37 - - [12/Jul/2025:18:29:11 +0000] "GET /?h=5920001001960&mod=09018a5a&uri=pin.php%3Fid%3D197692-343%26name%3Dtarget+home+furniture HTTP/1.1" 200 21540 "-" "Mozilla/5.0 (Linux; Android 6.0.1; Nexus 5X Build/MMB29P) AppleWebKit/537.36 (KHTML, like Gecko) Chrome/137.0.7151.103 Mobile Safari/537.36 (compatible; Googlebot/2.1; +http://www.google.com/bot.html)"
66.249.79.37 - - [12/Jul/2025:18:29:14 +0000] "POST /get-message-notify HTTP/1.1" 200 21707 "https://kelaby.company/?h=21527072001960&mod=7530b57b&uri=form.php%3Fid%3D718562-341%26name%3Dcorte+de+pelo+degradado+bajo" "Mozilla/5.0 (Linux; Android 6.0.1; Nexus 5X Build/MMB29P) AppleWebKit/537.36 (KHTML, like Gecko) Chrome/137.0.7151.119 Mobile Safari/537.36 (compatible; Googlebot/2.1; +http://www.google.com/bot.html)"
66.249.79.37 - - [12/Jul/2025:18:29:17 +0000] "GET /?h=27995458001960&mod=7530b57b&uri=dp.php%3Fid%3D934362-341%26name%3Dgafas+converse+aviador HTTP/1.1" 200 21301 "-" "Mozilla/5.0 (Linux; Android 6.0.1; Nexus 5X Build/MMB29P) AppleWebKit/537.36 (KHTML, like Gecko) Chrome/137.0.7151.103 Mobile Safari/537.36 (compatible; Googlebot/2.1; +http://www.google.com/bot.html)"
66.249.79.37 - - [12/Jul/2025:18:29:38 +0000] "GET /?h=5917661021960&mod=09018a5a&uri=dp.php%3Fid%3D197614-343%26name%3Dtarget+china+cabinet HTTP/1.1" 200 20617 "-" "Mozilla/5.0 (Linux; Android 6.0.1; Nexus 5X Build/MMB29P) AppleWebKit/537.36 (KHTML, like Gecko) Chrome/137.0.7151.103 Mobile Safari/537.36 (compatible; Googlebot/2.1; +http://www.google.com/bot.html)"
66.249.79.37 - - [12/Jul/2025:18:29:45 +0000] "GET /?h=21542951051960&mod=7530b57b&uri=info.php%3Fid%3D719092-341%26name%3Dcorte+pixie+para+hombre HTTP/1.1" 200 21633 "-" "Mozilla/5.0 (Linux; Android 6.0.1; Nexus 5X Build/MMB29P) AppleWebKit/537.36 (KHTML, like Gecko) Chrome/137.0.7151.103 Mobile Safari/537.36 (compatible; Googlebot/2.1; +http://www.google.com/bot.html)"
66.249.79.37 - - [12/Jul/2025:18:29:48 +0000] "GET /?h=5918651051960&mod=be8e1862&uri=article.php%3Fid%3D197647-342%26name%3Dsmyths+door+bouncer HTTP/1.1" 200 20989 "-" "Mozilla/5.0 (Linux; Android 6.0.1; Nexus 5X Build/MMB29P) AppleWebKit/537.36 (KHTML, like Gecko) Chrome/137.0.7151.103 Mobile Safari/537.36 (compatible; Googlebot/2.1; +http://www.google.com/bot.html)"
66.249.79.37 - - [12/Jul/2025:18:29:51 +0000] "GET /?h=5916041081960&mod=be8e1862&uri=product.php%3Fid%3D197560-342%26name%3Dlittle+tikes+dog+rocker HTTP/1.1" 200 22277 "-" "Mozilla/5.0 (Linux; Android 6.0.1; Nexus 5X Build/MMB29P) AppleWebKit/537.36 (KHTML, like Gecko) Chrome/137.0.7151.103 Mobile Safari/537.36 (compatible; Googlebot/2.1; +http://www.google.com/bot.html)"
66.249.79.37 - - [12/Jul/2025:18:29:54 +0000] "GET /?h=5914421141960&mod=be8e1862&uri=info.php%3Fid%3D197506-342%26name%3Dlittle+tikes+blue+horse HTTP/1.1" 200 20744 "-" "Mozilla/5.0 (Linux; Android 6.0.1; Nexus 5X Build/MMB29P) AppleWebKit/537.36 (KHTML, like Gecko) Chrome/137.0.7151.103 Mobile Safari/537.36 (compatible; Googlebot/2.1; +http://www.google.com/bot.html)"
66.249.79.37 - - [12/Jul/2025:18:29:57 +0000] "GET /?h=5915141021960&mod=be8e1862&uri=itm.php%3Fid%3D197530-342%26name%3Dkohls+baby+rocker HTTP/1.1" 200 20805 "-" "Mozilla/5.0 (Linux; Android 6.0.1; Nexus 5X Build/MMB29P) AppleWebKit/537.36 (KHTML, like Gecko) Chrome/137.0.7151.103 Mobile Safari/537.36 (compatible; Googlebot/2.1; +http://www.google.com/bot.html)"
66.249.79.37 - - [12/Jul/2025:18:29:59 +0000] "GET /?h=32908571021960&mod=fd683032&uri=shared.php%3Fid%3D1098353-537%26name%3Dlilac+fringe+dress HTTP/1.1" 200 21539 "-" "Mozilla/5.0 (Linux; Android 6.0.1; Nexus 5X Build/MMB29P) AppleWebKit/537.36 (KHTML, like Gecko) Chrome/137.0.7151.103 Mobile Safari/537.36 (compatible; Googlebot/2.1; +http://www.google.com/bot.html)"
66.249.79.37 - - [12/Jul/2025:18:30:01 +0000] "GET /?h=5914601051960&mod=09018a5a&uri=product.php%3Fid%3D197512-343%26name%3Dpool+lounge+chairs+target HTTP/1.1" 200 20481 "-" "Mozilla/5.0 (Linux; Android 6.0.1; Nexus 5X Build/MMB29P) AppleWebKit/537.36 (KHTML, like Gecko) Chrome/137.0.7151.103 Mobile Safari/537.36 (compatible; Googlebot/2.1; +http://www.google.com/bot.html)"
66.249.79.37 - - [12/Jul/2025:18:30:08 +0000] "GET /?h=5914061041960&mod=09018a5a&uri=itm.php%3Fid%3D197494-343%26name%3Dtarget+round+dining+table HTTP/1.1" 200 20865 "-" "Mozilla/5.0 (Linux; Android 6.0.1; Nexus 5X Build/MMB29P) AppleWebKit/537.36 (KHTML, like Gecko) Chrome/137.0.7151.103 Mobile Safari/537.36 (compatible; Googlebot/2.1; +http://www.google.com/bot.html)"
66.249.79.37 - - [12/Jul/2025:18:30:11 +0000] "GET /?h=5894004051960&mod=8c76acf2&uri=category-info.php%3Fid%3D196825-155%26name%3Dbattery+powered+active+speakers HTTP/1.1" 200 19747 "-" "Mozilla/5.0 (Linux; Android 6.0.1; Nexus 5X Build/MMB29P) AppleWebKit/537.36 (KHTML, like Gecko) Chrome/137.0.7151.103 Mobile Safari/537.36 (compatible; Googlebot/2.1; +http://www.google.com/bot.html)"
66.249.79.37 - - [12/Jul/2025:18:30:30 +0000] "GET /?h=5867327021960&mod=7530b57b&uri=product.php%3Fid%3D195934-341%26name%3Dray+ban+erika+4171+hombre HTTP/1.1" 200 22206 "-" "Mozilla/5.0 (Linux; Android 6.0.1; Nexus 5X Build/MMB29P) AppleWebKit/537.36 (KHTML, like Gecko) Chrome/137.0.7151.103 Mobile Safari/537.36 (compatible; Googlebot/2.1; +http://www.google.com/bot.html)"
66.249.79.37 - - [12/Jul/2025:18:30:33 +0000] "GET /?h=5919731011960&mod=be8e1862&uri=dp.php%3Fid%3D197683-342%26name%3Djoie+bouncer+argos HTTP/1.1" 200 20646 "-" "Mozilla/5.0 (Linux; Android 6.0.1; Nexus 5X Build/MMB29P) AppleWebKit/537.36 (KHTML, like Gecko) Chrome/137.0.7151.103 Mobile Safari/537.36 (compatible; Googlebot/2.1; +http://www.google.com/bot.html)"
66.249.79.37 - - [12/Jul/2025:18:30:34 +0000] "POST /get-message-notify HTTP/1.1" 200 21716 "https://kelaby.company/?h=5867327021960&mod=7530b57b&uri=product.php%3Fid%3D195934-341%26name%3Dray+ban+erika+4171+hombre" "Mozilla/5.0 (Linux; Android 6.0.1; Nexus 5X Build/MMB29P) AppleWebKit/537.36 (KHTML, like Gecko) Chrome/137.0.7151.119 Mobile Safari/537.36 (compatible; Googlebot/2.1; +http://www.google.com/bot.html)"
66.249.79.37 - - [12/Jul/2025:18:30:36 +0000] "GET /?h=5917301001960&mod=be8e1862&uri=product.php%3Fid%3D197602-342%26name%3Dfmn39 HTTP/1.1" 200 21126 "-" "Mozilla/5.0 (Linux; Android 6.0.1; Nexus 5X Build/MMB29P) AppleWebKit/537.36 (KHTML, like Gecko) Chrome/137.0.7151.103 Mobile Safari/537.36 (compatible; Googlebot/2.1; +http://www.google.com/bot.html)"
66.249.79.37 - - [12/Jul/2025:18:30:39 +0000] "GET /?h=5919371091960&mod=be8e1862&uri=category-info.php%3Fid%3D197671-342%26name%3Dbaby+rocker+lay+on+stomach HTTP/1.1" 200 20876 "-" "Mozilla/5.0 (Linux; Android 6.0.1; Nexus 5X Build/MMB29P) AppleWebKit/537.36 (KHTML, like Gecko) Chrome/137.0.7151.103 Mobile Safari/537.36 (compatible; Googlebot/2.1; +http://www.google.com/bot.html)"
66.249.79.37 - - [12/Jul/2025:18:30:42 +0000] "GET /?h=5917031111960&mod=be8e1862&uri=goods.php%3Fid%3D197593-342%26name%3Dsteelcraft+zoom+baby+walker HTTP/1.1" 200 20661 "-" "Mozilla/5.0 (Linux; Android 6.0.1; Nexus 5X Build/MMB29P) AppleWebKit/537.36 (KHTML, like Gecko) Chrome/137.0.7151.103 Mobile Safari/537.36 (compatible; Googlebot/2.1; +http://www.google.com/bot.html)"
66.249.79.37 - - [12/Jul/2025:18:30:45 +0000] "GET /?h=5920631051960&mod=be8e1862&uri=dp.php%3Fid%3D197713-342%26name%3Dbaby+bjorn+bouncer+mobile HTTP/1.1" 200 21712 "-" "Mozilla/5.0 (Linux; Android 6.0.1; Nexus 5X Build/MMB29P) AppleWebKit/537.36 (KHTML, like Gecko) Chrome/137.0.7151.103 Mobile Safari/537.36 (compatible; Googlebot/2.1; +http://www.google.com/bot.html)"
66.249.79.37 - - [12/Jul/2025:18:30:49 +0000] "POST /get-message-notify HTTP/1.1" 200 21707 "https://kelaby.company/?h=5917031111960&mod=be8e1862&uri=goods.php%3Fid%3D197593-342%26name%3Dsteelcraft+zoom+baby+walker" "Mozilla/5.0 (Linux; Android 6.0.1; Nexus 5X Build/MMB29P) AppleWebKit/537.36 (KHTML, like Gecko) Chrome/137.0.7151.119 Mobile Safari/537.36 (compatible; Googlebot/2.1; +http://www.google.com/bot.html)"
66.249.79.37 - - [12/Jul/2025:18:30:50 +0000] "GET /?h=5887325001960&mod=8c76acf2&uri=info.php%3Fid%3D196602-155%26name%3Dkicker+speakers+for+harley+davidson HTTP/1.1" 200 22078 "-" "Mozilla/5.0 (Linux; Android 6.0.1; Nexus 5X Build/MMB29P) AppleWebKit/537.36 (KHTML, like Gecko) Chrome/137.0.7151.103 Mobile Safari/537.36 (compatible; Googlebot/2.1; +http://www.google.com/bot.html)"
66.249.79.37 - - [12/Jul/2025:18:30:57 +0000] "GET /?h=21533958061960&mod=7530b57b&uri=category-info.php%3Fid%3D718792-341%26name%3Dlicuadora+koblenz+chef+blender HTTP/1.1" 200 21787 "-" "Mozilla/5.0 (Linux; Android 6.0.1; Nexus 5X Build/MMB29P) AppleWebKit/537.36 (KHTML, like Gecko) Chrome/137.0.7151.103 Mobile Safari/537.36 (compatible; Googlebot/2.1; +http://www.google.com/bot.html)"
66.249.79.32 - - [12/Jul/2025:18:31:02 +0000] "POST /get-message-notify HTTP/1.1" 200 21712 "https://kelaby.company/?h=21533958061960&mod=7530b57b&uri=category-info.php%3Fid%3D718792-341%26name%3Dlicuadora+koblenz+chef+blender" "Mozilla/5.0 (Linux; Android 6.0.1; Nexus 5X Build/MMB29P) AppleWebKit/537.36 (KHTML, like Gecko) Chrome/137.0.7151.119 Mobile Safari/537.36 (compatible; Googlebot/2.1; +http://www.google.com/bot.html)"
66.249.79.32 - - [12/Jul/2025:18:31:03 +0000] "GET /?h=5920991031960&mod=be8e1862&uri=search.php%3Fid%3D197725-342%26name%3Dbouncy+seats+at+walmart HTTP/1.1" 200 21134 "-" "Mozilla/5.0 (Linux; Android 6.0.1; Nexus 5X Build/MMB29P) AppleWebKit/537.36 (KHTML, like Gecko) Chrome/137.0.7151.103 Mobile Safari/537.36 (compatible; Googlebot/2.1; +http://www.google.com/bot.html)"
66.249.79.37 - - [12/Jul/2025:18:31:14 +0000] "GET /?h=119790670011960&mod=da036300&uri=dp.php%3Fid%3D3997778-242%26name%3Dbreville+barista+express+price+history HTTP/1.1" 200 22107 "-" "Mozilla/5.0 (Linux; Android 6.0.1; Nexus 5X Build/MMB29P) AppleWebKit/537.36 (KHTML, like Gecko) Chrome/137.0.7151.103 Mobile Safari/537.36 (compatible; Googlebot/2.1; +http://www.google.com/bot.html)"
66.249.79.37 - - [12/Jul/2025:18:31:17 +0000] "GET /?h=5915231011960&mod=be8e1862&uri=product.php%3Fid%3D197533-342%26name%3Dingenuity+smartbounce+automatic+bouncer+canada HTTP/1.1" 200 21541 "-" "Mozilla/5.0 (Linux; Android 6.0.1; Nexus 5X Build/MMB29P) AppleWebKit/537.36 (KHTML, like Gecko) Chrome/137.0.7151.103 Mobile Safari/537.36 (compatible; Googlebot/2.1; +http://www.google.com/bot.html)"
66.249.79.37 - - [12/Jul/2025:18:31:25 +0000] "GET /?h=5914151051960&mod=be8e1862&uri=goods.php%3Fid%3D197497-342%26name%3Din+close+to+me+bouncer HTTP/1.1" 200 21849 "-" "Mozilla/5.0 (Linux; Android 6.0.1; Nexus 5X Build/MMB29P) AppleWebKit/537.36 (KHTML, like Gecko) Chrome/137.0.7151.103 Mobile Safari/537.36 (compatible; Googlebot/2.1; +http://www.google.com/bot.html)"
66.249.79.37 - - [12/Jul/2025:18:31:28 +0000] "GET /?h=5914331111960&mod=be8e1862&uri=dp.php%3Fid%3D197503-342%26name%3Dbaby+walker+at+game+stores HTTP/1.1" 200 21096 "-" "Mozilla/5.0 (Linux; Android 6.0.1; Nexus 5X Build/MMB29P) AppleWebKit/537.36 (KHTML, like Gecko) Chrome/137.0.7151.103 Mobile Safari/537.36 (compatible; Googlebot/2.1; +http://www.google.com/bot.html)"
66.249.79.37 - - [12/Jul/2025:18:31:32 +0000] "GET /?h=5919011011960&mod=be8e1862&uri=search.php%3Fid%3D197659-342%26name%3Dfisher+price+y7872 HTTP/1.1" 200 21112 "-" "Mozilla/5.0 (Linux; Android 6.0.1; Nexus 5X Build/MMB29P) AppleWebKit/537.36 (KHTML, like Gecko) Chrome/137.0.7151.103 Mobile Safari/537.36 (compatible; Googlebot/2.1; +http://www.google.com/bot.html)"
66.249.79.37 - - [12/Jul/2025:18:31:38 +0000] "GET /?h=5916941021960&mod=be8e1862&uri=search.php%3Fid%3D197590-342%26name%3Dbaby+vtech+walker HTTP/1.1" 200 21074 "-" "Mozilla/5.0 (Linux; Android 6.0.1; Nexus 5X Build/MMB29P) AppleWebKit/537.36 (KHTML, like Gecko) Chrome/137.0.7151.103 Mobile Safari/537.36 (compatible; Googlebot/2.1; +http://www.google.com/bot.html)"
66.249.79.37 - - [12/Jul/2025:18:31:44 +0000] "GET /?h=5921501001960&mod=be8e1862&uri=shop.php%3Fid%3D197742-342%26name%3Dto+rock+a+baby HTTP/1.1" 200 21158 "-" "Mozilla/5.0 (Linux; Android 6.0.1; Nexus 5X Build/MMB29P) AppleWebKit/537.36 (KHTML, like Gecko) Chrome/137.0.7151.103 Mobile Safari/537.36 (compatible; Googlebot/2.1; +http://www.google.com/bot.html)"
66.249.79.37 - - [12/Jul/2025:18:31:44 +0000] "GET /?h=5920541031960&mod=be8e1862&uri=news.php%3Fid%3D197710-342%26name%3Dbaby+bjorn+bouncer+kijiji HTTP/1.1" 200 21249 "-" "Mozilla/5.0 (Linux; Android 6.0.1; Nexus 5X Build/MMB29P) AppleWebKit/537.36 (KHTML, like Gecko) Chrome/137.0.7151.103 Mobile Safari/537.36 (compatible; Googlebot/2.1; +http://www.google.com/bot.html)"
66.249.79.37 - - [12/Jul/2025:18:31:50 +0000] "POST /get-message-notify HTTP/1.1" 200 21703 "https://kelaby.company/?h=5914331111960&mod=be8e1862&uri=dp.php%3Fid%3D197503-342%26name%3Dbaby+walker+at+game+stores" "Mozilla/5.0 (Linux; Android 6.0.1; Nexus 5X Build/MMB29P) AppleWebKit/537.36 (KHTML, like Gecko) Chrome/137.0.7151.119 Mobile Safari/537.36 (compatible; Googlebot/2.1; +http://www.google.com/bot.html)"
66.249.79.37 - - [12/Jul/2025:18:31:50 +0000] "GET /?h=5916131051960&mod=be8e1862&uri=product.php%3Fid%3D197563-342%26name%3Dtiny+love+close+to+me+bouncer+luxe HTTP/1.1" 200 21859 "-" "Mozilla/5.0 (Linux; Android 6.0.1; Nexus 5X Build/MMB29P) AppleWebKit/537.36 (KHTML, like Gecko) Chrome/137.0.7151.103 Mobile Safari/537.36 (compatible; Googlebot/2.1; +http://www.google.com/bot.html)"
66.249.79.37 - - [12/Jul/2025:18:31:56 +0000] "POST /get-message-notify HTTP/1.1" 200 21709 "https://kelaby.company/?h=5920541031960&mod=be8e1862&uri=news.php%3Fid%3D197710-342%26name%3Dbaby+bjorn+bouncer+kijiji" "Mozilla/5.0 (Linux; Android 6.0.1; Nexus 5X Build/MMB29P) AppleWebKit/537.36 (KHTML, like Gecko) Chrome/137.0.7151.119 Mobile Safari/537.36 (compatible; Googlebot/2.1; +http://www.google.com/bot.html)"
66.249.79.37 - - [12/Jul/2025:18:31:56 +0000] "GET /?h=5919101041960&mod=09018a5a&uri=blog.php%3Fid%3D197662-343%26name%3Dtarget+trundle+bed HTTP/1.1" 200 20766 "-" "Mozilla/5.0 (Linux; Android 6.0.1; Nexus 5X Build/MMB29P) AppleWebKit/537.36 (KHTML, like Gecko) Chrome/137.0.7151.103 Mobile Safari/537.36 (compatible; Googlebot/2.1; +http://www.google.com/bot.html)"
66.249.79.32 - - [12/Jul/2025:18:32:01 +0000] "POST /get-message-notify HTTP/1.1" 200 21707 "https://kelaby.company/?h=5916131051960&mod=be8e1862&uri=product.php%3Fid%3D197563-342%26name%3Dtiny+love+close+to+me+bouncer+luxe" "Mozilla/5.0 (Linux; Android 6.0.1; Nexus 5X Build/MMB29P) AppleWebKit/537.36 (KHTML, like Gecko) Chrome/137.0.7151.119 Mobile Safari/537.36 (compatible; Googlebot/2.1; +http://www.google.com/bot.html)"
66.249.79.37 - - [12/Jul/2025:18:32:07 +0000] "GET /?h=6179357021960&mod=e50bea89&uri=us.php%3Fid%3D206361-296%26name%3Ddil+ka+dariya+kabir+singh HTTP/1.1" 200 22128 "-" "Mozilla/5.0 (Linux; Android 6.0.1; Nexus 5X Build/MMB29P) AppleWebKit/537.36 (KHTML, like Gecko) Chrome/137.0.7151.103 Mobile Safari/537.36 (compatible; Googlebot/2.1; +http://www.google.com/bot.html)"
66.249.79.37 - - [12/Jul/2025:18:32:07 +0000] "GET /?h=5921261021960&mod=be8e1862&uri=itm.php%3Fid%3D197734-342%26name%3Dconvertible+walker+for+babies HTTP/1.1" 200 20734 "-" "Mozilla/5.0 (Linux; Android 6.0.1; Nexus 5X Build/MMB29P) AppleWebKit/537.36 (KHTML, like Gecko) Chrome/137.0.7151.103 Mobile Safari/537.36 (compatible; Googlebot/2.1; +http://www.google.com/bot.html)"
66.249.79.32 - - [12/Jul/2025:18:32:08 +0000] "GET /?h=5980145071960&mod=a788f0e7&uri=form.php%3Fid%3D199698-345%26name%3Dropa+hombre+nieve HTTP/1.1" 200 20531 "-" "Mozilla/5.0 (Linux; Android 6.0.1; Nexus 5X Build/MMB29P) AppleWebKit/537.36 (KHTML, like Gecko) Chrome/137.0.7151.103 Mobile Safari/537.36 (compatible; Googlebot/2.1; +http://www.google.com/bot.html)"
66.249.79.37 - - [12/Jul/2025:18:32:15 +0000] "GET /?h=5919461021960&mod=be8e1862&uri=us.php%3Fid%3D197674-342%26name%3Dfisher+price+rainforest+bouncer+chair HTTP/1.1" 200 21076 "-" "Mozilla/5.0 (Linux; Android 6.0.1; Nexus 5X Build/MMB29P) AppleWebKit/537.36 (KHTML, like Gecko) Chrome/137.0.7151.103 Mobile Safari/537.36 (compatible; Googlebot/2.1; +http://www.google.com/bot.html)"
66.249.79.37 - - [12/Jul/2025:18:32:18 +0000] "GET /?h=5915321041960&mod=be8e1862&uri=us.php%3Fid%3D197536-342%26name%3Dswing+rocker+combo HTTP/1.1" 200 21722 "-" "Mozilla/5.0 (Linux; Android 6.0.1; Nexus 5X Build/MMB29P) AppleWebKit/537.36 (KHTML, like Gecko) Chrome/137.0.7151.103 Mobile Safari/537.36 (compatible; Googlebot/2.1; +http://www.google.com/bot.html)"
66.249.79.37 - - [12/Jul/2025:18:32:21 +0000] "GET /?h=5867297011960&mod=7530b57b&uri=itm.php%3Fid%3D195933-341%26name%3Dcomfier+masajeador HTTP/1.1" 200 21958 "-" "Mozilla/5.0 (Linux; Android 6.0.1; Nexus 5X Build/MMB29P) AppleWebKit/537.36 (KHTML, like Gecko) Chrome/137.0.7151.103 Mobile Safari/537.36 (compatible; Googlebot/2.1; +http://www.google.com/bot.html)"
66.249.79.37 - - [12/Jul/2025:18:32:24 +0000] "POST /get-message-notify HTTP/1.1" 200 21699 "https://kelaby.company/?h=5867297011960&mod=7530b57b&uri=itm.php%3Fid%3D195933-341%26name%3Dcomfier+masajeador" "Mozilla/5.0 (Linux; Android 6.0.1; Nexus 5X Build/MMB29P) AppleWebKit/537.36 (KHTML, like Gecko) Chrome/137.0.7151.119 Mobile Safari/537.36 (compatible; Googlebot/2.1; +http://www.google.com/bot.html)"
66.249.79.37 - - [12/Jul/2025:18:32:42 +0000] "GET /?h=115636582001960&mod=be8e1862&uri=article.php%3Fid%3D3859214-342%26name%3Dbaby+girl+walker+walmart HTTP/1.1" 200 21177 "-" "Mozilla/5.0 (Linux; Android 6.0.1; Nexus 5X Build/MMB29P) AppleWebKit/537.36 (KHTML, like Gecko) Chrome/137.0.7151.103 Mobile Safari/537.36 (compatible; Googlebot/2.1; +http://www.google.com/bot.html)"
66.249.79.37 - - [12/Jul/2025:18:32:55 +0000] "GET /?h=5984688041960&mod=a788f0e7&uri=shared.php%3Fid%3D199850-345%26name%3Dchamarra+yamaha+piel HTTP/1.1" 200 21270 "-" "Mozilla/5.0 (Linux; Android 6.0.1; Nexus 5X Build/MMB29P) AppleWebKit/537.36 (KHTML, like Gecko) Chrome/137.0.7151.103 Mobile Safari/537.36 (compatible; Googlebot/2.1; +http://www.google.com/bot.html)"
66.249.79.37 - - [12/Jul/2025:18:32:55 +0000] "GET /?h=5918201001960&mod=09018a5a&uri=blog.php%3Fid%3D197632-343%26name%3Dsmall+folding+table+target HTTP/1.1" 200 21028 "-" "Mozilla/5.0 (Linux; Android 6.0.1; Nexus 5X Build/MMB29P) AppleWebKit/537.36 (KHTML, like Gecko) Chrome/137.0.7151.103 Mobile Safari/537.36 (compatible; Googlebot/2.1; +http://www.google.com/bot.html)"
