209.74.77.214 - - [12/Jul/2025:16:17:41 +0000] "POST /wp-cron.php?doing_wp_cron=1752337061.4760880470275878906250 HTTP/1.1" 200 - "-" "WordPress/6.8.1; https://kelaby.company"
51.222.253.19 - - [12/Jul/2025:16:17:40 +0000] "GET /?h=104535608001960&mod=add5c8cd&uri=shop.php%3Fid%3D3488670-1639%26name%3Dstuart+weitzman+hardy+90 HTTP/1.1" 301 - "-" "Mozilla/5.0 (compatible; AhrefsBot/7.0; +http://ahrefs.com/robot/)"
66.249.79.32 - - [12/Jul/2025:16:17:52 +0000] "GET /robots.txt HTTP/1.1" 200 84 "-" "Mozilla/5.0 (compatible; Googlebot/2.1; +http://www.google.com/bot.html)"
66.249.79.32 - - [12/Jul/2025:16:17:52 +0000] "GET /?h=6056165091960&mod=33acaba9&uri=info.php%3Fid%3D202237-348%26name%3Drobe+modanisa HTTP/1.1" 200 21053 "-" "Mozilla/5.0 (Linux; Android 6.0.1; Nexus 5X Build/MMB29P) AppleWebKit/537.36 (KHTML, like Gecko) Chrome/137.0.7151.103 Mobile Safari/537.36 (compatible; Googlebot/2.1; +http://www.google.com/bot.html)"
66.249.79.32 - - [12/Jul/2025:16:17:52 +0000] "GET /?h=6115175001960&mod=e1029434&uri=news.php%3Fid%3D204207-208%26name%3Dsony+digital+handycam+to+pc HTTP/1.1" 200 21714 "-" "Mozilla/5.0 (Linux; Android 6.0.1; Nexus 5X Build/MMB29P) AppleWebKit/537.36 (KHTML, like Gecko) Chrome/137.0.7151.103 Mobile Safari/537.36 (compatible; Googlebot/2.1; +http://www.google.com/bot.html)"
66.249.79.32 - - [12/Jul/2025:16:17:54 +0000] "GET /?h=6100397041960&mod=f7efa4f8&uri=blog.php%3Fid%3D203714-40%26name%3Dhome+depot+ryobi+battery+and+charger HTTP/1.1" 200 22034 "-" "Mozilla/5.0 (Linux; Android 6.0.1; Nexus 5X Build/MMB29P) AppleWebKit/537.36 (KHTML, like Gecko) Chrome/137.0.7151.103 Mobile Safari/537.36 (compatible; Googlebot/2.1; +http://www.google.com/bot.html)"
66.249.79.32 - - [12/Jul/2025:16:17:57 +0000] "POST /get-message-notify HTTP/1.1" 200 21694 "https://kelaby.company/?h=6115175001960&mod=e1029434&uri=news.php%3Fid%3D204207-208%26name%3Dsony+digital+handycam+to+pc" "Mozilla/5.0 (Linux; Android 6.0.1; Nexus 5X Build/MMB29P) AppleWebKit/537.36 (KHTML, like Gecko) Chrome/137.0.7151.119 Mobile Safari/537.36 (compatible; Googlebot/2.1; +http://www.google.com/bot.html)"
66.249.79.32 - - [12/Jul/2025:16:17:58 +0000] "POST /get-message-notify HTTP/1.1" 200 21689 "https://kelaby.company/?h=6100397041960&mod=f7efa4f8&uri=blog.php%3Fid%3D203714-40%26name%3Dhome+depot+ryobi+battery+and+charger" "Mozilla/5.0 (Linux; Android 6.0.1; Nexus 5X Build/MMB29P) AppleWebKit/537.36 (KHTML, like Gecko) Chrome/137.0.7151.119 Mobile Safari/537.36 (compatible; Googlebot/2.1; +http://www.google.com/bot.html)"
66.249.79.34 - - [12/Jul/2025:16:18:02 +0000] "GET /?h=119808202111960&mod=167cacf7&uri=dp.php%3Fid%3D3998363-129%26name%3Dbattery+charge+iphone+12 HTTP/1.1" 200 20492 "-" "Mozilla/5.0 (Linux; Android 6.0.1; Nexus 5X Build/MMB29P) AppleWebKit/537.36 (KHTML, like Gecko) Chrome/137.0.7151.103 Mobile Safari/537.36 (compatible; Googlebot/2.1; +http://www.google.com/bot.html)"
66.249.79.32 - - [12/Jul/2025:16:18:04 +0000] "GET /?h=6094219011960&mod=f7efa4f8&uri=shared.php%3Fid%3D203508-40%26name%3Dhsa+stihl HTTP/1.1" 200 21668 "-" "Mozilla/5.0 (Linux; Android 6.0.1; Nexus 5X Build/MMB29P) AppleWebKit/537.36 (KHTML, like Gecko) Chrome/137.0.7151.103 Mobile Safari/537.36 (compatible; Googlebot/2.1; +http://www.google.com/bot.html)"
66.249.79.32 - - [12/Jul/2025:16:18:07 +0000] "GET /?h=6101597021960&mod=f7efa4f8&uri=product.php%3Fid%3D203754-40%26name%3Dsmall+battery+powered+stihl+chainsaw HTTP/1.1" 200 21892 "-" "Mozilla/5.0 (Linux; Android 6.0.1; Nexus 5X Build/MMB29P) AppleWebKit/537.36 (KHTML, like Gecko) Chrome/137.0.7151.103 Mobile Safari/537.36 (compatible; Googlebot/2.1; +http://www.google.com/bot.html)"
66.249.79.33 - - [12/Jul/2025:16:18:08 +0000] "POST /get-message-notify HTTP/1.1" 200 21709 "https://kelaby.company/?h=6094219011960&mod=f7efa4f8&uri=shared.php%3Fid%3D203508-40%26name%3Dhsa+stihl" "Mozilla/5.0 (Linux; Android 6.0.1; Nexus 5X Build/MMB29P) AppleWebKit/537.36 (KHTML, like Gecko) Chrome/137.0.7151.119 Mobile Safari/537.36 (compatible; Googlebot/2.1; +http://www.google.com/bot.html)"
66.249.79.33 - - [12/Jul/2025:16:18:08 +0000] "GET /?h=6218796041960&mod=acac6e55&uri=itm.php%3Fid%3D207694-219%26name%3Dstove+heaters+for+sale HTTP/1.1" 200 22002 "-" "Mozilla/5.0 (Linux; Android 6.0.1; Nexus 5X Build/MMB29P) AppleWebKit/537.36 (KHTML, like Gecko) Chrome/137.0.7151.103 Mobile Safari/537.36 (compatible; Googlebot/2.1; +http://www.google.com/bot.html)"
66.249.79.32 - - [12/Jul/2025:16:18:14 +0000] "GET /?h=6090019111960&mod=f7efa4f8&uri=dp.php%3Fid%3D203368-40%26name%3Dhsa+25+battery+shrub+shears HTTP/1.1" 200 21322 "-" "Mozilla/5.0 (Linux; Android 6.0.1; Nexus 5X Build/MMB29P) AppleWebKit/537.36 (KHTML, like Gecko) Chrome/137.0.7151.103 Mobile Safari/537.36 (compatible; Googlebot/2.1; +http://www.google.com/bot.html)"
66.249.79.32 - - [12/Jul/2025:16:18:14 +0000] "GET /?h=6060712051960&mod=c7ced588&uri=itm.php%3Fid%3D202389-349%26name%3Driviere+de+diamant+prix HTTP/1.1" 200 22085 "-" "Mozilla/5.0 (Linux; Android 6.0.1; Nexus 5X Build/MMB29P) AppleWebKit/537.36 (KHTML, like Gecko) Chrome/137.0.7151.103 Mobile Safari/537.36 (compatible; Googlebot/2.1; +http://www.google.com/bot.html)"
66.249.79.32 - - [12/Jul/2025:16:18:27 +0000] "GET /?h=23984672001960&mod=62c1507b&uri=products.php%3Fid%3D800542-330%26name%3Dbobber+rig+for+catfish HTTP/1.1" 200 22616 "-" "Mozilla/5.0 (Linux; Android 6.0.1; Nexus 5X Build/MMB29P) AppleWebKit/537.36 (KHTML, like Gecko) Chrome/137.0.7151.103 Mobile Safari/537.36 (compatible; Googlebot/2.1; +http://www.google.com/bot.html)"
66.249.79.32 - - [12/Jul/2025:16:18:28 +0000] "POST /get-message-notify HTTP/1.1" 200 21707 "https://kelaby.company/?h=6106535121960&mod=f7efa4f8&uri=pin.php%3Fid%3D203919-40%26name%3Dgraco+ultra+17m363" "Mozilla/5.0 (Linux; Android 6.0.1; Nexus 5X Build/MMB29P) AppleWebKit/537.36 (KHTML, like Gecko) Chrome/137.0.7151.119 Mobile Safari/537.36 (compatible; Googlebot/2.1; +http://www.google.com/bot.html)"
66.249.79.32 - - [12/Jul/2025:16:18:29 +0000] "GET /?h=6098897011960&mod=f7efa4f8&uri=brands.php%3Fid%3D203664-40%26name%3Dryobi+18+volt+misting+fan HTTP/1.1" 200 22556 "-" "Mozilla/5.0 (Linux; Android 6.0.1; Nexus 5X Build/MMB29P) AppleWebKit/537.36 (KHTML, like Gecko) Chrome/137.0.7151.103 Mobile Safari/537.36 (compatible; Googlebot/2.1; +http://www.google.com/bot.html)"
66.249.79.32 - - [12/Jul/2025:16:18:32 +0000] "GET /?h=6104015051960&mod=f7efa4f8&uri=article.php%3Fid%3D203835-40%26name%3Dtc+pro+corded+airless+paint+sprayer HTTP/1.1" 200 22462 "-" "Mozilla/5.0 (Linux; Android 6.0.1; Nexus 5X Build/MMB29P) AppleWebKit/537.36 (KHTML, like Gecko) Chrome/137.0.7151.103 Mobile Safari/537.36 (compatible; Googlebot/2.1; +http://www.google.com/bot.html)"
66.249.79.32 - - [12/Jul/2025:16:18:35 +0000] "GET /?h=6105335011960&mod=f7efa4f8&uri=pin.php%3Fid%3D203879-40%26name%3Ddw4811 HTTP/1.1" 200 21702 "-" "Mozilla/5.0 (Linux; Android 6.0.1; Nexus 5X Build/MMB29P) AppleWebKit/537.36 (KHTML, like Gecko) Chrome/137.0.7151.103 Mobile Safari/537.36 (compatible; Googlebot/2.1; +http://www.google.com/bot.html)"
66.249.79.32 - - [12/Jul/2025:16:18:42 +0000] "POST /get-message-notify HTTP/1.1" 200 21700 "https://kelaby.company/?h=23984672001960&mod=62c1507b&uri=products.php%3Fid%3D800542-330%26name%3Dbobber+rig+for+catfish" "Mozilla/5.0 (Linux; Android 6.0.1; Nexus 5X Build/MMB29P) AppleWebKit/537.36 (KHTML, like Gecko) Chrome/137.0.7151.119 Mobile Safari/537.36 (compatible; Googlebot/2.1; +http://www.google.com/bot.html)"
66.249.79.32 - - [12/Jul/2025:16:18:51 +0000] "GET /?h=6105785011960&mod=f7efa4f8&uri=info.php%3Fid%3D203894-40%26name%3Dmilwaukee+sawzall+at+home+depot HTTP/1.1" 200 21279 "-" "Mozilla/5.0 (Linux; Android 6.0.1; Nexus 5X Build/MMB29P) AppleWebKit/537.36 (KHTML, like Gecko) Chrome/137.0.7151.103 Mobile Safari/537.36 (compatible; Googlebot/2.1; +http://www.google.com/bot.html)"
66.249.79.32 - - [12/Jul/2025:16:18:53 +0000] "GET /?h=6104435011960&mod=f7efa4f8&uri=news.php%3Fid%3D203849-40%26name%3Dmini+cordless+circular+saw+harbor+freight HTTP/1.1" 200 22502 "-" "Mozilla/5.0 (Linux; Android 6.0.1; Nexus 5X Build/MMB29P) AppleWebKit/537.36 (KHTML, like Gecko) Chrome/137.0.7151.103 Mobile Safari/537.36 (compatible; Googlebot/2.1; +http://www.google.com/bot.html)"
66.249.79.33 - - [12/Jul/2025:16:18:56 +0000] "GET /?h=6034172001960&mod=7a7338ef&uri=search.php%3Fid%3D201502-347%26name%3Dpull+ans+garcon HTTP/1.1" 200 21305 "-" "Mozilla/5.0 (Linux; Android 6.0.1; Nexus 5X Build/MMB29P) AppleWebKit/537.36 (KHTML, like Gecko) Chrome/137.0.7151.103 Mobile Safari/537.36 (compatible; Googlebot/2.1; +http://www.google.com/bot.html)"
66.249.79.32 - - [12/Jul/2025:16:18:58 +0000] "GET /?h=6101297061960&mod=f7efa4f8&uri=brands.php%3Fid%3D203744-40%26name%3Dmatco+mcl1638hpiw HTTP/1.1" 200 21996 "-" "Mozilla/5.0 (Linux; Android 6.0.1; Nexus 5X Build/MMB29P) AppleWebKit/537.36 (KHTML, like Gecko) Chrome/137.0.7151.103 Mobile Safari/537.36 (compatible; Googlebot/2.1; +http://www.google.com/bot.html)"
66.249.79.34 - - [12/Jul/2025:16:19:06 +0000] "GET /?h=6105485021960&mod=f7efa4f8&uri=brands.php%3Fid%3D203884-40%26name%3Dozito+18v+battery+nz HTTP/1.1" 200 22488 "-" "Mozilla/5.0 (Linux; Android 6.0.1; Nexus 5X Build/MMB29P) AppleWebKit/537.36 (KHTML, like Gecko) Chrome/137.0.7151.103 Mobile Safari/537.36 (compatible; Googlebot/2.1; +http://www.google.com/bot.html)"
66.249.79.34 - - [12/Jul/2025:16:19:08 +0000] "GET /?h=76108514011960&mod=681e38a8&uri=news.php%3Fid%3D2539819-346%26name%3D4xl+paintball+jersey HTTP/1.1" 200 21164 "-" "Mozilla/5.0 (Linux; Android 6.0.1; Nexus 5X Build/MMB29P) AppleWebKit/537.36 (KHTML, like Gecko) Chrome/137.0.7151.103 Mobile Safari/537.36 (compatible; Googlebot/2.1; +http://www.google.com/bot.html)"
66.249.79.34 - - [12/Jul/2025:16:19:10 +0000] "POST /get-message-notify HTTP/1.1" 200 21717 "https://kelaby.company/?h=6105485021960&mod=f7efa4f8&uri=brands.php%3Fid%3D203884-40%26name%3Dozito+18v+battery+nz" "Mozilla/5.0 (Linux; Android 6.0.1; Nexus 5X Build/MMB29P) AppleWebKit/537.36 (KHTML, like Gecko) Chrome/137.0.7151.119 Mobile Safari/537.36 (compatible; Googlebot/2.1; +http://www.google.com/bot.html)"
66.249.79.32 - - [12/Jul/2025:16:19:11 +0000] "GET /?h=6019415121960&mod=681e38a8&uri=info.php%3Fid%3D201010-346%26name%3Djordan+jersey+baseball HTTP/1.1" 200 21660 "-" "Mozilla/5.0 (Linux; Android 6.0.1; Nexus 5X Build/MMB29P) AppleWebKit/537.36 (KHTML, like Gecko) Chrome/137.0.7151.103 Mobile Safari/537.36 (compatible; Googlebot/2.1; +http://www.google.com/bot.html)"
66.249.79.33 - - [12/Jul/2025:16:19:13 +0000] "POST /get-message-notify HTTP/1.1" 200 21698 "https://kelaby.company/?h=76108514011960&mod=681e38a8&uri=news.php%3Fid%3D2539819-346%26name%3D4xl+paintball+jersey" "Mozilla/5.0 (Linux; Android 6.0.1; Nexus 5X Build/MMB29P) AppleWebKit/537.36 (KHTML, like Gecko) Chrome/137.0.7151.119 Mobile Safari/537.36 (compatible; Googlebot/2.1; +http://www.google.com/bot.html)"
66.249.79.33 - - [12/Jul/2025:16:19:13 +0000] "GET /?h=6098867061960&mod=f7efa4f8&uri=itm.php%3Fid%3D203663-40%26name%3Dvacuum+cleaner+makita+18v HTTP/1.1" 200 22170 "-" "Mozilla/5.0 (Linux; Android 6.0.1; Nexus 5X Build/MMB29P) AppleWebKit/537.36 (KHTML, like Gecko) Chrome/137.0.7151.103 Mobile Safari/537.36 (compatible; Googlebot/2.1; +http://www.google.com/bot.html)"
66.249.79.32 - - [12/Jul/2025:16:19:15 +0000] "POST /get-message-notify HTTP/1.1" 200 21703 "https://kelaby.company/?h=6101297061960&mod=f7efa4f8&uri=brands.php%3Fid%3D203744-40%26name%3Dmatco+mcl1638hpiw" "Mozilla/5.0 (Linux; Android 6.0.1; Nexus 5X Build/MMB29P) AppleWebKit/537.36 (KHTML, like Gecko) Chrome/137.0.7151.119 Mobile Safari/537.36 (compatible; Googlebot/2.1; +http://www.google.com/bot.html)"
66.249.79.32 - - [12/Jul/2025:16:19:17 +0000] "GET /?h=6103385061960&mod=f7efa4f8&uri=blog.php%3Fid%3D203814-40%26name%3Dmakita+cordless+scarifier HTTP/1.1" 200 22506 "-" "Mozilla/5.0 (Linux; Android 6.0.1; Nexus 5X Build/MMB29P) AppleWebKit/537.36 (KHTML, like Gecko) Chrome/137.0.7151.103 Mobile Safari/537.36 (compatible; Googlebot/2.1; +http://www.google.com/bot.html)"
66.249.79.32 - - [12/Jul/2025:16:19:22 +0000] "GET /?h=6113555011960&mod=e1029434&uri=search.php%3Fid%3D204153-208%26name%3Dsony+video+camera+4k+2020 HTTP/1.1" 200 21901 "-" "Mozilla/5.0 (Linux; Android 6.0.1; Nexus 5X Build/MMB29P) AppleWebKit/537.36 (KHTML, like Gecko) Chrome/137.0.7151.103 Mobile Safari/537.36 (compatible; Googlebot/2.1; +http://www.google.com/bot.html)"
66.249.79.32 - - [12/Jul/2025:16:19:25 +0000] "POST /get-message-notify HTTP/1.1" 200 21719 "https://kelaby.company/?h=6113555011960&mod=e1029434&uri=search.php%3Fid%3D204153-208%26name%3Dsony+video+camera+4k+2020" "Mozilla/5.0 (Linux; Android 6.0.1; Nexus 5X Build/MMB29P) AppleWebKit/537.36 (KHTML, like Gecko) Chrome/137.0.7151.119 Mobile Safari/537.36 (compatible; Googlebot/2.1; +http://www.google.com/bot.html)"
66.249.79.32 - - [12/Jul/2025:16:19:27 +0000] "GET /?h=6092719021960&mod=f7efa4f8&uri=category-info.php%3Fid%3D203458-40%26name%3Dmilwaukee+360+laser HTTP/1.1" 200 22518 "-" "Mozilla/5.0 (Linux; Android 6.0.1; Nexus 5X Build/MMB29P) AppleWebKit/537.36 (KHTML, like Gecko) Chrome/137.0.7151.103 Mobile Safari/537.36 (compatible; Googlebot/2.1; +http://www.google.com/bot.html)"
66.249.79.32 - - [12/Jul/2025:16:19:32 +0000] "GET /?h=6114995031960&mod=e1029434&uri=us.php%3Fid%3D204201-208%26name%3Dsony+e+mount+wildlife+lens HTTP/1.1" 200 22142 "-" "Mozilla/5.0 (Linux; Android 6.0.1; Nexus 5X Build/MMB29P) AppleWebKit/537.36 (KHTML, like Gecko) Chrome/137.0.7151.103 Mobile Safari/537.36 (compatible; Googlebot/2.1; +http://www.google.com/bot.html)"
66.249.79.32 - - [12/Jul/2025:16:19:38 +0000] "GET /?h=6094817001960&mod=f7efa4f8&uri=category-info.php%3Fid%3D203528-40%26name%3Dsk106dz+makita HTTP/1.1" 200 21993 "-" "Mozilla/5.0 (Linux; Android 6.0.1; Nexus 5X Build/MMB29P) AppleWebKit/537.36 (KHTML, like Gecko) Chrome/137.0.7151.103 Mobile Safari/537.36 (compatible; Googlebot/2.1; +http://www.google.com/bot.html)"
66.249.79.32 - - [12/Jul/2025:16:19:41 +0000] "POST /get-message-notify HTTP/1.1" 200 21714 "https://kelaby.company/?h=6094817001960&mod=f7efa4f8&uri=category-info.php%3Fid%3D203528-40%26name%3Dsk106dz+makita" "Mozilla/5.0 (Linux; Android 6.0.1; Nexus 5X Build/MMB29P) AppleWebKit/537.36 (KHTML, like Gecko) Chrome/137.0.7151.119 Mobile Safari/537.36 (compatible; Googlebot/2.1; +http://www.google.com/bot.html)"
66.249.79.32 - - [12/Jul/2025:16:19:50 +0000] "POST /get-message-notify HTTP/1.1" 200 21704 "https://kelaby.company/?h=6019415121960&mod=681e38a8&uri=info.php%3Fid%3D201010-346%26name%3Djordan+jersey+baseball" "Mozilla/5.0 (Linux; Android 6.0.1; Nexus 5X Build/MMB29P) AppleWebKit/537.36 (KHTML, like Gecko) Chrome/137.0.7151.119 Mobile Safari/537.36 (compatible; Googlebot/2.1; +http://www.google.com/bot.html)"
66.249.79.33 - - [12/Jul/2025:16:19:57 +0000] "GET /?h=6093319011960&mod=f7efa4f8&uri=form.php%3Fid%3D203478-40%26name%3Dbest+ryobi+18v+battery HTTP/1.1" 200 21831 "-" "Mozilla/5.0 (Linux; Android 6.0.1; Nexus 5X Build/MMB29P) AppleWebKit/537.36 (KHTML, like Gecko) Chrome/137.0.7151.103 Mobile Safari/537.36 (compatible; Googlebot/2.1; +http://www.google.com/bot.html)"
66.249.79.33 - - [12/Jul/2025:16:19:59 +0000] "POST /get-message-notify HTTP/1.1" 200 21700 "https://kelaby.company/?h=6093319011960&mod=f7efa4f8&uri=form.php%3Fid%3D203478-40%26name%3Dbest+ryobi+18v+battery" "Mozilla/5.0 (Linux; Android 6.0.1; Nexus 5X Build/MMB29P) AppleWebKit/537.36 (KHTML, like Gecko) Chrome/137.0.7151.119 Mobile Safari/537.36 (compatible; Googlebot/2.1; +http://www.google.com/bot.html)"
66.249.79.32 - - [12/Jul/2025:16:20:04 +0000] "GET /?h=6012999041960&mod=62c1507b&uri=goods.php%3Fid%3D200796-330%26name%3Dshelly+heating+control HTTP/1.1" 200 21542 "-" "Mozilla/5.0 (Linux; Android 6.0.1; Nexus 5X Build/MMB29P) AppleWebKit/537.36 (KHTML, like Gecko) Chrome/137.0.7151.103 Mobile Safari/537.36 (compatible; Googlebot/2.1; +http://www.google.com/bot.html)"
66.249.79.32 - - [12/Jul/2025:16:20:04 +0000] "GET /?h=5964011011960&mod=9293eb98&uri=brands.php%3Fid%3D199159-344%26name%3Dall+season+shoes+for+mens HTTP/1.1" 200 21942 "-" "Mozilla/5.0 (Linux; Android 6.0.1; Nexus 5X Build/MMB29P) AppleWebKit/537.36 (KHTML, like Gecko) Chrome/137.0.7151.103 Mobile Safari/537.36 (compatible; Googlebot/2.1; +http://www.google.com/bot.html)"
66.249.79.32 - - [12/Jul/2025:16:20:04 +0000] "GET /?h=6014319021960&mod=681e38a8&uri=category-info.php%3Fid%3D200840-346%26name%3Dmadrid+polo+shirt HTTP/1.1" 200 21679 "-" "Mozilla/5.0 (Linux; Android 6.0.1; Nexus 5X Build/MMB29P) AppleWebKit/537.36 (KHTML, like Gecko) Chrome/137.0.7151.103 Mobile Safari/537.36 (compatible; Googlebot/2.1; +http://www.google.com/bot.html)"
66.249.79.32 - - [12/Jul/2025:16:20:04 +0000] "GET /?h=68223179001960&mod=4b3da53a&uri=product.php%3Fid%3D2276668-308%26name%3Dcobb+kurta+pajama HTTP/1.1" 200 21745 "-" "Mozilla/5.0 (Linux; Android 6.0.1; Nexus 5X Build/MMB29P) AppleWebKit/537.36 (KHTML, like Gecko) Chrome/137.0.7151.103 Mobile Safari/537.36 (compatible; Googlebot/2.1; +http://www.google.com/bot.html)"
66.249.79.32 - - [12/Jul/2025:16:20:06 +0000] "GET /?h=6116975001960&mod=e1029434&uri=products.php%3Fid%3D204267-208%26name%3Dmetabones+canon+ef+to+sony+e+mount HTTP/1.1" 200 20832 "-" "Mozilla/5.0 (Linux; Android 6.0.1; Nexus 5X Build/MMB29P) AppleWebKit/537.36 (KHTML, like Gecko) Chrome/137.0.7151.103 Mobile Safari/537.36 (compatible; Googlebot/2.1; +http://www.google.com/bot.html)"
66.249.79.32 - - [12/Jul/2025:16:20:09 +0000] "POST /get-message-notify HTTP/1.1" 200 21690 "https://kelaby.company/?h=6116975001960&mod=e1029434&uri=products.php%3Fid%3D204267-208%26name%3Dmetabones+canon+ef+to+sony+e+mount" "Mozilla/5.0 (Linux; Android 6.0.1; Nexus 5X Build/MMB29P) AppleWebKit/537.36 (KHTML, like Gecko) Chrome/137.0.7151.119 Mobile Safari/537.36 (compatible; Googlebot/2.1; +http://www.google.com/bot.html)"
66.249.79.32 - - [12/Jul/2025:16:20:13 +0000] "GET /?h=6092119001960&mod=f7efa4f8&uri=pin.php%3Fid%3D203438-40%26name%3Dmakita+tools+vacuum HTTP/1.1" 200 22202 "-" "Mozilla/5.0 (Linux; Android 6.0.1; Nexus 5X Build/MMB29P) AppleWebKit/537.36 (KHTML, like Gecko) Chrome/137.0.7151.103 Mobile Safari/537.36 (compatible; Googlebot/2.1; +http://www.google.com/bot.html)"
66.249.79.32 - - [12/Jul/2025:16:20:16 +0000] "GET /?h=6106985061960&mod=f7efa4f8&uri=dp.php%3Fid%3D203934-40%26name%3Dryobi+battery+18v+4ah HTTP/1.1" 200 22210 "-" "Mozilla/5.0 (Linux; Android 6.0.1; Nexus 5X Build/MMB29P) AppleWebKit/537.36 (KHTML, like Gecko) Chrome/137.0.7151.103 Mobile Safari/537.36 (compatible; Googlebot/2.1; +http://www.google.com/bot.html)"
66.249.79.32 - - [12/Jul/2025:16:20:14 +0000] "GET /?h=32913518021960&mod=fd683032&uri=info.php%3Fid%3D1098518-537%26name%3Dpretty+little+thing+silver+tassel+dress HTTP/1.1" 200 20543 "-" "Mozilla/5.0 (Linux; Android 6.0.1; Nexus 5X Build/MMB29P) AppleWebKit/537.36 (KHTML, like Gecko) Chrome/137.0.7151.103 Mobile Safari/537.36 (compatible; Googlebot/2.1; +http://www.google.com/bot.html)"
66.249.79.32 - - [12/Jul/2025:16:20:23 +0000] "GET /?h=6097367011960&mod=f7efa4f8&uri=brands.php%3Fid%3D203613-40%26name%3Ddewalt+45+pc+screwdriving+set HTTP/1.1" 200 22291 "-" "Mozilla/5.0 (Linux; Android 6.0.1; Nexus 5X Build/MMB29P) AppleWebKit/537.36 (KHTML, like Gecko) Chrome/137.0.7151.103 Mobile Safari/537.36 (compatible; Googlebot/2.1; +http://www.google.com/bot.html)"
66.249.79.32 - - [12/Jul/2025:16:20:23 +0000] "GET /?h=6112835021960&mod=e1029434&uri=products.php%3Fid%3D204129-208%26name%3Dsony+servo+zoom+lens HTTP/1.1" 200 21597 "-" "Mozilla/5.0 (Linux; Android 6.0.1; Nexus 5X Build/MMB29P) AppleWebKit/537.36 (KHTML, like Gecko) Chrome/137.0.7151.103 Mobile Safari/537.36 (compatible; Googlebot/2.1; +http://www.google.com/bot.html)"
66.249.79.32 - - [12/Jul/2025:16:20:24 +0000] "GET /?h=6103235031960&mod=f7efa4f8&uri=pin.php%3Fid%3D203809-40%26name%3Ddc385k HTTP/1.1" 200 22022 "-" "Mozilla/5.0 (Linux; Android 6.0.1; Nexus 5X Build/MMB29P) AppleWebKit/537.36 (KHTML, like Gecko) Chrome/137.0.7151.103 Mobile Safari/537.36 (compatible; Googlebot/2.1; +http://www.google.com/bot.html)"
66.249.79.32 - - [12/Jul/2025:16:20:27 +0000] "POST /get-message-notify HTTP/1.1" 200 21708 "https://kelaby.company/?h=6097367011960&mod=f7efa4f8&uri=brands.php%3Fid%3D203613-40%26name%3Ddewalt+45+pc+screwdriving+set" "Mozilla/5.0 (Linux; Android 6.0.1; Nexus 5X Build/MMB29P) AppleWebKit/537.36 (KHTML, like Gecko) Chrome/137.0.7151.119 Mobile Safari/537.36 (compatible; Googlebot/2.1; +http://www.google.com/bot.html)"
66.249.79.33 - - [12/Jul/2025:16:20:34 +0000] "GET /?h=6104135011960&mod=f7efa4f8&uri=article.php%3Fid%3D203839-40%26name%3Dultra+airless HTTP/1.1" 200 21952 "-" "Mozilla/5.0 (Linux; Android 6.0.1; Nexus 5X Build/MMB29P) AppleWebKit/537.36 (KHTML, like Gecko) Chrome/137.0.7151.103 Mobile Safari/537.36 (compatible; Googlebot/2.1; +http://www.google.com/bot.html)"
66.249.79.32 - - [12/Jul/2025:16:20:31 +0000] "GET /?h=6102936051960&mod=f7efa4f8&uri=dp.php%3Fid%3D203799-40%26name%3Dmilwaukee+cp1 HTTP/1.1" 200 22307 "-" "Mozilla/5.0 (Linux; Android 6.0.1; Nexus 5X Build/MMB29P) AppleWebKit/537.36 (KHTML, like Gecko) Chrome/137.0.7151.103 Mobile Safari/537.36 (compatible; Googlebot/2.1; +http://www.google.com/bot.html)"
66.249.79.32 - - [12/Jul/2025:16:20:39 +0000] "GET /?h=6012009011960&mod=62c1507b&uri=product.php%3Fid%3D200763-330%26name%3Dbenthos+jig HTTP/1.1" 200 22028 "-" "Mozilla/5.0 (Linux; Android 6.0.1; Nexus 5X Build/MMB29P) AppleWebKit/537.36 (KHTML, like Gecko) Chrome/137.0.7151.103 Mobile Safari/537.36 (compatible; Googlebot/2.1; +http://www.google.com/bot.html)"
66.249.79.33 - - [12/Jul/2025:16:20:46 +0000] "GET /?h=6105275071960&mod=f7efa4f8&uri=news.php%3Fid%3D203877-40%26name%3Dcordless+pole+saw+dewalt HTTP/1.1" 200 21805 "-" "Mozilla/5.0 (Linux; Android 6.0.1; Nexus 5X Build/MMB29P) AppleWebKit/537.36 (KHTML, like Gecko) Chrome/137.0.7151.103 Mobile Safari/537.36 (compatible; Googlebot/2.1; +http://www.google.com/bot.html)"
66.249.79.33 - - [12/Jul/2025:16:20:48 +0000] "POST /get-message-notify HTTP/1.1" 200 21703 "https://kelaby.company/?h=6112835021960&mod=e1029434&uri=products.php%3Fid%3D204129-208%26name%3Dsony+servo+zoom+lens" "Mozilla/5.0 (Linux; Android 6.0.1; Nexus 5X Build/MMB29P) AppleWebKit/537.36 (KHTML, like Gecko) Chrome/137.0.7151.119 Mobile Safari/537.36 (compatible; Googlebot/2.1; +http://www.google.com/bot.html)"
66.249.79.32 - - [12/Jul/2025:16:20:48 +0000] "GET /?h=6100097061960&mod=f7efa4f8&uri=pin.php%3Fid%3D203704-40%26name%3Ddewalt+18v+accessories HTTP/1.1" 200 21974 "-" "Mozilla/5.0 (Linux; Android 6.0.1; Nexus 5X Build/MMB29P) AppleWebKit/537.36 (KHTML, like Gecko) Chrome/137.0.7151.103 Mobile Safari/537.36 (compatible; Googlebot/2.1; +http://www.google.com/bot.html)"
66.249.79.33 - - [12/Jul/2025:16:20:50 +0000] "POST /get-message-notify HTTP/1.1" 200 21694 "https://kelaby.company/?h=6012009011960&mod=62c1507b&uri=product.php%3Fid%3D200763-330%26name%3Dbenthos+jig" "Mozilla/5.0 (Linux; Android 6.0.1; Nexus 5X Build/MMB29P) AppleWebKit/537.36 (KHTML, like Gecko) Chrome/137.0.7151.119 Mobile Safari/537.36 (compatible; Googlebot/2.1; +http://www.google.com/bot.html)"
66.249.79.33 - - [12/Jul/2025:16:20:51 +0000] "GET /?h=6100367011960&mod=f7efa4f8&uri=news.php%3Fid%3D203713-40%26name%3Dlithium+18v+ryobi HTTP/1.1" 200 22533 "-" "Mozilla/5.0 (Linux; Android 6.0.1; Nexus 5X Build/MMB29P) AppleWebKit/537.36 (KHTML, like Gecko) Chrome/137.0.7151.103 Mobile Safari/537.36 (compatible; Googlebot/2.1; +http://www.google.com/bot.html)"
66.249.79.32 - - [12/Jul/2025:16:20:52 +0000] "POST /get-message-notify HTTP/1.1" 200 21705 "https://kelaby.company/?h=6105275071960&mod=f7efa4f8&uri=news.php%3Fid%3D203877-40%26name%3Dcordless+pole+saw+dewalt" "Mozilla/5.0 (Linux; Android 6.0.1; Nexus 5X Build/MMB29P) AppleWebKit/537.36 (KHTML, like Gecko) Chrome/137.0.7151.119 Mobile Safari/537.36 (compatible; Googlebot/2.1; +http://www.google.com/bot.html)"
66.249.79.32 - - [12/Jul/2025:16:20:55 +0000] "POST /get-message-notify HTTP/1.1" 200 21704 "https://kelaby.company/?h=6100367011960&mod=f7efa4f8&uri=news.php%3Fid%3D203713-40%26name%3Dlithium+18v+ryobi" "Mozilla/5.0 (Linux; Android 6.0.1; Nexus 5X Build/MMB29P) AppleWebKit/537.36 (KHTML, like Gecko) Chrome/137.0.7151.119 Mobile Safari/537.36 (compatible; Googlebot/2.1; +http://www.google.com/bot.html)"
66.249.79.33 - - [12/Jul/2025:16:21:02 +0000] "GET /?h=6107435031960&mod=f7efa4f8&uri=news.php%3Fid%3D203949-40%26name%3D12v+rattle+gun HTTP/1.1" 200 22461 "-" "Mozilla/5.0 (Linux; Android 6.0.1; Nexus 5X Build/MMB29P) AppleWebKit/537.36 (KHTML, like Gecko) Chrome/137.0.7151.103 Mobile Safari/537.36 (compatible; Googlebot/2.1; +http://www.google.com/bot.html)"
66.249.79.32 - - [12/Jul/2025:16:21:08 +0000] "GET /?h=6103535011960&mod=f7efa4f8&uri=blog.php%3Fid%3D203819-40%26name%3Dmakita+18v+buffer HTTP/1.1" 200 22139 "-" "Mozilla/5.0 (Linux; Android 6.0.1; Nexus 5X Build/MMB29P) AppleWebKit/537.36 (KHTML, like Gecko) Chrome/137.0.7151.103 Mobile Safari/537.36 (compatible; Googlebot/2.1; +http://www.google.com/bot.html)"
66.249.79.33 - - [12/Jul/2025:16:21:17 +0000] "GET /?h=61319009001960&mod=681e38a8&uri=products.php%3Fid%3D2046268-346%26name%3Dflorida+gators+softball+apparel HTTP/1.1" 200 21967 "-" "Mozilla/5.0 (Linux; Android 6.0.1; Nexus 5X Build/MMB29P) AppleWebKit/537.36 (KHTML, like Gecko) Chrome/137.0.7151.103 Mobile Safari/537.36 (compatible; Googlebot/2.1; +http://www.google.com/bot.html)"
66.249.79.32 - - [12/Jul/2025:16:21:19 +0000] "GET /?h=6109235021960&mod=f7efa4f8&uri=product.php%3Fid%3D204009-40%26name%3Dblack+and+decker+9018 HTTP/1.1" 200 22471 "-" "Mozilla/5.0 (Linux; Android 6.0.1; Nexus 5X Build/MMB29P) AppleWebKit/537.36 (KHTML, like Gecko) Chrome/137.0.7151.103 Mobile Safari/537.36 (compatible; Googlebot/2.1; +http://www.google.com/bot.html)"
66.249.79.32 - - [12/Jul/2025:16:21:20 +0000] "POST /get-message-notify HTTP/1.1" 200 21692 "https://kelaby.company/?h=61319009001960&mod=681e38a8&uri=products.php%3Fid%3D2046268-346%26name%3Dflorida+gators+softball+apparel" "Mozilla/5.0 (Linux; Android 6.0.1; Nexus 5X Build/MMB29P) AppleWebKit/537.36 (KHTML, like Gecko) Chrome/137.0.7151.119 Mobile Safari/537.36 (compatible; Googlebot/2.1; +http://www.google.com/bot.html)"
66.249.79.32 - - [12/Jul/2025:16:21:22 +0000] "POST /get-message-notify HTTP/1.1" 200 21694 "https://kelaby.company/?h=6107435031960&mod=f7efa4f8&uri=news.php%3Fid%3D203949-40%26name%3D12v+rattle+gun" "Mozilla/5.0 (Linux; Android 6.0.1; Nexus 5X Build/MMB29P) AppleWebKit/537.36 (KHTML, like Gecko) Chrome/137.0.7151.119 Mobile Safari/537.36 (compatible; Googlebot/2.1; +http://www.google.com/bot.html)"
66.249.79.32 - - [12/Jul/2025:16:21:26 +0000] "GET /?h=6078521061960&mod=c7ced588&uri=article.php%3Fid%3D202984-349%26name%3Dpendentif+tr%C3%83%C2%A8fle+%C3%83%C2%A0+feuilles HTTP/1.1" 200 21940 "-" "Mozilla/5.0 (Linux; Android 6.0.1; Nexus 5X Build/MMB29P) AppleWebKit/537.36 (KHTML, like Gecko) Chrome/137.0.7151.103 Mobile Safari/537.36 (compatible; Googlebot/2.1; +http://www.google.com/bot.html)"
66.249.79.32 - - [12/Jul/2025:16:21:29 +0000] "GET /?h=6112655031960&mod=5ea1e18a&uri=blog.php%3Fid%3D204123-310%26name%3Dnvidia+geforce+gtx+1660+super+dual+monitor HTTP/1.1" 200 22551 "-" "Mozilla/5.0 (Linux; Android 6.0.1; Nexus 5X Build/MMB29P) AppleWebKit/537.36 (KHTML, like Gecko) Chrome/137.0.7151.103 Mobile Safari/537.36 (compatible; Googlebot/2.1; +http://www.google.com/bot.html)"
66.249.79.32 - - [12/Jul/2025:16:21:32 +0000] "GET /?h=6100517011960&mod=f7efa4f8&uri=dp.php%3Fid%3D203718-40%26name%3Dstihl+msa+120+c+battery HTTP/1.1" 200 21569 "-" "Mozilla/5.0 (Linux; Android 6.0.1; Nexus 5X Build/MMB29P) AppleWebKit/537.36 (KHTML, like Gecko) Chrome/137.0.7151.103 Mobile Safari/537.36 (compatible; Googlebot/2.1; +http://www.google.com/bot.html)"
66.249.79.32 - - [12/Jul/2025:16:21:44 +0000] "GET /?h=6115355061960&mod=e1029434&uri=shop.php%3Fid%3D204213-208%26name%3Dsquare+sq6+instax HTTP/1.1" 200 20750 "-" "Mozilla/5.0 (Linux; Android 6.0.1; Nexus 5X Build/MMB29P) AppleWebKit/537.36 (KHTML, like Gecko) Chrome/137.0.7151.103 Mobile Safari/537.36 (compatible; Googlebot/2.1; +http://www.google.com/bot.html)"
66.249.79.32 - - [12/Jul/2025:16:21:51 +0000] "GET /?h=6063742071960&mod=c7ced588&uri=article.php%3Fid%3D202490-349%26name%3Djeux+de+liens+ring HTTP/1.1" 200 19002 "-" "Mozilla/5.0 (Linux; Android 6.0.1; Nexus 5X Build/MMB29P) AppleWebKit/537.36 (KHTML, like Gecko) Chrome/137.0.7151.103 Mobile Safari/537.36 (compatible; Googlebot/2.1; +http://www.google.com/bot.html)"
66.249.79.32 - - [12/Jul/2025:16:21:53 +0000] "GET /?h=6113915071960&mod=e1029434&uri=shared.php%3Fid%3D204165-208%26name%3Dinstax+mini+90+classic HTTP/1.1" 200 21471 "-" "Mozilla/5.0 (Linux; Android 6.0.1; Nexus 5X Build/MMB29P) AppleWebKit/537.36 (KHTML, like Gecko) Chrome/137.0.7151.103 Mobile Safari/537.36 (compatible; Googlebot/2.1; +http://www.google.com/bot.html)"
66.249.79.32 - - [12/Jul/2025:16:21:56 +0000] "GET /?h=119766354031960&mod=4e989ec7&uri=shop.php%3Fid%3D3996967-1052%26name%3Dpaul+george+indiana+jersey HTTP/1.1" 200 21729 "-" "Mozilla/5.0 (Linux; Android 6.0.1; Nexus 5X Build/MMB29P) AppleWebKit/537.36 (KHTML, like Gecko) Chrome/137.0.7151.103 Mobile Safari/537.36 (compatible; Googlebot/2.1; +http://www.google.com/bot.html)"
66.249.79.34 - - [12/Jul/2025:16:22:04 +0000] "GET /?h=119771393031960&mod=da036300&uri=goods.php%3Fid%3D3997135-242%26name%3Dhenckels+convection+countertop+oven HTTP/1.1" 200 22174 "-" "Mozilla/5.0 (Linux; Android 6.0.1; Nexus 5X Build/MMB29P) AppleWebKit/537.36 (KHTML, like Gecko) Chrome/137.0.7151.103 Mobile Safari/537.36 (compatible; Googlebot/2.1; +http://www.google.com/bot.html)"
66.249.79.33 - - [12/Jul/2025:16:22:07 +0000] "GET /?h=119769713011960&mod=da036300&uri=form.php%3Fid%3D3997079-242%26name%3Ddisassemble+breville+barista+express HTTP/1.1" 200 22060 "-" "Mozilla/5.0 (Linux; Android 6.0.1; Nexus 5X Build/MMB29P) AppleWebKit/537.36 (KHTML, like Gecko) Chrome/137.0.7151.103 Mobile Safari/537.36 (compatible; Googlebot/2.1; +http://www.google.com/bot.html)"
66.249.79.33 - - [12/Jul/2025:16:22:09 +0000] "GET /?h=119649793011960&mod=ee411757&uri=shared.php%3Fid%3D3993080-100%26name%3Dsamsung+galaxy+active+phone+calls HTTP/1.1" 200 20919 "-" "Mozilla/5.0 (Linux; Android 6.0.1; Nexus 5X Build/MMB29P) AppleWebKit/537.36 (KHTML, like Gecko) Chrome/137.0.7151.103 Mobile Safari/537.36 (compatible; Googlebot/2.1; +http://www.google.com/bot.html)"
66.249.79.32 - - [12/Jul/2025:16:22:10 +0000] "POST /get-message-notify HTTP/1.1" 200 21692 "https://kelaby.company/?h=119766354031960&mod=4e989ec7&uri=shop.php%3Fid%3D3996967-1052%26name%3Dpaul+george+indiana+jersey" "Mozilla/5.0 (Linux; Android 6.0.1; Nexus 5X Build/MMB29P) AppleWebKit/537.36 (KHTML, like Gecko) Chrome/137.0.7151.119 Mobile Safari/537.36 (compatible; Googlebot/2.1; +http://www.google.com/bot.html)"
66.249.79.32 - - [12/Jul/2025:16:22:11 +0000] "GET /?h=119766774011960&mod=da036300&uri=article.php%3Fid%3D3996981-242%26name%3Dbarista+pro+touch HTTP/1.1" 200 22496 "-" "Mozilla/5.0 (Linux; Android 6.0.1; Nexus 5X Build/MMB29P) AppleWebKit/537.36 (KHTML, like Gecko) Chrome/137.0.7151.103 Mobile Safari/537.36 (compatible; Googlebot/2.1; +http://www.google.com/bot.html)"
66.249.79.32 - - [12/Jul/2025:16:22:19 +0000] "GET /?h=119768033141960&mod=da036300&uri=info.php%3Fid%3D3997023-242%26name%3Dbreville+barista+reddit HTTP/1.1" 200 21621 "-" "Mozilla/5.0 (Linux; Android 6.0.1; Nexus 5X Build/MMB29P) AppleWebKit/537.36 (KHTML, like Gecko) Chrome/137.0.7151.103 Mobile Safari/537.36 (compatible; Googlebot/2.1; +http://www.google.com/bot.html)"
66.249.79.32 - - [12/Jul/2025:16:22:21 +0000] "GET /?h=119766564041960&mod=da036300&uri=form.php%3Fid%3D3996974-242%26name%3Dcosori+convection+toaster+oven HTTP/1.1" 200 22104 "-" "Mozilla/5.0 (Linux; Android 6.0.1; Nexus 5X Build/MMB29P) AppleWebKit/537.36 (KHTML, like Gecko) Chrome/137.0.7151.103 Mobile Safari/537.36 (compatible; Googlebot/2.1; +http://www.google.com/bot.html)"
66.249.79.32 - - [12/Jul/2025:16:22:27 +0000] "POST /get-message-notify HTTP/1.1" 200 21699 "https://kelaby.company/?h=119766774011960&mod=da036300&uri=article.php%3Fid%3D3996981-242%26name%3Dbarista+pro+touch" "Mozilla/5.0 (Linux; Android 6.0.1; Nexus 5X Build/MMB29P) AppleWebKit/537.36 (KHTML, like Gecko) Chrome/137.0.7151.119 Mobile Safari/537.36 (compatible; Googlebot/2.1; +http://www.google.com/bot.html)"
66.249.79.32 - - [12/Jul/2025:16:22:30 +0000] "GET /?h=119774742031960&mod=da036300&uri=form.php%3Fid%3D3997247-242%26name%3Ddelonghi+magnifica+s+not+frothing+milk HTTP/1.1" 200 22440 "-" "Mozilla/5.0 (Linux; Android 6.0.1; Nexus 5X Build/MMB29P) AppleWebKit/537.36 (KHTML, like Gecko) Chrome/137.0.7151.103 Mobile Safari/537.36 (compatible; Googlebot/2.1; +http://www.google.com/bot.html)"
66.249.79.32 - - [12/Jul/2025:16:22:25 +0000] "GET /?h=119768663001960&mod=da036300&uri=category-info.php%3Fid%3D3997044-242%26name%3Dsage+barista+express+basket HTTP/1.1" 200 22508 "-" "Mozilla/5.0 (Linux; Android 6.0.1; Nexus 5X Build/MMB29P) AppleWebKit/537.36 (KHTML, like Gecko) Chrome/137.0.7151.103 Mobile Safari/537.36 (compatible; Googlebot/2.1; +http://www.google.com/bot.html)"
66.249.79.32 - - [12/Jul/2025:16:22:35 +0000] "GET /?h=119760092031960&mod=40195594&uri=itm.php%3Fid%3D3996757-141%26name%3Dvestido+reina+ana HTTP/1.1" 200 21968 "-" "Mozilla/5.0 (Linux; Android 6.0.1; Nexus 5X Build/MMB29P) AppleWebKit/537.36 (KHTML, like Gecko) Chrome/137.0.7151.103 Mobile Safari/537.36 (compatible; Googlebot/2.1; +http://www.google.com/bot.html)"
66.249.79.32 - - [12/Jul/2025:16:22:38 +0000] "POST /get-message-notify HTTP/1.1" 200 21699 "https://kelaby.company/?h=119769713011960&mod=da036300&uri=form.php%3Fid%3D3997079-242%26name%3Ddisassemble+breville+barista+express" "Mozilla/5.0 (Linux; Android 6.0.1; Nexus 5X Build/MMB29P) AppleWebKit/537.36 (KHTML, like Gecko) Chrome/137.0.7151.119 Mobile Safari/537.36 (compatible; Googlebot/2.1; +http://www.google.com/bot.html)"
66.249.79.32 - - [12/Jul/2025:16:22:40 +0000] "GET /?h=119763834091960&mod=40195594&uri=brands.php%3Fid%3D3996883-141%26name%3Dvestido+tirantes+lino HTTP/1.1" 200 22107 "-" "Mozilla/5.0 (Linux; Android 6.0.1; Nexus 5X Build/MMB29P) AppleWebKit/537.36 (KHTML, like Gecko) Chrome/137.0.7151.103 Mobile Safari/537.36 (compatible; Googlebot/2.1; +http://www.google.com/bot.html)"
66.249.79.32 - - [12/Jul/2025:16:22:38 +0000] "GET /?h=6064941021960&mod=c7ced588&uri=product.php%3Fid%3D202530-349%26name%3Dpendentif+personnalis%C3%83%C2%A9+photo HTTP/1.1" 200 22108 "-" "Mozilla/5.0 (Linux; Android 6.0.1; Nexus 5X Build/MMB29P) AppleWebKit/537.36 (KHTML, like Gecko) Chrome/137.0.7151.103 Mobile Safari/537.36 (compatible; Googlebot/2.1; +http://www.google.com/bot.html)"
66.249.79.32 - - [12/Jul/2025:16:22:45 +0000] "GET /?h=119664133021960&mod=09564e14&uri=brands.php%3Fid%3D3993558-466%26name%3Dariat+tek+heat+series HTTP/1.1" 200 21841 "-" "Mozilla/5.0 (Linux; Android 6.0.1; Nexus 5X Build/MMB29P) AppleWebKit/537.36 (KHTML, like Gecko) Chrome/137.0.7151.103 Mobile Safari/537.36 (compatible; Googlebot/2.1; +http://www.google.com/bot.html)"
66.249.79.32 - - [12/Jul/2025:16:22:50 +0000] "GET /?h=119768873021960&mod=da036300&uri=goods.php%3Fid%3D3997051-242%26name%3Dcosori+original+convection+toaster+oven+with+rack HTTP/1.1" 200 21549 "-" "Mozilla/5.0 (Linux; Android 6.0.1; Nexus 5X Build/MMB29P) AppleWebKit/537.36 (KHTML, like Gecko) Chrome/137.0.7151.103 Mobile Safari/537.36 (compatible; Googlebot/2.1; +http://www.google.com/bot.html)"
66.249.79.32 - - [12/Jul/2025:16:22:56 +0000] "GET /?h=119735683091960&mod=40195594&uri=us.php%3Fid%3D3995943-141%26name%3Dvestidos+en+dos+agujas+para+dama HTTP/1.1" 200 20493 "-" "Mozilla/5.0 (Linux; Android 6.0.1; Nexus 5X Build/MMB29P) AppleWebKit/537.36 (KHTML, like Gecko) Chrome/137.0.7151.103 Mobile Safari/537.36 (compatible; Googlebot/2.1; +http://www.google.com/bot.html)"
66.249.79.32 - - [12/Jul/2025:16:22:58 +0000] "POST /get-message-notify HTTP/1.1" 200 21694 "https://kelaby.company/?h=119774742031960&mod=da036300&uri=form.php%3Fid%3D3997247-242%26name%3Ddelonghi+magnifica+s+not+frothing+milk" "Mozilla/5.0 (Linux; Android 6.0.1; Nexus 5X Build/MMB29P) AppleWebKit/537.36 (KHTML, like Gecko) Chrome/137.0.7151.119 Mobile Safari/537.36 (compatible; Googlebot/2.1; +http://www.google.com/bot.html)"
66.249.79.33 - - [12/Jul/2025:16:23:02 +0000] "GET /?h=119772233041960&mod=da036300&uri=dp.php%3Fid%3D3997163-242%26name%3Dnumber+cake+pans+hobby+lobby HTTP/1.1" 200 21913 "-" "Mozilla/5.0 (Linux; Android 6.0.1; Nexus 5X Build/MMB29P) AppleWebKit/537.36 (KHTML, like Gecko) Chrome/137.0.7151.103 Mobile Safari/537.36 (compatible; Googlebot/2.1; +http://www.google.com/bot.html)"
66.249.79.33 - - [12/Jul/2025:16:23:05 +0000] "POST /get-message-notify HTTP/1.1" 200 21698 "https://kelaby.company/?h=119760092031960&mod=40195594&uri=itm.php%3Fid%3D3996757-141%26name%3Dvestido+reina+ana" "Mozilla/5.0 (Linux; Android 6.0.1; Nexus 5X Build/MMB29P) AppleWebKit/537.36 (KHTML, like Gecko) Chrome/137.0.7151.119 Mobile Safari/537.36 (compatible; Googlebot/2.1; +http://www.google.com/bot.html)"
66.249.79.33 - - [12/Jul/2025:16:23:07 +0000] "GET /?h=119766144021960&mod=40195594&uri=blog.php%3Fid%3D3996960-141%26name%3Dvestido+pegado+abajo+de+la+rodilla HTTP/1.1" 200 22361 "-" "Mozilla/5.0 (Linux; Android 6.0.1; Nexus 5X Build/MMB29P) AppleWebKit/537.36 (KHTML, like Gecko) Chrome/137.0.7151.103 Mobile Safari/537.36 (compatible; Googlebot/2.1; +http://www.google.com/bot.html)"
66.249.79.32 - - [12/Jul/2025:16:23:08 +0000] "POST /get-message-notify HTTP/1.1" 200 21707 "https://kelaby.company/?h=119772233041960&mod=da036300&uri=dp.php%3Fid%3D3997163-242%26name%3Dnumber+cake+pans+hobby+lobby" "Mozilla/5.0 (Linux; Android 6.0.1; Nexus 5X Build/MMB29P) AppleWebKit/537.36 (KHTML, like Gecko) Chrome/137.0.7151.119 Mobile Safari/537.36 (compatible; Googlebot/2.1; +http://www.google.com/bot.html)"
66.249.79.32 - - [12/Jul/2025:16:23:11 +0000] "GET /?h=25225515051960&mod=eede2d28&uri=product.php%3Fid%3D841931-235%26name%3Dh+und+m+jacken+damen HTTP/1.1" 200 21905 "-" "Mozilla/5.0 (Linux; Android 6.0.1; Nexus 5X Build/MMB29P) AppleWebKit/537.36 (KHTML, like Gecko) Chrome/137.0.7151.103 Mobile Safari/537.36 (compatible; Googlebot/2.1; +http://www.google.com/bot.html)"
66.249.79.32 - - [12/Jul/2025:16:23:12 +0000] "GET /?h=114584803041960&mod=ee411757&uri=form.php%3Fid%3D3824118-100%26name%3Dceramic+watch+case HTTP/1.1" 200 22131 "-" "Mozilla/5.0 (Linux; Android 6.0.1; Nexus 5X Build/MMB29P) AppleWebKit/537.36 (KHTML, like Gecko) Chrome/137.0.7151.103 Mobile Safari/537.36 (compatible; Googlebot/2.1; +http://www.google.com/bot.html)"
66.249.79.32 - - [12/Jul/2025:16:23:17 +0000] "GET /?h=119773902001960&mod=da036300&uri=itm.php%3Fid%3D3997219-242%26name%3Dbarista+express+upgrades HTTP/1.1" 200 22413 "-" "Mozilla/5.0 (Linux; Android 6.0.1; Nexus 5X Build/MMB29P) AppleWebKit/537.36 (KHTML, like Gecko) Chrome/137.0.7151.103 Mobile Safari/537.36 (compatible; Googlebot/2.1; +http://www.google.com/bot.html)"
66.249.79.32 - - [12/Jul/2025:16:23:19 +0000] "POST /get-message-notify HTTP/1.1" 200 21704 "https://kelaby.company/?h=6064941021960&mod=c7ced588&uri=product.php%3Fid%3D202530-349%26name%3Dpendentif+personnalis%C3%83%C2%A9+photo" "Mozilla/5.0 (Linux; Android 6.0.1; Nexus 5X Build/MMB29P) AppleWebKit/537.36 (KHTML, like Gecko) Chrome/137.0.7151.119 Mobile Safari/537.36 (compatible; Googlebot/2.1; +http://www.google.com/bot.html)"
66.249.79.32 - - [12/Jul/2025:16:23:27 +0000] "POST /get-message-notify HTTP/1.1" 200 21700 "https://kelaby.company/?h=119766144021960&mod=40195594&uri=blog.php%3Fid%3D3996960-141%26name%3Dvestido+pegado+abajo+de+la+rodilla" "Mozilla/5.0 (Linux; Android 6.0.1; Nexus 5X Build/MMB29P) AppleWebKit/537.36 (KHTML, like Gecko) Chrome/137.0.7151.119 Mobile Safari/537.36 (compatible; Googlebot/2.1; +http://www.google.com/bot.html)"
66.249.79.32 - - [12/Jul/2025:16:23:31 +0000] "GET /?h=119759462121960&mod=40195594&uri=info.php%3Fid%3D3996736-141%26name%3Dvestido+lunares+camisero HTTP/1.1" 200 21583 "-" "Mozilla/5.0 (Linux; Android 6.0.1; Nexus 5X Build/MMB29P) AppleWebKit/537.36 (KHTML, like Gecko) Chrome/137.0.7151.103 Mobile Safari/537.36 (compatible; Googlebot/2.1; +http://www.google.com/bot.html)"
66.249.79.32 - - [12/Jul/2025:16:23:34 +0000] "GET /?h=119770553031960&mod=da036300&uri=shared.php%3Fid%3D3997107-242%26name%3Dbes878bss+the+barista+pro+espresso+coffee+machine HTTP/1.1" 200 21858 "-" "Mozilla/5.0 (Linux; Android 6.0.1; Nexus 5X Build/MMB29P) AppleWebKit/537.36 (KHTML, like Gecko) Chrome/137.0.7151.103 Mobile Safari/537.36 (compatible; Googlebot/2.1; +http://www.google.com/bot.html)"
66.249.79.32 - - [12/Jul/2025:16:23:35 +0000] "GET /?h=6260747031960&mod=a98bf9c1&uri=pin.php%3Fid%3D209113-117%26name%3Dreloj+rolex+winner+24 HTTP/1.1" 200 21966 "-" "Mozilla/5.0 (Linux; Android 6.0.1; Nexus 5X Build/MMB29P) AppleWebKit/537.36 (KHTML, like Gecko) Chrome/137.0.7151.103 Mobile Safari/537.36 (compatible; Googlebot/2.1; +http://www.google.com/bot.html)"
66.249.79.32 - - [12/Jul/2025:16:23:36 +0000] "GET /?h=119829901051960&mod=bcfcd283&uri=products.php%3Fid%3D3999087-323%26name%3Djohn+deere+yeti+tumbler HTTP/1.1" 200 19845 "-" "Mozilla/5.0 (Linux; Android 6.0.1; Nexus 5X Build/MMB29P) AppleWebKit/537.36 (KHTML, like Gecko) Chrome/137.0.7151.103 Mobile Safari/537.36 (compatible; Googlebot/2.1; +http://www.google.com/bot.html)"
66.249.79.32 - - [12/Jul/2025:16:23:43 +0000] "GET /?h=119771183041960&mod=da036300&uri=blog.php%3Fid%3D3997128-242%26name%3Dsage+the+barista+express+black+friday HTTP/1.1" 200 22072 "-" "Mozilla/5.0 (Linux; Android 6.0.1; Nexus 5X Build/MMB29P) AppleWebKit/537.36 (KHTML, like Gecko) Chrome/137.0.7151.103 Mobile Safari/537.36 (compatible; Googlebot/2.1; +http://www.google.com/bot.html)"
66.249.79.32 - - [12/Jul/2025:16:23:50 +0000] "GET /?h=119772852041960&mod=da036300&uri=products.php%3Fid%3D3997184-242%26name%3Dbreville+barista+express+clean+light+on HTTP/1.1" 200 22308 "-" "Mozilla/5.0 (Linux; Android 6.0.1; Nexus 5X Build/MMB29P) AppleWebKit/537.36 (KHTML, like Gecko) Chrome/137.0.7151.103 Mobile Safari/537.36 (compatible; Googlebot/2.1; +http://www.google.com/bot.html)"
66.249.79.32 - - [12/Jul/2025:16:23:57 +0000] "GET /?h=119760686061960&mod=40195594&uri=pin.php%3Fid%3D3996778-141%26name%3Dvestidos+de+tela+tul HTTP/1.1" 200 22169 "-" "Mozilla/5.0 (Linux; Android 6.0.1; Nexus 5X Build/MMB29P) AppleWebKit/537.36 (KHTML, like Gecko) Chrome/137.0.7151.103 Mobile Safari/537.36 (compatible; Googlebot/2.1; +http://www.google.com/bot.html)"
66.249.79.33 - - [12/Jul/2025:16:24:01 +0000] "GET /?h=119770763001960&mod=da036300&uri=form.php%3Fid%3D3997114-242%26name%3Dturbo+convection+toaster+oven HTTP/1.1" 200 21987 "-" "Mozilla/5.0 (Linux; Android 6.0.1; Nexus 5X Build/MMB29P) AppleWebKit/537.36 (KHTML, like Gecko) Chrome/137.0.7151.103 Mobile Safari/537.36 (compatible; Googlebot/2.1; +http://www.google.com/bot.html)"
66.249.79.32 - - [12/Jul/2025:16:24:03 +0000] "GET /?h=119762154011960&mod=40195594&uri=itm.php%3Fid%3D3996827-141%26name%3Dtraje+marinero+tejido+para+bebe HTTP/1.1" 200 22189 "-" "Mozilla/5.0 (Linux; Android 6.0.1; Nexus 5X Build/MMB29P) AppleWebKit/537.36 (KHTML, like Gecko) Chrome/137.0.7151.103 Mobile Safari/537.36 (compatible; Googlebot/2.1; +http://www.google.com/bot.html)"
209.74.77.214 - - [12/Jul/2025:16:24:10 +0000] "POST /wp-cron.php?doing_wp_cron=1752337450.2574510574340820312500 HTTP/1.1" 200 - "-" "WordPress/6.8.1; https://kelaby.company"
51.222.253.14 - - [12/Jul/2025:16:24:07 +0000] "GET /?h=104875159001960&mod=42023873&uri=blog.php%3Fid%3D3500001-639%26name%3Dwebcam+xiaomi+imilab HTTP/1.1" 301 - "-" "Mozilla/5.0 (compatible; AhrefsBot/7.0; +http://ahrefs.com/robot/)"
66.249.79.33 - - [12/Jul/2025:16:24:05 +0000] "GET /?h=119771603031960&mod=da036300&uri=news.php%3Fid%3D3997142-242%26name%3Dsage+by+heston+the+barista+express HTTP/1.1" 200 22714 "-" "Mozilla/5.0 (Linux; Android 6.0.1; Nexus 5X Build/MMB29P) AppleWebKit/537.36 (KHTML, like Gecko) Chrome/137.0.7151.103 Mobile Safari/537.36 (compatible; Googlebot/2.1; +http://www.google.com/bot.html)"
66.249.79.32 - - [12/Jul/2025:16:24:11 +0000] "GET /?h=119770973051960&mod=da036300&uri=search.php%3Fid%3D3997121-242%26name%3Dbreville+barista+express+wattage HTTP/1.1" 200 21604 "-" "Mozilla/5.0 (Linux; Android 6.0.1; Nexus 5X Build/MMB29P) AppleWebKit/537.36 (KHTML, like Gecko) Chrome/137.0.7151.103 Mobile Safari/537.36 (compatible; Googlebot/2.1; +http://www.google.com/bot.html)"
66.249.79.32 - - [12/Jul/2025:16:24:14 +0000] "GET /?h=119678443051960&mod=09564e14&uri=itm.php%3Fid%3D3994035-466%26name%3Dlightweight+snow+boots+womens HTTP/1.1" 200 22394 "-" "Mozilla/5.0 (Linux; Android 6.0.1; Nexus 5X Build/MMB29P) AppleWebKit/537.36 (KHTML, like Gecko) Chrome/137.0.7151.103 Mobile Safari/537.36 (compatible; Googlebot/2.1; +http://www.google.com/bot.html)"
66.249.79.32 - - [12/Jul/2025:16:24:15 +0000] "POST /get-message-notify HTTP/1.1" 200 21702 "https://kelaby.company/?h=119771603031960&mod=da036300&uri=news.php%3Fid%3D3997142-242%26name%3Dsage+by+heston+the+barista+express" "Mozilla/5.0 (Linux; Android 6.0.1; Nexus 5X Build/MMB29P) AppleWebKit/537.36 (KHTML, like Gecko) Chrome/137.0.7151.119 Mobile Safari/537.36 (compatible; Googlebot/2.1; +http://www.google.com/bot.html)"
66.249.79.32 - - [12/Jul/2025:16:24:18 +0000] "GET /?h=119773482011960&mod=da036300&uri=goods.php%3Fid%3D3997205-242%26name%3Dsage+875+coffee+machine HTTP/1.1" 200 21882 "-" "Mozilla/5.0 (Linux; Android 6.0.1; Nexus 5X Build/MMB29P) AppleWebKit/537.36 (KHTML, like Gecko) Chrome/137.0.7151.103 Mobile Safari/537.36 (compatible; Googlebot/2.1; +http://www.google.com/bot.html)"
66.249.79.32 - - [12/Jul/2025:16:24:19 +0000] "POST /get-message-notify HTTP/1.1" 200 21708 "https://kelaby.company/?h=119678443051960&mod=09564e14&uri=itm.php%3Fid%3D3994035-466%26name%3Dlightweight+snow+boots+womens" "Mozilla/5.0 (Linux; Android 6.0.1; Nexus 5X Build/MMB29P) AppleWebKit/537.36 (KHTML, like Gecko) Chrome/137.0.7151.119 Mobile Safari/537.36 (compatible; Googlebot/2.1; +http://www.google.com/bot.html)"
66.249.79.32 - - [12/Jul/2025:16:24:20 +0000] "GET /?h=6152585041960&mod=c5e24739&uri=goods.php%3Fid%3D205454-351%26name%3Dbasket+nike+homme+avec+scratch HTTP/1.1" 200 20947 "-" "Mozilla/5.0 (Linux; Android 6.0.1; Nexus 5X Build/MMB29P) AppleWebKit/537.36 (KHTML, like Gecko) Chrome/137.0.7151.103 Mobile Safari/537.36 (compatible; Googlebot/2.1; +http://www.google.com/bot.html)"
66.249.79.32 - - [12/Jul/2025:16:24:23 +0000] "GET /?h=119765514051960&mod=8ec0debd&uri=form.php%3Fid%3D3996939-878%26name%3Dkate+spade+purses+outlet HTTP/1.1" 200 22081 "-" "Mozilla/5.0 (Linux; Android 6.0.1; Nexus 5X Build/MMB29P) AppleWebKit/537.36 (KHTML, like Gecko) Chrome/137.0.7151.103 Mobile Safari/537.36 (compatible; Googlebot/2.1; +http://www.google.com/bot.html)"
66.249.79.32 - - [12/Jul/2025:16:24:29 +0000] "GET /?h=119762364061960&mod=40195594&uri=category-info.php%3Fid%3D3996834-141%26name%3Dvestido+limonada+rosa HTTP/1.1" 200 22016 "-" "Mozilla/5.0 (Linux; Android 6.0.1; Nexus 5X Build/MMB29P) AppleWebKit/537.36 (KHTML, like Gecko) Chrome/137.0.7151.103 Mobile Safari/537.36 (compatible; Googlebot/2.1; +http://www.google.com/bot.html)"
66.249.79.32 - - [12/Jul/2025:16:24:34 +0000] "POST /get-message-notify HTTP/1.1" 200 21710 "https://kelaby.company/?h=119762364061960&mod=40195594&uri=category-info.php%3Fid%3D3996834-141%26name%3Dvestido+limonada+rosa" "Mozilla/5.0 (Linux; Android 6.0.1; Nexus 5X Build/MMB29P) AppleWebKit/537.36 (KHTML, like Gecko) Chrome/137.0.7151.119 Mobile Safari/537.36 (compatible; Googlebot/2.1; +http://www.google.com/bot.html)"
66.249.79.37 - - [12/Jul/2025:16:24:43 +0000] "GET /?h=119774322041960&mod=da036300&uri=article.php%3Fid%3D3997233-242%26name%3Dbread+toaster+low+watt HTTP/1.1" 200 22456 "-" "Mozilla/5.0 (Linux; Android 6.0.1; Nexus 5X Build/MMB29P) AppleWebKit/537.36 (KHTML, like Gecko) Chrome/137.0.7151.103 Mobile Safari/537.36 (compatible; Googlebot/2.1; +http://www.google.com/bot.html)"
66.249.79.37 - - [12/Jul/2025:16:24:46 +0000] "GET /?h=119763204001960&mod=40195594&uri=itm.php%3Fid%3D3996862-141%26name%3Dconeja+con+vestido+a+crochet HTTP/1.1" 200 22267 "-" "Mozilla/5.0 (Linux; Android 6.0.1; Nexus 5X Build/MMB29P) AppleWebKit/537.36 (KHTML, like Gecko) Chrome/137.0.7151.103 Mobile Safari/537.36 (compatible; Googlebot/2.1; +http://www.google.com/bot.html)"
66.249.79.32 - - [12/Jul/2025:16:24:48 +0000] "GET /?h=119761106021960&mod=40195594&uri=itm.php%3Fid%3D3996792-141%26name%3Dvestido+crochet+multicolor HTTP/1.1" 200 21935 "-" "Mozilla/5.0 (Linux; Android 6.0.1; Nexus 5X Build/MMB29P) AppleWebKit/537.36 (KHTML, like Gecko) Chrome/137.0.7151.103 Mobile Safari/537.36 (compatible; Googlebot/2.1; +http://www.google.com/bot.html)"
66.249.79.32 - - [12/Jul/2025:16:24:51 +0000] "GET /?h=119772023021960&mod=da036300&uri=pin.php%3Fid%3D3997156-242%26name%3Dkrups+slice+convection+toaster+oven+with+digital+controls HTTP/1.1" 200 21436 "-" "Mozilla/5.0 (Linux; Android 6.0.1; Nexus 5X Build/MMB29P) AppleWebKit/537.36 (KHTML, like Gecko) Chrome/137.0.7151.103 Mobile Safari/537.36 (compatible; Googlebot/2.1; +http://www.google.com/bot.html)"
66.249.79.37 - - [12/Jul/2025:16:24:55 +0000] "GET /?h=119763414001960&mod=40195594&uri=pin.php%3Fid%3D3996869-141%26name%3Dvestido+kurta+mujer HTTP/1.1" 200 22238 "-" "Mozilla/5.0 (Linux; Android 6.0.1; Nexus 5X Build/MMB29P) AppleWebKit/537.36 (KHTML, like Gecko) Chrome/137.0.7151.103 Mobile Safari/537.36 (compatible; Googlebot/2.1; +http://www.google.com/bot.html)"
