66.249.79.37 - - [12/Jul/2025:15:15:13 +0000] "GET /?h=6061702021960&mod=8d3215ae&uri=brands.php%3Fid%3D202422-59%26name%3Dgiacca+elegante+uomo+lana HTTP/1.1" 200 21979 "-" "Mozilla/5.0 (Linux; Android 6.0.1; Nexus 5X Build/MMB29P) AppleWebKit/537.36 (KHTML, like Gecko) Chrome/137.0.7151.103 Mobile Safari/537.36 (compatible; Googlebot/2.1; +http://www.google.com/bot.html)"
66.249.79.37 - - [12/Jul/2025:15:15:18 +0000] "POST /get-message-notify HTTP/1.1" 200 21703 "https://kelaby.company/?h=6061702021960&mod=8d3215ae&uri=brands.php%3Fid%3D202422-59%26name%3Dgiacca+elegante+uomo+lana" "Mozilla/5.0 (Linux; Android 6.0.1; Nexus 5X Build/MMB29P) AppleWebKit/537.36 (KHTML, like Gecko) Chrome/137.0.7151.119 Mobile Safari/537.36 (compatible; Googlebot/2.1; +http://www.google.com/bot.html)"
66.249.79.37 - - [12/Jul/2025:15:15:19 +0000] "GET /?h=6063052091960&mod=c7ced588&uri=form.php%3Fid%3D202467-349%26name%3Dpendentif+coeur+photo+argent HTTP/1.1" 200 21687 "-" "Mozilla/5.0 (Linux; Android 6.0.1; Nexus 5X Build/MMB29P) AppleWebKit/537.36 (KHTML, like Gecko) Chrome/137.0.7151.103 Mobile Safari/537.36 (compatible; Googlebot/2.1; +http://www.google.com/bot.html)"
66.249.79.37 - - [12/Jul/2025:15:15:25 +0000] "GET /?h=6170783061960&mod=e50bea89&uri=goods.php%3Fid%3D206064-296%26name%3Ddil+na+diya HTTP/1.1" 200 21202 "-" "Mozilla/5.0 (Linux; Android 6.0.1; Nexus 5X Build/MMB29P) AppleWebKit/537.36 (KHTML, like Gecko) Chrome/137.0.7151.103 Mobile Safari/537.36 (compatible; Googlebot/2.1; +http://www.google.com/bot.html)"
66.249.79.37 - - [12/Jul/2025:15:15:25 +0000] "GET /?h=6062332051960&mod=c7ced588&uri=products.php%3Fid%3D202443-349%26name%3Dle+lien+chaumet HTTP/1.1" 200 22086 "-" "Mozilla/5.0 (Linux; Android 6.0.1; Nexus 5X Build/MMB29P) AppleWebKit/537.36 (KHTML, like Gecko) Chrome/137.0.7151.103 Mobile Safari/537.36 (compatible; Googlebot/2.1; +http://www.google.com/bot.html)"
66.249.79.37 - - [12/Jul/2025:15:15:34 +0000] "GET /?h=25082012021960&mod=62c1507b&uri=product.php%3Fid%3D837140-330%26name%3D2007+chevy+colorado+blower+motor HTTP/1.1" 200 22477 "-" "Mozilla/5.0 (Linux; Android 6.0.1; Nexus 5X Build/MMB29P) AppleWebKit/537.36 (KHTML, like Gecko) Chrome/137.0.7151.103 Mobile Safari/537.36 (compatible; Googlebot/2.1; +http://www.google.com/bot.html)"
66.249.79.37 - - [12/Jul/2025:15:15:34 +0000] "GET /?h=6061072031960&mod=c7ced588&uri=shared.php%3Fid%3D202401-349%26name%3Dnettoyer+des+bagues+en+argent HTTP/1.1" 200 21269 "-" "Mozilla/5.0 (Linux; Android 6.0.1; Nexus 5X Build/MMB29P) AppleWebKit/537.36 (KHTML, like Gecko) Chrome/137.0.7151.103 Mobile Safari/537.36 (compatible; Googlebot/2.1; +http://www.google.com/bot.html)"
66.249.79.37 - - [12/Jul/2025:15:15:37 +0000] "POST /get-message-notify HTTP/1.1" 200 21711 "https://kelaby.company/?h=6062332051960&mod=c7ced588&uri=products.php%3Fid%3D202443-349%26name%3Dle+lien+chaumet" "Mozilla/5.0 (Linux; Android 6.0.1; Nexus 5X Build/MMB29P) AppleWebKit/537.36 (KHTML, like Gecko) Chrome/137.0.7151.119 Mobile Safari/537.36 (compatible; Googlebot/2.1; +http://www.google.com/bot.html)"
66.249.79.37 - - [12/Jul/2025:15:15:38 +0000] "GET /?h=6063682021960&mod=c7ced588&uri=news.php%3Fid%3D202488-349%26name%3Dsilver+clean+nettoyant+argent HTTP/1.1" 200 22053 "-" "Mozilla/5.0 (Linux; Android 6.0.1; Nexus 5X Build/MMB29P) AppleWebKit/537.36 (KHTML, like Gecko) Chrome/137.0.7151.103 Mobile Safari/537.36 (compatible; Googlebot/2.1; +http://www.google.com/bot.html)"
66.249.79.32 - - [12/Jul/2025:15:15:40 +0000] "POST /get-message-notify HTTP/1.1" 200 21703 "https://kelaby.company/?h=25082012021960&mod=62c1507b&uri=product.php%3Fid%3D837140-330%26name%3D2007+chevy+colorado+blower+motor" "Mozilla/5.0 (Linux; Android 6.0.1; Nexus 5X Build/MMB29P) AppleWebKit/537.36 (KHTML, like Gecko) Chrome/137.0.7151.119 Mobile Safari/537.36 (compatible; Googlebot/2.1; +http://www.google.com/bot.html)"
66.249.79.32 - - [12/Jul/2025:15:15:42 +0000] "POST /get-message-notify HTTP/1.1" 200 21709 "https://kelaby.company/?h=6063682021960&mod=c7ced588&uri=news.php%3Fid%3D202488-349%26name%3Dsilver+clean+nettoyant+argent" "Mozilla/5.0 (Linux; Android 6.0.1; Nexus 5X Build/MMB29P) AppleWebKit/537.36 (KHTML, like Gecko) Chrome/137.0.7151.119 Mobile Safari/537.36 (compatible; Googlebot/2.1; +http://www.google.com/bot.html)"
66.249.79.37 - - [12/Jul/2025:15:15:45 +0000] "GET /?h=6060982051960&mod=c7ced588&uri=search.php%3Fid%3D202398-349%26name%3Dnettoyer+chaine+en+argent+noircie HTTP/1.1" 200 21667 "-" "Mozilla/5.0 (Linux; Android 6.0.1; Nexus 5X Build/MMB29P) AppleWebKit/537.36 (KHTML, like Gecko) Chrome/137.0.7151.103 Mobile Safari/537.36 (compatible; Googlebot/2.1; +http://www.google.com/bot.html)"
66.249.79.32 - - [12/Jul/2025:15:15:46 +0000] "GET /?h=6076271011960&mod=c7ced588&uri=shop.php%3Fid%3D202909-349%26name%3Dbijoux+en+argent+pour+femme HTTP/1.1" 200 22126 "-" "Mozilla/5.0 (Linux; Android 6.0.1; Nexus 5X Build/MMB29P) AppleWebKit/537.36 (KHTML, like Gecko) Chrome/137.0.7151.103 Mobile Safari/537.36 (compatible; Googlebot/2.1; +http://www.google.com/bot.html)"
66.249.79.37 - - [12/Jul/2025:15:15:52 +0000] "GET /?h=6065637001960&mod=c7ced588&uri=pin.php%3Fid%3D202554-349%26name%3Dbijoux+argent+massif+pas+cher HTTP/1.1" 200 21607 "-" "Mozilla/5.0 (Linux; Android 6.0.1; Nexus 5X Build/MMB29P) AppleWebKit/537.36 (KHTML, like Gecko) Chrome/137.0.7151.103 Mobile Safari/537.36 (compatible; Googlebot/2.1; +http://www.google.com/bot.html)"
66.249.79.37 - - [12/Jul/2025:15:15:52 +0000] "POST /get-message-notify HTTP/1.1" 200 21708 "https://kelaby.company/?h=6060982051960&mod=c7ced588&uri=search.php%3Fid%3D202398-349%26name%3Dnettoyer+chaine+en+argent+noircie" "Mozilla/5.0 (Linux; Android 6.0.1; Nexus 5X Build/MMB29P) AppleWebKit/537.36 (KHTML, like Gecko) Chrome/137.0.7151.119 Mobile Safari/537.36 (compatible; Googlebot/2.1; +http://www.google.com/bot.html)"
66.249.79.232 - - [12/Jul/2025:15:15:53 +0000] "GET /?h=86665051001960&mod=fe7fdf17&uri=search.php%3Fid%3D2892143-478%26name%3Dmountain+bike+raptor HTTP/1.1" 200 22560 "-" "Mozilla/5.0 (Linux; Android 6.0.1; Nexus 5X Build/MMB29P) AppleWebKit/537.36 (KHTML, like Gecko) Chrome/137.0.7151.103 Mobile Safari/537.36 (compatible; Googlebot/2.1; +http://www.google.com/bot.html)"
66.249.79.32 - - [12/Jul/2025:15:15:54 +0000] "GET /?h=23971802001960&mod=62c1507b&uri=dp.php%3Fid%3D800113-330%26name%3Dlife+jacket+holder+for+boat HTTP/1.1" 200 22724 "-" "Mozilla/5.0 (Linux; Android 6.0.1; Nexus 5X Build/MMB29P) AppleWebKit/537.36 (KHTML, like Gecko) Chrome/137.0.7151.103 Mobile Safari/537.36 (compatible; Googlebot/2.1; +http://www.google.com/bot.html)"
66.249.79.32 - - [12/Jul/2025:15:15:56 +0000] "POST /get-message-notify HTTP/1.1" 200 21694 "https://kelaby.company/?h=6065637001960&mod=c7ced588&uri=pin.php%3Fid%3D202554-349%26name%3Dbijoux+argent+massif+pas+cher" "Mozilla/5.0 (Linux; Android 6.0.1; Nexus 5X Build/MMB29P) AppleWebKit/537.36 (KHTML, like Gecko) Chrome/137.0.7151.119 Mobile Safari/537.36 (compatible; Googlebot/2.1; +http://www.google.com/bot.html)"
66.249.79.32 - - [12/Jul/2025:15:15:57 +0000] "POST /get-message-notify HTTP/1.1" 200 21700 "https://kelaby.company/?h=23971802001960&mod=62c1507b&uri=dp.php%3Fid%3D800113-330%26name%3Dlife+jacket+holder+for+boat" "Mozilla/5.0 (Linux; Android 6.0.1; Nexus 5X Build/MMB29P) AppleWebKit/537.36 (KHTML, like Gecko) Chrome/137.0.7151.119 Mobile Safari/537.36 (compatible; Googlebot/2.1; +http://www.google.com/bot.html)"
66.249.79.37 - - [12/Jul/2025:15:15:59 +0000] "GET /?h=6062692021960&mod=c7ced588&uri=category-info.php%3Fid%3D202455-349%26name%3Dchamoisine+pour+nettoyer+bijoux+argent HTTP/1.1" 200 21513 "-" "Mozilla/5.0 (Linux; Android 6.0.1; Nexus 5X Build/MMB29P) AppleWebKit/537.36 (KHTML, like Gecko) Chrome/137.0.7151.103 Mobile Safari/537.36 (compatible; Googlebot/2.1; +http://www.google.com/bot.html)"
66.249.79.37 - - [12/Jul/2025:15:16:09 +0000] "GET /?h=6061432051960&mod=c7ced588&uri=pin.php%3Fid%3D202413-349%26name%3Dpendentif+cassolette+porte+photo HTTP/1.1" 200 22219 "-" "Mozilla/5.0 (Linux; Android 6.0.1; Nexus 5X Build/MMB29P) AppleWebKit/537.36 (KHTML, like Gecko) Chrome/137.0.7151.103 Mobile Safari/537.36 (compatible; Googlebot/2.1; +http://www.google.com/bot.html)"
66.249.79.37 - - [12/Jul/2025:15:16:11 +0000] "POST /get-message-notify HTTP/1.1" 200 21697 "https://kelaby.company/?h=6062692021960&mod=c7ced588&uri=category-info.php%3Fid%3D202455-349%26name%3Dchamoisine+pour+nettoyer+bijoux+argent" "Mozilla/5.0 (Linux; Android 6.0.1; Nexus 5X Build/MMB29P) AppleWebKit/537.36 (KHTML, like Gecko) Chrome/137.0.7151.119 Mobile Safari/537.36 (compatible; Googlebot/2.1; +http://www.google.com/bot.html)"
66.249.79.37 - - [12/Jul/2025:15:16:12 +0000] "POST /get-message-notify HTTP/1.1" 200 21710 "https://kelaby.company/?h=6061432051960&mod=c7ced588&uri=pin.php%3Fid%3D202413-349%26name%3Dpendentif+cassolette+porte+photo" "Mozilla/5.0 (Linux; Android 6.0.1; Nexus 5X Build/MMB29P) AppleWebKit/537.36 (KHTML, like Gecko) Chrome/137.0.7151.119 Mobile Safari/537.36 (compatible; Googlebot/2.1; +http://www.google.com/bot.html)"
209.74.77.214 - - [12/Jul/2025:15:16:14 +0000] "POST /wp-cron.php?doing_wp_cron=1752333374.5603260993957519531250 HTTP/1.1" 200 - "-" "WordPress/6.8.1; https://kelaby.company"
51.222.253.10 - - [12/Jul/2025:15:16:14 +0000] "GET /?h=50756107061960&uri=itm.php%3Fid%3D1693815-446%26name%3Dstone%20island%20overhead HTTP/1.1" 200 26414 "-" "Mozilla/5.0 (compatible; AhrefsBot/7.0; +http://ahrefs.com/robot/)"
66.249.79.37 - - [12/Jul/2025:15:16:15 +0000] "GET /?h=6060444021960&mod=c7ced588&uri=info.php%3Fid%3D202380-349%26name%3Dnettoyer+bracelet+argent HTTP/1.1" 200 21449 "-" "Mozilla/5.0 (Linux; Android 6.0.1; Nexus 5X Build/MMB29P) AppleWebKit/537.36 (KHTML, like Gecko) Chrome/137.0.7151.103 Mobile Safari/537.36 (compatible; Googlebot/2.1; +http://www.google.com/bot.html)"
66.249.79.37 - - [12/Jul/2025:15:16:15 +0000] "GET /?h=6084329051960&mod=c7ced588&uri=pin.php%3Fid%3D203178-349%26name%3Dpendentif+pr%C3%83%C2%A9noms+grav%C3%83%C2%A9s HTTP/1.1" 200 21739 "-" "Mozilla/5.0 (Linux; Android 6.0.1; Nexus 5X Build/MMB29P) AppleWebKit/537.36 (KHTML, like Gecko) Chrome/137.0.7151.103 Mobile Safari/537.36 (compatible; Googlebot/2.1; +http://www.google.com/bot.html)"
66.249.79.37 - - [12/Jul/2025:15:16:17 +0000] "GET /?h=6036864061960&mod=33acaba9&uri=products.php%3Fid%3D201592-348%26name%3Drobe+de+chambre+bebe+garcon+ans HTTP/1.1" 200 20911 "-" "Mozilla/5.0 (Linux; Android 6.0.1; Nexus 5X Build/MMB29P) AppleWebKit/537.36 (KHTML, like Gecko) Chrome/137.0.7151.103 Mobile Safari/537.36 (compatible; Googlebot/2.1; +http://www.google.com/bot.html)"
66.249.79.37 - - [12/Jul/2025:15:16:20 +0000] "GET /?h=119287206131960&mod=c2f91461&uri=shared.php%3Fid%3D3980981-363%26name%3Dsorting+perler+beads HTTP/1.1" 200 21772 "-" "Mozilla/5.0 (Linux; Android 6.0.1; Nexus 5X Build/MMB29P) AppleWebKit/537.36 (KHTML, like Gecko) Chrome/137.0.7151.103 Mobile Safari/537.36 (compatible; Googlebot/2.1; +http://www.google.com/bot.html)"
66.249.79.37 - - [12/Jul/2025:15:16:26 +0000] "GET /?h=6066886021960&mod=c7ced588&uri=itm.php%3Fid%3D202596-349%26name%3Dpolir+bague+argent HTTP/1.1" 200 22160 "-" "Mozilla/5.0 (Linux; Android 6.0.1; Nexus 5X Build/MMB29P) AppleWebKit/537.36 (KHTML, like Gecko) Chrome/137.0.7151.103 Mobile Safari/537.36 (compatible; Googlebot/2.1; +http://www.google.com/bot.html)"
66.249.79.37 - - [12/Jul/2025:15:16:31 +0000] "GET /?h=6030964011960&mod=7a7338ef&uri=info.php%3Fid%3D201395-347%26name%3Dcapuche+jaune+moutarde HTTP/1.1" 200 21257 "-" "Mozilla/5.0 (Linux; Android 6.0.1; Nexus 5X Build/MMB29P) AppleWebKit/537.36 (KHTML, like Gecko) Chrome/137.0.7151.103 Mobile Safari/537.36 (compatible; Googlebot/2.1; +http://www.google.com/bot.html)"
66.249.79.37 - - [12/Jul/2025:15:16:35 +0000] "POST /get-message-notify HTTP/1.1" 200 21702 "https://kelaby.company/?h=6030964011960&mod=7a7338ef&uri=info.php%3Fid%3D201395-347%26name%3Dcapuche+jaune+moutarde" "Mozilla/5.0 (Linux; Android 6.0.1; Nexus 5X Build/MMB29P) AppleWebKit/537.36 (KHTML, like Gecko) Chrome/137.0.7151.119 Mobile Safari/537.36 (compatible; Googlebot/2.1; +http://www.google.com/bot.html)"
66.249.79.37 - - [12/Jul/2025:15:16:36 +0000] "GET /?h=23980712121960&mod=62c1507b&uri=product.php%3Fid%3D800410-330%26name%3Dned+head+hooks HTTP/1.1" 200 21130 "-" "Mozilla/5.0 (Linux; Android 6.0.1; Nexus 5X Build/MMB29P) AppleWebKit/537.36 (KHTML, like Gecko) Chrome/137.0.7151.103 Mobile Safari/537.36 (compatible; Googlebot/2.1; +http://www.google.com/bot.html)"
66.249.79.37 - - [12/Jul/2025:15:16:41 +0000] "GET /?h=6066537011960&mod=c7ced588&uri=goods.php%3Fid%3D202584-349%26name%3Dperles+diamond HTTP/1.1" 200 21869 "-" "Mozilla/5.0 (Linux; Android 6.0.1; Nexus 5X Build/MMB29P) AppleWebKit/537.36 (KHTML, like Gecko) Chrome/137.0.7151.103 Mobile Safari/537.36 (compatible; Googlebot/2.1; +http://www.google.com/bot.html)"
66.249.79.37 - - [12/Jul/2025:15:16:46 +0000] "GET /?h=6060624031960&mod=c7ced588&uri=category-info.php%3Fid%3D202386-349%26name%3Dbague+calabrune HTTP/1.1" 200 22893 "-" "Mozilla/5.0 (Linux; Android 6.0.1; Nexus 5X Build/MMB29P) AppleWebKit/537.36 (KHTML, like Gecko) Chrome/137.0.7151.103 Mobile Safari/537.36 (compatible; Googlebot/2.1; +http://www.google.com/bot.html)"
66.249.79.37 - - [12/Jul/2025:15:16:51 +0000] "GET /?h=6061972051960&mod=c7ced588&uri=us.php%3Fid%3D202431-349%26name%3Dfaire+briller+bijoux HTTP/1.1" 200 22111 "-" "Mozilla/5.0 (Linux; Android 6.0.1; Nexus 5X Build/MMB29P) AppleWebKit/537.36 (KHTML, like Gecko) Chrome/137.0.7151.103 Mobile Safari/537.36 (compatible; Googlebot/2.1; +http://www.google.com/bot.html)"
66.249.79.32 - - [12/Jul/2025:15:16:59 +0000] "POST /get-message-notify HTTP/1.1" 200 21710 "https://kelaby.company/?h=6060624031960&mod=c7ced588&uri=category-info.php%3Fid%3D202386-349%26name%3Dbague+calabrune" "Mozilla/5.0 (Linux; Android 6.0.1; Nexus 5X Build/MMB29P) AppleWebKit/537.36 (KHTML, like Gecko) Chrome/137.0.7151.119 Mobile Safari/537.36 (compatible; Googlebot/2.1; +http://www.google.com/bot.html)"
66.249.79.32 - - [12/Jul/2025:15:17:01 +0000] "GET /?h=6061162061960&mod=c7ced588&uri=dp.php%3Fid%3D202404-349%26name%3Dfaire+briller+ses+bijoux+en+argent HTTP/1.1" 200 21379 "-" "Mozilla/5.0 (Linux; Android 6.0.1; Nexus 5X Build/MMB29P) AppleWebKit/537.36 (KHTML, like Gecko) Chrome/137.0.7151.103 Mobile Safari/537.36 (compatible; Googlebot/2.1; +http://www.google.com/bot.html)"
66.249.79.37 - - [12/Jul/2025:15:17:09 +0000] "GET /?h=6025055051960&mod=681e38a8&uri=dp.php%3Fid%3D201198-346%26name%3Dtottenham+shirt+2021 HTTP/1.1" 200 21779 "-" "Mozilla/5.0 (Linux; Android 6.0.1; Nexus 5X Build/MMB29P) AppleWebKit/537.36 (KHTML, like Gecko) Chrome/137.0.7151.103 Mobile Safari/537.36 (compatible; Googlebot/2.1; +http://www.google.com/bot.html)"
66.249.79.37 - - [12/Jul/2025:15:17:11 +0000] "GET /?h=6065121021960&mod=c7ced588&uri=us.php%3Fid%3D202536-349%26name%3Dcalabrune+bague+minuit HTTP/1.1" 200 21229 "-" "Mozilla/5.0 (Linux; Android 6.0.1; Nexus 5X Build/MMB29P) AppleWebKit/537.36 (KHTML, like Gecko) Chrome/137.0.7151.103 Mobile Safari/537.36 (compatible; Googlebot/2.1; +http://www.google.com/bot.html)"
66.249.79.37 - - [12/Jul/2025:15:17:13 +0000] "GET /?h=6063592031960&mod=c7ced588&uri=search.php%3Fid%3D202485-349%26name%3Dbijoux+fait+main+argent HTTP/1.1" 200 21796 "-" "Mozilla/5.0 (Linux; Android 6.0.1; Nexus 5X Build/MMB29P) AppleWebKit/537.36 (KHTML, like Gecko) Chrome/137.0.7151.103 Mobile Safari/537.36 (compatible; Googlebot/2.1; +http://www.google.com/bot.html)"
66.249.79.32 - - [12/Jul/2025:15:17:26 +0000] "GET /?h=6061522081960&mod=c7ced588&uri=brands.php%3Fid%3D202416-349%26name%3Dcollier+infini+pr%C3%83%C2%A9nom HTTP/1.1" 200 21998 "-" "Mozilla/5.0 (Linux; Android 6.0.1; Nexus 5X Build/MMB29P) AppleWebKit/537.36 (KHTML, like Gecko) Chrome/137.0.7151.103 Mobile Safari/537.36 (compatible; Googlebot/2.1; +http://www.google.com/bot.html)"
66.249.79.32 - - [12/Jul/2025:15:17:29 +0000] "GET /?h=6066447081960&mod=c7ced588&uri=us.php%3Fid%3D202581-349%26name%3Dbijoux+cristal+swarovski+pas+cher HTTP/1.1" 200 21564 "-" "Mozilla/5.0 (Linux; Android 6.0.1; Nexus 5X Build/MMB29P) AppleWebKit/537.36 (KHTML, like Gecko) Chrome/137.0.7151.103 Mobile Safari/537.36 (compatible; Googlebot/2.1; +http://www.google.com/bot.html)"
66.249.79.32 - - [12/Jul/2025:15:17:32 +0000] "POST /get-message-notify HTTP/1.1" 200 21704 "https://kelaby.company/?h=6063592031960&mod=c7ced588&uri=search.php%3Fid%3D202485-349%26name%3Dbijoux+fait+main+argent" "Mozilla/5.0 (Linux; Android 6.0.1; Nexus 5X Build/MMB29P) AppleWebKit/537.36 (KHTML, like Gecko) Chrome/137.0.7151.119 Mobile Safari/537.36 (compatible; Googlebot/2.1; +http://www.google.com/bot.html)"
66.249.79.32 - - [12/Jul/2025:15:17:32 +0000] "GET /?h=6065907051960&mod=c7ced588&uri=goods.php%3Fid%3D202563-349%26name%3Dnettoyer+des+bijoux HTTP/1.1" 200 21605 "-" "Mozilla/5.0 (Linux; Android 6.0.1; Nexus 5X Build/MMB29P) AppleWebKit/537.36 (KHTML, like Gecko) Chrome/137.0.7151.103 Mobile Safari/537.36 (compatible; Googlebot/2.1; +http://www.google.com/bot.html)"
66.249.79.32 - - [12/Jul/2025:15:17:35 +0000] "GET /?h=6065997081960&mod=c7ced588&uri=shared.php%3Fid%3D202566-349%26name%3Dmanege+a+bijoux+creoles HTTP/1.1" 200 21634 "-" "Mozilla/5.0 (Linux; Android 6.0.1; Nexus 5X Build/MMB29P) AppleWebKit/537.36 (KHTML, like Gecko) Chrome/137.0.7151.103 Mobile Safari/537.36 (compatible; Googlebot/2.1; +http://www.google.com/bot.html)"
66.249.79.32 - - [12/Jul/2025:15:17:36 +0000] "POST /get-message-notify HTTP/1.1" 200 21703 "https://kelaby.company/?h=6066447081960&mod=c7ced588&uri=us.php%3Fid%3D202581-349%26name%3Dbijoux+cristal+swarovski+pas+cher" "Mozilla/5.0 (Linux; Android 6.0.1; Nexus 5X Build/MMB29P) AppleWebKit/537.36 (KHTML, like Gecko) Chrome/137.0.7151.119 Mobile Safari/537.36 (compatible; Googlebot/2.1; +http://www.google.com/bot.html)"
66.249.79.32 - - [12/Jul/2025:15:17:38 +0000] "GET /?h=6061792021960&mod=c7ced588&uri=dp.php%3Fid%3D202425-349%26name%3Dnettoyer+ses+bijoux+en+or HTTP/1.1" 200 21627 "-" "Mozilla/5.0 (Linux; Android 6.0.1; Nexus 5X Build/MMB29P) AppleWebKit/537.36 (KHTML, like Gecko) Chrome/137.0.7151.103 Mobile Safari/537.36 (compatible; Googlebot/2.1; +http://www.google.com/bot.html)"
66.249.79.32 - - [12/Jul/2025:15:17:49 +0000] "GET /?h=6063772011960&mod=c7ced588&uri=brands.php%3Fid%3D202491-349%26name%3Ddiamant+cordon HTTP/1.1" 200 21975 "-" "Mozilla/5.0 (Linux; Android 6.0.1; Nexus 5X Build/MMB29P) AppleWebKit/537.36 (KHTML, like Gecko) Chrome/137.0.7151.103 Mobile Safari/537.36 (compatible; Googlebot/2.1; +http://www.google.com/bot.html)"
66.249.79.32 - - [12/Jul/2025:15:17:49 +0000] "GET /?h=6250099061960&mod=9b425b22&uri=shared.php%3Fid%3D208756-359%26name%3D754+new+balance+2019 HTTP/1.1" 200 21796 "-" "Mozilla/5.0 (Linux; Android 6.0.1; Nexus 5X Build/MMB29P) AppleWebKit/537.36 (KHTML, like Gecko) Chrome/137.0.7151.103 Mobile Safari/537.36 (compatible; Googlebot/2.1; +http://www.google.com/bot.html)"
66.249.79.32 - - [12/Jul/2025:15:17:51 +0000] "GET /?h=32109585041960&mod=62c1507b&uri=product.php%3Fid%3D1071704-330%26name%3Dversatrack+bracket HTTP/1.1" 200 22164 "-" "Mozilla/5.0 (Linux; Android 6.0.1; Nexus 5X Build/MMB29P) AppleWebKit/537.36 (KHTML, like Gecko) Chrome/137.0.7151.103 Mobile Safari/537.36 (compatible; Googlebot/2.1; +http://www.google.com/bot.html)"
66.249.79.32 - - [12/Jul/2025:15:17:54 +0000] "GET /?h=6061252051960&mod=c7ced588&uri=article.php%3Fid%3D202407-349%26name%3Dcollier+chopard+occasion HTTP/1.1" 200 22025 "-" "Mozilla/5.0 (Linux; Android 6.0.1; Nexus 5X Build/MMB29P) AppleWebKit/537.36 (KHTML, like Gecko) Chrome/137.0.7151.103 Mobile Safari/537.36 (compatible; Googlebot/2.1; +http://www.google.com/bot.html)"
66.249.79.32 - - [12/Jul/2025:15:17:55 +0000] "POST /get-message-notify HTTP/1.1" 200 21706 "https://kelaby.company/?h=32109585041960&mod=62c1507b&uri=product.php%3Fid%3D1071704-330%26name%3Dversatrack+bracket" "Mozilla/5.0 (Linux; Android 6.0.1; Nexus 5X Build/MMB29P) AppleWebKit/537.36 (KHTML, like Gecko) Chrome/137.0.7151.119 Mobile Safari/537.36 (compatible; Googlebot/2.1; +http://www.google.com/bot.html)"
66.249.79.32 - - [12/Jul/2025:15:17:58 +0000] "POST /get-message-notify HTTP/1.1" 200 21700 "https://kelaby.company/?h=6061252051960&mod=c7ced588&uri=article.php%3Fid%3D202407-349%26name%3Dcollier+chopard+occasion" "Mozilla/5.0 (Linux; Android 6.0.1; Nexus 5X Build/MMB29P) AppleWebKit/537.36 (KHTML, like Gecko) Chrome/137.0.7151.119 Mobile Safari/537.36 (compatible; Googlebot/2.1; +http://www.google.com/bot.html)"
66.249.79.32 - - [12/Jul/2025:15:18:05 +0000] "GET /?h=6061612051960&mod=c7ced588&uri=brands.php%3Fid%3D202419-349%26name%3Dbriller+argent HTTP/1.1" 200 21876 "-" "Mozilla/5.0 (Linux; Android 6.0.1; Nexus 5X Build/MMB29P) AppleWebKit/537.36 (KHTML, like Gecko) Chrome/137.0.7151.103 Mobile Safari/537.36 (compatible; Googlebot/2.1; +http://www.google.com/bot.html)"
66.249.79.34 - - [12/Jul/2025:15:18:07 +0000] "GET /?h=6064492021960&mod=c7ced588&uri=goods.php%3Fid%3D202515-349%26name%3Dcollier+homme+amazon HTTP/1.1" 200 21602 "-" "Mozilla/5.0 (Linux; Android 6.0.1; Nexus 5X Build/MMB29P) AppleWebKit/537.36 (KHTML, like Gecko) Chrome/137.0.7151.103 Mobile Safari/537.36 (compatible; Googlebot/2.1; +http://www.google.com/bot.html)"
66.249.79.33 - - [12/Jul/2025:15:18:10 +0000] "GET /?h=5987789131960&mod=a788f0e7&uri=goods.php%3Fid%3D199954-345%26name%3Dpantalon+nieve+decimas HTTP/1.1" 200 21628 "-" "Mozilla/5.0 (Linux; Android 6.0.1; Nexus 5X Build/MMB29P) AppleWebKit/537.36 (KHTML, like Gecko) Chrome/137.0.7151.103 Mobile Safari/537.36 (compatible; Googlebot/2.1; +http://www.google.com/bot.html)"
66.249.79.33 - - [12/Jul/2025:15:18:10 +0000] "GET /?h=6065457001960&mod=c7ced588&uri=article.php%3Fid%3D202548-349%26name%3Dbracelets+diamants HTTP/1.1" 200 21951 "-" "Mozilla/5.0 (Linux; Android 6.0.1; Nexus 5X Build/MMB29P) AppleWebKit/537.36 (KHTML, like Gecko) Chrome/137.0.7151.103 Mobile Safari/537.36 (compatible; Googlebot/2.1; +http://www.google.com/bot.html)"
66.249.79.32 - - [12/Jul/2025:15:18:14 +0000] "POST /get-message-notify HTTP/1.1" 200 21701 "https://kelaby.company/?h=5987789131960&mod=a788f0e7&uri=goods.php%3Fid%3D199954-345%26name%3Dpantalon+nieve+decimas" "Mozilla/5.0 (Linux; Android 6.0.1; Nexus 5X Build/MMB29P) AppleWebKit/537.36 (KHTML, like Gecko) Chrome/137.0.7151.119 Mobile Safari/537.36 (compatible; Googlebot/2.1; +http://www.google.com/bot.html)"
66.249.79.32 - - [12/Jul/2025:15:18:15 +0000] "POST /get-message-notify HTTP/1.1" 200 21717 "https://kelaby.company/?h=6065457001960&mod=c7ced588&uri=article.php%3Fid%3D202548-349%26name%3Dbracelets+diamants" "Mozilla/5.0 (Linux; Android 6.0.1; Nexus 5X Build/MMB29P) AppleWebKit/537.36 (KHTML, like Gecko) Chrome/137.0.7151.119 Mobile Safari/537.36 (compatible; Googlebot/2.1; +http://www.google.com/bot.html)"
66.249.79.32 - - [12/Jul/2025:15:18:17 +0000] "GET /?h=6138965001960&mod=e1029434&uri=info.php%3Fid%3D205000-208%26name%3Dbuy+instax+mini+90 HTTP/1.1" 200 21068 "-" "Mozilla/5.0 (Linux; Android 6.0.1; Nexus 5X Build/MMB29P) AppleWebKit/537.36 (KHTML, like Gecko) Chrome/137.0.7151.103 Mobile Safari/537.36 (compatible; Googlebot/2.1; +http://www.google.com/bot.html)"
66.249.79.32 - - [12/Jul/2025:15:18:19 +0000] "GET /?h=32116644121960&mod=62c1507b&uri=us.php%3Fid%3D1071940-330%26name%3Dloop+knot+tying+tool HTTP/1.1" 200 21066 "-" "Mozilla/5.0 (Linux; Android 6.0.1; Nexus 5X Build/MMB29P) AppleWebKit/537.36 (KHTML, like Gecko) Chrome/137.0.7151.103 Mobile Safari/537.36 (compatible; Googlebot/2.1; +http://www.google.com/bot.html)"
66.249.79.32 - - [12/Jul/2025:15:18:20 +0000] "POST /get-message-notify HTTP/1.1" 200 21707 "https://kelaby.company/?h=6138965001960&mod=e1029434&uri=info.php%3Fid%3D205000-208%26name%3Dbuy+instax+mini+90" "Mozilla/5.0 (Linux; Android 6.0.1; Nexus 5X Build/MMB29P) AppleWebKit/537.36 (KHTML, like Gecko) Chrome/137.0.7151.119 Mobile Safari/537.36 (compatible; Googlebot/2.1; +http://www.google.com/bot.html)"
66.249.79.32 - - [12/Jul/2025:15:18:21 +0000] "GET /?h=6066087011960&mod=c7ced588&uri=shop.php%3Fid%3D202569-349%26name%3Dbijoux+couleur+argent HTTP/1.1" 200 22261 "-" "Mozilla/5.0 (Linux; Android 6.0.1; Nexus 5X Build/MMB29P) AppleWebKit/537.36 (KHTML, like Gecko) Chrome/137.0.7151.103 Mobile Safari/537.36 (compatible; Googlebot/2.1; +http://www.google.com/bot.html)"
66.249.79.32 - - [12/Jul/2025:15:18:25 +0000] "GET /?h=6060892021960&mod=c7ced588&uri=products.php%3Fid%3D202395-349%26name%3Dnettoyer+bague+or HTTP/1.1" 200 21220 "-" "Mozilla/5.0 (Linux; Android 6.0.1; Nexus 5X Build/MMB29P) AppleWebKit/537.36 (KHTML, like Gecko) Chrome/137.0.7151.103 Mobile Safari/537.36 (compatible; Googlebot/2.1; +http://www.google.com/bot.html)"
66.249.79.32 - - [12/Jul/2025:15:18:31 +0000] "GET /?h=6064132001960&mod=c7ced588&uri=pin.php%3Fid%3D202503-349%26name%3Dcha%C3%83%C2%AEne+plaqu%C3%83%C2%A9+or+homme+60+cm HTTP/1.1" 200 21905 "-" "Mozilla/5.0 (Linux; Android 6.0.1; Nexus 5X Build/MMB29P) AppleWebKit/537.36 (KHTML, like Gecko) Chrome/137.0.7151.103 Mobile Safari/537.36 (compatible; Googlebot/2.1; +http://www.google.com/bot.html)"
66.249.79.32 - - [12/Jul/2025:15:18:36 +0000] "GET /?h=6066796051960&mod=c7ced588&uri=itm.php%3Fid%3D202593-349%26name%3Dle+plaque+or+change+t+il+de+couleur HTTP/1.1" 200 21594 "-" "Mozilla/5.0 (Linux; Android 6.0.1; Nexus 5X Build/MMB29P) AppleWebKit/537.36 (KHTML, like Gecko) Chrome/137.0.7151.103 Mobile Safari/537.36 (compatible; Googlebot/2.1; +http://www.google.com/bot.html)"
66.249.79.32 - - [12/Jul/2025:15:18:41 +0000] "GET /?h=25069539011960&mod=62c1507b&uri=shared.php%3Fid%3D836724-330%26name%3Dgas+furnace+blower+not+coming+on HTTP/1.1" 200 22231 "-" "Mozilla/5.0 (Linux; Android 6.0.1; Nexus 5X Build/MMB29P) AppleWebKit/537.36 (KHTML, like Gecko) Chrome/137.0.7151.103 Mobile Safari/537.36 (compatible; Googlebot/2.1; +http://www.google.com/bot.html)"
66.249.79.32 - - [12/Jul/2025:15:18:42 +0000] "POST /get-message-notify HTTP/1.1" 200 21711 "https://kelaby.company/?h=6066796051960&mod=c7ced588&uri=itm.php%3Fid%3D202593-349%26name%3Dle+plaque+or+change+t+il+de+couleur" "Mozilla/5.0 (Linux; Android 6.0.1; Nexus 5X Build/MMB29P) AppleWebKit/537.36 (KHTML, like Gecko) Chrome/137.0.7151.119 Mobile Safari/537.36 (compatible; Googlebot/2.1; +http://www.google.com/bot.html)"
66.249.79.33 - - [12/Jul/2025:15:18:51 +0000] "GET /?h=6042774031960&mod=7a7338ef&uri=shared.php%3Fid%3D201789-347%26name%3Dpull+col+roul%C3%83%C2%A9+kaki+femme HTTP/1.1" 200 20689 "-" "Mozilla/5.0 (Linux; Android 6.0.1; Nexus 5X Build/MMB29P) AppleWebKit/537.36 (KHTML, like Gecko) Chrome/137.0.7151.103 Mobile Safari/537.36 (compatible; Googlebot/2.1; +http://www.google.com/bot.html)"
66.249.79.33 - - [12/Jul/2025:15:18:55 +0000] "POST /get-message-notify HTTP/1.1" 200 21699 "https://kelaby.company/?h=6042774031960&mod=7a7338ef&uri=shared.php%3Fid%3D201789-347%26name%3Dpull+col+roul%C3%83%C2%A9+kaki+femme" "Mozilla/5.0 (Linux; Android 6.0.1; Nexus 5X Build/MMB29P) AppleWebKit/537.36 (KHTML, like Gecko) Chrome/137.0.7151.119 Mobile Safari/537.36 (compatible; Googlebot/2.1; +http://www.google.com/bot.html)"
66.249.79.33 - - [12/Jul/2025:15:18:58 +0000] "GET /?h=6063952041960&mod=c7ced588&uri=info.php%3Fid%3D202497-349%26name%3Detoile+de+david+or+18+carats HTTP/1.1" 200 21994 "-" "Mozilla/5.0 (Linux; Android 6.0.1; Nexus 5X Build/MMB29P) AppleWebKit/537.36 (KHTML, like Gecko) Chrome/137.0.7151.103 Mobile Safari/537.36 (compatible; Googlebot/2.1; +http://www.google.com/bot.html)"
66.249.79.33 - - [12/Jul/2025:15:19:02 +0000] "POST /get-message-notify HTTP/1.1" 200 21717 "https://kelaby.company/?h=6064132001960&mod=c7ced588&uri=pin.php%3Fid%3D202503-349%26name%3Dcha%C3%83%C2%AEne+plaqu%C3%83%C2%A9+or+homme+60+cm" "Mozilla/5.0 (Linux; Android 6.0.1; Nexus 5X Build/MMB29P) AppleWebKit/537.36 (KHTML, like Gecko) Chrome/137.0.7151.119 Mobile Safari/537.36 (compatible; Googlebot/2.1; +http://www.google.com/bot.html)"
66.249.79.32 - - [12/Jul/2025:15:19:02 +0000] "GET /?h=6062962011960&mod=c7ced588&uri=products.php%3Fid%3D202464-349%26name%3Dentretien+bijoux+argent HTTP/1.1" 200 22045 "-" "Mozilla/5.0 (Linux; Android 6.0.1; Nexus 5X Build/MMB29P) AppleWebKit/537.36 (KHTML, like Gecko) Chrome/137.0.7151.103 Mobile Safari/537.36 (compatible; Googlebot/2.1; +http://www.google.com/bot.html)"
66.249.79.32 - - [12/Jul/2025:15:19:03 +0000] "GET /?h=6064582051960&mod=c7ced588&uri=shared.php%3Fid%3D202518-349%26name%3Dnettoyer+chevaliere+argent HTTP/1.1" 200 21823 "-" "Mozilla/5.0 (Linux; Android 6.0.1; Nexus 5X Build/MMB29P) AppleWebKit/537.36 (KHTML, like Gecko) Chrome/137.0.7151.103 Mobile Safari/537.36 (compatible; Googlebot/2.1; +http://www.google.com/bot.html)"
66.249.79.34 - - [12/Jul/2025:15:19:05 +0000] "POST /get-message-notify HTTP/1.1" 200 21709 "https://kelaby.company/?h=6063952041960&mod=c7ced588&uri=info.php%3Fid%3D202497-349%26name%3Detoile+de+david+or+18+carats" "Mozilla/5.0 (Linux; Android 6.0.1; Nexus 5X Build/MMB29P) AppleWebKit/537.36 (KHTML, like Gecko) Chrome/137.0.7151.119 Mobile Safari/537.36 (compatible; Googlebot/2.1; +http://www.google.com/bot.html)"
66.249.79.32 - - [12/Jul/2025:15:19:08 +0000] "GET /?h=6064762021960&mod=c7ced588&uri=brands.php%3Fid%3D202524-349%26name%3Drivi%C3%83%C2%A8re+de+diamants+fred HTTP/1.1" 200 22092 "-" "Mozilla/5.0 (Linux; Android 6.0.1; Nexus 5X Build/MMB29P) AppleWebKit/537.36 (KHTML, like Gecko) Chrome/137.0.7151.103 Mobile Safari/537.36 (compatible; Googlebot/2.1; +http://www.google.com/bot.html)"
66.249.79.32 - - [12/Jul/2025:15:19:08 +0000] "POST /get-message-notify HTTP/1.1" 200 21701 "https://kelaby.company/?h=6064582051960&mod=c7ced588&uri=shared.php%3Fid%3D202518-349%26name%3Dnettoyer+chevaliere+argent" "Mozilla/5.0 (Linux; Android 6.0.1; Nexus 5X Build/MMB29P) AppleWebKit/537.36 (KHTML, like Gecko) Chrome/137.0.7151.119 Mobile Safari/537.36 (compatible; Googlebot/2.1; +http://www.google.com/bot.html)"
66.249.79.32 - - [12/Jul/2025:15:19:13 +0000] "GET /?h=6064402061960&mod=c7ced588&uri=info.php%3Fid%3D202512-349%26name%3Damazon+collier+homme HTTP/1.1" 200 21804 "-" "Mozilla/5.0 (Linux; Android 6.0.1; Nexus 5X Build/MMB29P) AppleWebKit/537.36 (KHTML, like Gecko) Chrome/137.0.7151.103 Mobile Safari/537.36 (compatible; Googlebot/2.1; +http://www.google.com/bot.html)"
66.249.79.32 - - [12/Jul/2025:15:19:18 +0000] "GET /?h=6063412051960&mod=c7ced588&uri=info.php%3Fid%3D202479-349%26name%3Dnettoyer+ses+bijoux+en+argent HTTP/1.1" 200 22451 "-" "Mozilla/5.0 (Linux; Android 6.0.1; Nexus 5X Build/MMB29P) AppleWebKit/537.36 (KHTML, like Gecko) Chrome/137.0.7151.103 Mobile Safari/537.36 (compatible; Googlebot/2.1; +http://www.google.com/bot.html)"
66.249.79.32 - - [12/Jul/2025:15:19:27 +0000] "GET /?h=6066357051960&mod=c7ced588&uri=product.php%3Fid%3D202578-349%26name%3Djeux+de+liens+pendant+price HTTP/1.1" 200 21468 "-" "Mozilla/5.0 (Linux; Android 6.0.1; Nexus 5X Build/MMB29P) AppleWebKit/537.36 (KHTML, like Gecko) Chrome/137.0.7151.103 Mobile Safari/537.36 (compatible; Googlebot/2.1; +http://www.google.com/bot.html)"
66.249.79.32 - - [12/Jul/2025:15:19:30 +0000] "GET /?h=32124414011960&mod=62c1507b&uri=article.php%3Fid%3D1072199-330%26name%3Ddaiwa+reel+cover HTTP/1.1" 200 21198 "-" "Mozilla/5.0 (Linux; Android 6.0.1; Nexus 5X Build/MMB29P) AppleWebKit/537.36 (KHTML, like Gecko) Chrome/137.0.7151.103 Mobile Safari/537.36 (compatible; Googlebot/2.1; +http://www.google.com/bot.html)"
66.249.79.32 - - [12/Jul/2025:15:19:35 +0000] "POST /get-message-notify HTTP/1.1" 200 21700 "https://kelaby.company/?h=6066357051960&mod=c7ced588&uri=product.php%3Fid%3D202578-349%26name%3Djeux+de+liens+pendant+price" "Mozilla/5.0 (Linux; Android 6.0.1; Nexus 5X Build/MMB29P) AppleWebKit/537.36 (KHTML, like Gecko) Chrome/137.0.7151.119 Mobile Safari/537.36 (compatible; Googlebot/2.1; +http://www.google.com/bot.html)"
66.249.79.32 - - [12/Jul/2025:15:19:37 +0000] "GET /?h=6062152091960&mod=c7ced588&uri=article.php%3Fid%3D202437-349%26name%3Dnettoyer+argent+sterling HTTP/1.1" 200 21973 "-" "Mozilla/5.0 (Linux; Android 6.0.1; Nexus 5X Build/MMB29P) AppleWebKit/537.36 (KHTML, like Gecko) Chrome/137.0.7151.103 Mobile Safari/537.36 (compatible; Googlebot/2.1; +http://www.google.com/bot.html)"
66.249.79.32 - - [12/Jul/2025:15:19:38 +0000] "POST /get-message-notify HTTP/1.1" 200 21699 "https://kelaby.company/?h=6064762021960&mod=c7ced588&uri=brands.php%3Fid%3D202524-349%26name%3Drivi%C3%83%C2%A8re+de+diamants+fred" "Mozilla/5.0 (Linux; Android 6.0.1; Nexus 5X Build/MMB29P) AppleWebKit/537.36 (KHTML, like Gecko) Chrome/137.0.7151.119 Mobile Safari/537.36 (compatible; Googlebot/2.1; +http://www.google.com/bot.html)"
66.249.79.32 - - [12/Jul/2025:15:19:45 +0000] "GET /?h=6060534051960&mod=c7ced588&uri=news.php%3Fid%3D202383-349%26name%3Dcartier+diamants+legers+bracelet+review HTTP/1.1" 200 22185 "-" "Mozilla/5.0 (Linux; Android 6.0.1; Nexus 5X Build/MMB29P) AppleWebKit/537.36 (KHTML, like Gecko) Chrome/137.0.7151.103 Mobile Safari/537.36 (compatible; Googlebot/2.1; +http://www.google.com/bot.html)"
66.249.79.32 - - [12/Jul/2025:15:19:47 +0000] "GET /?h=6060084051960&mod=c7ced588&uri=brands.php%3Fid%3D202368-349%26name%3Densemble+bracelet+femme+or HTTP/1.1" 200 21456 "-" "Mozilla/5.0 (Linux; Android 6.0.1; Nexus 5X Build/MMB29P) AppleWebKit/537.36 (KHTML, like Gecko) Chrome/137.0.7151.103 Mobile Safari/537.36 (compatible; Googlebot/2.1; +http://www.google.com/bot.html)"
66.249.79.32 - - [12/Jul/2025:15:19:49 +0000] "GET /?h=6063322021960&mod=c7ced588&uri=dp.php%3Fid%3D202476-349%26name%3Dbracelet+or HTTP/1.1" 200 22009 "-" "Mozilla/5.0 (Linux; Android 6.0.1; Nexus 5X Build/MMB29P) AppleWebKit/537.36 (KHTML, like Gecko) Chrome/137.0.7151.103 Mobile Safari/537.36 (compatible; Googlebot/2.1; +http://www.google.com/bot.html)"
66.249.79.32 - - [12/Jul/2025:15:19:51 +0000] "POST /get-message-notify HTTP/1.1" 200 21693 "https://kelaby.company/?h=6060534051960&mod=c7ced588&uri=news.php%3Fid%3D202383-349%26name%3Dcartier+diamants+legers+bracelet+review" "Mozilla/5.0 (Linux; Android 6.0.1; Nexus 5X Build/MMB29P) AppleWebKit/537.36 (KHTML, like Gecko) Chrome/137.0.7151.119 Mobile Safari/537.36 (compatible; Googlebot/2.1; +http://www.google.com/bot.html)"
66.249.79.32 - - [12/Jul/2025:15:19:53 +0000] "GET /?h=6066327011960&mod=c7ced588&uri=form.php%3Fid%3D202577-349%26name%3Dbague+avengers HTTP/1.1" 200 22499 "-" "Mozilla/5.0 (Linux; Android 6.0.1; Nexus 5X Build/MMB29P) AppleWebKit/537.36 (KHTML, like Gecko) Chrome/137.0.7151.103 Mobile Safari/537.36 (compatible; Googlebot/2.1; +http://www.google.com/bot.html)"
66.249.79.34 - - [12/Jul/2025:15:20:03 +0000] "GET /?h=6064312111960&mod=c7ced588&uri=pin.php%3Fid%3D202509-349%26name%3Dcollier+cartier+le+plus+cher HTTP/1.1" 200 21142 "-" "Mozilla/5.0 (Linux; Android 6.0.1; Nexus 5X Build/MMB29P) AppleWebKit/537.36 (KHTML, like Gecko) Chrome/137.0.7151.103 Mobile Safari/537.36 (compatible; Googlebot/2.1; +http://www.google.com/bot.html)"
66.249.79.32 - - [12/Jul/2025:15:20:03 +0000] "GET /?h=25113826011960&mod=6f0ab8ae&uri=us.php%3Fid%3D838201-501%26name%3Demergency+pet+doctor HTTP/1.1" 200 22276 "-" "Mozilla/5.0 (Linux; Android 6.0.1; Nexus 5X Build/MMB29P) AppleWebKit/537.36 (KHTML, like Gecko) Chrome/137.0.7151.103 Mobile Safari/537.36 (compatible; Googlebot/2.1; +http://www.google.com/bot.html)"
66.249.79.32 - - [12/Jul/2025:15:20:04 +0000] "GET /?h=25086122121960&mod=6351bf9d&uri=brands.php%3Fid%3D837277-19%26name%3Dbest+shape+wedding+dress+for+plus+size HTTP/1.1" 200 20797 "-" "Mozilla/5.0 (Linux; Android 6.0.1; Nexus 5X Build/MMB29P) AppleWebKit/537.36 (KHTML, like Gecko) Chrome/137.0.7151.103 Mobile Safari/537.36 (compatible; Googlebot/2.1; +http://www.google.com/bot.html)"
66.249.79.32 - - [12/Jul/2025:15:20:06 +0000] "GET /?h=6013239031960&mod=62c1507b&uri=news.php%3Fid%3D200804-330%26name%3Dwhat+is+the+best+baitcaster+combo HTTP/1.1" 200 22198 "-" "Mozilla/5.0 (Linux; Android 6.0.1; Nexus 5X Build/MMB29P) AppleWebKit/537.36 (KHTML, like Gecko) Chrome/137.0.7151.103 Mobile Safari/537.36 (compatible; Googlebot/2.1; +http://www.google.com/bot.html)"
66.249.79.33 - - [12/Jul/2025:15:20:09 +0000] "GET /?h=6062602021960&mod=c7ced588&uri=search.php%3Fid%3D202452-349%26name%3Dnettoyer+collier+plaqu%C3%83%C2%A9+or HTTP/1.1" 200 21829 "-" "Mozilla/5.0 (Linux; Android 6.0.1; Nexus 5X Build/MMB29P) AppleWebKit/537.36 (KHTML, like Gecko) Chrome/137.0.7151.103 Mobile Safari/537.36 (compatible; Googlebot/2.1; +http://www.google.com/bot.html)"
209.74.77.214 - - [12/Jul/2025:15:20:16 +0000] "POST /wp-cron.php?doing_wp_cron=1752333616.3812830448150634765625 HTTP/1.1" 200 - "-" "WordPress/6.8.1; https://kelaby.company"
51.222.253.12 - - [12/Jul/2025:15:20:16 +0000] "GET /?h=28420834031960&uri=us.php%3Fid%3D948563-596%26name%3Ddisney%20mermaid%20dolls HTTP/1.1" 200 26422 "-" "Mozilla/5.0 (compatible; AhrefsBot/7.0; +http://ahrefs.com/robot/)"
66.249.79.32 - - [12/Jul/2025:15:20:17 +0000] "GET /?h=6064042021960&mod=7a7338ef&uri=shop.php%3Fid%3D202500-347%26name%3Dpull+homme+5xl HTTP/1.1" 200 22054 "-" "Mozilla/5.0 (Linux; Android 6.0.1; Nexus 5X Build/MMB29P) AppleWebKit/537.36 (KHTML, like Gecko) Chrome/137.0.7151.103 Mobile Safari/537.36 (compatible; Googlebot/2.1; +http://www.google.com/bot.html)"
66.249.79.32 - - [12/Jul/2025:15:20:22 +0000] "GET /?h=6062422081960&mod=c7ced588&uri=search.php%3Fid%3D202446-349%26name%3Ddiamant+perles HTTP/1.1" 200 21597 "-" "Mozilla/5.0 (Linux; Android 6.0.1; Nexus 5X Build/MMB29P) AppleWebKit/537.36 (KHTML, like Gecko) Chrome/137.0.7151.103 Mobile Safari/537.36 (compatible; Googlebot/2.1; +http://www.google.com/bot.html)"
66.249.79.32 - - [12/Jul/2025:15:20:22 +0000] "GET /?h=6226361001960&mod=9b425b22&uri=form.php%3Fid%3D207950-359%26name%3Dnew+balance+754+preco HTTP/1.1" 200 21698 "-" "Mozilla/5.0 (Linux; Android 6.0.1; Nexus 5X Build/MMB29P) AppleWebKit/537.36 (KHTML, like Gecko) Chrome/137.0.7151.103 Mobile Safari/537.36 (compatible; Googlebot/2.1; +http://www.google.com/bot.html)"
66.249.79.32 - - [12/Jul/2025:15:20:25 +0000] "GET /?h=6065547051960&mod=c7ced588&uri=search.php%3Fid%3D202551-349%26name%3Dlaver+bijoux+or HTTP/1.1" 200 22010 "-" "Mozilla/5.0 (Linux; Android 6.0.1; Nexus 5X Build/MMB29P) AppleWebKit/537.36 (KHTML, like Gecko) Chrome/137.0.7151.103 Mobile Safari/537.36 (compatible; Googlebot/2.1; +http://www.google.com/bot.html)"
66.249.79.32 - - [12/Jul/2025:15:20:29 +0000] "POST /get-message-notify HTTP/1.1" 200 21699 "https://kelaby.company/?h=6062602021960&mod=c7ced588&uri=search.php%3Fid%3D202452-349%26name%3Dnettoyer+collier+plaqu%C3%83%C2%A9+or" "Mozilla/5.0 (Linux; Android 6.0.1; Nexus 5X Build/MMB29P) AppleWebKit/537.36 (KHTML, like Gecko) Chrome/137.0.7151.119 Mobile Safari/537.36 (compatible; Googlebot/2.1; +http://www.google.com/bot.html)"
66.249.79.32 - - [12/Jul/2025:15:20:30 +0000] "GET /?h=6060354071960&mod=c7ced588&uri=pin.php%3Fid%3D202377-349%26name%3Dnettoyage+bijoux+fantaisie HTTP/1.1" 200 21150 "-" "Mozilla/5.0 (Linux; Android 6.0.1; Nexus 5X Build/MMB29P) AppleWebKit/537.36 (KHTML, like Gecko) Chrome/137.0.7151.103 Mobile Safari/537.36 (compatible; Googlebot/2.1; +http://www.google.com/bot.html)"
66.249.79.32 - - [12/Jul/2025:15:20:32 +0000] "POST /get-message-notify HTTP/1.1" 200 21700 "https://kelaby.company/?h=6060354071960&mod=c7ced588&uri=pin.php%3Fid%3D202377-349%26name%3Dnettoyage+bijoux+fantaisie" "Mozilla/5.0 (Linux; Android 6.0.1; Nexus 5X Build/MMB29P) AppleWebKit/537.36 (KHTML, like Gecko) Chrome/137.0.7151.119 Mobile Safari/537.36 (compatible; Googlebot/2.1; +http://www.google.com/bot.html)"
66.249.79.32 - - [12/Jul/2025:15:20:35 +0000] "GET /?h=6013209011960&mod=62c1507b&uri=us.php%3Fid%3D200803-330%26name%3Dpowerbait+minnow+for+trout HTTP/1.1" 200 21998 "-" "Mozilla/5.0 (Linux; Android 6.0.1; Nexus 5X Build/MMB29P) AppleWebKit/537.36 (KHTML, like Gecko) Chrome/137.0.7151.103 Mobile Safari/537.36 (compatible; Googlebot/2.1; +http://www.google.com/bot.html)"
66.249.79.32 - - [12/Jul/2025:15:20:37 +0000] "POST /get-message-notify HTTP/1.1" 200 21705 "https://kelaby.company/?h=6065547051960&mod=c7ced588&uri=search.php%3Fid%3D202551-349%26name%3Dlaver+bijoux+or" "Mozilla/5.0 (Linux; Android 6.0.1; Nexus 5X Build/MMB29P) AppleWebKit/537.36 (KHTML, like Gecko) Chrome/137.0.7151.119 Mobile Safari/537.36 (compatible; Googlebot/2.1; +http://www.google.com/bot.html)"
66.249.79.33 - - [12/Jul/2025:15:20:45 +0000] "GET /?h=6066267051960&mod=c7ced588&uri=dp.php%3Fid%3D202575-349%26name%3Dnettoyer+plaqu%C3%83%C2%A9+argent HTTP/1.1" 200 22092 "-" "Mozilla/5.0 (Linux; Android 6.0.1; Nexus 5X Build/MMB29P) AppleWebKit/537.36 (KHTML, like Gecko) Chrome/137.0.7151.103 Mobile Safari/537.36 (compatible; Googlebot/2.1; +http://www.google.com/bot.html)"
66.249.79.32 - - [12/Jul/2025:15:20:47 +0000] "GET /?h=6062062021960&mod=c7ced588&uri=us.php%3Fid%3D202434-349%26name%3Ddiamant+cou HTTP/1.1" 200 22687 "-" "Mozilla/5.0 (Linux; Android 6.0.1; Nexus 5X Build/MMB29P) AppleWebKit/537.36 (KHTML, like Gecko) Chrome/137.0.7151.103 Mobile Safari/537.36 (compatible; Googlebot/2.1; +http://www.google.com/bot.html)"
66.249.79.33 - - [12/Jul/2025:15:20:50 +0000] "GET /?h=6065277041960&mod=c7ced588&uri=dp.php%3Fid%3D202542-349%26name%3Dcollier+medaille+prenom HTTP/1.1" 200 21252 "-" "Mozilla/5.0 (Linux; Android 6.0.1; Nexus 5X Build/MMB29P) AppleWebKit/537.36 (KHTML, like Gecko) Chrome/137.0.7151.103 Mobile Safari/537.36 (compatible; Googlebot/2.1; +http://www.google.com/bot.html)"
66.249.79.32 - - [12/Jul/2025:15:20:52 +0000] "POST /get-message-notify HTTP/1.1" 200 21711 "https://kelaby.company/?h=6062062021960&mod=c7ced588&uri=us.php%3Fid%3D202434-349%26name%3Ddiamant+cou" "Mozilla/5.0 (Linux; Android 6.0.1; Nexus 5X Build/MMB29P) AppleWebKit/537.36 (KHTML, like Gecko) Chrome/137.0.7151.119 Mobile Safari/537.36 (compatible; Googlebot/2.1; +http://www.google.com/bot.html)"
66.249.79.32 - - [12/Jul/2025:15:20:56 +0000] "GET /?h=6066706021960&mod=c7ced588&uri=news.php%3Fid%3D202590-349%26name%3Dbouddha+obsidienne HTTP/1.1" 200 21533 "-" "Mozilla/5.0 (Linux; Android 6.0.1; Nexus 5X Build/MMB29P) AppleWebKit/537.36 (KHTML, like Gecko) Chrome/137.0.7151.103 Mobile Safari/537.36 (compatible; Googlebot/2.1; +http://www.google.com/bot.html)"
66.249.79.33 - - [12/Jul/2025:15:20:56 +0000] "POST /get-message-notify HTTP/1.1" 200 21704 "https://kelaby.company/?h=6065277041960&mod=c7ced588&uri=dp.php%3Fid%3D202542-349%26name%3Dcollier+medaille+prenom" "Mozilla/5.0 (Linux; Android 6.0.1; Nexus 5X Build/MMB29P) AppleWebKit/537.36 (KHTML, like Gecko) Chrome/137.0.7151.119 Mobile Safari/537.36 (compatible; Googlebot/2.1; +http://www.google.com/bot.html)"
66.249.79.34 - - [12/Jul/2025:15:21:02 +0000] "GET /?h=6063502141960&mod=c7ced588&uri=itm.php%3Fid%3D202482-349%26name%3Dnettoyer+collier+argent+noirci HTTP/1.1" 200 21581 "-" "Mozilla/5.0 (Linux; Android 6.0.1; Nexus 5X Build/MMB29P) AppleWebKit/537.36 (KHTML, like Gecko) Chrome/137.0.7151.103 Mobile Safari/537.36 (compatible; Googlebot/2.1; +http://www.google.com/bot.html)"
66.249.79.33 - - [12/Jul/2025:15:21:06 +0000] "GET /?h=6060264061960&mod=c7ced588&uri=products.php%3Fid%3D202374-349%26name%3Dlaver+bijoux+en+argent HTTP/1.1" 200 21180 "-" "Mozilla/5.0 (Linux; Android 6.0.1; Nexus 5X Build/MMB29P) AppleWebKit/537.36 (KHTML, like Gecko) Chrome/137.0.7151.103 Mobile Safari/537.36 (compatible; Googlebot/2.1; +http://www.google.com/bot.html)"
66.249.79.32 - - [12/Jul/2025:15:21:11 +0000] "POST /get-message-notify HTTP/1.1" 200 21702 "https://kelaby.company/?h=6066706021960&mod=c7ced588&uri=news.php%3Fid%3D202590-349%26name%3Dbouddha+obsidienne" "Mozilla/5.0 (Linux; Android 6.0.1; Nexus 5X Build/MMB29P) AppleWebKit/537.36 (KHTML, like Gecko) Chrome/137.0.7151.119 Mobile Safari/537.36 (compatible; Googlebot/2.1; +http://www.google.com/bot.html)"
66.249.79.32 - - [12/Jul/2025:15:21:12 +0000] "GET /?h=6064672081960&mod=c7ced588&uri=dp.php%3Fid%3D202521-349%26name%3Dmaty+pendentif+lettre HTTP/1.1" 200 21502 "-" "Mozilla/5.0 (Linux; Android 6.0.1; Nexus 5X Build/MMB29P) AppleWebKit/537.36 (KHTML, like Gecko) Chrome/137.0.7151.103 Mobile Safari/537.36 (compatible; Googlebot/2.1; +http://www.google.com/bot.html)"
66.249.79.32 - - [12/Jul/2025:15:21:21 +0000] "GET /?h=6064222031960&mod=c7ced588&uri=brands.php%3Fid%3D202506-349%26name%3Dcollier+fred+riviere HTTP/1.1" 200 22760 "-" "Mozilla/5.0 (Linux; Android 6.0.1; Nexus 5X Build/MMB29P) AppleWebKit/537.36 (KHTML, like Gecko) Chrome/137.0.7151.103 Mobile Safari/537.36 (compatible; Googlebot/2.1; +http://www.google.com/bot.html)"
66.249.79.32 - - [12/Jul/2025:15:21:28 +0000] "GET /?h=6063142021960&mod=c7ced588&uri=shared.php%3Fid%3D202470-349%26name%3Dcouleur+platine+bijoux HTTP/1.1" 200 22000 "-" "Mozilla/5.0 (Linux; Android 6.0.1; Nexus 5X Build/MMB29P) AppleWebKit/537.36 (KHTML, like Gecko) Chrome/137.0.7151.103 Mobile Safari/537.36 (compatible; Googlebot/2.1; +http://www.google.com/bot.html)"
66.249.79.32 - - [12/Jul/2025:15:21:31 +0000] "GET /?h=6060802061960&mod=c7ced588&uri=goods.php%3Fid%3D202392-349%26name%3Dcollier+a+personnaliser+prenom HTTP/1.1" 200 21707 "-" "Mozilla/5.0 (Linux; Android 6.0.1; Nexus 5X Build/MMB29P) AppleWebKit/537.36 (KHTML, like Gecko) Chrome/137.0.7151.103 Mobile Safari/537.36 (compatible; Googlebot/2.1; +http://www.google.com/bot.html)"
66.249.79.32 - - [12/Jul/2025:15:21:33 +0000] "GET /?h=6063232051960&mod=c7ced588&uri=dp.php%3Fid%3D202473-349%26name%3Dnettoyer+des+bijoux+en+argent HTTP/1.1" 200 21362 "-" "Mozilla/5.0 (Linux; Android 6.0.1; Nexus 5X Build/MMB29P) AppleWebKit/537.36 (KHTML, like Gecko) Chrome/137.0.7151.103 Mobile Safari/537.36 (compatible; Googlebot/2.1; +http://www.google.com/bot.html)"
66.249.79.32 - - [12/Jul/2025:15:21:36 +0000] "POST /get-message-notify HTTP/1.1" 200 21695 "https://kelaby.company/?h=6063142021960&mod=c7ced588&uri=shared.php%3Fid%3D202470-349%26name%3Dcouleur+platine+bijoux" "Mozilla/5.0 (Linux; Android 6.0.1; Nexus 5X Build/MMB29P) AppleWebKit/537.36 (KHTML, like Gecko) Chrome/137.0.7151.119 Mobile Safari/537.36 (compatible; Googlebot/2.1; +http://www.google.com/bot.html)"
66.249.79.32 - - [12/Jul/2025:15:21:42 +0000] "GET /?h=119846996071960&mod=bcfcd283&uri=form.php%3Fid%3D3999657-323%26name%3Dmets+yeti+cup HTTP/1.1" 200 19836 "-" "Mozilla/5.0 (Linux; Android 6.0.1; Nexus 5X Build/MMB29P) AppleWebKit/537.36 (KHTML, like Gecko) Chrome/137.0.7151.103 Mobile Safari/537.36 (compatible; Googlebot/2.1; +http://www.google.com/bot.html)"
66.249.79.32 - - [12/Jul/2025:15:21:44 +0000] "GET /?h=6182058011960&mod=e50bea89&uri=dp.php%3Fid%3D206455-296%26name%3Dkade+ta+tu+avega+lyrics HTTP/1.1" 200 21646 "-" "Mozilla/5.0 (Linux; Android 6.0.1; Nexus 5X Build/MMB29P) AppleWebKit/537.36 (KHTML, like Gecko) Chrome/137.0.7151.103 Mobile Safari/537.36 (compatible; Googlebot/2.1; +http://www.google.com/bot.html)"
66.249.79.32 - - [12/Jul/2025:15:21:47 +0000] "GET /?h=6220116081960&mod=acac6e55&uri=form.php%3Fid%3D207738-219%26name%3Dsougayilang+fishing+reel+review HTTP/1.1" 200 21827 "-" "Mozilla/5.0 (Linux; Android 6.0.1; Nexus 5X Build/MMB29P) AppleWebKit/537.36 (KHTML, like Gecko) Chrome/137.0.7151.103 Mobile Safari/537.36 (compatible; Googlebot/2.1; +http://www.google.com/bot.html)"
66.249.79.32 - - [12/Jul/2025:15:21:50 +0000] "POST /get-message-notify HTTP/1.1" 200 21692 "https://kelaby.company/?h=6220116081960&mod=acac6e55&uri=form.php%3Fid%3D207738-219%26name%3Dsougayilang+fishing+reel+review" "Mozilla/5.0 (Linux; Android 6.0.1; Nexus 5X Build/MMB29P) AppleWebKit/537.36 (KHTML, like Gecko) Chrome/137.0.7151.119 Mobile Safari/537.36 (compatible; Googlebot/2.1; +http://www.google.com/bot.html)"
66.249.79.32 - - [12/Jul/2025:15:21:53 +0000] "GET /?h=6222852021960&mod=9b425b22&uri=blog.php%3Fid%3D207830-359%26name%3Dnew+balance+791+sport+lifestyle HTTP/1.1" 200 20663 "-" "Mozilla/5.0 (Linux; Android 6.0.1; Nexus 5X Build/MMB29P) AppleWebKit/537.36 (KHTML, like Gecko) Chrome/137.0.7151.103 Mobile Safari/537.36 (compatible; Googlebot/2.1; +http://www.google.com/bot.html)"
66.249.79.32 - - [12/Jul/2025:15:22:03 +0000] "POST /get-message-notify HTTP/1.1" 200 21707 "https://kelaby.company/?h=119846996071960&mod=bcfcd283&uri=form.php%3Fid%3D3999657-323%26name%3Dmets+yeti+cup" "Mozilla/5.0 (Linux; Android 6.0.1; Nexus 5X Build/MMB29P) AppleWebKit/537.36 (KHTML, like Gecko) Chrome/137.0.7151.119 Mobile Safari/537.36 (compatible; Googlebot/2.1; +http://www.google.com/bot.html)"
66.249.79.37 - - [12/Jul/2025:15:22:07 +0000] "GET /?h=6234433021960&mod=9b425b22&uri=goods.php%3Fid%3D208227-359%26name%3Dnew+balance+680+feminino HTTP/1.1" 200 22410 "-" "Mozilla/5.0 (Linux; Android 6.0.1; Nexus 5X Build/MMB29P) AppleWebKit/537.36 (KHTML, like Gecko) Chrome/137.0.7151.103 Mobile Safari/537.36 (compatible; Googlebot/2.1; +http://www.google.com/bot.html)"
66.249.79.32 - - [12/Jul/2025:15:22:10 +0000] "GET /?h=6224589001960&mod=9b425b22&uri=info.php%3Fid%3D207890-359%26name%3D754+preto HTTP/1.1" 200 21036 "-" "Mozilla/5.0 (Linux; Android 6.0.1; Nexus 5X Build/MMB29P) AppleWebKit/537.36 (KHTML, like Gecko) Chrome/137.0.7151.103 Mobile Safari/537.36 (compatible; Googlebot/2.1; +http://www.google.com/bot.html)"
66.249.79.37 - - [12/Jul/2025:15:22:15 +0000] "POST /get-message-notify HTTP/1.1" 200 21710 "https://kelaby.company/?h=6224589001960&mod=9b425b22&uri=info.php%3Fid%3D207890-359%26name%3D754+preto" "Mozilla/5.0 (Linux; Android 6.0.1; Nexus 5X Build/MMB29P) AppleWebKit/537.36 (KHTML, like Gecko) Chrome/137.0.7151.119 Mobile Safari/537.36 (compatible; Googlebot/2.1; +http://www.google.com/bot.html)"
