66.249.79.37 - - [12/Jul/2025:17:56:40 +0000] "GET /?h=5818819011960&mod=9bbcf8c9&uri=form.php%3Fid%3D194315-336%26name%3Dcintura+vuitton+monogram HTTP/1.1" 200 21980 "-" "Mozilla/5.0 (Linux; Android 6.0.1; Nexus 5X Build/MMB29P) AppleWebKit/537.36 (KHTML, like Gecko) Chrome/137.0.7151.103 Mobile Safari/537.36 (compatible; Googlebot/2.1; +http://www.google.com/bot.html)"
66.249.79.37 - - [12/Jul/2025:17:56:48 +0000] "GET /?h=5759877051960&mod=60b7f5df&uri=pin.php%3Fid%3D192349-335%26name%3Dnintendo+switch+to+go HTTP/1.1" 200 21483 "-" "Mozilla/5.0 (Linux; Android 6.0.1; Nexus 5X Build/MMB29P) AppleWebKit/537.36 (KHTML, like Gecko) Chrome/137.0.7151.103 Mobile Safari/537.36 (compatible; Googlebot/2.1; +http://www.google.com/bot.html)"
66.249.79.37 - - [12/Jul/2025:17:56:51 +0000] "POST /get-message-notify HTTP/1.1" 200 21709 "https://kelaby.company/?h=6001600071960&mod=a788f0e7&uri=itm.php%3Fid%3D200415-345%26name%3Ddecathlon+chaquetas+nieve+hombre" "Mozilla/5.0 (Linux; Android 6.0.1; Nexus 5X Build/MMB29P) AppleWebKit/537.36 (KHTML, like Gecko) Chrome/137.0.7151.119 Mobile Safari/537.36 (compatible; Googlebot/2.1; +http://www.google.com/bot.html)"
66.249.79.37 - - [12/Jul/2025:17:56:52 +0000] "POST /get-message-notify HTTP/1.1" 200 21707 "https://kelaby.company/?h=5692500071960&mod=2076b5ab&uri=search.php%3Fid%3D190071-333%26name%3Dgold+band+ring+thick" "Mozilla/5.0 (Linux; Android 6.0.1; Nexus 5X Build/MMB29P) AppleWebKit/537.36 (KHTML, like Gecko) Chrome/137.0.7151.119 Mobile Safari/537.36 (compatible; Googlebot/2.1; +http://www.google.com/bot.html)"
66.249.79.32 - - [12/Jul/2025:17:57:02 +0000] "GET /?h=5985749041960&mod=a788f0e7&uri=category-info.php%3Fid%3D199886-345%26name%3Dtiendas+de+vestidos+de+fiesta+en+san+luis+potosi HTTP/1.1" 200 21256 "-" "Mozilla/5.0 (Linux; Android 6.0.1; Nexus 5X Build/MMB29P) AppleWebKit/537.36 (KHTML, like Gecko) Chrome/137.0.7151.103 Mobile Safari/537.36 (compatible; Googlebot/2.1; +http://www.google.com/bot.html)"
66.249.79.37 - - [12/Jul/2025:17:57:06 +0000] "POST /get-message-notify HTTP/1.1" 200 21705 "https://kelaby.company/?h=5985749041960&mod=a788f0e7&uri=category-info.php%3Fid%3D199886-345%26name%3Dtiendas+de+vestidos+de+fiesta+en+san+luis+potosi" "Mozilla/5.0 (Linux; Android 6.0.1; Nexus 5X Build/MMB29P) AppleWebKit/537.36 (KHTML, like Gecko) Chrome/137.0.7151.119 Mobile Safari/537.36 (compatible; Googlebot/2.1; +http://www.google.com/bot.html)"
66.249.79.37 - - [12/Jul/2025:17:57:09 +0000] "GET /?h=5983968041960&mod=a788f0e7&uri=products.php%3Fid%3D199826-345%26name%3Dventa+de+ropa+americana+clasificada+en+guatemala HTTP/1.1" 200 20331 "-" "Mozilla/5.0 (Linux; Android 6.0.1; Nexus 5X Build/MMB29P) AppleWebKit/537.36 (KHTML, like Gecko) Chrome/137.0.7151.103 Mobile Safari/537.36 (compatible; Googlebot/2.1; +http://www.google.com/bot.html)"
66.249.79.37 - - [12/Jul/2025:17:57:23 +0000] "GET /?h=5984928001960&mod=a788f0e7&uri=form.php%3Fid%3D199858-345%26name%3Dchamarras+de+piel+y+pa%C3%83%C2%B1o HTTP/1.1" 200 20961 "-" "Mozilla/5.0 (Linux; Android 6.0.1; Nexus 5X Build/MMB29P) AppleWebKit/537.36 (KHTML, like Gecko) Chrome/137.0.7151.103 Mobile Safari/537.36 (compatible; Googlebot/2.1; +http://www.google.com/bot.html)"
209.74.77.214 - - [12/Jul/2025:17:57:24 +0000] "POST /wp-cron.php?doing_wp_cron=1752343044.5089759826660156250000 HTTP/1.1" 200 - "-" "WordPress/6.8.1; https://kelaby.company"
51.222.253.9 - - [12/Jul/2025:17:57:24 +0000] "GET /?h=20537119051960&mod=868d9159&uri=blog.php%3Fid%3D685544-761%26name%3Dtom+ford+oversized+cat+eye+sunglasses HTTP/1.1" 301 - "-" "Mozilla/5.0 (compatible; AhrefsBot/7.0; +http://ahrefs.com/robot/)"
66.249.79.37 - - [12/Jul/2025:17:57:26 +0000] "GET /?h=5760837051960&mod=60b7f5df&uri=info.php%3Fid%3D192381-335%26name%3Dnintendo+3ds+launch+price HTTP/1.1" 200 22134 "-" "Mozilla/5.0 (Linux; Android 6.0.1; Nexus 5X Build/MMB29P) AppleWebKit/537.36 (KHTML, like Gecko) Chrome/137.0.7151.103 Mobile Safari/537.36 (compatible; Googlebot/2.1; +http://www.google.com/bot.html)"
66.249.79.37 - - [12/Jul/2025:17:57:27 +0000] "GET /?h=5997550131960&mod=a788f0e7&uri=pin.php%3Fid%3D200280-345%26name%3Dpantalones+anchos+con+caida HTTP/1.1" 200 21926 "-" "Mozilla/5.0 (Linux; Android 6.0.1; Nexus 5X Build/MMB29P) AppleWebKit/537.36 (KHTML, like Gecko) Chrome/137.0.7151.103 Mobile Safari/537.36 (compatible; Googlebot/2.1; +http://www.google.com/bot.html)"
66.249.79.37 - - [12/Jul/2025:17:57:29 +0000] "GET /?h=5985989021960&mod=a788f0e7&uri=article.php%3Fid%3D199894-345%26name%3Dvestidos+de+fiesta+liza+minnelli HTTP/1.1" 200 20590 "-" "Mozilla/5.0 (Linux; Android 6.0.1; Nexus 5X Build/MMB29P) AppleWebKit/537.36 (KHTML, like Gecko) Chrome/137.0.7151.103 Mobile Safari/537.36 (compatible; Googlebot/2.1; +http://www.google.com/bot.html)"
66.249.79.37 - - [12/Jul/2025:17:57:32 +0000] "POST /get-message-notify HTTP/1.1" 200 21704 "https://kelaby.company/?h=5997550131960&mod=a788f0e7&uri=pin.php%3Fid%3D200280-345%26name%3Dpantalones+anchos+con+caida" "Mozilla/5.0 (Linux; Android 6.0.1; Nexus 5X Build/MMB29P) AppleWebKit/537.36 (KHTML, like Gecko) Chrome/137.0.7151.119 Mobile Safari/537.36 (compatible; Googlebot/2.1; +http://www.google.com/bot.html)"
66.249.79.37 - - [12/Jul/2025:17:57:32 +0000] "GET /?h=5804948031960&mod=9bbcf8c9&uri=category-info.php%3Fid%3D193852-336%26name%3Dborse+michael+kors+sono+in+pelle HTTP/1.1" 200 21515 "-" "Mozilla/5.0 (Linux; Android 6.0.1; Nexus 5X Build/MMB29P) AppleWebKit/537.36 (KHTML, like Gecko) Chrome/137.0.7151.103 Mobile Safari/537.36 (compatible; Googlebot/2.1; +http://www.google.com/bot.html)"
66.249.79.37 - - [12/Jul/2025:17:57:40 +0000] "GET /?h=6135935051960&mod=e1029434&uri=news.php%3Fid%3D204899-208%26name%3Ddsr+video+camera HTTP/1.1" 200 21296 "-" "Mozilla/5.0 (Linux; Android 6.0.1; Nexus 5X Build/MMB29P) AppleWebKit/537.36 (KHTML, like Gecko) Chrome/137.0.7151.103 Mobile Safari/537.36 (compatible; Googlebot/2.1; +http://www.google.com/bot.html)"
66.249.79.37 - - [12/Jul/2025:17:57:40 +0000] "GET /?h=5762277051960&mod=60b7f5df&uri=product.php%3Fid%3D192429-335%26name%3Dnintendo+switch+fortnite+accessories HTTP/1.1" 200 21386 "-" "Mozilla/5.0 (Linux; Android 6.0.1; Nexus 5X Build/MMB29P) AppleWebKit/537.36 (KHTML, like Gecko) Chrome/137.0.7151.103 Mobile Safari/537.36 (compatible; Googlebot/2.1; +http://www.google.com/bot.html)"
66.249.79.37 - - [12/Jul/2025:17:57:40 +0000] "GET /?h=6072401041960&mod=c7ced588&uri=dp.php%3Fid%3D202780-349%26name%3Dpendentif+%C3%83%C2%A0+personnaliser HTTP/1.1" 200 22268 "-" "Mozilla/5.0 (Linux; Android 6.0.1; Nexus 5X Build/MMB29P) AppleWebKit/537.36 (KHTML, like Gecko) Chrome/137.0.7151.103 Mobile Safari/537.36 (compatible; Googlebot/2.1; +http://www.google.com/bot.html)"
66.249.79.37 - - [12/Jul/2025:17:57:46 +0000] "POST /get-message-notify HTTP/1.1" 200 21709 "https://kelaby.company/?h=5985989021960&mod=a788f0e7&uri=article.php%3Fid%3D199894-345%26name%3Dvestidos+de+fiesta+liza+minnelli" "Mozilla/5.0 (Linux; Android 6.0.1; Nexus 5X Build/MMB29P) AppleWebKit/537.36 (KHTML, like Gecko) Chrome/137.0.7151.119 Mobile Safari/537.36 (compatible; Googlebot/2.1; +http://www.google.com/bot.html)"
66.249.79.37 - - [12/Jul/2025:17:57:48 +0000] "GET /?h=119759252001960&mod=40195594&uri=products.php%3Fid%3D3996729-141%26name%3Dvestido+verde+esmeralda+liverpool HTTP/1.1" 200 22292 "-" "Mozilla/5.0 (Linux; Android 6.0.1; Nexus 5X Build/MMB29P) AppleWebKit/537.36 (KHTML, like Gecko) Chrome/137.0.7151.103 Mobile Safari/537.36 (compatible; Googlebot/2.1; +http://www.google.com/bot.html)"
66.249.79.37 - - [12/Jul/2025:17:57:48 +0000] "GET /?h=5764797091960&mod=60b7f5df&uri=info.php%3Fid%3D192513-335%26name%3Dfortnite+switch+download+size HTTP/1.1" 200 21563 "-" "Mozilla/5.0 (Linux; Android 6.0.1; Nexus 5X Build/MMB29P) AppleWebKit/537.36 (KHTML, like Gecko) Chrome/137.0.7151.103 Mobile Safari/537.36 (compatible; Googlebot/2.1; +http://www.google.com/bot.html)"
66.249.79.37 - - [12/Jul/2025:17:57:48 +0000] "GET /?h=39716300001960&mod=be8e1862&uri=goods.php%3Fid%3D1325520-342%26name%3Dradio+flyer+lightning+horse HTTP/1.1" 200 20568 "-" "Mozilla/5.0 (Linux; Android 6.0.1; Nexus 5X Build/MMB29P) AppleWebKit/537.36 (KHTML, like Gecko) Chrome/137.0.7151.103 Mobile Safari/537.36 (compatible; Googlebot/2.1; +http://www.google.com/bot.html)"
66.249.79.37 - - [12/Jul/2025:17:57:51 +0000] "POST /get-message-notify HTTP/1.1" 200 21704 "https://kelaby.company/?h=39716300001960&mod=be8e1862&uri=goods.php%3Fid%3D1325520-342%26name%3Dradio+flyer+lightning+horse" "Mozilla/5.0 (Linux; Android 6.0.1; Nexus 5X Build/MMB29P) AppleWebKit/537.36 (KHTML, like Gecko) Chrome/137.0.7151.119 Mobile Safari/537.36 (compatible; Googlebot/2.1; +http://www.google.com/bot.html)"
66.249.79.32 - - [12/Jul/2025:17:57:55 +0000] "POST /get-message-notify HTTP/1.1" 200 21695 "https://kelaby.company/?h=6135935051960&mod=e1029434&uri=news.php%3Fid%3D204899-208%26name%3Ddsr+video+camera" "Mozilla/5.0 (Linux; Android 6.0.1; Nexus 5X Build/MMB29P) AppleWebKit/537.36 (KHTML, like Gecko) Chrome/137.0.7151.119 Mobile Safari/537.36 (compatible; Googlebot/2.1; +http://www.google.com/bot.html)"
66.249.79.37 - - [12/Jul/2025:17:57:59 +0000] "POST /get-message-notify HTTP/1.1" 200 21691 "https://kelaby.company/?h=5764797091960&mod=60b7f5df&uri=info.php%3Fid%3D192513-335%26name%3Dfortnite+switch+download+size" "Mozilla/5.0 (Linux; Android 6.0.1; Nexus 5X Build/MMB29P) AppleWebKit/537.36 (KHTML, like Gecko) Chrome/137.0.7151.119 Mobile Safari/537.36 (compatible; Googlebot/2.1; +http://www.google.com/bot.html)"
66.249.79.32 - - [12/Jul/2025:17:58:01 +0000] "GET /?h=5985869021960&mod=a788f0e7&uri=form.php%3Fid%3D199890-345%26name%3Dbuzo+entrenamiento+boca+juniors HTTP/1.1" 200 21312 "-" "Mozilla/5.0 (Linux; Android 6.0.1; Nexus 5X Build/MMB29P) AppleWebKit/537.36 (KHTML, like Gecko) Chrome/137.0.7151.103 Mobile Safari/537.36 (compatible; Googlebot/2.1; +http://www.google.com/bot.html)"
66.249.79.37 - - [12/Jul/2025:17:58:08 +0000] "POST /get-message-notify HTTP/1.1" 200 21696 "https://kelaby.company/?h=5985869021960&mod=a788f0e7&uri=form.php%3Fid%3D199890-345%26name%3Dbuzo+entrenamiento+boca+juniors" "Mozilla/5.0 (Linux; Android 6.0.1; Nexus 5X Build/MMB29P) AppleWebKit/537.36 (KHTML, like Gecko) Chrome/137.0.7151.119 Mobile Safari/537.36 (compatible; Googlebot/2.1; +http://www.google.com/bot.html)"
66.249.79.37 - - [12/Jul/2025:17:58:10 +0000] "GET /?h=5760957061960&mod=60b7f5df&uri=shared.php%3Fid%3D192385-335%26name%3Dnintendo+switch+boomerang+fu HTTP/1.1" 200 20862 "-" "Mozilla/5.0 (Linux; Android 6.0.1; Nexus 5X Build/MMB29P) AppleWebKit/537.36 (KHTML, like Gecko) Chrome/137.0.7151.103 Mobile Safari/537.36 (compatible; Googlebot/2.1; +http://www.google.com/bot.html)"
66.249.79.37 - - [12/Jul/2025:17:58:13 +0000] "GET /?h=5981088041960&mod=a788f0e7&uri=search.php%3Fid%3D199730-345%26name%3Dchamarras+de+piel+finas HTTP/1.1" 200 21178 "-" "Mozilla/5.0 (Linux; Android 6.0.1; Nexus 5X Build/MMB29P) AppleWebKit/537.36 (KHTML, like Gecko) Chrome/137.0.7151.103 Mobile Safari/537.36 (compatible; Googlebot/2.1; +http://www.google.com/bot.html)"
66.249.79.37 - - [12/Jul/2025:17:58:17 +0000] "GET /?h=5764557061960&mod=49856ed4&uri=news.php%3Fid%3D192505-57%26name%3Dnoise+cancelling+earbuds+neckband HTTP/1.1" 200 22240 "-" "Mozilla/5.0 (Linux; Android 6.0.1; Nexus 5X Build/MMB29P) AppleWebKit/537.36 (KHTML, like Gecko) Chrome/137.0.7151.103 Mobile Safari/537.36 (compatible; Googlebot/2.1; +http://www.google.com/bot.html)"
66.249.79.37 - - [12/Jul/2025:17:58:21 +0000] "GET /?h=23976962071960&mod=62c1507b&uri=us.php%3Fid%3D800285-330%26name%3Dboat+cup+holder+caddy HTTP/1.1" 200 22083 "-" "Mozilla/5.0 (Linux; Android 6.0.1; Nexus 5X Build/MMB29P) AppleWebKit/537.36 (KHTML, like Gecko) Chrome/137.0.7151.103 Mobile Safari/537.36 (compatible; Googlebot/2.1; +http://www.google.com/bot.html)"
66.249.79.37 - - [12/Jul/2025:17:58:21 +0000] "GET /?h=5982888001960&mod=a788f0e7&uri=form.php%3Fid%3D199790-345%26name%3Dabrigos+mujer+marcas+el+corte+ingles HTTP/1.1" 200 20708 "-" "Mozilla/5.0 (Linux; Android 6.0.1; Nexus 5X Build/MMB29P) AppleWebKit/537.36 (KHTML, like Gecko) Chrome/137.0.7151.103 Mobile Safari/537.36 (compatible; Googlebot/2.1; +http://www.google.com/bot.html)"
66.249.79.232 - - [12/Jul/2025:17:58:22 +0000] "GET /?h=38320356031960&mod=4b3da53a&uri=info.php%3Fid%3D1278955-308%26name%3Dunder+armour+jacket+mens+sale HTTP/1.1" 200 21410 "-" "Mozilla/5.0 (Linux; Android 6.0.1; Nexus 5X Build/MMB29P) AppleWebKit/537.36 (KHTML, like Gecko) Chrome/137.0.7151.103 Mobile Safari/537.36 (compatible; Googlebot/2.1; +http://www.google.com/bot.html)"
66.249.79.37 - - [12/Jul/2025:17:58:24 +0000] "GET /?h=5980608021960&mod=a788f0e7&uri=us.php%3Fid%3D199714-345%26name%3Dropa+americana+x+mayor HTTP/1.1" 200 20465 "-" "Mozilla/5.0 (Linux; Android 6.0.1; Nexus 5X Build/MMB29P) AppleWebKit/537.36 (KHTML, like Gecko) Chrome/137.0.7151.103 Mobile Safari/537.36 (compatible; Googlebot/2.1; +http://www.google.com/bot.html)"
66.249.79.37 - - [12/Jul/2025:17:58:27 +0000] "GET /?h=110618025031960&mod=2076b5ab&uri=product.php%3Fid%3D3691677-333%26name%3Dbirthstone+and+letter+necklace HTTP/1.1" 200 22768 "-" "Mozilla/5.0 (Linux; Android 6.0.1; Nexus 5X Build/MMB29P) AppleWebKit/537.36 (KHTML, like Gecko) Chrome/137.0.7151.103 Mobile Safari/537.36 (compatible; Googlebot/2.1; +http://www.google.com/bot.html)"
66.249.79.37 - - [12/Jul/2025:17:58:30 +0000] "POST /get-message-notify HTTP/1.1" 200 21697 "https://kelaby.company/?h=110618025031960&mod=2076b5ab&uri=product.php%3Fid%3D3691677-333%26name%3Dbirthstone+and+letter+necklace" "Mozilla/5.0 (Linux; Android 6.0.1; Nexus 5X Build/MMB29P) AppleWebKit/537.36 (KHTML, like Gecko) Chrome/137.0.7151.119 Mobile Safari/537.36 (compatible; Googlebot/2.1; +http://www.google.com/bot.html)"
66.249.79.37 - - [12/Jul/2025:17:58:35 +0000] "GET /?h=5765517051960&mod=49856ed4&uri=us.php%3Fid%3D192537-57%26name%3Dbest+bluetooth+earphones+below+3000 HTTP/1.1" 200 21823 "-" "Mozilla/5.0 (Linux; Android 6.0.1; Nexus 5X Build/MMB29P) AppleWebKit/537.36 (KHTML, like Gecko) Chrome/137.0.7151.103 Mobile Safari/537.36 (compatible; Googlebot/2.1; +http://www.google.com/bot.html)"
66.249.79.37 - - [12/Jul/2025:17:58:37 +0000] "GET /?h=5987849001960&mod=a788f0e7&uri=shared.php%3Fid%3D199956-345%26name%3Dvestir+madrina+bautizo HTTP/1.1" 200 22245 "-" "Mozilla/5.0 (Linux; Android 6.0.1; Nexus 5X Build/MMB29P) AppleWebKit/537.36 (KHTML, like Gecko) Chrome/137.0.7151.103 Mobile Safari/537.36 (compatible; Googlebot/2.1; +http://www.google.com/bot.html)"
66.249.79.37 - - [12/Jul/2025:17:58:39 +0000] "POST /get-message-notify HTTP/1.1" 200 21707 "https://kelaby.company/?h=5765517051960&mod=49856ed4&uri=us.php%3Fid%3D192537-57%26name%3Dbest+bluetooth+earphones+below+3000" "Mozilla/5.0 (Linux; Android 6.0.1; Nexus 5X Build/MMB29P) AppleWebKit/537.36 (KHTML, like Gecko) Chrome/137.0.7151.119 Mobile Safari/537.36 (compatible; Googlebot/2.1; +http://www.google.com/bot.html)"
66.249.79.37 - - [12/Jul/2025:17:58:40 +0000] "POST /get-message-notify HTTP/1.1" 200 21701 "https://kelaby.company/?h=5987849001960&mod=a788f0e7&uri=shared.php%3Fid%3D199956-345%26name%3Dvestir+madrina+bautizo" "Mozilla/5.0 (Linux; Android 6.0.1; Nexus 5X Build/MMB29P) AppleWebKit/537.36 (KHTML, like Gecko) Chrome/137.0.7151.119 Mobile Safari/537.36 (compatible; Googlebot/2.1; +http://www.google.com/bot.html)"
66.249.79.37 - - [12/Jul/2025:17:58:43 +0000] "GET /?h=5765037071960&mod=49856ed4&uri=news.php%3Fid%3D192521-57%26name%3Dboat+rockerz+255+features HTTP/1.1" 200 21718 "-" "Mozilla/5.0 (Linux; Android 6.0.1; Nexus 5X Build/MMB29P) AppleWebKit/537.36 (KHTML, like Gecko) Chrome/137.0.7151.103 Mobile Safari/537.36 (compatible; Googlebot/2.1; +http://www.google.com/bot.html)"
66.249.79.32 - - [12/Jul/2025:17:58:51 +0000] "GET /?h=5949251001960&mod=9293eb98&uri=brands.php%3Fid%3D198667-344%26name%3Dminelli+mens+shoes HTTP/1.1" 200 21547 "-" "Mozilla/5.0 (Linux; Android 6.0.1; Nexus 5X Build/MMB29P) AppleWebKit/537.36 (KHTML, like Gecko) Chrome/137.0.7151.103 Mobile Safari/537.36 (compatible; Googlebot/2.1; +http://www.google.com/bot.html)"
66.249.79.33 - - [12/Jul/2025:17:59:03 +0000] "GET /?h=5982048001960&mod=a788f0e7&uri=products.php%3Fid%3D199762-345%26name%3Dmanila+trajes+de+madrina HTTP/1.1" 200 20908 "-" "Mozilla/5.0 (Linux; Android 6.0.1; Nexus 5X Build/MMB29P) AppleWebKit/537.36 (KHTML, like Gecko) Chrome/137.0.7151.103 Mobile Safari/537.36 (compatible; Googlebot/2.1; +http://www.google.com/bot.html)"
66.249.79.32 - - [12/Jul/2025:17:59:01 +0000] "GET /?h=5706728031960&mod=2076b5ab&uri=info.php%3Fid%3D190547-333%26name%3Dcushion+cut+infinity+band HTTP/1.1" 200 22556 "-" "Mozilla/5.0 (Linux; Android 6.0.1; Nexus 5X Build/MMB29P) AppleWebKit/537.36 (KHTML, like Gecko) Chrome/137.0.7151.103 Mobile Safari/537.36 (compatible; Googlebot/2.1; +http://www.google.com/bot.html)"
66.249.79.33 - - [12/Jul/2025:17:59:06 +0000] "GET /?h=5759637071960&mod=4428d361&uri=article.php%3Fid%3D192341-334%26name%3Droadies+revolution+october+10 HTTP/1.1" 200 22389 "-" "Mozilla/5.0 (Linux; Android 6.0.1; Nexus 5X Build/MMB29P) AppleWebKit/537.36 (KHTML, like Gecko) Chrome/137.0.7151.103 Mobile Safari/537.36 (compatible; Googlebot/2.1; +http://www.google.com/bot.html)"
66.249.79.34 - - [12/Jul/2025:17:59:08 +0000] "GET /?h=5760357011960&mod=60b7f5df&uri=product.php%3Fid%3D192365-335%26name%3Dsonos+hdmi+adapter HTTP/1.1" 200 21796 "-" "Mozilla/5.0 (Linux; Android 6.0.1; Nexus 5X Build/MMB29P) AppleWebKit/537.36 (KHTML, like Gecko) Chrome/137.0.7151.103 Mobile Safari/537.36 (compatible; Googlebot/2.1; +http://www.google.com/bot.html)"
66.249.79.32 - - [12/Jul/2025:17:59:11 +0000] "GET /?h=5982648001960&mod=a788f0e7&uri=shop.php%3Fid%3D199782-345%26name%3Dmadrinas+2021+rosa+clar%C3%83%C2%A1 HTTP/1.1" 200 20975 "-" "Mozilla/5.0 (Linux; Android 6.0.1; Nexus 5X Build/MMB29P) AppleWebKit/537.36 (KHTML, like Gecko) Chrome/137.0.7151.103 Mobile Safari/537.36 (compatible; Googlebot/2.1; +http://www.google.com/bot.html)"
66.249.79.33 - - [12/Jul/2025:17:59:14 +0000] "POST /get-message-notify HTTP/1.1" 200 21707 "https://kelaby.company/?h=5760357011960&mod=60b7f5df&uri=product.php%3Fid%3D192365-335%26name%3Dsonos+hdmi+adapter" "Mozilla/5.0 (Linux; Android 6.0.1; Nexus 5X Build/MMB29P) AppleWebKit/537.36 (KHTML, like Gecko) Chrome/137.0.7151.119 Mobile Safari/537.36 (compatible; Googlebot/2.1; +http://www.google.com/bot.html)"
66.249.79.33 - - [12/Jul/2025:17:59:15 +0000] "POST /get-message-notify HTTP/1.1" 200 21709 "https://kelaby.company/?h=5982648001960&mod=a788f0e7&uri=shop.php%3Fid%3D199782-345%26name%3Dmadrinas+2021+rosa+clar%C3%83%C2%A1" "Mozilla/5.0 (Linux; Android 6.0.1; Nexus 5X Build/MMB29P) AppleWebKit/537.36 (KHTML, like Gecko) Chrome/137.0.7151.119 Mobile Safari/537.36 (compatible; Googlebot/2.1; +http://www.google.com/bot.html)"
66.249.79.32 - - [12/Jul/2025:17:59:25 +0000] "GET /?h=5757837011960&mod=60b7f5df&uri=products.php%3Fid%3D192281-335%26name%3Dmario+home+circuit+gamestop HTTP/1.1" 200 22403 "-" "Mozilla/5.0 (Linux; Android 6.0.1; Nexus 5X Build/MMB29P) AppleWebKit/537.36 (KHTML, like Gecko) Chrome/137.0.7151.103 Mobile Safari/537.36 (compatible; Googlebot/2.1; +http://www.google.com/bot.html)"
66.249.79.32 - - [12/Jul/2025:17:59:28 +0000] "GET /?h=5757117031960&mod=60b7f5df&uri=blog.php%3Fid%3D192257-335%26name%3Dmario+kart+live+home+circuit+set HTTP/1.1" 200 22059 "-" "Mozilla/5.0 (Linux; Android 6.0.1; Nexus 5X Build/MMB29P) AppleWebKit/537.36 (KHTML, like Gecko) Chrome/137.0.7151.103 Mobile Safari/537.36 (compatible; Googlebot/2.1; +http://www.google.com/bot.html)"
66.249.79.32 - - [12/Jul/2025:17:59:36 +0000] "GET /?h=5981928011960&mod=a788f0e7&uri=itm.php%3Fid%3D199758-345%26name%3Del+corte+ingl%C3%83%C2%A9s+zapatillas+converse+mujer HTTP/1.1" 200 20732 "-" "Mozilla/5.0 (Linux; Android 6.0.1; Nexus 5X Build/MMB29P) AppleWebKit/537.36 (KHTML, like Gecko) Chrome/137.0.7151.103 Mobile Safari/537.36 (compatible; Googlebot/2.1; +http://www.google.com/bot.html)"
66.249.79.32 - - [12/Jul/2025:17:59:38 +0000] "POST /get-message-notify HTTP/1.1" 200 21696 "https://kelaby.company/?h=5757837011960&mod=60b7f5df&uri=products.php%3Fid%3D192281-335%26name%3Dmario+home+circuit+gamestop" "Mozilla/5.0 (Linux; Android 6.0.1; Nexus 5X Build/MMB29P) AppleWebKit/537.36 (KHTML, like Gecko) Chrome/137.0.7151.119 Mobile Safari/537.36 (compatible; Googlebot/2.1; +http://www.google.com/bot.html)"
66.249.79.32 - - [12/Jul/2025:17:59:39 +0000] "POST /get-message-notify HTTP/1.1" 200 21698 "https://kelaby.company/?h=5981928011960&mod=a788f0e7&uri=itm.php%3Fid%3D199758-345%26name%3Del+corte+ingl%C3%83%C2%A9s+zapatillas+converse+mujer" "Mozilla/5.0 (Linux; Android 6.0.1; Nexus 5X Build/MMB29P) AppleWebKit/537.36 (KHTML, like Gecko) Chrome/137.0.7151.119 Mobile Safari/537.36 (compatible; Googlebot/2.1; +http://www.google.com/bot.html)"
66.249.79.32 - - [12/Jul/2025:17:59:44 +0000] "GET /?h=5983728021960&mod=a788f0e7&uri=shared.php%3Fid%3D199818-345%26name%3Dsudadera+de+riverdale+shein HTTP/1.1" 200 21291 "-" "Mozilla/5.0 (Linux; Android 6.0.1; Nexus 5X Build/MMB29P) AppleWebKit/537.36 (KHTML, like Gecko) Chrome/137.0.7151.103 Mobile Safari/537.36 (compatible; Googlebot/2.1; +http://www.google.com/bot.html)"
66.249.79.32 - - [12/Jul/2025:17:59:45 +0000] "GET /?h=5758677051960&mod=60b7f5df&uri=article.php%3Fid%3D192309-335%26name%3Dfortnite+switch+mouse+and+keyboard HTTP/1.1" 200 21831 "-" "Mozilla/5.0 (Linux; Android 6.0.1; Nexus 5X Build/MMB29P) AppleWebKit/537.36 (KHTML, like Gecko) Chrome/137.0.7151.103 Mobile Safari/537.36 (compatible; Googlebot/2.1; +http://www.google.com/bot.html)"
66.249.79.33 - - [12/Jul/2025:17:59:53 +0000] "GET /?h=6013839021960&mod=62c1507b&uri=brands.php%3Fid%3D200824-330%26name%3Dpowerbait+colors HTTP/1.1" 200 21490 "-" "Mozilla/5.0 (Linux; Android 6.0.1; Nexus 5X Build/MMB29P) AppleWebKit/537.36 (KHTML, like Gecko) Chrome/137.0.7151.103 Mobile Safari/537.36 (compatible; Googlebot/2.1; +http://www.google.com/bot.html)"
66.249.79.33 - - [12/Jul/2025:17:59:53 +0000] "GET /?h=5735533131960&mod=4428d361&uri=product.php%3Fid%3D191537-334%26name%3Ddeath+note+filler+list HTTP/1.1" 200 21077 "-" "Mozilla/5.0 (Linux; Android 6.0.1; Nexus 5X Build/MMB29P) AppleWebKit/537.36 (KHTML, like Gecko) Chrome/137.0.7151.103 Mobile Safari/537.36 (compatible; Googlebot/2.1; +http://www.google.com/bot.html)"
66.249.79.33 - - [12/Jul/2025:18:00:01 +0000] "GET /?h=5760717031960&mod=60b7f5df&uri=dp.php%3Fid%3D192377-335%26name%3Domega+ruby+price HTTP/1.1" 200 21764 "-" "Mozilla/5.0 (Linux; Android 6.0.1; Nexus 5X Build/MMB29P) AppleWebKit/537.36 (KHTML, like Gecko) Chrome/137.0.7151.103 Mobile Safari/537.36 (compatible; Googlebot/2.1; +http://www.google.com/bot.html)"
66.249.79.34 - - [12/Jul/2025:18:00:04 +0000] "GET /?h=5915951061960&mod=be8e1862&uri=form.php%3Fid%3D197557-342%26name%3Dchicco+walker+in HTTP/1.1" 200 20832 "-" "Mozilla/5.0 (Linux; Android 6.0.1; Nexus 5X Build/MMB29P) AppleWebKit/537.36 (KHTML, like Gecko) Chrome/137.0.7151.103 Mobile Safari/537.36 (compatible; Googlebot/2.1; +http://www.google.com/bot.html)"
66.249.79.234 - - [12/Jul/2025:18:00:07 +0000] "GET /?h=86553336011960&mod=68881cbb&uri=info.php%3Fid%3D2888415-1163%26name%3Dintimo+tecnico+trekking+estivo HTTP/1.1" 200 21345 "-" "Mozilla/5.0 (Linux; Android 6.0.1; Nexus 5X Build/MMB29P) AppleWebKit/537.36 (KHTML, like Gecko) Chrome/137.0.7151.103 Mobile Safari/537.36 (compatible; Googlebot/2.1; +http://www.google.com/bot.html)"
66.249.79.33 - - [12/Jul/2025:18:00:08 +0000] "GET /?h=5791075051960&mod=49856ed4&uri=shared.php%3Fid%3D193389-57%26name%3Dtozo+true+wireless+earbuds HTTP/1.1" 200 21824 "-" "Mozilla/5.0 (Linux; Android 6.0.1; Nexus 5X Build/MMB29P) AppleWebKit/537.36 (KHTML, like Gecko) Chrome/137.0.7151.103 Mobile Safari/537.36 (compatible; Googlebot/2.1; +http://www.google.com/bot.html)"
66.249.79.32 - - [12/Jul/2025:18:00:21 +0000] "GET /?h=115097807021960&mod=be8e1862&uri=search.php%3Fid%3D3841234-342%26name%3Dferrari+baby+walker+sale HTTP/1.1" 200 22477 "-" "Mozilla/5.0 (Linux; Android 6.0.1; Nexus 5X Build/MMB29P) AppleWebKit/537.36 (KHTML, like Gecko) Chrome/137.0.7151.103 Mobile Safari/537.36 (compatible; Googlebot/2.1; +http://www.google.com/bot.html)"
66.249.79.32 - - [12/Jul/2025:18:00:24 +0000] "GET /?h=5761557011960&mod=60b7f5df&uri=us.php%3Fid%3D192405-335%26name%3Dpokemon+nintendo+switch+lite+case HTTP/1.1" 200 22471 "-" "Mozilla/5.0 (Linux; Android 6.0.1; Nexus 5X Build/MMB29P) AppleWebKit/537.36 (KHTML, like Gecko) Chrome/137.0.7151.103 Mobile Safari/537.36 (compatible; Googlebot/2.1; +http://www.google.com/bot.html)"
66.249.79.32 - - [12/Jul/2025:18:00:26 +0000] "POST /get-message-notify HTTP/1.1" 200 21685 "https://kelaby.company/?h=5761557011960&mod=60b7f5df&uri=us.php%3Fid%3D192405-335%26name%3Dpokemon+nintendo+switch+lite+case" "Mozilla/5.0 (Linux; Android 6.0.1; Nexus 5X Build/MMB29P) AppleWebKit/537.36 (KHTML, like Gecko) Chrome/137.0.7151.119 Mobile Safari/537.36 (compatible; Googlebot/2.1; +http://www.google.com/bot.html)"
66.249.79.32 - - [12/Jul/2025:18:00:27 +0000] "GET /?h=5986949141960&mod=a788f0e7&uri=news.php%3Fid%3D199926-345%26name%3Dchamarra+levis+piel+negra HTTP/1.1" 200 20488 "-" "Mozilla/5.0 (Linux; Android 6.0.1; Nexus 5X Build/MMB29P) AppleWebKit/537.36 (KHTML, like Gecko) Chrome/137.0.7151.103 Mobile Safari/537.36 (compatible; Googlebot/2.1; +http://www.google.com/bot.html)"
66.249.79.32 - - [12/Jul/2025:18:00:30 +0000] "GET /?h=5760597091960&mod=60b7f5df&uri=article.php%3Fid%3D192373-335%26name%3Dfinal+fantasy+x+review+switch HTTP/1.1" 200 21857 "-" "Mozilla/5.0 (Linux; Android 6.0.1; Nexus 5X Build/MMB29P) AppleWebKit/537.36 (KHTML, like Gecko) Chrome/137.0.7151.103 Mobile Safari/537.36 (compatible; Googlebot/2.1; +http://www.google.com/bot.html)"
66.249.79.32 - - [12/Jul/2025:18:00:31 +0000] "POST /get-message-notify HTTP/1.1" 200 21709 "https://kelaby.company/?h=5983728021960&mod=a788f0e7&uri=shared.php%3Fid%3D199818-345%26name%3Dsudadera+de+riverdale+shein" "Mozilla/5.0 (Linux; Android 6.0.1; Nexus 5X Build/MMB29P) AppleWebKit/537.36 (KHTML, like Gecko) Chrome/137.0.7151.119 Mobile Safari/537.36 (compatible; Googlebot/2.1; +http://www.google.com/bot.html)"
66.249.79.32 - - [12/Jul/2025:18:00:33 +0000] "GET /?h=5983728011960&mod=a788f0e7&uri=search.php%3Fid%3D199818-345%26name%3Dsudadera+de+riverdale+shein HTTP/1.1" 200 21160 "-" "Mozilla/5.0 (Linux; Android 6.0.1; Nexus 5X Build/MMB29P) AppleWebKit/537.36 (KHTML, like Gecko) Chrome/137.0.7151.103 Mobile Safari/537.36 (compatible; Googlebot/2.1; +http://www.google.com/bot.html)"
66.249.79.232 - - [12/Jul/2025:18:00:43 +0000] "POST /get-message-notify HTTP/1.1" 200 20944 "https://www.kelaby.company/?h=86553336011960&mod=68881cbb&uri=info.php%3Fid%3D2888415-1163%26name%3Dintimo+tecnico+trekking+estivo" "Mozilla/5.0 (Linux; Android 6.0.1; Nexus 5X Build/MMB29P) AppleWebKit/537.36 (KHTML, like Gecko) Chrome/137.0.7151.119 Mobile Safari/537.36 (compatible; Googlebot/2.1; +http://www.google.com/bot.html)"
66.249.79.32 - - [12/Jul/2025:18:00:52 +0000] "GET /?h=5984568001960&mod=a788f0e7&uri=product.php%3Fid%3D199846-345%26name%3Dba%C3%83%C2%B1ador+shein+negro HTTP/1.1" 200 20878 "-" "Mozilla/5.0 (Linux; Android 6.0.1; Nexus 5X Build/MMB29P) AppleWebKit/537.36 (KHTML, like Gecko) Chrome/137.0.7151.103 Mobile Safari/537.36 (compatible; Googlebot/2.1; +http://www.google.com/bot.html)"
66.249.79.32 - - [12/Jul/2025:18:00:55 +0000] "GET /?h=5981808021960&mod=a788f0e7&uri=form.php%3Fid%3D199754-345%26name%3Dvestidos+de+madrina+comunion HTTP/1.1" 200 21058 "-" "Mozilla/5.0 (Linux; Android 6.0.1; Nexus 5X Build/MMB29P) AppleWebKit/537.36 (KHTML, like Gecko) Chrome/137.0.7151.103 Mobile Safari/537.36 (compatible; Googlebot/2.1; +http://www.google.com/bot.html)"
66.249.79.32 - - [12/Jul/2025:18:00:57 +0000] "GET /?h=5985269001960&mod=a788f0e7&uri=search.php%3Fid%3D199870-345%26name%3Dropa+americana+seleccion HTTP/1.1" 200 21332 "-" "Mozilla/5.0 (Linux; Android 6.0.1; Nexus 5X Build/MMB29P) AppleWebKit/537.36 (KHTML, like Gecko) Chrome/137.0.7151.103 Mobile Safari/537.36 (compatible; Googlebot/2.1; +http://www.google.com/bot.html)"
66.249.79.32 - - [12/Jul/2025:18:01:01 +0000] "GET /?h=5980265001960&mod=a788f0e7&uri=news.php%3Fid%3D199702-345%26name%3Dvestidos+de+madrina+dorados HTTP/1.1" 200 20878 "-" "Mozilla/5.0 (Linux; Android 6.0.1; Nexus 5X Build/MMB29P) AppleWebKit/537.36 (KHTML, like Gecko) Chrome/137.0.7151.103 Mobile Safari/537.36 (compatible; Googlebot/2.1; +http://www.google.com/bot.html)"
66.249.79.32 - - [12/Jul/2025:18:01:05 +0000] "GET /?h=32961998061960&mod=2bb100ba&uri=shared.php%3Fid%3D1100134-1022%26name%3Dskechers+saudi HTTP/1.1" 200 20605 "-" "Mozilla/5.0 (Linux; Android 6.0.1; Nexus 5X Build/MMB29P) AppleWebKit/537.36 (KHTML, like Gecko) Chrome/137.0.7151.103 Mobile Safari/537.36 (compatible; Googlebot/2.1; +http://www.google.com/bot.html)"
66.249.79.32 - - [12/Jul/2025:18:01:08 +0000] "GET /?h=5984688031960&mod=a788f0e7&uri=search.php%3Fid%3D199850-345%26name%3Dchamarra+yamaha+piel HTTP/1.1" 200 21269 "-" "Mozilla/5.0 (Linux; Android 6.0.1; Nexus 5X Build/MMB29P) AppleWebKit/537.36 (KHTML, like Gecko) Chrome/137.0.7151.103 Mobile Safari/537.36 (compatible; Googlebot/2.1; +http://www.google.com/bot.html)"
66.249.79.32 - - [12/Jul/2025:18:01:10 +0000] "GET /?h=5763237071960&mod=49856ed4&uri=product.php%3Fid%3D192461-57%26name%3Dbose+quietcomfort+35+mic HTTP/1.1" 200 21951 "-" "Mozilla/5.0 (Linux; Android 6.0.1; Nexus 5X Build/MMB29P) AppleWebKit/537.36 (KHTML, like Gecko) Chrome/137.0.7151.103 Mobile Safari/537.36 (compatible; Googlebot/2.1; +http://www.google.com/bot.html)"
66.249.79.32 - - [12/Jul/2025:18:01:10 +0000] "POST /get-message-notify HTTP/1.1" 200 21708 "https://kelaby.company/?h=5980265001960&mod=a788f0e7&uri=news.php%3Fid%3D199702-345%26name%3Dvestidos+de+madrina+dorados" "Mozilla/5.0 (Linux; Android 6.0.1; Nexus 5X Build/MMB29P) AppleWebKit/537.36 (KHTML, like Gecko) Chrome/137.0.7151.119 Mobile Safari/537.36 (compatible; Googlebot/2.1; +http://www.google.com/bot.html)"
66.249.79.32 - - [12/Jul/2025:18:01:12 +0000] "POST /get-message-notify HTTP/1.1" 200 21701 "https://kelaby.company/?h=32961998061960&mod=2bb100ba&uri=shared.php%3Fid%3D1100134-1022%26name%3Dskechers+saudi" "Mozilla/5.0 (Linux; Android 6.0.1; Nexus 5X Build/MMB29P) AppleWebKit/537.36 (KHTML, like Gecko) Chrome/137.0.7151.119 Mobile Safari/537.36 (compatible; Googlebot/2.1; +http://www.google.com/bot.html)"
66.249.79.33 - - [12/Jul/2025:18:01:12 +0000] "POST /get-message-notify HTTP/1.1" 200 21705 "https://kelaby.company/?h=5984688031960&mod=a788f0e7&uri=search.php%3Fid%3D199850-345%26name%3Dchamarra+yamaha+piel" "Mozilla/5.0 (Linux; Android 6.0.1; Nexus 5X Build/MMB29P) AppleWebKit/537.36 (KHTML, like Gecko) Chrome/137.0.7151.119 Mobile Safari/537.36 (compatible; Googlebot/2.1; +http://www.google.com/bot.html)"
66.249.79.32 - - [12/Jul/2025:18:01:15 +0000] "POST /get-message-notify HTTP/1.1" 200 21710 "https://kelaby.company/?h=5763237071960&mod=49856ed4&uri=product.php%3Fid%3D192461-57%26name%3Dbose+quietcomfort+35+mic" "Mozilla/5.0 (Linux; Android 6.0.1; Nexus 5X Build/MMB29P) AppleWebKit/537.36 (KHTML, like Gecko) Chrome/137.0.7151.119 Mobile Safari/537.36 (compatible; Googlebot/2.1; +http://www.google.com/bot.html)"
66.249.79.32 - - [12/Jul/2025:18:01:15 +0000] "GET /?h=5982408001960&mod=a788f0e7&uri=blog.php%3Fid%3D199774-345%26name%3Dropa+de+nieve+por+mayor HTTP/1.1" 200 21395 "-" "Mozilla/5.0 (Linux; Android 6.0.1; Nexus 5X Build/MMB29P) AppleWebKit/537.36 (KHTML, like Gecko) Chrome/137.0.7151.103 Mobile Safari/537.36 (compatible; Googlebot/2.1; +http://www.google.com/bot.html)"
209.74.77.214 - - [12/Jul/2025:18:01:16 +0000] "POST /wp-cron.php?doing_wp_cron=1752343276.0701160430908203125000 HTTP/1.1" 200 - "-" "WordPress/6.8.1; https://kelaby.company"
51.222.253.20 - - [12/Jul/2025:18:01:15 +0000] "GET /?h=25108561011960&mod=e48f49d6&uri=product.php%3Fid%3D838025-876%26name%3Dblack+and+gold+chain+print HTTP/1.1" 301 - "-" "Mozilla/5.0 (compatible; AhrefsBot/7.0; +http://ahrefs.com/robot/)"
66.249.79.32 - - [12/Jul/2025:18:01:17 +0000] "POST /get-message-notify HTTP/1.1" 200 21710 "https://kelaby.company/?h=5984568001960&mod=a788f0e7&uri=product.php%3Fid%3D199846-345%26name%3Dba%C3%83%C2%B1ador+shein+negro" "Mozilla/5.0 (Linux; Android 6.0.1; Nexus 5X Build/MMB29P) AppleWebKit/537.36 (KHTML, like Gecko) Chrome/137.0.7151.119 Mobile Safari/537.36 (compatible; Googlebot/2.1; +http://www.google.com/bot.html)"
66.249.79.32 - - [12/Jul/2025:18:01:26 +0000] "GET /?h=5960351101960&mod=9293eb98&uri=product.php%3Fid%3D199037-344%26name%3Dbest+womens+waterproof+running+jacket HTTP/1.1" 200 21283 "-" "Mozilla/5.0 (Linux; Android 6.0.1; Nexus 5X Build/MMB29P) AppleWebKit/537.36 (KHTML, like Gecko) Chrome/137.0.7151.103 Mobile Safari/537.36 (compatible; Googlebot/2.1; +http://www.google.com/bot.html)"
66.249.79.32 - - [12/Jul/2025:18:01:29 +0000] "GET /?h=5980368041960&mod=a788f0e7&uri=product.php%3Fid%3D199706-345%26name%3Dropa+de+nieve+oysho HTTP/1.1" 200 20950 "-" "Mozilla/5.0 (Linux; Android 6.0.1; Nexus 5X Build/MMB29P) AppleWebKit/537.36 (KHTML, like Gecko) Chrome/137.0.7151.103 Mobile Safari/537.36 (compatible; Googlebot/2.1; +http://www.google.com/bot.html)"
66.249.79.32 - - [12/Jul/2025:18:01:33 +0000] "GET /?h=5980025001960&mod=a788f0e7&uri=products.php%3Fid%3D199694-345%26name%3Dlidl+trajes+de+nieve HTTP/1.1" 200 20937 "-" "Mozilla/5.0 (Linux; Android 6.0.1; Nexus 5X Build/MMB29P) AppleWebKit/537.36 (KHTML, like Gecko) Chrome/137.0.7151.103 Mobile Safari/537.36 (compatible; Googlebot/2.1; +http://www.google.com/bot.html)"
66.249.79.32 - - [12/Jul/2025:18:01:36 +0000] "POST /get-message-notify HTTP/1.1" 200 21706 "https://kelaby.company/?h=5960351101960&mod=9293eb98&uri=product.php%3Fid%3D199037-344%26name%3Dbest+womens+waterproof+running+jacket" "Mozilla/5.0 (Linux; Android 6.0.1; Nexus 5X Build/MMB29P) AppleWebKit/537.36 (KHTML, like Gecko) Chrome/137.0.7151.119 Mobile Safari/537.36 (compatible; Googlebot/2.1; +http://www.google.com/bot.html)"
66.249.79.32 - - [12/Jul/2025:18:01:39 +0000] "GET /?h=5987429001960&mod=a788f0e7&uri=brands.php%3Fid%3D199942-345%26name%3Dminelli+ropa HTTP/1.1" 200 22110 "-" "Mozilla/5.0 (Linux; Android 6.0.1; Nexus 5X Build/MMB29P) AppleWebKit/537.36 (KHTML, like Gecko) Chrome/137.0.7151.103 Mobile Safari/537.36 (compatible; Googlebot/2.1; +http://www.google.com/bot.html)"
66.249.79.33 - - [12/Jul/2025:18:01:43 +0000] "POST /get-message-notify HTTP/1.1" 200 21710 "https://kelaby.company/?h=5987429001960&mod=a788f0e7&uri=brands.php%3Fid%3D199942-345%26name%3Dminelli+ropa" "Mozilla/5.0 (Linux; Android 6.0.1; Nexus 5X Build/MMB29P) AppleWebKit/537.36 (KHTML, like Gecko) Chrome/137.0.7151.119 Mobile Safari/537.36 (compatible; Googlebot/2.1; +http://www.google.com/bot.html)"
66.249.79.32 - - [12/Jul/2025:18:01:55 +0000] "GET /?h=5984328041960&mod=a788f0e7&uri=blog.php%3Fid%3D199838-345%26name%3Dliz+minelli+vestido+blanco+con+negro HTTP/1.1" 200 20983 "-" "Mozilla/5.0 (Linux; Android 6.0.1; Nexus 5X Build/MMB29P) AppleWebKit/537.36 (KHTML, like Gecko) Chrome/137.0.7151.103 Mobile Safari/537.36 (compatible; Googlebot/2.1; +http://www.google.com/bot.html)"
66.249.79.34 - - [12/Jul/2025:18:02:03 +0000] "GET /?h=5756997041960&mod=60b7f5df&uri=category-info.php%3Fid%3D192253-335%26name%3Dnew+switch+price HTTP/1.1" 200 21742 "-" "Mozilla/5.0 (Linux; Android 6.0.1; Nexus 5X Build/MMB29P) AppleWebKit/537.36 (KHTML, like Gecko) Chrome/137.0.7151.103 Mobile Safari/537.36 (compatible; Googlebot/2.1; +http://www.google.com/bot.html)"
66.249.79.33 - - [12/Jul/2025:18:02:06 +0000] "GET /?h=5979905081960&mod=a788f0e7&uri=pin.php%3Fid%3D199690-345%26name%3Dshein+hombre+ba%C3%83%C2%B1adores HTTP/1.1" 200 20701 "-" "Mozilla/5.0 (Linux; Android 6.0.1; Nexus 5X Build/MMB29P) AppleWebKit/537.36 (KHTML, like Gecko) Chrome/137.0.7151.103 Mobile Safari/537.36 (compatible; Googlebot/2.1; +http://www.google.com/bot.html)"
66.249.79.32 - - [12/Jul/2025:18:02:25 +0000] "GET /?h=5984088031960&mod=a788f0e7&uri=shop.php%3Fid%3D199830-345%26name%3Dchamarra+piel+de+ternera HTTP/1.1" 200 21148 "-" "Mozilla/5.0 (Linux; Android 6.0.1; Nexus 5X Build/MMB29P) AppleWebKit/537.36 (KHTML, like Gecko) Chrome/137.0.7151.103 Mobile Safari/537.36 (compatible; Googlebot/2.1; +http://www.google.com/bot.html)"
66.249.79.32 - - [12/Jul/2025:18:02:25 +0000] "GET /?h=119773272041960&mod=da036300&uri=itm.php%3Fid%3D3997198-242%26name%3Dsouvia+frother HTTP/1.1" 200 21314 "-" "Mozilla/5.0 (Linux; Android 6.0.1; Nexus 5X Build/MMB29P) AppleWebKit/537.36 (KHTML, like Gecko) Chrome/137.0.7151.103 Mobile Safari/537.36 (compatible; Googlebot/2.1; +http://www.google.com/bot.html)"
66.249.79.32 - - [12/Jul/2025:18:02:27 +0000] "GET /?h=5979425021960&mod=a788f0e7&uri=product.php%3Fid%3D199674-345%26name%3Del+corte+ingles+antea+mujer HTTP/1.1" 200 20487 "-" "Mozilla/5.0 (Linux; Android 6.0.1; Nexus 5X Build/MMB29P) AppleWebKit/537.36 (KHTML, like Gecko) Chrome/137.0.7151.103 Mobile Safari/537.36 (compatible; Googlebot/2.1; +http://www.google.com/bot.html)"
66.249.79.32 - - [12/Jul/2025:18:02:30 +0000] "POST /get-message-notify HTTP/1.1" 200 21709 "https://kelaby.company/?h=5984088031960&mod=a788f0e7&uri=shop.php%3Fid%3D199830-345%26name%3Dchamarra+piel+de+ternera" "Mozilla/5.0 (Linux; Android 6.0.1; Nexus 5X Build/MMB29P) AppleWebKit/537.36 (KHTML, like Gecko) Chrome/137.0.7151.119 Mobile Safari/537.36 (compatible; Googlebot/2.1; +http://www.google.com/bot.html)"
66.249.79.32 - - [12/Jul/2025:18:02:36 +0000] "GET /?h=109847554061960&mod=2076b5ab&uri=dp.php%3Fid%3D3665950-333%26name%3Dgold+gram+ring+price HTTP/1.1" 200 21851 "-" "Mozilla/5.0 (Linux; Android 6.0.1; Nexus 5X Build/MMB29P) AppleWebKit/537.36 (KHTML, like Gecko) Chrome/137.0.7151.103 Mobile Safari/537.36 (compatible; Googlebot/2.1; +http://www.google.com/bot.html)"
66.249.79.32 - - [12/Jul/2025:18:02:49 +0000] "GET /?h=5756877051960&mod=60b7f5df&uri=search.php%3Fid%3D192249-335%26name%3Dlg+twin+wash+washing+machine+price HTTP/1.1" 200 21950 "-" "Mozilla/5.0 (Linux; Android 6.0.1; Nexus 5X Build/MMB29P) AppleWebKit/537.36 (KHTML, like Gecko) Chrome/137.0.7151.103 Mobile Safari/537.36 (compatible; Googlebot/2.1; +http://www.google.com/bot.html)"
66.249.79.32 - - [12/Jul/2025:18:02:57 +0000] "GET /?h=5763477051960&mod=60b7f5df&uri=us.php%3Fid%3D192469-335%26name%3Dpro+nintendo+switch+fortnite+players HTTP/1.1" 200 21657 "-" "Mozilla/5.0 (Linux; Android 6.0.1; Nexus 5X Build/MMB29P) AppleWebKit/537.36 (KHTML, like Gecko) Chrome/137.0.7151.103 Mobile Safari/537.36 (compatible; Googlebot/2.1; +http://www.google.com/bot.html)"
66.249.79.32 - - [12/Jul/2025:18:03:01 +0000] "POST /get-message-notify HTTP/1.1" 200 21704 "https://kelaby.company/?h=5763477051960&mod=60b7f5df&uri=us.php%3Fid%3D192469-335%26name%3Dpro+nintendo+switch+fortnite+players" "Mozilla/5.0 (Linux; Android 6.0.1; Nexus 5X Build/MMB29P) AppleWebKit/537.36 (KHTML, like Gecko) Chrome/137.0.7151.119 Mobile Safari/537.36 (compatible; Googlebot/2.1; +http://www.google.com/bot.html)"
66.249.79.33 - - [12/Jul/2025:18:03:02 +0000] "GET /?h=5762037071960&mod=60b7f5df&uri=brands.php%3Fid%3D192421-335%26name%3Dtub+washing+machine HTTP/1.1" 200 21656 "-" "Mozilla/5.0 (Linux; Android 6.0.1; Nexus 5X Build/MMB29P) AppleWebKit/537.36 (KHTML, like Gecko) Chrome/137.0.7151.103 Mobile Safari/537.36 (compatible; Googlebot/2.1; +http://www.google.com/bot.html)"
66.249.79.32 - - [12/Jul/2025:18:03:08 +0000] "GET /?h=5978705021960&mod=a788f0e7&uri=category-info.php%3Fid%3D199650-345%26name%3Dchamarra+cocodrilo HTTP/1.1" 200 21191 "-" "Mozilla/5.0 (Linux; Android 6.0.1; Nexus 5X Build/MMB29P) AppleWebKit/537.36 (KHTML, like Gecko) Chrome/137.0.7151.103 Mobile Safari/537.36 (compatible; Googlebot/2.1; +http://www.google.com/bot.html)"
66.249.79.32 - - [12/Jul/2025:18:03:09 +0000] "GET /?h=6088009051960&mod=f7efa4f8&uri=news.php%3Fid%3D203301-40%26name%3Dmilwaukee+c12+jsr+radio HTTP/1.1" 200 22403 "-" "Mozilla/5.0 (Linux; Android 6.0.1; Nexus 5X Build/MMB29P) AppleWebKit/537.36 (KHTML, like Gecko) Chrome/137.0.7151.103 Mobile Safari/537.36 (compatible; Googlebot/2.1; +http://www.google.com/bot.html)"
66.249.79.33 - - [12/Jul/2025:18:03:11 +0000] "GET /?h=5758197011960&mod=60b7f5df&uri=blog.php%3Fid%3D192293-335%26name%3Dgood+ideas+twin+tub+washing+machine HTTP/1.1" 200 22326 "-" "Mozilla/5.0 (Linux; Android 6.0.1; Nexus 5X Build/MMB29P) AppleWebKit/537.36 (KHTML, like Gecko) Chrome/137.0.7151.103 Mobile Safari/537.36 (compatible; Googlebot/2.1; +http://www.google.com/bot.html)"
66.249.79.32 - - [12/Jul/2025:18:03:20 +0000] "GET /?h=5980968091960&mod=a788f0e7&uri=shared.php%3Fid%3D199726-345%26name%3Dlidl+cazadoras+nieve HTTP/1.1" 200 20641 "-" "Mozilla/5.0 (Linux; Android 6.0.1; Nexus 5X Build/MMB29P) AppleWebKit/537.36 (KHTML, like Gecko) Chrome/137.0.7151.103 Mobile Safari/537.36 (compatible; Googlebot/2.1; +http://www.google.com/bot.html)"
66.249.79.32 - - [12/Jul/2025:18:03:28 +0000] "GET /?h=5763597041960&mod=60b7f5df&uri=news.php%3Fid%3D192473-335%26name%3Dnintendo+switch+lite+full+body+case HTTP/1.1" 200 22034 "-" "Mozilla/5.0 (Linux; Android 6.0.1; Nexus 5X Build/MMB29P) AppleWebKit/537.36 (KHTML, like Gecko) Chrome/137.0.7151.103 Mobile Safari/537.36 (compatible; Googlebot/2.1; +http://www.google.com/bot.html)"
66.249.79.32 - - [12/Jul/2025:18:03:31 +0000] "GET /?h=5762397031960&mod=60b7f5df&uri=goods.php%3Fid%3D192433-335%26name%3Dmac+aw434 HTTP/1.1" 200 22108 "-" "Mozilla/5.0 (Linux; Android 6.0.1; Nexus 5X Build/MMB29P) AppleWebKit/537.36 (KHTML, like Gecko) Chrome/137.0.7151.103 Mobile Safari/537.36 (compatible; Googlebot/2.1; +http://www.google.com/bot.html)"
66.249.79.32 - - [12/Jul/2025:18:03:32 +0000] "POST /get-message-notify HTTP/1.1" 200 21703 "https://kelaby.company/?h=5763597041960&mod=60b7f5df&uri=news.php%3Fid%3D192473-335%26name%3Dnintendo+switch+lite+full+body+case" "Mozilla/5.0 (Linux; Android 6.0.1; Nexus 5X Build/MMB29P) AppleWebKit/537.36 (KHTML, like Gecko) Chrome/137.0.7151.119 Mobile Safari/537.36 (compatible; Googlebot/2.1; +http://www.google.com/bot.html)"
66.249.79.32 - - [12/Jul/2025:18:03:34 +0000] "GET /?h=119793988071960&mod=da036300&uri=form.php%3Fid%3D3997889-242%26name%3Dbreville+barista+pro+milk+frother HTTP/1.1" 200 21516 "-" "Mozilla/5.0 (Linux; Android 6.0.1; Nexus 5X Build/MMB29P) AppleWebKit/537.36 (KHTML, like Gecko) Chrome/137.0.7151.103 Mobile Safari/537.36 (compatible; Googlebot/2.1; +http://www.google.com/bot.html)"
66.249.79.32 - - [12/Jul/2025:18:03:35 +0000] "POST /get-message-notify HTTP/1.1" 200 21704 "https://kelaby.company/?h=5762397031960&mod=60b7f5df&uri=goods.php%3Fid%3D192433-335%26name%3Dmac+aw434" "Mozilla/5.0 (Linux; Android 6.0.1; Nexus 5X Build/MMB29P) AppleWebKit/537.36 (KHTML, like Gecko) Chrome/137.0.7151.119 Mobile Safari/537.36 (compatible; Googlebot/2.1; +http://www.google.com/bot.html)"
66.249.79.32 - - [12/Jul/2025:18:03:37 +0000] "GET /?h=5954801001960&mod=9293eb98&uri=news.php%3Fid%3D198852-344%26name%3Dnike+sb+holy+grail HTTP/1.1" 200 21972 "-" "Mozilla/5.0 (Linux; Android 6.0.1; Nexus 5X Build/MMB29P) AppleWebKit/537.36 (KHTML, like Gecko) Chrome/137.0.7151.103 Mobile Safari/537.36 (compatible; Googlebot/2.1; +http://www.google.com/bot.html)"
66.249.79.32 - - [12/Jul/2025:18:03:38 +0000] "POST /get-message-notify HTTP/1.1" 200 21707 "https://kelaby.company/?h=119793988071960&mod=da036300&uri=form.php%3Fid%3D3997889-242%26name%3Dbreville+barista+pro+milk+frother" "Mozilla/5.0 (Linux; Android 6.0.1; Nexus 5X Build/MMB29P) AppleWebKit/537.36 (KHTML, like Gecko) Chrome/137.0.7151.119 Mobile Safari/537.36 (compatible; Googlebot/2.1; +http://www.google.com/bot.html)"
66.249.79.32 - - [12/Jul/2025:18:03:39 +0000] "GET /?h=5757717031960&mod=60b7f5df&uri=article.php%3Fid%3D192277-335%26name%3Dcharging+switch+with+macbook+charger HTTP/1.1" 200 21776 "-" "Mozilla/5.0 (Linux; Android 6.0.1; Nexus 5X Build/MMB29P) AppleWebKit/537.36 (KHTML, like Gecko) Chrome/137.0.7151.103 Mobile Safari/537.36 (compatible; Googlebot/2.1; +http://www.google.com/bot.html)"
66.249.79.32 - - [12/Jul/2025:18:03:44 +0000] "POST /get-message-notify HTTP/1.1" 200 21708 "https://kelaby.company/?h=5954801001960&mod=9293eb98&uri=news.php%3Fid%3D198852-344%26name%3Dnike+sb+holy+grail" "Mozilla/5.0 (Linux; Android 6.0.1; Nexus 5X Build/MMB29P) AppleWebKit/537.36 (KHTML, like Gecko) Chrome/137.0.7151.119 Mobile Safari/537.36 (compatible; Googlebot/2.1; +http://www.google.com/bot.html)"
66.249.79.37 - - [12/Jul/2025:18:03:53 +0000] "GET /?h=5980145111960&mod=a788f0e7&uri=article.php%3Fid%3D199698-345%26name%3Dropa+hombre+nieve HTTP/1.1" 200 20475 "-" "Mozilla/5.0 (Linux; Android 6.0.1; Nexus 5X Build/MMB29P) AppleWebKit/537.36 (KHTML, like Gecko) Chrome/137.0.7151.103 Mobile Safari/537.36 (compatible; Googlebot/2.1; +http://www.google.com/bot.html)"
66.249.79.32 - - [12/Jul/2025:18:03:56 +0000] "POST /get-message-notify HTTP/1.1" 200 21709 "https://kelaby.company/?h=5978705021960&mod=a788f0e7&uri=category-info.php%3Fid%3D199650-345%26name%3Dchamarra+cocodrilo" "Mozilla/5.0 (Linux; Android 6.0.1; Nexus 5X Build/MMB29P) AppleWebKit/537.36 (KHTML, like Gecko) Chrome/137.0.7151.119 Mobile Safari/537.36 (compatible; Googlebot/2.1; +http://www.google.com/bot.html)"
66.249.79.33 - - [12/Jul/2025:18:04:06 +0000] "GET /?h=5983608041960&mod=a788f0e7&uri=us.php%3Fid%3D199814-345%26name%3Dmarcas+ropa+americana+para+hombre HTTP/1.1" 200 20940 "-" "Mozilla/5.0 (Linux; Android 6.0.1; Nexus 5X Build/MMB29P) AppleWebKit/537.36 (KHTML, like Gecko) Chrome/137.0.7151.103 Mobile Safari/537.36 (compatible; Googlebot/2.1; +http://www.google.com/bot.html)"
66.249.79.37 - - [12/Jul/2025:18:04:14 +0000] "POST /get-message-notify HTTP/1.1" 200 21693 "https://kelaby.company/?h=5983608041960&mod=a788f0e7&uri=us.php%3Fid%3D199814-345%26name%3Dmarcas+ropa+americana+para+hombre" "Mozilla/5.0 (Linux; Android 6.0.1; Nexus 5X Build/MMB29P) AppleWebKit/537.36 (KHTML, like Gecko) Chrome/137.0.7151.119 Mobile Safari/537.36 (compatible; Googlebot/2.1; +http://www.google.com/bot.html)"
66.249.79.37 - - [12/Jul/2025:18:04:16 +0000] "GET /?h=5982288081960&mod=a788f0e7&uri=product.php%3Fid%3D199770-345%26name%3Dtraje+de+la+nieve HTTP/1.1" 200 21184 "-" "Mozilla/5.0 (Linux; Android 6.0.1; Nexus 5X Build/MMB29P) AppleWebKit/537.36 (KHTML, like Gecko) Chrome/137.0.7151.103 Mobile Safari/537.36 (compatible; Googlebot/2.1; +http://www.google.com/bot.html)"
66.249.79.37 - - [12/Jul/2025:18:04:17 +0000] "GET /?h=6511765011960&mod=be8e1862&uri=itm.php%3Fid%3D217489-342%26name%3Dbaby+bjorn+bouncer+sleep+position HTTP/1.1" 200 21266 "-" "Mozilla/5.0 (Linux; Android 6.0.1; Nexus 5X Build/MMB29P) AppleWebKit/537.36 (KHTML, like Gecko) Chrome/137.0.7151.103 Mobile Safari/537.36 (compatible; Googlebot/2.1; +http://www.google.com/bot.html)"
66.249.79.37 - - [12/Jul/2025:18:04:19 +0000] "POST /get-message-notify HTTP/1.1" 200 21690 "https://kelaby.company/?h=5982288081960&mod=a788f0e7&uri=product.php%3Fid%3D199770-345%26name%3Dtraje+de+la+nieve" "Mozilla/5.0 (Linux; Android 6.0.1; Nexus 5X Build/MMB29P) AppleWebKit/537.36 (KHTML, like Gecko) Chrome/137.0.7151.119 Mobile Safari/537.36 (compatible; Googlebot/2.1; +http://www.google.com/bot.html)"
66.249.79.37 - - [12/Jul/2025:18:04:24 +0000] "GET /?h=5978945011960&mod=a788f0e7&uri=product.php%3Fid%3D199658-345%26name%3Dbuzo+esqui HTTP/1.1" 200 21254 "-" "Mozilla/5.0 (Linux; Android 6.0.1; Nexus 5X Build/MMB29P) AppleWebKit/537.36 (KHTML, like Gecko) Chrome/137.0.7151.103 Mobile Safari/537.36 (compatible; Googlebot/2.1; +http://www.google.com/bot.html)"
66.249.79.231 - - [12/Jul/2025:18:04:24 +0000] "GET /?h=5774757101960&mod=60b7f5df&uri=blog.php%3Fid%3D192845-335%26name%3Dnew+nintendo+switch+games+metacritic HTTP/1.1" 200 20934 "-" "Mozilla/5.0 (Linux; Android 6.0.1; Nexus 5X Build/MMB29P) AppleWebKit/537.36 (KHTML, like Gecko) Chrome/137.0.7151.103 Mobile Safari/537.36 (compatible; Googlebot/2.1; +http://www.google.com/bot.html)"
209.74.77.214 - - [12/Jul/2025:18:04:28 +0000] "POST /wp-cron.php?doing_wp_cron=1752343468.2903680801391601562500 HTTP/1.1" 200 - "-" "WordPress/6.8.1; https://kelaby.company"
51.222.253.20 - - [12/Jul/2025:18:04:28 +0000] "GET /?h=25421230011960&mod=0bb60790&uri=itm.php%3Fid%3D848461-722%26name%3Dgold+and+diamond+chains HTTP/1.1" 301 - "-" "Mozilla/5.0 (compatible; AhrefsBot/7.0; +http://ahrefs.com/robot/)"
66.249.79.37 - - [12/Jul/2025:18:04:28 +0000] "POST /get-message-notify HTTP/1.1" 200 21694 "https://kelaby.company/?h=5978945011960&mod=a788f0e7&uri=product.php%3Fid%3D199658-345%26name%3Dbuzo+esqui" "Mozilla/5.0 (Linux; Android 6.0.1; Nexus 5X Build/MMB29P) AppleWebKit/537.36 (KHTML, like Gecko) Chrome/137.0.7151.119 Mobile Safari/537.36 (compatible; Googlebot/2.1; +http://www.google.com/bot.html)"
66.249.79.37 - - [12/Jul/2025:18:04:27 +0000] "GET /?h=5765877051960&mod=60b7f5df&uri=products.php%3Fid%3D192549-335%26name%3Dbathtub+washing+machine HTTP/1.1" 200 22339 "-" "Mozilla/5.0 (Linux; Android 6.0.1; Nexus 5X Build/MMB29P) AppleWebKit/537.36 (KHTML, like Gecko) Chrome/137.0.7151.103 Mobile Safari/537.36 (compatible; Googlebot/2.1; +http://www.google.com/bot.html)"
66.249.79.37 - - [12/Jul/2025:18:04:30 +0000] "GET /?h=5987309011960&mod=a788f0e7&uri=shared.php%3Fid%3D199938-345%26name%3Dantonella+vestidos+de+madrina HTTP/1.1" 200 20650 "-" "Mozilla/5.0 (Linux; Android 6.0.1; Nexus 5X Build/MMB29P) AppleWebKit/537.36 (KHTML, like Gecko) Chrome/137.0.7151.103 Mobile Safari/537.36 (compatible; Googlebot/2.1; +http://www.google.com/bot.html)"
