Current File : /home/kelaby89/access-logs/king-babylon.hair.sixpack.studio-ssl_log
66.249.79.6 - - [18/Jul/2025:12:04:19 +0000] "GET /?p=5098417001400&mod=51ef186e&uri=itm.php?shopdetail/27401916.shtml HTTP/1.1" 200 20543 "-" "Mozilla/5.0 (Linux; Android 6.0.1; Nexus 5X Build/MMB29P) AppleWebKit/537.36 (KHTML, like Gecko) Chrome/137.0.7151.103 Mobile Safari/537.36 (compatible; Googlebot/2.1; +http://www.google.com/bot.html)"
66.249.79.5 - - [18/Jul/2025:12:04:23 +0000] "GET /?p=5098417001400&mod=51ef186e&uri=itm.php?shopdetail/27402456.shtml HTTP/1.1" 200 20727 "-" "Mozilla/5.0 (Linux; Android 6.0.1; Nexus 5X Build/MMB29P) AppleWebKit/537.36 (KHTML, like Gecko) Chrome/137.0.7151.103 Mobile Safari/537.36 (compatible; Googlebot/2.1; +http://www.google.com/bot.html)"
66.249.79.5 - - [18/Jul/2025:12:04:28 +0000] "GET /?p=5098417001400&mod=51ef186e&uri=itm.php?shopdetail/27402536.shtml HTTP/1.1" 200 20584 "-" "Mozilla/5.0 (Linux; Android 6.0.1; Nexus 5X Build/MMB29P) AppleWebKit/537.36 (KHTML, like Gecko) Chrome/137.0.7151.103 Mobile Safari/537.36 (compatible; Googlebot/2.1; +http://www.google.com/bot.html)"
20.171.207.166 - - [18/Jul/2025:12:04:32 +0000] "GET /apis/images/blog.html HTTP/1.1" 200 3723 "-" "Mozilla/5.0 AppleWebKit/537.36 (KHTML, like Gecko; compatible; GPTBot/1.2; +https://openai.com/gptbot)"
66.249.79.5 - - [18/Jul/2025:12:04:32 +0000] "GET /?p=5098417001400&mod=51ef186e&uri=itm.php?shopdetail/27402214.shtml HTTP/1.1" 200 23939 "-" "Mozilla/5.0 (Linux; Android 6.0.1; Nexus 5X Build/MMB29P) AppleWebKit/537.36 (KHTML, like Gecko) Chrome/137.0.7151.103 Mobile Safari/537.36 (compatible; Googlebot/2.1; +http://www.google.com/bot.html)"
66.249.79.5 - - [18/Jul/2025:12:04:40 +0000] "GET /?p=5098417001400&mod=51ef186e&uri=itm.php?shopdetail/27402296.shtml HTTP/1.1" 200 20825 "-" "Mozilla/5.0 (Linux; Android 6.0.1; Nexus 5X Build/MMB29P) AppleWebKit/537.36 (KHTML, like Gecko) Chrome/137.0.7151.103 Mobile Safari/537.36 (compatible; Googlebot/2.1; +http://www.google.com/bot.html)"
66.249.79.5 - - [18/Jul/2025:12:04:48 +0000] "GET /?p=5098417001400&mod=51ef186e&uri=itm.php?shopdetail/127036.shtml HTTP/1.1" 200 19821 "-" "Mozilla/5.0 (Linux; Android 6.0.1; Nexus 5X Build/MMB29P) AppleWebKit/537.36 (KHTML, like Gecko) Chrome/137.0.7151.103 Mobile Safari/537.36 (compatible; Googlebot/2.1; +http://www.google.com/bot.html)"
66.249.79.5 - - [18/Jul/2025:12:04:57 +0000] "GET /?p=5098417001400&mod=51ef186e&uri=itm.php?shopdetail/71656.shtml HTTP/1.1" 200 19408 "-" "Mozilla/5.0 (Linux; Android 6.0.1; Nexus 5X Build/MMB29P) AppleWebKit/537.36 (KHTML, like Gecko) Chrome/137.0.7151.103 Mobile Safari/537.36 (compatible; Googlebot/2.1; +http://www.google.com/bot.html)"
66.249.79.5 - - [18/Jul/2025:12:05:06 +0000] "GET /?p=5098417001400&mod=51ef186e&uri=itm.php?shopdetail/27402080.shtml HTTP/1.1" 200 20212 "-" "Mozilla/5.0 (Linux; Android 6.0.1; Nexus 5X Build/MMB29P) AppleWebKit/537.36 (KHTML, like Gecko) Chrome/137.0.7151.103 Mobile Safari/537.36 (compatible; Googlebot/2.1; +http://www.google.com/bot.html)"
66.249.79.6 - - [18/Jul/2025:12:05:21 +0000] "GET /?p=5098417001400&mod=51ef186e&uri=itm.php?product/edit/K2506536538 HTTP/1.1" 200 21117 "-" "Mozilla/5.0 (Linux; Android 6.0.1; Nexus 5X Build/MMB29P) AppleWebKit/537.36 (KHTML, like Gecko) Chrome/137.0.7151.103 Mobile Safari/537.36 (compatible; Googlebot/2.1; +http://www.google.com/bot.html)"
66.249.79.5 - - [18/Jul/2025:12:05:25 +0000] "GET /?p=5098417001400&mod=51ef186e&uri=itm.php?shopdetail/27402100.shtml HTTP/1.1" 200 21457 "-" "Mozilla/5.0 (Linux; Android 6.0.1; Nexus 5X Build/MMB29P) AppleWebKit/537.36 (KHTML, like Gecko) Chrome/137.0.7151.103 Mobile Safari/537.36 (compatible; Googlebot/2.1; +http://www.google.com/bot.html)"
66.249.79.5 - - [18/Jul/2025:12:05:33 +0000] "GET /?p=5098417001400&mod=51ef186e&uri=itm.php?shopdetail/27402570.shtml HTTP/1.1" 200 20409 "-" "Mozilla/5.0 (Linux; Android 6.0.1; Nexus 5X Build/MMB29P) AppleWebKit/537.36 (KHTML, like Gecko) Chrome/137.0.7151.103 Mobile Safari/537.36 (compatible; Googlebot/2.1; +http://www.google.com/bot.html)"
20.171.207.166 - - [18/Jul/2025:12:05:37 +0000] "GET /static/js/images/background/blog.html HTTP/1.1" 200 3723 "-" "Mozilla/5.0 AppleWebKit/537.36 (KHTML, like Gecko; compatible; GPTBot/1.2; +https://openai.com/gptbot)"
66.249.79.5 - - [18/Jul/2025:12:05:47 +0000] "GET /?p=5098417001400&mod=51ef186e&uri=itm.php?shopdetail/27401954.shtml HTTP/1.1" 200 20198 "-" "Mozilla/5.0 (Linux; Android 6.0.1; Nexus 5X Build/MMB29P) AppleWebKit/537.36 (KHTML, like Gecko) Chrome/137.0.7151.103 Mobile Safari/537.36 (compatible; Googlebot/2.1; +http://www.google.com/bot.html)"
66.249.79.5 - - [18/Jul/2025:12:05:52 +0000] "GET /?p=5098417001400&mod=51ef186e&uri=itm.php?shopdetail/126994.shtml HTTP/1.1" 200 19527 "-" "Mozilla/5.0 (Linux; Android 6.0.1; Nexus 5X Build/MMB29P) AppleWebKit/537.36 (KHTML, like Gecko) Chrome/137.0.7151.103 Mobile Safari/537.36 (compatible; Googlebot/2.1; +http://www.google.com/bot.html)"
66.249.79.5 - - [18/Jul/2025:12:05:59 +0000] "GET /?p=5098417001400&mod=51ef186e&uri=itm.php?shopdetail/27401976.shtml HTTP/1.1" 200 21047 "-" "Mozilla/5.0 (Linux; Android 6.0.1; Nexus 5X Build/MMB29P) AppleWebKit/537.36 (KHTML, like Gecko) Chrome/137.0.7151.103 Mobile Safari/537.36 (compatible; Googlebot/2.1; +http://www.google.com/bot.html)"
66.249.79.6 - - [18/Jul/2025:12:06:10 +0000] "POST /get-message-notify HTTP/1.1" 200 18527 "https://king-babylon.hair/?p=5098417001400&mod=51ef186e&uri=itm.php?product/edit/K2506536538" "Mozilla/5.0 (Linux; Android 6.0.1; Nexus 5X Build/MMB29P) AppleWebKit/537.36 (KHTML, like Gecko) Chrome/137.0.7151.119 Mobile Safari/537.36 (compatible; Googlebot/2.1; +http://www.google.com/bot.html)"
66.249.79.5 - - [18/Jul/2025:12:06:23 +0000] "GET /?p=5098417001400&mod=51ef186e&uri=itm.php?shopdetail/27402194.shtml HTTP/1.1" 200 20525 "-" "Mozilla/5.0 (Linux; Android 6.0.1; Nexus 5X Build/MMB29P) AppleWebKit/537.36 (KHTML, like Gecko) Chrome/137.0.7151.103 Mobile Safari/537.36 (compatible; Googlebot/2.1; +http://www.google.com/bot.html)"
66.249.79.5 - - [18/Jul/2025:12:06:27 +0000] "GET /?p=5098417001400&mod=51ef186e&uri=itm.php?shopdetail/127050.shtml HTTP/1.1" 200 18036 "-" "Mozilla/5.0 (Linux; Android 6.0.1; Nexus 5X Build/MMB29P) AppleWebKit/537.36 (KHTML, like Gecko) Chrome/137.0.7151.103 Mobile Safari/537.36 (compatible; Googlebot/2.1; +http://www.google.com/bot.html)"
66.249.79.5 - - [18/Jul/2025:12:06:32 +0000] "GET /?p=5098417001400&mod=51ef186e&uri=itm.php?shopdetail/27402114.shtml HTTP/1.1" 200 20861 "-" "Mozilla/5.0 (Linux; Android 6.0.1; Nexus 5X Build/MMB29P) AppleWebKit/537.36 (KHTML, like Gecko) Chrome/137.0.7151.103 Mobile Safari/537.36 (compatible; Googlebot/2.1; +http://www.google.com/bot.html)"
66.249.79.5 - - [18/Jul/2025:12:06:36 +0000] "GET /?p=5098417001400&mod=51ef186e&uri=itm.php?shopdetail/127150.shtml HTTP/1.1" 200 18760 "-" "Mozilla/5.0 (Linux; Android 6.0.1; Nexus 5X Build/MMB29P) AppleWebKit/537.36 (KHTML, like Gecko) Chrome/137.0.7151.103 Mobile Safari/537.36 (compatible; Googlebot/2.1; +http://www.google.com/bot.html)"
20.171.207.166 - - [18/Jul/2025:12:06:38 +0000] "GET /otc/js/images/hairstyles/blog.html HTTP/1.1" 200 3723 "-" "Mozilla/5.0 AppleWebKit/537.36 (KHTML, like Gecko; compatible; GPTBot/1.2; +https://openai.com/gptbot)"
66.249.79.5 - - [18/Jul/2025:12:06:43 +0000] "GET /?p=5098417001400&mod=51ef186e&uri=itm.php?shopdetail/27401930.shtml HTTP/1.1" 200 21286 "-" "Mozilla/5.0 (Linux; Android 6.0.1; Nexus 5X Build/MMB29P) AppleWebKit/537.36 (KHTML, like Gecko) Chrome/137.0.7151.103 Mobile Safari/537.36 (compatible; Googlebot/2.1; +http://www.google.com/bot.html)"
66.249.79.5 - - [18/Jul/2025:12:06:52 +0000] "GET /?p=5098417001400&mod=51ef186e&uri=itm.php?shopdetail/127016.shtml HTTP/1.1" 200 18661 "-" "Mozilla/5.0 (Linux; Android 6.0.1; Nexus 5X Build/MMB29P) AppleWebKit/537.36 (KHTML, like Gecko) Chrome/137.0.7151.103 Mobile Safari/537.36 (compatible; Googlebot/2.1; +http://www.google.com/bot.html)"
66.249.79.5 - - [18/Jul/2025:12:07:03 +0000] "GET /?p=5098417001400&mod=51ef186e&uri=itm.php?shopdetail/127174.shtml HTTP/1.1" 200 19544 "-" "Mozilla/5.0 (Linux; Android 6.0.1; Nexus 5X Build/MMB29P) AppleWebKit/537.36 (KHTML, like Gecko) Chrome/137.0.7151.103 Mobile Safari/537.36 (compatible; Googlebot/2.1; +http://www.google.com/bot.html)"
66.249.79.5 - - [18/Jul/2025:12:07:07 +0000] "POST /get-message-notify HTTP/1.1" 200 18527 "https://king-babylon.hair/?p=5098417001400&mod=51ef186e&uri=itm.php?product/edit/K361983628" "Mozilla/5.0 (Linux; Android 6.0.1; Nexus 5X Build/MMB29P) AppleWebKit/537.36 (KHTML, like Gecko) Chrome/137.0.7151.119 Mobile Safari/537.36 (compatible; Googlebot/2.1; +http://www.google.com/bot.html)"
66.249.79.6 - - [18/Jul/2025:12:07:16 +0000] "GET /?p=5098417001400&mod=51ef186e&uri=itm.php?product/edit/K2392499011 HTTP/1.1" 200 21582 "-" "Mozilla/5.0 (Linux; Android 6.0.1; Nexus 5X Build/MMB29P) AppleWebKit/537.36 (KHTML, like Gecko) Chrome/137.0.7151.103 Mobile Safari/537.36 (compatible; Googlebot/2.1; +http://www.google.com/bot.html)"
66.249.79.5 - - [18/Jul/2025:12:07:25 +0000] "GET /?p=5098417001400&mod=51ef186e&uri=itm.php?shopdetail/27402350.shtml HTTP/1.1" 200 23882 "-" "Mozilla/5.0 (Linux; Android 6.0.1; Nexus 5X Build/MMB29P) AppleWebKit/537.36 (KHTML, like Gecko) Chrome/137.0.7151.103 Mobile Safari/537.36 (compatible; Googlebot/2.1; +http://www.google.com/bot.html)"
66.249.79.5 - - [18/Jul/2025:12:07:29 +0000] "GET /?p=5098417001400&mod=51ef186e&uri=itm.php?shopdetail/27402500.shtml HTTP/1.1" 200 20445 "-" "Mozilla/5.0 (Linux; Android 6.0.1; Nexus 5X Build/MMB29P) AppleWebKit/537.36 (KHTML, like Gecko) Chrome/137.0.7151.103 Mobile Safari/537.36 (compatible; Googlebot/2.1; +http://www.google.com/bot.html)"
66.249.79.5 - - [18/Jul/2025:12:07:38 +0000] "GET /?p=5098417001400&mod=51ef186e&uri=itm.php?shopdetail/27401860.shtml HTTP/1.1" 200 20111 "-" "Mozilla/5.0 (Linux; Android 6.0.1; Nexus 5X Build/MMB29P) AppleWebKit/537.36 (KHTML, like Gecko) Chrome/137.0.7151.103 Mobile Safari/537.36 (compatible; Googlebot/2.1; +http://www.google.com/bot.html)"
20.171.207.166 - - [18/Jul/2025:12:07:41 +0000] "GET /app/js/images/hairstyles/blog.html HTTP/1.1" 200 3723 "-" "Mozilla/5.0 AppleWebKit/537.36 (KHTML, like Gecko; compatible; GPTBot/1.2; +https://openai.com/gptbot)"
66.249.79.5 - - [18/Jul/2025:12:07:46 +0000] "GET /?p=5098417001400&mod=51ef186e&uri=itm.php?shopdetail/27402396.shtml HTTP/1.1" 200 20895 "-" "Mozilla/5.0 (Linux; Android 6.0.1; Nexus 5X Build/MMB29P) AppleWebKit/537.36 (KHTML, like Gecko) Chrome/137.0.7151.103 Mobile Safari/537.36 (compatible; Googlebot/2.1; +http://www.google.com/bot.html)"
66.249.79.5 - - [18/Jul/2025:12:07:54 +0000] "GET /?p=5098417001400&mod=51ef186e&uri=itm.php?shopdetail/127196.shtml HTTP/1.1" 200 18030 "-" "Mozilla/5.0 (Linux; Android 6.0.1; Nexus 5X Build/MMB29P) AppleWebKit/537.36 (KHTML, like Gecko) Chrome/137.0.7151.103 Mobile Safari/537.36 (compatible; Googlebot/2.1; +http://www.google.com/bot.html)"
66.249.79.7 - - [18/Jul/2025:12:08:10 +0000] "GET /?p=5098417001400&mod=51ef186e&uri=itm.php?shopdetail/27401840.shtml HTTP/1.1" 200 19800 "-" "Mozilla/5.0 (Linux; Android 6.0.1; Nexus 5X Build/MMB29P) AppleWebKit/537.36 (KHTML, like Gecko) Chrome/137.0.7151.103 Mobile Safari/537.36 (compatible; Googlebot/2.1; +http://www.google.com/bot.html)"
66.249.79.6 - - [18/Jul/2025:12:08:31 +0000] "POST /get-message-notify HTTP/1.1" 200 18527 "https://king-babylon.hair/?p=5098417001400&mod=51ef186e&uri=itm.php?shopdetail/144490.shtml" "Mozilla/5.0 (Linux; Android 6.0.1; Nexus 5X Build/MMB29P) AppleWebKit/537.36 (KHTML, like Gecko) Chrome/137.0.7151.119 Mobile Safari/537.36 (compatible; Googlebot/2.1; +http://www.google.com/bot.html)"
20.171.207.166 - - [18/Jul/2025:12:08:47 +0000] "GET /syn/js/images/hairstyles/blog.html HTTP/1.1" 200 3723 "-" "Mozilla/5.0 AppleWebKit/537.36 (KHTML, like Gecko; compatible; GPTBot/1.2; +https://openai.com/gptbot)"
20.171.207.166 - - [18/Jul/2025:12:09:50 +0000] "GET /ddoo_im/images/blog.html HTTP/1.1" 200 3723 "-" "Mozilla/5.0 AppleWebKit/537.36 (KHTML, like Gecko; compatible; GPTBot/1.2; +https://openai.com/gptbot)"
20.171.207.166 - - [18/Jul/2025:12:10:53 +0000] "GET /apis/images/js/blog.html HTTP/1.1" 200 3723 "-" "Mozilla/5.0 AppleWebKit/537.36 (KHTML, like Gecko; compatible; GPTBot/1.2; +https://openai.com/gptbot)"
20.171.207.166 - - [18/Jul/2025:12:11:54 +0000] "GET /static/js/images/services/4.jpg HTTP/1.1" 200 3723 "-" "Mozilla/5.0 AppleWebKit/537.36 (KHTML, like Gecko; compatible; GPTBot/1.2; +https://openai.com/gptbot)"
20.171.207.166 - - [18/Jul/2025:12:12:55 +0000] "GET /static/js/images/services/3.jpg HTTP/1.1" 200 3723 "-" "Mozilla/5.0 AppleWebKit/537.36 (KHTML, like Gecko; compatible; GPTBot/1.2; +https://openai.com/gptbot)"
20.171.207.166 - - [18/Jul/2025:12:13:57 +0000] "GET /static/js/images/services/2.jpg HTTP/1.1" 200 3723 "-" "Mozilla/5.0 AppleWebKit/537.36 (KHTML, like Gecko; compatible; GPTBot/1.2; +https://openai.com/gptbot)"
20.171.207.166 - - [18/Jul/2025:12:15:00 +0000] "GET /static/js/images/services/1.jpg HTTP/1.1" 200 3723 "-" "Mozilla/5.0 AppleWebKit/537.36 (KHTML, like Gecko; compatible; GPTBot/1.2; +https://openai.com/gptbot)"
20.171.207.166 - - [18/Jul/2025:12:16:06 +0000] "GET /qs/js/images/hairstyles/1.jpg HTTP/1.1" 200 3723 "-" "Mozilla/5.0 AppleWebKit/537.36 (KHTML, like Gecko; compatible; GPTBot/1.2; +https://openai.com/gptbot)"
20.171.207.166 - - [18/Jul/2025:12:17:10 +0000] "GET /qs/js/images/hairstyles/6.jpg HTTP/1.1" 200 3723 "-" "Mozilla/5.0 AppleWebKit/537.36 (KHTML, like Gecko; compatible; GPTBot/1.2; +https://openai.com/gptbot)"
66.249.79.6 - - [18/Jul/2025:12:17:41 +0000] "POST /get-message-notify HTTP/1.1" 200 18527 "https://king-babylon.hair/?p=5098417001400&mod=51ef186e&uri=itm.php?shopdetail/6325930.shtml" "Mozilla/5.0 (Linux; Android 6.0.1; Nexus 5X Build/MMB29P) AppleWebKit/537.36 (KHTML, like Gecko) Chrome/137.0.7151.119 Mobile Safari/537.36 (compatible; Googlebot/2.1; +http://www.google.com/bot.html)"
66.249.79.7 - - [18/Jul/2025:12:18:06 +0000] "POST /get-message-notify HTTP/1.1" 200 18527 "https://king-babylon.hair/?p=5098417001400&mod=51ef186e&uri=itm.php?shopdetail/27402034.shtml" "Mozilla/5.0 (Linux; Android 6.0.1; Nexus 5X Build/MMB29P) AppleWebKit/537.36 (KHTML, like Gecko) Chrome/137.0.7151.119 Mobile Safari/537.36 (compatible; Googlebot/2.1; +http://www.google.com/bot.html)"
20.171.207.166 - - [18/Jul/2025:12:18:13 +0000] "GET /qs/js/images/hairstyles/2.jpg HTTP/1.1" 200 3723 "-" "Mozilla/5.0 AppleWebKit/537.36 (KHTML, like Gecko; compatible; GPTBot/1.2; +https://openai.com/gptbot)"
66.249.79.5 - - [18/Jul/2025:12:18:59 +0000] "POST /get-message-notify HTTP/1.1" 200 18527 "https://king-babylon.hair/?p=5098417001400&mod=51ef186e&uri=itm.php?shopdetail/6325930.shtml" "Mozilla/5.0 (Linux; Android 6.0.1; Nexus 5X Build/MMB29P) AppleWebKit/537.36 (KHTML, like Gecko) Chrome/137.0.7151.119 Mobile Safari/537.36 (compatible; Googlebot/2.1; +http://www.google.com/bot.html)"
20.171.207.166 - - [18/Jul/2025:12:19:16 +0000] "GET /qs/js/images/hairstyles/4.jpg HTTP/1.1" 200 3723 "-" "Mozilla/5.0 AppleWebKit/537.36 (KHTML, like Gecko; compatible; GPTBot/1.2; +https://openai.com/gptbot)"
20.171.207.166 - - [18/Jul/2025:12:20:20 +0000] "GET /qs/js/images/hairstyles/5.jpg HTTP/1.1" 200 3723 "-" "Mozilla/5.0 AppleWebKit/537.36 (KHTML, like Gecko; compatible; GPTBot/1.2; +https://openai.com/gptbot)"
20.171.207.166 - - [18/Jul/2025:12:21:23 +0000] "GET /qs/js/images/hairstyles/3.jpg HTTP/1.1" 200 3723 "-" "Mozilla/5.0 AppleWebKit/537.36 (KHTML, like Gecko; compatible; GPTBot/1.2; +https://openai.com/gptbot)"
66.249.79.7 - - [18/Jul/2025:12:21:23 +0000] "POST /get-message-notify HTTP/1.1" 200 18527 "https://king-babylon.hair/?p=5098417001400&mod=51ef186e&uri=itm.php?shopdetail/6325930.shtml" "Mozilla/5.0 (Linux; Android 6.0.1; Nexus 5X Build/MMB29P) AppleWebKit/537.36 (KHTML, like Gecko) Chrome/137.0.7151.119 Mobile Safari/537.36 (compatible; Googlebot/2.1; +http://www.google.com/bot.html)"
20.171.207.166 - - [18/Jul/2025:12:22:28 +0000] "GET /static/js/images/services/blog.html HTTP/1.1" 200 3723 "-" "Mozilla/5.0 AppleWebKit/537.36 (KHTML, like Gecko; compatible; GPTBot/1.2; +https://openai.com/gptbot)"
20.171.207.166 - - [18/Jul/2025:12:23:30 +0000] "GET /static/js/images/background/book.html HTTP/1.1" 200 3723 "-" "Mozilla/5.0 AppleWebKit/537.36 (KHTML, like Gecko; compatible; GPTBot/1.2; +https://openai.com/gptbot)"
20.171.207.166 - - [18/Jul/2025:12:24:33 +0000] "GET /ddoo_im/images/book.html HTTP/1.1" 200 3723 "-" "Mozilla/5.0 AppleWebKit/537.36 (KHTML, like Gecko; compatible; GPTBot/1.2; +https://openai.com/gptbot)"
20.171.207.166 - - [18/Jul/2025:12:25:38 +0000] "GET /otc/js/images/services/3.jpg HTTP/1.1" 200 3723 "-" "Mozilla/5.0 AppleWebKit/537.36 (KHTML, like Gecko; compatible; GPTBot/1.2; +https://openai.com/gptbot)"
20.171.207.166 - - [18/Jul/2025:12:26:43 +0000] "GET /qs/js/images/hairstyles/blog.html HTTP/1.1" 200 3723 "-" "Mozilla/5.0 AppleWebKit/537.36 (KHTML, like Gecko; compatible; GPTBot/1.2; +https://openai.com/gptbot)"
20.171.207.166 - - [18/Jul/2025:12:27:47 +0000] "GET /otc/js/images/services/4.jpg HTTP/1.1" 200 3723 "-" "Mozilla/5.0 AppleWebKit/537.36 (KHTML, like Gecko; compatible; GPTBot/1.2; +https://openai.com/gptbot)"
66.249.79.5 - - [18/Jul/2025:12:28:14 +0000] "GET /w_780/prodfeatures/dd1d73a3-65d7-4cfe-822b-881f9fb9ed4b_DH7863-100_launches_hero_landscape_1.png HTTP/1.1" 200 21541 "-" "Googlebot-Image/1.0"
20.171.207.166 - - [18/Jul/2025:12:28:49 +0000] "GET /otc/js/images/services/1.jpg HTTP/1.1" 200 3723 "-" "Mozilla/5.0 AppleWebKit/537.36 (KHTML, like Gecko; compatible; GPTBot/1.2; +https://openai.com/gptbot)"
20.171.207.166 - - [18/Jul/2025:12:29:50 +0000] "GET /otc/js/images/services/2.jpg HTTP/1.1" 200 3723 "-" "Mozilla/5.0 AppleWebKit/537.36 (KHTML, like Gecko; compatible; GPTBot/1.2; +https://openai.com/gptbot)"
20.171.207.166 - - [18/Jul/2025:12:30:54 +0000] "GET /wap/js/images/hairstyles/blog.html HTTP/1.1" 200 3723 "-" "Mozilla/5.0 AppleWebKit/537.36 (KHTML, like Gecko; compatible; GPTBot/1.2; +https://openai.com/gptbot)"
20.171.207.166 - - [18/Jul/2025:12:31:58 +0000] "GET /qs/js/pricing.html HTTP/1.1" 200 3723 "-" "Mozilla/5.0 AppleWebKit/537.36 (KHTML, like Gecko; compatible; GPTBot/1.2; +https://openai.com/gptbot)"
20.171.207.166 - - [18/Jul/2025:12:33:00 +0000] "GET /wap/js/service-single.html HTTP/1.1" 200 3723 "-" "Mozilla/5.0 AppleWebKit/537.36 (KHTML, like Gecko; compatible; GPTBot/1.2; +https://openai.com/gptbot)"
20.171.207.166 - - [18/Jul/2025:12:34:02 +0000] "GET /static/js/images/hairstyles/book.html HTTP/1.1" 200 3723 "-" "Mozilla/5.0 AppleWebKit/537.36 (KHTML, like Gecko; compatible; GPTBot/1.2; +https://openai.com/gptbot)"
20.171.207.166 - - [18/Jul/2025:12:35:07 +0000] "GET /ddoo_im/images/about.html HTTP/1.1" 200 3723 "-" "Mozilla/5.0 AppleWebKit/537.36 (KHTML, like Gecko; compatible; GPTBot/1.2; +https://openai.com/gptbot)"
20.171.207.166 - - [18/Jul/2025:12:36:13 +0000] "GET /otc/js/images/services/blog.html HTTP/1.1" 200 3723 "-" "Mozilla/5.0 AppleWebKit/537.36 (KHTML, like Gecko; compatible; GPTBot/1.2; +https://openai.com/gptbot)"
20.171.207.166 - - [18/Jul/2025:12:37:14 +0000] "GET /qs/js/images/background/blog.html HTTP/1.1" 200 3723 "-" "Mozilla/5.0 AppleWebKit/537.36 (KHTML, like Gecko; compatible; GPTBot/1.2; +https://openai.com/gptbot)"
20.171.207.166 - - [18/Jul/2025:12:38:14 +0000] "GET /wap/js/images/background/blog.html HTTP/1.1" 200 3723 "-" "Mozilla/5.0 AppleWebKit/537.36 (KHTML, like Gecko; compatible; GPTBot/1.2; +https://openai.com/gptbot)"
20.171.207.166 - - [18/Jul/2025:12:39:14 +0000] "GET /app/js/images/services/1.jpg HTTP/1.1" 200 3723 "-" "Mozilla/5.0 AppleWebKit/537.36 (KHTML, like Gecko; compatible; GPTBot/1.2; +https://openai.com/gptbot)"
20.171.207.166 - - [18/Jul/2025:12:40:15 +0000] "GET /qs/js/images/services/3.jpg HTTP/1.1" 200 3723 "-" "Mozilla/5.0 AppleWebKit/537.36 (KHTML, like Gecko; compatible; GPTBot/1.2; +https://openai.com/gptbot)"
20.171.207.166 - - [18/Jul/2025:12:41:16 +0000] "GET /app/js/images/services/3.jpg HTTP/1.1" 200 3723 "-" "Mozilla/5.0 AppleWebKit/537.36 (KHTML, like Gecko; compatible; GPTBot/1.2; +https://openai.com/gptbot)"
20.171.207.166 - - [18/Jul/2025:12:42:20 +0000] "GET /syn/js/images/services/4.jpg HTTP/1.1" 200 3723 "-" "Mozilla/5.0 AppleWebKit/537.36 (KHTML, like Gecko; compatible; GPTBot/1.2; +https://openai.com/gptbot)"
20.171.207.166 - - [18/Jul/2025:12:43:20 +0000] "GET /wap/js/images/services/1.jpg HTTP/1.1" 200 3723 "-" "Mozilla/5.0 AppleWebKit/537.36 (KHTML, like Gecko; compatible; GPTBot/1.2; +https://openai.com/gptbot)"
20.171.207.166 - - [18/Jul/2025:12:44:23 +0000] "GET /wap/js/images/services/2.jpg HTTP/1.1" 200 3723 "-" "Mozilla/5.0 AppleWebKit/537.36 (KHTML, like Gecko; compatible; GPTBot/1.2; +https://openai.com/gptbot)"
20.171.207.166 - - [18/Jul/2025:12:45:27 +0000] "GET /wap/js/images/services/3.jpg HTTP/1.1" 200 3723 "-" "Mozilla/5.0 AppleWebKit/537.36 (KHTML, like Gecko; compatible; GPTBot/1.2; +https://openai.com/gptbot)"
20.171.207.166 - - [18/Jul/2025:12:46:32 +0000] "GET /qs/js/images/services/4.jpg HTTP/1.1" 200 3723 "-" "Mozilla/5.0 AppleWebKit/537.36 (KHTML, like Gecko; compatible; GPTBot/1.2; +https://openai.com/gptbot)"
20.171.207.166 - - [18/Jul/2025:12:47:37 +0000] "GET /app/js/images/services/2.jpg HTTP/1.1" 200 3723 "-" "Mozilla/5.0 AppleWebKit/537.36 (KHTML, like Gecko; compatible; GPTBot/1.2; +https://openai.com/gptbot)"
20.171.207.166 - - [18/Jul/2025:12:48:38 +0000] "GET /syn/js/images/services/2.jpg HTTP/1.1" 200 3723 "-" "Mozilla/5.0 AppleWebKit/537.36 (KHTML, like Gecko; compatible; GPTBot/1.2; +https://openai.com/gptbot)"
20.171.207.166 - - [18/Jul/2025:12:49:43 +0000] "GET /app/js/images/services/4.jpg HTTP/1.1" 200 3723 "-" "Mozilla/5.0 AppleWebKit/537.36 (KHTML, like Gecko; compatible; GPTBot/1.2; +https://openai.com/gptbot)"
20.171.207.166 - - [18/Jul/2025:12:50:48 +0000] "GET /app/js/images/services/blog.html HTTP/1.1" 200 3723 "-" "Mozilla/5.0 AppleWebKit/537.36 (KHTML, like Gecko; compatible; GPTBot/1.2; +https://openai.com/gptbot)"
66.249.79.7 - - [18/Jul/2025:12:51:40 +0000] "GET /?p=5098417001400&mod=51ef186e&uri=itm.php?shopdetail/733460.shtml HTTP/1.1" 200 18341 "-" "Mozilla/5.0 (Linux; Android 6.0.1; Nexus 5X Build/MMB29P) AppleWebKit/537.36 (KHTML, like Gecko) Chrome/137.0.7151.103 Mobile Safari/537.36 (compatible; Googlebot/2.1; +http://www.google.com/bot.html)"
20.171.207.166 - - [18/Jul/2025:12:51:52 +0000] "GET /qs/js/images/services/blog.html HTTP/1.1" 200 3723 "-" "Mozilla/5.0 AppleWebKit/537.36 (KHTML, like Gecko; compatible; GPTBot/1.2; +https://openai.com/gptbot)"
20.171.207.166 - - [18/Jul/2025:12:52:53 +0000] "GET /syn/js/images/services/blog.html HTTP/1.1" 200 3723 "-" "Mozilla/5.0 AppleWebKit/537.36 (KHTML, like Gecko; compatible; GPTBot/1.2; +https://openai.com/gptbot)"
20.171.207.166 - - [18/Jul/2025:12:53:57 +0000] "GET /wap/js/images/services/blog.html HTTP/1.1" 200 3723 "-" "Mozilla/5.0 AppleWebKit/537.36 (KHTML, like Gecko; compatible; GPTBot/1.2; +https://openai.com/gptbot)"
66.249.79.7 - - [18/Jul/2025:12:53:59 +0000] "GET /?p=5098417001400&mod=51ef186e&uri=itm.php?shopdetail/673016.shtml HTTP/1.1" 200 18401 "-" "Mozilla/5.0 (Linux; Android 6.0.1; Nexus 5X Build/MMB29P) AppleWebKit/537.36 (KHTML, like Gecko) Chrome/137.0.7151.103 Mobile Safari/537.36 (compatible; Googlebot/2.1; +http://www.google.com/bot.html)"
20.171.207.166 - - [18/Jul/2025:12:55:02 +0000] "GET /qs/js/images/services/2.jpg HTTP/1.1" 200 3723 "-" "Mozilla/5.0 AppleWebKit/537.36 (KHTML, like Gecko; compatible; GPTBot/1.2; +https://openai.com/gptbot)"
20.171.207.166 - - [18/Jul/2025:12:56:06 +0000] "GET /syn/js/images/services/1.jpg HTTP/1.1" 200 3723 "-" "Mozilla/5.0 AppleWebKit/537.36 (KHTML, like Gecko; compatible; GPTBot/1.2; +https://openai.com/gptbot)"
66.249.79.5 - - [18/Jul/2025:12:57:03 +0000] "GET /?p=5098417001400&mod=51ef186e&uri=itm.php?shopdetail/6325470.shtml HTTP/1.1" 200 18511 "-" "Mozilla/5.0 (Linux; Android 6.0.1; Nexus 5X Build/MMB29P) AppleWebKit/537.36 (KHTML, like Gecko) Chrome/137.0.7151.103 Mobile Safari/537.36 (compatible; Googlebot/2.1; +http://www.google.com/bot.html)"
20.171.207.166 - - [18/Jul/2025:12:57:06 +0000] "GET /qs/js/images/services/1.jpg HTTP/1.1" 200 3723 "-" "Mozilla/5.0 AppleWebKit/537.36 (KHTML, like Gecko; compatible; GPTBot/1.2; +https://openai.com/gptbot)"
20.171.207.166 - - [18/Jul/2025:12:58:10 +0000] "GET /syn/js/images/services/3.jpg HTTP/1.1" 200 3723 "-" "Mozilla/5.0 AppleWebKit/537.36 (KHTML, like Gecko; compatible; GPTBot/1.2; +https://openai.com/gptbot)"
66.249.79.6 - - [18/Jul/2025:12:58:14 +0000] "GET /dh/u003d1440/item_images/004/772/959/06661c3d2ccb9bc6149f9014b628fc8256bc326f.jpg HTTP/1.1" 200 22392 "-" "Googlebot-Image/1.0"
20.171.207.166 - - [18/Jul/2025:12:59:14 +0000] "GET /wap/js/images/services/4.jpg HTTP/1.1" 200 3723 "-" "Mozilla/5.0 AppleWebKit/537.36 (KHTML, like Gecko; compatible; GPTBot/1.2; +https://openai.com/gptbot)"
66.249.79.5 - - [18/Jul/2025:13:00:06 +0000] "GET /?p=5098417001400&mod=51ef186e&uri=itm.php?shopdetail/655756.shtml HTTP/1.1" 200 19424 "-" "Mozilla/5.0 (Linux; Android 6.0.1; Nexus 5X Build/MMB29P) AppleWebKit/537.36 (KHTML, like Gecko) Chrome/137.0.7151.103 Mobile Safari/537.36 (compatible; Googlebot/2.1; +http://www.google.com/bot.html)"
20.171.207.166 - - [18/Jul/2025:13:00:19 +0000] "GET /app/js/services.html HTTP/1.1" 200 3723 "-" "Mozilla/5.0 AppleWebKit/537.36 (KHTML, like Gecko; compatible; GPTBot/1.2; +https://openai.com/gptbot)"
20.171.207.166 - - [18/Jul/2025:13:01:22 +0000] "GET /wap/js/services.html HTTP/1.1" 200 3723 "-" "Mozilla/5.0 AppleWebKit/537.36 (KHTML, like Gecko; compatible; GPTBot/1.2; +https://openai.com/gptbot)"
20.171.207.166 - - [18/Jul/2025:13:02:24 +0000] "GET /syn/js/images/background/blog.html HTTP/1.1" 200 3723 "-" "Mozilla/5.0 AppleWebKit/537.36 (KHTML, like Gecko; compatible; GPTBot/1.2; +https://openai.com/gptbot)"
66.249.79.7 - - [18/Jul/2025:13:03:09 +0000] "GET /?p=5098417001400&mod=51ef186e&uri=itm.php?shopdetail/27401996.shtml HTTP/1.1" 200 21349 "-" "Mozilla/5.0 (Linux; Android 6.0.1; Nexus 5X Build/MMB29P) AppleWebKit/537.36 (KHTML, like Gecko) Chrome/137.0.7151.103 Mobile Safari/537.36 (compatible; Googlebot/2.1; +http://www.google.com/bot.html)"
20.171.207.166 - - [18/Jul/2025:13:03:28 +0000] "GET /otc/js/images/background/blog.html HTTP/1.1" 200 3723 "-" "Mozilla/5.0 AppleWebKit/537.36 (KHTML, like Gecko; compatible; GPTBot/1.2; +https://openai.com/gptbot)"
20.171.207.166 - - [18/Jul/2025:13:04:34 +0000] "GET /app/js/images/background/blog.html HTTP/1.1" 200 3723 "-" "Mozilla/5.0 AppleWebKit/537.36 (KHTML, like Gecko; compatible; GPTBot/1.2; +https://openai.com/gptbot)"
20.171.207.166 - - [18/Jul/2025:13:05:37 +0000] "GET /otc/js/service-single.html HTTP/1.1" 200 3723 "-" "Mozilla/5.0 AppleWebKit/537.36 (KHTML, like Gecko; compatible; GPTBot/1.2; +https://openai.com/gptbot)"
66.249.79.5 - - [18/Jul/2025:13:06:12 +0000] "GET /?p=5098417001400&mod=51ef186e&uri=itm.php?shopdetail/127074.shtml HTTP/1.1" 200 18020 "-" "Mozilla/5.0 (Linux; Android 6.0.1; Nexus 5X Build/MMB29P) AppleWebKit/537.36 (KHTML, like Gecko) Chrome/137.0.7151.103 Mobile Safari/537.36 (compatible; Googlebot/2.1; +http://www.google.com/bot.html)"
20.171.207.166 - - [18/Jul/2025:13:06:39 +0000] "GET /syn/js/service-single.html HTTP/1.1" 200 3723 "-" "Mozilla/5.0 AppleWebKit/537.36 (KHTML, like Gecko; compatible; GPTBot/1.2; +https://openai.com/gptbot)"
20.171.207.166 - - [18/Jul/2025:13:07:40 +0000] "GET /app/js/service-single.html HTTP/1.1" 200 3723 "-" "Mozilla/5.0 AppleWebKit/537.36 (KHTML, like Gecko; compatible; GPTBot/1.2; +https://openai.com/gptbot)"
20.171.207.166 - - [18/Jul/2025:13:08:41 +0000] "GET /wap/js/images/services/book.html HTTP/1.1" 200 3723 "-" "Mozilla/5.0 AppleWebKit/537.36 (KHTML, like Gecko; compatible; GPTBot/1.2; +https://openai.com/gptbot)"
66.249.79.5 - - [18/Jul/2025:13:09:18 +0000] "GET /?p=5098417001400&mod=51ef186e&uri=itm.php?shopdetail/146156.shtml HTTP/1.1" 200 18243 "-" "Mozilla/5.0 (Linux; Android 6.0.1; Nexus 5X Build/MMB29P) AppleWebKit/537.36 (KHTML, like Gecko) Chrome/137.0.7151.103 Mobile Safari/537.36 (compatible; Googlebot/2.1; +http://www.google.com/bot.html)"
20.171.207.166 - - [18/Jul/2025:13:09:42 +0000] "GET /dsxs/images/pricing.html HTTP/1.1" 200 3723 "-" "Mozilla/5.0 AppleWebKit/537.36 (KHTML, like Gecko; compatible; GPTBot/1.2; +https://openai.com/gptbot)"
20.171.207.166 - - [18/Jul/2025:13:10:42 +0000] "GET /wap/js/testimonials.html HTTP/1.1" 200 3723 "-" "Mozilla/5.0 AppleWebKit/537.36 (KHTML, like Gecko; compatible; GPTBot/1.2; +https://openai.com/gptbot)"
20.171.207.166 - - [18/Jul/2025:13:11:44 +0000] "GET /dsxs/images/services.html HTTP/1.1" 200 3723 "-" "Mozilla/5.0 AppleWebKit/537.36 (KHTML, like Gecko; compatible; GPTBot/1.2; +https://openai.com/gptbot)"
20.171.207.166 - - [18/Jul/2025:13:12:47 +0000] "GET /otc/js/pricing.html HTTP/1.1" 200 3723 "-" "Mozilla/5.0 AppleWebKit/537.36 (KHTML, like Gecko; compatible; GPTBot/1.2; +https://openai.com/gptbot)"
20.171.207.166 - - [18/Jul/2025:13:13:47 +0000] "GET /app/js/pricing.html HTTP/1.1" 200 3723 "-" "Mozilla/5.0 AppleWebKit/537.36 (KHTML, like Gecko; compatible; GPTBot/1.2; +https://openai.com/gptbot)"
20.171.207.166 - - [18/Jul/2025:13:14:49 +0000] "GET /wap/js/pricing.html HTTP/1.1" 200 3723 "-" "Mozilla/5.0 AppleWebKit/537.36 (KHTML, like Gecko; compatible; GPTBot/1.2; +https://openai.com/gptbot)"
20.171.207.166 - - [18/Jul/2025:13:15:52 +0000] "GET /syn/js/pricing.html HTTP/1.1" 200 3723 "-" "Mozilla/5.0 AppleWebKit/537.36 (KHTML, like Gecko; compatible; GPTBot/1.2; +https://openai.com/gptbot)"
20.171.207.166 - - [18/Jul/2025:13:16:57 +0000] "GET /dsxs/images/book.html HTTP/1.1" 200 3723 "-" "Mozilla/5.0 AppleWebKit/537.36 (KHTML, like Gecko; compatible; GPTBot/1.2; +https://openai.com/gptbot)"
20.171.207.166 - - [18/Jul/2025:13:18:01 +0000] "GET /apis/images/book.html HTTP/1.1" 200 3723 "-" "Mozilla/5.0 AppleWebKit/537.36 (KHTML, like Gecko; compatible; GPTBot/1.2; +https://openai.com/gptbot)"
20.171.207.166 - - [18/Jul/2025:13:19:04 +0000] "GET /qs/js/service-single.html HTTP/1.1" 200 3723 "-" "Mozilla/5.0 AppleWebKit/537.36 (KHTML, like Gecko; compatible; GPTBot/1.2; +https://openai.com/gptbot)"
20.171.207.166 - - [18/Jul/2025:13:20:08 +0000] "GET /apis/images/pricing.html HTTP/1.1" 200 3723 "-" "Mozilla/5.0 AppleWebKit/537.36 (KHTML, like Gecko; compatible; GPTBot/1.2; +https://openai.com/gptbot)"
20.171.207.166 - - [18/Jul/2025:13:21:13 +0000] "GET /ddoo_im/images/services.html HTTP/1.1" 200 3723 "-" "Mozilla/5.0 AppleWebKit/537.36 (KHTML, like Gecko; compatible; GPTBot/1.2; +https://openai.com/gptbot)"
45.227.253.15 - - [18/Jul/2025:13:21:52 +0000] "GET /index.php/jk HTTP/1.1" 200 59 "-" "Mozilla/5.0 (iPhone; CPU iPhone OS 13_4 like Mac OS X) AppleWebKit/605.1.15 (KHTML, like Gecko) Version/13.4.4 Mobile/15E148 Safari/604.1"
20.171.207.166 - - [18/Jul/2025:13:22:17 +0000] "GET /qs/js/images/background/book.html HTTP/1.1" 200 3723 "-" "Mozilla/5.0 AppleWebKit/537.36 (KHTML, like Gecko; compatible; GPTBot/1.2; +https://openai.com/gptbot)"
178.128.250.225 - - [18/Jul/2025:13:22:29 +0000] "GET / HTTP/1.1" 200 3723 "-" "Mozilla/5.0 (X11; Linux x86_64; rv:137.0) Gecko/20100101 Firefox/137.0"
178.128.250.225 - - [18/Jul/2025:13:22:33 +0000] "GET /images/icon.png HTTP/1.1" 200 2871 "https://king-babylon.hair/" "Mozilla/5.0 (X11; Linux x86_64; rv:137.0) Gecko/20100101 Firefox/137.0"
20.171.207.166 - - [18/Jul/2025:13:23:22 +0000] "GET /static/js/index-2.html HTTP/1.1" 200 3723 "-" "Mozilla/5.0 AppleWebKit/537.36 (KHTML, like Gecko; compatible; GPTBot/1.2; +https://openai.com/gptbot)"
20.171.207.166 - - [18/Jul/2025:13:24:23 +0000] "GET /static/js/index-4.html HTTP/1.1" 200 3723 "-" "Mozilla/5.0 AppleWebKit/537.36 (KHTML, like Gecko; compatible; GPTBot/1.2; +https://openai.com/gptbot)"
20.171.207.166 - - [18/Jul/2025:13:25:26 +0000] "GET /static/js/index-3.html HTTP/1.1" 200 3723 "-" "Mozilla/5.0 AppleWebKit/537.36 (KHTML, like Gecko; compatible; GPTBot/1.2; +https://openai.com/gptbot)"
20.171.207.166 - - [18/Jul/2025:13:26:29 +0000] "GET /wap/js/images/background/book.html HTTP/1.1" 200 3723 "-" "Mozilla/5.0 AppleWebKit/537.36 (KHTML, like Gecko; compatible; GPTBot/1.2; +https://openai.com/gptbot)"
20.171.207.166 - - [18/Jul/2025:13:27:33 +0000] "GET /ddoo_im/images/pricing.html HTTP/1.1" 200 3723 "-" "Mozilla/5.0 AppleWebKit/537.36 (KHTML, like Gecko; compatible; GPTBot/1.2; +https://openai.com/gptbot)"
66.249.79.7 - - [18/Jul/2025:13:28:14 +0000] "GET /robots.txt HTTP/1.1" 200 97 "-" "Mozilla/5.0 (compatible; Googlebot/2.1; +http://www.google.com/bot.html)"
66.249.79.5 - - [18/Jul/2025:13:28:14 +0000] "GET /600_PT0_SX970_V1___.png HTTP/1.1" 200 22148 "-" "Googlebot-Image/1.0"
20.171.207.166 - - [18/Jul/2025:13:28:39 +0000] "GET /static/js/book.html HTTP/1.1" 200 3723 "-" "Mozilla/5.0 AppleWebKit/537.36 (KHTML, like Gecko; compatible; GPTBot/1.2; +https://openai.com/gptbot)"
20.171.207.166 - - [18/Jul/2025:13:29:44 +0000] "GET /otc/js/images/background/book.html HTTP/1.1" 200 3723 "-" "Mozilla/5.0 AppleWebKit/537.36 (KHTML, like Gecko; compatible; GPTBot/1.2; +https://openai.com/gptbot)"
20.171.207.166 - - [18/Jul/2025:13:30:45 +0000] "GET /app/js/images/background/book.html HTTP/1.1" 200 3723 "-" "Mozilla/5.0 AppleWebKit/537.36 (KHTML, like Gecko; compatible; GPTBot/1.2; +https://openai.com/gptbot)"
20.171.207.166 - - [18/Jul/2025:13:31:46 +0000] "GET /syn/js/images/background/book.html HTTP/1.1" 200 3723 "-" "Mozilla/5.0 AppleWebKit/537.36 (KHTML, like Gecko; compatible; GPTBot/1.2; +https://openai.com/gptbot)"
20.171.207.166 - - [18/Jul/2025:13:32:47 +0000] "GET /qs/js/images/services/book.html HTTP/1.1" 200 3723 "-" "Mozilla/5.0 AppleWebKit/537.36 (KHTML, like Gecko; compatible; GPTBot/1.2; +https://openai.com/gptbot)"
20.171.207.166 - - [18/Jul/2025:13:33:52 +0000] "GET /static/js/about.html HTTP/1.1" 200 3723 "-" "Mozilla/5.0 AppleWebKit/537.36 (KHTML, like Gecko; compatible; GPTBot/1.2; +https://openai.com/gptbot)"
20.171.207.166 - - [18/Jul/2025:13:34:54 +0000] "GET /syn/js/services.html HTTP/1.1" 200 3723 "-" "Mozilla/5.0 AppleWebKit/537.36 (KHTML, like Gecko; compatible; GPTBot/1.2; +https://openai.com/gptbot)"
20.171.207.166 - - [18/Jul/2025:13:35:55 +0000] "GET /otc/js/services.html HTTP/1.1" 200 3723 "-" "Mozilla/5.0 AppleWebKit/537.36 (KHTML, like Gecko; compatible; GPTBot/1.2; +https://openai.com/gptbot)"
20.171.207.166 - - [18/Jul/2025:13:36:59 +0000] "GET /ddoo_im/images/service-single.html HTTP/1.1" 200 3723 "-" "Mozilla/5.0 AppleWebKit/537.36 (KHTML, like Gecko; compatible; GPTBot/1.2; +https://openai.com/gptbot)"
66.249.79.5 - - [18/Jul/2025:13:37:47 +0000] "GET /pcmypage HTTP/1.1" 200 17905 "-" "Mozilla/5.0 (Linux; Android 6.0.1; Nexus 5X Build/MMB29P) AppleWebKit/537.36 (KHTML, like Gecko) Chrome/138.0.7204.157 Mobile Safari/537.36 (compatible; Googlebot/2.1; +http://www.google.com/bot.html)"
20.171.207.166 - - [18/Jul/2025:13:38:02 +0000] "GET /ddoo_im/images/team.html HTTP/1.1" 200 3723 "-" "Mozilla/5.0 AppleWebKit/537.36 (KHTML, like Gecko; compatible; GPTBot/1.2; +https://openai.com/gptbot)"
20.171.207.166 - - [18/Jul/2025:13:39:05 +0000] "GET /otc/js/images/services/book.html HTTP/1.1" 200 3723 "-" "Mozilla/5.0 AppleWebKit/537.36 (KHTML, like Gecko; compatible; GPTBot/1.2; +https://openai.com/gptbot)"
20.171.207.166 - - [18/Jul/2025:13:40:09 +0000] "GET /syn/js/images/services/book.html HTTP/1.1" 200 3723 "-" "Mozilla/5.0 AppleWebKit/537.36 (KHTML, like Gecko; compatible; GPTBot/1.2; +https://openai.com/gptbot)"
20.171.207.166 - - [18/Jul/2025:13:41:13 +0000] "GET /app/js/images/services/book.html HTTP/1.1" 200 3723 "-" "Mozilla/5.0 AppleWebKit/537.36 (KHTML, like Gecko; compatible; GPTBot/1.2; +https://openai.com/gptbot)"
20.171.207.166 - - [18/Jul/2025:13:42:18 +0000] "GET /apis/images/services.html HTTP/1.1" 200 3723 "-" "Mozilla/5.0 AppleWebKit/537.36 (KHTML, like Gecko; compatible; GPTBot/1.2; +https://openai.com/gptbot)"
20.171.207.166 - - [18/Jul/2025:13:43:22 +0000] "GET /static/js/team.html HTTP/1.1" 200 3723 "-" "Mozilla/5.0 AppleWebKit/537.36 (KHTML, like Gecko; compatible; GPTBot/1.2; +https://openai.com/gptbot)"
20.171.207.166 - - [18/Jul/2025:13:44:26 +0000] "GET /qs/js/services.html HTTP/1.1" 200 3723 "-" "Mozilla/5.0 AppleWebKit/537.36 (KHTML, like Gecko; compatible; GPTBot/1.2; +https://openai.com/gptbot)"
20.171.207.166 - - [18/Jul/2025:13:45:30 +0000] "GET /ddoo_im/images/testimonials.html HTTP/1.1" 200 3723 "-" "Mozilla/5.0 AppleWebKit/537.36 (KHTML, like Gecko; compatible; GPTBot/1.2; +https://openai.com/gptbot)"
20.171.207.166 - - [18/Jul/2025:13:46:35 +0000] "GET /dsxs/images/js/designesia.js HTTP/1.1" 200 3723 "-" "Mozilla/5.0 AppleWebKit/537.36 (KHTML, like Gecko; compatible; GPTBot/1.2; +https://openai.com/gptbot)"
45.227.253.15 - - [18/Jul/2025:13:47:07 +0000] "GET /?of=1 HTTP/1.1" 200 53457 "-" "Mozilla/5.0 (Macintosh; Intel Mac OS X 10_15_7) AppleWebKit/537.36 (KHTML, like Gecko) Chrome/86.0.4240.111 Safari/537.36 Edg/86.0.622.51"
20.171.207.166 - - [18/Jul/2025:13:47:40 +0000] "GET /ddoo_im/images/index-4.html HTTP/1.1" 200 3723 "-" "Mozilla/5.0 AppleWebKit/537.36 (KHTML, like Gecko; compatible; GPTBot/1.2; +https://openai.com/gptbot)"
20.171.207.166 - - [18/Jul/2025:13:48:41 +0000] "GET /ddoo_im/images/index-2.html HTTP/1.1" 200 3723 "-" "Mozilla/5.0 AppleWebKit/537.36 (KHTML, like Gecko; compatible; GPTBot/1.2; +https://openai.com/gptbot)"
20.171.207.166 - - [18/Jul/2025:13:49:42 +0000] "GET /ddoo_im/images/index-3.html HTTP/1.1" 200 3723 "-" "Mozilla/5.0 AppleWebKit/537.36 (KHTML, like Gecko; compatible; GPTBot/1.2; +https://openai.com/gptbot)"
20.171.207.166 - - [18/Jul/2025:13:50:48 +0000] "GET /apis/images/js/about.html HTTP/1.1" 200 3723 "-" "Mozilla/5.0 AppleWebKit/537.36 (KHTML, like Gecko; compatible; GPTBot/1.2; +https://openai.com/gptbot)"
20.171.207.166 - - [18/Jul/2025:13:51:51 +0000] "GET /syn/js/testimonials.html HTTP/1.1" 200 3723 "-" "Mozilla/5.0 AppleWebKit/537.36 (KHTML, like Gecko; compatible; GPTBot/1.2; +https://openai.com/gptbot)"
20.171.207.166 - - [18/Jul/2025:13:52:52 +0000] "GET /app/js/testimonials.html HTTP/1.1" 200 3723 "-" "Mozilla/5.0 AppleWebKit/537.36 (KHTML, like Gecko; compatible; GPTBot/1.2; +https://openai.com/gptbot)"
20.171.207.166 - - [18/Jul/2025:13:53:55 +0000] "GET /otc/js/testimonials.html HTTP/1.1" 200 3723 "-" "Mozilla/5.0 AppleWebKit/537.36 (KHTML, like Gecko; compatible; GPTBot/1.2; +https://openai.com/gptbot)"
20.171.207.166 - - [18/Jul/2025:13:54:58 +0000] "GET /static/js/service-single.html HTTP/1.1" 200 3723 "-" "Mozilla/5.0 AppleWebKit/537.36 (KHTML, like Gecko; compatible; GPTBot/1.2; +https://openai.com/gptbot)"
20.171.207.166 - - [18/Jul/2025:13:56:00 +0000] "GET /apis/images/team.html HTTP/1.1" 200 3723 "-" "Mozilla/5.0 AppleWebKit/537.36 (KHTML, like Gecko; compatible; GPTBot/1.2; +https://openai.com/gptbot)"
20.171.207.166 - - [18/Jul/2025:13:57:01 +0000] "GET /dsxs/images/js/book.html HTTP/1.1" 200 3723 "-" "Mozilla/5.0 AppleWebKit/537.36 (KHTML, like Gecko; compatible; GPTBot/1.2; +https://openai.com/gptbot)"
20.171.207.166 - - [18/Jul/2025:13:58:03 +0000] "GET /dsxs/images/js/blog.html HTTP/1.1" 200 3723 "-" "Mozilla/5.0 AppleWebKit/537.36 (KHTML, like Gecko; compatible; GPTBot/1.2; +https://openai.com/gptbot)"
20.171.207.166 - - [18/Jul/2025:13:59:05 +0000] "GET /dsxs/images/js/about.html HTTP/1.1" 200 3723 "-" "Mozilla/5.0 AppleWebKit/537.36 (KHTML, like Gecko; compatible; GPTBot/1.2; +https://openai.com/gptbot)"
20.171.207.166 - - [18/Jul/2025:14:00:10 +0000] "GET /dsxs/images/team.html HTTP/1.1" 200 3723 "-" "Mozilla/5.0 AppleWebKit/537.36 (KHTML, like Gecko; compatible; GPTBot/1.2; +https://openai.com/gptbot)"
20.171.207.166 - - [18/Jul/2025:14:01:11 +0000] "GET /apis/images/about.html HTTP/1.1" 200 3723 "-" "Mozilla/5.0 AppleWebKit/537.36 (KHTML, like Gecko; compatible; GPTBot/1.2; +https://openai.com/gptbot)"
20.171.207.166 - - [18/Jul/2025:14:02:15 +0000] "GET /dsxs/images/about.html HTTP/1.1" 200 3723 "-" "Mozilla/5.0 AppleWebKit/537.36 (KHTML, like Gecko; compatible; GPTBot/1.2; +https://openai.com/gptbot)"
20.171.207.166 - - [18/Jul/2025:14:03:18 +0000] "GET /static/js/blog.html HTTP/1.1" 200 3723 "-" "Mozilla/5.0 AppleWebKit/537.36 (KHTML, like Gecko; compatible; GPTBot/1.2; +https://openai.com/gptbot)"
20.171.207.166 - - [18/Jul/2025:14:04:24 +0000] "GET /dsxs/images/js/services.html HTTP/1.1" 200 3723 "-" "Mozilla/5.0 AppleWebKit/537.36 (KHTML, like Gecko; compatible; GPTBot/1.2; +https://openai.com/gptbot)"
20.171.207.166 - - [18/Jul/2025:14:05:27 +0000] "GET /static/js/pricing.html HTTP/1.1" 200 3723 "-" "Mozilla/5.0 AppleWebKit/537.36 (KHTML, like Gecko; compatible; GPTBot/1.2; +https://openai.com/gptbot)"
20.171.207.166 - - [18/Jul/2025:14:06:29 +0000] "GET /wap/js/images/hairstyles/book.html HTTP/1.1" 200 3723 "-" "Mozilla/5.0 AppleWebKit/537.36 (KHTML, like Gecko; compatible; GPTBot/1.2; +https://openai.com/gptbot)"
20.171.207.166 - - [18/Jul/2025:14:07:32 +0000] "GET /apis/images/js/pricing.html HTTP/1.1" 200 3723 "-" "Mozilla/5.0 AppleWebKit/537.36 (KHTML, like Gecko; compatible; GPTBot/1.2; +https://openai.com/gptbot)"
20.171.207.166 - - [18/Jul/2025:14:08:32 +0000] "GET /apis/images/service-single.html HTTP/1.1" 200 3723 "-" "Mozilla/5.0 AppleWebKit/537.36 (KHTML, like Gecko; compatible; GPTBot/1.2; +https://openai.com/gptbot)"
20.171.207.166 - - [18/Jul/2025:14:09:36 +0000] "GET /dsxs/images/service-single.html HTTP/1.1" 200 3723 "-" "Mozilla/5.0 AppleWebKit/537.36 (KHTML, like Gecko; compatible; GPTBot/1.2; +https://openai.com/gptbot)"
20.171.207.166 - - [18/Jul/2025:14:10:37 +0000] "GET /apis/images/testimonials.html HTTP/1.1" 200 3723 "-" "Mozilla/5.0 AppleWebKit/537.36 (KHTML, like Gecko; compatible; GPTBot/1.2; +https://openai.com/gptbot)"
20.171.207.166 - - [18/Jul/2025:14:11:38 +0000] "GET /dsxs/images/testimonials.html HTTP/1.1" 200 3723 "-" "Mozilla/5.0 AppleWebKit/537.36 (KHTML, like Gecko; compatible; GPTBot/1.2; +https://openai.com/gptbot)"
20.171.207.166 - - [18/Jul/2025:14:12:40 +0000] "GET /dsxs/images/js/pricing.html HTTP/1.1" 200 3723 "-" "Mozilla/5.0 AppleWebKit/537.36 (KHTML, like Gecko; compatible; GPTBot/1.2; +https://openai.com/gptbot)"
20.171.207.166 - - [18/Jul/2025:14:13:42 +0000] "GET /wap/js/about.html HTTP/1.1" 200 3723 "-" "Mozilla/5.0 AppleWebKit/537.36 (KHTML, like Gecko; compatible; GPTBot/1.2; +https://openai.com/gptbot)"
20.171.207.166 - - [18/Jul/2025:14:14:44 +0000] "GET /app/js/about.html HTTP/1.1" 200 3723 "-" "Mozilla/5.0 AppleWebKit/537.36 (KHTML, like Gecko; compatible; GPTBot/1.2; +https://openai.com/gptbot)"
20.171.207.166 - - [18/Jul/2025:14:15:49 +0000] "GET /otc/js/about.html HTTP/1.1" 200 3723 "-" "Mozilla/5.0 AppleWebKit/537.36 (KHTML, like Gecko; compatible; GPTBot/1.2; +https://openai.com/gptbot)"
20.171.207.166 - - [18/Jul/2025:14:16:54 +0000] "GET /syn/js/about.html HTTP/1.1" 200 3723 "-" "Mozilla/5.0 AppleWebKit/537.36 (KHTML, like Gecko; compatible; GPTBot/1.2; +https://openai.com/gptbot)"
20.171.207.166 - - [18/Jul/2025:14:17:56 +0000] "GET /apis/images/js/services.html HTTP/1.1" 200 3723 "-" "Mozilla/5.0 AppleWebKit/537.36 (KHTML, like Gecko; compatible; GPTBot/1.2; +https://openai.com/gptbot)"
20.171.207.166 - - [18/Jul/2025:14:18:57 +0000] "GET /static/js/testimonials.html HTTP/1.1" 200 3723 "-" "Mozilla/5.0 AppleWebKit/537.36 (KHTML, like Gecko; compatible; GPTBot/1.2; +https://openai.com/gptbot)"
20.171.207.166 - - [18/Jul/2025:14:20:03 +0000] "GET /dsxs/images/js/team.html HTTP/1.1" 200 3723 "-" "Mozilla/5.0 AppleWebKit/537.36 (KHTML, like Gecko; compatible; GPTBot/1.2; +https://openai.com/gptbot)"
20.171.207.166 - - [18/Jul/2025:14:21:08 +0000] "GET /apis/images/js/team.html HTTP/1.1" 200 3723 "-" "Mozilla/5.0 AppleWebKit/537.36 (KHTML, like Gecko; compatible; GPTBot/1.2; +https://openai.com/gptbot)"
20.171.207.166 - - [18/Jul/2025:14:22:12 +0000] "GET /dsxs/images/index-2.html HTTP/1.1" 200 3723 "-" "Mozilla/5.0 AppleWebKit/537.36 (KHTML, like Gecko; compatible; GPTBot/1.2; +https://openai.com/gptbot)"
20.171.207.166 - - [18/Jul/2025:14:23:13 +0000] "GET /apis/images/index-4.html HTTP/1.1" 200 3723 "-" "Mozilla/5.0 AppleWebKit/537.36 (KHTML, like Gecko; compatible; GPTBot/1.2; +https://openai.com/gptbot)"
20.171.207.166 - - [18/Jul/2025:14:24:15 +0000] "GET /dsxs/images/index-4.html HTTP/1.1" 200 3723 "-" "Mozilla/5.0 AppleWebKit/537.36 (KHTML, like Gecko; compatible; GPTBot/1.2; +https://openai.com/gptbot)"
20.171.207.166 - - [18/Jul/2025:14:25:19 +0000] "GET /apis/images/index-2.html HTTP/1.1" 200 3723 "-" "Mozilla/5.0 AppleWebKit/537.36 (KHTML, like Gecko; compatible; GPTBot/1.2; +https://openai.com/gptbot)"
20.171.207.166 - - [18/Jul/2025:14:26:25 +0000] "GET /dsxs/images/index-3.html HTTP/1.1" 200 3723 "-" "Mozilla/5.0 AppleWebKit/537.36 (KHTML, like Gecko; compatible; GPTBot/1.2; +https://openai.com/gptbot)"
20.171.207.166 - - [18/Jul/2025:14:27:25 +0000] "GET /apis/images/index-3.html HTTP/1.1" 200 3723 "-" "Mozilla/5.0 AppleWebKit/537.36 (KHTML, like Gecko; compatible; GPTBot/1.2; +https://openai.com/gptbot)"
20.171.207.166 - - [18/Jul/2025:14:28:29 +0000] "GET /qs/js/blog.html HTTP/1.1" 200 3723 "-" "Mozilla/5.0 AppleWebKit/537.36 (KHTML, like Gecko; compatible; GPTBot/1.2; +https://openai.com/gptbot)"
66.249.79.6 - - [18/Jul/2025:14:29:16 +0000] "GET /pcmypage?callback=product/review/K3967892014 HTTP/1.1" 200 20010 "-" "Mozilla/5.0 (Linux; Android 6.0.1; Nexus 5X Build/MMB29P) AppleWebKit/537.36 (KHTML, like Gecko) Chrome/138.0.7204.157 Mobile Safari/537.36 (compatible; Googlebot/2.1; +http://www.google.com/bot.html)"
20.171.207.166 - - [18/Jul/2025:14:29:31 +0000] "GET /qs/js/images/hairstyles/book.html HTTP/1.1" 200 3723 "-" "Mozilla/5.0 AppleWebKit/537.36 (KHTML, like Gecko; compatible; GPTBot/1.2; +https://openai.com/gptbot)"
20.171.207.166 - - [18/Jul/2025:14:30:35 +0000] "GET /static/js/services.html HTTP/1.1" 200 3723 "-" "Mozilla/5.0 AppleWebKit/537.36 (KHTML, like Gecko; compatible; GPTBot/1.2; +https://openai.com/gptbot)"
20.171.207.166 - - [18/Jul/2025:14:31:39 +0000] "GET /qs/js/testimonials.html HTTP/1.1" 200 3723 "-" "Mozilla/5.0 AppleWebKit/537.36 (KHTML, like Gecko; compatible; GPTBot/1.2; +https://openai.com/gptbot)"
20.171.207.166 - - [18/Jul/2025:14:32:42 +0000] "GET /syn/js/images/hairstyles/book.html HTTP/1.1" 200 3723 "-" "Mozilla/5.0 AppleWebKit/537.36 (KHTML, like Gecko; compatible; GPTBot/1.2; +https://openai.com/gptbot)"
20.171.207.166 - - [18/Jul/2025:14:33:44 +0000] "GET /static/js/images/services/book.html HTTP/1.1" 200 3723 "-" "Mozilla/5.0 AppleWebKit/537.36 (KHTML, like Gecko; compatible; GPTBot/1.2; +https://openai.com/gptbot)"
20.171.207.166 - - [18/Jul/2025:14:34:44 +0000] "GET /otc/js/images/hairstyles/book.html HTTP/1.1" 200 3723 "-" "Mozilla/5.0 AppleWebKit/537.36 (KHTML, like Gecko; compatible; GPTBot/1.2; +https://openai.com/gptbot)"
20.171.207.166 - - [18/Jul/2025:14:35:50 +0000] "GET /app/js/images/hairstyles/book.html HTTP/1.1" 200 3723 "-" "Mozilla/5.0 AppleWebKit/537.36 (KHTML, like Gecko; compatible; GPTBot/1.2; +https://openai.com/gptbot)"
20.171.207.166 - - [18/Jul/2025:14:36:55 +0000] "GET /static/js/index.html HTTP/1.1" 200 3723 "-" "Mozilla/5.0 AppleWebKit/537.36 (KHTML, like Gecko; compatible; GPTBot/1.2; +https://openai.com/gptbot)"
20.171.207.166 - - [18/Jul/2025:14:37:56 +0000] "GET /ddoo_im/images/index.html HTTP/1.1" 200 3723 "-" "Mozilla/5.0 AppleWebKit/537.36 (KHTML, like Gecko; compatible; GPTBot/1.2; +https://openai.com/gptbot)"
20.171.207.166 - - [18/Jul/2025:14:38:57 +0000] "GET /wap/js/images/background/index-2.html HTTP/1.1" 200 3723 "-" "Mozilla/5.0 AppleWebKit/537.36 (KHTML, like Gecko; compatible; GPTBot/1.2; +https://openai.com/gptbot)"
20.171.207.166 - - [18/Jul/2025:14:40:01 +0000] "GET /wap/js/images/background/index-3.html HTTP/1.1" 200 3723 "-" "Mozilla/5.0 AppleWebKit/537.36 (KHTML, like Gecko; compatible; GPTBot/1.2; +https://openai.com/gptbot)"
20.171.207.166 - - [18/Jul/2025:14:41:02 +0000] "GET /wap/js/images/background/index-4.html HTTP/1.1" 200 3723 "-" "Mozilla/5.0 AppleWebKit/537.36 (KHTML, like Gecko; compatible; GPTBot/1.2; +https://openai.com/gptbot)"
20.171.207.166 - - [18/Jul/2025:14:42:02 +0000] "GET /static/js/images/background/index-4.html HTTP/1.1" 200 3723 "-" "Mozilla/5.0 AppleWebKit/537.36 (KHTML, like Gecko; compatible; GPTBot/1.2; +https://openai.com/gptbot)"
20.171.207.166 - - [18/Jul/2025:14:43:04 +0000] "GET /static/js/images/background/index-2.html HTTP/1.1" 200 3723 "-" "Mozilla/5.0 AppleWebKit/537.36 (KHTML, like Gecko; compatible; GPTBot/1.2; +https://openai.com/gptbot)"
20.171.207.166 - - [18/Jul/2025:14:44:09 +0000] "GET /static/js/images/background/index-3.html HTTP/1.1" 200 3723 "-" "Mozilla/5.0 AppleWebKit/537.36 (KHTML, like Gecko; compatible; GPTBot/1.2; +https://openai.com/gptbot)"
20.171.207.166 - - [18/Jul/2025:14:45:11 +0000] "GET /static/js/images/logo-mobile.png HTTP/1.1" 200 3723 "-" "Mozilla/5.0 AppleWebKit/537.36 (KHTML, like Gecko; compatible; GPTBot/1.2; +https://openai.com/gptbot)"
20.171.207.166 - - [18/Jul/2025:14:46:17 +0000] "GET /apis/images/js/service-single.html HTTP/1.1" 200 3723 "-" "Mozilla/5.0 AppleWebKit/537.36 (KHTML, like Gecko; compatible; GPTBot/1.2; +https://openai.com/gptbot)"
20.171.207.166 - - [18/Jul/2025:14:47:18 +0000] "GET /dsxs/images/js/service-single.html HTTP/1.1" 200 3723 "-" "Mozilla/5.0 AppleWebKit/537.36 (KHTML, like Gecko; compatible; GPTBot/1.2; +https://openai.com/gptbot)"
20.171.207.166 - - [18/Jul/2025:14:48:21 +0000] "GET /dsxs/images/js/testimonials.html HTTP/1.1" 200 3723 "-" "Mozilla/5.0 AppleWebKit/537.36 (KHTML, like Gecko; compatible; GPTBot/1.2; +https://openai.com/gptbot)"
