66.249.65.35 - - [14/Jul/2025:14:26:53 +0000] "GET /?x=47571160071800&mod=5031fe42&uri=news.php%3Fid%3D1587561-1247%26name%3Dlyrical+tights HTTP/1.1" 200 18414 "-" "Mozilla/5.0 (Linux; Android 6.0.1; Nexus 5X Build/MMB29P) AppleWebKit/537.36 (KHTML, like Gecko) Chrome/137.0.7151.103 Mobile Safari/537.36 (compatible; Googlebot/2.1; +http://www.google.com/bot.html)"
66.249.65.35 - - [14/Jul/2025:14:26:54 +0000] "GET /?x=47776181081800&mod=c73dfe6c&uri=us.php%3Fid%3D1594408-134%26name%3Dcastle+in+the+sky+hulu HTTP/1.1" 200 18431 "-" "Mozilla/5.0 (Linux; Android 6.0.1; Nexus 5X Build/MMB29P) AppleWebKit/537.36 (KHTML, like Gecko) Chrome/137.0.7151.103 Mobile Safari/537.36 (compatible; Googlebot/2.1; +http://www.google.com/bot.html)"
66.249.65.37 - - [14/Jul/2025:14:28:33 +0000] "POST /get-message-notify HTTP/1.1" 200 18195 "https://kraft-court.cafe/?x=47776181081800&mod=c73dfe6c&uri=us.php%3Fid%3D1594408-134%26name%3Dcastle+in+the+sky+hulu" "Mozilla/5.0 (Linux; Android 6.0.1; Nexus 5X Build/MMB29P) AppleWebKit/537.36 (KHTML, like Gecko) Chrome/137.0.7151.119 Mobile Safari/537.36 (compatible; Googlebot/2.1; +http://www.google.com/bot.html)"
66.249.65.36 - - [14/Jul/2025:14:35:36 +0000] "GET /?x=86875110061800&mod=580d8cf0&uri=form.php%3Fid%3D2899149-985%26name%3Dsaucony+shoes+mens+blue HTTP/1.1" 200 18427 "-" "Mozilla/5.0 (Linux; Android 6.0.1; Nexus 5X Build/MMB29P) AppleWebKit/537.36 (KHTML, like Gecko) Chrome/137.0.7151.103 Mobile Safari/537.36 (compatible; Googlebot/2.1; +http://www.google.com/bot.html)"
66.249.65.36 - - [14/Jul/2025:14:38:33 +0000] "GET /?x=40160244021800&mod=f4612859&uri=category-info.php%3Fid%3D1340336-536%26name%3Ddress+barn+coupons+2019 HTTP/1.1" 200 18466 "-" "Mozilla/5.0 (Linux; Android 6.0.1; Nexus 5X Build/MMB29P) AppleWebKit/537.36 (KHTML, like Gecko) Chrome/137.0.7151.103 Mobile Safari/537.36 (compatible; Googlebot/2.1; +http://www.google.com/bot.html)"
66.249.65.37 - - [14/Jul/2025:14:41:30 +0000] "GET /?x=11587291031800&mod=a8849b05&uri=products.php%3Fid%3D386881-57%26name%3Dusb+c+to+apple+headphone+jack HTTP/1.1" 200 18447 "-" "Mozilla/5.0 (Linux; Android 6.0.1; Nexus 5X Build/MMB29P) AppleWebKit/537.36 (KHTML, like Gecko) Chrome/137.0.7151.103 Mobile Safari/537.36 (compatible; Googlebot/2.1; +http://www.google.com/bot.html)"
209.74.77.214 - - [14/Jul/2025:14:44:23 +0000] "POST /wp-cron.php?doing_wp_cron=1752504263.7254419326782226562500 HTTP/1.1" 200 - "-" "WordPress/6.8.1; https://kraft-court.cafe"
51.222.253.9 - - [14/Jul/2025:14:44:22 +0000] "GET /?x=42338266031800&mod=397d991d&uri=products.php%3Fid%3D1413001-1184%26name%3Dxtratuf+ankle+boots HTTP/1.1" 301 - "-" "Mozilla/5.0 (compatible; AhrefsBot/7.0; +http://ahrefs.com/robot/)"
66.249.65.37 - - [14/Jul/2025:14:44:27 +0000] "GET /?x=6104255011800&mod=0d0fd7c6&uri=product.php%3Fid%3D203843-40%26name%3Dgraco+ultra+cordless+17m363 HTTP/1.1" 200 18439 "-" "Mozilla/5.0 (Linux; Android 6.0.1; Nexus 5X Build/MMB29P) AppleWebKit/537.36 (KHTML, like Gecko) Chrome/137.0.7151.103 Mobile Safari/537.36 (compatible; Googlebot/2.1; +http://www.google.com/bot.html)"
66.249.65.35 - - [14/Jul/2025:14:47:01 +0000] "GET /?x=47689748041800&mod=293c3b96&uri=product.php%3Fid%3D1591516-1112%26name%3Dnike+hypervenom+sell HTTP/1.1" 200 18439 "-" "Mozilla/5.0 (Linux; Android 6.0.1; Nexus 5X Build/MMB29P) AppleWebKit/537.36 (KHTML, like Gecko) Chrome/137.0.7151.103 Mobile Safari/537.36 (compatible; Googlebot/2.1; +http://www.google.com/bot.html)"
66.249.65.35 - - [14/Jul/2025:14:47:27 +0000] "GET /?x=6106655061800&mod=0d0fd7c6&uri=product.php%3Fid%3D203923-40%26name%3Dlht2436b HTTP/1.1" 200 18402 "-" "Mozilla/5.0 (Linux; Android 6.0.1; Nexus 5X Build/MMB29P) AppleWebKit/537.36 (KHTML, like Gecko) Chrome/137.0.7151.103 Mobile Safari/537.36 (compatible; Googlebot/2.1; +http://www.google.com/bot.html)"
209.74.77.214 - - [14/Jul/2025:14:49:03 +0000] "POST /wp-cron.php?doing_wp_cron=1752504543.9708859920501708984375 HTTP/1.1" 200 - "-" "WordPress/6.8.1; https://kraft-court.cafe"
51.222.253.3 - - [14/Jul/2025:14:49:02 +0000] "GET /?x=44181141061800&mod=de9240f5&uri=dp.php%3Fid%3D1474466-959%26name%3Dnike+superfly+red+and+yellow HTTP/1.1" 301 - "-" "Mozilla/5.0 (compatible; AhrefsBot/7.0; +http://ahrefs.com/robot/)"
66.249.65.37 - - [14/Jul/2025:14:50:16 +0000] "GET /?x=55303064041800&mod=decc2e06&uri=news.php%3Fid%3D1845505-700%26name%3Dgoldendoodle+newborn+puppies HTTP/1.1" 200 18439 "-" "Mozilla/5.0 (Linux; Android 6.0.1; Nexus 5X Build/MMB29P) AppleWebKit/537.36 (KHTML, like Gecko) Chrome/137.0.7151.103 Mobile Safari/537.36 (compatible; Googlebot/2.1; +http://www.google.com/bot.html)"
66.249.65.35 - - [14/Jul/2025:14:50:20 +0000] "POST /get-message-notify HTTP/1.1" 200 18195 "https://kraft-court.cafe/?x=55303064041800&mod=decc2e06&uri=news.php%3Fid%3D1845505-700%26name%3Dgoldendoodle+newborn+puppies" "Mozilla/5.0 (Linux; Android 6.0.1; Nexus 5X Build/MMB29P) AppleWebKit/537.36 (KHTML, like Gecko) Chrome/137.0.7151.119 Mobile Safari/537.36 (compatible; Googlebot/2.1; +http://www.google.com/bot.html)"
66.249.65.35 - - [14/Jul/2025:14:50:28 +0000] "GET /?x=5651841131800&mod=55d99a37&uri=dp.php%3Fid%3D188715-315%26name%3Drolex+uhren+edelstahl HTTP/1.1" 200 18421 "-" "Mozilla/5.0 (Linux; Android 6.0.1; Nexus 5X Build/MMB29P) AppleWebKit/537.36 (KHTML, like Gecko) Chrome/137.0.7151.103 Mobile Safari/537.36 (compatible; Googlebot/2.1; +http://www.google.com/bot.html)"
209.74.77.214 - - [14/Jul/2025:14:53:36 +0000] "POST /wp-cron.php?doing_wp_cron=1752504816.2105860710144042968750 HTTP/1.1" 200 - "-" "WordPress/6.8.1; https://kraft-court.cafe"
51.222.253.16 - - [14/Jul/2025:14:53:34 +0000] "GET /?x=44364137011800&mod=b72a5a09&uri=dp.php%3Fid%3D1480574-612%26name%3Dre+sole+vestaglie+uomo HTTP/1.1" 301 - "-" "Mozilla/5.0 (compatible; AhrefsBot/7.0; +http://ahrefs.com/robot/)"
66.249.65.36 - - [14/Jul/2025:14:54:09 +0000] "GET /?x=5998780091800&mod=c4b43ae0&uri=pin.php%3Fid%3D200321-330%26name%3Dned+fishing+lures HTTP/1.1" 200 18419 "-" "Mozilla/5.0 (Linux; Android 6.0.1; Nexus 5X Build/MMB29P) AppleWebKit/537.36 (KHTML, like Gecko) Chrome/137.0.7151.103 Mobile Safari/537.36 (compatible; Googlebot/2.1; +http://www.google.com/bot.html)"
66.249.65.36 - - [14/Jul/2025:14:54:25 +0000] "POST /get-message-notify HTTP/1.1" 200 18195 "https://kraft-court.cafe/?x=5998780091800&mod=c4b43ae0&uri=pin.php%3Fid%3D200321-330%26name%3Dned+fishing+lures" "Mozilla/5.0 (Linux; Android 6.0.1; Nexus 5X Build/MMB29P) AppleWebKit/537.36 (KHTML, like Gecko) Chrome/137.0.7151.119 Mobile Safari/537.36 (compatible; Googlebot/2.1; +http://www.google.com/bot.html)"
209.74.77.214 - - [14/Jul/2025:14:55:43 +0000] "POST /wp-cron.php?doing_wp_cron=1752504943.8610370159149169921875 HTTP/1.1" 200 - "-" "WordPress/6.8.1; https://kraft-court.cafe"
72.14.201.189 - - [14/Jul/2025:14:55:42 +0000] "GET /?x=5731431071800&mod=333cb763&uri=us.php%3Fid%3D191399-334%26name%3Dmovierulz+movierulz+vpn HTTP/1.1" 301 - "https://www.google.com/" "Mozilla/5.0 (Linux; Android 10; K) AppleWebKit/537.36 (KHTML, like Gecko) Chrome/134.0.0.0 Mobile Safari/537.36"
209.74.77.214 - - [14/Jul/2025:14:55:44 +0000] "POST /wp-cron.php?doing_wp_cron=1752504944.4326748847961425781250 HTTP/1.1" 200 - "-" "WordPress/6.8.1; https://kraft-court.cafe"
72.14.201.189 - - [14/Jul/2025:14:55:44 +0000] "GET /?x=5731431071800&mod=333cb763&uri=us.php%3Fid%3D191399-334%26name%3Dmovierulz%20movierulz%20vpn HTTP/1.1" 200 1928 "https://www.google.com/" "Mozilla/5.0 (Linux; Android 10; K) AppleWebKit/537.36 (KHTML, like Gecko) Chrome/134.0.0.0 Mobile Safari/537.36"
152.57.7.95 - - [14/Jul/2025:14:55:46 +0000] "GET /wp-includes/js/jquery/jquery-migrate.min.js?ver=3.4.1 HTTP/1.1" 200 4872 "https://kraft-court.cafe/?x=5731431071800&mod=333cb763&uri=us.php%3Fid%3D191399-334%26name%3Dmovierulz%20movierulz%20vpn" "Mozilla/5.0 (X11; Linux x86_64) AppleWebKit/537.36 (KHTML, like Gecko) Chrome/134.0.0.0 Safari/537.36"
152.57.7.95 - - [14/Jul/2025:14:55:46 +0000] "GET /wp-content/plugins/maintenance/load/css/fonts.css?ver=1566425282 HTTP/1.1" 200 10398 "https://kraft-court.cafe/?x=5731431071800&mod=333cb763&uri=us.php%3Fid%3D191399-334%26name%3Dmovierulz%20movierulz%20vpn" "Mozilla/5.0 (X11; Linux x86_64) AppleWebKit/537.36 (KHTML, like Gecko) Chrome/134.0.0.0 Safari/537.36"
152.57.7.95 - - [14/Jul/2025:14:55:46 +0000] "GET /wp-content/plugins/maintenance/load/css/style.css?ver=1615078706 HTTP/1.1" 200 3400 "https://kraft-court.cafe/?x=5731431071800&mod=333cb763&uri=us.php%3Fid%3D191399-334%26name%3Dmovierulz%20movierulz%20vpn" "Mozilla/5.0 (X11; Linux x86_64) AppleWebKit/537.36 (KHTML, like Gecko) Chrome/134.0.0.0 Safari/537.36"
152.57.7.95 - - [14/Jul/2025:14:55:46 +0000] "GET /wp-includes/js/jquery/jquery.min.js?ver=3.7.1 HTTP/1.1" 200 30368 "https://kraft-court.cafe/?x=5731431071800&mod=333cb763&uri=us.php%3Fid%3D191399-334%26name%3Dmovierulz%20movierulz%20vpn" "Mozilla/5.0 (X11; Linux x86_64) AppleWebKit/537.36 (KHTML, like Gecko) Chrome/134.0.0.0 Safari/537.36"
152.57.7.95 - - [14/Jul/2025:14:55:46 +0000] "GET /wp-content/plugins/maintenance/load/js/jquery.frontend.js?ver=1615078706 HTTP/1.1" 200 638 "https://kraft-court.cafe/?x=5731431071800&mod=333cb763&uri=us.php%3Fid%3D191399-334%26name%3Dmovierulz%20movierulz%20vpn" "Mozilla/5.0 (X11; Linux x86_64) AppleWebKit/537.36 (KHTML, like Gecko) Chrome/134.0.0.0 Safari/537.36"
152.57.7.95 - - [14/Jul/2025:14:55:47 +0000] "GET /wp-content/plugins/maintenance/load/fonts/foundation-icons.woff HTTP/1.1" 200 31683 "https://kraft-court.cafe/wp-content/plugins/maintenance/load/css/fonts.css?ver=1566425282" "Mozilla/5.0 (X11; Linux x86_64) AppleWebKit/537.36 (KHTML, like Gecko) Chrome/134.0.0.0 Safari/537.36"
152.57.7.95 - - [14/Jul/2025:14:55:46 +0000] "GET /wp-content/uploads/2024/12/mt-sample-background.jpg HTTP/1.1" 200 217593 "https://kraft-court.cafe/?x=5731431071800&mod=333cb763&uri=us.php%3Fid%3D191399-334%26name%3Dmovierulz%20movierulz%20vpn" "Mozilla/5.0 (X11; Linux x86_64) AppleWebKit/537.36 (KHTML, like Gecko) Chrome/134.0.0.0 Safari/537.36"
152.57.7.95 - - [14/Jul/2025:14:55:48 +0000] "GET /favicon.ico HTTP/1.1" 302 - "https://kraft-court.cafe/?x=5731431071800&mod=333cb763&uri=us.php%3Fid%3D191399-334%26name%3Dmovierulz%20movierulz%20vpn" "Mozilla/5.0 (X11; Linux x86_64) AppleWebKit/537.36 (KHTML, like Gecko) Chrome/134.0.0.0 Safari/537.36"
152.57.7.95 - - [14/Jul/2025:14:55:48 +0000] "GET /wp-includes/images/w-logo-blue-white-bg.png HTTP/1.1" 200 4119 "https://kraft-court.cafe/?x=5731431071800&mod=333cb763&uri=us.php%3Fid%3D191399-334%26name%3Dmovierulz%20movierulz%20vpn" "Mozilla/5.0 (X11; Linux x86_64) AppleWebKit/537.36 (KHTML, like Gecko) Chrome/134.0.0.0 Safari/537.36"
66.249.65.36 - - [14/Jul/2025:14:57:07 +0000] "GET /?x=5592395051800&mod=831b1ac5&uri=news.php%3Fid%3D186695-331%26name%3Dnike+react+element+55+shooster HTTP/1.1" 200 18442 "-" "Mozilla/5.0 (Linux; Android 6.0.1; Nexus 5X Build/MMB29P) AppleWebKit/537.36 (KHTML, like Gecko) Chrome/137.0.7151.103 Mobile Safari/537.36 (compatible; Googlebot/2.1; +http://www.google.com/bot.html)"
209.74.77.214 - - [14/Jul/2025:15:03:25 +0000] "POST /wp-cron.php?doing_wp_cron=1752505405.7931060791015625000000 HTTP/1.1" 200 - "-" "WordPress/6.8.1; https://kraft-court.cafe"
51.222.253.20 - - [14/Jul/2025:15:03:24 +0000] "GET /?x=4590889021800&mod=fd4f21f2&uri=blog.php%3Fid%3D153229-277%26name%3Dkith+basketball HTTP/1.1" 301 - "-" "Mozilla/5.0 (compatible; AhrefsBot/7.0; +http://ahrefs.com/robot/)"
209.74.77.214 - - [14/Jul/2025:15:08:20 +0000] "POST /wp-cron.php?doing_wp_cron=1752505700.0412769317626953125000 HTTP/1.1" 200 - "-" "WordPress/6.8.1; https://kraft-court.cafe"
51.222.253.4 - - [14/Jul/2025:15:08:18 +0000] "GET /?x=4716499031800&mod=488c1e03&uri=info.php%3Fid%3D157417-288%26name%3Dhair+smoothening+price+in+jawed+habib HTTP/1.1" 301 - "-" "Mozilla/5.0 (compatible; AhrefsBot/7.0; +http://ahrefs.com/robot/)"
66.249.65.36 - - [14/Jul/2025:15:15:59 +0000] "GET /?x=5639492061800&mod=55d99a37&uri=product.php%3Fid%3D188300-315%26name%3Djunghans+mega+funkuhr+1995 HTTP/1.1" 200 18441 "-" "Mozilla/5.0 (Linux; Android 6.0.1; Nexus 5X Build/MMB29P) AppleWebKit/537.36 (KHTML, like Gecko) Chrome/137.0.7151.103 Mobile Safari/537.36 (compatible; Googlebot/2.1; +http://www.google.com/bot.html)"
209.74.77.214 - - [14/Jul/2025:15:17:34 +0000] "POST /wp-cron.php?doing_wp_cron=1752506254.0080308914184570312500 HTTP/1.1" 200 - "-" "WordPress/6.8.1; https://kraft-court.cafe"
51.222.253.19 - - [14/Jul/2025:15:17:32 +0000] "GET /?x=4750021041800&mod=9087b0ef&uri=product.php%3Fid%3D158535-292%26name%3Dman+city+nike+t+shirt HTTP/1.1" 301 - "-" "Mozilla/5.0 (compatible; AhrefsBot/7.0; +http://ahrefs.com/robot/)"
66.249.65.35 - - [14/Jul/2025:15:20:05 +0000] "GET /?x=119582269071800&mod=55d99a37&uri=goods.php%3Fid%3D3990827-315%26name%3Dlouis+14+uhren HTTP/1.1" 200 18419 "-" "Mozilla/5.0 (Linux; Android 6.0.1; Nexus 5X Build/MMB29P) AppleWebKit/537.36 (KHTML, like Gecko) Chrome/137.0.7151.103 Mobile Safari/537.36 (compatible; Googlebot/2.1; +http://www.google.com/bot.html)"
209.74.77.214 - - [14/Jul/2025:15:21:57 +0000] "POST /wp-cron.php?doing_wp_cron=1752506517.7730190753936767578125 HTTP/1.1" 200 - "-" "WordPress/6.8.1; https://kraft-court.cafe"
51.222.253.16 - - [14/Jul/2025:15:21:56 +0000] "GET /?x=47713118001800&mod=293c3b96&uri=category-info.php%3Fid%3D1592295-1112%26name%3Dadidas+yeezy+boost+philippines HTTP/1.1" 301 - "-" "Mozilla/5.0 (compatible; AhrefsBot/7.0; +http://ahrefs.com/robot/)"
66.249.65.35 - - [14/Jul/2025:15:25:24 +0000] "GET /?x=5915561001800&mod=4500e403&uri=search.php%3Fid%3D197544-342%26name%3Dingenuity+cradling+audrey+bouncer HTTP/1.1" 200 18441 "-" "Mozilla/5.0 (Linux; Android 6.0.1; Nexus 5X Build/MMB29P) AppleWebKit/537.36 (KHTML, like Gecko) Chrome/137.0.7151.103 Mobile Safari/537.36 (compatible; Googlebot/2.1; +http://www.google.com/bot.html)"
66.249.65.35 - - [14/Jul/2025:15:25:27 +0000] "POST /get-message-notify HTTP/1.1" 200 18195 "https://kraft-court.cafe/?x=5915561001800&mod=4500e403&uri=search.php%3Fid%3D197544-342%26name%3Dingenuity+cradling+audrey+bouncer" "Mozilla/5.0 (Linux; Android 6.0.1; Nexus 5X Build/MMB29P) AppleWebKit/537.36 (KHTML, like Gecko) Chrome/137.0.7151.119 Mobile Safari/537.36 (compatible; Googlebot/2.1; +http://www.google.com/bot.html)"
209.74.77.214 - - [14/Jul/2025:15:26:08 +0000] "POST /wp-cron.php?doing_wp_cron=1752506768.0532760620117187500000 HTTP/1.1" 200 - "-" "WordPress/6.8.1; https://kraft-court.cafe"
51.222.253.5 - - [14/Jul/2025:15:26:06 +0000] "GET /?x=48303226021800&mod=dde16b86&uri=info.php%3Fid%3D1611989-674%26name%3Dseiko+skx009+jubilee HTTP/1.1" 301 - "-" "Mozilla/5.0 (compatible; AhrefsBot/7.0; +http://ahrefs.com/robot/)"
210.213.116.99 - - [14/Jul/2025:15:26:25 +0000] "GET /?x=5541784001800&mod=dfa92d8f&uri=itm.php%3Fid%3D185006-156%26name%3Dgeorge+asda+muslins HTTP/1.1" 301 - "https://www.google.com/" "Mozilla/5.0 (Linux; Android 10; K) AppleWebKit/537.36 (KHTML, like Gecko) Chrome/138.0.0.0 Mobile Safari/537.36"
210.213.116.99 - - [14/Jul/2025:15:26:26 +0000] "GET /?x=5541784001800&mod=dfa92d8f&uri=itm.php%3Fid%3D185006-156%26name%3Dgeorge%20asda%20muslins HTTP/1.1" 200 1931 "https://www.google.com/" "Mozilla/5.0 (Linux; Android 10; K) AppleWebKit/537.36 (KHTML, like Gecko) Chrome/138.0.0.0 Mobile Safari/537.36"
194.26.192.154 - - [14/Jul/2025:15:26:26 +0000] "GET / HTTP/1.1" 200 5435 "-" "Mozlila/5.0 (Linux; Android 7.0; SM-G892A Bulid/NRD90M; wv) AppleWebKit/537.36 (KHTML, like Gecko) Version/4.0 Chrome/60.0.3112.107 Moblie Safari/537.36"
194.26.192.154 - - [14/Jul/2025:15:26:26 +0000] "GET /wp-content/themes/seotheme/db.php?u HTTP/1.1" 404 5505 "www.google.com" "Mozlila/5.0 (Linux; Android 7.0; SM-G892A Bulid/NRD90M; wv) AppleWebKit/537.36 (KHTML, like Gecko) Version/4.0 Chrome/60.0.3112.107 Moblie Safari/537.36"
210.213.116.99 - - [14/Jul/2025:15:26:26 +0000] "GET /wp-content/plugins/maintenance/load/css/style.css?ver=1615078706 HTTP/1.1" 200 3400 "https://kraft-court.cafe/?x=5541784001800&mod=dfa92d8f&uri=itm.php%3Fid%3D185006-156%26name%3Dgeorge%20asda%20muslins" "Mozilla/5.0 (Linux; Android 10; K) AppleWebKit/537.36 (KHTML, like Gecko) Chrome/138.0.0.0 Mobile Safari/537.36"
210.213.116.99 - - [14/Jul/2025:15:26:26 +0000] "GET /wp-content/plugins/maintenance/load/css/fonts.css?ver=1566425282 HTTP/1.1" 200 10398 "https://kraft-court.cafe/?x=5541784001800&mod=dfa92d8f&uri=itm.php%3Fid%3D185006-156%26name%3Dgeorge%20asda%20muslins" "Mozilla/5.0 (Linux; Android 10; K) AppleWebKit/537.36 (KHTML, like Gecko) Chrome/138.0.0.0 Mobile Safari/537.36"
194.26.192.154 - - [14/Jul/2025:15:26:26 +0000] "GET /wp-content/plugins/apikey/apikey.php?test=hello HTTP/1.1" 404 5529 "-" "Mozlila/5.0 (Linux; Android 7.0; SM-G892A Bulid/NRD90M; wv) AppleWebKit/537.36 (KHTML, like Gecko) Version/4.0 Chrome/60.0.3112.107 Moblie Safari/537.36"
194.26.192.154 - - [14/Jul/2025:15:26:26 +0000] "POST /wp-plain.php HTTP/1.1" 404 5459 "www.google.com" "Mozilla/5.0 (Linux; Android 7.0; SM-G892A Bulid/NRD90M; wv) AppleWebKit/537.36 (KHTML, like Gecko) Version/4.0 Chrome/60.0.3112.107 Moblie Safari/537.36"
210.213.116.99 - - [14/Jul/2025:15:26:26 +0000] "GET /wp-content/plugins/maintenance/load/fonts/foundation-icons.woff HTTP/1.1" 200 31683 "https://kraft-court.cafe/wp-content/plugins/maintenance/load/css/fonts.css?ver=1566425282" "Mozilla/5.0 (Linux; Android 10; K) AppleWebKit/537.36 (KHTML, like Gecko) Chrome/138.0.0.0 Mobile Safari/537.36"
210.213.116.99 - - [14/Jul/2025:15:26:26 +0000] "GET /wp-includes/js/jquery/jquery.min.js?ver=3.7.1 HTTP/1.1" 200 30368 "https://kraft-court.cafe/?x=5541784001800&mod=dfa92d8f&uri=itm.php%3Fid%3D185006-156%26name%3Dgeorge%20asda%20muslins" "Mozilla/5.0 (Linux; Android 10; K) AppleWebKit/537.36 (KHTML, like Gecko) Chrome/138.0.0.0 Mobile Safari/537.36"
194.26.192.154 - - [14/Jul/2025:15:26:26 +0000] "GET /plugins/content/apismtp/apismtp.php?test=hello HTTP/1.1" 404 5527 "-" "Mozlila/5.0 (Linux; Android 7.0; SM-G892A Bulid/NRD90M; wv) AppleWebKit/537.36 (KHTML, like Gecko) Version/4.0 Chrome/60.0.3112.107 Moblie Safari/537.36"
194.26.192.154 - - [14/Jul/2025:15:26:26 +0000] "GET /xkpwwvpn.php?Fox=d3wL7 HTTP/1.1" 404 5479 "www.google.com" "Mozilla/5.0 (Linux; Android 7.0; SM-G892A Bulid/NRD90M; wv) AppleWebKit/537.36 (KHTML, like Gecko) Version/4.0 Chrome/60.0.3112.107 Moblie Safari/537.36"
210.213.116.99 - - [14/Jul/2025:15:26:27 +0000] "GET /wp-content/plugins/maintenance/load/js/jquery.frontend.js?ver=1615078706 HTTP/1.1" 200 638 "https://kraft-court.cafe/?x=5541784001800&mod=dfa92d8f&uri=itm.php%3Fid%3D185006-156%26name%3Dgeorge%20asda%20muslins" "Mozilla/5.0 (Linux; Android 10; K) AppleWebKit/537.36 (KHTML, like Gecko) Chrome/138.0.0.0 Mobile Safari/537.36"
210.213.116.99 - - [14/Jul/2025:15:26:27 +0000] "GET /wp-includes/js/jquery/jquery-migrate.min.js?ver=3.4.1 HTTP/1.1" 200 4872 "https://kraft-court.cafe/?x=5541784001800&mod=dfa92d8f&uri=itm.php%3Fid%3D185006-156%26name%3Dgeorge%20asda%20muslins" "Mozilla/5.0 (Linux; Android 10; K) AppleWebKit/537.36 (KHTML, like Gecko) Chrome/138.0.0.0 Mobile Safari/537.36"
210.213.116.99 - - [14/Jul/2025:15:26:26 +0000] "GET /wp-content/uploads/2024/12/mt-sample-background.jpg HTTP/1.1" 200 217593 "https://kraft-court.cafe/?x=5541784001800&mod=dfa92d8f&uri=itm.php%3Fid%3D185006-156%26name%3Dgeorge%20asda%20muslins" "Mozilla/5.0 (Linux; Android 10; K) AppleWebKit/537.36 (KHTML, like Gecko) Chrome/138.0.0.0 Mobile Safari/537.36"
194.26.192.154 - - [14/Jul/2025:15:26:27 +0000] "GET /plugins/content/apismtp/apismtp.php.suspected?test=hello HTTP/1.1" 404 5547 "-" "Mozlila/5.0 (Linux; Android 7.0; SM-G892A Bulid/NRD90M; wv) AppleWebKit/537.36 (KHTML, like Gecko) Version/4.0 Chrome/60.0.3112.107 Moblie Safari/537.36"
210.213.116.99 - - [14/Jul/2025:15:26:28 +0000] "GET /favicon.ico HTTP/1.1" 302 - "https://kraft-court.cafe/?x=5541784001800&mod=dfa92d8f&uri=itm.php%3Fid%3D185006-156%26name%3Dgeorge%20asda%20muslins" "Mozilla/5.0 (Linux; Android 10; K) AppleWebKit/537.36 (KHTML, like Gecko) Chrome/138.0.0.0 Mobile Safari/537.36"
210.213.116.99 - - [14/Jul/2025:15:26:28 +0000] "GET /wp-includes/images/w-logo-blue-white-bg.png HTTP/1.1" 200 4119 "https://kraft-court.cafe/?x=5541784001800&mod=dfa92d8f&uri=itm.php%3Fid%3D185006-156%26name%3Dgeorge%20asda%20muslins" "Mozilla/5.0 (Linux; Android 10; K) AppleWebKit/537.36 (KHTML, like Gecko) Chrome/138.0.0.0 Mobile Safari/537.36"
66.249.65.35 - - [14/Jul/2025:15:28:06 +0000] "GET /?x=88956877001800&mod=76dc611d&uri=category-info.php?detail/2911273.htm HTTP/1.1" 200 18995 "-" "Mozilla/5.0 (Linux; Android 6.0.1; Nexus 5X Build/MMB29P) AppleWebKit/537.36 (KHTML, like Gecko) Chrome/137.0.7151.103 Mobile Safari/537.36 (compatible; Googlebot/2.1; +http://www.google.com/bot.html)"
209.74.77.214 - - [14/Jul/2025:15:34:28 +0000] "POST /wp-cron.php?doing_wp_cron=1752507268.9324259757995605468750 HTTP/1.1" 200 - "-" "WordPress/6.8.1; https://kraft-court.cafe"
51.222.253.6 - - [14/Jul/2025:15:34:27 +0000] "GET /?x=48919344041800&mod=02f063c2&uri=dp.php%3Fid%3D1632534-621%26name%3Dteddy+ruxpin+for+sale HTTP/1.1" 301 - "-" "Mozilla/5.0 (compatible; AhrefsBot/7.0; +http://ahrefs.com/robot/)"
31.13.127.112 - - [14/Jul/2025:15:42:17 +0000] "GET /robots.txt HTTP/1.1" 200 81 "-" "facebookexternalhit/1.1 (+http://www.facebook.com/externalhit_uatext.php)"
209.74.77.214 - - [14/Jul/2025:15:42:19 +0000] "POST /wp-cron.php?doing_wp_cron=1752507739.5224790573120117187500 HTTP/1.1" 200 - "-" "WordPress/6.8.1; https://kraft-court.cafe"
31.13.127.3 - - [14/Jul/2025:15:42:18 +0000] "GET / HTTP/1.1" 200 5435 "-" "facebookexternalhit/1.1 (+http://www.facebook.com/externalhit_uatext.php)"
209.74.77.214 - - [14/Jul/2025:15:42:45 +0000] "POST /wp-cron.php?doing_wp_cron=1752507765.5781579017639160156250 HTTP/1.1" 200 - "-" "WordPress/6.8.1; https://kraft-court.cafe"
51.222.253.11 - - [14/Jul/2025:15:42:45 +0000] "GET /?x=51302836021800&mod=db957c62&uri=product.php%3Fid%3D1712048-178%26name%3Dcalecon+pump HTTP/1.1" 301 - "-" "Mozilla/5.0 (compatible; AhrefsBot/7.0; +http://ahrefs.com/robot/)"
66.249.65.37 - - [14/Jul/2025:15:43:39 +0000] "GET /?x=55300424011800&mod=decc2e06&uri=info.php%3Fid%3D1845417-700%26name%3Dpomeranian+mixed+with+chow HTTP/1.1" 200 18437 "-" "Mozilla/5.0 (Linux; Android 6.0.1; Nexus 5X Build/MMB29P) AppleWebKit/537.36 (KHTML, like Gecko) Chrome/137.0.7151.103 Mobile Safari/537.36 (compatible; Googlebot/2.1; +http://www.google.com/bot.html)"
66.249.65.36 - - [14/Jul/2025:15:46:38 +0000] "GET /?x=80225277001800&mod=0cc6ee01&uri=article.php%3Fid%3D2677224-882%26name%3Dhp+omen+gtx+1080+ti HTTP/1.1" 200 18444 "-" "Mozilla/5.0 (Linux; Android 6.0.1; Nexus 5X Build/MMB29P) AppleWebKit/537.36 (KHTML, like Gecko) Chrome/137.0.7151.103 Mobile Safari/537.36 (compatible; Googlebot/2.1; +http://www.google.com/bot.html)"
209.74.77.214 - - [14/Jul/2025:15:46:57 +0000] "POST /wp-cron.php?doing_wp_cron=1752508017.6355869770050048828125 HTTP/1.1" 200 - "-" "WordPress/6.8.1; https://kraft-court.cafe"
51.222.253.15 - - [14/Jul/2025:15:46:56 +0000] "GET /?x=51385719021800&mod=00bbd6be&uri=blog.php%3Fid%3D1714815-1249%26name%3Ddior+dior+forever+skin+glow+foundation HTTP/1.1" 301 - "-" "Mozilla/5.0 (compatible; AhrefsBot/7.0; +http://ahrefs.com/robot/)"
119.59.101.43 - - [14/Jul/2025:15:46:58 +0000] "GET / HTTP/1.1" 200 1850 "http://kraft-court.cafe/?" "Go-http-client/1.1"
119.59.101.43 - - [14/Jul/2025:15:46:58 +0000] "GET /wp-login.php?action=lostpassword'123 HTTP/1.1" 200 1833 "-" "Go-http-client/1.1"
66.249.65.35 - - [14/Jul/2025:15:51:08 +0000] "GET /?x=21535721091800&mod=d594b1a9&uri=products.php%3Fid%3D718851-341%26name%3Dcortes+de+pelo+para+hombres+largo+lacio HTTP/1.1" 200 18463 "-" "Mozilla/5.0 (Linux; Android 6.0.1; Nexus 5X Build/MMB29P) AppleWebKit/537.36 (KHTML, like Gecko) Chrome/137.0.7151.103 Mobile Safari/537.36 (compatible; Googlebot/2.1; +http://www.google.com/bot.html)"
66.249.65.35 - - [14/Jul/2025:15:57:26 +0000] "GET /?x=5010797001800&mod=f5496252&uri=pin.php%3Fid%3D167282-306%26name%3Dvans+half+cab+donna+2017 HTTP/1.1" 200 18431 "-" "Mozilla/5.0 (Linux; Android 6.0.1; Nexus 5X Build/MMB29P) AppleWebKit/537.36 (KHTML, like Gecko) Chrome/137.0.7151.103 Mobile Safari/537.36 (compatible; Googlebot/2.1; +http://www.google.com/bot.html)"
66.249.65.37 - - [14/Jul/2025:15:58:13 +0000] "POST /get-message-notify HTTP/1.1" 200 18195 "https://kraft-court.cafe/?x=5010797001800&mod=f5496252&uri=pin.php%3Fid%3D167282-306%26name%3Dvans+half+cab+donna+2017" "Mozilla/5.0 (Linux; Android 6.0.1; Nexus 5X Build/MMB29P) AppleWebKit/537.36 (KHTML, like Gecko) Chrome/137.0.7151.119 Mobile Safari/537.36 (compatible; Googlebot/2.1; +http://www.google.com/bot.html)"
209.74.77.214 - - [14/Jul/2025:16:00:04 +0000] "POST /wp-cron.php?doing_wp_cron=1752508804.4281749725341796875000 HTTP/1.1" 200 - "-" "WordPress/6.8.1; https://kraft-court.cafe"
51.222.253.8 - - [14/Jul/2025:16:00:02 +0000] "GET /?x=53201295041800&mod=849a1c35&uri=products.php%3Fid%3D1775372-821%26name%3Dconverse+clothing+womens HTTP/1.1" 301 - "-" "Mozilla/5.0 (compatible; AhrefsBot/7.0; +http://ahrefs.com/robot/)"
209.74.77.214 - - [14/Jul/2025:16:04:39 +0000] "POST /wp-cron.php?doing_wp_cron=1752509079.4960010051727294921875 HTTP/1.1" 200 - "-" "WordPress/6.8.1; https://kraft-court.cafe"
51.222.253.19 - - [14/Jul/2025:16:04:37 +0000] "GET /?x=55340597011800&mod=741a0099&uri=products.php%3Fid%3D1846758-653%26name%3Dnueva+colecci%C3%83%C2%B3n+de+adidas+2021 HTTP/1.1" 301 - "-" "Mozilla/5.0 (compatible; AhrefsBot/7.0; +http://ahrefs.com/robot/)"
66.249.65.37 - - [14/Jul/2025:16:08:24 +0000] "GET /?x=5598954041800&mod=f5496252&uri=shared.php%3Fid%3D186916-306%26name%3Dvans+iso+2015 HTTP/1.1" 200 18416 "-" "Mozilla/5.0 (Linux; Android 6.0.1; Nexus 5X Build/MMB29P) AppleWebKit/537.36 (KHTML, like Gecko) Chrome/137.0.7151.103 Mobile Safari/537.36 (compatible; Googlebot/2.1; +http://www.google.com/bot.html)"
66.249.65.36 - - [14/Jul/2025:16:09:05 +0000] "POST /get-message-notify HTTP/1.1" 200 18196 "https://kraft-court.cafe/?x=5598954041800&mod=f5496252&uri=shared.php%3Fid%3D186916-306%26name%3Dvans+iso+2015" "Mozilla/5.0 (Linux; Android 6.0.1; Nexus 5X Build/MMB29P) AppleWebKit/537.36 (KHTML, like Gecko) Chrome/137.0.7151.119 Mobile Safari/537.36 (compatible; Googlebot/2.1; +http://www.google.com/bot.html)"
66.249.65.36 - - [14/Jul/2025:16:13:57 +0000] "GET /?x=47119756031800&mod=e7d6e2e8&uri=brands.php%3Fid%3D1572505-721%26name%3Dpolo+pullover+weiss HTTP/1.1" 200 18426 "-" "Mozilla/5.0 (Linux; Android 6.0.1; Nexus 5X Build/MMB29P) AppleWebKit/537.36 (KHTML, like Gecko) Chrome/137.0.7151.103 Mobile Safari/537.36 (compatible; Googlebot/2.1; +http://www.google.com/bot.html)"
209.74.77.214 - - [14/Jul/2025:16:14:23 +0000] "POST /wp-cron.php?doing_wp_cron=1752509663.1296479701995849609375 HTTP/1.1" 200 - "-" "WordPress/6.8.1; https://kraft-court.cafe"
51.222.253.19 - - [14/Jul/2025:16:14:22 +0000] "GET /?x=58096888021800&mod=d29af1fd&uri=blog.php%3Fid%3D1938722-1341%26name%3Dnike+nsw+wr+jkt HTTP/1.1" 301 - "-" "Mozilla/5.0 (compatible; AhrefsBot/7.0; +http://ahrefs.com/robot/)"
66.249.65.36 - - [14/Jul/2025:16:16:37 +0000] "GET /?x=47508725011800&mod=1e056d2b&uri=form.php%3Fid%3D1585479-91%26name%3Ddetachable+full+face+mtb+helmet HTTP/1.1" 200 18434 "-" "Mozilla/5.0 (Linux; Android 6.0.1; Nexus 5X Build/MMB29P) AppleWebKit/537.36 (KHTML, like Gecko) Chrome/137.0.7151.103 Mobile Safari/537.36 (compatible; Googlebot/2.1; +http://www.google.com/bot.html)"
66.249.65.35 - - [14/Jul/2025:16:20:21 +0000] "GET /?x=38622492041800&mod=97108695&uri=form.php%3Fid%3D1289030-335%26name%3Ddoom+collection+nintendo+switch HTTP/1.1" 200 18432 "-" "Mozilla/5.0 (Linux; Android 6.0.1; Nexus 5X Build/MMB29P) AppleWebKit/537.36 (KHTML, like Gecko) Chrome/137.0.7151.103 Mobile Safari/537.36 (compatible; Googlebot/2.1; +http://www.google.com/bot.html)"
66.249.65.36 - - [14/Jul/2025:16:20:24 +0000] "POST /get-message-notify HTTP/1.1" 200 18196 "https://kraft-court.cafe/?x=38622492041800&mod=97108695&uri=form.php%3Fid%3D1289030-335%26name%3Ddoom+collection+nintendo+switch" "Mozilla/5.0 (Linux; Android 6.0.1; Nexus 5X Build/MMB29P) AppleWebKit/537.36 (KHTML, like Gecko) Chrome/137.0.7151.119 Mobile Safari/537.36 (compatible; Googlebot/2.1; +http://www.google.com/bot.html)"
66.249.65.35 - - [14/Jul/2025:16:25:53 +0000] "GET /?x=5952941061800&mod=c5bbd980&uri=products.php%3Fid%3D198790-344%26name%3Dshoe+size HTTP/1.1" 200 18412 "-" "Mozilla/5.0 (Linux; Android 6.0.1; Nexus 5X Build/MMB29P) AppleWebKit/537.36 (KHTML, like Gecko) Chrome/137.0.7151.103 Mobile Safari/537.36 (compatible; Googlebot/2.1; +http://www.google.com/bot.html)"
209.74.77.214 - - [14/Jul/2025:16:27:54 +0000] "POST /wp-cron.php?doing_wp_cron=1752510474.5248529911041259765625 HTTP/1.1" 200 - "-" "WordPress/6.8.1; https://kraft-court.cafe"
51.222.253.5 - - [14/Jul/2025:16:27:53 +0000] "GET /?x=62171402071800&mod=b18336c0&uri=form.php%3Fid%3D2074733-1221%26name%3Dcable+hdmi+para+celular+entrada+c HTTP/1.1" 301 - "-" "Mozilla/5.0 (compatible; AhrefsBot/7.0; +http://ahrefs.com/robot/)"
66.249.65.36 - - [14/Jul/2025:16:32:56 +0000] "GET /?x=59643539051800&mod=b6cda17a&uri=products.php%3Fid%3D1990353-233%26name%3Dchubasquero+hombre+columbia HTTP/1.1" 200 18448 "-" "Mozilla/5.0 (Linux; Android 6.0.1; Nexus 5X Build/MMB29P) AppleWebKit/537.36 (KHTML, like Gecko) Chrome/137.0.7151.103 Mobile Safari/537.36 (compatible; Googlebot/2.1; +http://www.google.com/bot.html)"
51.222.253.2 - - [14/Jul/2025:16:32:58 +0000] "GET /sitemap.xml HTTP/1.1" 200 4621 "-" "Mozilla/5.0 (compatible; AhrefsBot/7.0; +http://ahrefs.com/robot/)"
209.74.77.214 - - [14/Jul/2025:16:38:32 +0000] "POST /wp-cron.php?doing_wp_cron=1752511112.7712779045104980468750 HTTP/1.1" 200 - "-" "WordPress/6.8.1; https://kraft-court.cafe"
223.237.164.213 - - [14/Jul/2025:16:38:31 +0000] "GET /?x=5731431071800&mod=333cb763&uri=us.php%3Fid%3D191399-334%26name%3Dmovierulz+movierulz+vpn HTTP/1.1" 301 - "https://www.google.com/" "Mozilla/5.0 (Linux; Android 10; K) AppleWebKit/537.36 (KHTML, like Gecko) Chrome/138.0.0.0 Mobile Safari/537.36"
66.249.65.35 - - [14/Jul/2025:16:43:28 +0000] "POST /get-message-notify HTTP/1.1" 200 18196 "https://kraft-court.cafe/?x=47125169071800&mod=e7d6e2e8&uri=category-info.php%3Fid%3D1572687-721%26name%3Dpullover+damen+online" "Mozilla/5.0 (Linux; Android 6.0.1; Nexus 5X Build/MMB29P) AppleWebKit/537.36 (KHTML, like Gecko) Chrome/137.0.7151.119 Mobile Safari/537.36 (compatible; Googlebot/2.1; +http://www.google.com/bot.html)"
66.249.65.35 - - [14/Jul/2025:16:43:40 +0000] "GET /?x=47520335001800&mod=0d2922ee&uri=search.php%3Fid%3D1585866-1246%26name%3Dsnow+peak+end+clothing HTTP/1.1" 200 18427 "-" "Mozilla/5.0 (Linux; Android 6.0.1; Nexus 5X Build/MMB29P) AppleWebKit/537.36 (KHTML, like Gecko) Chrome/137.0.7151.103 Mobile Safari/537.36 (compatible; Googlebot/2.1; +http://www.google.com/bot.html)"
209.74.77.214 - - [14/Jul/2025:16:47:57 +0000] "POST /wp-cron.php?doing_wp_cron=1752511677.7294199466705322265625 HTTP/1.1" 200 - "-" "WordPress/6.8.1; https://kraft-court.cafe"
51.222.253.9 - - [14/Jul/2025:16:47:56 +0000] "GET /?x=106138663041800&uri=us.php%3Fid%3D3542204-138%26name%3Dariat%20wellies%20size HTTP/1.1" 200 1919 "-" "Mozilla/5.0 (compatible; AhrefsBot/7.0; +http://ahrefs.com/robot/)"
66.249.65.37 - - [14/Jul/2025:16:48:51 +0000] "GET /?x=5940431051800&mod=b0169350&uri=shared.php%3Fid%3D198373-321%26name%3Dbearded+puppies+for+sale HTTP/1.1" 200 18429 "-" "Mozilla/5.0 (Linux; Android 6.0.1; Nexus 5X Build/MMB29P) AppleWebKit/537.36 (KHTML, like Gecko) Chrome/137.0.7151.103 Mobile Safari/537.36 (compatible; Googlebot/2.1; +http://www.google.com/bot.html)"
66.249.65.35 - - [14/Jul/2025:16:48:54 +0000] "POST /get-message-notify HTTP/1.1" 200 18196 "https://kraft-court.cafe/?x=5940431051800&mod=b0169350&uri=shared.php%3Fid%3D198373-321%26name%3Dbearded+puppies+for+sale" "Mozilla/5.0 (Linux; Android 6.0.1; Nexus 5X Build/MMB29P) AppleWebKit/537.36 (KHTML, like Gecko) Chrome/137.0.7151.119 Mobile Safari/537.36 (compatible; Googlebot/2.1; +http://www.google.com/bot.html)"
66.249.65.36 - - [14/Jul/2025:16:50:16 +0000] "GET /?x=47571520011800&mod=5031fe42&uri=itm.php%3Fid%3D1587573-1247%26name%3Dmatalan+leggings+womens HTTP/1.1" 200 18430 "-" "Mozilla/5.0 (Linux; Android 6.0.1; Nexus 5X Build/MMB29P) AppleWebKit/537.36 (KHTML, like Gecko) Chrome/137.0.7151.103 Mobile Safari/537.36 (compatible; Googlebot/2.1; +http://www.google.com/bot.html)"
209.74.77.214 - - [14/Jul/2025:16:51:33 +0000] "POST /wp-cron.php?doing_wp_cron=1752511893.4943709373474121093750 HTTP/1.1" 200 - "-" "WordPress/6.8.1; https://kraft-court.cafe"
209.74.77.214 - - [14/Jul/2025:16:51:33 +0000] "POST /wp-cron.php?doing_wp_cron=1752511893.4943718910217285156250 HTTP/1.1" 200 - "-" "WordPress/6.8.1; https://kraft-court.cafe"
193.186.4.142 - - [14/Jul/2025:16:51:32 +0000] "GET /?x=5731431071800&mod=333cb763&uri=us.php%3Fid%3D191399-334%26name%3Dmovierulz+movierulz+vpn HTTP/1.1" 301 - "https://www.google.com/" "Mozilla/5.0 (Linux; Android 10; K) AppleWebKit/537.36 (KHTML, like Gecko) Chrome/138.0.0.0 Mobile Safari/537.36"
64.233.173.200 - - [14/Jul/2025:16:51:32 +0000] "GET /.well-known/traffic-advice HTTP/1.1" 404 1869 "-" "Chrome Privacy Preserving Prefetch Proxy"
193.186.4.142 - - [14/Jul/2025:16:51:33 +0000] "GET /?x=5731431071800&mod=333cb763&uri=us.php%3Fid%3D191399-334%26name%3Dmovierulz%20movierulz%20vpn HTTP/1.1" 200 1928 "https://www.google.com/" "Mozilla/5.0 (Linux; Android 10; K) AppleWebKit/537.36 (KHTML, like Gecko) Chrome/138.0.0.0 Mobile Safari/537.36"
66.249.65.36 - - [14/Jul/2025:16:52:27 +0000] "GET /?x=6994712141800&mod=bf5cd8b2&uri=info.php%3Fid%3D233600-395%26name%3Dcoiffure+avec+peigne+fleuri HTTP/1.1" 200 18437 "-" "Mozilla/5.0 (Linux; Android 6.0.1; Nexus 5X Build/MMB29P) AppleWebKit/537.36 (KHTML, like Gecko) Chrome/137.0.7151.103 Mobile Safari/537.36 (compatible; Googlebot/2.1; +http://www.google.com/bot.html)"
66.249.65.37 - - [14/Jul/2025:16:52:31 +0000] "POST /get-message-notify HTTP/1.1" 200 18196 "https://kraft-court.cafe/?x=6994712141800&mod=bf5cd8b2&uri=info.php%3Fid%3D233600-395%26name%3Dcoiffure+avec+peigne+fleuri" "Mozilla/5.0 (Linux; Android 6.0.1; Nexus 5X Build/MMB29P) AppleWebKit/537.36 (KHTML, like Gecko) Chrome/137.0.7151.119 Mobile Safari/537.36 (compatible; Googlebot/2.1; +http://www.google.com/bot.html)"
209.74.77.214 - - [14/Jul/2025:16:54:02 +0000] "POST /wp-cron.php?doing_wp_cron=1752512042.5819981098175048828125 HTTP/1.1" 200 - "-" "WordPress/6.8.1; https://kraft-court.cafe"
51.222.253.10 - - [14/Jul/2025:16:54:01 +0000] "GET /?x=106312710031800&mod=f4faae32&uri=info.php%3Fid%3D3548016-1186%26name%3Dblack+t+shirt+with+collar HTTP/1.1" 301 - "-" "Mozilla/5.0 (compatible; AhrefsBot/7.0; +http://ahrefs.com/robot/)"
66.249.65.36 - - [14/Jul/2025:16:55:18 +0000] "GET /?x=45451077031800&mod=c4b43ae0&uri=pin.php%3Fid%3D1516841-330%26name%3Dmorco+super+compact+feb24e+not+working HTTP/1.1" 200 18454 "-" "Mozilla/5.0 (Linux; Android 6.0.1; Nexus 5X Build/MMB29P) AppleWebKit/537.36 (KHTML, like Gecko) Chrome/137.0.7151.103 Mobile Safari/537.36 (compatible; Googlebot/2.1; +http://www.google.com/bot.html)"
66.249.65.35 - - [14/Jul/2025:16:55:27 +0000] "GET /?x=6841231031800&mod=f26df67e&uri=pin.php%3Fid%3D228479-383%26name%3Dwhite+lace+pregnancy+dress HTTP/1.1" 200 18429 "-" "Mozilla/5.0 (Linux; Android 6.0.1; Nexus 5X Build/MMB29P) AppleWebKit/537.36 (KHTML, like Gecko) Chrome/137.0.7151.103 Mobile Safari/537.36 (compatible; Googlebot/2.1; +http://www.google.com/bot.html)"
66.249.65.37 - - [14/Jul/2025:16:56:21 +0000] "GET /?x=47525375021800&mod=0d2922ee&uri=search.php%3Fid%3D1586034-1246%26name%3Dblack+leather+dress+h%26m HTTP/1.1" 200 18435 "-" "Mozilla/5.0 (Linux; Android 6.0.1; Nexus 5X Build/MMB29P) AppleWebKit/537.36 (KHTML, like Gecko) Chrome/137.0.7151.103 Mobile Safari/537.36 (compatible; Googlebot/2.1; +http://www.google.com/bot.html)"
66.249.65.37 - - [14/Jul/2025:16:56:24 +0000] "POST /get-message-notify HTTP/1.1" 200 18196 "https://kraft-court.cafe/?x=47525375021800&mod=0d2922ee&uri=search.php%3Fid%3D1586034-1246%26name%3Dblack+leather+dress+h%26m" "Mozilla/5.0 (Linux; Android 6.0.1; Nexus 5X Build/MMB29P) AppleWebKit/537.36 (KHTML, like Gecko) Chrome/137.0.7151.119 Mobile Safari/537.36 (compatible; Googlebot/2.1; +http://www.google.com/bot.html)"
209.74.77.214 - - [14/Jul/2025:16:59:33 +0000] "POST /wp-cron.php?doing_wp_cron=1752512373.0126650333404541015625 HTTP/1.1" 200 - "-" "WordPress/6.8.1; https://kraft-court.cafe"
51.222.253.3 - - [14/Jul/2025:16:59:31 +0000] "GET /?x=107745313011800&mod=79e6455a&uri=product.php%3Fid%3D3595819-1655%26name%3Dsalomon+pocket+rocket HTTP/1.1" 301 - "-" "Mozilla/5.0 (compatible; AhrefsBot/7.0; +http://ahrefs.com/robot/)"
209.74.77.214 - - [14/Jul/2025:17:03:36 +0000] "POST /wp-cron.php?doing_wp_cron=1752512616.9110589027404785156250 HTTP/1.1" 200 - "-" "WordPress/6.8.1; https://kraft-court.cafe"
162.120.184.11 - - [14/Jul/2025:17:03:35 +0000] "GET /?x=5731431071800&mod=333cb763&uri=us.php%3Fid%3D191399-334%26name%3Dmovierulz+movierulz+vpn HTTP/1.1" 301 - "https://www.google.com/" "Mozilla/5.0 (Linux; Android 10; K) AppleWebKit/537.36 (KHTML, like Gecko) Chrome/138.0.0.0 Mobile Safari/537.36"
162.120.184.11 - - [14/Jul/2025:17:03:37 +0000] "GET /?x=5731431071800&mod=333cb763&uri=us.php%3Fid%3D191399-334%26name%3Dmovierulz%20movierulz%20vpn HTTP/1.1" 200 1928 "https://www.google.com/" "Mozilla/5.0 (Linux; Android 10; K) AppleWebKit/537.36 (KHTML, like Gecko) Chrome/138.0.0.0 Mobile Safari/537.36"
66.249.65.35 - - [14/Jul/2025:17:04:26 +0000] "GET /?x=74790823031800&mod=9854d7af&uri=shared.php%3Fid%3D2495823-387%26name%3Dheavy+bag+hiit+workout+for+beginners HTTP/1.1" 200 18450 "-" "Mozilla/5.0 (Linux; Android 6.0.1; Nexus 5X Build/MMB29P) AppleWebKit/537.36 (KHTML, like Gecko) Chrome/137.0.7151.103 Mobile Safari/537.36 (compatible; Googlebot/2.1; +http://www.google.com/bot.html)"
209.74.77.214 - - [14/Jul/2025:17:05:26 +0000] "POST /wp-cron.php?doing_wp_cron=1752512726.2583830356597900390625 HTTP/1.1" 200 - "-" "WordPress/6.8.1; https://kraft-court.cafe"
51.222.253.20 - - [14/Jul/2025:17:05:24 +0000] "GET /?x=110186210021800&mod=252a3dba&uri=shared.php%3Fid%3D3677256-357%26name%3Dbotas+vaqueras+de+cascabel HTTP/1.1" 301 - "-" "Mozilla/5.0 (compatible; AhrefsBot/7.0; +http://ahrefs.com/robot/)"
66.249.65.35 - - [14/Jul/2025:17:07:58 +0000] "GET /?x=28925515061800&mod=333cb763&uri=goods.php%3Fid%3D965406-334%26name%3Dbt+sport+national+league HTTP/1.1" 200 18430 "-" "Mozilla/5.0 (Linux; Android 6.0.1; Nexus 5X Build/MMB29P) AppleWebKit/537.36 (KHTML, like Gecko) Chrome/137.0.7151.103 Mobile Safari/537.36 (compatible; Googlebot/2.1; +http://www.google.com/bot.html)"
209.74.77.214 - - [14/Jul/2025:17:08:36 +0000] "POST /wp-cron.php?doing_wp_cron=1752512916.9548239707946777343750 HTTP/1.1" 200 - "-" "WordPress/6.8.1; https://kraft-court.cafe"
43.128.67.187 - - [14/Jul/2025:17:08:36 +0000] "GET / HTTP/1.1" 200 1850 "http://kraft-court.cafe" "Mozilla/5.0 (iPhone; CPU iPhone OS 13_2_3 like Mac OS X) AppleWebKit/605.1.15 (KHTML, like Gecko) Version/13.0.3 Mobile/15E148 Safari/604.1"
66.249.65.36 - - [14/Jul/2025:17:09:20 +0000] "GET /?x=119670493001800&mod=6b9bb055&uri=dp.php%3Fid%3D3993770-466%26name%3Dsheplers+cowboy+shirts HTTP/1.1" 200 18428 "-" "Mozilla/5.0 (Linux; Android 6.0.1; Nexus 5X Build/MMB29P) AppleWebKit/537.36 (KHTML, like Gecko) Chrome/137.0.7151.103 Mobile Safari/537.36 (compatible; Googlebot/2.1; +http://www.google.com/bot.html)"
66.249.65.35 - - [14/Jul/2025:17:13:58 +0000] "GET /?x=86352336021800&mod=97108695&uri=category-info.php%3Fid%3D2881709-335%26name%3Dchampion+case+for+airpods HTTP/1.1" 200 18468 "-" "Mozilla/5.0 (Linux; Android 6.0.1; Nexus 5X Build/MMB29P) AppleWebKit/537.36 (KHTML, like Gecko) Chrome/137.0.7151.103 Mobile Safari/537.36 (compatible; Googlebot/2.1; +http://www.google.com/bot.html)"
66.249.65.37 - - [14/Jul/2025:17:13:57 +0000] "GET /?x=47744623051800&mod=c73dfe6c&uri=product.php%3Fid%3D1593351-134%26name%3Dseries+derry+girls HTTP/1.1" 200 18432 "-" "Mozilla/5.0 (Linux; Android 6.0.1; Nexus 5X Build/MMB29P) AppleWebKit/537.36 (KHTML, like Gecko) Chrome/137.0.7151.103 Mobile Safari/537.36 (compatible; Googlebot/2.1; +http://www.google.com/bot.html)"
66.249.65.37 - - [14/Jul/2025:17:15:29 +0000] "GET /?x=47671859011800&mod=ad067202&uri=form.php%3Fid%3D1590919-669%26name%3Dwhite+chairs+with+wheels HTTP/1.1" 200 18424 "-" "Mozilla/5.0 (Linux; Android 6.0.1; Nexus 5X Build/MMB29P) AppleWebKit/537.36 (KHTML, like Gecko) Chrome/137.0.7151.103 Mobile Safari/537.36 (compatible; Googlebot/2.1; +http://www.google.com/bot.html)"
209.74.77.214 - - [14/Jul/2025:17:16:04 +0000] "POST /wp-cron.php?doing_wp_cron=1752513364.0640249252319335937500 HTTP/1.1" 200 - "-" "WordPress/6.8.1; https://kraft-court.cafe"
116.206.178.218 - - [14/Jul/2025:17:16:02 +0000] "POST /xmlrpc.php HTTP/1.1" 200 403 "-" "Mozilla/5.0 (Windows NT 10.0; Win64; x64) AppleWebKit/537.36 (KHTML, like Gecko) Chrome/79.0.3945.117 Safari/537.36"
91.134.248.211 - - [14/Jul/2025:17:16:17 +0000] "POST /xmlrpc.php HTTP/1.1" 200 403 "-" "Mozilla/5.0 (Windows NT 10.0; Win64; x64) AppleWebKit/537.36 (KHTML, like Gecko) Chrome/60.0.3112.113 Safari/537.36"
84.34.147.72 - - [14/Jul/2025:17:16:29 +0000] "POST /xmlrpc.php HTTP/1.1" 200 403 "-" "Mozilla/5.0 (iPad; CPU OS 14_6 like Mac OS X) AppleWebKit/605.1.15 (KHTML, like Gecko) CriOS/91.0.4472.80 Mobile/15E148 Safari/604.1"
209.74.77.214 - - [14/Jul/2025:17:16:35 +0000] "POST /wp-cron.php?doing_wp_cron=1752513395.6675140857696533203125 HTTP/1.1" 200 - "-" "WordPress/6.8.1; https://kraft-court.cafe"
103.167.89.11 - - [14/Jul/2025:17:16:35 +0000] "POST /xmlrpc.php HTTP/1.1" 200 403 "-" "Mozilla/5.0 (Windows NT 10.0; Win64; x64) AppleWebKit/537.36 (KHTML, like Gecko) Chrome/90.0.4430.93 Safari/537.36"
209.74.77.214 - - [14/Jul/2025:17:17:08 +0000] "POST /wp-cron.php?doing_wp_cron=1752513428.4076869487762451171875 HTTP/1.1" 200 - "-" "WordPress/6.8.1; https://kraft-court.cafe"
51.222.253.10 - - [14/Jul/2025:17:17:07 +0000] "GET /?x=112219924051800&mod=ead8e658&uri=dp.php%3Fid%3D3745174-1676%26name%3Dwhite+flare+midi+dress HTTP/1.1" 301 - "-" "Mozilla/5.0 (compatible; AhrefsBot/7.0; +http://ahrefs.com/robot/)"
66.249.65.36 - - [14/Jul/2025:17:19:53 +0000] "GET /?x=93830864031800&mod=c73dfe6c&uri=itm.php?detail/2922978.htm HTTP/1.1" 200 18803 "-" "Mozilla/5.0 (Linux; Android 6.0.1; Nexus 5X Build/MMB29P) AppleWebKit/537.36 (KHTML, like Gecko) Chrome/137.0.7151.103 Mobile Safari/537.36 (compatible; Googlebot/2.1; +http://www.google.com/bot.html)"
66.249.65.35 - - [14/Jul/2025:17:19:55 +0000] "GET /?x=47694788021800&mod=b7b16ecf&uri=blog.php%3Fid%3D1591684-39%26name%3Dwobble+stool+adjustable+height HTTP/1.1" 200 18438 "-" "Mozilla/5.0 (Linux; Android 6.0.1; Nexus 5X Build/MMB29P) AppleWebKit/537.36 (KHTML, like Gecko) Chrome/137.0.7151.103 Mobile Safari/537.36 (compatible; Googlebot/2.1; +http://www.google.com/bot.html)"
209.74.77.214 - - [14/Jul/2025:17:23:19 +0000] "POST /wp-cron.php?doing_wp_cron=1752513799.3849680423736572265625 HTTP/1.1" 200 - "-" "WordPress/6.8.1; https://kraft-court.cafe"
51.222.253.20 - - [14/Jul/2025:17:23:18 +0000] "GET /?x=114803138071800&mod=a1395df0&uri=news.php%3Fid%3D3831408-1690%26name%3Dcan+you+wash+a+suit+jacket+in+a+washing+machine HTTP/1.1" 301 - "-" "Mozilla/5.0 (compatible; AhrefsBot/7.0; +http://ahrefs.com/robot/)"
43.153.47.201 - - [14/Jul/2025:17:23:22 +0000] "GET /xmlrpc.php HTTP/1.1" 405 60 "-" "Mozilla/5.0 (iPhone; CPU iPhone OS 13_2_3 like Mac OS X) AppleWebKit/605.1.15 (KHTML, like Gecko) Version/13.0.3 Mobile/15E148 Safari/604.1"
66.249.65.36 - - [14/Jul/2025:17:24:34 +0000] "GET /?x=84254014041800&mod=c2626d85&uri=brands.php%3Fid%3D2811702-82%26name%3Dyeezy+slide+taglie HTTP/1.1" 200 18427 "-" "Mozilla/5.0 (Linux; Android 6.0.1; Nexus 5X Build/MMB29P) AppleWebKit/537.36 (KHTML, like Gecko) Chrome/137.0.7151.103 Mobile Safari/537.36 (compatible; Googlebot/2.1; +http://www.google.com/bot.html)"
66.249.65.36 - - [14/Jul/2025:17:24:44 +0000] "GET /?x=47693318031800&mod=293c3b96&uri=article.php%3Fid%3D1591635-1112%26name%3Dskechers+go+walk+australia HTTP/1.1" 200 18454 "-" "Mozilla/5.0 (Linux; Android 6.0.1; Nexus 5X Build/MMB29P) AppleWebKit/537.36 (KHTML, like Gecko) Chrome/137.0.7151.103 Mobile Safari/537.36 (compatible; Googlebot/2.1; +http://www.google.com/bot.html)"
66.249.65.37 - - [14/Jul/2025:17:25:06 +0000] "POST /get-message-notify HTTP/1.1" 200 18196 "https://kraft-court.cafe/?x=84254014041800&mod=c2626d85&uri=brands.php%3Fid%3D2811702-82%26name%3Dyeezy+slide+taglie" "Mozilla/5.0 (Linux; Android 6.0.1; Nexus 5X Build/MMB29P) AppleWebKit/537.36 (KHTML, like Gecko) Chrome/137.0.7151.119 Mobile Safari/537.36 (compatible; Googlebot/2.1; +http://www.google.com/bot.html)"
209.74.77.214 - - [14/Jul/2025:17:34:33 +0000] "POST /wp-cron.php?doing_wp_cron=1752514473.6728420257568359375000 HTTP/1.1" 200 - "-" "WordPress/6.8.1; https://kraft-court.cafe"
51.222.253.20 - - [14/Jul/2025:17:34:32 +0000] "GET /?x=116566116041800&uri=itm.php%3Fid%3D3890220-1695%26name%3Dskechers%20go%20golf%20pro%20review HTTP/1.1" 200 1926 "-" "Mozilla/5.0 (compatible; AhrefsBot/7.0; +http://ahrefs.com/robot/)"
209.74.77.214 - - [14/Jul/2025:17:36:29 +0000] "POST /wp-cron.php?doing_wp_cron=1752514589.5401248931884765625000 HTTP/1.1" 200 - "-" "WordPress/6.8.1; https://kraft-court.cafe"
43.130.67.6 - - [14/Jul/2025:17:36:28 +0000] "GET /wp-login.php?action=lostpassword HTTP/1.1" 200 1070 "-" "Mozilla/5.0 (iPhone; CPU iPhone OS 13_2_3 like Mac OS X) AppleWebKit/605.1.15 (KHTML, like Gecko) Version/13.0.3 Mobile/15E148 Safari/604.1"
104.210.140.128 - - [14/Jul/2025:17:39:38 +0000] "GET /robots.txt HTTP/1.1" 200 96 "-" "Mozilla/5.0 (Macintosh; Intel Mac OS X 10_15_7) AppleWebKit/537.36 (KHTML, like Gecko) Chrome/131.0.0.0 Safari/537.36; compatible; OAI-SearchBot/1.0; +https://openai.com/searchbot"
209.74.77.214 - - [14/Jul/2025:17:39:50 +0000] "POST /wp-cron.php?doing_wp_cron=1752514790.0566980838775634765625 HTTP/1.1" 200 - "-" "WordPress/6.8.1; https://kraft-court.cafe"
51.222.253.7 - - [14/Jul/2025:17:39:48 +0000] "GET /?x=118258918001800&uri=goods.php%3Fid%3D3946685-704%26name%3Dseafolly%20blue%20bikini HTTP/1.1" 200 1924 "-" "Mozilla/5.0 (compatible; AhrefsBot/7.0; +http://ahrefs.com/robot/)"
66.249.65.36 - - [14/Jul/2025:17:49:53 +0000] "GET /?x=88955717011800&mod=76dc611d&uri=us.php%3Fid%3D2968593-12%26name%3Dsecadora+de+ropa+a%2B%2B%2B+mejor+precio HTTP/1.1" 200 18447 "-" "Mozilla/5.0 (Linux; Android 6.0.1; Nexus 5X Build/MMB29P) AppleWebKit/537.36 (KHTML, like Gecko) Chrome/137.0.7151.103 Mobile Safari/537.36 (compatible; Googlebot/2.1; +http://www.google.com/bot.html)"
209.74.77.214 - - [14/Jul/2025:17:50:13 +0000] "POST /wp-cron.php?doing_wp_cron=1752515413.0285758972167968750000 HTTP/1.1" 200 - "-" "WordPress/6.8.1; https://kraft-court.cafe"
162.144.176.16 - - [14/Jul/2025:17:50:12 +0000] "POST /xmlrpc.php HTTP/1.1" 200 225 "-" "Mozilla/5.0 (X11; Ubuntu; Linux x86_64; rv:85.0) Gecko/20100101 Firefox/91.0"
209.74.77.214 - - [14/Jul/2025:17:50:48 +0000] "POST /wp-cron.php?doing_wp_cron=1752515448.9607369899749755859375 HTTP/1.1" 200 - "-" "WordPress/6.8.1; https://kraft-court.cafe"
51.222.253.6 - - [14/Jul/2025:17:50:47 +0000] "GET /?x=13876134061800&mod=5b8e9841&uri=form.php%3Fid%3D463270-605%26name%3Dadidas+logo+colourful HTTP/1.1" 301 - "-" "Mozilla/5.0 (compatible; AhrefsBot/7.0; +http://ahrefs.com/robot/)"
170.106.15.3 - - [14/Jul/2025:17:51:04 +0000] "GET /wp-login.php HTTP/1.1" 200 1833 "-" "Mozilla/5.0 (iPhone; CPU iPhone OS 13_2_3 like Mac OS X) AppleWebKit/605.1.15 (KHTML, like Gecko) Version/13.0.3 Mobile/15E148 Safari/604.1"
45.138.16.130 - - [14/Jul/2025:17:51:42 +0000] "GET / HTTP/1.1" 200 5435 "-" "Mozlila/5.0 (Linux; Android 7.0; SM-G892A Bulid/NRD90M; wv) AppleWebKit/537.36 (KHTML, like Gecko) Version/4.0 Chrome/60.0.3112.107 Moblie Safari/537.36"
45.138.16.130 - - [14/Jul/2025:17:51:43 +0000] "GET /wp-content/plugins/apikey/apikey.php?test=hello HTTP/1.1" 404 5529 "-" "Mozlila/5.0 (Linux; Android 7.0; SM-G892A Bulid/NRD90M; wv) AppleWebKit/537.36 (KHTML, like Gecko) Version/4.0 Chrome/60.0.3112.107 Moblie Safari/537.36"
45.138.16.130 - - [14/Jul/2025:17:51:43 +0000] "GET /wp-content/themes/seotheme/db.php?u HTTP/1.1" 404 5505 "www.google.com" "Mozlila/5.0 (Linux; Android 7.0; SM-G892A Bulid/NRD90M; wv) AppleWebKit/537.36 (KHTML, like Gecko) Version/4.0 Chrome/60.0.3112.107 Moblie Safari/537.36"
209.74.77.214 - - [14/Jul/2025:17:51:46 +0000] "POST /wp-cron.php?doing_wp_cron=1752515505.7371358871459960937500 HTTP/1.1" 200 - "-" "WordPress/6.8.1; https://kraft-court.cafe"
45.138.16.130 - - [14/Jul/2025:17:51:44 +0000] "GET /plugins/content/apismtp/apismtp.php?test=hello HTTP/1.1" 404 5527 "-" "Mozlila/5.0 (Linux; Android 7.0; SM-G892A Bulid/NRD90M; wv) AppleWebKit/537.36 (KHTML, like Gecko) Version/4.0 Chrome/60.0.3112.107 Moblie Safari/537.36"
45.138.16.130 - - [14/Jul/2025:17:51:44 +0000] "POST /wp-plain.php HTTP/1.1" 404 5459 "www.google.com" "Mozilla/5.0 (Linux; Android 7.0; SM-G892A Bulid/NRD90M; wv) AppleWebKit/537.36 (KHTML, like Gecko) Version/4.0 Chrome/60.0.3112.107 Moblie Safari/537.36"
45.138.16.130 - - [14/Jul/2025:17:51:46 +0000] "GET /wp-content/plugins/apikey/apikey.php.suspected?test=hello HTTP/1.1" 404 5549 "-" "Mozlila/5.0 (Linux; Android 7.0; SM-G892A Bulid/NRD90M; wv) AppleWebKit/537.36 (KHTML, like Gecko) Version/4.0 Chrome/60.0.3112.107 Moblie Safari/537.36"
45.138.16.130 - - [14/Jul/2025:17:51:46 +0000] "GET /nvcknxed.php?Fox=d3wL7 HTTP/1.1" 404 5479 "www.google.com" "Mozilla/5.0 (Linux; Android 7.0; SM-G892A Bulid/NRD90M; wv) AppleWebKit/537.36 (KHTML, like Gecko) Version/4.0 Chrome/60.0.3112.107 Moblie Safari/537.36"
