66.249.65.35 - - [14/Jul/2025:13:14:57 +0000] "GET /?x=93830864031800&mod=c73dfe6c&uri=itm.php?detail/2882855.htm HTTP/1.1" 200 19076 "-" "Mozilla/5.0 (Linux; Android 6.0.1; Nexus 5X Build/MMB29P) AppleWebKit/537.36 (KHTML, like Gecko) Chrome/137.0.7151.103 Mobile Safari/537.36 (compatible; Googlebot/2.1; +http://www.google.com/bot.html)"
66.249.65.37 - - [14/Jul/2025:13:15:00 +0000] "GET /?x=93830864031800&mod=c73dfe6c&uri=itm.php?detail/2911111.htm HTTP/1.1" 200 18642 "-" "Mozilla/5.0 (Linux; Android 6.0.1; Nexus 5X Build/MMB29P) AppleWebKit/537.36 (KHTML, like Gecko) Chrome/137.0.7151.103 Mobile Safari/537.36 (compatible; Googlebot/2.1; +http://www.google.com/bot.html)"
66.249.65.36 - - [14/Jul/2025:13:15:04 +0000] "GET /?x=93830864031800&mod=c73dfe6c&uri=itm.php?detail/2926585.htm HTTP/1.1" 200 18827 "-" "Mozilla/5.0 (Linux; Android 6.0.1; Nexus 5X Build/MMB29P) AppleWebKit/537.36 (KHTML, like Gecko) Chrome/137.0.7151.103 Mobile Safari/537.36 (compatible; Googlebot/2.1; +http://www.google.com/bot.html)"
66.249.65.36 - - [14/Jul/2025:13:15:07 +0000] "POST /get-message-notify HTTP/1.1" 200 18195 "https://kraft-court.cafe/?x=110295978061800&mod=2de7cf20&uri=goods.php%3Fid%3D3680918-333%26name%3Dwarren+james+ring+sizer" "Mozilla/5.0 (Linux; Android 6.0.1; Nexus 5X Build/MMB29P) AppleWebKit/537.36 (KHTML, like Gecko) Chrome/137.0.7151.119 Mobile Safari/537.36 (compatible; Googlebot/2.1; +http://www.google.com/bot.html)"
66.249.65.36 - - [14/Jul/2025:13:15:08 +0000] "POST /get-message-notify HTTP/1.1" 200 18195 "https://kraft-court.cafe/?x=93830864031800&mod=c73dfe6c&uri=itm.php?detail/2901776.htm" "Mozilla/5.0 (Linux; Android 6.0.1; Nexus 5X Build/MMB29P) AppleWebKit/537.36 (KHTML, like Gecko) Chrome/137.0.7151.119 Mobile Safari/537.36 (compatible; Googlebot/2.1; +http://www.google.com/bot.html)"
66.249.65.35 - - [14/Jul/2025:13:15:11 +0000] "GET /?x=93830864031800&mod=c73dfe6c&uri=itm.php?cd.html HTTP/1.1" 200 18762 "-" "Mozilla/5.0 (Linux; Android 6.0.1; Nexus 5X Build/MMB29P) AppleWebKit/537.36 (KHTML, like Gecko) Chrome/137.0.7151.103 Mobile Safari/537.36 (compatible; Googlebot/2.1; +http://www.google.com/bot.html)"
66.249.65.35 - - [14/Jul/2025:13:15:14 +0000] "GET /?x=93830864031800&mod=c73dfe6c&uri=itm.php?toreka/toreka_menu.html HTTP/1.1" 200 19495 "-" "Mozilla/5.0 (Linux; Android 6.0.1; Nexus 5X Build/MMB29P) AppleWebKit/537.36 (KHTML, like Gecko) Chrome/137.0.7151.103 Mobile Safari/537.36 (compatible; Googlebot/2.1; +http://www.google.com/bot.html)"
66.249.65.35 - - [14/Jul/2025:13:15:18 +0000] "POST /get-message-notify HTTP/1.1" 200 18195 "https://kraft-court.cafe/?x=93830864031800&mod=c73dfe6c&uri=itm.php?cd.html" "Mozilla/5.0 (Linux; Android 6.0.1; Nexus 5X Build/MMB29P) AppleWebKit/537.36 (KHTML, like Gecko) Chrome/137.0.7151.119 Mobile Safari/537.36 (compatible; Googlebot/2.1; +http://www.google.com/bot.html)"
66.249.65.35 - - [14/Jul/2025:13:15:19 +0000] "GET /?x=93830864031800&mod=c73dfe6c&uri=itm.php?detail/2900899.htm HTTP/1.1" 200 19102 "-" "Mozilla/5.0 (Linux; Android 6.0.1; Nexus 5X Build/MMB29P) AppleWebKit/537.36 (KHTML, like Gecko) Chrome/137.0.7151.103 Mobile Safari/537.36 (compatible; Googlebot/2.1; +http://www.google.com/bot.html)"
66.249.65.35 - - [14/Jul/2025:13:15:22 +0000] "GET /?x=93830864031800&mod=c73dfe6c&uri=itm.php?detail/2935400.htm HTTP/1.1" 200 19212 "-" "Mozilla/5.0 (Linux; Android 6.0.1; Nexus 5X Build/MMB29P) AppleWebKit/537.36 (KHTML, like Gecko) Chrome/137.0.7151.103 Mobile Safari/537.36 (compatible; Googlebot/2.1; +http://www.google.com/bot.html)"
66.249.65.35 - - [14/Jul/2025:13:15:29 +0000] "GET /?x=93830864031800&mod=c73dfe6c&uri=itm.php?detail/2894584.htm HTTP/1.1" 200 18709 "-" "Mozilla/5.0 (Linux; Android 6.0.1; Nexus 5X Build/MMB29P) AppleWebKit/537.36 (KHTML, like Gecko) Chrome/137.0.7151.103 Mobile Safari/537.36 (compatible; Googlebot/2.1; +http://www.google.com/bot.html)"
66.249.65.35 - - [14/Jul/2025:13:15:34 +0000] "GET /?x=93830864031800&mod=c73dfe6c&uri=itm.php?toreka/goods_menu.html HTTP/1.1" 200 19565 "-" "Mozilla/5.0 (Linux; Android 6.0.1; Nexus 5X Build/MMB29P) AppleWebKit/537.36 (KHTML, like Gecko) Chrome/137.0.7151.103 Mobile Safari/537.36 (compatible; Googlebot/2.1; +http://www.google.com/bot.html)"
66.249.65.35 - - [14/Jul/2025:13:15:38 +0000] "GET /?x=93830864031800&mod=c73dfe6c&uri=itm.php?detail/2889450.htm HTTP/1.1" 200 19133 "-" "Mozilla/5.0 (Linux; Android 6.0.1; Nexus 5X Build/MMB29P) AppleWebKit/537.36 (KHTML, like Gecko) Chrome/137.0.7151.103 Mobile Safari/537.36 (compatible; Googlebot/2.1; +http://www.google.com/bot.html)"
66.249.65.35 - - [14/Jul/2025:13:15:41 +0000] "GET /?x=93830864031800&mod=c73dfe6c&uri=itm.php?detail/2912116.htm HTTP/1.1" 200 18650 "-" "Mozilla/5.0 (Linux; Android 6.0.1; Nexus 5X Build/MMB29P) AppleWebKit/537.36 (KHTML, like Gecko) Chrome/137.0.7151.103 Mobile Safari/537.36 (compatible; Googlebot/2.1; +http://www.google.com/bot.html)"
66.249.65.35 - - [14/Jul/2025:13:15:45 +0000] "GET /?x=93830864031800&mod=c73dfe6c&uri=itm.php?detail/2947147.htm HTTP/1.1" 200 18669 "-" "Mozilla/5.0 (Linux; Android 6.0.1; Nexus 5X Build/MMB29P) AppleWebKit/537.36 (KHTML, like Gecko) Chrome/137.0.7151.103 Mobile Safari/537.36 (compatible; Googlebot/2.1; +http://www.google.com/bot.html)"
66.249.65.35 - - [14/Jul/2025:13:15:48 +0000] "GET /?x=93830864031800&mod=c73dfe6c&uri=itm.php?pcsp.html HTTP/1.1" 200 19389 "-" "Mozilla/5.0 (Linux; Android 6.0.1; Nexus 5X Build/MMB29P) AppleWebKit/537.36 (KHTML, like Gecko) Chrome/137.0.7151.103 Mobile Safari/537.36 (compatible; Googlebot/2.1; +http://www.google.com/bot.html)"
66.249.65.35 - - [14/Jul/2025:13:15:55 +0000] "GET /?x=93830864031800&mod=c73dfe6c&uri=itm.php?avsoft.html HTTP/1.1" 200 19513 "-" "Mozilla/5.0 (Linux; Android 6.0.1; Nexus 5X Build/MMB29P) AppleWebKit/537.36 (KHTML, like Gecko) Chrome/137.0.7151.103 Mobile Safari/537.36 (compatible; Googlebot/2.1; +http://www.google.com/bot.html)"
66.249.65.35 - - [14/Jul/2025:13:15:55 +0000] "GET /?x=5770947001800&mod=a8849b05&uri=news.php%3Fid%3D192718-57%26name%3Dboat+earbuds+431+price HTTP/1.1" 200 18420 "-" "Mozilla/5.0 (Linux; Android 6.0.1; Nexus 5X Build/MMB29P) AppleWebKit/537.36 (KHTML, like Gecko) Chrome/137.0.7151.103 Mobile Safari/537.36 (compatible; Googlebot/2.1; +http://www.google.com/bot.html)"
66.249.65.35 - - [14/Jul/2025:13:15:57 +0000] "GET /?x=93830864031800&mod=c73dfe6c&uri=itm.php?detail/2942069.htm HTTP/1.1" 200 18728 "-" "Mozilla/5.0 (Linux; Android 6.0.1; Nexus 5X Build/MMB29P) AppleWebKit/537.36 (KHTML, like Gecko) Chrome/137.0.7151.103 Mobile Safari/537.36 (compatible; Googlebot/2.1; +http://www.google.com/bot.html)"
66.249.65.36 - - [14/Jul/2025:13:15:58 +0000] "POST /get-message-notify HTTP/1.1" 200 18195 "https://kraft-court.cafe/?x=93830864031800&mod=c73dfe6c&uri=itm.php?pcsp.html" "Mozilla/5.0 (Linux; Android 6.0.1; Nexus 5X Build/MMB29P) AppleWebKit/537.36 (KHTML, like Gecko) Chrome/137.0.7151.119 Mobile Safari/537.36 (compatible; Googlebot/2.1; +http://www.google.com/bot.html)"
66.249.65.35 - - [14/Jul/2025:13:16:00 +0000] "GET /?x=93830864031800&mod=c73dfe6c&uri=itm.php?feature/sapporo/index.html HTTP/1.1" 200 19070 "-" "Mozilla/5.0 (Linux; Android 6.0.1; Nexus 5X Build/MMB29P) AppleWebKit/537.36 (KHTML, like Gecko) Chrome/137.0.7151.103 Mobile Safari/537.36 (compatible; Googlebot/2.1; +http://www.google.com/bot.html)"
66.249.65.35 - - [14/Jul/2025:13:16:01 +0000] "POST /get-message-notify HTTP/1.1" 200 18195 "https://kraft-court.cafe/?x=5770947001800&mod=a8849b05&uri=news.php%3Fid%3D192718-57%26name%3Dboat+earbuds+431+price" "Mozilla/5.0 (Linux; Android 6.0.1; Nexus 5X Build/MMB29P) AppleWebKit/537.36 (KHTML, like Gecko) Chrome/137.0.7151.119 Mobile Safari/537.36 (compatible; Googlebot/2.1; +http://www.google.com/bot.html)"
66.249.65.37 - - [14/Jul/2025:13:16:04 +0000] "GET /?x=93830864031800&mod=c73dfe6c&uri=itm.php?detail/2921485.htm HTTP/1.1" 200 19497 "-" "Mozilla/5.0 (Linux; Android 6.0.1; Nexus 5X Build/MMB29P) AppleWebKit/537.36 (KHTML, like Gecko) Chrome/137.0.7151.103 Mobile Safari/537.36 (compatible; Googlebot/2.1; +http://www.google.com/bot.html)"
66.249.65.36 - - [14/Jul/2025:13:16:06 +0000] "POST /get-message-notify HTTP/1.1" 200 18195 "https://kraft-court.cafe/?x=93830864031800&mod=c73dfe6c&uri=itm.php?detail/2926585.htm" "Mozilla/5.0 (Linux; Android 6.0.1; Nexus 5X Build/MMB29P) AppleWebKit/537.36 (KHTML, like Gecko) Chrome/137.0.7151.119 Mobile Safari/537.36 (compatible; Googlebot/2.1; +http://www.google.com/bot.html)"
66.249.65.35 - - [14/Jul/2025:13:16:06 +0000] "POST /get-message-notify HTTP/1.1" 200 18195 "https://kraft-court.cafe/?x=93830864031800&mod=c73dfe6c&uri=itm.php?detail/2921485.htm" "Mozilla/5.0 (Linux; Android 6.0.1; Nexus 5X Build/MMB29P) AppleWebKit/537.36 (KHTML, like Gecko) Chrome/137.0.7151.119 Mobile Safari/537.36 (compatible; Googlebot/2.1; +http://www.google.com/bot.html)"
66.249.65.35 - - [14/Jul/2025:13:16:07 +0000] "GET /?x=93830864031800&mod=c73dfe6c&uri=itm.php?detail/2946849.htm HTTP/1.1" 200 19635 "-" "Mozilla/5.0 (Linux; Android 6.0.1; Nexus 5X Build/MMB29P) AppleWebKit/537.36 (KHTML, like Gecko) Chrome/137.0.7151.103 Mobile Safari/537.36 (compatible; Googlebot/2.1; +http://www.google.com/bot.html)"
66.249.65.35 - - [14/Jul/2025:13:16:16 +0000] "GET /?x=93830864031800&mod=c73dfe6c&uri=itm.php?feature/akihabara_main/index.html HTTP/1.1" 200 19480 "-" "Mozilla/5.0 (Linux; Android 6.0.1; Nexus 5X Build/MMB29P) AppleWebKit/537.36 (KHTML, like Gecko) Chrome/137.0.7151.103 Mobile Safari/537.36 (compatible; Googlebot/2.1; +http://www.google.com/bot.html)"
66.249.65.35 - - [14/Jul/2025:13:16:19 +0000] "GET /?x=93830864031800&mod=c73dfe6c&uri=itm.php?pcmypage HTTP/1.1" 200 19345 "-" "Mozilla/5.0 (Linux; Android 6.0.1; Nexus 5X Build/MMB29P) AppleWebKit/537.36 (KHTML, like Gecko) Chrome/137.0.7151.103 Mobile Safari/537.36 (compatible; Googlebot/2.1; +http://www.google.com/bot.html)"
66.249.65.35 - - [14/Jul/2025:13:16:22 +0000] "GET /?x=6136235011800&mod=d3a7f48c&uri=form.php%3Fid%3D204909-208%26name%3Dinstax+s10 HTTP/1.1" 200 18405 "-" "Mozilla/5.0 (Linux; Android 6.0.1; Nexus 5X Build/MMB29P) AppleWebKit/537.36 (KHTML, like Gecko) Chrome/137.0.7151.103 Mobile Safari/537.36 (compatible; Googlebot/2.1; +http://www.google.com/bot.html)"
66.249.65.35 - - [14/Jul/2025:13:16:22 +0000] "GET /?x=93830864031800&mod=c73dfe6c&uri=itm.php?detail/2949869.htm HTTP/1.1" 200 18308 "-" "Mozilla/5.0 (Linux; Android 6.0.1; Nexus 5X Build/MMB29P) AppleWebKit/537.36 (KHTML, like Gecko) Chrome/137.0.7151.103 Mobile Safari/537.36 (compatible; Googlebot/2.1; +http://www.google.com/bot.html)"
66.249.65.35 - - [14/Jul/2025:13:16:27 +0000] "GET /?x=93830864031800&mod=c73dfe6c&uri=itm.php?detail/2943274.htm HTTP/1.1" 200 19432 "-" "Mozilla/5.0 (Linux; Android 6.0.1; Nexus 5X Build/MMB29P) AppleWebKit/537.36 (KHTML, like Gecko) Chrome/137.0.7151.103 Mobile Safari/537.36 (compatible; Googlebot/2.1; +http://www.google.com/bot.html)"
66.249.65.35 - - [14/Jul/2025:13:16:30 +0000] "GET /?x=93830864031800&mod=c73dfe6c&uri=itm.php?detail/2919990.htm HTTP/1.1" 200 19498 "-" "Mozilla/5.0 (Linux; Android 6.0.1; Nexus 5X Build/MMB29P) AppleWebKit/537.36 (KHTML, like Gecko) Chrome/137.0.7151.103 Mobile Safari/537.36 (compatible; Googlebot/2.1; +http://www.google.com/bot.html)"
66.249.65.35 - - [14/Jul/2025:13:16:33 +0000] "GET /?x=5918921121800&mod=4500e403&uri=form.php%3Fid%3D197656-342%26name%3Dbouncer+and+swing+all+in+one HTTP/1.1" 200 18436 "-" "Mozilla/5.0 (Linux; Android 6.0.1; Nexus 5X Build/MMB29P) AppleWebKit/537.36 (KHTML, like Gecko) Chrome/137.0.7151.103 Mobile Safari/537.36 (compatible; Googlebot/2.1; +http://www.google.com/bot.html)"
66.249.65.35 - - [14/Jul/2025:13:16:37 +0000] "GET /?x=93830864031800&mod=c73dfe6c&uri=itm.php?detail/2914848.htm HTTP/1.1" 200 18750 "-" "Mozilla/5.0 (Linux; Android 6.0.1; Nexus 5X Build/MMB29P) AppleWebKit/537.36 (KHTML, like Gecko) Chrome/137.0.7151.103 Mobile Safari/537.36 (compatible; Googlebot/2.1; +http://www.google.com/bot.html)"
66.249.65.35 - - [14/Jul/2025:13:16:40 +0000] "GET /?x=102296600041800&mod=2de7cf20&uri=form.php%3Fid%3D3413928-333%26name%3Djames+allen+diamond+pendant HTTP/1.1" 200 18440 "-" "Mozilla/5.0 (Linux; Android 6.0.1; Nexus 5X Build/MMB29P) AppleWebKit/537.36 (KHTML, like Gecko) Chrome/137.0.7151.103 Mobile Safari/537.36 (compatible; Googlebot/2.1; +http://www.google.com/bot.html)"
66.249.65.35 - - [14/Jul/2025:13:16:43 +0000] "GET /?x=80074035121800&mod=2de7cf20&uri=search.php%3Fid%3D2672171-333%26name%3Ddavid+yurman+bracelet+womens+sale HTTP/1.1" 200 18447 "-" "Mozilla/5.0 (Linux; Android 6.0.1; Nexus 5X Build/MMB29P) AppleWebKit/537.36 (KHTML, like Gecko) Chrome/137.0.7151.103 Mobile Safari/537.36 (compatible; Googlebot/2.1; +http://www.google.com/bot.html)"
66.249.65.35 - - [14/Jul/2025:13:16:44 +0000] "GET /?x=59643899001800&mod=b6cda17a&uri=shared.php%3Fid%3D1990365-233%26name%3Dmarcas+de+plumiferos+buenos HTTP/1.1" 200 18441 "-" "Mozilla/5.0 (Linux; Android 6.0.1; Nexus 5X Build/MMB29P) AppleWebKit/537.36 (KHTML, like Gecko) Chrome/137.0.7151.103 Mobile Safari/537.36 (compatible; Googlebot/2.1; +http://www.google.com/bot.html)"
66.249.65.35 - - [14/Jul/2025:13:16:47 +0000] "GET /?x=80063625041800&mod=2de7cf20&uri=news.php%3Fid%3D2671824-333%26name%3D10k+diamond+cuban+link+chain HTTP/1.1" 200 18438 "-" "Mozilla/5.0 (Linux; Android 6.0.1; Nexus 5X Build/MMB29P) AppleWebKit/537.36 (KHTML, like Gecko) Chrome/137.0.7151.103 Mobile Safari/537.36 (compatible; Googlebot/2.1; +http://www.google.com/bot.html)"
66.249.65.36 - - [14/Jul/2025:13:16:48 +0000] "POST /get-message-notify HTTP/1.1" 200 18195 "https://kraft-court.cafe/?x=59643899001800&mod=b6cda17a&uri=shared.php%3Fid%3D1990365-233%26name%3Dmarcas+de+plumiferos+buenos" "Mozilla/5.0 (Linux; Android 6.0.1; Nexus 5X Build/MMB29P) AppleWebKit/537.36 (KHTML, like Gecko) Chrome/137.0.7151.119 Mobile Safari/537.36 (compatible; Googlebot/2.1; +http://www.google.com/bot.html)"
66.249.65.35 - - [14/Jul/2025:13:16:51 +0000] "GET /?x=80079225001800&mod=2de7cf20&uri=itm.php%3Fid%3D2672344-333%26name%3Dwonder+woman+necklace+zales HTTP/1.1" 200 18438 "-" "Mozilla/5.0 (Linux; Android 6.0.1; Nexus 5X Build/MMB29P) AppleWebKit/537.36 (KHTML, like Gecko) Chrome/137.0.7151.103 Mobile Safari/537.36 (compatible; Googlebot/2.1; +http://www.google.com/bot.html)"
66.249.65.36 - - [14/Jul/2025:13:16:53 +0000] "POST /get-message-notify HTTP/1.1" 200 18195 "https://kraft-court.cafe/?x=93830864031800&mod=c73dfe6c&uri=itm.php?detail/2919990.htm" "Mozilla/5.0 (Linux; Android 6.0.1; Nexus 5X Build/MMB29P) AppleWebKit/537.36 (KHTML, like Gecko) Chrome/137.0.7151.119 Mobile Safari/537.36 (compatible; Googlebot/2.1; +http://www.google.com/bot.html)"
66.249.65.36 - - [14/Jul/2025:13:16:54 +0000] "GET /?x=102307548091800&mod=2de7cf20&uri=shared.php%3Fid%3D3414293-333%26name%3Dbracelet+discount HTTP/1.1" 200 18428 "-" "Mozilla/5.0 (Linux; Android 6.0.1; Nexus 5X Build/MMB29P) AppleWebKit/537.36 (KHTML, like Gecko) Chrome/137.0.7151.103 Mobile Safari/537.36 (compatible; Googlebot/2.1; +http://www.google.com/bot.html)"
66.249.65.37 - - [14/Jul/2025:13:17:03 +0000] "GET /?x=102302270031800&mod=2de7cf20&uri=blog.php%3Fid%3D3414117-333%26name%3Dselling+gold+jewelry+for+cash HTTP/1.1" 200 18443 "-" "Mozilla/5.0 (Linux; Android 6.0.1; Nexus 5X Build/MMB29P) AppleWebKit/537.36 (KHTML, like Gecko) Chrome/137.0.7151.103 Mobile Safari/537.36 (compatible; Googlebot/2.1; +http://www.google.com/bot.html)"
66.249.65.35 - - [14/Jul/2025:13:17:06 +0000] "GET /?x=81288095031800&mod=d594b1a9&uri=info.php%3Fid%3D2712721-341%26name%3Dcable+para+conectar+la+compu+a+la+tele HTTP/1.1" 200 18452 "-" "Mozilla/5.0 (Linux; Android 6.0.1; Nexus 5X Build/MMB29P) AppleWebKit/537.36 (KHTML, like Gecko) Chrome/137.0.7151.103 Mobile Safari/537.36 (compatible; Googlebot/2.1; +http://www.google.com/bot.html)"
66.249.65.36 - - [14/Jul/2025:13:17:09 +0000] "GET /?x=6092509021800&mod=0d0fd7c6&uri=product.php%3Fid%3D203451-40%26name%3Ddewalt+m12 HTTP/1.1" 200 18411 "-" "Mozilla/5.0 (Linux; Android 6.0.1; Nexus 5X Build/MMB29P) AppleWebKit/537.36 (KHTML, like Gecko) Chrome/137.0.7151.103 Mobile Safari/537.36 (compatible; Googlebot/2.1; +http://www.google.com/bot.html)"
66.249.65.35 - - [14/Jul/2025:13:17:12 +0000] "GET /?x=6065877131800&mod=fd9dcf1d&uri=us.php%3Fid%3D202562-349%26name%3Dnettoyer+bijoux+bicarbonate HTTP/1.1" 200 18429 "-" "Mozilla/5.0 (Linux; Android 6.0.1; Nexus 5X Build/MMB29P) AppleWebKit/537.36 (KHTML, like Gecko) Chrome/137.0.7151.103 Mobile Safari/537.36 (compatible; Googlebot/2.1; +http://www.google.com/bot.html)"
66.249.65.35 - - [14/Jul/2025:13:17:23 +0000] "GET /?x=47526275001800&mod=0d2922ee&uri=products.php%3Fid%3D1586064-1246%26name%3Din+boot+ski+pants HTTP/1.1" 200 18436 "-" "Mozilla/5.0 (Linux; Android 6.0.1; Nexus 5X Build/MMB29P) AppleWebKit/537.36 (KHTML, like Gecko) Chrome/137.0.7151.103 Mobile Safari/537.36 (compatible; Googlebot/2.1; +http://www.google.com/bot.html)"
66.249.65.35 - - [14/Jul/2025:13:17:26 +0000] "GET /?x=31831987091800&mod=c0560792&uri=product.php%3Fid%3D1062437-165%26name%3Dwhite+tennis+jacket+women%27s HTTP/1.1" 200 18446 "-" "Mozilla/5.0 (Linux; Android 6.0.1; Nexus 5X Build/MMB29P) AppleWebKit/537.36 (KHTML, like Gecko) Chrome/137.0.7151.103 Mobile Safari/537.36 (compatible; Googlebot/2.1; +http://www.google.com/bot.html)"
66.249.65.35 - - [14/Jul/2025:13:17:53 +0000] "GET /?x=84254434021800&mod=c2626d85&uri=us.php%3Fid%3D2811716-82%26name%3Dciabatte+bimba+25 HTTP/1.1" 200 18420 "-" "Mozilla/5.0 (Linux; Android 6.0.1; Nexus 5X Build/MMB29P) AppleWebKit/537.36 (KHTML, like Gecko) Chrome/137.0.7151.103 Mobile Safari/537.36 (compatible; Googlebot/2.1; +http://www.google.com/bot.html)"
66.249.65.35 - - [14/Jul/2025:13:17:54 +0000] "POST /get-message-notify HTTP/1.1" 200 18195 "https://kraft-court.cafe/?x=80074035121800&mod=2de7cf20&uri=search.php%3Fid%3D2672171-333%26name%3Ddavid+yurman+bracelet+womens+sale" "Mozilla/5.0 (Linux; Android 6.0.1; Nexus 5X Build/MMB29P) AppleWebKit/537.36 (KHTML, like Gecko) Chrome/137.0.7151.119 Mobile Safari/537.36 (compatible; Googlebot/2.1; +http://www.google.com/bot.html)"
66.249.65.35 - - [14/Jul/2025:13:18:12 +0000] "GET /?x=35117535041800&mod=be3ac64e&uri=us.php%3Fid%3D1172098-425%26name%3Dwhat+do+you+give+a+kitten+to+drink HTTP/1.1" 200 18447 "-" "Mozilla/5.0 (Linux; Android 6.0.1; Nexus 5X Build/MMB29P) AppleWebKit/537.36 (KHTML, like Gecko) Chrome/137.0.7151.103 Mobile Safari/537.36 (compatible; Googlebot/2.1; +http://www.google.com/bot.html)"
66.249.65.36 - - [14/Jul/2025:13:18:27 +0000] "POST /get-message-notify HTTP/1.1" 200 18195 "https://kraft-court.cafe/?x=93830864031800&mod=c73dfe6c&uri=itm.php?pcmypage" "Mozilla/5.0 (Linux; Android 6.0.1; Nexus 5X Build/MMB29P) AppleWebKit/537.36 (KHTML, like Gecko) Chrome/137.0.7151.119 Mobile Safari/537.36 (compatible; Googlebot/2.1; +http://www.google.com/bot.html)"
66.249.65.35 - - [14/Jul/2025:13:19:06 +0000] "GET /?x=93830864031800&mod=c73dfe6c&uri=itm.php?man/kaitori/ansin.html HTTP/1.1" 200 19062 "-" "Mozilla/5.0 (Linux; Android 6.0.1; Nexus 5X Build/MMB29P) AppleWebKit/537.36 (KHTML, like Gecko) Chrome/137.0.7151.103 Mobile Safari/537.36 (compatible; Googlebot/2.1; +http://www.google.com/bot.html)"
66.249.65.35 - - [14/Jul/2025:13:19:06 +0000] "GET /?x=47694368041800&mod=293c3b96&uri=products.php%3Fid%3D1591670-1112%26name%3Dadi+dassler+x+adidas+consortium+superstar+80s+10th+anniversary HTTP/1.1" 200 18507 "-" "Mozilla/5.0 (Linux; Android 6.0.1; Nexus 5X Build/MMB29P) AppleWebKit/537.36 (KHTML, like Gecko) Chrome/137.0.7151.103 Mobile Safari/537.36 (compatible; Googlebot/2.1; +http://www.google.com/bot.html)"
66.249.65.35 - - [14/Jul/2025:13:19:21 +0000] "GET /?x=34743595011800&mod=18ad9899&uri=shop.php%3Fid%3D1159621-265%26name%3Dtenis+vans+masculino+amarelo HTTP/1.1" 200 18437 "-" "Mozilla/5.0 (Linux; Android 6.0.1; Nexus 5X Build/MMB29P) AppleWebKit/537.36 (KHTML, like Gecko) Chrome/137.0.7151.103 Mobile Safari/537.36 (compatible; Googlebot/2.1; +http://www.google.com/bot.html)"
66.249.65.35 - - [14/Jul/2025:13:19:27 +0000] "GET /?x=5860480031800&mod=d594b1a9&uri=search.php%3Fid%3D195705-341%26name%3Dgafas+de+sol+aviador+ralph+lauren HTTP/1.1" 200 18444 "-" "Mozilla/5.0 (Linux; Android 6.0.1; Nexus 5X Build/MMB29P) AppleWebKit/537.36 (KHTML, like Gecko) Chrome/137.0.7151.103 Mobile Safari/537.36 (compatible; Googlebot/2.1; +http://www.google.com/bot.html)"
66.249.65.35 - - [14/Jul/2025:13:19:30 +0000] "GET /?x=59497552071800&mod=e94fe9ac&uri=itm.php%3Fid%3D1985469-332%26name%3Dcocomelon+jelly+bean+hamster HTTP/1.1" 200 18442 "-" "Mozilla/5.0 (Linux; Android 6.0.1; Nexus 5X Build/MMB29P) AppleWebKit/537.36 (KHTML, like Gecko) Chrome/137.0.7151.103 Mobile Safari/537.36 (compatible; Googlebot/2.1; +http://www.google.com/bot.html)"
66.249.65.35 - - [14/Jul/2025:13:19:34 +0000] "GET /?x=47129369131800&mod=e7d6e2e8&uri=info.php%3Fid%3D1572827-721%26name%3Dpullover+oversize+blau HTTP/1.1" 200 18421 "-" "Mozilla/5.0 (Linux; Android 6.0.1; Nexus 5X Build/MMB29P) AppleWebKit/537.36 (KHTML, like Gecko) Chrome/137.0.7151.103 Mobile Safari/537.36 (compatible; Googlebot/2.1; +http://www.google.com/bot.html)"
66.249.65.35 - - [14/Jul/2025:13:19:41 +0000] "POST /get-message-notify HTTP/1.1" 200 18195 "https://kraft-court.cafe/?x=47129369131800&mod=e7d6e2e8&uri=info.php%3Fid%3D1572827-721%26name%3Dpullover+oversize+blau" "Mozilla/5.0 (Linux; Android 6.0.1; Nexus 5X Build/MMB29P) AppleWebKit/537.36 (KHTML, like Gecko) Chrome/137.0.7151.119 Mobile Safari/537.36 (compatible; Googlebot/2.1; +http://www.google.com/bot.html)"
66.249.65.35 - - [14/Jul/2025:13:19:44 +0000] "GET /?x=47654380041800&mod=3a835d32&uri=category-info.php%3Fid%3D1590336-76%26name%3Dejercicios+con+barras+para+brazos HTTP/1.1" 200 18480 "-" "Mozilla/5.0 (Linux; Android 6.0.1; Nexus 5X Build/MMB29P) AppleWebKit/537.36 (KHTML, like Gecko) Chrome/137.0.7151.103 Mobile Safari/537.36 (compatible; Googlebot/2.1; +http://www.google.com/bot.html)"
66.249.65.35 - - [14/Jul/2025:13:19:48 +0000] "GET /?x=5971805141800&mod=e3ea3396&uri=news.php%3Fid%3D199419-345%26name%3Dtiendas+ropa+fiesta+salamanca HTTP/1.1" 200 18438 "-" "Mozilla/5.0 (Linux; Android 6.0.1; Nexus 5X Build/MMB29P) AppleWebKit/537.36 (KHTML, like Gecko) Chrome/137.0.7151.103 Mobile Safari/537.36 (compatible; Googlebot/2.1; +http://www.google.com/bot.html)"
66.249.65.36 - - [14/Jul/2025:13:20:03 +0000] "GET /?x=47656180041800&mod=3a835d32&uri=goods.php%3Fid%3D1590396-76%26name%3Dejercicios+metodologicos+para+barra+fija HTTP/1.1" 200 18455 "-" "Mozilla/5.0 (Linux; Android 6.0.1; Nexus 5X Build/MMB29P) AppleWebKit/537.36 (KHTML, like Gecko) Chrome/137.0.7151.103 Mobile Safari/537.36 (compatible; Googlebot/2.1; +http://www.google.com/bot.html)"
66.249.65.35 - - [14/Jul/2025:13:20:11 +0000] "GET /?x=47657080001800&mod=3a835d32&uri=brands.php%3Fid%3D1590426-76%26name%3Dpaco+perfumeria+opiniones HTTP/1.1" 200 18438 "-" "Mozilla/5.0 (Linux; Android 6.0.1; Nexus 5X Build/MMB29P) AppleWebKit/537.36 (KHTML, like Gecko) Chrome/137.0.7151.103 Mobile Safari/537.36 (compatible; Googlebot/2.1; +http://www.google.com/bot.html)"
66.249.65.35 - - [14/Jul/2025:13:20:20 +0000] "GET /?x=47527355001800&mod=0d2922ee&uri=info.php%3Fid%3D1586100-1246%26name%3Dbeige+leather+dress+zara HTTP/1.1" 200 18435 "-" "Mozilla/5.0 (Linux; Android 6.0.1; Nexus 5X Build/MMB29P) AppleWebKit/537.36 (KHTML, like Gecko) Chrome/137.0.7151.103 Mobile Safari/537.36 (compatible; Googlebot/2.1; +http://www.google.com/bot.html)"
66.249.65.35 - - [14/Jul/2025:13:20:27 +0000] "GET /?x=111171304071800&mod=76309eaf&uri=article.php%3Fid%3D3710137-1018%26name%3Dretailmenot+kay+jewelers HTTP/1.1" 200 18444 "-" "Mozilla/5.0 (Linux; Android 6.0.1; Nexus 5X Build/MMB29P) AppleWebKit/537.36 (KHTML, like Gecko) Chrome/137.0.7151.103 Mobile Safari/537.36 (compatible; Googlebot/2.1; +http://www.google.com/bot.html)"
66.249.65.37 - - [14/Jul/2025:13:21:05 +0000] "POST /get-message-notify HTTP/1.1" 200 18195 "https://kraft-court.cafe/?x=5860480031800&mod=d594b1a9&uri=search.php%3Fid%3D195705-341%26name%3Dgafas+de+sol+aviador+ralph+lauren" "Mozilla/5.0 (Linux; Android 6.0.1; Nexus 5X Build/MMB29P) AppleWebKit/537.36 (KHTML, like Gecko) Chrome/137.0.7151.119 Mobile Safari/537.36 (compatible; Googlebot/2.1; +http://www.google.com/bot.html)"
66.249.65.36 - - [14/Jul/2025:13:21:22 +0000] "GET /?x=31729754101800&mod=73634c1d&uri=news.php%3Fid%3D1059028-462%26name%3Dwhere+can+i+sell+porcelain+dolls+near+me HTTP/1.1" 200 18460 "-" "Mozilla/5.0 (Linux; Android 6.0.1; Nexus 5X Build/MMB29P) AppleWebKit/537.36 (KHTML, like Gecko) Chrome/137.0.7151.103 Mobile Safari/537.36 (compatible; Googlebot/2.1; +http://www.google.com/bot.html)"
66.249.65.35 - - [14/Jul/2025:13:21:25 +0000] "GET /?x=6015309121800&mod=322f6246&uri=article.php%3Fid%3D200873-346%26name%3Ddream+league+soccer+2019+tottenham HTTP/1.1" 200 18460 "-" "Mozilla/5.0 (Linux; Android 6.0.1; Nexus 5X Build/MMB29P) AppleWebKit/537.36 (KHTML, like Gecko) Chrome/137.0.7151.103 Mobile Safari/537.36 (compatible; Googlebot/2.1; +http://www.google.com/bot.html)"
66.249.65.35 - - [14/Jul/2025:13:21:25 +0000] "GET /?x=6137855101800&mod=d3a7f48c&uri=search.php%3Fid%3D204963-208%26name%3Dsal35f14g HTTP/1.1" 200 18403 "-" "Mozilla/5.0 (Linux; Android 6.0.1; Nexus 5X Build/MMB29P) AppleWebKit/537.36 (KHTML, like Gecko) Chrome/137.0.7151.103 Mobile Safari/537.36 (compatible; Googlebot/2.1; +http://www.google.com/bot.html)"
66.249.65.35 - - [14/Jul/2025:13:21:40 +0000] "GET /?x=47530210021800&mod=0d2922ee&uri=article.php%3Fid%3D1586196-1246%26name%3Dinsulated+fishing+pants HTTP/1.1" 200 18438 "-" "Mozilla/5.0 (Linux; Android 6.0.1; Nexus 5X Build/MMB29P) AppleWebKit/537.36 (KHTML, like Gecko) Chrome/137.0.7151.103 Mobile Safari/537.36 (compatible; Googlebot/2.1; +http://www.google.com/bot.html)"
66.249.65.35 - - [14/Jul/2025:13:21:40 +0000] "GET /?x=5647326041800&mod=55d99a37&uri=us.php%3Fid%3D188563-315%26name%3Dshepherd+keramik+uhren HTTP/1.1" 200 18420 "-" "Mozilla/5.0 (Linux; Android 6.0.1; Nexus 5X Build/MMB29P) AppleWebKit/537.36 (KHTML, like Gecko) Chrome/137.0.7151.103 Mobile Safari/537.36 (compatible; Googlebot/2.1; +http://www.google.com/bot.html)"
66.249.65.37 - - [14/Jul/2025:13:22:17 +0000] "GET /?x=93830864031800&mod=c73dfe6c&uri=itm.php?detail/2890977.htm HTTP/1.1" 200 19503 "-" "Mozilla/5.0 (Linux; Android 6.0.1; Nexus 5X Build/MMB29P) AppleWebKit/537.36 (KHTML, like Gecko) Chrome/137.0.7151.103 Mobile Safari/537.36 (compatible; Googlebot/2.1; +http://www.google.com/bot.html)"
66.249.65.35 - - [14/Jul/2025:13:22:34 +0000] "GET /?x=86794861011800&mod=aea94dc1&uri=products.php%3Fid%3D2896474-485%26name%3Dbest+pet+supplies+foam+pet+stairs HTTP/1.1" 200 18455 "-" "Mozilla/5.0 (Linux; Android 6.0.1; Nexus 5X Build/MMB29P) AppleWebKit/537.36 (KHTML, like Gecko) Chrome/137.0.7151.103 Mobile Safari/537.36 (compatible; Googlebot/2.1; +http://www.google.com/bot.html)"
66.249.65.35 - - [14/Jul/2025:13:22:52 +0000] "POST /get-message-notify HTTP/1.1" 200 18195 "https://kraft-court.cafe/?x=86794861011800&mod=aea94dc1&uri=products.php%3Fid%3D2896474-485%26name%3Dbest+pet+supplies+foam+pet+stairs" "Mozilla/5.0 (Linux; Android 6.0.1; Nexus 5X Build/MMB29P) AppleWebKit/537.36 (KHTML, like Gecko) Chrome/137.0.7151.119 Mobile Safari/537.36 (compatible; Googlebot/2.1; +http://www.google.com/bot.html)"
66.249.65.35 - - [14/Jul/2025:13:22:55 +0000] "GET /?x=84253414001800&mod=c2626d85&uri=shop.php%3Fid%3D2811682-82%26name%3Dbiomodex+bimbo HTTP/1.1" 200 18414 "-" "Mozilla/5.0 (Linux; Android 6.0.1; Nexus 5X Build/MMB29P) AppleWebKit/537.36 (KHTML, like Gecko) Chrome/137.0.7151.103 Mobile Safari/537.36 (compatible; Googlebot/2.1; +http://www.google.com/bot.html)"
66.249.65.35 - - [14/Jul/2025:13:23:27 +0000] "GET /?x=88903561001800&mod=e94fe9ac&uri=brands.php%3Fid%3D2966848-332%26name%3Dhd+streamz+apk+for+firestick HTTP/1.1" 200 18443 "-" "Mozilla/5.0 (Linux; Android 6.0.1; Nexus 5X Build/MMB29P) AppleWebKit/537.36 (KHTML, like Gecko) Chrome/137.0.7151.103 Mobile Safari/537.36 (compatible; Googlebot/2.1; +http://www.google.com/bot.html)"
209.74.77.214 - - [14/Jul/2025:13:23:38 +0000] "POST /wp-cron.php?doing_wp_cron=1752499418.2096929550170898437500 HTTP/1.1" 200 - "-" "WordPress/6.8.1; https://kraft-court.cafe"
167.94.138.182 - - [14/Jul/2025:13:23:37 +0000] "GET / HTTP/1.1" 200 1850 "-" "Mozilla/5.0 (compatible; CensysInspect/1.1; +https://about.censys.io/)"
167.94.138.182 - - [14/Jul/2025:13:23:40 +0000] "GET /favicon.ico HTTP/1.1" 302 - "-" "Mozilla/5.0 (compatible; CensysInspect/1.1; +https://about.censys.io/)"
167.94.138.182 - - [14/Jul/2025:13:23:41 +0000] "GET /wp-includes/images/w-logo-blue-white-bg.png HTTP/1.1" 200 4119 "https://kraft-court.cafe/favicon.ico" "Mozilla/5.0 (compatible; CensysInspect/1.1; +https://about.censys.io/)"
66.249.65.37 - - [14/Jul/2025:13:24:06 +0000] "GET /?x=88989342041800&mod=dc6a7e65&uri=category-info.php%3Fid%3D2969716-308%26name%3Dhoodie+fur+inside HTTP/1.1" 200 18450 "-" "Mozilla/5.0 (Linux; Android 6.0.1; Nexus 5X Build/MMB29P) AppleWebKit/537.36 (KHTML, like Gecko) Chrome/137.0.7151.103 Mobile Safari/537.36 (compatible; Googlebot/2.1; +http://www.google.com/bot.html)"
66.249.65.36 - - [14/Jul/2025:13:24:22 +0000] "GET /?x=47298588071800&mod=48584348&uri=form.php%3Fid%3D1578469-325%26name%3Dzelda+skyward+sword+pt+br HTTP/1.1" 200 18440 "-" "Mozilla/5.0 (Linux; Android 6.0.1; Nexus 5X Build/MMB29P) AppleWebKit/537.36 (KHTML, like Gecko) Chrome/137.0.7151.103 Mobile Safari/537.36 (compatible; Googlebot/2.1; +http://www.google.com/bot.html)"
209.74.77.214 - - [14/Jul/2025:13:24:30 +0000] "POST /wp-cron.php?doing_wp_cron=1752499470.8850049972534179687500 HTTP/1.1" 200 - "-" "WordPress/6.8.1; https://kraft-court.cafe"
167.94.138.182 - - [14/Jul/2025:13:24:30 +0000] "GET /login HTTP/1.1" 302 - "-" "Mozilla/5.0 (compatible; CensysInspect/1.1; +https://about.censys.io/)"
66.249.65.35 - - [14/Jul/2025:13:24:51 +0000] "GET /?x=47782391051800&mod=0878e4a0&uri=us.php%3Fid%3D1594615-1251%26name%3Dpatron+brassiere+naissance HTTP/1.1" 200 18430 "-" "Mozilla/5.0 (Linux; Android 6.0.1; Nexus 5X Build/MMB29P) AppleWebKit/537.36 (KHTML, like Gecko) Chrome/137.0.7151.103 Mobile Safari/537.36 (compatible; Googlebot/2.1; +http://www.google.com/bot.html)"
66.249.65.35 - - [14/Jul/2025:13:24:51 +0000] "GET /?x=47525375001800&mod=0d2922ee&uri=pin.php%3Fid%3D1586034-1246%26name%3Dblack+leather+dress+h%26m HTTP/1.1" 200 18438 "-" "Mozilla/5.0 (Linux; Android 6.0.1; Nexus 5X Build/MMB29P) AppleWebKit/537.36 (KHTML, like Gecko) Chrome/137.0.7151.103 Mobile Safari/537.36 (compatible; Googlebot/2.1; +http://www.google.com/bot.html)"
66.249.65.35 - - [14/Jul/2025:13:25:08 +0000] "GET /?x=5862700011800&mod=d594b1a9&uri=brands.php%3Fid%3D195779-341%26name%3Dlicuadora+hamilton+beach+modelo+58149 HTTP/1.1" 200 18451 "-" "Mozilla/5.0 (Linux; Android 6.0.1; Nexus 5X Build/MMB29P) AppleWebKit/537.36 (KHTML, like Gecko) Chrome/137.0.7151.103 Mobile Safari/537.36 (compatible; Googlebot/2.1; +http://www.google.com/bot.html)"
66.249.65.36 - - [14/Jul/2025:13:25:22 +0000] "POST /get-message-notify HTTP/1.1" 200 18195 "https://kraft-court.cafe/?x=5862700011800&mod=d594b1a9&uri=brands.php%3Fid%3D195779-341%26name%3Dlicuadora+hamilton+beach+modelo+58149" "Mozilla/5.0 (Linux; Android 6.0.1; Nexus 5X Build/MMB29P) AppleWebKit/537.36 (KHTML, like Gecko) Chrome/137.0.7151.119 Mobile Safari/537.36 (compatible; Googlebot/2.1; +http://www.google.com/bot.html)"
66.249.65.35 - - [14/Jul/2025:13:25:23 +0000] "GET /?x=5638982031800&mod=55d99a37&uri=dp.php%3Fid%3D188283-315%26name%3Dfossil+lederarmband+blau HTTP/1.1" 200 18425 "-" "Mozilla/5.0 (Linux; Android 6.0.1; Nexus 5X Build/MMB29P) AppleWebKit/537.36 (KHTML, like Gecko) Chrome/137.0.7151.103 Mobile Safari/537.36 (compatible; Googlebot/2.1; +http://www.google.com/bot.html)"
66.249.65.35 - - [14/Jul/2025:13:42:44 +0000] "POST /get-message-notify HTTP/1.1" 200 18195 "https://kraft-court.cafe/?x=5642306041800&mod=55d99a37&uri=search.php%3Fid%3D188394-315%26name%3Duhr+doppeltes+armband" "Mozilla/5.0 (Linux; Android 6.0.1; Nexus 5X Build/MMB29P) AppleWebKit/537.36 (KHTML, like Gecko) Chrome/137.0.7151.119 Mobile Safari/537.36 (compatible; Googlebot/2.1; +http://www.google.com/bot.html)"
209.74.77.214 - - [14/Jul/2025:13:42:53 +0000] "POST /wp-cron.php?doing_wp_cron=1752500573.4141499996185302734375 HTTP/1.1" 200 - "-" "WordPress/6.8.1; https://kraft-court.cafe"
51.222.253.2 - - [14/Jul/2025:13:42:52 +0000] "GET /?x=34336550041800&mod=64fbd809&uri=brands.php%3Fid%3D1146025-1073%26name%3Dmajesti+wrist+watch HTTP/1.1" 301 - "-" "Mozilla/5.0 (compatible; AhrefsBot/7.0; +http://ahrefs.com/robot/)"
66.249.65.36 - - [14/Jul/2025:13:43:23 +0000] "GET /?x=26399189051800&mod=18ad9899&uri=goods.php%3Fid%3D881087-265%26name%3Djaqueta+infantil+puffer HTTP/1.1" 200 18427 "-" "Mozilla/5.0 (Linux; Android 6.0.1; Nexus 5X Build/MMB29P) AppleWebKit/537.36 (KHTML, like Gecko) Chrome/137.0.7151.103 Mobile Safari/537.36 (compatible; Googlebot/2.1; +http://www.google.com/bot.html)"
66.249.65.35 - - [14/Jul/2025:13:44:23 +0000] "GET /?x=6953434061800&mod=576d0262&uri=brands.php%3Fid%3D232222-390%26name%3Dpolo+stade+toulousain+nike HTTP/1.1" 200 18437 "-" "Mozilla/5.0 (Linux; Android 6.0.1; Nexus 5X Build/MMB29P) AppleWebKit/537.36 (KHTML, like Gecko) Chrome/137.0.7151.103 Mobile Safari/537.36 (compatible; Googlebot/2.1; +http://www.google.com/bot.html)"
66.249.65.37 - - [14/Jul/2025:13:46:21 +0000] "GET /?x=119471972091800&mod=9854d7af&uri=brands.php%3Fid%3D3987145-387%26name%3Drep+fitness+ghd HTTP/1.1" 200 18427 "-" "Mozilla/5.0 (Linux; Android 6.0.1; Nexus 5X Build/MMB29P) AppleWebKit/537.36 (KHTML, like Gecko) Chrome/137.0.7151.103 Mobile Safari/537.36 (compatible; Googlebot/2.1; +http://www.google.com/bot.html)"
66.249.65.35 - - [14/Jul/2025:13:46:55 +0000] "GET /?x=5785585131800&mod=a8849b05&uri=product.php%3Fid%3D193206-57%26name%3Dbluetooth+headset+bose+price HTTP/1.1" 200 18431 "-" "Mozilla/5.0 (Linux; Android 6.0.1; Nexus 5X Build/MMB29P) AppleWebKit/537.36 (KHTML, like Gecko) Chrome/137.0.7151.103 Mobile Safari/537.36 (compatible; Googlebot/2.1; +http://www.google.com/bot.html)"
66.249.65.36 - - [14/Jul/2025:13:49:07 +0000] "GET /?x=6884586041800&mod=e3ea3396&uri=search.php%3Fid%3D229925-345%26name%3Dpantalones+boyfriend+negros HTTP/1.1" 200 18424 "-" "Mozilla/5.0 (Linux; Android 6.0.1; Nexus 5X Build/MMB29P) AppleWebKit/537.36 (KHTML, like Gecko) Chrome/137.0.7151.103 Mobile Safari/537.36 (compatible; Googlebot/2.1; +http://www.google.com/bot.html)"
66.249.65.35 - - [14/Jul/2025:13:49:35 +0000] "GET /?x=47900041800&mod=66f041e1&uri=news.php%3Fid%3D1600-5%26name%3Drobe+de+mari%C3%83%C2%A9e+diamant HTTP/1.1" 200 18438 "-" "Mozilla/5.0 (Linux; Android 6.0.1; Nexus 5X Build/MMB29P) AppleWebKit/537.36 (KHTML, like Gecko) Chrome/137.0.7151.103 Mobile Safari/537.36 (compatible; Googlebot/2.1; +http://www.google.com/bot.html)"
66.249.65.35 - - [14/Jul/2025:13:49:40 +0000] "POST /get-message-notify HTTP/1.1" 200 18195 "https://kraft-court.cafe/?x=47900041800&mod=66f041e1&uri=news.php%3Fid%3D1600-5%26name%3Drobe+de+mari%C3%83%C2%A9e+diamant" "Mozilla/5.0 (Linux; Android 6.0.1; Nexus 5X Build/MMB29P) AppleWebKit/537.36 (KHTML, like Gecko) Chrome/137.0.7151.119 Mobile Safari/537.36 (compatible; Googlebot/2.1; +http://www.google.com/bot.html)"
66.249.65.36 - - [14/Jul/2025:13:50:31 +0000] "GET /?x=5908361001800&mod=29921001&uri=pin.php%3Fid%3D197304-155%26name%3Dpeavey+impulse HTTP/1.1" 200 18410 "-" "Mozilla/5.0 (Linux; Android 6.0.1; Nexus 5X Build/MMB29P) AppleWebKit/537.36 (KHTML, like Gecko) Chrome/137.0.7151.103 Mobile Safari/537.36 (compatible; Googlebot/2.1; +http://www.google.com/bot.html)"
66.249.65.35 - - [14/Jul/2025:13:51:38 +0000] "GET /?x=6670075101800&mod=3df07fda&uri=brands.php%3Fid%3D222766-375%26name%3Dtenis+everlast+precio HTTP/1.1" 200 18424 "-" "Mozilla/5.0 (Linux; Android 6.0.1; Nexus 5X Build/MMB29P) AppleWebKit/537.36 (KHTML, like Gecko) Chrome/137.0.7151.103 Mobile Safari/537.36 (compatible; Googlebot/2.1; +http://www.google.com/bot.html)"
66.249.65.36 - - [14/Jul/2025:13:51:45 +0000] "POST /get-message-notify HTTP/1.1" 200 18195 "https://kraft-court.cafe/?x=6670075101800&mod=3df07fda&uri=brands.php%3Fid%3D222766-375%26name%3Dtenis+everlast+precio" "Mozilla/5.0 (Linux; Android 6.0.1; Nexus 5X Build/MMB29P) AppleWebKit/537.36 (KHTML, like Gecko) Chrome/137.0.7151.119 Mobile Safari/537.36 (compatible; Googlebot/2.1; +http://www.google.com/bot.html)"
209.74.77.214 - - [14/Jul/2025:13:52:10 +0000] "POST /wp-cron.php?doing_wp_cron=1752501130.3991780281066894531250 HTTP/1.1" 200 - "-" "WordPress/6.8.1; https://kraft-court.cafe"
51.222.253.16 - - [14/Jul/2025:13:52:09 +0000] "GET /?x=36246669021800&mod=9ab0d884&uri=blog.php%3Fid%3D1209762-99%26name%3Dnike+women%27s+sneakers HTTP/1.1" 301 - "-" "Mozilla/5.0 (compatible; AhrefsBot/7.0; +http://ahrefs.com/robot/)"
66.249.65.35 - - [14/Jul/2025:13:52:59 +0000] "GET /?x=6163102031800&mod=c2964caa&uri=news.php%3Fid%3D205805-358%26name%3Dreggiseno+coppa HTTP/1.1" 200 18417 "-" "Mozilla/5.0 (Linux; Android 6.0.1; Nexus 5X Build/MMB29P) AppleWebKit/537.36 (KHTML, like Gecko) Chrome/137.0.7151.103 Mobile Safari/537.36 (compatible; Googlebot/2.1; +http://www.google.com/bot.html)"
66.249.65.36 - - [14/Jul/2025:13:53:44 +0000] "GET /?x=6669175001800&mod=aaaccd27&uri=pin.php%3Fid%3D222736-374%26name%3Dpyjama+homme+satin+soie HTTP/1.1" 200 18430 "-" "Mozilla/5.0 (Linux; Android 6.0.1; Nexus 5X Build/MMB29P) AppleWebKit/537.36 (KHTML, like Gecko) Chrome/137.0.7151.103 Mobile Safari/537.36 (compatible; Googlebot/2.1; +http://www.google.com/bot.html)"
66.249.65.37 - - [14/Jul/2025:13:54:20 +0000] "GET /?x=5571804031800&mod=fa84632d&uri=article.php%3Fid%3D186007-329%26name%3Dugg+leopard+coat HTTP/1.1" 200 18423 "-" "Mozilla/5.0 (Linux; Android 6.0.1; Nexus 5X Build/MMB29P) AppleWebKit/537.36 (KHTML, like Gecko) Chrome/137.0.7151.103 Mobile Safari/537.36 (compatible; Googlebot/2.1; +http://www.google.com/bot.html)"
209.74.77.214 - - [14/Jul/2025:14:00:47 +0000] "POST /wp-cron.php?doing_wp_cron=1752501646.9986009597778320312500 HTTP/1.1" 200 - "-" "WordPress/6.8.1; https://kraft-court.cafe"
51.222.253.9 - - [14/Jul/2025:14:00:45 +0000] "GET /?x=39225433041800&mod=615ea20e&uri=us.php%3Fid%3D1309152-1136%26name%3Dorange+and+olive+green+nike+shirt HTTP/1.1" 301 - "-" "Mozilla/5.0 (compatible; AhrefsBot/7.0; +http://ahrefs.com/robot/)"
209.74.77.214 - - [14/Jul/2025:14:05:28 +0000] "POST /wp-cron.php?doing_wp_cron=1752501928.2146019935607910156250 HTTP/1.1" 200 - "-" "WordPress/6.8.1; https://kraft-court.cafe"
51.222.253.4 - - [14/Jul/2025:14:05:26 +0000] "GET /?x=39246343041800&mod=92317e80&uri=us.php%3Fid%3D1309849-1137%26name%3Djordan+heritage+hat HTTP/1.1" 301 - "-" "Mozilla/5.0 (compatible; AhrefsBot/7.0; +http://ahrefs.com/robot/)"
66.249.65.37 - - [14/Jul/2025:14:08:50 +0000] "GET /?x=47130209051800&mod=e7d6e2e8&uri=us.php%3Fid%3D1572855-721%26name%3Dwinterschlussverkauf+parka HTTP/1.1" 200 18429 "-" "Mozilla/5.0 (Linux; Android 6.0.1; Nexus 5X Build/MMB29P) AppleWebKit/537.36 (KHTML, like Gecko) Chrome/137.0.7151.103 Mobile Safari/537.36 (compatible; Googlebot/2.1; +http://www.google.com/bot.html)"
66.249.65.37 - - [14/Jul/2025:14:10:27 +0000] "GET /?x=5713775051800&mod=333cb763&uri=search.php%3Fid%3D190790-334%26name%3Dhaikyuu+stage+play+watch HTTP/1.1" 200 18428 "-" "Mozilla/5.0 (Linux; Android 6.0.1; Nexus 5X Build/MMB29P) AppleWebKit/537.36 (KHTML, like Gecko) Chrome/137.0.7151.103 Mobile Safari/537.36 (compatible; Googlebot/2.1; +http://www.google.com/bot.html)"
209.74.77.214 - - [14/Jul/2025:14:10:34 +0000] "POST /wp-cron.php?doing_wp_cron=1752502234.0005650520324707031250 HTTP/1.1" 200 - "-" "WordPress/6.8.1; https://kraft-court.cafe"
51.222.253.10 - - [14/Jul/2025:14:10:32 +0000] "GET /?x=39917688011800&mod=c15da1f2&uri=blog.php%3Fid%3D1332248-78%26name%3Dcardinals+hoodie HTTP/1.1" 301 - "-" "Mozilla/5.0 (compatible; AhrefsBot/7.0; +http://ahrefs.com/robot/)"
51.68.107.139 - - [14/Jul/2025:14:11:43 +0000] "GET /robots.txt HTTP/1.1" 200 96 "-" "Mozilla/5.0 (compatible; MJ12bot/v2.0.2; http://mj12bot.com/)"
51.68.107.139 - - [14/Jul/2025:14:11:43 +0000] "GET / HTTP/1.1" 200 1850 "-" "Mozilla/5.0 (compatible; MJ12bot/v2.0.2; http://mj12bot.com/)"
209.74.77.214 - - [14/Jul/2025:14:11:46 +0000] "POST /wp-cron.php?doing_wp_cron=1752502306.9150528907775878906250 HTTP/1.1" 200 - "-" "WordPress/6.8.1; https://kraft-court.cafe"
51.68.107.139 - - [14/Jul/2025:14:11:46 +0000] "GET / HTTP/1.1" 200 1850 "-" "Mozilla/5.0 (compatible; MJ12bot/v2.0.2; http://mj12bot.com/)"
66.249.65.36 - - [14/Jul/2025:14:11:50 +0000] "GET /?x=6873324041800&mod=70162fe6&uri=pin.php%3Fid%3D229549-386%26name%3Dso+hi+golf+hat HTTP/1.1" 200 18414 "-" "Mozilla/5.0 (Linux; Android 6.0.1; Nexus 5X Build/MMB29P) AppleWebKit/537.36 (KHTML, like Gecko) Chrome/137.0.7151.103 Mobile Safari/537.36 (compatible; Googlebot/2.1; +http://www.google.com/bot.html)"
66.249.65.36 - - [14/Jul/2025:14:12:03 +0000] "POST /get-message-notify HTTP/1.1" 200 18195 "https://kraft-court.cafe/?x=47130209051800&mod=e7d6e2e8&uri=us.php%3Fid%3D1572855-721%26name%3Dwinterschlussverkauf+parka" "Mozilla/5.0 (Linux; Android 6.0.1; Nexus 5X Build/MMB29P) AppleWebKit/537.36 (KHTML, like Gecko) Chrome/137.0.7151.119 Mobile Safari/537.36 (compatible; Googlebot/2.1; +http://www.google.com/bot.html)"
66.249.65.36 - - [14/Jul/2025:14:12:30 +0000] "GET /?x=47117656011800&mod=e7d6e2e8&uri=search.php%3Fid%3D1572435-721%26name%3Dpullover+mit+hemdeinsatz+herren HTTP/1.1" 200 18436 "-" "Mozilla/5.0 (Linux; Android 6.0.1; Nexus 5X Build/MMB29P) AppleWebKit/537.36 (KHTML, like Gecko) Chrome/137.0.7151.103 Mobile Safari/537.36 (compatible; Googlebot/2.1; +http://www.google.com/bot.html)"
42.96.5.144 - - [14/Jul/2025:14:12:31 +0000] "POST /xmlrpc.php HTTP/1.1" 200 403 "-" "Mozilla/5.0 (Windows NT 10.0; Win64; x64; rv:61.0) Gecko/20100101 Firefox/61.0"
66.249.65.36 - - [14/Jul/2025:14:12:34 +0000] "POST /get-message-notify HTTP/1.1" 200 18195 "https://kraft-court.cafe/?x=47117656011800&mod=e7d6e2e8&uri=search.php%3Fid%3D1572435-721%26name%3Dpullover+mit+hemdeinsatz+herren" "Mozilla/5.0 (Linux; Android 6.0.1; Nexus 5X Build/MMB29P) AppleWebKit/537.36 (KHTML, like Gecko) Chrome/137.0.7151.119 Mobile Safari/537.36 (compatible; Googlebot/2.1; +http://www.google.com/bot.html)"
66.249.65.36 - - [14/Jul/2025:14:13:01 +0000] "GET /?x=34670639001800&mod=9854d7af&uri=article.php%3Fid%3D1157186-387%26name%3Dessential+items+for+home+gym HTTP/1.1" 200 18445 "-" "Mozilla/5.0 (Linux; Android 6.0.1; Nexus 5X Build/MMB29P) AppleWebKit/537.36 (KHTML, like Gecko) Chrome/137.0.7151.103 Mobile Safari/537.36 (compatible; Googlebot/2.1; +http://www.google.com/bot.html)"
66.249.65.35 - - [14/Jul/2025:14:13:07 +0000] "POST /get-message-notify HTTP/1.1" 200 18195 "https://kraft-court.cafe/?x=34670639001800&mod=9854d7af&uri=article.php%3Fid%3D1157186-387%26name%3Dessential+items+for+home+gym" "Mozilla/5.0 (Linux; Android 6.0.1; Nexus 5X Build/MMB29P) AppleWebKit/537.36 (KHTML, like Gecko) Chrome/137.0.7151.119 Mobile Safari/537.36 (compatible; Googlebot/2.1; +http://www.google.com/bot.html)"
66.249.65.35 - - [14/Jul/2025:14:13:32 +0000] "GET /?x=5717269051800&mod=333cb763&uri=shared.php%3Fid%3D190910-334%26name%3Dmy+first+first+love+dramacool HTTP/1.1" 200 18435 "-" "Mozilla/5.0 (Linux; Android 6.0.1; Nexus 5X Build/MMB29P) AppleWebKit/537.36 (KHTML, like Gecko) Chrome/137.0.7151.103 Mobile Safari/537.36 (compatible; Googlebot/2.1; +http://www.google.com/bot.html)"
66.249.65.35 - - [14/Jul/2025:14:16:11 +0000] "GET /?x=47124749031800&mod=e7d6e2e8&uri=news.php%3Fid%3D1572673-721%26name%3Dwollpullover+weiss HTTP/1.1" 200 18420 "-" "Mozilla/5.0 (Linux; Android 6.0.1; Nexus 5X Build/MMB29P) AppleWebKit/537.36 (KHTML, like Gecko) Chrome/137.0.7151.103 Mobile Safari/537.36 (compatible; Googlebot/2.1; +http://www.google.com/bot.html)"
66.249.65.35 - - [14/Jul/2025:14:16:45 +0000] "GET /?x=34555799021800&mod=e94fe9ac&uri=brands.php%3Fid%3D1153354-332%26name%3Damazon+prime+cast+to+roku HTTP/1.1" 200 18443 "-" "Mozilla/5.0 (Linux; Android 6.0.1; Nexus 5X Build/MMB29P) AppleWebKit/537.36 (KHTML, like Gecko) Chrome/137.0.7151.103 Mobile Safari/537.36 (compatible; Googlebot/2.1; +http://www.google.com/bot.html)"
66.249.65.35 - - [14/Jul/2025:14:16:51 +0000] "GET /?x=119456042041800&mod=9854d7af&uri=goods.php%3Fid%3D3986614-387%26name%3Dday+dumbbell+workout+plan HTTP/1.1" 200 18437 "-" "Mozilla/5.0 (Linux; Android 6.0.1; Nexus 5X Build/MMB29P) AppleWebKit/537.36 (KHTML, like Gecko) Chrome/137.0.7151.103 Mobile Safari/537.36 (compatible; Googlebot/2.1; +http://www.google.com/bot.html)"
66.249.65.35 - - [14/Jul/2025:14:16:52 +0000] "GET /?x=6111395071800&mod=d3a7f48c&uri=us.php%3Fid%3D204081-208%26name%3Dsony+a7c+e+mount HTTP/1.1" 200 18408 "-" "Mozilla/5.0 (Linux; Android 6.0.1; Nexus 5X Build/MMB29P) AppleWebKit/537.36 (KHTML, like Gecko) Chrome/137.0.7151.103 Mobile Safari/537.36 (compatible; Googlebot/2.1; +http://www.google.com/bot.html)"
66.249.65.37 - - [14/Jul/2025:14:19:52 +0000] "GET /?x=36365980071800&mod=dc6a7e65&uri=goods.php%3Fid%3D1213741-308%26name%3Dsilky+pjs+boohoo HTTP/1.1" 200 18420 "-" "Mozilla/5.0 (Linux; Android 6.0.1; Nexus 5X Build/MMB29P) AppleWebKit/537.36 (KHTML, like Gecko) Chrome/137.0.7151.103 Mobile Safari/537.36 (compatible; Googlebot/2.1; +http://www.google.com/bot.html)"
66.249.65.37 - - [14/Jul/2025:14:19:51 +0000] "GET /?x=47120363061800&mod=e7d6e2e8&uri=products.php%3Fid%3D1572526-721%26name%3Dpullover+blau+wei%C3%83%C2%9F+gestreift+damen HTTP/1.1" 200 18482 "-" "Mozilla/5.0 (Linux; Android 6.0.1; Nexus 5X Build/MMB29P) AppleWebKit/537.36 (KHTML, like Gecko) Chrome/137.0.7151.103 Mobile Safari/537.36 (compatible; Googlebot/2.1; +http://www.google.com/bot.html)"
66.249.65.35 - - [14/Jul/2025:14:20:04 +0000] "POST /get-message-notify HTTP/1.1" 200 18195 "https://kraft-court.cafe/?x=47120363061800&mod=e7d6e2e8&uri=products.php%3Fid%3D1572526-721%26name%3Dpullover+blau+wei%C3%83%C2%9F+gestreift+damen" "Mozilla/5.0 (Linux; Android 6.0.1; Nexus 5X Build/MMB29P) AppleWebKit/537.36 (KHTML, like Gecko) Chrome/137.0.7151.119 Mobile Safari/537.36 (compatible; Googlebot/2.1; +http://www.google.com/bot.html)"
209.74.77.214 - - [14/Jul/2025:14:20:34 +0000] "POST /wp-cron.php?doing_wp_cron=1752502834.1633539199829101562500 HTTP/1.1" 200 - "-" "WordPress/6.8.1; https://kraft-court.cafe"
209.74.77.214 - - [14/Jul/2025:14:20:34 +0000] "POST /wp-cron.php?doing_wp_cron=1752502834.1632859706878662109375 HTTP/1.1" 200 - "-" "WordPress/6.8.1; https://kraft-court.cafe"
162.120.184.205 - - [14/Jul/2025:14:20:33 +0000] "GET /?x=102305418021800&mod=2de7cf20&uri=itm.php%3Fid%3D3414222-333%26name%3Dtanishq+silver+ganesh+laxmi HTTP/1.1" 301 - "https://www.google.com/" "Mozilla/5.0 (Windows NT 10.0; Win64; x64) AppleWebKit/537.36 (KHTML, like Gecko) Chrome/138.0.0.0 Safari/537.36"
64.233.173.200 - - [14/Jul/2025:14:20:33 +0000] "GET /.well-known/traffic-advice HTTP/1.1" 404 1869 "-" "Chrome Privacy Preserving Prefetch Proxy"
162.120.184.205 - - [14/Jul/2025:14:20:34 +0000] "GET /?x=102305418021800&mod=2de7cf20&uri=itm.php%3Fid%3D3414222-333%26name%3Dtanishq%20silver%20ganesh%20laxmi HTTP/1.1" 200 1938 "https://www.google.com/" "Mozilla/5.0 (Windows NT 10.0; Win64; x64) AppleWebKit/537.36 (KHTML, like Gecko) Chrome/138.0.0.0 Safari/537.36"
66.249.65.36 - - [14/Jul/2025:14:20:52 +0000] "POST /get-message-notify HTTP/1.1" 200 18195 "https://kraft-court.cafe/?x=5717269051800&mod=333cb763&uri=shared.php%3Fid%3D190910-334%26name%3Dmy+first+first+love+dramacool" "Mozilla/5.0 (Linux; Android 6.0.1; Nexus 5X Build/MMB29P) AppleWebKit/537.36 (KHTML, like Gecko) Chrome/137.0.7151.119 Mobile Safari/537.36 (compatible; Googlebot/2.1; +http://www.google.com/bot.html)"
66.249.65.35 - - [14/Jul/2025:14:21:31 +0000] "GET /?x=31739654071800&mod=73634c1d&uri=blog.php%3Fid%3D1059358-462%26name%3Dps4+spiderman+edition HTTP/1.1" 200 18421 "-" "Mozilla/5.0 (Linux; Android 6.0.1; Nexus 5X Build/MMB29P) AppleWebKit/537.36 (KHTML, like Gecko) Chrome/137.0.7151.103 Mobile Safari/537.36 (compatible; Googlebot/2.1; +http://www.google.com/bot.html)"
66.249.65.36 - - [14/Jul/2025:14:21:57 +0000] "GET /?x=5766357041800&mod=97108695&uri=blog.php%3Fid%3D192565-335%26name%3Dborderlands+switch+commander+lilith+dlc HTTP/1.1" 200 18446 "-" "Mozilla/5.0 (Linux; Android 6.0.1; Nexus 5X Build/MMB29P) AppleWebKit/537.36 (KHTML, like Gecko) Chrome/137.0.7151.103 Mobile Safari/537.36 (compatible; Googlebot/2.1; +http://www.google.com/bot.html)"
66.249.65.35 - - [14/Jul/2025:14:23:33 +0000] "GET /?x=47518895001800&mod=0d2922ee&uri=category-info.php%3Fid%3D1585818-1246%26name%3Dyellow+faux+fur+fabric HTTP/1.1" 200 18459 "-" "Mozilla/5.0 (Linux; Android 6.0.1; Nexus 5X Build/MMB29P) AppleWebKit/537.36 (KHTML, like Gecko) Chrome/137.0.7151.103 Mobile Safari/537.36 (compatible; Googlebot/2.1; +http://www.google.com/bot.html)"
209.74.77.214 - - [14/Jul/2025:14:25:24 +0000] "POST /wp-cron.php?doing_wp_cron=1752503124.5334999561309814453125 HTTP/1.1" 200 - "-" "WordPress/6.8.1; https://kraft-court.cafe"
51.222.253.2 - - [14/Jul/2025:14:25:23 +0000] "GET /?x=41673371041800&mod=67e4423a&uri=product.php%3Fid%3D1390831-1166%26name%3Dsalomon+24+hours+pro HTTP/1.1" 301 - "-" "Mozilla/5.0 (compatible; AhrefsBot/7.0; +http://ahrefs.com/robot/)"
66.249.65.37 - - [14/Jul/2025:14:26:26 +0000] "GET /?x=5801828131800&mod=165a59f7&uri=itm.php%3Fid%3D193748-336%26name%3Duncinetto+borse HTTP/1.1" 200 18418 "-" "Mozilla/5.0 (Linux; Android 6.0.1; Nexus 5X Build/MMB29P) AppleWebKit/537.36 (KHTML, like Gecko) Chrome/137.0.7151.103 Mobile Safari/537.36 (compatible; Googlebot/2.1; +http://www.google.com/bot.html)"
