66.249.65.35 - - [14/Jul/2025:12:15:29 +0000] "GET /?x=35001712011800&mod=1e056d2b&uri=product.php%3Fid%3D1168236-91%26name%3Dpassion+pro+bike+honda HTTP/1.1" 200 18432 "-" "Mozilla/5.0 (Linux; Android 6.0.1; Nexus 5X Build/MMB29P) AppleWebKit/537.36 (KHTML, like Gecko) Chrome/137.0.7151.103 Mobile Safari/537.36 (compatible; Googlebot/2.1; +http://www.google.com/bot.html)"
66.249.65.35 - - [14/Jul/2025:12:15:43 +0000] "GET /?x=47570710041800&mod=798fa73d&uri=shared.php%3Fid%3D1587546-1248%26name%3Ddior+eyeshadow+price HTTP/1.1" 200 18427 "-" "Mozilla/5.0 (Linux; Android 6.0.1; Nexus 5X Build/MMB29P) AppleWebKit/537.36 (KHTML, like Gecko) Chrome/137.0.7151.103 Mobile Safari/537.36 (compatible; Googlebot/2.1; +http://www.google.com/bot.html)"
66.249.65.35 - - [14/Jul/2025:12:16:22 +0000] "GET /?x=34999852141800&mod=1e056d2b&uri=goods.php%3Fid%3D1168174-91%26name%3Dbike+helmet+11+year+old HTTP/1.1" 200 18433 "-" "Mozilla/5.0 (Linux; Android 6.0.1; Nexus 5X Build/MMB29P) AppleWebKit/537.36 (KHTML, like Gecko) Chrome/137.0.7151.103 Mobile Safari/537.36 (compatible; Googlebot/2.1; +http://www.google.com/bot.html)"
66.249.65.36 - - [14/Jul/2025:12:16:32 +0000] "GET /?x=34966867021800&mod=f08b7ac8&uri=form.php%3Fid%3D1167074-463%26name%3Dpc011d+mini HTTP/1.1" 200 18412 "-" "Mozilla/5.0 (Linux; Android 6.0.1; Nexus 5X Build/MMB29P) AppleWebKit/537.36 (KHTML, like Gecko) Chrome/137.0.7151.103 Mobile Safari/537.36 (compatible; Googlebot/2.1; +http://www.google.com/bot.html)"
66.249.65.35 - - [14/Jul/2025:12:16:35 +0000] "GET /?x=111157474061800&mod=76309eaf&uri=blog.php%3Fid%3D3709676-1018%26name%3Dmacys+stud+earrings HTTP/1.1" 200 18433 "-" "Mozilla/5.0 (Linux; Android 6.0.1; Nexus 5X Build/MMB29P) AppleWebKit/537.36 (KHTML, like Gecko) Chrome/137.0.7151.103 Mobile Safari/537.36 (compatible; Googlebot/2.1; +http://www.google.com/bot.html)"
66.249.65.35 - - [14/Jul/2025:12:16:48 +0000] "POST /get-message-notify HTTP/1.1" 200 18195 "https://kraft-court.cafe/?x=34966867021800&mod=f08b7ac8&uri=form.php%3Fid%3D1167074-463%26name%3Dpc011d+mini" "Mozilla/5.0 (Linux; Android 6.0.1; Nexus 5X Build/MMB29P) AppleWebKit/537.36 (KHTML, like Gecko) Chrome/137.0.7151.119 Mobile Safari/537.36 (compatible; Googlebot/2.1; +http://www.google.com/bot.html)"
66.249.65.35 - - [14/Jul/2025:12:16:53 +0000] "GET /?x=31834387091800&mod=c0560792&uri=form.php%3Fid%3D1062517-165%26name%3Dblue+and+white+fluffy+jacket HTTP/1.1" 200 18435 "-" "Mozilla/5.0 (Linux; Android 6.0.1; Nexus 5X Build/MMB29P) AppleWebKit/537.36 (KHTML, like Gecko) Chrome/137.0.7151.103 Mobile Safari/537.36 (compatible; Googlebot/2.1; +http://www.google.com/bot.html)"
66.249.65.35 - - [14/Jul/2025:12:17:11 +0000] "GET /?x=119777380011800&mod=cc099134&uri=category-info.php%3Fid%3D3997335-242%26name%3Dmilk+frother+that+heats HTTP/1.1" 200 18460 "-" "Mozilla/5.0 (Linux; Android 6.0.1; Nexus 5X Build/MMB29P) AppleWebKit/537.36 (KHTML, like Gecko) Chrome/137.0.7151.103 Mobile Safari/537.36 (compatible; Googlebot/2.1; +http://www.google.com/bot.html)"
66.249.65.35 - - [14/Jul/2025:12:17:29 +0000] "GET /?x=84251854031800&mod=c2626d85&uri=us.php%3Fid%3D2811630-82%26name%3Dsuperga+alpina+rosa HTTP/1.1" 200 18421 "-" "Mozilla/5.0 (Linux; Android 6.0.1; Nexus 5X Build/MMB29P) AppleWebKit/537.36 (KHTML, like Gecko) Chrome/137.0.7151.103 Mobile Safari/537.36 (compatible; Googlebot/2.1; +http://www.google.com/bot.html)"
66.249.65.35 - - [14/Jul/2025:12:17:59 +0000] "POST /get-message-notify HTTP/1.1" 200 18195 "https://kraft-court.cafe/?x=84251854031800&mod=c2626d85&uri=us.php%3Fid%3D2811630-82%26name%3Dsuperga+alpina+rosa" "Mozilla/5.0 (Linux; Android 6.0.1; Nexus 5X Build/MMB29P) AppleWebKit/537.36 (KHTML, like Gecko) Chrome/137.0.7151.119 Mobile Safari/537.36 (compatible; Googlebot/2.1; +http://www.google.com/bot.html)"
66.249.65.35 - - [14/Jul/2025:12:18:20 +0000] "GET /?x=47746701051800&mod=c73dfe6c&uri=goods.php%3Fid%3D1593421-134%26name%3Dbest+spanish+series+to+watch HTTP/1.1" 200 18440 "-" "Mozilla/5.0 (Linux; Android 6.0.1; Nexus 5X Build/MMB29P) AppleWebKit/537.36 (KHTML, like Gecko) Chrome/137.0.7151.103 Mobile Safari/537.36 (compatible; Googlebot/2.1; +http://www.google.com/bot.html)"
66.249.65.35 - - [14/Jul/2025:12:18:29 +0000] "GET /?x=55186427011800&mod=f08b7ac8&uri=category-info.php%3Fid%3D1841616-463%26name%3Dmemtest+command HTTP/1.1" 200 18455 "-" "Mozilla/5.0 (Linux; Android 6.0.1; Nexus 5X Build/MMB29P) AppleWebKit/537.36 (KHTML, like Gecko) Chrome/137.0.7151.103 Mobile Safari/537.36 (compatible; Googlebot/2.1; +http://www.google.com/bot.html)"
66.249.65.35 - - [14/Jul/2025:12:18:51 +0000] "GET /?x=70394165001800&mod=29b2cd4a&uri=products.php%3Fid%3D2349126-1423%26name%3Dlebrons+16s HTTP/1.1" 200 18425 "-" "Mozilla/5.0 (Linux; Android 6.0.1; Nexus 5X Build/MMB29P) AppleWebKit/537.36 (KHTML, like Gecko) Chrome/137.0.7151.103 Mobile Safari/537.36 (compatible; Googlebot/2.1; +http://www.google.com/bot.html)"
66.249.65.35 - - [14/Jul/2025:12:18:54 +0000] "GET /?x=111414740041800&mod=b448d829&uri=form.php%3Fid%3D3718279-580%26name%3Dcold+weather+golf+shoes HTTP/1.1" 200 18437 "-" "Mozilla/5.0 (Linux; Android 6.0.1; Nexus 5X Build/MMB29P) AppleWebKit/537.36 (KHTML, like Gecko) Chrome/137.0.7151.103 Mobile Safari/537.36 (compatible; Googlebot/2.1; +http://www.google.com/bot.html)"
66.249.65.36 - - [14/Jul/2025:12:19:23 +0000] "GET /?x=34988242011800&mod=f08b7ac8&uri=category-info.php%3Fid%3D1167787-463%26name%3Dbuy+ryzen+mini+pc HTTP/1.1" 200 18454 "-" "Mozilla/5.0 (Linux; Android 6.0.1; Nexus 5X Build/MMB29P) AppleWebKit/537.36 (KHTML, like Gecko) Chrome/137.0.7151.103 Mobile Safari/537.36 (compatible; Googlebot/2.1; +http://www.google.com/bot.html)"
66.249.65.35 - - [14/Jul/2025:12:19:28 +0000] "POST /get-message-notify HTTP/1.1" 200 18195 "https://kraft-court.cafe/?x=34988242011800&mod=f08b7ac8&uri=category-info.php%3Fid%3D1167787-463%26name%3Dbuy+ryzen+mini+pc" "Mozilla/5.0 (Linux; Android 6.0.1; Nexus 5X Build/MMB29P) AppleWebKit/537.36 (KHTML, like Gecko) Chrome/137.0.7151.119 Mobile Safari/537.36 (compatible; Googlebot/2.1; +http://www.google.com/bot.html)"
66.249.65.35 - - [14/Jul/2025:12:19:33 +0000] "GET /?x=119471732111800&mod=9854d7af&uri=pin.php%3Fid%3D3987137-387%26name%3Dlate+night+gym+workout HTTP/1.1" 200 18423 "-" "Mozilla/5.0 (Linux; Android 6.0.1; Nexus 5X Build/MMB29P) AppleWebKit/537.36 (KHTML, like Gecko) Chrome/137.0.7151.103 Mobile Safari/537.36 (compatible; Googlebot/2.1; +http://www.google.com/bot.html)"
66.249.65.35 - - [14/Jul/2025:12:19:42 +0000] "GET /?x=5886845071800&mod=29921001&uri=shared.php%3Fid%3D196586-155%26name%3Dlg+las355 HTTP/1.1" 200 18409 "-" "Mozilla/5.0 (Linux; Android 6.0.1; Nexus 5X Build/MMB29P) AppleWebKit/537.36 (KHTML, like Gecko) Chrome/137.0.7151.103 Mobile Safari/537.36 (compatible; Googlebot/2.1; +http://www.google.com/bot.html)"
66.249.65.35 - - [14/Jul/2025:12:19:47 +0000] "GET /?x=6951994031800&mod=576d0262&uri=brands.php%3Fid%3D232174-390%26name%3Dgant+hyperwarm+nike HTTP/1.1" 200 18425 "-" "Mozilla/5.0 (Linux; Android 6.0.1; Nexus 5X Build/MMB29P) AppleWebKit/537.36 (KHTML, like Gecko) Chrome/137.0.7151.103 Mobile Safari/537.36 (compatible; Googlebot/2.1; +http://www.google.com/bot.html)"
66.249.65.35 - - [14/Jul/2025:12:19:48 +0000] "POST /get-message-notify HTTP/1.1" 200 18195 "https://kraft-court.cafe/?x=5886845071800&mod=29921001&uri=shared.php%3Fid%3D196586-155%26name%3Dlg+las355" "Mozilla/5.0 (Linux; Android 6.0.1; Nexus 5X Build/MMB29P) AppleWebKit/537.36 (KHTML, like Gecko) Chrome/137.0.7151.119 Mobile Safari/537.36 (compatible; Googlebot/2.1; +http://www.google.com/bot.html)"
66.249.65.37 - - [14/Jul/2025:12:20:55 +0000] "GET /?x=119718493071800&mod=faefec47&uri=us.php%3Fid%3D3995370-539%26name%3Dright+airpod+pro+sounds+blown HTTP/1.1" 200 18437 "-" "Mozilla/5.0 (Linux; Android 6.0.1; Nexus 5X Build/MMB29P) AppleWebKit/537.36 (KHTML, like Gecko) Chrome/137.0.7151.103 Mobile Safari/537.36 (compatible; Googlebot/2.1; +http://www.google.com/bot.html)"
66.249.65.36 - - [14/Jul/2025:12:21:04 +0000] "POST /get-message-notify HTTP/1.1" 200 18195 "https://kraft-court.cafe/?x=119718493071800&mod=faefec47&uri=us.php%3Fid%3D3995370-539%26name%3Dright+airpod+pro+sounds+blown" "Mozilla/5.0 (Linux; Android 6.0.1; Nexus 5X Build/MMB29P) AppleWebKit/537.36 (KHTML, like Gecko) Chrome/137.0.7151.119 Mobile Safari/537.36 (compatible; Googlebot/2.1; +http://www.google.com/bot.html)"
66.249.65.35 - - [14/Jul/2025:12:21:35 +0000] "GET /?x=107494713051800&mod=4eff0720&uri=product.php%3Fid%3D3587451-510%26name%3Dnexgrill+burner HTTP/1.1" 200 18428 "-" "Mozilla/5.0 (Linux; Android 6.0.1; Nexus 5X Build/MMB29P) AppleWebKit/537.36 (KHTML, like Gecko) Chrome/137.0.7151.103 Mobile Safari/537.36 (compatible; Googlebot/2.1; +http://www.google.com/bot.html)"
66.249.65.35 - - [14/Jul/2025:12:21:45 +0000] "GET /?x=119312003141800&mod=05192834&uri=product.php%3Fid%3D3981808-204%26name%3Dgray+and+red+t+shirt HTTP/1.1" 200 18437 "-" "Mozilla/5.0 (Linux; Android 6.0.1; Nexus 5X Build/MMB29P) AppleWebKit/537.36 (KHTML, like Gecko) Chrome/137.0.7151.103 Mobile Safari/537.36 (compatible; Googlebot/2.1; +http://www.google.com/bot.html)"
66.249.65.35 - - [14/Jul/2025:12:21:48 +0000] "GET /?x=59643839031800&mod=b6cda17a&uri=news.php%3Fid%3D1990363-233%26name%3Dchubasquero+verano+mujer HTTP/1.1" 200 18434 "-" "Mozilla/5.0 (Linux; Android 6.0.1; Nexus 5X Build/MMB29P) AppleWebKit/537.36 (KHTML, like Gecko) Chrome/137.0.7151.103 Mobile Safari/537.36 (compatible; Googlebot/2.1; +http://www.google.com/bot.html)"
66.249.65.35 - - [14/Jul/2025:12:21:53 +0000] "GET /?x=31846649031800&mod=42e77b63&uri=shared.php%3Fid%3D1062927-62%26name%3Dwatch+season+modern+family HTTP/1.1" 200 18435 "-" "Mozilla/5.0 (Linux; Android 6.0.1; Nexus 5X Build/MMB29P) AppleWebKit/537.36 (KHTML, like Gecko) Chrome/137.0.7151.103 Mobile Safari/537.36 (compatible; Googlebot/2.1; +http://www.google.com/bot.html)"
66.249.65.35 - - [14/Jul/2025:12:22:03 +0000] "GET /?x=84255814001800&mod=c2626d85&uri=article.php%3Fid%3D2811762-82%26name%3Dcalzaturifici+italiani+famosi HTTP/1.1" 200 18449 "-" "Mozilla/5.0 (Linux; Android 6.0.1; Nexus 5X Build/MMB29P) AppleWebKit/537.36 (KHTML, like Gecko) Chrome/137.0.7151.103 Mobile Safari/537.36 (compatible; Googlebot/2.1; +http://www.google.com/bot.html)"
66.249.65.35 - - [14/Jul/2025:12:22:14 +0000] "POST /get-message-notify HTTP/1.1" 200 18195 "https://kraft-court.cafe/?x=59643839031800&mod=b6cda17a&uri=news.php%3Fid%3D1990363-233%26name%3Dchubasquero+verano+mujer" "Mozilla/5.0 AppleWebKit/537.36 (KHTML, like Gecko; compatible; Googlebot/2.1; +http://www.google.com/bot.html) Chrome/137.0.7151.119 Safari/537.36"
66.249.65.35 - - [14/Jul/2025:12:22:19 +0000] "GET /?x=70392245011800&mod=2548a4ac&uri=us.php%3Fid%3D2349062-562%26name%3Dnike+air+max+98+womens+black HTTP/1.1" 200 18435 "-" "Mozilla/5.0 (Linux; Android 6.0.1; Nexus 5X Build/MMB29P) AppleWebKit/537.36 (KHTML, like Gecko) Chrome/137.0.7151.103 Mobile Safari/537.36 (compatible; Googlebot/2.1; +http://www.google.com/bot.html)"
66.249.65.35 - - [14/Jul/2025:12:22:22 +0000] "GET /?x=35104575041800&mod=a8849b05&uri=article.php%3Fid%3D1171666-57%26name%3Dbeats+ep+headphones+wireless HTTP/1.1" 200 18444 "-" "Mozilla/5.0 (Linux; Android 6.0.1; Nexus 5X Build/MMB29P) AppleWebKit/537.36 (KHTML, like Gecko) Chrome/137.0.7151.103 Mobile Safari/537.36 (compatible; Googlebot/2.1; +http://www.google.com/bot.html)"
66.249.65.35 - - [14/Jul/2025:12:22:25 +0000] "POST /get-message-notify HTTP/1.1" 200 18195 "https://kraft-court.cafe/?x=35104575041800&mod=a8849b05&uri=article.php%3Fid%3D1171666-57%26name%3Dbeats+ep+headphones+wireless" "Mozilla/5.0 (Linux; Android 6.0.1; Nexus 5X Build/MMB29P) AppleWebKit/537.36 (KHTML, like Gecko) Chrome/137.0.7151.119 Mobile Safari/537.36 (compatible; Googlebot/2.1; +http://www.google.com/bot.html)"
66.249.65.35 - - [14/Jul/2025:12:22:28 +0000] "GET /?x=119473592011800&mod=9854d7af&uri=us.php%3Fid%3D3987199-387%26name%3Dfun+outdoor+workouts HTTP/1.1" 200 18421 "-" "Mozilla/5.0 (Linux; Android 6.0.1; Nexus 5X Build/MMB29P) AppleWebKit/537.36 (KHTML, like Gecko) Chrome/137.0.7151.103 Mobile Safari/537.36 (compatible; Googlebot/2.1; +http://www.google.com/bot.html)"
66.249.65.35 - - [14/Jul/2025:12:22:32 +0000] "GET /?x=74796703031800&mod=9854d7af&uri=product.php%3Fid%3D2496019-387%26name%3Dcable+pull+gym HTTP/1.1" 200 18426 "-" "Mozilla/5.0 (Linux; Android 6.0.1; Nexus 5X Build/MMB29P) AppleWebKit/537.36 (KHTML, like Gecko) Chrome/137.0.7151.103 Mobile Safari/537.36 (compatible; Googlebot/2.1; +http://www.google.com/bot.html)"
66.249.65.35 - - [14/Jul/2025:12:22:52 +0000] "GET /?x=47690168081800&mod=b7b16ecf&uri=products.php%3Fid%3D1591530-39%26name%3Dvitra+aluminum+chair HTTP/1.1" 200 18442 "-" "Mozilla/5.0 (Linux; Android 6.0.1; Nexus 5X Build/MMB29P) AppleWebKit/537.36 (KHTML, like Gecko) Chrome/137.0.7151.103 Mobile Safari/537.36 (compatible; Googlebot/2.1; +http://www.google.com/bot.html)"
66.249.65.35 - - [14/Jul/2025:12:23:54 +0000] "GET /?x=6111875081800&mod=0d0fd7c6&uri=us.php%3Fid%3D204097-40%26name%3Dmilwaukee+battery+powered+lights HTTP/1.1" 200 18432 "-" "Mozilla/5.0 (Linux; Android 6.0.1; Nexus 5X Build/MMB29P) AppleWebKit/537.36 (KHTML, like Gecko) Chrome/137.0.7151.103 Mobile Safari/537.36 (compatible; Googlebot/2.1; +http://www.google.com/bot.html)"
66.249.65.35 - - [14/Jul/2025:12:24:09 +0000] "POST /get-message-notify HTTP/1.1" 200 18195 "https://kraft-court.cafe/?x=6111875081800&mod=0d0fd7c6&uri=us.php%3Fid%3D204097-40%26name%3Dmilwaukee+battery+powered+lights" "Mozilla/5.0 (Linux; Android 6.0.1; Nexus 5X Build/MMB29P) AppleWebKit/537.36 (KHTML, like Gecko) Chrome/137.0.7151.119 Mobile Safari/537.36 (compatible; Googlebot/2.1; +http://www.google.com/bot.html)"
66.249.65.36 - - [14/Jul/2025:12:24:51 +0000] "GET /?x=40157514011800&mod=543e8374&uri=info.php%3Fid%3D1340245-537%26name%3Dv+neck+hoco+dress HTTP/1.1" 200 18422 "-" "Mozilla/5.0 (Linux; Android 6.0.1; Nexus 5X Build/MMB29P) AppleWebKit/537.36 (KHTML, like Gecko) Chrome/137.0.7151.103 Mobile Safari/537.36 (compatible; Googlebot/2.1; +http://www.google.com/bot.html)"
66.249.65.37 - - [14/Jul/2025:12:25:11 +0000] "POST /get-message-notify HTTP/1.1" 200 18195 "https://kraft-court.cafe/?x=84255034041800&mod=c2626d85&uri=brands.php%3Fid%3D2811736-82%26name%3Dscarpine+di+lana+per+neonato+ai+ferri" "Mozilla/5.0 (Linux; Android 6.0.1; Nexus 5X Build/MMB29P) AppleWebKit/537.36 (KHTML, like Gecko) Chrome/137.0.7151.119 Mobile Safari/537.36 (compatible; Googlebot/2.1; +http://www.google.com/bot.html)"
66.249.65.36 - - [14/Jul/2025:12:25:11 +0000] "GET /?x=74787493001800&mod=9854d7af&uri=blog.php%3Fid%3D2495712-387%26name%3Dhow+to+get+v+body+shape HTTP/1.1" 200 18433 "-" "Mozilla/5.0 (Linux; Android 6.0.1; Nexus 5X Build/MMB29P) AppleWebKit/537.36 (KHTML, like Gecko) Chrome/137.0.7151.103 Mobile Safari/537.36 (compatible; Googlebot/2.1; +http://www.google.com/bot.html)"
66.249.65.36 - - [14/Jul/2025:12:25:30 +0000] "GET /?x=74795233001800&mod=9854d7af&uri=article.php%3Fid%3D2495970-387%26name%3Dhow+to+get+chest+in+shape+at+home HTTP/1.1" 200 18458 "-" "Mozilla/5.0 (Linux; Android 6.0.1; Nexus 5X Build/MMB29P) AppleWebKit/537.36 (KHTML, like Gecko) Chrome/137.0.7151.103 Mobile Safari/537.36 (compatible; Googlebot/2.1; +http://www.google.com/bot.html)"
66.249.65.36 - - [14/Jul/2025:12:25:30 +0000] "GET /?x=47591680041800&mod=798fa73d&uri=category-info.php%3Fid%3D1588245-1248%26name%3Ddiorific+lipstick+2018 HTTP/1.1" 200 18465 "-" "Mozilla/5.0 (Linux; Android 6.0.1; Nexus 5X Build/MMB29P) AppleWebKit/537.36 (KHTML, like Gecko) Chrome/137.0.7151.103 Mobile Safari/537.36 (compatible; Googlebot/2.1; +http://www.google.com/bot.html)"
66.249.65.35 - - [14/Jul/2025:12:25:30 +0000] "GET /?x=6616495041800&mod=1e056d2b&uri=shop.php%3Fid%3D220980-91%26name%3Damerican+made+titanium+bikes HTTP/1.1" 200 18437 "-" "Mozilla/5.0 (Linux; Android 6.0.1; Nexus 5X Build/MMB29P) AppleWebKit/537.36 (KHTML, like Gecko) Chrome/137.0.7151.103 Mobile Safari/537.36 (compatible; Googlebot/2.1; +http://www.google.com/bot.html)"
66.249.65.35 - - [14/Jul/2025:12:26:22 +0000] "GET /?x=84253114021800&mod=c2626d85&uri=blog.php%3Fid%3D2811672-82%26name%3Dscarpe+bimba+eureka HTTP/1.1" 200 18427 "-" "Mozilla/5.0 (Linux; Android 6.0.1; Nexus 5X Build/MMB29P) AppleWebKit/537.36 (KHTML, like Gecko) Chrome/137.0.7151.103 Mobile Safari/537.36 (compatible; Googlebot/2.1; +http://www.google.com/bot.html)"
66.249.65.36 - - [14/Jul/2025:12:26:57 +0000] "POST /get-message-notify HTTP/1.1" 200 18195 "https://kraft-court.cafe/?x=5925701101800&mod=4500e403&uri=itm.php%3Fid%3D197882-342%26name%3Dmother+care+rocker" "Mozilla/5.0 (Linux; Android 6.0.1; Nexus 5X Build/MMB29P) AppleWebKit/537.36 (KHTML, like Gecko) Chrome/137.0.7151.119 Mobile Safari/537.36 (compatible; Googlebot/2.1; +http://www.google.com/bot.html)"
66.249.65.36 - - [14/Jul/2025:12:27:00 +0000] "GET /?x=5722516081800&mod=333cb763&uri=us.php%3Fid%3D191092-334%26name%3Dthe+promised+neverland+s2+ep3 HTTP/1.1" 200 18435 "-" "Mozilla/5.0 (Linux; Android 6.0.1; Nexus 5X Build/MMB29P) AppleWebKit/537.36 (KHTML, like Gecko) Chrome/137.0.7151.103 Mobile Safari/537.36 (compatible; Googlebot/2.1; +http://www.google.com/bot.html)"
66.249.65.35 - - [14/Jul/2025:12:27:17 +0000] "GET /?x=35101065031800&mod=a8849b05&uri=product.php?boyslove.html HTTP/1.1" 200 19399 "-" "Mozilla/5.0 (Linux; Android 6.0.1; Nexus 5X Build/MMB29P) AppleWebKit/537.36 (KHTML, like Gecko) Chrome/137.0.7151.103 Mobile Safari/537.36 (compatible; Googlebot/2.1; +http://www.google.com/bot.html)"
66.249.65.35 - - [14/Jul/2025:12:27:20 +0000] "GET /?x=45452277031800&mod=c4b43ae0&uri=brands.php%3Fid%3D1516881-330%26name%3Dvaillant+418 HTTP/1.1" 200 18414 "-" "Mozilla/5.0 (Linux; Android 6.0.1; Nexus 5X Build/MMB29P) AppleWebKit/537.36 (KHTML, like Gecko) Chrome/137.0.7151.103 Mobile Safari/537.36 (compatible; Googlebot/2.1; +http://www.google.com/bot.html)"
66.249.65.35 - - [14/Jul/2025:12:27:23 +0000] "GET /?x=45451377031800&mod=c4b43ae0&uri=itm.php%3Fid%3D1516851-330%26name%3Decotec+pro+28+f22 HTTP/1.1" 200 18421 "-" "Mozilla/5.0 (Linux; Android 6.0.1; Nexus 5X Build/MMB29P) AppleWebKit/537.36 (KHTML, like Gecko) Chrome/137.0.7151.103 Mobile Safari/537.36 (compatible; Googlebot/2.1; +http://www.google.com/bot.html)"
66.249.65.35 - - [14/Jul/2025:12:27:26 +0000] "POST /get-message-notify HTTP/1.1" 200 18195 "https://kraft-court.cafe/?x=45451377031800&mod=c4b43ae0&uri=itm.php%3Fid%3D1516851-330%26name%3Decotec+pro+28+f22" "Mozilla/5.0 (Linux; Android 6.0.1; Nexus 5X Build/MMB29P) AppleWebKit/537.36 (KHTML, like Gecko) Chrome/137.0.7151.119 Mobile Safari/537.36 (compatible; Googlebot/2.1; +http://www.google.com/bot.html)"
66.249.65.35 - - [14/Jul/2025:12:27:26 +0000] "GET /?x=5633677131800&mod=55d99a37&uri=article.php%3Fid%3D188105-315%26name%3Duhr+aufmachen+werkzeug HTTP/1.1" 200 18437 "-" "Mozilla/5.0 (Linux; Android 6.0.1; Nexus 5X Build/MMB29P) AppleWebKit/537.36 (KHTML, like Gecko) Chrome/137.0.7151.103 Mobile Safari/537.36 (compatible; Googlebot/2.1; +http://www.google.com/bot.html)"
66.249.65.35 - - [14/Jul/2025:12:27:26 +0000] "GET /?x=45452427031800&mod=c4b43ae0&uri=article.php%3Fid%3D1516886-330%26name%3Dvaillant+ecotec+637 HTTP/1.1" 200 18436 "-" "Mozilla/5.0 (Linux; Android 6.0.1; Nexus 5X Build/MMB29P) AppleWebKit/537.36 (KHTML, like Gecko) Chrome/137.0.7151.103 Mobile Safari/537.36 (compatible; Googlebot/2.1; +http://www.google.com/bot.html)"
66.249.65.35 - - [14/Jul/2025:12:27:32 +0000] "GET /?x=45452577051800&mod=daca4121&uri=us.php%3Fid%3D1516891-58%26name%3Dchanel+chance+limited+edition HTTP/1.1" 200 18421 "-" "Mozilla/5.0 (Linux; Android 6.0.1; Nexus 5X Build/MMB29P) AppleWebKit/537.36 (KHTML, like Gecko) Chrome/137.0.7151.103 Mobile Safari/537.36 (compatible; Googlebot/2.1; +http://www.google.com/bot.html)"
66.249.65.35 - - [14/Jul/2025:12:27:35 +0000] "GET /?x=45451827031800&mod=c4b43ae0&uri=blog.php%3Fid%3D1516866-330%26name%3Dwireless+ac+thermostat HTTP/1.1" 200 18428 "-" "Mozilla/5.0 (Linux; Android 6.0.1; Nexus 5X Build/MMB29P) AppleWebKit/537.36 (KHTML, like Gecko) Chrome/137.0.7151.103 Mobile Safari/537.36 (compatible; Googlebot/2.1; +http://www.google.com/bot.html)"
66.249.65.35 - - [14/Jul/2025:12:27:35 +0000] "POST /get-message-notify HTTP/1.1" 200 18195 "https://kraft-court.cafe/?x=45452577051800&mod=daca4121&uri=us.php%3Fid%3D1516891-58%26name%3Dchanel+chance+limited+edition" "Mozilla/5.0 (Linux; Android 6.0.1; Nexus 5X Build/MMB29P) AppleWebKit/537.36 (KHTML, like Gecko) Chrome/137.0.7151.119 Mobile Safari/537.36 (compatible; Googlebot/2.1; +http://www.google.com/bot.html)"
66.249.65.35 - - [14/Jul/2025:12:27:48 +0000] "GET /?x=106760363001800&mod=20c9f570&uri=shop.php%3Fid%3D3562946-234%26name%3Ddamenpullover+zalando HTTP/1.1" 200 18424 "-" "Mozilla/5.0 (Linux; Android 6.0.1; Nexus 5X Build/MMB29P) AppleWebKit/537.36 (KHTML, like Gecko) Chrome/137.0.7151.103 Mobile Safari/537.36 (compatible; Googlebot/2.1; +http://www.google.com/bot.html)"
66.249.65.35 - - [14/Jul/2025:12:27:48 +0000] "POST /get-message-notify HTTP/1.1" 200 18195 "https://kraft-court.cafe/?x=6951994031800&mod=576d0262&uri=brands.php%3Fid%3D232174-390%26name%3Dgant+hyperwarm+nike" "Mozilla/5.0 (Linux; Android 6.0.1; Nexus 5X Build/MMB29P) AppleWebKit/537.36 (KHTML, like Gecko) Chrome/137.0.7151.119 Mobile Safari/537.36 (compatible; Googlebot/2.1; +http://www.google.com/bot.html)"
66.249.65.37 - - [14/Jul/2025:12:28:09 +0000] "POST /get-message-notify HTTP/1.1" 200 18195 "https://kraft-court.cafe/?x=47585920051800&mod=798fa73d&uri=us.php%3Fid%3D1588053-1248%26name%3Ddior+dress+2019" "Mozilla/5.0 (Linux; Android 6.0.1; Nexus 5X Build/MMB29P) AppleWebKit/537.36 (KHTML, like Gecko) Chrome/137.0.7151.119 Mobile Safari/537.36 (compatible; Googlebot/2.1; +http://www.google.com/bot.html)"
66.249.65.35 - - [14/Jul/2025:12:28:13 +0000] "GET /?x=47787551011800&mod=5c333c4f&uri=shop.php%3Fid%3D1594787-738%26name%3Dtailleur+marron+femme HTTP/1.1" 200 18426 "-" "Mozilla/5.0 (Linux; Android 6.0.1; Nexus 5X Build/MMB29P) AppleWebKit/537.36 (KHTML, like Gecko) Chrome/137.0.7151.103 Mobile Safari/537.36 (compatible; Googlebot/2.1; +http://www.google.com/bot.html)"
66.249.65.35 - - [14/Jul/2025:12:28:29 +0000] "GET /?x=70380725041800&mod=29b2cd4a&uri=article.php%3Fid%3D2348678-1423%26name%3Dconverse+white+low HTTP/1.1" 200 18435 "-" "Mozilla/5.0 (Linux; Android 6.0.1; Nexus 5X Build/MMB29P) AppleWebKit/537.36 (KHTML, like Gecko) Chrome/137.0.7151.103 Mobile Safari/537.36 (compatible; Googlebot/2.1; +http://www.google.com/bot.html)"
66.249.65.35 - - [14/Jul/2025:12:28:32 +0000] "POST /get-message-notify HTTP/1.1" 200 18195 "https://kraft-court.cafe/?x=70380725041800&mod=29b2cd4a&uri=article.php%3Fid%3D2348678-1423%26name%3Dconverse+white+low" "Mozilla/5.0 (Linux; Android 6.0.1; Nexus 5X Build/MMB29P) AppleWebKit/537.36 (KHTML, like Gecko) Chrome/137.0.7151.119 Mobile Safari/537.36 (compatible; Googlebot/2.1; +http://www.google.com/bot.html)"
66.249.65.36 - - [14/Jul/2025:12:29:20 +0000] "GET /?x=47297328141800&mod=48584348&uri=brands.php%3Fid%3D1578427-325%26name%3Damiibo+bowser+switch HTTP/1.1" 200 18429 "-" "Mozilla/5.0 (Linux; Android 6.0.1; Nexus 5X Build/MMB29P) AppleWebKit/537.36 (KHTML, like Gecko) Chrome/137.0.7151.103 Mobile Safari/537.36 (compatible; Googlebot/2.1; +http://www.google.com/bot.html)"
66.249.65.35 - - [14/Jul/2025:12:29:33 +0000] "GET /?x=58853292071800&mod=f08b7ac8&uri=article.php%3Fid%3D1963965-463%26name%3Dgraphics+card+in+xbox+one+x HTTP/1.1" 200 18451 "-" "Mozilla/5.0 (Linux; Android 6.0.1; Nexus 5X Build/MMB29P) AppleWebKit/537.36 (KHTML, like Gecko) Chrome/137.0.7151.103 Mobile Safari/537.36 (compatible; Googlebot/2.1; +http://www.google.com/bot.html)"
66.249.65.35 - - [14/Jul/2025:12:29:59 +0000] "GET /?x=47131253021800&mod=e7d6e2e8&uri=shop.php%3Fid%3D1572890-721%26name%3Dsuperdry+pullover+hellblau HTTP/1.1" 200 18435 "-" "Mozilla/5.0 (Linux; Android 6.0.1; Nexus 5X Build/MMB29P) AppleWebKit/537.36 (KHTML, like Gecko) Chrome/137.0.7151.103 Mobile Safari/537.36 (compatible; Googlebot/2.1; +http://www.google.com/bot.html)"
66.249.65.36 - - [14/Jul/2025:12:30:31 +0000] "GET /?x=88899048101800&mod=e94fe9ac&uri=us.php%3Fid%3D2966697-332%26name%3Diptv+hd+premium+channels+apk HTTP/1.1" 200 18441 "-" "Mozilla/5.0 (Linux; Android 6.0.1; Nexus 5X Build/MMB29P) AppleWebKit/537.36 (KHTML, like Gecko) Chrome/137.0.7151.103 Mobile Safari/537.36 (compatible; Googlebot/2.1; +http://www.google.com/bot.html)"
66.249.65.36 - - [14/Jul/2025:12:30:40 +0000] "GET /?x=31730114041800&mod=7a544863&uri=itm.php%3Fid%3D1059040-454%26name%3Dbarbie+game HTTP/1.1" 200 18409 "-" "Mozilla/5.0 (Linux; Android 6.0.1; Nexus 5X Build/MMB29P) AppleWebKit/537.36 (KHTML, like Gecko) Chrome/137.0.7151.103 Mobile Safari/537.36 (compatible; Googlebot/2.1; +http://www.google.com/bot.html)"
66.249.65.37 - - [14/Jul/2025:12:31:15 +0000] "GET /?x=47571340051800&mod=798fa73d&uri=blog.php%3Fid%3D1587567-1248%26name%3Ddior+volume+maximizer HTTP/1.1" 200 18431 "-" "Mozilla/5.0 (Linux; Android 6.0.1; Nexus 5X Build/MMB29P) AppleWebKit/537.36 (KHTML, like Gecko) Chrome/137.0.7151.103 Mobile Safari/537.36 (compatible; Googlebot/2.1; +http://www.google.com/bot.html)"
66.249.65.36 - - [14/Jul/2025:12:31:30 +0000] "GET /?x=34842766031800&mod=91394d0f&uri=product.php%3Fid%3D1162930-739%26name%3Dzara+kids+sunglasses HTTP/1.1" 200 18436 "-" "Mozilla/5.0 (Linux; Android 6.0.1; Nexus 5X Build/MMB29P) AppleWebKit/537.36 (KHTML, like Gecko) Chrome/137.0.7151.103 Mobile Safari/537.36 (compatible; Googlebot/2.1; +http://www.google.com/bot.html)"
66.249.65.36 - - [14/Jul/2025:12:31:32 +0000] "POST /get-message-notify HTTP/1.1" 200 18195 "https://kraft-court.cafe/?x=34842766031800&mod=91394d0f&uri=product.php%3Fid%3D1162930-739%26name%3Dzara+kids+sunglasses" "Mozilla/5.0 (Linux; Android 6.0.1; Nexus 5X Build/MMB29P) AppleWebKit/537.36 (KHTML, like Gecko) Chrome/137.0.7151.119 Mobile Safari/537.36 (compatible; Googlebot/2.1; +http://www.google.com/bot.html)"
66.249.65.35 - - [14/Jul/2025:12:32:10 +0000] "GET /?x=34744315051800&mod=18ad9899&uri=itm.php%3Fid%3D1159645-265%26name%3Dtenis+branco+moleca+flatform HTTP/1.1" 200 18437 "-" "Mozilla/5.0 (Linux; Android 6.0.1; Nexus 5X Build/MMB29P) AppleWebKit/537.36 (KHTML, like Gecko) Chrome/137.0.7151.103 Mobile Safari/537.36 (compatible; Googlebot/2.1; +http://www.google.com/bot.html)"
66.249.65.36 - - [14/Jul/2025:12:32:48 +0000] "GET /?x=5736403111800&mod=97108695&uri=search.php%3Fid%3D191566-335%26name%3Dwhirlpool+washer+leaking+into+tub HTTP/1.1" 200 18443 "-" "Mozilla/5.0 (Linux; Android 6.0.1; Nexus 5X Build/MMB29P) AppleWebKit/537.36 (KHTML, like Gecko) Chrome/137.0.7151.103 Mobile Safari/537.36 (compatible; Googlebot/2.1; +http://www.google.com/bot.html)"
66.249.65.35 - - [14/Jul/2025:12:32:49 +0000] "GET /?x=93830864031800&mod=c73dfe6c&uri=itm.php%3Fid%3D3131307-134%26name%3Dfate+winx HTTP/1.1" 200 18406 "-" "Mozilla/5.0 (Linux; Android 6.0.1; Nexus 5X Build/MMB29P) AppleWebKit/537.36 (KHTML, like Gecko) Chrome/137.0.7151.103 Mobile Safari/537.36 (compatible; Googlebot/2.1; +http://www.google.com/bot.html)"
66.249.65.35 - - [14/Jul/2025:12:32:58 +0000] "GET /?x=47520515001800&mod=0d2922ee&uri=blog.php%3Fid%3D1585872-1246%26name%3Dzara+green+leather+leggings HTTP/1.1" 200 18441 "-" "Mozilla/5.0 (Linux; Android 6.0.1; Nexus 5X Build/MMB29P) AppleWebKit/537.36 (KHTML, like Gecko) Chrome/137.0.7151.103 Mobile Safari/537.36 (compatible; Googlebot/2.1; +http://www.google.com/bot.html)"
66.249.65.35 - - [14/Jul/2025:12:33:02 +0000] "POST /get-message-notify HTTP/1.1" 200 18195 "https://kraft-court.cafe/?x=47520515001800&mod=0d2922ee&uri=blog.php%3Fid%3D1585872-1246%26name%3Dzara+green+leather+leggings" "Mozilla/5.0 (Linux; Android 6.0.1; Nexus 5X Build/MMB29P) AppleWebKit/537.36 (KHTML, like Gecko) Chrome/137.0.7151.119 Mobile Safari/537.36 (compatible; Googlebot/2.1; +http://www.google.com/bot.html)"
66.249.65.36 - - [14/Jul/2025:12:33:04 +0000] "GET /?x=6994922031800&mod=6df18258&uri=article.php%3Fid%3D233607-394%26name%3Dclassic+gold+dinnerware+set HTTP/1.1" 200 18442 "-" "Mozilla/5.0 (Linux; Android 6.0.1; Nexus 5X Build/MMB29P) AppleWebKit/537.36 (KHTML, like Gecko) Chrome/137.0.7151.103 Mobile Safari/537.36 (compatible; Googlebot/2.1; +http://www.google.com/bot.html)"
66.249.65.36 - - [14/Jul/2025:12:33:34 +0000] "GET /?x=119828461031800&mod=528aecdf&uri=article.php%3Fid%3D3999039-323%26name%3Dbest+food+jar+for+baby HTTP/1.1" 200 18449 "-" "Mozilla/5.0 (Linux; Android 6.0.1; Nexus 5X Build/MMB29P) AppleWebKit/537.36 (KHTML, like Gecko) Chrome/137.0.7151.103 Mobile Safari/537.36 (compatible; Googlebot/2.1; +http://www.google.com/bot.html)"
66.249.65.35 - - [14/Jul/2025:12:33:44 +0000] "GET /?x=111794649011800&mod=e3ea3396&uri=brands.php%3Fid%3D3730963-345%26name%3Dba%C3%83%C2%B1adores+altos HTTP/1.1" 200 18453 "-" "Mozilla/5.0 (Linux; Android 6.0.1; Nexus 5X Build/MMB29P) AppleWebKit/537.36 (KHTML, like Gecko) Chrome/137.0.7151.103 Mobile Safari/537.36 (compatible; Googlebot/2.1; +http://www.google.com/bot.html)"
66.249.65.35 - - [14/Jul/2025:12:33:47 +0000] "GET /?x=47568640051800&mod=b7b16ecf&uri=shared.php%3Fid%3D1587477-39%26name%3Dgaming+chair+with+base HTTP/1.1" 200 18432 "-" "Mozilla/5.0 (Linux; Android 6.0.1; Nexus 5X Build/MMB29P) AppleWebKit/537.36 (KHTML, like Gecko) Chrome/137.0.7151.103 Mobile Safari/537.36 (compatible; Googlebot/2.1; +http://www.google.com/bot.html)"
66.249.65.35 - - [14/Jul/2025:12:33:52 +0000] "POST /get-message-notify HTTP/1.1" 200 18195 "https://kraft-court.cafe/?x=111794649011800&mod=e3ea3396&uri=brands.php%3Fid%3D3730963-345%26name%3Dba%C3%83%C2%B1adores+altos" "Mozilla/5.0 (Linux; Android 6.0.1; Nexus 5X Build/MMB29P) AppleWebKit/537.36 (KHTML, like Gecko) Chrome/137.0.7151.119 Mobile Safari/537.36 (compatible; Googlebot/2.1; +http://www.google.com/bot.html)"
66.249.65.37 - - [14/Jul/2025:12:35:29 +0000] "GET /?x=119588535021800&mod=55d99a37&uri=goods.php%3Fid%3D3991036-315%26name%3Damazone+michael+kors+uhren HTTP/1.1" 200 18439 "-" "Mozilla/5.0 (Linux; Android 6.0.1; Nexus 5X Build/MMB29P) AppleWebKit/537.36 (KHTML, like Gecko) Chrome/137.0.7151.103 Mobile Safari/537.36 (compatible; Googlebot/2.1; +http://www.google.com/bot.html)"
66.249.65.37 - - [14/Jul/2025:12:35:32 +0000] "GET /?x=86888550091800&mod=580d8cf0&uri=shop.php%3Fid%3D2899597-985%26name%3Dsaucony+ride+womens+silver HTTP/1.1" 200 18438 "-" "Mozilla/5.0 (Linux; Android 6.0.1; Nexus 5X Build/MMB29P) AppleWebKit/537.36 (KHTML, like Gecko) Chrome/137.0.7151.103 Mobile Safari/537.36 (compatible; Googlebot/2.1; +http://www.google.com/bot.html)"
66.249.65.35 - - [14/Jul/2025:12:35:37 +0000] "POST /get-message-notify HTTP/1.1" 200 18195 "https://kraft-court.cafe/?x=86888550091800&mod=580d8cf0&uri=shop.php%3Fid%3D2899597-985%26name%3Dsaucony+ride+womens+silver" "Mozilla/5.0 (Linux; Android 6.0.1; Nexus 5X Build/MMB29P) AppleWebKit/537.36 (KHTML, like Gecko) Chrome/137.0.7151.119 Mobile Safari/537.36 (compatible; Googlebot/2.1; +http://www.google.com/bot.html)"
66.249.65.35 - - [14/Jul/2025:12:35:41 +0000] "GET /?x=119472452071800&mod=9854d7af&uri=shared.php%3Fid%3D3987161-387%26name%3Dp90x+dumbbell+workout HTTP/1.1" 200 18439 "-" "Mozilla/5.0 (Linux; Android 6.0.1; Nexus 5X Build/MMB29P) AppleWebKit/537.36 (KHTML, like Gecko) Chrome/137.0.7151.103 Mobile Safari/537.36 (compatible; Googlebot/2.1; +http://www.google.com/bot.html)"
66.249.65.36 - - [14/Jul/2025:12:36:28 +0000] "GET /?x=70383845061800&mod=2548a4ac&uri=info.php%3Fid%3D2348782-562%26name%3Dnike+air+max+tn+womens+black HTTP/1.1" 200 18439 "-" "Mozilla/5.0 (Linux; Android 6.0.1; Nexus 5X Build/MMB29P) AppleWebKit/537.36 (KHTML, like Gecko) Chrome/137.0.7151.103 Mobile Safari/537.36 (compatible; Googlebot/2.1; +http://www.google.com/bot.html)"
66.249.65.35 - - [14/Jul/2025:12:36:35 +0000] "GET /?x=31848149051800&mod=42e77b63&uri=news.php%3Fid%3D1062977-62%26name%3Djohn+wick+streaming+partner HTTP/1.1" 200 18436 "-" "Mozilla/5.0 (Linux; Android 6.0.1; Nexus 5X Build/MMB29P) AppleWebKit/537.36 (KHTML, like Gecko) Chrome/137.0.7151.103 Mobile Safari/537.36 (compatible; Googlebot/2.1; +http://www.google.com/bot.html)"
66.249.65.36 - - [14/Jul/2025:12:36:36 +0000] "GET /?x=47531470041800&mod=0d2922ee&uri=news.php%3Fid%3D1586238-1246%26name%3Dzara+faux+leather+midi+dress HTTP/1.1" 200 18444 "-" "Mozilla/5.0 (Linux; Android 6.0.1; Nexus 5X Build/MMB29P) AppleWebKit/537.36 (KHTML, like Gecko) Chrome/137.0.7151.103 Mobile Safari/537.36 (compatible; Googlebot/2.1; +http://www.google.com/bot.html)"
66.249.65.35 - - [14/Jul/2025:12:36:59 +0000] "GET /?x=86887080001800&mod=580d8cf0&uri=dp.php%3Fid%3D2899548-985%26name%3Dcheap+saucony+hurricane+17+mens HTTP/1.1" 200 18441 "-" "Mozilla/5.0 (Linux; Android 6.0.1; Nexus 5X Build/MMB29P) AppleWebKit/537.36 (KHTML, like Gecko) Chrome/137.0.7151.103 Mobile Safari/537.36 (compatible; Googlebot/2.1; +http://www.google.com/bot.html)"
66.249.65.35 - - [14/Jul/2025:12:37:03 +0000] "POST /get-message-notify HTTP/1.1" 200 18195 "https://kraft-court.cafe/?x=86887080001800&mod=580d8cf0&uri=dp.php%3Fid%3D2899548-985%26name%3Dcheap+saucony+hurricane+17+mens" "Mozilla/5.0 (Linux; Android 6.0.1; Nexus 5X Build/MMB29P) AppleWebKit/537.36 (KHTML, like Gecko) Chrome/137.0.7151.119 Mobile Safari/537.36 (compatible; Googlebot/2.1; +http://www.google.com/bot.html)"
66.249.65.35 - - [14/Jul/2025:12:38:43 +0000] "POST /get-message-notify HTTP/1.1" 200 18195 "https://kraft-court.cafe/?x=74787493001800&mod=9854d7af&uri=blog.php%3Fid%3D2495712-387%26name%3Dhow+to+get+v+body+shape" "Mozilla/5.0 (Linux; Android 6.0.1; Nexus 5X Build/MMB29P) AppleWebKit/537.36 (KHTML, like Gecko) Chrome/137.0.7151.119 Mobile Safari/537.36 (compatible; Googlebot/2.1; +http://www.google.com/bot.html)"
66.249.65.36 - - [14/Jul/2025:12:39:20 +0000] "GET /?x=59524618121800&mod=e94fe9ac&uri=shared.php%3Fid%3D1986375-332%26name%3Dlizard+lick+towing+full+series HTTP/1.1" 200 18446 "-" "Mozilla/5.0 (Linux; Android 6.0.1; Nexus 5X Build/MMB29P) AppleWebKit/537.36 (KHTML, like Gecko) Chrome/137.0.7151.103 Mobile Safari/537.36 (compatible; Googlebot/2.1; +http://www.google.com/bot.html)"
66.249.65.35 - - [14/Jul/2025:12:39:35 +0000] "GET /?x=6994862011800&mod=6df18258&uri=form.php%3Fid%3D233605-394%26name%3Dclix+gas+stove+burner+price HTTP/1.1" 200 18433 "-" "Mozilla/5.0 (Linux; Android 6.0.1; Nexus 5X Build/MMB29P) AppleWebKit/537.36 (KHTML, like Gecko) Chrome/137.0.7151.103 Mobile Safari/537.36 (compatible; Googlebot/2.1; +http://www.google.com/bot.html)"
66.249.65.35 - - [14/Jul/2025:12:39:40 +0000] "POST /get-message-notify HTTP/1.1" 200 18195 "https://kraft-court.cafe/?x=47787551011800&mod=5c333c4f&uri=shop.php%3Fid%3D1594787-738%26name%3Dtailleur+marron+femme" "Mozilla/5.0 (Linux; Android 6.0.1; Nexus 5X Build/MMB29P) AppleWebKit/537.36 (KHTML, like Gecko) Chrome/137.0.7151.119 Mobile Safari/537.36 (compatible; Googlebot/2.1; +http://www.google.com/bot.html)"
66.249.65.35 - - [14/Jul/2025:12:39:40 +0000] "GET /?x=31736474061800&mod=7a544863&uri=shared.php%3Fid%3D1059252-454%26name%3Dbakugan+toys+shop HTTP/1.1" 200 18421 "-" "Mozilla/5.0 (Linux; Android 6.0.1; Nexus 5X Build/MMB29P) AppleWebKit/537.36 (KHTML, like Gecko) Chrome/137.0.7151.103 Mobile Safari/537.36 (compatible; Googlebot/2.1; +http://www.google.com/bot.html)"
66.249.65.37 - - [14/Jul/2025:12:41:23 +0000] "GET /?x=6967574081800&mod=6df18258&uri=news.php%3Fid%3D232694-394%26name%3Dbest+commercial+juicer+cold+press HTTP/1.1" 200 18440 "-" "Mozilla/5.0 (Linux; Android 6.0.1; Nexus 5X Build/MMB29P) AppleWebKit/537.36 (KHTML, like Gecko) Chrome/137.0.7151.103 Mobile Safari/537.36 (compatible; Googlebot/2.1; +http://www.google.com/bot.html)"
66.249.65.35 - - [14/Jul/2025:12:41:26 +0000] "GET /?x=9391336091800&mod=b98249b3&uri=pin.php?man/kaitori/ansin.html HTTP/1.1" 200 19054 "-" "Mozilla/5.0 (Linux; Android 6.0.1; Nexus 5X Build/MMB29P) AppleWebKit/537.36 (KHTML, like Gecko) Chrome/137.0.7151.103 Mobile Safari/537.36 (compatible; Googlebot/2.1; +http://www.google.com/bot.html)"
66.249.65.36 - - [14/Jul/2025:12:41:27 +0000] "GET /?x=5613016081800&mod=e94fe9ac&uri=us.php%3Fid%3D187403-332%26name%3Dnew+sambalpuri+dj HTTP/1.1" 200 18413 "-" "Mozilla/5.0 (Linux; Android 6.0.1; Nexus 5X Build/MMB29P) AppleWebKit/537.36 (KHTML, like Gecko) Chrome/137.0.7151.103 Mobile Safari/537.36 (compatible; Googlebot/2.1; +http://www.google.com/bot.html)"
66.249.65.36 - - [14/Jul/2025:12:41:28 +0000] "GET /?x=6060504101800&mod=fd9dcf1d&uri=category-info.php?detail/2881320.htm HTTP/1.1" 200 19640 "-" "Mozilla/5.0 (Linux; Android 6.0.1; Nexus 5X Build/MMB29P) AppleWebKit/537.36 (KHTML, like Gecko) Chrome/137.0.7151.103 Mobile Safari/537.36 (compatible; Googlebot/2.1; +http://www.google.com/bot.html)"
66.249.65.35 - - [14/Jul/2025:12:41:31 +0000] "GET /?x=45451977031800&mod=daca4121&uri=products.php%3Fid%3D1516871-58%26name%3Dcommes+des+garcons+aftershave HTTP/1.1" 200 18445 "-" "Mozilla/5.0 (Linux; Android 6.0.1; Nexus 5X Build/MMB29P) AppleWebKit/537.36 (KHTML, like Gecko) Chrome/137.0.7151.103 Mobile Safari/537.36 (compatible; Googlebot/2.1; +http://www.google.com/bot.html)"
66.249.65.35 - - [14/Jul/2025:12:41:34 +0000] "GET /?x=45451677031800&mod=c4b43ae0&uri=shared.php%3Fid%3D1516861-330%26name%3Deco+boiler+cost HTTP/1.1" 200 18418 "-" "Mozilla/5.0 (Linux; Android 6.0.1; Nexus 5X Build/MMB29P) AppleWebKit/537.36 (KHTML, like Gecko) Chrome/137.0.7151.103 Mobile Safari/537.36 (compatible; Googlebot/2.1; +http://www.google.com/bot.html)"
66.249.65.35 - - [14/Jul/2025:12:41:37 +0000] "GET /?x=45452127061800&mod=c4b43ae0&uri=news.php%3Fid%3D1516876-330%26name%3Dlennox+ac+wifi HTTP/1.1" 200 18415 "-" "Mozilla/5.0 (Linux; Android 6.0.1; Nexus 5X Build/MMB29P) AppleWebKit/537.36 (KHTML, like Gecko) Chrome/137.0.7151.103 Mobile Safari/537.36 (compatible; Googlebot/2.1; +http://www.google.com/bot.html)"
66.249.65.35 - - [14/Jul/2025:12:41:40 +0000] "GET /?x=45451227001800&mod=c4b43ae0&uri=search.php%3Fid%3D1516846-330%26name%3Dvaillant+boiler+ecotec+plus+824 HTTP/1.1" 200 18436 "-" "Mozilla/5.0 (Linux; Android 6.0.1; Nexus 5X Build/MMB29P) AppleWebKit/537.36 (KHTML, like Gecko) Chrome/137.0.7151.103 Mobile Safari/537.36 (compatible; Googlebot/2.1; +http://www.google.com/bot.html)"
66.249.65.35 - - [14/Jul/2025:12:41:52 +0000] "GET /?x=92521071091800&mod=c5bbd980&uri=info.php%3Fid%3D3087599-344%26name%3Dboot+heel+protector HTTP/1.1" 200 18431 "-" "Mozilla/5.0 (Linux; Android 6.0.1; Nexus 5X Build/MMB29P) AppleWebKit/537.36 (KHTML, like Gecko) Chrome/137.0.7151.103 Mobile Safari/537.36 (compatible; Googlebot/2.1; +http://www.google.com/bot.html)"
66.249.65.35 - - [14/Jul/2025:12:41:57 +0000] "GET /?x=6104135011800&mod=0d0fd7c6&uri=blog.php%3Fid%3D203839-40%26name%3Dultra+airless HTTP/1.1" 200 18404 "-" "Mozilla/5.0 (Linux; Android 6.0.1; Nexus 5X Build/MMB29P) AppleWebKit/537.36 (KHTML, like Gecko) Chrome/137.0.7151.103 Mobile Safari/537.36 (compatible; Googlebot/2.1; +http://www.google.com/bot.html)"
66.249.65.35 - - [14/Jul/2025:12:41:58 +0000] "POST /get-message-notify HTTP/1.1" 200 18195 "https://kraft-court.cafe/?x=6967574081800&mod=6df18258&uri=news.php%3Fid%3D232694-394%26name%3Dbest+commercial+juicer+cold+press" "Mozilla/5.0 (Linux; Android 6.0.1; Nexus 5X Build/MMB29P) AppleWebKit/537.36 (KHTML, like Gecko) Chrome/137.0.7151.119 Mobile Safari/537.36 (compatible; Googlebot/2.1; +http://www.google.com/bot.html)"
66.249.65.35 - - [14/Jul/2025:12:42:09 +0000] "GET /?x=47770271091800&mod=c73dfe6c&uri=blog.php%3Fid%3D1594210-134%26name%3Dviva+la+bam+full+series HTTP/1.1" 200 18438 "-" "Mozilla/5.0 (Linux; Android 6.0.1; Nexus 5X Build/MMB29P) AppleWebKit/537.36 (KHTML, like Gecko) Chrome/137.0.7151.103 Mobile Safari/537.36 (compatible; Googlebot/2.1; +http://www.google.com/bot.html)"
209.74.77.214 - - [14/Jul/2025:12:42:15 +0000] "POST /wp-cron.php?doing_wp_cron=1752496935.5762360095977783203125 HTTP/1.1" 200 - "-" "WordPress/6.8.1; https://kraft-court.cafe"
51.222.253.15 - - [14/Jul/2025:12:42:14 +0000] "GET /?x=29237521041800&mod=1a725948&uri=itm.php%3Fid%3D975808-960%26name%3Drei+co+op+tent HTTP/1.1" 301 - "-" "Mozilla/5.0 (compatible; AhrefsBot/7.0; +http://ahrefs.com/robot/)"
66.249.65.35 - - [14/Jul/2025:12:42:30 +0000] "GET /?x=48252011800&mod=66f041e1&uri=products.php%3Fid%3D1612-5%26name%3Drobe+de+mari%C3%83%C2%A9e+site HTTP/1.1" 200 18441 "-" "Mozilla/5.0 (Linux; Android 6.0.1; Nexus 5X Build/MMB29P) AppleWebKit/537.36 (KHTML, like Gecko) Chrome/137.0.7151.103 Mobile Safari/537.36 (compatible; Googlebot/2.1; +http://www.google.com/bot.html)"
66.249.65.37 - - [14/Jul/2025:12:43:35 +0000] "GET /?x=5975810031800&mod=e3ea3396&uri=blog.php%3Fid%3D199553-345%26name%3Dvestido+sudadera+con+nudo+de+cordon HTTP/1.1" 200 18441 "-" "Mozilla/5.0 (Linux; Android 6.0.1; Nexus 5X Build/MMB29P) AppleWebKit/537.36 (KHTML, like Gecko) Chrome/137.0.7151.103 Mobile Safari/537.36 (compatible; Googlebot/2.1; +http://www.google.com/bot.html)"
66.249.65.35 - - [14/Jul/2025:12:44:22 +0000] "GET /?x=35100525101800&mod=a8849b05&uri=us.php%3Fid%3D1171531-57%26name%3Dbeats+pro+wireless+battery+life HTTP/1.1" 200 18435 "-" "Mozilla/5.0 (Linux; Android 6.0.1; Nexus 5X Build/MMB29P) AppleWebKit/537.36 (KHTML, like Gecko) Chrome/137.0.7151.103 Mobile Safari/537.36 (compatible; Googlebot/2.1; +http://www.google.com/bot.html)"
66.249.65.35 - - [14/Jul/2025:12:44:27 +0000] "GET /?x=34678019021800&mod=9854d7af&uri=news.php%3Fid%3D1157432-387%26name%3Dgym+dambal+online+shopping HTTP/1.1" 200 18430 "-" "Mozilla/5.0 (Linux; Android 6.0.1; Nexus 5X Build/MMB29P) AppleWebKit/537.36 (KHTML, like Gecko) Chrome/137.0.7151.103 Mobile Safari/537.36 (compatible; Googlebot/2.1; +http://www.google.com/bot.html)"
66.249.65.36 - - [14/Jul/2025:12:45:21 +0000] "GET /?x=47528950001800&mod=0d2922ee&uri=us.php%3Fid%3D1586154-1246%26name%3Dlamb+leather+dress HTTP/1.1" 200 18418 "-" "Mozilla/5.0 (Linux; Android 6.0.1; Nexus 5X Build/MMB29P) AppleWebKit/537.36 (KHTML, like Gecko) Chrome/137.0.7151.103 Mobile Safari/537.36 (compatible; Googlebot/2.1; +http://www.google.com/bot.html)"
66.249.65.35 - - [14/Jul/2025:12:45:21 +0000] "GET /?x=39985124071800&mod=a8849b05&uri=search.php%3Fid%3D1334497-57%26name%3Dconnect+multiple+airpods+to+apple+tv HTTP/1.1" 200 18441 "-" "Mozilla/5.0 (Linux; Android 6.0.1; Nexus 5X Build/MMB29P) AppleWebKit/537.36 (KHTML, like Gecko) Chrome/137.0.7151.103 Mobile Safari/537.36 (compatible; Googlebot/2.1; +http://www.google.com/bot.html)"
66.249.65.36 - - [14/Jul/2025:12:45:31 +0000] "GET /?x=111156454121800&mod=a8849b05&uri=goods.php%3Fid%3D3709642-57%26name%3Dbose+microphone+ps4 HTTP/1.1" 200 18423 "-" "Mozilla/5.0 (Linux; Android 6.0.1; Nexus 5X Build/MMB29P) AppleWebKit/537.36 (KHTML, like Gecko) Chrome/137.0.7151.103 Mobile Safari/537.36 (compatible; Googlebot/2.1; +http://www.google.com/bot.html)"
66.249.65.35 - - [14/Jul/2025:12:45:34 +0000] "GET /?x=49692041800&mod=66f041e1&uri=products.php%3Fid%3D1660-5%26name%3Drobe+pull+adidas+femme HTTP/1.1" 200 18422 "-" "Mozilla/5.0 (Linux; Android 6.0.1; Nexus 5X Build/MMB29P) AppleWebKit/537.36 (KHTML, like Gecko) Chrome/137.0.7151.103 Mobile Safari/537.36 (compatible; Googlebot/2.1; +http://www.google.com/bot.html)"
66.249.65.35 - - [14/Jul/2025:12:45:39 +0000] "POST /get-message-notify HTTP/1.1" 200 18195 "https://kraft-court.cafe/?x=49692041800&mod=66f041e1&uri=products.php%3Fid%3D1660-5%26name%3Drobe+pull+adidas+femme" "Mozilla/5.0 (Linux; Android 6.0.1; Nexus 5X Build/MMB29P) AppleWebKit/537.36 (KHTML, like Gecko) Chrome/137.0.7151.119 Mobile Safari/537.36 (compatible; Googlebot/2.1; +http://www.google.com/bot.html)"
66.249.65.35 - - [14/Jul/2025:12:45:43 +0000] "POST /get-message-notify HTTP/1.1" 200 18195 "https://kraft-court.cafe/?x=70383845061800&mod=2548a4ac&uri=info.php%3Fid%3D2348782-562%26name%3Dnike+air+max+tn+womens+black" "Mozilla/5.0 (Linux; Android 6.0.1; Nexus 5X Build/MMB29P) AppleWebKit/537.36 (KHTML, like Gecko) Chrome/137.0.7151.119 Mobile Safari/537.36 (compatible; Googlebot/2.1; +http://www.google.com/bot.html)"
146.19.215.118 - - [14/Jul/2025:12:46:12 +0000] "GET /style.php HTTP/1.1" 404 1853 "www.google.com" "Mozlila/5.0 (Linux; Android 7.0; SM-G892A Bulid/NRD90M; wv) AppleWebKit/537.36 (KHTML, like Gecko) Version/4.0 Chrome/60.0.3112.107 Moblie Safari/537.36"
66.249.65.35 - - [14/Jul/2025:12:46:43 +0000] "GET /?x=6168729131800&mod=62da8c91&uri=pin.php%3Fid%3D205995-296%26name%3Daaj+dil+shayrana+lyrics HTTP/1.1" 200 18430 "-" "Mozilla/5.0 (Linux; Android 6.0.1; Nexus 5X Build/MMB29P) AppleWebKit/537.36 (KHTML, like Gecko) Chrome/137.0.7151.103 Mobile Safari/537.36 (compatible; Googlebot/2.1; +http://www.google.com/bot.html)"
209.74.77.214 - - [14/Jul/2025:12:46:44 +0000] "POST /wp-cron.php?doing_wp_cron=1752497204.2668271064758300781250 HTTP/1.1" 200 - "-" "WordPress/6.8.1; https://kraft-court.cafe"
146.19.215.118 - - [14/Jul/2025:12:46:44 +0000] "GET /ss.php?f_c=1 HTTP/1.1" 404 1858 "www.google.com" "Mozlila/5.0 (Linux; Android 7.0; SM-G892A Bulid/NRD90M; wv) AppleWebKit/537.36 (KHTML, like Gecko) Version/4.0 Chrome/60.0.3112.107 Moblie Safari/537.36"
146.19.215.118 - - [14/Jul/2025:12:46:47 +0000] "GET /ss.php?f_c=1 HTTP/1.1" 404 1858 "www.google.com" "Mozlila/5.0 (Linux; Android 7.0; SM-G892A Bulid/NRD90M; wv) AppleWebKit/537.36 (KHTML, like Gecko) Version/4.0 Chrome/60.0.3112.107 Moblie Safari/537.36"
66.249.65.36 - - [14/Jul/2025:12:46:47 +0000] "POST /get-message-notify HTTP/1.1" 200 18195 "https://kraft-court.cafe/?x=47131253021800&mod=e7d6e2e8&uri=shop.php%3Fid%3D1572890-721%26name%3Dsuperdry+pullover+hellblau" "Mozilla/5.0 (Linux; Android 6.0.1; Nexus 5X Build/MMB29P) AppleWebKit/537.36 (KHTML, like Gecko) Chrome/137.0.7151.119 Mobile Safari/537.36 (compatible; Googlebot/2.1; +http://www.google.com/bot.html)"
66.249.65.35 - - [14/Jul/2025:12:46:58 +0000] "GET /?x=119577884031800&mod=55d99a37&uri=shop.php%3Fid%3D3990680-315%26name%3Dbergmann+uhr+cor+copper HTTP/1.1" 200 18430 "-" "Mozilla/5.0 (Linux; Android 6.0.1; Nexus 5X Build/MMB29P) AppleWebKit/537.36 (KHTML, like Gecko) Chrome/137.0.7151.103 Mobile Safari/537.36 (compatible; Googlebot/2.1; +http://www.google.com/bot.html)"
66.249.65.35 - - [14/Jul/2025:12:47:06 +0000] "GET /?x=111155758081800&mod=a6db4ed0&uri=shared.php%3Fid%3D3709618-287%26name%3Dnikon+d3000+remote HTTP/1.1" 200 18434 "-" "Mozilla/5.0 (Linux; Android 6.0.1; Nexus 5X Build/MMB29P) AppleWebKit/537.36 (KHTML, like Gecko) Chrome/137.0.7151.103 Mobile Safari/537.36 (compatible; Googlebot/2.1; +http://www.google.com/bot.html)"
66.249.65.35 - - [14/Jul/2025:12:47:15 +0000] "GET /?x=5947331011800&mod=c5bbd980&uri=blog.php%3Fid%3D198603-344%26name%3Dshoe+size+conversion+eu+to+us HTTP/1.1" 200 18442 "-" "Mozilla/5.0 (Linux; Android 6.0.1; Nexus 5X Build/MMB29P) AppleWebKit/537.36 (KHTML, like Gecko) Chrome/137.0.7151.103 Mobile Safari/537.36 (compatible; Googlebot/2.1; +http://www.google.com/bot.html)"
66.249.65.35 - - [14/Jul/2025:12:47:27 +0000] "GET /?x=45451527031800&mod=c4b43ae0&uri=info.php%3Fid%3D1516856-330%26name%3Di+keep+running+out+of+hot+water HTTP/1.1" 200 18448 "-" "Mozilla/5.0 (Linux; Android 6.0.1; Nexus 5X Build/MMB29P) AppleWebKit/537.36 (KHTML, like Gecko) Chrome/137.0.7151.103 Mobile Safari/537.36 (compatible; Googlebot/2.1; +http://www.google.com/bot.html)"
66.249.65.35 - - [14/Jul/2025:12:47:52 +0000] "GET /?x=119472212031800&mod=9854d7af&uri=blog.php%3Fid%3D3987153-387%26name%3Dwhen+is+it+best+to+exercise+morning+or+night HTTP/1.1" 200 18466 "-" "Mozilla/5.0 (Linux; Android 6.0.1; Nexus 5X Build/MMB29P) AppleWebKit/537.36 (KHTML, like Gecko) Chrome/137.0.7151.103 Mobile Safari/537.36 (compatible; Googlebot/2.1; +http://www.google.com/bot.html)"
66.249.65.35 - - [14/Jul/2025:12:48:21 +0000] "GET /?x=5994599041800&mod=e3ea3396&uri=blog.php%3Fid%3D200181-345%26name%3Dchamarra+de+piel+tipo+saco+para+dama HTTP/1.1" 200 18446 "-" "Mozilla/5.0 (Linux; Android 6.0.1; Nexus 5X Build/MMB29P) AppleWebKit/537.36 (KHTML, like Gecko) Chrome/137.0.7151.103 Mobile Safari/537.36 (compatible; Googlebot/2.1; +http://www.google.com/bot.html)"
66.249.65.36 - - [14/Jul/2025:12:48:24 +0000] "GET /?x=31738094001800&mod=7a544863&uri=pin.php%3Fid%3D1059306-454%26name%3Dkrakelios+bakugan HTTP/1.1" 200 18412 "-" "Mozilla/5.0 (Linux; Android 6.0.1; Nexus 5X Build/MMB29P) AppleWebKit/537.36 (KHTML, like Gecko) Chrome/137.0.7151.103 Mobile Safari/537.36 (compatible; Googlebot/2.1; +http://www.google.com/bot.html)"
66.249.65.36 - - [14/Jul/2025:12:48:26 +0000] "POST /get-message-notify HTTP/1.1" 200 18195 "https://kraft-court.cafe/?x=31738094001800&mod=7a544863&uri=pin.php%3Fid%3D1059306-454%26name%3Dkrakelios+bakugan" "Mozilla/5.0 (Linux; Android 6.0.1; Nexus 5X Build/MMB29P) AppleWebKit/537.36 (KHTML, like Gecko) Chrome/137.0.7151.119 Mobile Safari/537.36 (compatible; Googlebot/2.1; +http://www.google.com/bot.html)"
66.249.65.35 - - [14/Jul/2025:12:49:15 +0000] "POST /get-message-notify HTTP/1.1" 200 18195 "https://kraft-court.cafe/?x=5947331011800&mod=c5bbd980&uri=blog.php%3Fid%3D198603-344%26name%3Dshoe+size+conversion+eu+to+us" "Mozilla/5.0 (Linux; Android 6.0.1; Nexus 5X Build/MMB29P) AppleWebKit/537.36 (KHTML, like Gecko) Chrome/137.0.7151.119 Mobile Safari/537.36 (compatible; Googlebot/2.1; +http://www.google.com/bot.html)"
66.249.65.35 - - [14/Jul/2025:12:50:07 +0000] "GET /?x=88955267021800&mod=013d4071&uri=news.php%3Fid%3D2968578-13%26name%3Dprecio+de+minivan+de+11+pasajeros HTTP/1.1" 200 18444 "-" "Mozilla/5.0 (Linux; Android 6.0.1; Nexus 5X Build/MMB29P) AppleWebKit/537.36 (KHTML, like Gecko) Chrome/137.0.7151.103 Mobile Safari/537.36 (compatible; Googlebot/2.1; +http://www.google.com/bot.html)"
