Current File : /home/kelaby89/access-logs/theoldhouse.cafe.sixpack.studio-ssl_log |
209.74.77.214 - - [12/Jul/2025:12:40:40 +0000] "POST /wp-cron.php?doing_wp_cron=1752324040.7448210716247558593750 HTTP/1.1" 200 - "-" "WordPress/6.8.1; https://theoldhouse.cafe"
77.68.64.29 - - [12/Jul/2025:12:40:39 +0000] "POST /xmlrpc.php HTTP/1.1" 200 403 "-" "Mozilla/5.0 (Windows NT 6.1; WOW64; rv:43.0) Gecko/20100101 Firefox/43.0"
39.101.207.133 - - [12/Jul/2025:12:40:41 +0000] "POST /xmlrpc.php HTTP/1.1" 200 403 "-" "Mozilla/5.0 (Windows NT 5.1; rv:30.0) Gecko/20100101 Firefox/30.0"
209.74.77.214 - - [12/Jul/2025:12:41:12 +0000] "POST /wp-cron.php?doing_wp_cron=1752324072.0514149665832519531250 HTTP/1.1" 200 - "-" "WordPress/6.8.1; https://theoldhouse.cafe"
103.158.108.3 - - [12/Jul/2025:12:41:11 +0000] "POST /xmlrpc.php HTTP/1.1" 200 403 "-" "Mozilla/5.0 (Windows NT 10.0; Win64; x64) AppleWebKit/537.36 (KHTML, like Gecko) Chrome/67.0.3396.99 Safari/537.36"
209.74.77.214 - - [12/Jul/2025:12:41:25 +0000] "POST /wp-cron.php?doing_wp_cron=1752324085.7238709926605224609375 HTTP/1.1" 200 - "-" "WordPress/6.8.1; https://theoldhouse.cafe"
85.95.241.18 - - [12/Jul/2025:12:41:25 +0000] "POST /xmlrpc.php HTTP/1.1" 200 403 "-" "Mozilla/5.0 (Windows NT 6.1; Win64; x64) AppleWebKit/537.36 (KHTML, like Gecko) Chrome/79.0.3945.88 Safari/537.36"
219.94.129.80 - - [12/Jul/2025:12:41:30 +0000] "POST /xmlrpc.php HTTP/1.1" 200 403 "-" "Mozilla/5.0 (Windows NT 10.0; Win64; x64; rv:78.0) Gecko/20100101 Firefox/78.0"
162.214.152.209 - - [12/Jul/2025:12:41:32 +0000] "POST /xmlrpc.php HTTP/1.1" 200 403 "-" "Mozilla/5.0 (Windows NT 10.0; Win64; x64) AppleWebKit/537.36 (KHTML, like Gecko) Chrome/86.0.4240.198 Safari/537.36"
209.74.77.214 - - [12/Jul/2025:12:41:44 +0000] "POST /wp-cron.php?doing_wp_cron=1752324104.4399681091308593750000 HTTP/1.1" 200 - "-" "WordPress/6.8.1; https://theoldhouse.cafe"
54.36.142.130 - - [12/Jul/2025:12:41:44 +0000] "POST /xmlrpc.php HTTP/1.1" 200 403 "-" "Mozilla/5.0 (Windows NT 10.0; WOW64) AppleWebKit/537.36 (KHTML, like Gecko) Chrome/91.0.4472.114 Safari/537.36"
209.74.77.214 - - [12/Jul/2025:12:44:57 +0000] "POST /wp-cron.php?doing_wp_cron=1752324297.7830340862274169921875 HTTP/1.1" 200 - "-" "WordPress/6.8.1; https://theoldhouse.cafe"
34.219.47.232 - - [12/Jul/2025:12:44:56 +0000] "GET / HTTP/1.1" 200 22696 "-" "Mozilla/5.0 (iPhone; CPU iPhone OS 12_1_4 like Mac OS X) AppleWebKit/605.1.15 (KHTML, like Gecko) Mobile/16D57 MicroMessenger/7.0.5(0x17000523) NetType/WIFI Language/zh_CN"
34.219.47.232 - - [12/Jul/2025:12:45:15 +0000] "GET //theoldhouse.cafe/wp-content/plugins/metform/public/assets/lib/cute-alert/cute-alert.js HTTP/1.1" 301 - "-" "Mozilla/5.0 (Windows NT 10.0; WOW64) AppleWebKit/537.36 (KHTML, like Gecko) Chrome/74.0.3729.169 Safari/537.36"
34.219.47.232 - - [12/Jul/2025:12:45:15 +0000] "GET //theoldhouse.cafe/wp-content/plugins/elementor-pro/assets/js/frontend.min.js HTTP/1.1" 301 - "-" "Mozilla/5.0 (Windows NT 10.0; Win64; x64) AppleWebKit/537.36 (KHTML, like Gecko) Chrome/75.0.3770.142 Safari/537.36 OPR/62.0.3331.117"
209.74.77.214 - - [12/Jul/2025:12:45:15 +0000] "POST /wp-cron.php?doing_wp_cron=1752324315.9260160923004150390625 HTTP/1.1" 200 - "-" "WordPress/6.8.1; https://theoldhouse.cafe"
34.219.47.232 - - [12/Jul/2025:12:45:15 +0000] "GET //theoldhouse.cafe/wp-content/plugins/qi-addons-for-elementor/assets/js/main.min.js HTTP/1.1" 301 - "-" "W3C_Validator/1.654"
34.219.47.232 - - [12/Jul/2025:12:45:15 +0000] "GET //theoldhouse.cafe/wp-content/plugins/qi-addons-for-elementor/inc/plugins/elementor/assets/js/elementor.js HTTP/1.1" 301 - "-" "Mozilla/5.0 (X11; U; Linux i686; en-US; rv:1.8.1.16) Gecko/20080716 (Gentoo) Galeon/2.0.6"
34.219.47.232 - - [12/Jul/2025:12:45:15 +0000] "GET //theoldhouse.cafe/wp-content/plugins/royal-elementor-addons/assets/js/frontend.min.js HTTP/1.1" 301 - "-" "FeedFetcher-Google; ( http://www.google.com/feedfetcher.html)"
34.219.47.232 - - [12/Jul/2025:12:45:15 +0000] "GET //theoldhouse.cafe/wp-content/plugins/header-footer-elementor/inc/js/frontend.js HTTP/1.1" 301 - "-" "Mozilla/5.0 (Windows NT 5.1) AppleWebKit/537.36 (KHTML, like Gecko) Chrome/56.0.2924.87 YaBrowser/17.3.0.1785 Yowser/2.5 Safari/537.36"
34.219.47.232 - - [12/Jul/2025:12:45:15 +0000] "GET //theoldhouse.cafe/wp-content/plugins/royal-elementor-addons/assets/js/lib/jarallax/jarallax.min.js HTTP/1.1" 301 - "-" "Mozilla/4.0 (compatible; MSIE 4.01; Windows CE; PPC; MDA Pro/1.0 Profile/MIDP-2.0 Configuration/CLDC-1.1)"
34.219.47.232 - - [12/Jul/2025:12:45:15 +0000] "GET //theoldhouse.cafe/wp-content/plugins/qi-addons-for-elementor/assets/plugins/swiper/8.4.5/swiper.min.js HTTP/1.1" 301 - "-" "WDG_Validator/1.6.2"
34.219.47.232 - - [12/Jul/2025:12:45:15 +0000] "GET //theoldhouse.cafe/wp-content/plugins/royal-elementor-addons/assets/js/lib/parallax/parallax.min.js HTTP/1.1" 301 - "-" "Mozilla/4.0 (compatible; Dillo 3.0)"
34.219.47.232 - - [12/Jul/2025:12:45:15 +0000] "GET //theoldhouse.cafe/wp-content/plugins/royal-elementor-addons/assets/js/modal-popups.min.js HTTP/1.1" 301 - "-" "Mozilla/5.0 (Linux; Android 9; SM-G9600) AppleWebKit/537.36 (KHTML, like Gecko) Chrome/76.0.3809.89 Mobile Safari/537.36"
34.219.47.232 - - [12/Jul/2025:12:45:15 +0000] "GET //theoldhouse.cafe/wp-includes/js/dist/hooks.min.js HTTP/1.1" 301 - "-" "Opera/9.80 (Windows NT 6.1; U; en) Presto/2.7.62 Version/11.01"
34.219.47.232 - - [12/Jul/2025:12:45:15 +0000] "GET //theoldhouse.cafe/wp-content/plugins/royal-elementor-addons/assets/js/lib/particles/particles.js HTTP/1.1" 301 - "-" "Mozilla/5.0 (Windows NT 10.0; WOW64) AppleWebKit/537.36 (KHTML, like Gecko) Chrome/76.0.3809.100 Safari/537.36"
34.219.47.232 - - [12/Jul/2025:12:45:16 +0000] "GET //theoldhouse.cafe/wp-includes/js/dist/i18n.min.js HTTP/1.1" 301 - "-" "Mozilla/5.0 (Linux; U; Android 3.0.1; en-us; GT-P7100 Build/HRI83) AppleWebkit/534.13 (KHTML, like Gecko) Version/4.0 Safari/534.13"
34.219.47.232 - - [12/Jul/2025:12:45:16 +0000] "GET //widgets.leadconnectorhq.com/loader.js HTTP/1.1" 301 - "-" "Mozilla/5.0 (compatible; Konqueror/3.5; Linux 2.6.30-7.dmz.1-liquorix-686; X11) KHTML/3.5.10 (like Gecko) (Debian package 4:3.5.10.dfsg.1-1 b1)"
34.219.47.232 - - [12/Jul/2025:12:45:16 +0000] "GET //theoldhouse.cafe/wp-content/plugins/elementor-pro/assets/js/elements-handlers.min.js HTTP/1.1" 301 - "-" "Mozilla/5.0 (Linux; Android 9; Redmi Note 5) AppleWebKit/537.36 (KHTML, like Gecko) Chrome/75.0.3770.143 Mobile Safari/537.36"
34.219.47.232 - - [12/Jul/2025:12:45:15 +0000] "GET //theoldhouse.cafe/wp-content/themes/hello-elementor/assets/js/hello-frontend.js HTTP/1.1" 301 - "-" "Mozilla/5.0 (Windows NT 5.1) AppleWebKit/537.36 (KHTML, like Gecko) Chrome/49.0.2623.112 Safari/537.36"
34.219.47.232 - - [12/Jul/2025:12:45:16 +0000] "GET //theoldhouse.cafe/wp-includes/js/jquery/jquery.min.js HTTP/1.1" 301 - "-" "Mozilla/5.0 (X11; U; Linux armv7l like Android; en-us) AppleWebKit/531.2+ (KHTML, like Gecko) Version/5.0 Safari/533.2+ Kindle/3.0+"
34.219.47.232 - - [12/Jul/2025:12:45:16 +0000] "GET //theoldhouse.cafe/wp-includes/js/jquery/jquery-migrate.min.js HTTP/1.1" 301 - "-" "Mozilla/5.0 (Windows NT 6.3; Win64; x64) AppleWebKit/537.36 (KHTML, like Gecko) Chrome/75.0.3770.142 Safari/537.36 OPR/62.0.3331.117"
34.219.47.232 - - [12/Jul/2025:12:45:16 +0000] "GET /default.js HTTP/1.1" 404 16223 "-" "Mozilla/5.0 (Windows NT 10.0; WOW64) AppleWebKit/537.36 (KHTML, like Gecko) Chrome/72.0.3626.96 Safari/537.36"
34.219.47.232 - - [12/Jul/2025:12:45:16 +0000] "GET //theoldhouse.cafe/wp-includes/js/jquery/ui/core.min.js HTTP/1.1" 301 - "-" "Mozilla/5.0 (Windows NT 10.0; Win64; x64) AppleWebKit/537.36 (KHTML, like Gecko) Chrome/77.0.3865.42 Safari/537.36"
34.219.47.232 - - [12/Jul/2025:12:45:16 +0000] "GET /wp-emoji-release.min.js HTTP/1.1" 404 16220 "-" "Mozilla/5.0 (Linux; Android 9; Moto Z3 Play) AppleWebKit/537.36 (KHTML, like Gecko) Chrome/76.0.3809.111 Mobile Safari/537.36"
34.219.47.232 - - [12/Jul/2025:12:45:17 +0000] "GET //theoldhouse.cafe/wp-content/plugins/elementor/assets/js/frontend-modules.min.js HTTP/1.1" 301 - "-" "Mozilla/5.0 (Linux; Android 8.0.0; HTC U11 plus) AppleWebKit/537.36 (KHTML, like Gecko) Chrome/76.0.3809.111 Mobile Safari/537.36"
34.219.47.232 - - [12/Jul/2025:12:45:17 +0000] "GET //theoldhouse.cafe/wp-content/plugins/elementor/assets/js/webpack.runtime.min.js HTTP/1.1" 301 - "-" "SearchExpress"
34.219.47.232 - - [12/Jul/2025:12:45:18 +0000] "GET //theoldhouse.cafe/wp-content/plugins/elementor/assets/js/frontend.min.js HTTP/1.1" 301 - "-" "Mozilla/5.0 (Linux; Android 9; LYA-L29 Build/HUAWEILYA-L29; wv) AppleWebKit/537.36 (KHTML, like Gecko) Version/4.0 Chrome/76.0.3809.111 Mobile Safari/537.36"
34.219.47.232 - - [12/Jul/2025:12:45:18 +0000] "GET //theoldhouse.cafe/wp-content/plugins/elementor-pro/assets/js/webpack-pro.runtime.min.js HTTP/1.1" 301 - "-" "Mozilla/5.0 (Macintosh; Intel Mac OS X 10_14) AppleWebKit/605.1.15 (KHTML, like Gecko) Version/12.0 Safari/605.1.15"
34.219.47.232 - - [12/Jul/2025:12:45:19 +0000] "GET //theoldhouse.cafe/wp-content/plugins/elementor/assets/lib/font-awesome/js/v4-shims.min.js HTTP/1.1" 301 - "-" "Mozilla/5.0 (iPhone; CPU iPhone OS 12_4 like Mac OS X) AppleWebKit/605.1.15 (KHTML, like Gecko) Mobile/15E148 MicroMessenger/7.0.4(0x17000428) NetType/WIFI Language/zh_CN"
34.219.47.232 - - [12/Jul/2025:12:45:20 +0000] "GET //theoldhouse.cafe/wp-content/plugins/leadconnector/public/js/lc-public.js HTTP/1.1" 301 - "-" "Mozilla/5.0 (Linux; Android 9; moto g(6)) AppleWebKit/537.36 (KHTML, like Gecko) Chrome/76.0.3809.89 Mobile Safari/537.36"
209.74.77.214 - - [12/Jul/2025:13:00:15 +0000] "POST /wp-cron.php?doing_wp_cron=1752325215.2196960449218750000000 HTTP/1.1" 200 - "-" "WordPress/6.8.1; https://theoldhouse.cafe"
216.73.216.239 - - [12/Jul/2025:13:00:13 +0000] "GET /robots.txt HTTP/1.1" 200 111 "-" "Mozilla/5.0 AppleWebKit/537.36 (KHTML, like Gecko; compatible; ClaudeBot/1.0; [email protected])"
216.73.216.239 - - [12/Jul/2025:13:00:15 +0000] "GET /wp-includes/css/dist/block-library/style.min.css HTTP/1.1" 200 15323 "-" "Mozilla/5.0 AppleWebKit/537.36 (KHTML, like Gecko; compatible; ClaudeBot/1.0; [email protected])"
209.74.77.214 - - [12/Jul/2025:13:37:45 +0000] "POST /wp-cron.php?doing_wp_cron=1752327465.0788059234619140625000 HTTP/1.1" 200 - "-" "WordPress/6.8.1; https://theoldhouse.cafe"
216.73.216.239 - - [12/Jul/2025:13:37:43 +0000] "GET /author/tohc/feed HTTP/1.1" 301 - "-" "Mozilla/5.0 AppleWebKit/537.36 (KHTML, like Gecko; compatible; ClaudeBot/1.0; [email protected])"
216.73.216.239 - - [12/Jul/2025:13:37:45 +0000] "GET /author/tohc/feed/ HTTP/1.1" 200 558 "https://theoldhouse.cafe/author/tohc/feed" "Mozilla/5.0 AppleWebKit/537.36 (KHTML, like Gecko; compatible; ClaudeBot/1.0; [email protected])"
209.74.77.214 - - [12/Jul/2025:14:07:19 +0000] "POST /wp-cron.php?doing_wp_cron=1752329239.3891160488128662109375 HTTP/1.1" 200 - "-" "WordPress/6.8.1; https://theoldhouse.cafe"
51.222.253.11 - - [12/Jul/2025:14:07:17 +0000] "GET /robots.txt HTTP/1.1" 200 111 "-" "Mozilla/5.0 (compatible; AhrefsBot/7.0; +http://ahrefs.com/robot/)"
175.44.42.98 - - [12/Jul/2025:15:12:15 +0000] "GET / HTTP/1.1" 200 22698 "http://www.baciakte.online/" "Mozilla/5.0 (Windows NT 10.0; Win64; x64) AppleWebKit/537.36 (KHTML, like Gecko) Chrome/137.0.0.0 Safari/537.36"
175.44.42.98 - - [12/Jul/2025:15:12:16 +0000] "GET /wp-content/plugins/leadconnector/public/js/lc-public.js?ver=3.0.10.1 HTTP/1.1" 200 1322 "http://www.baciakte.online/profile/195990907/view/" "Mozilla/5.0 (Windows NT 10.0; Win64; x64) AppleWebKit/537.36 (KHTML, like Gecko) Chrome/137.0.0.0 Safari/537.36"
175.44.42.98 - - [12/Jul/2025:15:12:17 +0000] "GET /wp-content/plugins/elementor/assets/js/webpack.runtime.min.js?ver=3.30.2 HTTP/1.1" 200 2516 "http://www.baciakte.online/profile/195990907/view/" "Mozilla/5.0 (Windows NT 10.0; Win64; x64) AppleWebKit/537.36 (KHTML, like Gecko) Chrome/137.0.0.0 Safari/537.36"
175.44.42.98 - - [12/Jul/2025:15:12:17 +0000] "GET /wp-content/plugins/elementor/assets/js/frontend-modules.min.js?ver=3.30.2 HTTP/1.1" 200 14815 "http://www.baciakte.online/profile/195990907/view/" "Mozilla/5.0 (Windows NT 10.0; Win64; x64) AppleWebKit/537.36 (KHTML, like Gecko) Chrome/137.0.0.0 Safari/537.36"
175.44.42.98 - - [12/Jul/2025:15:12:17 +0000] "GET /wp-content/plugins/elementor/assets/js/frontend.min.js?ver=3.30.2 HTTP/1.1" 200 10595 "http://www.baciakte.online/profile/195990907/view/" "Mozilla/5.0 (Windows NT 10.0; Win64; x64) AppleWebKit/537.36 (KHTML, like Gecko) Chrome/137.0.0.0 Safari/537.36"
175.44.42.98 - - [12/Jul/2025:15:12:18 +0000] "GET /wp-content/plugins/qi-addons-for-elementor/assets/plugins/swiper/8.4.5/swiper.min.js?ver=8.4.5 HTTP/1.1" 200 39662 "http://www.baciakte.online/profile/195990907/view/" "Mozilla/5.0 (Windows NT 10.0; Win64; x64) AppleWebKit/537.36 (KHTML, like Gecko) Chrome/137.0.0.0 Safari/537.36"
175.44.42.98 - - [12/Jul/2025:15:12:18 +0000] "GET /wp-content/plugins/qi-addons-for-elementor/assets/js/main.min.js?ver=1.9.2 HTTP/1.1" 200 13529 "http://www.baciakte.online/profile/195990907/view/" "Mozilla/5.0 (Windows NT 10.0; Win64; x64) AppleWebKit/537.36 (KHTML, like Gecko) Chrome/137.0.0.0 Safari/537.36"
175.44.42.98 - - [12/Jul/2025:15:12:18 +0000] "GET /wp-content/plugins/royal-elementor-addons/assets/js/lib/particles/particles.js?ver=3.0.6 HTTP/1.1" 200 9031 "http://www.baciakte.online/profile/195990907/view/" "Mozilla/5.0 (Windows NT 10.0; Win64; x64) AppleWebKit/537.36 (KHTML, like Gecko) Chrome/137.0.0.0 Safari/537.36"
175.44.42.98 - - [12/Jul/2025:15:12:19 +0000] "GET /wp-content/plugins/royal-elementor-addons/assets/js/lib/jarallax/jarallax.min.js?ver=1.12.7 HTTP/1.1" 200 5215 "http://www.baciakte.online/profile/195990907/view/" "Mozilla/5.0 (Windows NT 10.0; Win64; x64) AppleWebKit/537.36 (KHTML, like Gecko) Chrome/137.0.0.0 Safari/537.36"
175.44.42.98 - - [12/Jul/2025:15:12:19 +0000] "GET /wp-content/plugins/royal-elementor-addons/assets/js/lib/parallax/parallax.min.js?ver=1.0 HTTP/1.1" 200 5226 "http://www.baciakte.online/profile/195990907/view/" "Mozilla/5.0 (Windows NT 10.0; Win64; x64) AppleWebKit/537.36 (KHTML, like Gecko) Chrome/137.0.0.0 Safari/537.36"
175.44.42.98 - - [12/Jul/2025:15:12:19 +0000] "GET /wp-content/plugins/metform/public/assets/lib/cute-alert/cute-alert.js?ver=4.0.1 HTTP/1.1" 200 1177 "http://www.baciakte.online/profile/195990907/view/" "Mozilla/5.0 (Windows NT 10.0; Win64; x64) AppleWebKit/537.36 (KHTML, like Gecko) Chrome/137.0.0.0 Safari/537.36"
175.44.42.98 - - [12/Jul/2025:15:12:20 +0000] "GET /wp-content/themes/hello-elementor/assets/js/hello-frontend.js?ver=3.4.4 HTTP/1.1" 200 553 "http://www.baciakte.online/profile/195990907/view/" "Mozilla/5.0 (Windows NT 10.0; Win64; x64) AppleWebKit/537.36 (KHTML, like Gecko) Chrome/137.0.0.0 Safari/537.36"
175.44.42.98 - - [12/Jul/2025:15:12:20 +0000] "GET /wp-content/plugins/header-footer-elementor/inc/js/frontend.js?ver=2.4.4 HTTP/1.1" 200 4163 "http://www.baciakte.online/profile/195990907/view/" "Mozilla/5.0 (Windows NT 10.0; Win64; x64) AppleWebKit/537.36 (KHTML, like Gecko) Chrome/137.0.0.0 Safari/537.36"
175.44.42.98 - - [12/Jul/2025:15:12:20 +0000] "GET /wp-content/plugins/elementor/assets/lib/font-awesome/js/v4-shims.min.js?ver=3.30.2 HTTP/1.1" 200 4209 "http://www.baciakte.online/profile/195990907/view/" "Mozilla/5.0 (Windows NT 10.0; Win64; x64) AppleWebKit/537.36 (KHTML, like Gecko) Chrome/137.0.0.0 Safari/537.36"
175.44.42.98 - - [12/Jul/2025:15:12:20 +0000] "GET /wp-includes/js/dist/hooks.min.js?ver=4d63a3d491d11ffd8ac6 HTTP/1.1" 200 1648 "http://www.baciakte.online/profile/195990907/view/" "Mozilla/5.0 (Windows NT 10.0; Win64; x64) AppleWebKit/537.36 (KHTML, like Gecko) Chrome/137.0.0.0 Safari/537.36"
175.44.42.98 - - [12/Jul/2025:15:12:20 +0000] "GET /wp-includes/js/dist/i18n.min.js?ver=5e580eb46a90c2b997e6 HTTP/1.1" 200 3667 "http://www.baciakte.online/profile/195990907/view/" "Mozilla/5.0 (Windows NT 10.0; Win64; x64) AppleWebKit/537.36 (KHTML, like Gecko) Chrome/137.0.0.0 Safari/537.36"
175.44.42.98 - - [12/Jul/2025:15:12:21 +0000] "GET /wp-content/plugins/qi-addons-for-elementor/inc/plugins/elementor/assets/js/elementor.js?ver=6.8.1 HTTP/1.1" 200 1524 "http://www.baciakte.online/profile/195990907/view/" "Mozilla/5.0 (Windows NT 10.0; Win64; x64) AppleWebKit/537.36 (KHTML, like Gecko) Chrome/137.0.0.0 Safari/537.36"
175.44.42.98 - - [12/Jul/2025:15:12:21 +0000] "GET /wp-content/plugins/elementor-pro/assets/js/webpack-pro.runtime.min.js?ver=3.27.4 HTTP/1.1" 200 2860 "http://www.baciakte.online/profile/195990907/view/" "Mozilla/5.0 (Windows NT 10.0; Win64; x64) AppleWebKit/537.36 (KHTML, like Gecko) Chrome/137.0.0.0 Safari/537.36"
175.44.42.98 - - [12/Jul/2025:15:12:21 +0000] "GET /wp-content/plugins/elementor-pro/assets/js/frontend.min.js?ver=3.27.4 HTTP/1.1" 200 6510 "http://www.baciakte.online/profile/195990907/view/" "Mozilla/5.0 (Windows NT 10.0; Win64; x64) AppleWebKit/537.36 (KHTML, like Gecko) Chrome/137.0.0.0 Safari/537.36"
175.44.42.98 - - [12/Jul/2025:15:12:21 +0000] "GET /wp-content/plugins/elementor-pro/assets/js/elements-handlers.min.js?ver=3.27.4 HTTP/1.1" 200 10701 "http://www.baciakte.online/profile/195990907/view/" "Mozilla/5.0 (Windows NT 10.0; Win64; x64) AppleWebKit/537.36 (KHTML, like Gecko) Chrome/137.0.0.0 Safari/537.36"
175.44.42.98 - - [12/Jul/2025:15:12:21 +0000] "GET /wp-content/plugins/royal-elementor-addons/assets/js/modal-popups.min.js?ver=1.7.1027 HTTP/1.1" 200 2801 "http://www.baciakte.online/profile/195990907/view/" "Mozilla/5.0 (Windows NT 10.0; Win64; x64) AppleWebKit/537.36 (KHTML, like Gecko) Chrome/137.0.0.0 Safari/537.36"
175.44.42.98 - - [12/Jul/2025:15:12:21 +0000] "GET /wp-content/plugins/royal-elementor-addons/assets/js/frontend.min.js?ver=1.7.1027 HTTP/1.1" 200 45440 "http://www.baciakte.online/profile/195990907/view/" "Mozilla/5.0 (Windows NT 10.0; Win64; x64) AppleWebKit/537.36 (KHTML, like Gecko) Chrome/137.0.0.0 Safari/537.36"
175.44.42.98 - - [12/Jul/2025:15:12:22 +0000] "GET /wp-content/plugins/elementor/assets/js/lightbox.64a93c50cbfc18fcc89b.bundle.min.js HTTP/1.1" 200 9547 "http://www.baciakte.online/profile/195990907/view/" "Mozilla/5.0 (Windows NT 10.0; Win64; x64) AppleWebKit/537.36 (KHTML, like Gecko) Chrome/137.0.0.0 Safari/537.36"
175.44.42.98 - - [12/Jul/2025:15:12:22 +0000] "GET /wp-content/plugins/elementor/assets/lib/share-link/share-link.min.js?ver=3.30.2 HTTP/1.1" 200 1169 "http://www.baciakte.online/profile/195990907/view/" "Mozilla/5.0 (Windows NT 10.0; Win64; x64) AppleWebKit/537.36 (KHTML, like Gecko) Chrome/137.0.0.0 Safari/537.36"
175.44.42.98 - - [12/Jul/2025:15:12:22 +0000] "GET /wp-includes/js/wp-emoji-release.min.js?ver=6.8.1 HTTP/1.1" 200 5166 "http://www.baciakte.online/profile/195990907/view/" "Mozilla/5.0 (Windows NT 10.0; Win64; x64) AppleWebKit/537.36 (KHTML, like Gecko) Chrome/137.0.0.0 Safari/537.36"
175.44.42.98 - - [12/Jul/2025:15:12:22 +0000] "GET /wp-content/plugins/elementor/assets/lib/dialog/dialog.min.js?ver=4.9.3 HTTP/1.1" 200 3782 "http://www.baciakte.online/profile/195990907/view/" "Mozilla/5.0 (Windows NT 10.0; Win64; x64) AppleWebKit/537.36 (KHTML, like Gecko) Chrome/137.0.0.0 Safari/537.36"
175.44.42.98 - - [12/Jul/2025:15:12:22 +0000] "GET /wp-content/plugins/elementor/assets/js/section-frontend-handlers.d85ab872da118940910d.bundle.min.js HTTP/1.1" 200 297 "http://www.baciakte.online/profile/195990907/view/" "Mozilla/5.0 (Windows NT 10.0; Win64; x64) AppleWebKit/537.36 (KHTML, like Gecko) Chrome/137.0.0.0 Safari/537.36"
175.44.42.98 - - [12/Jul/2025:15:12:22 +0000] "GET /wp-content/plugins/elementor/assets/js/shared-frontend-handlers.30dc2f9c080845a413a6.bundle.min.js HTTP/1.1" 200 2682 "http://www.baciakte.online/profile/195990907/view/" "Mozilla/5.0 (Windows NT 10.0; Win64; x64) AppleWebKit/537.36 (KHTML, like Gecko) Chrome/137.0.0.0 Safari/537.36"
175.44.42.98 - - [12/Jul/2025:15:12:22 +0000] "GET /wp-content/plugins/elementor/assets/js/text-editor.c084ef86600b6f11690d.bundle.min.js HTTP/1.1" 200 685 "http://www.baciakte.online/profile/195990907/view/" "Mozilla/5.0 (Windows NT 10.0; Win64; x64) AppleWebKit/537.36 (KHTML, like Gecko) Chrome/137.0.0.0 Safari/537.36"
209.74.77.214 - - [12/Jul/2025:15:27:59 +0000] "POST /wp-cron.php?doing_wp_cron=1752334079.7895030975341796875000 HTTP/1.1" 200 - "-" "WordPress/6.8.1; https://theoldhouse.cafe"
209.126.6.21 - - [12/Jul/2025:15:27:58 +0000] "POST /xmlrpc.php HTTP/1.1" 200 403 "-" "Mozilla/5.0 (Linux; Android 10; LM-Q710(FGN)) AppleWebKit/537.36 (KHTML, like Gecko) Chrome/91.0.4472.114 Mobile Safari/537.36"
162.214.152.209 - - [12/Jul/2025:15:28:12 +0000] "POST /xmlrpc.php HTTP/1.1" 200 403 "-" "Mozilla/5.0 (Windows NT 10.0; Win64; x64; rv:61.0) Gecko/20100101 Firefox/61.0"
209.74.77.214 - - [12/Jul/2025:15:28:16 +0000] "POST /wp-cron.php?doing_wp_cron=1752334096.6981248855590820312500 HTTP/1.1" 200 - "-" "WordPress/6.8.1; https://theoldhouse.cafe"
152.53.39.115 - - [12/Jul/2025:15:28:16 +0000] "POST /xmlrpc.php HTTP/1.1" 200 403 "-" "Mozilla/5.0 (Windows NT 10.0; Win64; x64) AppleWebKit/537.36 (KHTML, like Gecko) Chrome/80.0.3987.132 Safari/537.36"
88.198.122.23 - - [12/Jul/2025:15:28:18 +0000] "POST /xmlrpc.php HTTP/1.1" 200 403 "-" "Mozilla/5.0 (Windows NT 6.1; WOW64; rv:38.0) Gecko/20100101 Firefox/38.0"
66.94.119.136 - - [12/Jul/2025:15:28:20 +0000] "POST /xmlrpc.php HTTP/1.1" 200 403 "-" "Mozilla/5.0 (Linux; Android 10) AppleWebKit/537.36 (KHTML, like Gecko) Chrome/91.0.4472.114 Mobile Safari/537.36"
51.178.146.199 - - [12/Jul/2025:15:28:29 +0000] "POST /xmlrpc.php HTTP/1.1" 200 403 "-" "Mozilla/5.0 (Windows NT 10.0; Win64; x64) AppleWebKit/537.36 (KHTML, like Gecko) Chrome/64.0.3282.186 Safari/537.36"
88.198.122.23 - - [12/Jul/2025:15:28:33 +0000] "POST /xmlrpc.php HTTP/1.1" 200 403 "-" "Mozilla/5.0 (Windows NT 10.0; Win64; x64; rv:78.0) Gecko/20100101 Firefox/78.0"
209.74.77.214 - - [12/Jul/2025:15:28:42 +0000] "POST /wp-cron.php?doing_wp_cron=1752334122.3990299701690673828125 HTTP/1.1" 200 - "-" "WordPress/6.8.1; https://theoldhouse.cafe"
45.124.84.243 - - [12/Jul/2025:15:28:42 +0000] "POST /xmlrpc.php HTTP/1.1" 200 403 "-" "Mozilla/5.0 (Windows NT 10.0; Win64; x64) AppleWebKit/537.36 (KHTML, like Gecko) Chrome/78.0.3904.108 Safari/537.36"
86.110.243.240 - - [12/Jul/2025:15:28:43 +0000] "POST /xmlrpc.php HTTP/1.1" 200 403 "-" "Mozilla/5.0 (Windows NT 6.1; WOW64; rv:42.0) Gecko/20100101 Firefox/42.0"
185.39.19.43 - - [12/Jul/2025:15:30:41 +0000] "GET / HTTP/1.0" 200 141718 "https://theoldhouse.cafe/" "Mozilla/5.0 (Windows NT 10.0; Win64; x64) AppleWebKit/537.36 (KHTML, like Gecko) Chrome/130.0.0.0 Safari/537.36 CCleaner/130.0.0.0"
209.74.77.214 - - [12/Jul/2025:15:30:43 +0000] "POST /wp-cron.php?doing_wp_cron=1752334243.7102739810943603515625 HTTP/1.1" 200 - "-" "WordPress/6.8.1; https://theoldhouse.cafe"
185.39.19.43 - - [12/Jul/2025:15:30:43 +0000] "GET /contact/ HTTP/1.0" 200 83649 "https://theoldhouse.cafe/contact/" "Mozilla/5.0 (Windows NT 10.0; Win64; x64) AppleWebKit/537.36 (KHTML, like Gecko) Chrome/130.0.0.0 Safari/537.36 CCleaner/130.0.0.0"
209.74.77.214 - - [12/Jul/2025:15:34:29 +0000] "POST /wp-cron.php?doing_wp_cron=1752334469.5955300331115722656250 HTTP/1.1" 200 - "-" "WordPress/6.8.1; https://theoldhouse.cafe"
192.30.89.27 - - [12/Jul/2025:15:34:28 +0000] "POST /xmlrpc.php HTTP/1.1" 200 206 "-" "Go-http-client/1.1"
209.74.77.214 - - [12/Jul/2025:15:49:14 +0000] "POST /wp-cron.php?doing_wp_cron=1752335354.7072629928588867187500 HTTP/1.1" 200 - "-" "WordPress/6.8.1; https://theoldhouse.cafe"
173.252.87.6 - - [12/Jul/2025:15:49:13 +0000] "GET / HTTP/1.1" 200 141718 "-" "facebookexternalhit/1.1 (+http://www.facebook.com/externalhit_uatext.php)"
36.41.75.167 - - [12/Jul/2025:16:04:21 +0000] "GET / HTTP/1.1" 200 22696 "http://theoldhouse.cafe" "Mozilla/5.0 (iPhone; CPU iPhone OS 13_2_3 like Mac OS X) AppleWebKit/605.1.15 (KHTML, like Gecko) Version/13.0.3 Mobile/15E148 Safari/604.1"
51.68.111.209 - - [12/Jul/2025:16:05:43 +0000] "GET /robots.txt HTTP/1.1" 200 111 "-" "Mozilla/5.0 (compatible; MJ12bot/v2.0.2; http://mj12bot.com/)"
51.68.111.209 - - [12/Jul/2025:16:05:44 +0000] "GET / HTTP/1.1" 200 22698 "-" "Mozilla/5.0 (compatible; MJ12bot/v2.0.2; http://mj12bot.com/)"
209.74.77.214 - - [12/Jul/2025:16:34:15 +0000] "POST /wp-cron.php?doing_wp_cron=1752338055.1387279033660888671875 HTTP/1.1" 200 - "-" "WordPress/6.8.1; https://theoldhouse.cafe"
104.254.90.243 - - [12/Jul/2025:16:34:13 +0000] "POST /xmlrpc.php HTTP/1.1" 200 206 "-" "Go-http-client/1.1"
209.74.77.214 - - [12/Jul/2025:17:04:24 +0000] "POST /wp-cron.php?doing_wp_cron=1752339864.3921630382537841796875 HTTP/1.1" 200 - "-" "WordPress/6.8.1; https://theoldhouse.cafe"
184.75.221.195 - - [12/Jul/2025:17:04:23 +0000] "POST /xmlrpc.php HTTP/1.1" 200 206 "-" "Go-http-client/1.1"
209.74.77.214 - - [12/Jul/2025:17:16:10 +0000] "POST /wp-cron.php?doing_wp_cron=1752340570.6183590888977050781250 HTTP/1.1" 200 - "-" "WordPress/6.8.1; https://theoldhouse.cafe"
34.16.134.110 - - [12/Jul/2025:17:16:09 +0000] "GET /.git/config HTTP/1.1" 301 - "-" "-"
49.51.180.2 - - [12/Jul/2025:17:29:24 +0000] "GET / HTTP/1.1" 200 22696 "http://www.theoldhouse.cafe" "Mozilla/5.0 (iPhone; CPU iPhone OS 13_2_3 like Mac OS X) AppleWebKit/605.1.15 (KHTML, like Gecko) Version/13.0.3 Mobile/15E148 Safari/604.1"
209.74.77.214 - - [12/Jul/2025:17:43:51 +0000] "POST /wp-cron.php?doing_wp_cron=1752342231.0700759887695312500000 HTTP/1.1" 200 - "-" "WordPress/6.8.1; https://theoldhouse.cafe"
43.153.58.28 - - [12/Jul/2025:17:43:49 +0000] "GET / HTTP/1.1" 200 22696 "-" "Mozilla/5.0 (iPhone; CPU iPhone OS 13_2_3 like Mac OS X) AppleWebKit/605.1.15 (KHTML, like Gecko) Version/13.0.3 Mobile/15E148 Safari/604.1"
209.74.77.214 - - [12/Jul/2025:17:50:38 +0000] "POST /wp-cron.php?doing_wp_cron=1752342638.4160139560699462890625 HTTP/1.1" 200 - "-" "WordPress/6.8.1; https://theoldhouse.cafe"
213.152.161.138 - - [12/Jul/2025:17:50:37 +0000] "POST /xmlrpc.php HTTP/1.1" 200 206 "-" "Go-http-client/1.1"
91.208.206.134 - - [12/Jul/2025:17:59:25 +0000] "GET / HTTP/1.1" 200 22698 "-" "Mozilla/5.0 (X11; Ubuntu; Linux i686 on x86_64; rv:45.0) Gecko/20100101 Firefox/45.0"
91.208.206.134 - - [12/Jul/2025:17:59:34 +0000] "POST /wp-admin/admin-ajax.php HTTP/1.1" 200 92 "https://theoldhouse.cafe/" "Mozilla/5.0 (X11; Ubuntu; Linux i686 on x86_64; rv:45.0) Gecko/20100101 Firefox/45.0"
91.208.206.134 - - [12/Jul/2025:17:59:35 +0000] "GET /wp-content/uploads/wpr-addons/forms/3ae81c1119f8.php HTTP/1.1" 404 16223 "https://theoldhouse.cafe/wp-admin/admin-ajax.php" "Mozilla/5.0 (X11; Ubuntu; Linux i686 on x86_64; rv:45.0) Gecko/20100101 Firefox/45.0"
209.74.77.214 - - [12/Jul/2025:17:59:45 +0000] "POST /wp-cron.php?doing_wp_cron=1752343185.2663021087646484375000 HTTP/1.1" 200 - "-" "WordPress/6.8.1; https://theoldhouse.cafe"
91.208.206.134 - - [12/Jul/2025:17:59:45 +0000] "GET /3ae81c1119f8.php HTTP/1.1" 404 16223 "https://theoldhouse.cafe/wp-content/uploads/wpr-addons/forms/3ae81c1119f8.php" "Mozilla/5.0 (X11; Ubuntu; Linux i686 on x86_64; rv:45.0) Gecko/20100101 Firefox/45.0"
91.208.206.134 - - [12/Jul/2025:17:59:56 +0000] "GET /3ae81c1119f8.php HTTP/1.1" 404 16223 "https://theoldhouse.cafe/3ae81c1119f8.php" "Mozilla/5.0 (X11; Ubuntu; Linux i686 on x86_64; rv:45.0) Gecko/20100101 Firefox/45.0"
209.74.77.214 - - [12/Jul/2025:18:00:34 +0000] "POST /wp-cron.php?doing_wp_cron=1752343234.5598759651184082031250 HTTP/1.1" 200 - "-" "WordPress/6.8.1; https://theoldhouse.cafe"
43.166.240.231 - - [12/Jul/2025:18:00:34 +0000] "GET / HTTP/1.1" 200 22696 "-" "Mozilla/5.0 (iPhone; CPU iPhone OS 13_2_3 like Mac OS X) AppleWebKit/605.1.15 (KHTML, like Gecko) Version/13.0.3 Mobile/15E148 Safari/604.1"
209.74.77.214 - - [12/Jul/2025:18:19:27 +0000] "POST /wp-cron.php?doing_wp_cron=1752344367.6467590332031250000000 HTTP/1.1" 200 - "-" "WordPress/6.8.1; https://theoldhouse.cafe"
45.124.84.243 - - [12/Jul/2025:18:19:26 +0000] "POST /xmlrpc.php HTTP/1.1" 200 403 "-" "Mozilla/5.0 (iPad; CPU OS 14_6 like Mac OS X) AppleWebKit/605.1.15 (KHTML, like Gecko) CriOS/91.0.4472.80 Mobile/15E148 Safari/604.1"
207.244.250.98 - - [12/Jul/2025:18:19:28 +0000] "POST /xmlrpc.php HTTP/1.1" 200 403 "-" "Mozilla/5.0 (Windows NT 6.1; rv:52.0) Gecko/20100101 Firefox/52.0"
47.52.209.228 - - [12/Jul/2025:18:19:40 +0000] "POST /xmlrpc.php HTTP/1.1" 200 403 "-" "Mozilla/5.0 (iPad; CPU OS 14_6 like Mac OS X) AppleWebKit/605.1.15 (KHTML, like Gecko) CriOS/91.0.4472.80 Mobile/15E148 Safari/604.1"
209.74.77.214 - - [12/Jul/2025:18:19:46 +0000] "POST /wp-cron.php?doing_wp_cron=1752344386.2087290287017822265625 HTTP/1.1" 200 - "-" "WordPress/6.8.1; https://theoldhouse.cafe"
207.244.250.98 - - [12/Jul/2025:18:19:46 +0000] "POST /xmlrpc.php HTTP/1.1" 200 403 "-" "Mozilla/5.0 (iPad; CPU OS 14_6 like Mac OS X) AppleWebKit/605.1.15 (KHTML, like Gecko) CriOS/91.0.4472.80 Mobile/15E148 Safari/604.1"
209.74.77.214 - - [12/Jul/2025:18:20:16 +0000] "POST /wp-cron.php?doing_wp_cron=1752344416.2706360816955566406250 HTTP/1.1" 200 - "-" "WordPress/6.8.1; https://theoldhouse.cafe"
88.198.122.23 - - [12/Jul/2025:18:20:16 +0000] "POST /xmlrpc.php HTTP/1.1" 200 403 "-" "Mozilla/5.0 (Windows NT 10.0; Win64; x64; rv:85.0) Gecko/20100101 Firefox/85.0"
207.244.250.98 - - [12/Jul/2025:18:20:17 +0000] "POST /xmlrpc.php HTTP/1.1" 200 403 "-" "Mozilla/5.0 (X11; Ubuntu; Linux i686; rv:24.0) Gecko/20100101 Firefox/24.0"
69.57.163.33 - - [12/Jul/2025:18:20:17 +0000] "POST /xmlrpc.php HTTP/1.1" 200 403 "-" "Mozilla/5.0 (Windows NT 6.1; Win64; x64) AppleWebKit/537.36 (KHTML, like Gecko) Chrome/79.0.3945.88 Safari/537.36"
207.244.250.98 - - [12/Jul/2025:18:20:24 +0000] "POST /xmlrpc.php HTTP/1.1" 200 403 "-" "Mozilla/5.0 (Windows NT 5.1; rv:40.0) Gecko/20100101 Firefox/40.0"
43.130.102.223 - - [12/Jul/2025:18:30:18 +0000] "GET / HTTP/1.1" 200 22696 "http://theoldhouse.cafe" "Mozilla/5.0 (iPhone; CPU iPhone OS 13_2_3 like Mac OS X) AppleWebKit/605.1.15 (KHTML, like Gecko) Version/13.0.3 Mobile/15E148 Safari/604.1"
60.188.57.0 - - [12/Jul/2025:19:07:26 +0000] "GET / HTTP/1.1" 200 22696 "http://www.theoldhouse.cafe" "Mozilla/5.0 (iPhone; CPU iPhone OS 13_2_3 like Mac OS X) AppleWebKit/605.1.15 (KHTML, like Gecko) Version/13.0.3 Mobile/15E148 Safari/604.1"
209.74.77.214 - - [12/Jul/2025:19:19:06 +0000] "POST /wp-cron.php?doing_wp_cron=1752347946.2740900516510009765625 HTTP/1.1" 200 - "-" "WordPress/6.8.1; https://theoldhouse.cafe"
184.75.223.219 - - [12/Jul/2025:19:19:04 +0000] "POST /xmlrpc.php HTTP/1.1" 200 206 "-" "Go-http-client/1.1"
209.74.77.214 - - [12/Jul/2025:19:44:26 +0000] "POST /wp-cron.php?doing_wp_cron=1752349465.9946000576019287109375 HTTP/1.1" 200 - "-" "WordPress/6.8.1; https://theoldhouse.cafe"
104.210.140.129 - - [12/Jul/2025:19:44:24 +0000] "GET /robots.txt HTTP/1.1" 200 111 "-" "Mozilla/5.0 (Macintosh; Intel Mac OS X 10_15_7) AppleWebKit/537.36 (KHTML, like Gecko) Chrome/131.0.0.0 Safari/537.36; compatible; OAI-SearchBot/1.0; +https://openai.com/searchbot"
42.83.147.53 - - [12/Jul/2025:20:10:11 +0000] "GET / HTTP/1.1" 200 22698 "-" "Mozilla/5.0 (Windows NT 6.1; Win64; x64) AppleWebKit/537.36 (KHTML, like Gecko)Chrome/74.0.3729.169 Safari/537.36"
209.74.77.214 - - [12/Jul/2025:20:10:13 +0000] "POST /wp-cron.php?doing_wp_cron=1752351013.0026769638061523437500 HTTP/1.1" 200 - "-" "WordPress/6.8.1; https://theoldhouse.cafe"
42.83.147.53 - - [12/Jul/2025:20:10:12 +0000] "GET / HTTP/1.1" 200 22697 "-" "Mozilla/5.0 (Windows NT 6.1; Win64; x64) AppleWebKit/537.36 (KHTML, like Gecko)Chrome/74.0.3729.169 Safari/537.36"
209.74.77.214 - - [12/Jul/2025:20:19:24 +0000] "POST /wp-cron.php?doing_wp_cron=1752351564.0308969020843505859375 HTTP/1.1" 200 - "-" "WordPress/6.8.1; https://theoldhouse.cafe"
84.38.135.9 - - [12/Jul/2025:20:19:22 +0000] "POST /xmlrpc.php HTTP/1.1" 200 206 "-" "Go-http-client/1.1"
170.39.218.50 - - [12/Jul/2025:20:22:54 +0000] "GET /wp-includes/js/dist/hooks.min.js?ver=4d63a3d491d11ffd8ac6 HTTP/1.1" 200 1648 "-" "Mozilla/5.0 (Macintosh; Intel Mac OS X 10_15_7) AppleWebKit/537.36 Chrome/120.0.0.0"
209.74.77.214 - - [12/Jul/2025:21:21:35 +0000] "POST /wp-cron.php?doing_wp_cron=1752355295.3573169708251953125000 HTTP/1.1" 200 - "-" "WordPress/6.8.1; https://theoldhouse.cafe"
66.94.119.136 - - [12/Jul/2025:21:21:33 +0000] "POST /xmlrpc.php HTTP/1.1" 200 403 "-" "Mozilla/5.0 (Windows NT 6.1; Win64; x64) AppleWebKit/537.36 (KHTML, like Gecko) Chrome/74.0.3729.169 Safari/537.36"
76.167.231.121 - - [12/Jul/2025:21:21:39 +0000] "POST /xmlrpc.php HTTP/1.1" 200 403 "-" "Mozilla/5.0 (Windows NT 6.1; WOW64; rv:54.0) Gecko/20100101 Firefox/54.0"
209.74.77.214 - - [12/Jul/2025:21:21:45 +0000] "POST /wp-cron.php?doing_wp_cron=1752355305.4276878833770751953125 HTTP/1.1" 200 - "-" "WordPress/6.8.1; https://theoldhouse.cafe"
66.94.119.136 - - [12/Jul/2025:21:21:45 +0000] "POST /xmlrpc.php HTTP/1.1" 200 403 "-" "Mozilla/5.0 (Windows NT 10.0; WOW64) AppleWebKit/537.36 (KHTML, like Gecko) Chrome/91.0.4472.114 Safari/537.36"
47.98.113.20 - - [12/Jul/2025:21:21:49 +0000] "POST /xmlrpc.php HTTP/1.1" 200 403 "-" "Mozilla/5.0 (Windows NT 10.0; Win64; x64) AppleWebKit/537.36 (KHTML, like Gecko) Chrome/67.0.3396.99 Safari/537.36"
47.251.116.156 - - [12/Jul/2025:21:21:59 +0000] "POST /xmlrpc.php HTTP/1.1" 200 403 "-" "Mozilla/5.0 (Windows NT 10.0; Win64; x64) AppleWebKit/537.36 (KHTML, like Gecko) Chrome/90.0.4430.212 Safari/537.36"
66.94.119.136 - - [12/Jul/2025:21:22:06 +0000] "POST /xmlrpc.php HTTP/1.1" 200 403 "-" "Mozilla/5.0 (Windows; U; Windows NT 5.1; en-US; rv:1.7.10) Gecko/20050716 Firefox/1.0.6"
66.249.74.13 - - [12/Jul/2025:21:24:01 +0000] "GET /robots.txt HTTP/1.1" 200 111 "-" "Mozilla/5.0 (compatible; Googlebot/2.1; +http://www.google.com/bot.html)"
66.249.74.13 - - [12/Jul/2025:21:24:01 +0000] "GET / HTTP/1.1" 200 22696 "-" "Mozilla/5.0 (Linux; Android 6.0.1; Nexus 5X Build/MMB29P) AppleWebKit/537.36 (KHTML, like Gecko) Chrome/137.0.7151.103 Mobile Safari/537.36 (compatible; Googlebot/2.1; +http://www.google.com/bot.html)"
66.249.74.12 - - [12/Jul/2025:21:24:19 +0000] "GET /wp-content/plugins/elementor/assets/lib/animations/styles/fadeInLeft.min.css?ver=3.30.2 HTTP/1.1" 200 120 "https://theoldhouse.cafe/" "Mozilla/5.0 (Linux; Android 6.0.1; Nexus 5X Build/MMB29P) AppleWebKit/537.36 (KHTML, like Gecko) Chrome/137.0.7151.119 Mobile Safari/537.36 (compatible; Googlebot/2.1; +http://www.google.com/bot.html)"
66.249.74.12 - - [12/Jul/2025:21:24:19 +0000] "GET /wp-content/plugins/elementor/assets/lib/animations/styles/fadeInDown.min.css?ver=3.30.2 HTTP/1.1" 200 120 "https://theoldhouse.cafe/" "Mozilla/5.0 (Linux; Android 6.0.1; Nexus 5X Build/MMB29P) AppleWebKit/537.36 (KHTML, like Gecko) Chrome/137.0.7151.119 Mobile Safari/537.36 (compatible; Googlebot/2.1; +http://www.google.com/bot.html)"
66.249.74.12 - - [12/Jul/2025:21:24:20 +0000] "GET /wp-content/plugins/qi-addons-for-elementor/assets/css/helper-parts.min.css?ver=1.9.2 HTTP/1.1" 200 3186 "https://theoldhouse.cafe/" "Mozilla/5.0 (Linux; Android 6.0.1; Nexus 5X Build/MMB29P) AppleWebKit/537.36 (KHTML, like Gecko) Chrome/137.0.7151.119 Mobile Safari/537.36 (compatible; Googlebot/2.1; +http://www.google.com/bot.html)"
66.249.74.12 - - [12/Jul/2025:21:24:20 +0000] "GET /wp-content/plugins/elementor/assets/css/widget-image.min.css?ver=3.30.2 HTTP/1.1" 200 164 "https://theoldhouse.cafe/" "Mozilla/5.0 (Linux; Android 6.0.1; Nexus 5X Build/MMB29P) AppleWebKit/537.36 (KHTML, like Gecko) Chrome/137.0.7151.119 Mobile Safari/537.36 (compatible; Googlebot/2.1; +http://www.google.com/bot.html)"
66.249.74.12 - - [12/Jul/2025:21:24:20 +0000] "GET /wp-content/plugins/elementor/assets/lib/animations/styles/e-animation-rotate.min.css?ver=3.30.2 HTTP/1.1" 200 117 "https://theoldhouse.cafe/" "Mozilla/5.0 (Linux; Android 6.0.1; Nexus 5X Build/MMB29P) AppleWebKit/537.36 (KHTML, like Gecko) Chrome/137.0.7151.119 Mobile Safari/537.36 (compatible; Googlebot/2.1; +http://www.google.com/bot.html)"
66.249.74.12 - - [12/Jul/2025:21:24:20 +0000] "GET /wp-content/plugins/elementor/assets/css/widget-spacer.min.css?ver=3.30.2 HTTP/1.1" 200 369 "https://theoldhouse.cafe/" "Mozilla/5.0 (Linux; Android 6.0.1; Nexus 5X Build/MMB29P) AppleWebKit/537.36 (KHTML, like Gecko) Chrome/137.0.7151.119 Mobile Safari/537.36 (compatible; Googlebot/2.1; +http://www.google.com/bot.html)"
66.249.74.11 - - [12/Jul/2025:21:24:21 +0000] "GET /wp-content/plugins/elementor/assets/lib/animations/styles/e-animation-bob.min.css?ver=3.30.2 HTTP/1.1" 200 236 "https://theoldhouse.cafe/" "Mozilla/5.0 (Linux; Android 6.0.1; Nexus 5X Build/MMB29P) AppleWebKit/537.36 (KHTML, like Gecko) Chrome/137.0.7151.119 Mobile Safari/537.36 (compatible; Googlebot/2.1; +http://www.google.com/bot.html)"
66.249.74.12 - - [12/Jul/2025:21:24:21 +0000] "GET /wp-content/plugins/elementor/assets/lib/font-awesome/css/fontawesome.css?ver=5.15.3 HTTP/1.1" 200 13124 "https://theoldhouse.cafe/" "Mozilla/5.0 (Linux; Android 6.0.1; Nexus 5X Build/MMB29P) AppleWebKit/537.36 (KHTML, like Gecko) Chrome/137.0.7151.119 Mobile Safari/537.36 (compatible; Googlebot/2.1; +http://www.google.com/bot.html)"
66.249.74.11 - - [12/Jul/2025:21:24:21 +0000] "GET /wp-content/uploads/elementor/css/custom-apple-webkit.min.css?ver=1750491151 HTTP/1.1" 200 557 "https://theoldhouse.cafe/" "Mozilla/5.0 (Linux; Android 6.0.1; Nexus 5X Build/MMB29P) AppleWebKit/537.36 (KHTML, like Gecko) Chrome/137.0.7151.119 Mobile Safari/537.36 (compatible; Googlebot/2.1; +http://www.google.com/bot.html)"
66.249.74.12 - - [12/Jul/2025:21:24:21 +0000] "GET /wp-content/themes/hello-elementor/assets/css/reset.css?ver=3.4.4 HTTP/1.1" 200 1792 "https://theoldhouse.cafe/" "Mozilla/5.0 (Linux; Android 6.0.1; Nexus 5X Build/MMB29P) AppleWebKit/537.36 (KHTML, like Gecko) Chrome/137.0.7151.119 Mobile Safari/537.36 (compatible; Googlebot/2.1; +http://www.google.com/bot.html)"
66.249.74.11 - - [12/Jul/2025:21:24:21 +0000] "GET /wp-content/plugins/elementor/assets/lib/font-awesome/css/brands.css?ver=5.15.3 HTTP/1.1" 200 322 "https://theoldhouse.cafe/" "Mozilla/5.0 (Linux; Android 6.0.1; Nexus 5X Build/MMB29P) AppleWebKit/537.36 (KHTML, like Gecko) Chrome/137.0.7151.119 Mobile Safari/537.36 (compatible; Googlebot/2.1; +http://www.google.com/bot.html)"
66.249.74.12 - - [12/Jul/2025:21:24:21 +0000] "GET /wp-content/uploads/elementor/css/post-137.css?ver=1750491152 HTTP/1.1" 200 1734 "https://theoldhouse.cafe/" "Mozilla/5.0 (Linux; Android 6.0.1; Nexus 5X Build/MMB29P) AppleWebKit/537.36 (KHTML, like Gecko) Chrome/137.0.7151.119 Mobile Safari/537.36 (compatible; Googlebot/2.1; +http://www.google.com/bot.html)"
66.249.74.11 - - [12/Jul/2025:21:24:21 +0000] "GET /wp-content/plugins/qi-addons-for-elementor/assets/plugins/swiper/8.4.5/swiper.min.css?ver=8.4.5 HTTP/1.1" 200 4582 "https://theoldhouse.cafe/" "Mozilla/5.0 (Linux; Android 6.0.1; Nexus 5X Build/MMB29P) AppleWebKit/537.36 (KHTML, like Gecko) Chrome/137.0.7151.119 Mobile Safari/537.36 (compatible; Googlebot/2.1; +http://www.google.com/bot.html)"
66.249.74.12 - - [12/Jul/2025:21:24:22 +0000] "GET /wp-content/plugins/elementor/assets/lib/animations/styles/fadeInUp.min.css?ver=3.30.2 HTTP/1.1" 200 117 "https://theoldhouse.cafe/" "Mozilla/5.0 (Linux; Android 6.0.1; Nexus 5X Build/MMB29P) AppleWebKit/537.36 (KHTML, like Gecko) Chrome/137.0.7151.119 Mobile Safari/537.36 (compatible; Googlebot/2.1; +http://www.google.com/bot.html)"
66.249.74.12 - - [12/Jul/2025:21:24:22 +0000] "GET /wp-content/plugins/elementor/assets/lib/animations/styles/fadeIn.min.css?ver=3.30.2 HTTP/1.1" 200 79 "https://theoldhouse.cafe/" "Mozilla/5.0 (Linux; Android 6.0.1; Nexus 5X Build/MMB29P) AppleWebKit/537.36 (KHTML, like Gecko) Chrome/137.0.7151.119 Mobile Safari/537.36 (compatible; Googlebot/2.1; +http://www.google.com/bot.html)"
66.249.74.11 - - [12/Jul/2025:21:24:22 +0000] "GET /wp-content/uploads/elementor/css/custom-frontend.min.css?ver=1750491151 HTTP/1.1" 200 7081 "https://theoldhouse.cafe/" "Mozilla/5.0 (Linux; Android 6.0.1; Nexus 5X Build/MMB29P) AppleWebKit/537.36 (KHTML, like Gecko) Chrome/137.0.7151.119 Mobile Safari/537.36 (compatible; Googlebot/2.1; +http://www.google.com/bot.html)"
66.249.74.12 - - [12/Jul/2025:21:24:22 +0000] "GET /wp-content/plugins/elementor/assets/lib/animations/styles/e-animation-hang.min.css?ver=3.30.2 HTTP/1.1" 200 234 "https://theoldhouse.cafe/" "Mozilla/5.0 (Linux; Android 6.0.1; Nexus 5X Build/MMB29P) AppleWebKit/537.36 (KHTML, like Gecko) Chrome/137.0.7151.119 Mobile Safari/537.36 (compatible; Googlebot/2.1; +http://www.google.com/bot.html)"
66.249.74.11 - - [12/Jul/2025:21:24:22 +0000] "GET /wp-content/plugins/header-footer-elementor/inc/widgets-css/frontend.css?ver=2.4.4 HTTP/1.1" 200 8578 "https://theoldhouse.cafe/" "Mozilla/5.0 (Linux; Android 6.0.1; Nexus 5X Build/MMB29P) AppleWebKit/537.36 (KHTML, like Gecko) Chrome/137.0.7151.119 Mobile Safari/537.36 (compatible; Googlebot/2.1; +http://www.google.com/bot.html)"
66.249.74.12 - - [12/Jul/2025:21:24:22 +0000] "GET /wp-content/uploads/elementor/css/post-147.css?ver=1750491152 HTTP/1.1" 200 1576 "https://theoldhouse.cafe/" "Mozilla/5.0 (Linux; Android 6.0.1; Nexus 5X Build/MMB29P) AppleWebKit/537.36 (KHTML, like Gecko) Chrome/137.0.7151.119 Mobile Safari/537.36 (compatible; Googlebot/2.1; +http://www.google.com/bot.html)"
66.249.74.11 - - [12/Jul/2025:21:24:23 +0000] "GET /wp-content/uploads/elementor/google-fonts/css/marcellus.css?ver=1750491152 HTTP/1.1" 200 397 "https://theoldhouse.cafe/" "Mozilla/5.0 (Linux; Android 6.0.1; Nexus 5X Build/MMB29P) AppleWebKit/537.36 (KHTML, like Gecko) Chrome/137.0.7151.119 Mobile Safari/537.36 (compatible; Googlebot/2.1; +http://www.google.com/bot.html)"
66.249.74.12 - - [12/Jul/2025:21:24:23 +0000] "GET /wp-content/plugins/elementor/assets/css/conditionals/e-swiper.min.css?ver=3.30.2 HTTP/1.1" 200 799 "https://theoldhouse.cafe/" "Mozilla/5.0 (Linux; Android 6.0.1; Nexus 5X Build/MMB29P) AppleWebKit/537.36 (KHTML, like Gecko) Chrome/137.0.7151.119 Mobile Safari/537.36 (compatible; Googlebot/2.1; +http://www.google.com/bot.html)"
66.249.74.11 - - [12/Jul/2025:21:24:23 +0000] "GET /wp-content/uploads/elementor/css/custom-widget-icon-list.min.css?ver=1750491151 HTTP/1.1" 200 1040 "https://theoldhouse.cafe/" "Mozilla/5.0 (Linux; Android 6.0.1; Nexus 5X Build/MMB29P) AppleWebKit/537.36 (KHTML, like Gecko) Chrome/137.0.7151.119 Mobile Safari/537.36 (compatible; Googlebot/2.1; +http://www.google.com/bot.html)"
66.249.74.12 - - [12/Jul/2025:21:24:23 +0000] "GET /wp-content/uploads/elementor/css/custom-widget-image-box.min.css?ver=1750491151 HTTP/1.1" 200 336 "https://theoldhouse.cafe/" "Mozilla/5.0 (Linux; Android 6.0.1; Nexus 5X Build/MMB29P) AppleWebKit/537.36 (KHTML, like Gecko) Chrome/137.0.7151.119 Mobile Safari/537.36 (compatible; Googlebot/2.1; +http://www.google.com/bot.html)"
66.249.74.11 - - [12/Jul/2025:21:24:23 +0000] "GET /wp-content/uploads/elementor/google-fonts/css/dmsans.css?ver=1750491154 HTTP/1.1" 200 687 "https://theoldhouse.cafe/" "Mozilla/5.0 (Linux; Android 6.0.1; Nexus 5X Build/MMB29P) AppleWebKit/537.36 (KHTML, like Gecko) Chrome/137.0.7151.119 Mobile Safari/537.36 (compatible; Googlebot/2.1; +http://www.google.com/bot.html)"
66.249.74.11 - - [12/Jul/2025:21:24:23 +0000] "GET /wp-content/plugins/elementor/assets/css/widget-social-icons.min.css?ver=3.30.2 HTTP/1.1" 200 1170 "https://theoldhouse.cafe/" "Mozilla/5.0 (Linux; Android 6.0.1; Nexus 5X Build/MMB29P) AppleWebKit/537.36 (KHTML, like Gecko) Chrome/137.0.7151.119 Mobile Safari/537.36 (compatible; Googlebot/2.1; +http://www.google.com/bot.html)"
66.249.74.11 - - [12/Jul/2025:21:24:24 +0000] "GET /wp-content/plugins/elementor/assets/lib/animations/styles/fadeInRight.min.css?ver=3.30.2 HTTP/1.1" 200 120 "https://theoldhouse.cafe/" "Mozilla/5.0 (Linux; Android 6.0.1; Nexus 5X Build/MMB29P) AppleWebKit/537.36 (KHTML, like Gecko) Chrome/137.0.7151.119 Mobile Safari/537.36 (compatible; Googlebot/2.1; +http://www.google.com/bot.html)"
66.249.74.11 - - [12/Jul/2025:21:24:24 +0000] "GET /wp-content/uploads/elementor/css/post-16.css?ver=1750491151 HTTP/1.1" 200 1869 "https://theoldhouse.cafe/" "Mozilla/5.0 (Linux; Android 6.0.1; Nexus 5X Build/MMB29P) AppleWebKit/537.36 (KHTML, like Gecko) Chrome/137.0.7151.119 Mobile Safari/537.36 (compatible; Googlebot/2.1; +http://www.google.com/bot.html)"
66.249.74.11 - - [12/Jul/2025:21:24:24 +0000] "GET /wp-content/plugins/elementor/assets/lib/font-awesome/css/v4-shims.min.css?ver=3.30.2 HTTP/1.1" 200 4229 "https://theoldhouse.cafe/" "Mozilla/5.0 (Linux; Android 6.0.1; Nexus 5X Build/MMB29P) AppleWebKit/537.36 (KHTML, like Gecko) Chrome/137.0.7151.119 Mobile Safari/537.36 (compatible; Googlebot/2.1; +http://www.google.com/bot.html)"
66.249.74.11 - - [12/Jul/2025:21:24:24 +0000] "GET /wp-content/plugins/elementor/assets/css/widget-heading.min.css?ver=3.30.2 HTTP/1.1" 200 188 "https://theoldhouse.cafe/" "Mozilla/5.0 (Linux; Android 6.0.1; Nexus 5X Build/MMB29P) AppleWebKit/537.36 (KHTML, like Gecko) Chrome/137.0.7151.119 Mobile Safari/537.36 (compatible; Googlebot/2.1; +http://www.google.com/bot.html)"
66.249.74.11 - - [12/Jul/2025:21:24:24 +0000] "GET /wp-content/plugins/header-footer-elementor/assets/css/header-footer-elementor.css?ver=2.4.4 HTTP/1.1" 200 323 "https://theoldhouse.cafe/" "Mozilla/5.0 (Linux; Android 6.0.1; Nexus 5X Build/MMB29P) AppleWebKit/537.36 (KHTML, like Gecko) Chrome/137.0.7151.119 Mobile Safari/537.36 (compatible; Googlebot/2.1; +http://www.google.com/bot.html)"
66.249.74.11 - - [12/Jul/2025:21:24:24 +0000] "GET /wp-content/plugins/elementor/assets/js/webpack.runtime.min.js?ver=3.30.2 HTTP/1.1" 200 2516 "https://theoldhouse.cafe/" "Mozilla/5.0 (Linux; Android 6.0.1; Nexus 5X Build/MMB29P) AppleWebKit/537.36 (KHTML, like Gecko) Chrome/137.0.7151.119 Mobile Safari/537.36 (compatible; Googlebot/2.1; +http://www.google.com/bot.html)"
66.249.74.11 - - [12/Jul/2025:21:24:25 +0000] "GET /wp-content/uploads/elementor/css/post-133.css?ver=1750491152 HTTP/1.1" 200 6112 "https://theoldhouse.cafe/" "Mozilla/5.0 (Linux; Android 6.0.1; Nexus 5X Build/MMB29P) AppleWebKit/537.36 (KHTML, like Gecko) Chrome/137.0.7151.119 Mobile Safari/537.36 (compatible; Googlebot/2.1; +http://www.google.com/bot.html)"
66.249.74.11 - - [12/Jul/2025:21:24:25 +0000] "GET /wp-content/plugins/elementor/assets/js/frontend-modules.min.js?ver=3.30.2 HTTP/1.1" 200 14815 "https://theoldhouse.cafe/" "Mozilla/5.0 (Linux; Android 6.0.1; Nexus 5X Build/MMB29P) AppleWebKit/537.36 (KHTML, like Gecko) Chrome/137.0.7151.119 Mobile Safari/537.36 (compatible; Googlebot/2.1; +http://www.google.com/bot.html)"
66.249.74.11 - - [12/Jul/2025:21:24:25 +0000] "GET /wp-includes/js/jquery/ui/core.min.js?ver=1.13.3 HTTP/1.1" 200 7106 "https://theoldhouse.cafe/" "Mozilla/5.0 (Linux; Android 6.0.1; Nexus 5X Build/MMB29P) AppleWebKit/537.36 (KHTML, like Gecko) Chrome/137.0.7151.119 Mobile Safari/537.36 (compatible; Googlebot/2.1; +http://www.google.com/bot.html)"
66.249.74.11 - - [12/Jul/2025:21:24:25 +0000] "GET /wp-content/themes/hello-elementor/assets/js/hello-frontend.js?ver=3.4.4 HTTP/1.1" 200 553 "https://theoldhouse.cafe/" "Mozilla/5.0 (Linux; Android 6.0.1; Nexus 5X Build/MMB29P) AppleWebKit/537.36 (KHTML, like Gecko) Chrome/137.0.7151.119 Mobile Safari/537.36 (compatible; Googlebot/2.1; +http://www.google.com/bot.html)"
66.249.74.11 - - [12/Jul/2025:21:24:25 +0000] "GET /wp-content/plugins/qi-addons-for-elementor/assets/plugins/swiper/8.4.5/swiper.min.js?ver=8.4.5 HTTP/1.1" 200 39662 "https://theoldhouse.cafe/" "Mozilla/5.0 (Linux; Android 6.0.1; Nexus 5X Build/MMB29P) AppleWebKit/537.36 (KHTML, like Gecko) Chrome/137.0.7151.119 Mobile Safari/537.36 (compatible; Googlebot/2.1; +http://www.google.com/bot.html)"
66.249.74.11 - - [12/Jul/2025:21:24:26 +0000] "GET /wp-content/plugins/elementor/assets/js/frontend.min.js?ver=3.30.2 HTTP/1.1" 200 10595 "https://theoldhouse.cafe/" "Mozilla/5.0 (Linux; Android 6.0.1; Nexus 5X Build/MMB29P) AppleWebKit/537.36 (KHTML, like Gecko) Chrome/137.0.7151.119 Mobile Safari/537.36 (compatible; Googlebot/2.1; +http://www.google.com/bot.html)"
66.249.74.11 - - [12/Jul/2025:21:24:26 +0000] "GET /wp-content/plugins/header-footer-elementor/inc/js/frontend.js?ver=2.4.4 HTTP/1.1" 200 4163 "https://theoldhouse.cafe/" "Mozilla/5.0 (Linux; Android 6.0.1; Nexus 5X Build/MMB29P) AppleWebKit/537.36 (KHTML, like Gecko) Chrome/137.0.7151.119 Mobile Safari/537.36 (compatible; Googlebot/2.1; +http://www.google.com/bot.html)"
66.249.74.11 - - [12/Jul/2025:21:24:26 +0000] "GET /wp-content/plugins/elementor/assets/lib/font-awesome/js/v4-shims.min.js?ver=3.30.2 HTTP/1.1" 200 4209 "https://theoldhouse.cafe/" "Mozilla/5.0 (Linux; Android 6.0.1; Nexus 5X Build/MMB29P) AppleWebKit/537.36 (KHTML, like Gecko) Chrome/137.0.7151.119 Mobile Safari/537.36 (compatible; Googlebot/2.1; +http://www.google.com/bot.html)"
66.249.74.11 - - [12/Jul/2025:21:24:26 +0000] "GET /wp-includes/js/wp-emoji-release.min.js?ver=6.8.1 HTTP/1.1" 200 5166 "https://theoldhouse.cafe/" "Mozilla/5.0 (Linux; Android 6.0.1; Nexus 5X Build/MMB29P) AppleWebKit/537.36 (KHTML, like Gecko) Chrome/137.0.7151.119 Mobile Safari/537.36 (compatible; Googlebot/2.1; +http://www.google.com/bot.html)"
66.249.74.11 - - [12/Jul/2025:21:24:27 +0000] "GET /wp-content/uploads/elementor/css/custom-lightbox.min.css?ver=3.30.2 HTTP/1.1" 200 1960 "https://theoldhouse.cafe/" "Mozilla/5.0 (Linux; Android 6.0.1; Nexus 5X Build/MMB29P) AppleWebKit/537.36 (KHTML, like Gecko) Chrome/137.0.7151.119 Mobile Safari/537.36 (compatible; Googlebot/2.1; +http://www.google.com/bot.html)"
66.249.74.11 - - [12/Jul/2025:21:24:27 +0000] "GET /wp-content/plugins/elementor/assets/lib/share-link/share-link.min.js?ver=3.30.2 HTTP/1.1" 200 1169 "https://theoldhouse.cafe/" "Mozilla/5.0 (Linux; Android 6.0.1; Nexus 5X Build/MMB29P) AppleWebKit/537.36 (KHTML, like Gecko) Chrome/137.0.7151.119 Mobile Safari/537.36 (compatible; Googlebot/2.1; +http://www.google.com/bot.html)"
