38.60.255.22 - - [15/Jul/2025:19:07:28 +0000] "GET /wp-content/uploads/elementor/css/post-74.css?ver=1748531283 HTTP/1.1" 200 1579 "https://time2cut.com/" "Mozilla/5.0 (X11; Linux x86_64) AppleWebKit/537.36 (KHTML, like Gecko) Chrome/114.0.0.0 YaBrowser/23.7.1.1215 Yowser/2.5 Safari/537.36"
38.60.255.22 - - [15/Jul/2025:19:07:28 +0000] "GET /wp-content/plugins/elementor/assets/css/conditionals/apple-webkit.min.css?ver=3.29.1 HTTP/1.1" 200 557 "https://time2cut.com/" "Mozilla/5.0 (X11; Linux x86_64) AppleWebKit/537.36 (KHTML, like Gecko) Chrome/114.0.0.0 YaBrowser/23.7.1.1215 Yowser/2.5 Safari/537.36"
38.60.255.22 - - [15/Jul/2025:19:07:28 +0000] "GET /wp-content/uploads/elementor/css/post-90.css?ver=1748531283 HTTP/1.1" 200 1951 "https://time2cut.com/" "Mozilla/5.0 (X11; Linux x86_64) AppleWebKit/537.36 (KHTML, like Gecko) Chrome/114.0.0.0 YaBrowser/23.7.1.1215 Yowser/2.5 Safari/537.36"
38.60.255.22 - - [15/Jul/2025:19:07:28 +0000] "GET /wp-content/plugins/elementor/assets/lib/eicons/css/elementor-icons.min.css?ver=5.34.0 HTTP/1.1" 200 4342 "https://time2cut.com/" "Mozilla/5.0 (X11; Linux x86_64) AppleWebKit/537.36 (KHTML, like Gecko) Chrome/114.0.0.0 YaBrowser/23.7.1.1215 Yowser/2.5 Safari/537.36"
38.60.255.22 - - [15/Jul/2025:19:07:28 +0000] "GET /wp-content/plugins/elementor/assets/css/widget-icon-list.min.css?ver=3.24.3 HTTP/1.1" 200 1069 "https://time2cut.com/" "Mozilla/5.0 (X11; Linux x86_64) AppleWebKit/537.36 (KHTML, like Gecko) Chrome/114.0.0.0 YaBrowser/23.7.1.1215 Yowser/2.5 Safari/537.36"
54.153.103.11 - - [15/Jul/2025:19:07:28 +0000] "GET /wp-content/plugins/elementor/assets/css/widget-heading.min.css?ver=3.29.1 HTTP/1.1" 200 188 "https://time2cut.com/" "Mozilla/5.0 (Windows NT 6.1; Win64; x64) AppleWebKit/537.36 (KHTML, like Gecko) Chrome/109.0.0.0 Safari/537.36 OPR/95.0.0.0"
38.60.255.22 - - [15/Jul/2025:19:07:28 +0000] "GET /wp-content/plugins/elementor/assets/lib/font-awesome/css/brands.css?ver=5.15.3 HTTP/1.1" 200 322 "https://time2cut.com/" "Mozilla/5.0 (X11; Linux x86_64) AppleWebKit/537.36 (KHTML, like Gecko) Chrome/114.0.0.0 YaBrowser/23.7.1.1215 Yowser/2.5 Safari/537.36"
38.60.255.22 - - [15/Jul/2025:19:07:28 +0000] "GET /wp-content/plugins/elementor/assets/lib/font-awesome/css/fontawesome.css?ver=5.15.3 HTTP/1.1" 200 13124 "https://time2cut.com/" "Mozilla/5.0 (X11; Linux x86_64) AppleWebKit/537.36 (KHTML, like Gecko) Chrome/114.0.0.0 YaBrowser/23.7.1.1215 Yowser/2.5 Safari/537.36"
38.60.255.22 - - [15/Jul/2025:19:07:28 +0000] "GET /wp-content/plugins/elementor/assets/css/widget-social-icons.min.css?ver=3.24.0 HTTP/1.1" 200 1170 "https://time2cut.com/" "Mozilla/5.0 (X11; Linux x86_64) AppleWebKit/537.36 (KHTML, like Gecko) Chrome/114.0.0.0 YaBrowser/23.7.1.1215 Yowser/2.5 Safari/537.36"
54.153.103.11 - - [15/Jul/2025:19:07:28 +0000] "GET /wp-content/plugins/elementor/assets/lib/animations/styles/e-animation-grow.min.css?ver=3.29.1 HTTP/1.1" 200 118 "https://time2cut.com/" "Mozilla/5.0 (Windows NT 6.1; Win64; x64) AppleWebKit/537.36 (KHTML, like Gecko) Chrome/109.0.0.0 Safari/537.36 OPR/95.0.0.0"
54.153.103.11 - - [15/Jul/2025:19:07:28 +0000] "GET /wp-includes/js/mediaelement/wp-mediaelement.min.css?ver=6.8.1 HTTP/1.1" 200 1156 "https://time2cut.com/" "Mozilla/5.0 (Windows NT 6.1; Win64; x64) AppleWebKit/537.36 (KHTML, like Gecko) Chrome/109.0.0.0 Safari/537.36 OPR/95.0.0.0"
38.60.255.22 - - [15/Jul/2025:19:07:29 +0000] "GET /wp-content/plugins/elementor/assets/lib/font-awesome/css/solid.css?ver=5.15.3 HTTP/1.1" 200 325 "https://time2cut.com/" "Mozilla/5.0 (X11; Linux x86_64) AppleWebKit/537.36 (KHTML, like Gecko) Chrome/114.0.0.0 YaBrowser/23.7.1.1215 Yowser/2.5 Safari/537.36"
38.60.255.22 - - [15/Jul/2025:19:07:29 +0000] "GET /wp-content/plugins/elementor-pro/assets/css/widget-blockquote.min.css?ver=3.25.0 HTTP/1.1" 200 1112 "https://time2cut.com/" "Mozilla/5.0 (X11; Linux x86_64) AppleWebKit/537.36 (KHTML, like Gecko) Chrome/114.0.0.0 YaBrowser/23.7.1.1215 Yowser/2.5 Safari/537.36"
38.60.255.22 - - [15/Jul/2025:19:07:29 +0000] "GET /wp-content/plugins/elementor-pro/assets/css/widget-mega-menu.min.css?ver=3.26.2 HTTP/1.1" 200 2853 "https://time2cut.com/" "Mozilla/5.0 (X11; Linux x86_64) AppleWebKit/537.36 (KHTML, like Gecko) Chrome/114.0.0.0 YaBrowser/23.7.1.1215 Yowser/2.5 Safari/537.36"
38.60.255.22 - - [15/Jul/2025:19:07:29 +0000] "GET /wp-content/plugins/elementskit-lite/widgets/init/assets/css/responsive.css?ver=3.5.2 HTTP/1.1" 200 3161 "https://time2cut.com/" "Mozilla/5.0 (X11; Linux x86_64) AppleWebKit/537.36 (KHTML, like Gecko) Chrome/114.0.0.0 YaBrowser/23.7.1.1215 Yowser/2.5 Safari/537.36"
38.60.255.22 - - [15/Jul/2025:19:07:29 +0000] "GET /wp-content/plugins/elementor-pro/assets/css/widget-nav-menu.min.css?ver=3.26.0 HTTP/1.1" 200 3369 "https://time2cut.com/" "Mozilla/5.0 (X11; Linux x86_64) AppleWebKit/537.36 (KHTML, like Gecko) Chrome/114.0.0.0 YaBrowser/23.7.1.1215 Yowser/2.5 Safari/537.36"
54.153.103.11 - - [15/Jul/2025:19:07:29 +0000] "GET /wp-content/plugins/elementor/assets/lib/swiper/v8/css/swiper.min.css?ver=8.4.5 HTTP/1.1" 200 4583 "https://time2cut.com/" "Mozilla/5.0 (Windows NT 6.1; Win64; x64) AppleWebKit/537.36 (KHTML, like Gecko) Chrome/109.0.0.0 Safari/537.36 OPR/95.0.0.0"
54.153.103.11 - - [15/Jul/2025:19:07:29 +0000] "GET /wp-content/plugins/elementor/assets/css/conditionals/e-swiper.min.css?ver=3.29.1 HTTP/1.1" 200 799 "https://time2cut.com/" "Mozilla/5.0 (Windows NT 6.1; Win64; x64) AppleWebKit/537.36 (KHTML, like Gecko) Chrome/109.0.0.0 Safari/537.36 OPR/95.0.0.0"
54.153.103.11 - - [15/Jul/2025:19:07:29 +0000] "GET /wp-content/plugins/elementor/assets/css/widget-icon-box.min.css?ver=3.29.1 HTTP/1.1" 200 736 "https://time2cut.com/" "Mozilla/5.0 (Windows NT 6.1; Win64; x64) AppleWebKit/537.36 (KHTML, like Gecko) Chrome/109.0.0.0 Safari/537.36 OPR/95.0.0.0"
38.60.255.22 - - [15/Jul/2025:19:07:29 +0000] "GET /wp-content/uploads/elementor/google-fonts/css/jost.css?ver=1746515287 HTTP/1.1" 200 732 "https://time2cut.com/" "Mozilla/5.0 (X11; Linux x86_64) AppleWebKit/537.36 (KHTML, like Gecko) Chrome/114.0.0.0 YaBrowser/23.7.1.1215 Yowser/2.5 Safari/537.36"
38.60.255.22 - - [15/Jul/2025:19:07:29 +0000] "GET /wp-content/uploads/elementor/google-fonts/css/roboto.css?ver=1746514088 HTTP/1.1" 200 2862 "https://time2cut.com/" "Mozilla/5.0 (X11; Linux x86_64) AppleWebKit/537.36 (KHTML, like Gecko) Chrome/114.0.0.0 YaBrowser/23.7.1.1215 Yowser/2.5 Safari/537.36"
38.60.255.22 - - [15/Jul/2025:19:07:29 +0000] "GET /wp-content/plugins/elementskit-lite/modules/elementskit-icon-pack/assets/css/ekiticons.css?ver=3.5.2 HTTP/1.1" 200 13134 "https://time2cut.com/" "Mozilla/5.0 (X11; Linux x86_64) AppleWebKit/537.36 (KHTML, like Gecko) Chrome/114.0.0.0 YaBrowser/23.7.1.1215 Yowser/2.5 Safari/537.36"
38.60.255.22 - - [15/Jul/2025:19:07:29 +0000] "GET /wp-content/plugins/jeg-elementor-kit/assets/fonts/jkiticon/jkiticon.css?ver=2.6.13 HTTP/1.1" 200 21477 "https://time2cut.com/" "Mozilla/5.0 (X11; Linux x86_64) AppleWebKit/537.36 (KHTML, like Gecko) Chrome/114.0.0.0 YaBrowser/23.7.1.1215 Yowser/2.5 Safari/537.36"
38.60.255.22 - - [15/Jul/2025:19:07:29 +0000] "GET /wp-includes/js/jquery/jquery.min.js?ver=3.7.1 HTTP/1.1" 200 30368 "https://time2cut.com/" "Mozilla/5.0 (X11; Linux x86_64) AppleWebKit/537.36 (KHTML, like Gecko) Chrome/114.0.0.0 YaBrowser/23.7.1.1215 Yowser/2.5 Safari/537.36"
38.60.255.22 - - [15/Jul/2025:19:07:29 +0000] "GET /wp-content/plugins/elementskit-lite/widgets/init/assets/css/widget-styles.css?ver=3.5.2 HTTP/1.1" 200 51547 "https://time2cut.com/" "Mozilla/5.0 (X11; Linux x86_64) AppleWebKit/537.36 (KHTML, like Gecko) Chrome/114.0.0.0 YaBrowser/23.7.1.1215 Yowser/2.5 Safari/537.36"
216.73.216.57 - - [15/Jul/2025:19:07:29 +0000] "GET /special/2461315858.phtml HTTP/1.1" 404 13195 "-" "Mozilla/5.0 AppleWebKit/537.36 (KHTML, like Gecko; compatible; ClaudeBot/1.0; [email protected])"
54.153.103.11 - - [15/Jul/2025:19:07:29 +0000] "GET /wp-content/plugins/elementor/assets/css/widget-image.min.css?ver=3.29.1 HTTP/1.1" 200 164 "https://time2cut.com/" "Mozilla/5.0 (Windows NT 6.1; Win64; x64) AppleWebKit/537.36 (KHTML, like Gecko) Chrome/109.0.0.0 Safari/537.36 OPR/95.0.0.0"
38.60.255.22 - - [15/Jul/2025:19:07:29 +0000] "GET /wp-includes/js/jquery/jquery-migrate.min.js?ver=3.4.1 HTTP/1.1" 200 4872 "https://time2cut.com/" "Mozilla/5.0 (X11; Linux x86_64) AppleWebKit/537.36 (KHTML, like Gecko) Chrome/114.0.0.0 YaBrowser/23.7.1.1215 Yowser/2.5 Safari/537.36"
38.60.255.22 - - [15/Jul/2025:19:07:29 +0000] "GET /wp-content/uploads/2025/05/logo-time2cut-1-1024x238.png HTTP/1.1" 200 23919 "https://time2cut.com/" "Mozilla/5.0 (X11; Linux x86_64) AppleWebKit/537.36 (KHTML, like Gecko) Chrome/114.0.0.0 YaBrowser/23.7.1.1215 Yowser/2.5 Safari/537.36"
38.60.255.22 - - [15/Jul/2025:19:07:29 +0000] "GET /wp-content/uploads/2025/05/Time2Cut-1-1024x681.jpg HTTP/1.1" 200 99680 "https://time2cut.com/" "Mozilla/5.0 (X11; Linux x86_64) AppleWebKit/537.36 (KHTML, like Gecko) Chrome/114.0.0.0 YaBrowser/23.7.1.1215 Yowser/2.5 Safari/537.36"
38.60.255.22 - - [15/Jul/2025:19:07:29 +0000] "GET /wp-content/uploads/2025/05/Accent12.png HTTP/1.1" 200 32517 "https://time2cut.com/" "Mozilla/5.0 (X11; Linux x86_64) AppleWebKit/537.36 (KHTML, like Gecko) Chrome/114.0.0.0 YaBrowser/23.7.1.1215 Yowser/2.5 Safari/537.36"
54.153.103.11 - - [15/Jul/2025:19:07:29 +0000] "GET /wp-content/plugins/elementor/assets/css/widget-spacer.min.css?ver=3.29.1 HTTP/1.1" 200 369 "https://time2cut.com/" "Mozilla/5.0 (Windows NT 6.1; Win64; x64) AppleWebKit/537.36 (KHTML, like Gecko) Chrome/109.0.0.0 Safari/537.36 OPR/95.0.0.0"
54.153.103.11 - - [15/Jul/2025:19:07:29 +0000] "GET /wp-content/plugins/elementor/assets/css/widget-icon-list.min.css?ver=3.29.1 HTTP/1.1" 200 1069 "https://time2cut.com/" "Mozilla/5.0 (Windows NT 6.1; Win64; x64) AppleWebKit/537.36 (KHTML, like Gecko) Chrome/109.0.0.0 Safari/537.36 OPR/95.0.0.0"
54.153.103.11 - - [15/Jul/2025:19:07:29 +0000] "GET /wp-content/plugins/elementor/assets/css/widget-divider.min.css?ver=3.29.1 HTTP/1.1" 200 771 "https://time2cut.com/" "Mozilla/5.0 (Windows NT 6.1; Win64; x64) AppleWebKit/537.36 (KHTML, like Gecko) Chrome/109.0.0.0 Safari/537.36 OPR/95.0.0.0"
54.153.103.11 - - [15/Jul/2025:19:07:29 +0000] "GET /wp-content/uploads/elementor/css/post-62.css?ver=1748531283 HTTP/1.1" 200 8396 "https://time2cut.com/" "Mozilla/5.0 (Windows NT 6.1; Win64; x64) AppleWebKit/537.36 (KHTML, like Gecko) Chrome/109.0.0.0 Safari/537.36 OPR/95.0.0.0"
38.60.255.22 - - [15/Jul/2025:19:07:29 +0000] "GET /wp-content/plugins/jeg-elementor-kit/lib/jeg-framework/assets/css/jeg-dynamic-styles.css?ver=1.3.0 HTTP/1.1" 200 - "https://time2cut.com/" "Mozilla/5.0 (X11; Linux x86_64) AppleWebKit/537.36 (KHTML, like Gecko) Chrome/114.0.0.0 YaBrowser/23.7.1.1215 Yowser/2.5 Safari/537.36"
38.60.255.22 - - [15/Jul/2025:19:07:29 +0000] "GET /wp-content/plugins/elementor/assets/lib/font-awesome/css/v4-shims.min.css?ver=3.29.1 HTTP/1.1" 200 4229 "https://time2cut.com/" "Mozilla/5.0 (X11; Linux x86_64) AppleWebKit/537.36 (KHTML, like Gecko) Chrome/114.0.0.0 YaBrowser/23.7.1.1215 Yowser/2.5 Safari/537.36"
38.60.255.22 - - [15/Jul/2025:19:07:29 +0000] "GET /wp-content/plugins/elementor/assets/lib/font-awesome/css/all.min.css?ver=3.29.1 HTTP/1.1" 200 12869 "https://time2cut.com/" "Mozilla/5.0 (X11; Linux x86_64) AppleWebKit/537.36 (KHTML, like Gecko) Chrome/114.0.0.0 YaBrowser/23.7.1.1215 Yowser/2.5 Safari/537.36"
38.60.255.22 - - [15/Jul/2025:19:07:29 +0000] "GET /wp-content/plugins/elementor/assets/js/webpack.runtime.min.js?ver=3.29.1 HTTP/1.1" 200 2516 "https://time2cut.com/" "Mozilla/5.0 (X11; Linux x86_64) AppleWebKit/537.36 (KHTML, like Gecko) Chrome/114.0.0.0 YaBrowser/23.7.1.1215 Yowser/2.5 Safari/537.36"
54.153.103.11 - - [15/Jul/2025:19:07:29 +0000] "GET /wp-content/plugins/metform/public/assets/lib/cute-alert/style.css?ver=3.9.9 HTTP/1.1" 200 1225 "https://time2cut.com/" "Mozilla/5.0 (Windows NT 6.1; Win64; x64) AppleWebKit/537.36 (KHTML, like Gecko) Chrome/109.0.0.0 Safari/537.36 OPR/95.0.0.0"
38.60.255.22 - - [15/Jul/2025:19:07:30 +0000] "GET /wp-content/uploads/elementor/google-fonts/fonts/roboto-kfo7cnqeu92fr1me7ksn66agldtyluama3yuba.woff2 HTTP/1.1" 200 40156 "https://time2cut.com/wp-content/uploads/elementor/google-fonts/css/roboto.css?ver=1746514088" "Mozilla/5.0 (X11; Linux x86_64) AppleWebKit/537.36 (KHTML, like Gecko) Chrome/114.0.0.0 YaBrowser/23.7.1.1215 Yowser/2.5 Safari/537.36"
38.60.255.22 - - [15/Jul/2025:19:07:30 +0000] "GET /wp-content/uploads/elementor/google-fonts/fonts/jost-92zatbhpnqw73otd4g.woff2 HTTP/1.1" 200 26599 "https://time2cut.com/wp-content/uploads/elementor/google-fonts/css/jost.css?ver=1746515287" "Mozilla/5.0 (X11; Linux x86_64) AppleWebKit/537.36 (KHTML, like Gecko) Chrome/114.0.0.0 YaBrowser/23.7.1.1215 Yowser/2.5 Safari/537.36"
38.60.255.22 - - [15/Jul/2025:19:07:30 +0000] "GET /wp-content/uploads/2025/05/Accent5-01.png HTTP/1.1" 200 75766 "https://time2cut.com/wp-content/uploads/elementor/css/post-62.css?ver=1748531283" "Mozilla/5.0 (X11; Linux x86_64) AppleWebKit/537.36 (KHTML, like Gecko) Chrome/114.0.0.0 YaBrowser/23.7.1.1215 Yowser/2.5 Safari/537.36"
54.153.103.11 - - [15/Jul/2025:19:07:30 +0000] "GET /wp-content/plugins/metform/public/assets/css/text-editor.css?ver=3.9.9 HTTP/1.1" 200 3545 "https://time2cut.com/" "Mozilla/5.0 (Windows NT 6.1; Win64; x64) AppleWebKit/537.36 (KHTML, like Gecko) Chrome/109.0.0.0 Safari/537.36 OPR/95.0.0.0"
54.153.103.11 - - [15/Jul/2025:19:07:30 +0000] "GET /wp-content/themes/hello-elementor/style.min.css?ver=3.4.0 HTTP/1.1" 200 1808 "https://time2cut.com/" "Mozilla/5.0 (Windows NT 6.1; Win64; x64) AppleWebKit/537.36 (KHTML, like Gecko) Chrome/109.0.0.0 Safari/537.36 OPR/95.0.0.0"
38.60.255.22 - - [15/Jul/2025:19:07:30 +0000] "GET /wp-content/plugins/elementor/assets/js/frontend-modules.min.js?ver=3.29.1 HTTP/1.1" 200 14815 "https://time2cut.com/" "Mozilla/5.0 (X11; Linux x86_64) AppleWebKit/537.36 (KHTML, like Gecko) Chrome/114.0.0.0 YaBrowser/23.7.1.1215 Yowser/2.5 Safari/537.36"
38.60.255.22 - - [15/Jul/2025:19:07:30 +0000] "GET /wp-content/plugins/elementskit-lite/modules/elementskit-icon-pack/assets/fonts/elementskit.woff?y24e1e HTTP/1.1" 200 251549 "https://time2cut.com/wp-content/plugins/elementskit-lite/modules/elementskit-icon-pack/assets/css/ekiticons.css?ver=3.5.2" "Mozilla/5.0 (X11; Linux x86_64) AppleWebKit/537.36 (KHTML, like Gecko) Chrome/114.0.0.0 YaBrowser/23.7.1.1215 Yowser/2.5 Safari/537.36"
38.60.255.22 - - [15/Jul/2025:19:07:30 +0000] "GET /wp-content/plugins/jeg-elementor-kit/assets/fonts/jkiticon/jkiticon.woff2?bv8d8l HTTP/1.1" 200 400162 "https://time2cut.com/wp-content/plugins/jeg-elementor-kit/assets/fonts/jkiticon/jkiticon.css?ver=2.6.13" "Mozilla/5.0 (X11; Linux x86_64) AppleWebKit/537.36 (KHTML, like Gecko) Chrome/114.0.0.0 YaBrowser/23.7.1.1215 Yowser/2.5 Safari/537.36"
54.153.103.11 - - [15/Jul/2025:19:07:30 +0000] "GET /wp-content/themes/hello-elementor/theme.min.css?ver=3.4.0 HTTP/1.1" 200 1311 "https://time2cut.com/" "Mozilla/5.0 (Windows NT 6.1; Win64; x64) AppleWebKit/537.36 (KHTML, like Gecko) Chrome/109.0.0.0 Safari/537.36 OPR/95.0.0.0"
54.153.103.11 - - [15/Jul/2025:19:07:30 +0000] "GET /wp-content/themes/hello-elementor/header-footer.min.css?ver=3.4.0 HTTP/1.1" 200 1479 "https://time2cut.com/" "Mozilla/5.0 (Windows NT 6.1; Win64; x64) AppleWebKit/537.36 (KHTML, like Gecko) Chrome/109.0.0.0 Safari/537.36 OPR/95.0.0.0"
38.60.255.22 - - [15/Jul/2025:19:07:30 +0000] "GET /wp-includes/js/jquery/ui/core.min.js?ver=1.13.3 HTTP/1.1" 200 7106 "https://time2cut.com/" "Mozilla/5.0 (X11; Linux x86_64) AppleWebKit/537.36 (KHTML, like Gecko) Chrome/114.0.0.0 YaBrowser/23.7.1.1215 Yowser/2.5 Safari/537.36"
38.60.255.22 - - [15/Jul/2025:19:07:30 +0000] "GET /wp-content/plugins/elementor/assets/js/frontend.min.js?ver=3.29.1 HTTP/1.1" 200 10595 "https://time2cut.com/" "Mozilla/5.0 (X11; Linux x86_64) AppleWebKit/537.36 (KHTML, like Gecko) Chrome/114.0.0.0 YaBrowser/23.7.1.1215 Yowser/2.5 Safari/537.36"
38.60.255.22 - - [15/Jul/2025:19:07:30 +0000] "GET /wp-includes/js/mediaelement/mediaelement-and-player.min.js?ver=4.2.17 HTTP/1.1" 200 38789 "https://time2cut.com/" "Mozilla/5.0 (X11; Linux x86_64) AppleWebKit/537.36 (KHTML, like Gecko) Chrome/114.0.0.0 YaBrowser/23.7.1.1215 Yowser/2.5 Safari/537.36"
38.60.255.22 - - [15/Jul/2025:19:07:30 +0000] "GET /wp-includes/js/mediaelement/mediaelement-migrate.min.js?ver=6.8.1 HTTP/1.1" 200 540 "https://time2cut.com/" "Mozilla/5.0 (X11; Linux x86_64) AppleWebKit/537.36 (KHTML, like Gecko) Chrome/114.0.0.0 YaBrowser/23.7.1.1215 Yowser/2.5 Safari/537.36"
38.60.255.22 - - [15/Jul/2025:19:07:30 +0000] "GET /wp-includes/js/mediaelement/wp-mediaelement.min.js?ver=6.8.1 HTTP/1.1" 200 538 "https://time2cut.com/" "Mozilla/5.0 (X11; Linux x86_64) AppleWebKit/537.36 (KHTML, like Gecko) Chrome/114.0.0.0 YaBrowser/23.7.1.1215 Yowser/2.5 Safari/537.36"
54.153.103.11 - - [15/Jul/2025:19:07:30 +0000] "GET /wp-content/plugins/elementor/assets/css/widget-social-icons.min.css?ver=3.29.1 HTTP/1.1" 200 1170 "https://time2cut.com/" "Mozilla/5.0 (Windows NT 6.1; Win64; x64) AppleWebKit/537.36 (KHTML, like Gecko) Chrome/109.0.0.0 Safari/537.36 OPR/95.0.0.0"
54.153.103.11 - - [15/Jul/2025:19:07:30 +0000] "GET /wp-content/plugins/elementor/assets/css/conditionals/apple-webkit.min.css?ver=3.29.1 HTTP/1.1" 200 557 "https://time2cut.com/" "Mozilla/5.0 (Windows NT 6.1; Win64; x64) AppleWebKit/537.36 (KHTML, like Gecko) Chrome/109.0.0.0 Safari/537.36 OPR/95.0.0.0"
54.153.103.11 - - [15/Jul/2025:19:07:30 +0000] "GET /wp-content/uploads/elementor/css/post-74.css?ver=1748531283 HTTP/1.1" 200 1579 "https://time2cut.com/" "Mozilla/5.0 (Windows NT 6.1; Win64; x64) AppleWebKit/537.36 (KHTML, like Gecko) Chrome/109.0.0.0 Safari/537.36 OPR/95.0.0.0"
38.60.255.22 - - [15/Jul/2025:19:07:30 +0000] "GET /wp-content/plugins/elementor/assets/lib/swiper/v8/swiper.min.js?ver=8.4.5 HTTP/1.1" 200 39695 "https://time2cut.com/" "Mozilla/5.0 (X11; Linux x86_64) AppleWebKit/537.36 (KHTML, like Gecko) Chrome/114.0.0.0 YaBrowser/23.7.1.1215 Yowser/2.5 Safari/537.36"
54.153.103.11 - - [15/Jul/2025:19:07:30 +0000] "GET /wp-content/uploads/elementor/css/post-90.css?ver=1748531283 HTTP/1.1" 200 1951 "https://time2cut.com/" "Mozilla/5.0 (Windows NT 6.1; Win64; x64) AppleWebKit/537.36 (KHTML, like Gecko) Chrome/109.0.0.0 Safari/537.36 OPR/95.0.0.0"
38.60.255.22 - - [15/Jul/2025:19:07:30 +0000] "GET /wp-content/plugins/metform/public/assets/lib/cute-alert/cute-alert.js?ver=3.9.9 HTTP/1.1" 200 1177 "https://time2cut.com/" "Mozilla/5.0 (X11; Linux x86_64) AppleWebKit/537.36 (KHTML, like Gecko) Chrome/114.0.0.0 YaBrowser/23.7.1.1215 Yowser/2.5 Safari/537.36"
38.60.255.22 - - [15/Jul/2025:19:07:30 +0000] "GET /wp-content/themes/hello-elementor/assets/js/hello-frontend.min.js?ver=3.4.0 HTTP/1.1" 200 598 "https://time2cut.com/" "Mozilla/5.0 (X11; Linux x86_64) AppleWebKit/537.36 (KHTML, like Gecko) Chrome/114.0.0.0 YaBrowser/23.7.1.1215 Yowser/2.5 Safari/537.36"
38.60.255.22 - - [15/Jul/2025:19:07:30 +0000] "GET /wp-content/plugins/header-footer-elementor/inc/js/frontend.js?ver=2.3.2 HTTP/1.1" 200 4163 "https://time2cut.com/" "Mozilla/5.0 (X11; Linux x86_64) AppleWebKit/537.36 (KHTML, like Gecko) Chrome/114.0.0.0 YaBrowser/23.7.1.1215 Yowser/2.5 Safari/537.36"
54.153.103.11 - - [15/Jul/2025:19:07:30 +0000] "GET /wp-content/plugins/elementor/assets/lib/eicons/css/elementor-icons.min.css?ver=5.34.0 HTTP/1.1" 200 4342 "https://time2cut.com/" "Mozilla/5.0 (Windows NT 6.1; Win64; x64) AppleWebKit/537.36 (KHTML, like Gecko) Chrome/109.0.0.0 Safari/537.36 OPR/95.0.0.0"
38.60.255.22 - - [15/Jul/2025:19:07:30 +0000] "GET /wp-content/plugins/elementskit-lite/libs/framework/assets/js/frontend-script.js?ver=3.5.2 HTTP/1.1" 200 40 "https://time2cut.com/" "Mozilla/5.0 (X11; Linux x86_64) AppleWebKit/537.36 (KHTML, like Gecko) Chrome/114.0.0.0 YaBrowser/23.7.1.1215 Yowser/2.5 Safari/537.36"
38.60.255.22 - - [15/Jul/2025:19:07:30 +0000] "GET /wp-content/plugins/elementskit-lite/widgets/init/assets/js/widget-scripts.js?ver=3.5.2 HTTP/1.1" 200 41596 "https://time2cut.com/" "Mozilla/5.0 (X11; Linux x86_64) AppleWebKit/537.36 (KHTML, like Gecko) Chrome/114.0.0.0 YaBrowser/23.7.1.1215 Yowser/2.5 Safari/537.36"
54.153.103.11 - - [15/Jul/2025:19:07:31 +0000] "GET /wp-content/plugins/elementor/assets/css/widget-icon-list.min.css?ver=3.24.3 HTTP/1.1" 200 1069 "https://time2cut.com/" "Mozilla/5.0 (Windows NT 6.1; Win64; x64) AppleWebKit/537.36 (KHTML, like Gecko) Chrome/109.0.0.0 Safari/537.36 OPR/95.0.0.0"
54.153.103.11 - - [15/Jul/2025:19:07:31 +0000] "GET /wp-content/plugins/elementor/assets/css/widget-social-icons.min.css?ver=3.24.0 HTTP/1.1" 200 1170 "https://time2cut.com/" "Mozilla/5.0 (Windows NT 6.1; Win64; x64) AppleWebKit/537.36 (KHTML, like Gecko) Chrome/109.0.0.0 Safari/537.36 OPR/95.0.0.0"
54.153.103.11 - - [15/Jul/2025:19:07:31 +0000] "GET /wp-content/plugins/elementor/assets/lib/font-awesome/css/brands.css?ver=5.15.3 HTTP/1.1" 200 322 "https://time2cut.com/" "Mozilla/5.0 (Windows NT 6.1; Win64; x64) AppleWebKit/537.36 (KHTML, like Gecko) Chrome/109.0.0.0 Safari/537.36 OPR/95.0.0.0"
38.60.255.22 - - [15/Jul/2025:19:07:31 +0000] "GET /wp-content/plugins/jeg-elementor-kit/assets/js/chartjs/chart.min.js?ver=3.9.1 HTTP/1.1" 200 67630 "https://time2cut.com/" "Mozilla/5.0 (X11; Linux x86_64) AppleWebKit/537.36 (KHTML, like Gecko) Chrome/114.0.0.0 YaBrowser/23.7.1.1215 Yowser/2.5 Safari/537.36"
38.60.255.22 - - [15/Jul/2025:19:07:31 +0000] "GET /wp-content/plugins/jeg-elementor-kit/assets/js/elements/pie-chart.js?ver=2.6.13 HTTP/1.1" 200 1423 "https://time2cut.com/" "Mozilla/5.0 (X11; Linux x86_64) AppleWebKit/537.36 (KHTML, like Gecko) Chrome/114.0.0.0 YaBrowser/23.7.1.1215 Yowser/2.5 Safari/537.36"
38.60.255.22 - - [15/Jul/2025:19:07:31 +0000] "GET /wp-content/plugins/jeg-elementor-kit/assets/js/elements/sticky-element.js?ver=2.6.13 HTTP/1.1" 200 1573 "https://time2cut.com/" "Mozilla/5.0 (X11; Linux x86_64) AppleWebKit/537.36 (KHTML, like Gecko) Chrome/114.0.0.0 YaBrowser/23.7.1.1215 Yowser/2.5 Safari/537.36"
38.60.255.22 - - [15/Jul/2025:19:07:31 +0000] "GET /wp-content/plugins/elementor/assets/lib/font-awesome/js/v4-shims.min.js?ver=3.29.1 HTTP/1.1" 200 4209 "https://time2cut.com/" "Mozilla/5.0 (X11; Linux x86_64) AppleWebKit/537.36 (KHTML, like Gecko) Chrome/114.0.0.0 YaBrowser/23.7.1.1215 Yowser/2.5 Safari/537.36"
54.153.103.11 - - [15/Jul/2025:19:07:31 +0000] "GET /wp-content/plugins/elementor/assets/lib/font-awesome/css/fontawesome.css?ver=5.15.3 HTTP/1.1" 200 13124 "https://time2cut.com/" "Mozilla/5.0 (Windows NT 6.1; Win64; x64) AppleWebKit/537.36 (KHTML, like Gecko) Chrome/109.0.0.0 Safari/537.36 OPR/95.0.0.0"
38.60.255.22 - - [15/Jul/2025:19:07:31 +0000] "GET /wp-content/plugins/elementor-pro/assets/js/webpack-pro.runtime.min.js?ver=3.29.1 HTTP/1.1" 200 2855 "https://time2cut.com/" "Mozilla/5.0 (X11; Linux x86_64) AppleWebKit/537.36 (KHTML, like Gecko) Chrome/114.0.0.0 YaBrowser/23.7.1.1215 Yowser/2.5 Safari/537.36"
38.60.255.22 - - [15/Jul/2025:19:07:31 +0000] "GET /wp-includes/js/dist/hooks.min.js?ver=4d63a3d491d11ffd8ac6 HTTP/1.1" 200 1648 "https://time2cut.com/" "Mozilla/5.0 (X11; Linux x86_64) AppleWebKit/537.36 (KHTML, like Gecko) Chrome/114.0.0.0 YaBrowser/23.7.1.1215 Yowser/2.5 Safari/537.36"
38.60.255.22 - - [15/Jul/2025:19:07:31 +0000] "GET /wp-content/plugins/elementor-pro/assets/js/frontend.min.js?ver=3.29.1 HTTP/1.1" 200 6511 "https://time2cut.com/" "Mozilla/5.0 (X11; Linux x86_64) AppleWebKit/537.36 (KHTML, like Gecko) Chrome/114.0.0.0 YaBrowser/23.7.1.1215 Yowser/2.5 Safari/537.36"
38.60.255.22 - - [15/Jul/2025:19:07:31 +0000] "GET /wp-includes/js/dist/i18n.min.js?ver=5e580eb46a90c2b997e6 HTTP/1.1" 200 3667 "https://time2cut.com/" "Mozilla/5.0 (X11; Linux x86_64) AppleWebKit/537.36 (KHTML, like Gecko) Chrome/114.0.0.0 YaBrowser/23.7.1.1215 Yowser/2.5 Safari/537.36"
38.60.255.22 - - [15/Jul/2025:19:07:31 +0000] "GET /wp-content/plugins/elementskit-lite/widgets/init/assets/js/animate-circle.min.js?ver=3.5.2 HTTP/1.1" 200 451 "https://time2cut.com/" "Mozilla/5.0 (X11; Linux x86_64) AppleWebKit/537.36 (KHTML, like Gecko) Chrome/114.0.0.0 YaBrowser/23.7.1.1215 Yowser/2.5 Safari/537.36"
38.60.255.22 - - [15/Jul/2025:19:07:31 +0000] "GET /wp-content/plugins/elementor-pro/assets/js/elements-handlers.min.js?ver=3.29.1 HTTP/1.1" 200 10701 "https://time2cut.com/" "Mozilla/5.0 (X11; Linux x86_64) AppleWebKit/537.36 (KHTML, like Gecko) Chrome/114.0.0.0 YaBrowser/23.7.1.1215 Yowser/2.5 Safari/537.36"
38.60.255.22 - - [15/Jul/2025:19:07:31 +0000] "GET /wp-content/plugins/elementskit-lite/widgets/init/assets/js/elementor.js?ver=3.5.2 HTTP/1.1" 200 5595 "https://time2cut.com/" "Mozilla/5.0 (X11; Linux x86_64) AppleWebKit/537.36 (KHTML, like Gecko) Chrome/114.0.0.0 YaBrowser/23.7.1.1215 Yowser/2.5 Safari/537.36"
38.60.255.22 - - [15/Jul/2025:19:07:31 +0000] "GET /wp-includes/js/wp-emoji-release.min.js?ver=6.8.1 HTTP/1.1" 200 5166 "https://time2cut.com/" "Mozilla/5.0 (X11; Linux x86_64) AppleWebKit/537.36 (KHTML, like Gecko) Chrome/114.0.0.0 YaBrowser/23.7.1.1215 Yowser/2.5 Safari/537.36"
38.60.255.22 - - [15/Jul/2025:19:07:31 +0000] "GET /wp-content/plugins/elementor/assets/mask-shapes/custom.svg HTTP/1.1" 404 13195 "https://time2cut.com/wp-content/uploads/elementor/css/post-62.css?ver=1748531283" "Mozilla/5.0 (X11; Linux x86_64) AppleWebKit/537.36 (KHTML, like Gecko) Chrome/114.0.0.0 YaBrowser/23.7.1.1215 Yowser/2.5 Safari/537.36"
38.60.255.22 - - [15/Jul/2025:19:07:31 +0000] "GET /wp-content/plugins/elementor/assets/js/shared-frontend-handlers.30dc2f9c080845a413a6.bundle.min.js HTTP/1.1" 200 2682 "https://time2cut.com/" "Mozilla/5.0 (X11; Linux x86_64) AppleWebKit/537.36 (KHTML, like Gecko) Chrome/114.0.0.0 YaBrowser/23.7.1.1215 Yowser/2.5 Safari/537.36"
38.60.255.22 - - [15/Jul/2025:19:07:31 +0000] "GET /wp-content/uploads/2025/05/Time2Cut-2-1-1024x681.jpg HTTP/1.1" 200 112064 "https://time2cut.com/" "Mozilla/5.0 (X11; Linux x86_64) AppleWebKit/537.36 (KHTML, like Gecko) Chrome/114.0.0.0 YaBrowser/23.7.1.1215 Yowser/2.5 Safari/537.36"
38.60.255.22 - - [15/Jul/2025:19:07:31 +0000] "GET /wp-content/uploads/2025/05/imagetime2cut-1024x683.png HTTP/1.1" 200 1100678 "https://time2cut.com/" "Mozilla/5.0 (X11; Linux x86_64) AppleWebKit/537.36 (KHTML, like Gecko) Chrome/114.0.0.0 YaBrowser/23.7.1.1215 Yowser/2.5 Safari/537.36"
38.60.255.22 - - [15/Jul/2025:19:07:31 +0000] "GET /wp-content/plugins/elementor/assets/js/text-editor.c084ef86600b6f11690d.bundle.min.js HTTP/1.1" 200 685 "https://time2cut.com/" "Mozilla/5.0 (X11; Linux x86_64) AppleWebKit/537.36 (KHTML, like Gecko) Chrome/114.0.0.0 YaBrowser/23.7.1.1215 Yowser/2.5 Safari/537.36"
38.60.255.22 - - [15/Jul/2025:19:07:31 +0000] "GET /wp-content/uploads/2025/05/testi-1.jpg HTTP/1.1" 200 187987 "https://time2cut.com/" "Mozilla/5.0 (X11; Linux x86_64) AppleWebKit/537.36 (KHTML, like Gecko) Chrome/114.0.0.0 YaBrowser/23.7.1.1215 Yowser/2.5 Safari/537.36"
38.60.255.22 - - [15/Jul/2025:19:07:32 +0000] "GET /wp-content/uploads/2025/05/Testi-2.jpg HTTP/1.1" 200 196711 "https://time2cut.com/" "Mozilla/5.0 (X11; Linux x86_64) AppleWebKit/537.36 (KHTML, like Gecko) Chrome/114.0.0.0 YaBrowser/23.7.1.1215 Yowser/2.5 Safari/537.36"
54.153.103.11 - - [15/Jul/2025:19:07:32 +0000] "GET /wp-content/plugins/elementor/assets/lib/font-awesome/css/solid.css?ver=5.15.3 HTTP/1.1" 200 325 "https://time2cut.com/" "Mozilla/5.0 (Windows NT 6.1; Win64; x64) AppleWebKit/537.36 (KHTML, like Gecko) Chrome/109.0.0.0 Safari/537.36 OPR/95.0.0.0"
38.60.255.22 - - [15/Jul/2025:19:07:32 +0000] "GET /wp-content/uploads/2025/05/Testi-3.jpg HTTP/1.1" 200 123953 "https://time2cut.com/" "Mozilla/5.0 (X11; Linux x86_64) AppleWebKit/537.36 (KHTML, like Gecko) Chrome/114.0.0.0 YaBrowser/23.7.1.1215 Yowser/2.5 Safari/537.36"
54.153.103.11 - - [15/Jul/2025:19:07:32 +0000] "GET /wp-content/plugins/elementor-pro/assets/css/widget-blockquote.min.css?ver=3.25.0 HTTP/1.1" 200 1112 "https://time2cut.com/" "Mozilla/5.0 (Windows NT 6.1; Win64; x64) AppleWebKit/537.36 (KHTML, like Gecko) Chrome/109.0.0.0 Safari/537.36 OPR/95.0.0.0"
38.60.255.22 - - [15/Jul/2025:19:07:32 +0000] "GET /wp-content/uploads/2025/05/Time2Cut-1.jpg HTTP/1.1" 200 122996 "https://time2cut.com/" "Mozilla/5.0 (X11; Linux x86_64) AppleWebKit/537.36 (KHTML, like Gecko) Chrome/114.0.0.0 YaBrowser/23.7.1.1215 Yowser/2.5 Safari/537.36"
54.153.103.11 - - [15/Jul/2025:19:07:32 +0000] "GET /wp-content/plugins/elementor-pro/assets/css/widget-mega-menu.min.css?ver=3.26.2 HTTP/1.1" 200 2853 "https://time2cut.com/" "Mozilla/5.0 (Windows NT 6.1; Win64; x64) AppleWebKit/537.36 (KHTML, like Gecko) Chrome/109.0.0.0 Safari/537.36 OPR/95.0.0.0"
54.153.103.11 - - [15/Jul/2025:19:07:32 +0000] "GET /wp-content/plugins/elementor-pro/assets/css/widget-nav-menu.min.css?ver=3.26.0 HTTP/1.1" 200 3369 "https://time2cut.com/" "Mozilla/5.0 (Windows NT 6.1; Win64; x64) AppleWebKit/537.36 (KHTML, like Gecko) Chrome/109.0.0.0 Safari/537.36 OPR/95.0.0.0"
216.73.216.57 - - [15/Jul/2025:19:07:32 +0000] "GET /special/656920754.phtml HTTP/1.1" 404 13195 "-" "Mozilla/5.0 AppleWebKit/537.36 (KHTML, like Gecko; compatible; ClaudeBot/1.0; [email protected])"
54.153.103.11 - - [15/Jul/2025:19:07:32 +0000] "GET /wp-content/plugins/elementskit-lite/widgets/init/assets/css/widget-styles.css?ver=3.5.2 HTTP/1.1" 200 51547 "https://time2cut.com/" "Mozilla/5.0 (Windows NT 6.1; Win64; x64) AppleWebKit/537.36 (KHTML, like Gecko) Chrome/109.0.0.0 Safari/537.36 OPR/95.0.0.0"
38.60.255.22 - - [15/Jul/2025:19:07:32 +0000] "GET /wp-content/uploads/2025/05/Time2Cut-2-1.jpg HTTP/1.1" 200 151324 "https://time2cut.com/" "Mozilla/5.0 (X11; Linux x86_64) AppleWebKit/537.36 (KHTML, like Gecko) Chrome/114.0.0.0 YaBrowser/23.7.1.1215 Yowser/2.5 Safari/537.36"
54.153.103.11 - - [15/Jul/2025:19:07:32 +0000] "GET /wp-content/plugins/elementskit-lite/widgets/init/assets/css/responsive.css?ver=3.5.2 HTTP/1.1" 200 3161 "https://time2cut.com/" "Mozilla/5.0 (Windows NT 6.1; Win64; x64) AppleWebKit/537.36 (KHTML, like Gecko) Chrome/109.0.0.0 Safari/537.36 OPR/95.0.0.0"
38.60.255.22 - - [15/Jul/2025:19:07:31 +0000] "GET /wp-content/uploads/2025/05/Pressure-Washings-1024x683.png HTTP/1.1" 200 1152460 "https://time2cut.com/" "Mozilla/5.0 (X11; Linux x86_64) AppleWebKit/537.36 (KHTML, like Gecko) Chrome/114.0.0.0 YaBrowser/23.7.1.1215 Yowser/2.5 Safari/537.36"
38.60.255.22 - - [15/Jul/2025:19:07:32 +0000] "GET /wp-content/uploads/2025/05/ChatGPT-Image-May-7-2025-09_08_33-PM-1.png HTTP/1.1" 200 571336 "https://time2cut.com/" "Mozilla/5.0 (X11; Linux x86_64) AppleWebKit/537.36 (KHTML, like Gecko) Chrome/114.0.0.0 YaBrowser/23.7.1.1215 Yowser/2.5 Safari/537.36"
54.153.103.11 - - [15/Jul/2025:19:07:32 +0000] "GET /wp-content/uploads/elementor/google-fonts/css/jost.css?ver=1746515287 HTTP/1.1" 200 732 "https://time2cut.com/" "Mozilla/5.0 (Windows NT 6.1; Win64; x64) AppleWebKit/537.36 (KHTML, like Gecko) Chrome/109.0.0.0 Safari/537.36 OPR/95.0.0.0"
54.153.103.11 - - [15/Jul/2025:19:07:32 +0000] "GET /wp-content/uploads/elementor/google-fonts/css/roboto.css?ver=1746514088 HTTP/1.1" 200 2862 "https://time2cut.com/" "Mozilla/5.0 (Windows NT 6.1; Win64; x64) AppleWebKit/537.36 (KHTML, like Gecko) Chrome/109.0.0.0 Safari/537.36 OPR/95.0.0.0"
54.153.103.11 - - [15/Jul/2025:19:07:32 +0000] "GET /wp-content/plugins/elementskit-lite/modules/elementskit-icon-pack/assets/css/ekiticons.css?ver=3.5.2 HTTP/1.1" 200 13134 "https://time2cut.com/" "Mozilla/5.0 (Windows NT 6.1; Win64; x64) AppleWebKit/537.36 (KHTML, like Gecko) Chrome/109.0.0.0 Safari/537.36 OPR/95.0.0.0"
54.153.103.11 - - [15/Jul/2025:19:07:32 +0000] "GET /wp-content/plugins/jeg-elementor-kit/assets/fonts/jkiticon/jkiticon.css?ver=2.6.13 HTTP/1.1" 200 21477 "https://time2cut.com/" "Mozilla/5.0 (Windows NT 6.1; Win64; x64) AppleWebKit/537.36 (KHTML, like Gecko) Chrome/109.0.0.0 Safari/537.36 OPR/95.0.0.0"
54.153.103.11 - - [15/Jul/2025:19:07:33 +0000] "GET /wp-includes/js/mediaelement/mediaelementplayer-legacy.min.css?ver=4.2.17 HTTP/1.1" 200 2592 "https://time2cut.com/" "Mozilla/5.0 (Windows NT 6.1; Win64; x64) AppleWebKit/537.36 (KHTML, like Gecko) Chrome/109.0.0.0 Safari/537.36 OPR/95.0.0.0"
54.153.103.11 - - [15/Jul/2025:19:07:34 +0000] "GET /wp-includes/js/jquery/jquery.min.js?ver=3.7.1 HTTP/1.1" 200 30368 "https://time2cut.com/" "Mozilla/5.0 (Windows NT 6.1; Win64; x64) AppleWebKit/537.36 (KHTML, like Gecko) Chrome/109.0.0.0 Safari/537.36 OPR/95.0.0.0"
54.153.103.11 - - [15/Jul/2025:19:07:34 +0000] "GET /wp-includes/js/jquery/jquery-migrate.min.js?ver=3.4.1 HTTP/1.1" 200 4872 "https://time2cut.com/" "Mozilla/5.0 (Windows NT 6.1; Win64; x64) AppleWebKit/537.36 (KHTML, like Gecko) Chrome/109.0.0.0 Safari/537.36 OPR/95.0.0.0"
216.73.216.57 - - [15/Jul/2025:19:07:35 +0000] "GET /special/2461822156.phtml HTTP/1.1" 404 13195 "-" "Mozilla/5.0 AppleWebKit/537.36 (KHTML, like Gecko; compatible; ClaudeBot/1.0; [email protected])"
54.153.103.11 - - [15/Jul/2025:19:07:37 +0000] "GET /wp-content/uploads/2025/05/logo-time2cut-1-1024x238.png HTTP/1.1" 200 23919 "https://time2cut.com/" "Mozilla/5.0 (Windows NT 6.1; Win64; x64) AppleWebKit/537.36 (KHTML, like Gecko) Chrome/109.0.0.0 Safari/537.36 OPR/95.0.0.0"
216.73.216.57 - - [15/Jul/2025:19:07:38 +0000] "GET /special/2461277080.phtml HTTP/1.1" 404 13195 "-" "Mozilla/5.0 AppleWebKit/537.36 (KHTML, like Gecko; compatible; ClaudeBot/1.0; [email protected])"
216.73.216.57 - - [15/Jul/2025:19:07:41 +0000] "GET /special/1353783588.phtml HTTP/1.1" 404 13195 "-" "Mozilla/5.0 AppleWebKit/537.36 (KHTML, like Gecko; compatible; ClaudeBot/1.0; [email protected])"
54.153.103.11 - - [15/Jul/2025:19:07:43 +0000] "GET /wp-content/uploads/2025/05/Accent12.png HTTP/1.1" 200 32517 "https://time2cut.com/" "Mozilla/5.0 (Windows NT 6.1; Win64; x64) AppleWebKit/537.36 (KHTML, like Gecko) Chrome/109.0.0.0 Safari/537.36 OPR/95.0.0.0"
54.153.103.11 - - [15/Jul/2025:19:07:44 +0000] "GET /wp-content/uploads/2025/05/Time2Cut-1-1024x681.jpg HTTP/1.1" 200 99680 "https://time2cut.com/" "Mozilla/5.0 (Windows NT 6.1; Win64; x64) AppleWebKit/537.36 (KHTML, like Gecko) Chrome/109.0.0.0 Safari/537.36 OPR/95.0.0.0"
54.153.103.11 - - [15/Jul/2025:19:07:49 +0000] "GET /wp-content/uploads/elementor/google-fonts/fonts/jost-92zatbhpnqw73otd4g.woff2 HTTP/1.1" 200 26599 "https://time2cut.com/wp-content/uploads/elementor/google-fonts/css/jost.css?ver=1746515287" "Mozilla/5.0 (Windows NT 6.1; Win64; x64) AppleWebKit/537.36 (KHTML, like Gecko) Chrome/109.0.0.0 Safari/537.36 OPR/95.0.0.0"
54.153.103.11 - - [15/Jul/2025:19:07:50 +0000] "GET /wp-content/uploads/elementor/google-fonts/fonts/roboto-kfo7cnqeu92fr1me7ksn66agldtyluama3yuba.woff2 HTTP/1.1" 200 40156 "https://time2cut.com/wp-content/uploads/elementor/google-fonts/css/roboto.css?ver=1746514088" "Mozilla/5.0 (Windows NT 6.1; Win64; x64) AppleWebKit/537.36 (KHTML, like Gecko) Chrome/109.0.0.0 Safari/537.36 OPR/95.0.0.0"
54.153.103.11 - - [15/Jul/2025:19:07:51 +0000] "GET /wp-content/plugins/jeg-elementor-kit/lib/jeg-framework/assets/css/jeg-dynamic-styles.css?ver=1.3.0 HTTP/1.1" 200 - "https://time2cut.com/" "Mozilla/5.0 (Windows NT 6.1; Win64; x64) AppleWebKit/537.36 (KHTML, like Gecko) Chrome/109.0.0.0 Safari/537.36 OPR/95.0.0.0"
54.153.103.11 - - [15/Jul/2025:19:07:49 +0000] "GET /wp-content/uploads/2025/05/Accent5-01.png HTTP/1.1" 200 75766 "https://time2cut.com/wp-content/uploads/elementor/css/post-62.css?ver=1748531283" "Mozilla/5.0 (Windows NT 6.1; Win64; x64) AppleWebKit/537.36 (KHTML, like Gecko) Chrome/109.0.0.0 Safari/537.36 OPR/95.0.0.0"
54.153.103.11 - - [15/Jul/2025:19:07:51 +0000] "GET /wp-content/plugins/elementor/assets/lib/font-awesome/css/all.min.css?ver=3.29.1 HTTP/1.1" 200 12869 "https://time2cut.com/" "Mozilla/5.0 (Windows NT 6.1; Win64; x64) AppleWebKit/537.36 (KHTML, like Gecko) Chrome/109.0.0.0 Safari/537.36 OPR/95.0.0.0"
54.153.103.11 - - [15/Jul/2025:19:07:52 +0000] "GET /wp-content/plugins/elementor/assets/lib/font-awesome/css/v4-shims.min.css?ver=3.29.1 HTTP/1.1" 200 4229 "https://time2cut.com/" "Mozilla/5.0 (Windows NT 6.1; Win64; x64) AppleWebKit/537.36 (KHTML, like Gecko) Chrome/109.0.0.0 Safari/537.36 OPR/95.0.0.0"
54.153.103.11 - - [15/Jul/2025:19:07:53 +0000] "GET /wp-content/plugins/elementor/assets/js/webpack.runtime.min.js?ver=3.29.1 HTTP/1.1" 200 2516 "https://time2cut.com/" "Mozilla/5.0 (Windows NT 6.1; Win64; x64) AppleWebKit/537.36 (KHTML, like Gecko) Chrome/109.0.0.0 Safari/537.36 OPR/95.0.0.0"
54.153.103.11 - - [15/Jul/2025:19:07:49 +0000] "GET /wp-content/plugins/elementskit-lite/modules/elementskit-icon-pack/assets/fonts/elementskit.woff?y24e1e HTTP/1.1" 200 251549 "https://time2cut.com/wp-content/plugins/elementskit-lite/modules/elementskit-icon-pack/assets/css/ekiticons.css?ver=3.5.2" "Mozilla/5.0 (Windows NT 6.1; Win64; x64) AppleWebKit/537.36 (KHTML, like Gecko) Chrome/109.0.0.0 Safari/537.36 OPR/95.0.0.0"
5.255.231.124 - - [15/Jul/2025:19:07:57 +0000] "GET /wp-json/oembed/1.0/embed?url=https%3A%2F%2Ftime2cut.com%2F&format=xml HTTP/1.1" 200 1052 "-" "Mozilla/5.0 (compatible; YandexBot/3.0; +http://yandex.com/bots)"
95.108.213.250 - - [15/Jul/2025:19:07:58 +0000] "GET /quote HTTP/1.1" 301 - "-" "Mozilla/5.0 (compatible; YandexBot/3.0; +http://yandex.com/bots)"
54.153.103.11 - - [15/Jul/2025:19:07:49 +0000] "GET /wp-content/plugins/jeg-elementor-kit/assets/fonts/jkiticon/jkiticon.woff2?bv8d8l HTTP/1.1" 200 400162 "https://time2cut.com/wp-content/plugins/jeg-elementor-kit/assets/fonts/jkiticon/jkiticon.css?ver=2.6.13" "Mozilla/5.0 (Windows NT 6.1; Win64; x64) AppleWebKit/537.36 (KHTML, like Gecko) Chrome/109.0.0.0 Safari/537.36 OPR/95.0.0.0"
216.73.216.57 - - [15/Jul/2025:19:07:59 +0000] "GET /special/2461744758.phtml HTTP/1.1" 404 13195 "-" "Mozilla/5.0 AppleWebKit/537.36 (KHTML, like Gecko; compatible; ClaudeBot/1.0; [email protected])"
5.255.231.49 - - [15/Jul/2025:19:07:59 +0000] "GET /feed/ HTTP/1.1" 200 513 "-" "Mozilla/5.0 (compatible; YandexBot/3.0; +http://yandex.com/bots)"
213.180.203.244 - - [15/Jul/2025:19:07:59 +0000] "GET /wp-json/ HTTP/1.1" 200 17975 "-" "Mozilla/5.0 (compatible; YandexBot/3.0; +http://yandex.com/bots)"
95.108.213.155 - - [15/Jul/2025:19:07:59 +0000] "GET /quote/ HTTP/1.1" 200 13744 "-" "Mozilla/5.0 (compatible; YandexBot/3.0; +http://yandex.com/bots)"
5.255.231.166 - - [15/Jul/2025:19:08:00 +0000] "GET /comments/feed/ HTTP/1.1" 200 404 "-" "Mozilla/5.0 (compatible; YandexBot/3.0; +http://yandex.com/bots)"
95.108.213.124 - - [15/Jul/2025:19:08:00 +0000] "GET /wp-json/wp/v2/pages/62 HTTP/1.1" 200 11715 "-" "Mozilla/5.0 (compatible; YandexBot/3.0; +http://yandex.com/bots)"
95.108.213.151 - - [15/Jul/2025:19:08:00 +0000] "GET /contact-us/ HTTP/1.1" 200 15684 "-" "Mozilla/5.0 (compatible; YandexBot/3.0; +http://yandex.com/bots)"
54.153.103.11 - - [15/Jul/2025:19:08:00 +0000] "GET /wp-content/plugins/elementor/assets/js/frontend-modules.min.js?ver=3.29.1 HTTP/1.1" 200 14815 "https://time2cut.com/" "Mozilla/5.0 (Windows NT 6.1; Win64; x64) AppleWebKit/537.36 (KHTML, like Gecko) Chrome/109.0.0.0 Safari/537.36 OPR/95.0.0.0"
95.108.213.224 - - [15/Jul/2025:19:08:00 +0000] "GET /about-us/ HTTP/1.1" 200 18518 "-" "Mozilla/5.0 (compatible; YandexBot/3.0; +http://yandex.com/bots)"
87.250.224.240 - - [15/Jul/2025:19:08:01 +0000] "GET /services/ HTTP/1.1" 200 19047 "-" "Mozilla/5.0 (compatible; YandexBot/3.0; +http://yandex.com/bots)"
95.108.213.120 - - [15/Jul/2025:19:08:01 +0000] "GET /xmlrpc.php?rsd HTTP/1.1" 200 303 "-" "Mozilla/5.0 (compatible; YandexBot/3.0; +http://yandex.com/bots)"
216.73.216.57 - - [15/Jul/2025:19:08:02 +0000] "GET /special/2461529572.phtml HTTP/1.1" 404 13195 "-" "Mozilla/5.0 AppleWebKit/537.36 (KHTML, like Gecko; compatible; ClaudeBot/1.0; [email protected])"
95.108.213.144 - - [15/Jul/2025:19:08:02 +0000] "GET /wp-json/oembed/1.0/embed?url=https%3A%2F%2Ftime2cut.com%2F HTTP/1.1" 200 1014 "-" "Mozilla/5.0 (compatible; YandexBot/3.0; +http://yandex.com/bots)"
54.153.103.11 - - [15/Jul/2025:19:08:02 +0000] "GET /wp-includes/js/jquery/ui/core.min.js?ver=1.13.3 HTTP/1.1" 200 7106 "https://time2cut.com/" "Mozilla/5.0 (Windows NT 6.1; Win64; x64) AppleWebKit/537.36 (KHTML, like Gecko) Chrome/109.0.0.0 Safari/537.36 OPR/95.0.0.0"
213.180.203.234 - - [15/Jul/2025:19:08:02 +0000] "GET /quote/ HTTP/1.1" 200 13744 "-" "Mozilla/5.0 (compatible; YandexBot/3.0; +http://yandex.com/bots)"
54.153.103.11 - - [15/Jul/2025:19:08:03 +0000] "GET /wp-content/plugins/elementor/assets/js/frontend.min.js?ver=3.29.1 HTTP/1.1" 200 10595 "https://time2cut.com/" "Mozilla/5.0 (Windows NT 6.1; Win64; x64) AppleWebKit/537.36 (KHTML, like Gecko) Chrome/109.0.0.0 Safari/537.36 OPR/95.0.0.0"
95.108.213.217 - - [15/Jul/2025:19:08:03 +0000] "GET /services HTTP/1.1" 301 - "-" "Mozilla/5.0 (compatible; YandexBot/3.0; +http://yandex.com/bots)"
54.153.103.11 - - [15/Jul/2025:19:08:04 +0000] "GET /wp-includes/js/mediaelement/mediaelement-and-player.min.js?ver=4.2.17 HTTP/1.1" 200 38789 "https://time2cut.com/" "Mozilla/5.0 (Windows NT 6.1; Win64; x64) AppleWebKit/537.36 (KHTML, like Gecko) Chrome/109.0.0.0 Safari/537.36 OPR/95.0.0.0"
95.108.213.167 - - [15/Jul/2025:19:08:04 +0000] "GET /services/ HTTP/1.1" 200 19047 "-" "Mozilla/5.0 (compatible; YandexBot/3.0; +http://yandex.com/bots)"
216.73.216.57 - - [15/Jul/2025:19:08:05 +0000] "GET /special/2461352520.phtml HTTP/1.1" 404 13195 "-" "Mozilla/5.0 AppleWebKit/537.36 (KHTML, like Gecko; compatible; ClaudeBot/1.0; [email protected])"
54.153.103.11 - - [15/Jul/2025:19:08:05 +0000] "GET /wp-includes/js/mediaelement/mediaelement-migrate.min.js?ver=6.8.1 HTTP/1.1" 200 540 "https://time2cut.com/" "Mozilla/5.0 (Windows NT 6.1; Win64; x64) AppleWebKit/537.36 (KHTML, like Gecko) Chrome/109.0.0.0 Safari/537.36 OPR/95.0.0.0"
54.153.103.11 - - [15/Jul/2025:19:08:05 +0000] "GET /wp-includes/js/mediaelement/wp-mediaelement.min.js?ver=6.8.1 HTTP/1.1" 200 538 "https://time2cut.com/" "Mozilla/5.0 (Windows NT 6.1; Win64; x64) AppleWebKit/537.36 (KHTML, like Gecko) Chrome/109.0.0.0 Safari/537.36 OPR/95.0.0.0"
54.153.103.11 - - [15/Jul/2025:19:08:05 +0000] "GET /wp-content/plugins/elementor/assets/lib/swiper/v8/swiper.min.js?ver=8.4.5 HTTP/1.1" 200 39695 "https://time2cut.com/" "Mozilla/5.0 (Windows NT 6.1; Win64; x64) AppleWebKit/537.36 (KHTML, like Gecko) Chrome/109.0.0.0 Safari/537.36 OPR/95.0.0.0"
54.153.103.11 - - [15/Jul/2025:19:08:06 +0000] "GET /wp-content/plugins/metform/public/assets/lib/cute-alert/cute-alert.js?ver=3.9.9 HTTP/1.1" 200 1177 "https://time2cut.com/" "Mozilla/5.0 (Windows NT 6.1; Win64; x64) AppleWebKit/537.36 (KHTML, like Gecko) Chrome/109.0.0.0 Safari/537.36 OPR/95.0.0.0"
54.153.103.11 - - [15/Jul/2025:19:08:07 +0000] "GET /wp-content/themes/hello-elementor/assets/js/hello-frontend.min.js?ver=3.4.0 HTTP/1.1" 200 598 "https://time2cut.com/" "Mozilla/5.0 (Windows NT 6.1; Win64; x64) AppleWebKit/537.36 (KHTML, like Gecko) Chrome/109.0.0.0 Safari/537.36 OPR/95.0.0.0"
54.153.103.11 - - [15/Jul/2025:19:08:07 +0000] "GET /wp-content/plugins/header-footer-elementor/inc/js/frontend.js?ver=2.3.2 HTTP/1.1" 200 4163 "https://time2cut.com/" "Mozilla/5.0 (Windows NT 6.1; Win64; x64) AppleWebKit/537.36 (KHTML, like Gecko) Chrome/109.0.0.0 Safari/537.36 OPR/95.0.0.0"
216.73.216.57 - - [15/Jul/2025:19:08:08 +0000] "GET /special/2461282536.phtml HTTP/1.1" 404 13195 "-" "Mozilla/5.0 AppleWebKit/537.36 (KHTML, like Gecko; compatible; ClaudeBot/1.0; [email protected])"
54.153.103.11 - - [15/Jul/2025:19:08:08 +0000] "GET /wp-content/plugins/elementskit-lite/libs/framework/assets/js/frontend-script.js?ver=3.5.2 HTTP/1.1" 200 40 "https://time2cut.com/" "Mozilla/5.0 (Windows NT 6.1; Win64; x64) AppleWebKit/537.36 (KHTML, like Gecko) Chrome/109.0.0.0 Safari/537.36 OPR/95.0.0.0"
54.153.103.11 - - [15/Jul/2025:19:08:09 +0000] "GET /wp-content/plugins/elementskit-lite/widgets/init/assets/js/widget-scripts.js?ver=3.5.2 HTTP/1.1" 200 41596 "https://time2cut.com/" "Mozilla/5.0 (Windows NT 6.1; Win64; x64) AppleWebKit/537.36 (KHTML, like Gecko) Chrome/109.0.0.0 Safari/537.36 OPR/95.0.0.0"
54.153.103.11 - - [15/Jul/2025:19:08:09 +0000] "GET /wp-content/plugins/jeg-elementor-kit/assets/js/chartjs/chart.min.js?ver=3.9.1 HTTP/1.1" 200 67630 "https://time2cut.com/" "Mozilla/5.0 (Windows NT 6.1; Win64; x64) AppleWebKit/537.36 (KHTML, like Gecko) Chrome/109.0.0.0 Safari/537.36 OPR/95.0.0.0"
54.153.103.11 - - [15/Jul/2025:19:08:10 +0000] "GET /wp-content/plugins/jeg-elementor-kit/assets/js/elements/pie-chart.js?ver=2.6.13 HTTP/1.1" 200 1423 "https://time2cut.com/" "Mozilla/5.0 (Windows NT 6.1; Win64; x64) AppleWebKit/537.36 (KHTML, like Gecko) Chrome/109.0.0.0 Safari/537.36 OPR/95.0.0.0"
94.233.19.52 - - [15/Jul/2025:19:08:10 +0000] "GET / HTTP/1.1" 200 25906 "-" "Mozilla/5.0 (Windows NT 10.0; Win64; x64) AppleWebKit/537.36 (KHTML, like Gecko) Chrome/134.0.0.0 YaBrowser/25.4.0.0 Safari/537.36"
54.153.103.11 - - [15/Jul/2025:19:08:11 +0000] "GET /wp-content/plugins/jeg-elementor-kit/assets/js/elements/sticky-element.js?ver=2.6.13 HTTP/1.1" 200 1573 "https://time2cut.com/" "Mozilla/5.0 (Windows NT 6.1; Win64; x64) AppleWebKit/537.36 (KHTML, like Gecko) Chrome/109.0.0.0 Safari/537.36 OPR/95.0.0.0"
94.233.19.52 - - [15/Jul/2025:19:08:11 +0000] "GET /wp-content/plugins/header-footer-elementor/inc/widgets-css/frontend.css?ver=2.3.2 HTTP/1.1" 200 8558 "https://time2cut.com/" "Mozilla/5.0 (Windows NT 10.0; Win64; x64) AppleWebKit/537.36 (KHTML, like Gecko) Chrome/134.0.0.0 YaBrowser/25.4.0.0 Safari/537.36"
94.233.19.52 - - [15/Jul/2025:19:08:11 +0000] "GET /wp-content/plugins/jeg-elementor-kit/assets/css/elements/main.css?ver=2.6.13 HTTP/1.1" 200 24960 "https://time2cut.com/" "Mozilla/5.0 (Windows NT 10.0; Win64; x64) AppleWebKit/537.36 (KHTML, like Gecko) Chrome/134.0.0.0 YaBrowser/25.4.0.0 Safari/537.36"
94.233.19.52 - - [15/Jul/2025:19:08:11 +0000] "GET /wp-content/plugins/leadconnector/public/css/lc-public.css?ver=3.0.8 HTTP/1.1" 200 106 "https://time2cut.com/" "Mozilla/5.0 (Windows NT 10.0; Win64; x64) AppleWebKit/537.36 (KHTML, like Gecko) Chrome/134.0.0.0 YaBrowser/25.4.0.0 Safari/537.36"
94.233.19.52 - - [15/Jul/2025:19:08:12 +0000] "GET /wp-content/plugins/header-footer-elementor/assets/css/header-footer-elementor.css?ver=2.3.2 HTTP/1.1" 200 323 "https://time2cut.com/" "Mozilla/5.0 (Windows NT 10.0; Win64; x64) AppleWebKit/537.36 (KHTML, like Gecko) Chrome/134.0.0.0 YaBrowser/25.4.0.0 Safari/537.36"
94.233.19.52 - - [15/Jul/2025:19:08:12 +0000] "GET /wp-content/uploads/elementor/css/post-17.css?ver=1748531282 HTTP/1.1" 200 1051 "https://time2cut.com/" "Mozilla/5.0 (Windows NT 10.0; Win64; x64) AppleWebKit/537.36 (KHTML, like Gecko) Chrome/134.0.0.0 YaBrowser/25.4.0.0 Safari/537.36"
94.233.19.52 - - [15/Jul/2025:19:08:12 +0000] "GET /wp-content/plugins/elementor/assets/css/frontend.min.css?ver=3.29.1 HTTP/1.1" 200 7106 "https://time2cut.com/" "Mozilla/5.0 (Windows NT 10.0; Win64; x64) AppleWebKit/537.36 (KHTML, like Gecko) Chrome/134.0.0.0 YaBrowser/25.4.0.0 Safari/537.36"
94.233.19.52 - - [15/Jul/2025:19:08:12 +0000] "GET /wp-content/plugins/elementor/assets/lib/animations/styles/fadeIn.min.css?ver=3.29.1 HTTP/1.1" 200 79 "https://time2cut.com/" "Mozilla/5.0 (Windows NT 10.0; Win64; x64) AppleWebKit/537.36 (KHTML, like Gecko) Chrome/134.0.0.0 YaBrowser/25.4.0.0 Safari/537.36"
94.233.19.52 - - [15/Jul/2025:19:08:12 +0000] "GET /wp-content/plugins/elementor/assets/css/widget-heading.min.css?ver=3.29.1 HTTP/1.1" 200 188 "https://time2cut.com/" "Mozilla/5.0 (Windows NT 10.0; Win64; x64) AppleWebKit/537.36 (KHTML, like Gecko) Chrome/134.0.0.0 YaBrowser/25.4.0.0 Safari/537.36"
94.233.19.52 - - [15/Jul/2025:19:08:12 +0000] "GET /wp-content/plugins/elementor/assets/lib/animations/styles/e-animation-grow.min.css?ver=3.29.1 HTTP/1.1" 200 118 "https://time2cut.com/" "Mozilla/5.0 (Windows NT 10.0; Win64; x64) AppleWebKit/537.36 (KHTML, like Gecko) Chrome/134.0.0.0 YaBrowser/25.4.0.0 Safari/537.36"
216.73.216.57 - - [15/Jul/2025:19:08:12 +0000] "GET /special/2461530438.phtml HTTP/1.1" 404 13195 "-" "Mozilla/5.0 AppleWebKit/537.36 (KHTML, like Gecko; compatible; ClaudeBot/1.0; [email protected])"
54.153.103.11 - - [15/Jul/2025:19:08:12 +0000] "GET /wp-content/plugins/elementor/assets/lib/font-awesome/js/v4-shims.min.js?ver=3.29.1 HTTP/1.1" 200 4209 "https://time2cut.com/" "Mozilla/5.0 (Windows NT 6.1; Win64; x64) AppleWebKit/537.36 (KHTML, like Gecko) Chrome/109.0.0.0 Safari/537.36 OPR/95.0.0.0"
94.233.19.52 - - [15/Jul/2025:19:08:12 +0000] "GET /wp-includes/js/mediaelement/mediaelementplayer-legacy.min.css?ver=4.2.17 HTTP/1.1" 200 2592 "https://time2cut.com/" "Mozilla/5.0 (Windows NT 10.0; Win64; x64) AppleWebKit/537.36 (KHTML, like Gecko) Chrome/134.0.0.0 YaBrowser/25.4.0.0 Safari/537.36"
94.233.19.52 - - [15/Jul/2025:19:08:12 +0000] "GET /wp-includes/js/mediaelement/wp-mediaelement.min.css?ver=6.8.1 HTTP/1.1" 200 1156 "https://time2cut.com/" "Mozilla/5.0 (Windows NT 10.0; Win64; x64) AppleWebKit/537.36 (KHTML, like Gecko) Chrome/134.0.0.0 YaBrowser/25.4.0.0 Safari/537.36"
94.233.19.52 - - [15/Jul/2025:19:08:12 +0000] "GET /wp-content/plugins/elementor/assets/lib/swiper/v8/css/swiper.min.css?ver=8.4.5 HTTP/1.1" 200 4583 "https://time2cut.com/" "Mozilla/5.0 (Windows NT 10.0; Win64; x64) AppleWebKit/537.36 (KHTML, like Gecko) Chrome/134.0.0.0 YaBrowser/25.4.0.0 Safari/537.36"
94.233.19.52 - - [15/Jul/2025:19:08:12 +0000] "GET /wp-content/plugins/elementor/assets/css/conditionals/e-swiper.min.css?ver=3.29.1 HTTP/1.1" 200 799 "https://time2cut.com/" "Mozilla/5.0 (Windows NT 10.0; Win64; x64) AppleWebKit/537.36 (KHTML, like Gecko) Chrome/134.0.0.0 YaBrowser/25.4.0.0 Safari/537.36"
94.233.19.52 - - [15/Jul/2025:19:08:12 +0000] "GET /wp-content/plugins/elementor/assets/css/widget-icon-box.min.css?ver=3.29.1 HTTP/1.1" 200 736 "https://time2cut.com/" "Mozilla/5.0 (Windows NT 10.0; Win64; x64) AppleWebKit/537.36 (KHTML, like Gecko) Chrome/134.0.0.0 YaBrowser/25.4.0.0 Safari/537.36"
