94.233.19.52 - - [15/Jul/2025:19:08:12 +0000] "GET /wp-content/plugins/elementor/assets/css/widget-image.min.css?ver=3.29.1 HTTP/1.1" 200 164 "https://time2cut.com/" "Mozilla/5.0 (Windows NT 10.0; Win64; x64) AppleWebKit/537.36 (KHTML, like Gecko) Chrome/134.0.0.0 YaBrowser/25.4.0.0 Safari/537.36"
94.233.19.52 - - [15/Jul/2025:19:08:12 +0000] "GET /wp-content/plugins/elementor/assets/css/widget-divider.min.css?ver=3.29.1 HTTP/1.1" 200 771 "https://time2cut.com/" "Mozilla/5.0 (Windows NT 10.0; Win64; x64) AppleWebKit/537.36 (KHTML, like Gecko) Chrome/134.0.0.0 YaBrowser/25.4.0.0 Safari/537.36"
94.233.19.52 - - [15/Jul/2025:19:08:12 +0000] "GET /wp-content/plugins/elementor/assets/css/widget-spacer.min.css?ver=3.29.1 HTTP/1.1" 200 369 "https://time2cut.com/" "Mozilla/5.0 (Windows NT 10.0; Win64; x64) AppleWebKit/537.36 (KHTML, like Gecko) Chrome/134.0.0.0 YaBrowser/25.4.0.0 Safari/537.36"
94.233.19.52 - - [15/Jul/2025:19:08:12 +0000] "GET /wp-content/plugins/elementor/assets/css/widget-icon-list.min.css?ver=3.29.1 HTTP/1.1" 200 1069 "https://time2cut.com/" "Mozilla/5.0 (Windows NT 10.0; Win64; x64) AppleWebKit/537.36 (KHTML, like Gecko) Chrome/134.0.0.0 YaBrowser/25.4.0.0 Safari/537.36"
54.153.103.11 - - [15/Jul/2025:19:08:12 +0000] "GET /wp-content/plugins/elementor-pro/assets/js/webpack-pro.runtime.min.js?ver=3.29.1 HTTP/1.1" 200 2855 "https://time2cut.com/" "Mozilla/5.0 (Windows NT 6.1; Win64; x64) AppleWebKit/537.36 (KHTML, like Gecko) Chrome/109.0.0.0 Safari/537.36 OPR/95.0.0.0"
94.233.19.52 - - [15/Jul/2025:19:08:12 +0000] "GET /wp-content/uploads/elementor/css/post-62.css?ver=1748531283 HTTP/1.1" 200 8396 "https://time2cut.com/" "Mozilla/5.0 (Windows NT 10.0; Win64; x64) AppleWebKit/537.36 (KHTML, like Gecko) Chrome/134.0.0.0 YaBrowser/25.4.0.0 Safari/537.36"
94.233.19.52 - - [15/Jul/2025:19:08:13 +0000] "GET /wp-content/plugins/metform/public/assets/lib/cute-alert/style.css?ver=3.9.9 HTTP/1.1" 200 1225 "https://time2cut.com/" "Mozilla/5.0 (Windows NT 10.0; Win64; x64) AppleWebKit/537.36 (KHTML, like Gecko) Chrome/134.0.0.0 YaBrowser/25.4.0.0 Safari/537.36"
94.233.19.52 - - [15/Jul/2025:19:08:13 +0000] "GET /wp-content/plugins/metform/public/assets/css/text-editor.css?ver=3.9.9 HTTP/1.1" 200 3545 "https://time2cut.com/" "Mozilla/5.0 (Windows NT 10.0; Win64; x64) AppleWebKit/537.36 (KHTML, like Gecko) Chrome/134.0.0.0 YaBrowser/25.4.0.0 Safari/537.36"
94.233.19.52 - - [15/Jul/2025:19:08:13 +0000] "GET /wp-content/themes/hello-elementor/style.min.css?ver=3.4.0 HTTP/1.1" 200 1808 "https://time2cut.com/" "Mozilla/5.0 (Windows NT 10.0; Win64; x64) AppleWebKit/537.36 (KHTML, like Gecko) Chrome/134.0.0.0 YaBrowser/25.4.0.0 Safari/537.36"
94.233.19.52 - - [15/Jul/2025:19:08:13 +0000] "GET /wp-content/themes/hello-elementor/theme.min.css?ver=3.4.0 HTTP/1.1" 200 1311 "https://time2cut.com/" "Mozilla/5.0 (Windows NT 10.0; Win64; x64) AppleWebKit/537.36 (KHTML, like Gecko) Chrome/134.0.0.0 YaBrowser/25.4.0.0 Safari/537.36"
94.233.19.52 - - [15/Jul/2025:19:08:13 +0000] "GET /wp-content/themes/hello-elementor/header-footer.min.css?ver=3.4.0 HTTP/1.1" 200 1479 "https://time2cut.com/" "Mozilla/5.0 (Windows NT 10.0; Win64; x64) AppleWebKit/537.36 (KHTML, like Gecko) Chrome/134.0.0.0 YaBrowser/25.4.0.0 Safari/537.36"
94.233.19.52 - - [15/Jul/2025:19:08:13 +0000] "GET /wp-content/plugins/elementor/assets/css/widget-social-icons.min.css?ver=3.29.1 HTTP/1.1" 200 1170 "https://time2cut.com/" "Mozilla/5.0 (Windows NT 10.0; Win64; x64) AppleWebKit/537.36 (KHTML, like Gecko) Chrome/134.0.0.0 YaBrowser/25.4.0.0 Safari/537.36"
94.233.19.52 - - [15/Jul/2025:19:08:13 +0000] "GET /wp-content/plugins/elementor/assets/css/conditionals/apple-webkit.min.css?ver=3.29.1 HTTP/1.1" 200 557 "https://time2cut.com/" "Mozilla/5.0 (Windows NT 10.0; Win64; x64) AppleWebKit/537.36 (KHTML, like Gecko) Chrome/134.0.0.0 YaBrowser/25.4.0.0 Safari/537.36"
54.153.103.11 - - [15/Jul/2025:19:08:14 +0000] "GET /wp-includes/js/dist/hooks.min.js?ver=4d63a3d491d11ffd8ac6 HTTP/1.1" 200 1648 "https://time2cut.com/" "Mozilla/5.0 (Windows NT 6.1; Win64; x64) AppleWebKit/537.36 (KHTML, like Gecko) Chrome/109.0.0.0 Safari/537.36 OPR/95.0.0.0"
94.233.19.52 - - [15/Jul/2025:19:08:14 +0000] "GET /wp-content/plugins/elementor/assets/css/widget-icon-list.min.css?ver=3.24.3 HTTP/1.1" 200 1069 "https://time2cut.com/" "Mozilla/5.0 (Windows NT 10.0; Win64; x64) AppleWebKit/537.36 (KHTML, like Gecko) Chrome/134.0.0.0 YaBrowser/25.4.0.0 Safari/537.36"
94.233.19.52 - - [15/Jul/2025:19:08:14 +0000] "GET /wp-content/plugins/elementor/assets/lib/eicons/css/elementor-icons.min.css?ver=5.34.0 HTTP/1.1" 200 4342 "https://time2cut.com/" "Mozilla/5.0 (Windows NT 10.0; Win64; x64) AppleWebKit/537.36 (KHTML, like Gecko) Chrome/134.0.0.0 YaBrowser/25.4.0.0 Safari/537.36"
94.233.19.52 - - [15/Jul/2025:19:08:14 +0000] "GET /wp-content/plugins/elementor/assets/css/widget-social-icons.min.css?ver=3.24.0 HTTP/1.1" 200 1170 "https://time2cut.com/" "Mozilla/5.0 (Windows NT 10.0; Win64; x64) AppleWebKit/537.36 (KHTML, like Gecko) Chrome/134.0.0.0 YaBrowser/25.4.0.0 Safari/537.36"
94.233.19.52 - - [15/Jul/2025:19:08:14 +0000] "GET /wp-content/uploads/elementor/css/post-74.css?ver=1748531283 HTTP/1.1" 200 1579 "https://time2cut.com/" "Mozilla/5.0 (Windows NT 10.0; Win64; x64) AppleWebKit/537.36 (KHTML, like Gecko) Chrome/134.0.0.0 YaBrowser/25.4.0.0 Safari/537.36"
94.233.19.52 - - [15/Jul/2025:19:08:14 +0000] "GET /wp-content/uploads/elementor/css/post-90.css?ver=1748531283 HTTP/1.1" 200 1951 "https://time2cut.com/" "Mozilla/5.0 (Windows NT 10.0; Win64; x64) AppleWebKit/537.36 (KHTML, like Gecko) Chrome/134.0.0.0 YaBrowser/25.4.0.0 Safari/537.36"
216.73.216.57 - - [15/Jul/2025:19:08:14 +0000] "GET /special/2461825778.phtml HTTP/1.1" 404 13195 "-" "Mozilla/5.0 AppleWebKit/537.36 (KHTML, like Gecko; compatible; ClaudeBot/1.0; [email protected])"
94.233.19.52 - - [15/Jul/2025:19:08:14 +0000] "GET /wp-content/plugins/elementor/assets/lib/font-awesome/css/brands.css?ver=5.15.3 HTTP/1.1" 200 322 "https://time2cut.com/" "Mozilla/5.0 (Windows NT 10.0; Win64; x64) AppleWebKit/537.36 (KHTML, like Gecko) Chrome/134.0.0.0 YaBrowser/25.4.0.0 Safari/537.36"
94.233.19.52 - - [15/Jul/2025:19:08:14 +0000] "GET /wp-content/plugins/elementor/assets/lib/font-awesome/css/fontawesome.css?ver=5.15.3 HTTP/1.1" 200 13124 "https://time2cut.com/" "Mozilla/5.0 (Windows NT 10.0; Win64; x64) AppleWebKit/537.36 (KHTML, like Gecko) Chrome/134.0.0.0 YaBrowser/25.4.0.0 Safari/537.36"
54.153.103.11 - - [15/Jul/2025:19:08:14 +0000] "GET /wp-content/plugins/elementor-pro/assets/js/frontend.min.js?ver=3.29.1 HTTP/1.1" 200 6511 "https://time2cut.com/" "Mozilla/5.0 (Windows NT 6.1; Win64; x64) AppleWebKit/537.36 (KHTML, like Gecko) Chrome/109.0.0.0 Safari/537.36 OPR/95.0.0.0"
94.233.19.52 - - [15/Jul/2025:19:08:14 +0000] "GET /wp-content/plugins/elementor-pro/assets/css/widget-nav-menu.min.css?ver=3.26.0 HTTP/1.1" 200 3369 "https://time2cut.com/" "Mozilla/5.0 (Windows NT 10.0; Win64; x64) AppleWebKit/537.36 (KHTML, like Gecko) Chrome/134.0.0.0 YaBrowser/25.4.0.0 Safari/537.36"
94.233.19.52 - - [15/Jul/2025:19:08:14 +0000] "GET /wp-content/plugins/elementor/assets/lib/font-awesome/css/solid.css?ver=5.15.3 HTTP/1.1" 200 325 "https://time2cut.com/" "Mozilla/5.0 (Windows NT 10.0; Win64; x64) AppleWebKit/537.36 (KHTML, like Gecko) Chrome/134.0.0.0 YaBrowser/25.4.0.0 Safari/537.36"
94.233.19.52 - - [15/Jul/2025:19:08:14 +0000] "GET /wp-content/plugins/elementor-pro/assets/css/widget-mega-menu.min.css?ver=3.26.2 HTTP/1.1" 200 2853 "https://time2cut.com/" "Mozilla/5.0 (Windows NT 10.0; Win64; x64) AppleWebKit/537.36 (KHTML, like Gecko) Chrome/134.0.0.0 YaBrowser/25.4.0.0 Safari/537.36"
94.233.19.52 - - [15/Jul/2025:19:08:14 +0000] "GET /wp-content/plugins/elementor-pro/assets/css/widget-blockquote.min.css?ver=3.25.0 HTTP/1.1" 200 1112 "https://time2cut.com/" "Mozilla/5.0 (Windows NT 10.0; Win64; x64) AppleWebKit/537.36 (KHTML, like Gecko) Chrome/134.0.0.0 YaBrowser/25.4.0.0 Safari/537.36"
31.56.240.146 - - [15/Jul/2025:19:08:15 +0000] "GET / HTTP/1.1" 200 25906 "-" "Mozilla/5.0 (X11; Linux x86_64; rv:137.0) Gecko/20100101 Firefox/137.0"
54.153.103.11 - - [15/Jul/2025:19:08:15 +0000] "GET /wp-content/plugins/elementor-pro/assets/js/elements-handlers.min.js?ver=3.29.1 HTTP/1.1" 200 10701 "https://time2cut.com/" "Mozilla/5.0 (Windows NT 6.1; Win64; x64) AppleWebKit/537.36 (KHTML, like Gecko) Chrome/109.0.0.0 Safari/537.36 OPR/95.0.0.0"
94.233.19.52 - - [15/Jul/2025:19:08:16 +0000] "GET /wp-content/plugins/elementskit-lite/widgets/init/assets/css/responsive.css?ver=3.5.2 HTTP/1.1" 200 3161 "https://time2cut.com/" "Mozilla/5.0 (Windows NT 10.0; Win64; x64) AppleWebKit/537.36 (KHTML, like Gecko) Chrome/134.0.0.0 YaBrowser/25.4.0.0 Safari/537.36"
94.233.19.52 - - [15/Jul/2025:19:08:16 +0000] "GET /wp-content/plugins/jeg-elementor-kit/assets/fonts/jkiticon/jkiticon.css?ver=2.6.13 HTTP/1.1" 200 21477 "https://time2cut.com/" "Mozilla/5.0 (Windows NT 10.0; Win64; x64) AppleWebKit/537.36 (KHTML, like Gecko) Chrome/134.0.0.0 YaBrowser/25.4.0.0 Safari/537.36"
94.233.19.52 - - [15/Jul/2025:19:08:16 +0000] "GET /wp-content/uploads/elementor/google-fonts/css/jost.css?ver=1746515287 HTTP/1.1" 200 732 "https://time2cut.com/" "Mozilla/5.0 (Windows NT 10.0; Win64; x64) AppleWebKit/537.36 (KHTML, like Gecko) Chrome/134.0.0.0 YaBrowser/25.4.0.0 Safari/537.36"
94.233.19.52 - - [15/Jul/2025:19:08:16 +0000] "GET /wp-content/uploads/elementor/google-fonts/css/roboto.css?ver=1746514088 HTTP/1.1" 200 2862 "https://time2cut.com/" "Mozilla/5.0 (Windows NT 10.0; Win64; x64) AppleWebKit/537.36 (KHTML, like Gecko) Chrome/134.0.0.0 YaBrowser/25.4.0.0 Safari/537.36"
94.233.19.52 - - [15/Jul/2025:19:08:16 +0000] "GET /wp-content/plugins/elementskit-lite/modules/elementskit-icon-pack/assets/css/ekiticons.css?ver=3.5.2 HTTP/1.1" 200 13134 "https://time2cut.com/" "Mozilla/5.0 (Windows NT 10.0; Win64; x64) AppleWebKit/537.36 (KHTML, like Gecko) Chrome/134.0.0.0 YaBrowser/25.4.0.0 Safari/537.36"
94.233.19.52 - - [15/Jul/2025:19:08:16 +0000] "GET /wp-includes/js/jquery/jquery.min.js?ver=3.7.1 HTTP/1.1" 200 30368 "https://time2cut.com/" "Mozilla/5.0 (Windows NT 10.0; Win64; x64) AppleWebKit/537.36 (KHTML, like Gecko) Chrome/134.0.0.0 YaBrowser/25.4.0.0 Safari/537.36"
94.233.19.52 - - [15/Jul/2025:19:08:16 +0000] "GET /wp-includes/js/jquery/jquery-migrate.min.js?ver=3.4.1 HTTP/1.1" 200 4872 "https://time2cut.com/" "Mozilla/5.0 (Windows NT 10.0; Win64; x64) AppleWebKit/537.36 (KHTML, like Gecko) Chrome/134.0.0.0 YaBrowser/25.4.0.0 Safari/537.36"
94.233.19.52 - - [15/Jul/2025:19:08:16 +0000] "GET /wp-content/uploads/2025/05/logo-time2cut-1-1024x238.png HTTP/1.1" 200 23919 "https://time2cut.com/" "Mozilla/5.0 (Windows NT 10.0; Win64; x64) AppleWebKit/537.36 (KHTML, like Gecko) Chrome/134.0.0.0 YaBrowser/25.4.0.0 Safari/537.36"
54.153.103.11 - - [15/Jul/2025:19:08:16 +0000] "GET /wp-content/plugins/elementskit-lite/widgets/init/assets/js/animate-circle.min.js?ver=3.5.2 HTTP/1.1" 200 451 "https://time2cut.com/" "Mozilla/5.0 (Windows NT 6.1; Win64; x64) AppleWebKit/537.36 (KHTML, like Gecko) Chrome/109.0.0.0 Safari/537.36 OPR/95.0.0.0"
54.153.103.11 - - [15/Jul/2025:19:08:16 +0000] "GET /wp-content/plugins/elementskit-lite/widgets/init/assets/js/elementor.js?ver=3.5.2 HTTP/1.1" 200 5595 "https://time2cut.com/" "Mozilla/5.0 (Windows NT 6.1; Win64; x64) AppleWebKit/537.36 (KHTML, like Gecko) Chrome/109.0.0.0 Safari/537.36 OPR/95.0.0.0"
31.56.240.146 - - [15/Jul/2025:19:08:16 +0000] "GET /wp-content/plugins/jeg-elementor-kit/assets/css/elements/main.css?ver=2.6.13 HTTP/1.1" 200 24960 "https://time2cut.com/" "Mozilla/5.0 (X11; Linux x86_64; rv:137.0) Gecko/20100101 Firefox/137.0"
94.233.19.52 - - [15/Jul/2025:19:08:16 +0000] "GET /wp-content/plugins/elementskit-lite/widgets/init/assets/css/widget-styles.css?ver=3.5.2 HTTP/1.1" 200 51547 "https://time2cut.com/" "Mozilla/5.0 (Windows NT 10.0; Win64; x64) AppleWebKit/537.36 (KHTML, like Gecko) Chrome/134.0.0.0 YaBrowser/25.4.0.0 Safari/537.36"
31.56.240.146 - - [15/Jul/2025:19:08:17 +0000] "GET /wp-content/plugins/leadconnector/public/css/lc-public.css?ver=3.0.8 HTTP/1.1" 200 106 "https://time2cut.com/" "Mozilla/5.0 (X11; Linux x86_64; rv:137.0) Gecko/20100101 Firefox/137.0"
216.73.216.57 - - [15/Jul/2025:19:08:17 +0000] "GET /special/2461518250.phtml HTTP/1.1" 404 13195 "-" "Mozilla/5.0 AppleWebKit/537.36 (KHTML, like Gecko; compatible; ClaudeBot/1.0; [email protected])"
54.153.103.11 - - [15/Jul/2025:19:08:18 +0000] "GET /wp-includes/js/dist/i18n.min.js?ver=5e580eb46a90c2b997e6 HTTP/1.1" 200 3667 "https://time2cut.com/" "Mozilla/5.0 (Windows NT 6.1; Win64; x64) AppleWebKit/537.36 (KHTML, like Gecko) Chrome/109.0.0.0 Safari/537.36 OPR/95.0.0.0"
54.153.103.11 - - [15/Jul/2025:19:08:18 +0000] "GET /wp-content/plugins/elementor/assets/mask-shapes/custom.svg HTTP/1.1" 404 13195 "https://time2cut.com/wp-content/uploads/elementor/css/post-62.css?ver=1748531283" "Mozilla/5.0 (Windows NT 6.1; Win64; x64) AppleWebKit/537.36 (KHTML, like Gecko) Chrome/109.0.0.0 Safari/537.36 OPR/95.0.0.0"
94.233.19.52 - - [15/Jul/2025:19:08:19 +0000] "GET /wp-content/uploads/2025/05/Accent12.png HTTP/1.1" 200 32517 "https://time2cut.com/" "Mozilla/5.0 (Windows NT 10.0; Win64; x64) AppleWebKit/537.36 (KHTML, like Gecko) Chrome/134.0.0.0 YaBrowser/25.4.0.0 Safari/537.36"
94.233.19.52 - - [15/Jul/2025:19:08:19 +0000] "GET /wp-content/uploads/2025/05/Time2Cut-1-1024x681.jpg HTTP/1.1" 200 99680 "https://time2cut.com/" "Mozilla/5.0 (Windows NT 10.0; Win64; x64) AppleWebKit/537.36 (KHTML, like Gecko) Chrome/134.0.0.0 YaBrowser/25.4.0.0 Safari/537.36"
31.56.240.146 - - [15/Jul/2025:19:08:19 +0000] "GET /wp-content/plugins/header-footer-elementor/assets/css/header-footer-elementor.css?ver=2.3.2 HTTP/1.1" 200 323 "https://time2cut.com/" "Mozilla/5.0 (X11; Linux x86_64; rv:137.0) Gecko/20100101 Firefox/137.0"
54.153.103.11 - - [15/Jul/2025:19:08:19 +0000] "GET /wp-includes/js/wp-emoji-release.min.js?ver=6.8.1 HTTP/1.1" 200 5166 "https://time2cut.com/" "Mozilla/5.0 (Windows NT 6.1; Win64; x64) AppleWebKit/537.36 (KHTML, like Gecko) Chrome/109.0.0.0 Safari/537.36 OPR/95.0.0.0"
54.153.103.11 - - [15/Jul/2025:19:08:20 +0000] "GET /wp-content/plugins/elementor/assets/js/shared-frontend-handlers.30dc2f9c080845a413a6.bundle.min.js HTTP/1.1" 200 2682 "https://time2cut.com/" "Mozilla/5.0 (Windows NT 6.1; Win64; x64) AppleWebKit/537.36 (KHTML, like Gecko) Chrome/109.0.0.0 Safari/537.36 OPR/95.0.0.0"
31.56.240.146 - - [15/Jul/2025:19:08:20 +0000] "GET /wp-content/uploads/elementor/css/post-17.css?ver=1748531282 HTTP/1.1" 200 1051 "https://time2cut.com/" "Mozilla/5.0 (X11; Linux x86_64; rv:137.0) Gecko/20100101 Firefox/137.0"
216.73.216.57 - - [15/Jul/2025:19:08:20 +0000] "GET /special/2461587692.phtml HTTP/1.1" 404 13195 "-" "Mozilla/5.0 AppleWebKit/537.36 (KHTML, like Gecko; compatible; ClaudeBot/1.0; [email protected])"
54.153.103.11 - - [15/Jul/2025:19:08:19 +0000] "GET /wp-content/uploads/2025/05/Time2Cut-2-1-1024x681.jpg HTTP/1.1" 200 112064 "https://time2cut.com/" "Mozilla/5.0 (Windows NT 6.1; Win64; x64) AppleWebKit/537.36 (KHTML, like Gecko) Chrome/109.0.0.0 Safari/537.36 OPR/95.0.0.0"
54.153.103.11 - - [15/Jul/2025:19:08:21 +0000] "GET /wp-content/plugins/elementor/assets/js/text-editor.c084ef86600b6f11690d.bundle.min.js HTTP/1.1" 200 685 "https://time2cut.com/" "Mozilla/5.0 (Windows NT 6.1; Win64; x64) AppleWebKit/537.36 (KHTML, like Gecko) Chrome/109.0.0.0 Safari/537.36 OPR/95.0.0.0"
31.56.240.146 - - [15/Jul/2025:19:08:21 +0000] "GET /wp-content/plugins/elementor/assets/css/widget-heading.min.css?ver=3.29.1 HTTP/1.1" 200 188 "https://time2cut.com/" "Mozilla/5.0 (X11; Linux x86_64; rv:137.0) Gecko/20100101 Firefox/137.0"
31.56.240.146 - - [15/Jul/2025:19:08:21 +0000] "GET /wp-content/plugins/elementor/assets/lib/animations/styles/fadeIn.min.css?ver=3.29.1 HTTP/1.1" 200 79 "https://time2cut.com/" "Mozilla/5.0 (X11; Linux x86_64; rv:137.0) Gecko/20100101 Firefox/137.0"
94.233.19.52 - - [15/Jul/2025:19:08:21 +0000] "GET /wp-content/plugins/jeg-elementor-kit/lib/jeg-framework/assets/css/jeg-dynamic-styles.css?ver=1.3.0 HTTP/1.1" 200 - "https://time2cut.com/" "Mozilla/5.0 (Windows NT 10.0; Win64; x64) AppleWebKit/537.36 (KHTML, like Gecko) Chrome/134.0.0.0 YaBrowser/25.4.0.0 Safari/537.36"
31.56.240.146 - - [15/Jul/2025:19:08:21 +0000] "GET /wp-includes/js/mediaelement/mediaelementplayer-legacy.min.css?ver=4.2.17 HTTP/1.1" 200 2592 "https://time2cut.com/" "Mozilla/5.0 (X11; Linux x86_64; rv:137.0) Gecko/20100101 Firefox/137.0"
94.233.19.52 - - [15/Jul/2025:19:08:22 +0000] "GET /wp-content/plugins/elementor/assets/lib/font-awesome/css/all.min.css?ver=3.29.1 HTTP/1.1" 200 12869 "https://time2cut.com/" "Mozilla/5.0 (Windows NT 10.0; Win64; x64) AppleWebKit/537.36 (KHTML, like Gecko) Chrome/134.0.0.0 YaBrowser/25.4.0.0 Safari/537.36"
31.56.240.146 - - [15/Jul/2025:19:08:22 +0000] "GET /wp-includes/js/mediaelement/wp-mediaelement.min.css?ver=6.8.1 HTTP/1.1" 200 1156 "https://time2cut.com/" "Mozilla/5.0 (X11; Linux x86_64; rv:137.0) Gecko/20100101 Firefox/137.0"
31.56.240.146 - - [15/Jul/2025:19:08:22 +0000] "GET /wp-content/plugins/elementor/assets/lib/animations/styles/e-animation-grow.min.css?ver=3.29.1 HTTP/1.1" 200 118 "https://time2cut.com/" "Mozilla/5.0 (X11; Linux x86_64; rv:137.0) Gecko/20100101 Firefox/137.0"
94.233.19.52 - - [15/Jul/2025:19:08:22 +0000] "GET /wp-content/plugins/elementor/assets/lib/font-awesome/css/v4-shims.min.css?ver=3.29.1 HTTP/1.1" 200 4229 "https://time2cut.com/" "Mozilla/5.0 (Windows NT 10.0; Win64; x64) AppleWebKit/537.36 (KHTML, like Gecko) Chrome/134.0.0.0 YaBrowser/25.4.0.0 Safari/537.36"
31.56.240.146 - - [15/Jul/2025:19:08:22 +0000] "GET /wp-content/plugins/elementor/assets/css/conditionals/e-swiper.min.css?ver=3.29.1 HTTP/1.1" 200 799 "https://time2cut.com/" "Mozilla/5.0 (X11; Linux x86_64; rv:137.0) Gecko/20100101 Firefox/137.0"
94.233.19.52 - - [15/Jul/2025:19:08:23 +0000] "GET /wp-content/plugins/elementor/assets/js/webpack.runtime.min.js?ver=3.29.1 HTTP/1.1" 200 2516 "https://time2cut.com/" "Mozilla/5.0 (Windows NT 10.0; Win64; x64) AppleWebKit/537.36 (KHTML, like Gecko) Chrome/134.0.0.0 YaBrowser/25.4.0.0 Safari/537.36"
54.153.103.11 - - [15/Jul/2025:19:08:18 +0000] "GET /wp-content/uploads/2025/05/imagetime2cut-1024x683.png HTTP/1.1" 200 1100678 "https://time2cut.com/" "Mozilla/5.0 (Windows NT 6.1; Win64; x64) AppleWebKit/537.36 (KHTML, like Gecko) Chrome/109.0.0.0 Safari/537.36 OPR/95.0.0.0"
216.73.216.57 - - [15/Jul/2025:19:08:23 +0000] "GET /special/2461343570.phtml HTTP/1.1" 404 13195 "-" "Mozilla/5.0 AppleWebKit/537.36 (KHTML, like Gecko; compatible; ClaudeBot/1.0; [email protected])"
94.233.19.52 - - [15/Jul/2025:19:08:23 +0000] "GET /wp-content/plugins/elementor/assets/js/frontend-modules.min.js?ver=3.29.1 HTTP/1.1" 200 14815 "https://time2cut.com/" "Mozilla/5.0 (Windows NT 10.0; Win64; x64) AppleWebKit/537.36 (KHTML, like Gecko) Chrome/134.0.0.0 YaBrowser/25.4.0.0 Safari/537.36"
54.153.103.11 - - [15/Jul/2025:19:08:24 +0000] "GET /wp-content/uploads/2025/05/Time2Cut-1.jpg HTTP/1.1" 200 122996 "https://time2cut.com/" "Mozilla/5.0 (Windows NT 6.1; Win64; x64) AppleWebKit/537.36 (KHTML, like Gecko) Chrome/109.0.0.0 Safari/537.36 OPR/95.0.0.0"
54.153.103.11 - - [15/Jul/2025:19:08:25 +0000] "GET /wp-content/uploads/2025/05/Time2Cut-2-1.jpg HTTP/1.1" 200 151324 "https://time2cut.com/" "Mozilla/5.0 (Windows NT 6.1; Win64; x64) AppleWebKit/537.36 (KHTML, like Gecko) Chrome/109.0.0.0 Safari/537.36 OPR/95.0.0.0"
54.153.103.11 - - [15/Jul/2025:19:08:26 +0000] "GET /wp-content/uploads/2025/05/ChatGPT-Image-May-7-2025-09_08_33-PM-1.png HTTP/1.1" 200 571336 "https://time2cut.com/" "Mozilla/5.0 (Windows NT 6.1; Win64; x64) AppleWebKit/537.36 (KHTML, like Gecko) Chrome/109.0.0.0 Safari/537.36 OPR/95.0.0.0"
216.73.216.57 - - [15/Jul/2025:19:08:26 +0000] "GET /special/2461260690.phtml HTTP/1.1" 404 13195 "-" "Mozilla/5.0 AppleWebKit/537.36 (KHTML, like Gecko; compatible; ClaudeBot/1.0; [email protected])"
54.153.103.11 - - [15/Jul/2025:19:08:22 +0000] "GET /wp-content/uploads/2025/05/Testi-2.jpg HTTP/1.1" 200 196711 "https://time2cut.com/" "Mozilla/5.0 (Windows NT 6.1; Win64; x64) AppleWebKit/537.36 (KHTML, like Gecko) Chrome/109.0.0.0 Safari/537.36 OPR/95.0.0.0"
54.153.103.11 - - [15/Jul/2025:19:08:21 +0000] "GET /wp-content/uploads/2025/05/testi-1.jpg HTTP/1.1" 200 187987 "https://time2cut.com/" "Mozilla/5.0 (Windows NT 6.1; Win64; x64) AppleWebKit/537.36 (KHTML, like Gecko) Chrome/109.0.0.0 Safari/537.36 OPR/95.0.0.0"
216.73.216.57 - - [15/Jul/2025:19:08:29 +0000] "GET /special/2461468436.phtml HTTP/1.1" 404 13195 "-" "Mozilla/5.0 AppleWebKit/537.36 (KHTML, like Gecko; compatible; ClaudeBot/1.0; [email protected])"
216.73.216.57 - - [15/Jul/2025:19:08:32 +0000] "GET /special/2461382062.phtml HTTP/1.1" 404 13195 "-" "Mozilla/5.0 AppleWebKit/537.36 (KHTML, like Gecko; compatible; ClaudeBot/1.0; [email protected])"
54.153.103.11 - - [15/Jul/2025:19:08:23 +0000] "GET /wp-content/uploads/2025/05/Testi-3.jpg HTTP/1.1" 200 123953 "https://time2cut.com/" "Mozilla/5.0 (Windows NT 6.1; Win64; x64) AppleWebKit/537.36 (KHTML, like Gecko) Chrome/109.0.0.0 Safari/537.36 OPR/95.0.0.0"
54.153.103.11 - - [15/Jul/2025:19:08:19 +0000] "GET /wp-content/uploads/2025/05/Pressure-Washings-1024x683.png HTTP/1.1" 200 1152460 "https://time2cut.com/" "Mozilla/5.0 (Windows NT 6.1; Win64; x64) AppleWebKit/537.36 (KHTML, like Gecko) Chrome/109.0.0.0 Safari/537.36 OPR/95.0.0.0"
216.73.216.57 - - [15/Jul/2025:19:08:35 +0000] "GET /special/2461373978.phtml HTTP/1.1" 404 13195 "-" "Mozilla/5.0 AppleWebKit/537.36 (KHTML, like Gecko; compatible; ClaudeBot/1.0; [email protected])"
31.56.240.146 - - [15/Jul/2025:19:08:46 +0000] "GET /wp-content/plugins/header-footer-elementor/inc/widgets-css/frontend.css?ver=2.3.2 HTTP/1.1" 200 8558 "https://time2cut.com/" "Mozilla/5.0 (X11; Linux x86_64; rv:137.0) Gecko/20100101 Firefox/137.0"
5.255.231.124 - - [15/Jul/2025:19:08:48 +0000] "GET /wp-content/uploads/2025/05/cropped-Asset-3-32x32.png HTTP/1.1" 200 537 "-" "Mozilla/5.0 (compatible; YandexImages/3.0; +http://yandex.com/bots)"
31.56.240.146 - - [15/Jul/2025:19:08:49 +0000] "GET /wp-content/plugins/elementor/assets/css/widget-divider.min.css?ver=3.29.1 HTTP/1.1" 200 771 "https://time2cut.com/" "Mozilla/5.0 (X11; Linux x86_64; rv:137.0) Gecko/20100101 Firefox/137.0"
5.255.231.49 - - [15/Jul/2025:19:08:50 +0000] "GET /wp-json/wp/v2/pages/212 HTTP/1.1" 200 1299 "-" "Mozilla/5.0 (compatible; YandexBot/3.0; +http://yandex.com/bots)"
213.180.203.244 - - [15/Jul/2025:19:08:50 +0000] "GET /wp-json/oembed/1.0/embed?url=https%3A%2F%2Ftime2cut.com%2Fquote%2F HTTP/1.1" 200 1020 "-" "Mozilla/5.0 (compatible; YandexBot/3.0; +http://yandex.com/bots)"
95.108.213.155 - - [15/Jul/2025:19:08:50 +0000] "GET /?p=212 HTTP/1.1" 301 - "-" "Mozilla/5.0 (compatible; YandexBot/3.0; +http://yandex.com/bots)"
95.108.213.250 - - [15/Jul/2025:19:08:50 +0000] "GET /wp-json/oembed/1.0/embed?url=https%3A%2F%2Ftime2cut.com%2Fquote%2F&format=xml HTTP/1.1" 200 1054 "-" "Mozilla/5.0 (compatible; YandexBot/3.0; +http://yandex.com/bots)"
95.108.213.124 - - [15/Jul/2025:19:08:51 +0000] "GET /quote/ HTTP/1.1" 200 13744 "-" "Mozilla/5.0 (compatible; YandexBot/3.0; +http://yandex.com/bots)"
31.56.240.146 - - [15/Jul/2025:19:08:53 +0000] "GET /wp-content/plugins/elementor/assets/css/widget-icon-list.min.css?ver=3.29.1 HTTP/1.1" 200 1069 "https://time2cut.com/" "Mozilla/5.0 (X11; Linux x86_64; rv:137.0) Gecko/20100101 Firefox/137.0"
216.73.216.57 - - [15/Jul/2025:19:08:54 +0000] "GET /special/2461135026.phtml HTTP/1.1" 404 13195 "-" "Mozilla/5.0 AppleWebKit/537.36 (KHTML, like Gecko; compatible; ClaudeBot/1.0; [email protected])"
31.56.240.146 - - [15/Jul/2025:19:08:56 +0000] "GET /wp-content/uploads/elementor/css/post-62.css?ver=1748531283 HTTP/1.1" 200 8396 "https://time2cut.com/" "Mozilla/5.0 (X11; Linux x86_64; rv:137.0) Gecko/20100101 Firefox/137.0"
216.73.216.57 - - [15/Jul/2025:19:08:57 +0000] "GET /special/2461315316.phtml HTTP/1.1" 404 13195 "-" "Mozilla/5.0 AppleWebKit/537.36 (KHTML, like Gecko; compatible; ClaudeBot/1.0; [email protected])"
31.56.240.146 - - [15/Jul/2025:19:09:00 +0000] "GET /wp-content/plugins/metform/public/assets/lib/cute-alert/style.css?ver=3.9.9 HTTP/1.1" 200 1225 "https://time2cut.com/" "Mozilla/5.0 (X11; Linux x86_64; rv:137.0) Gecko/20100101 Firefox/137.0"
216.73.216.57 - - [15/Jul/2025:19:09:00 +0000] "GET /special/2461399318.phtml HTTP/1.1" 404 13195 "-" "Mozilla/5.0 AppleWebKit/537.36 (KHTML, like Gecko; compatible; ClaudeBot/1.0; [email protected])"
31.56.240.146 - - [15/Jul/2025:19:09:02 +0000] "GET /wp-content/plugins/metform/public/assets/css/text-editor.css?ver=3.9.9 HTTP/1.1" 200 3545 "https://time2cut.com/" "Mozilla/5.0 (X11; Linux x86_64; rv:137.0) Gecko/20100101 Firefox/137.0"
216.73.216.57 - - [15/Jul/2025:19:09:03 +0000] "GET /special/2461221400.phtml HTTP/1.1" 404 13195 "-" "Mozilla/5.0 AppleWebKit/537.36 (KHTML, like Gecko; compatible; ClaudeBot/1.0; [email protected])"
31.56.240.146 - - [15/Jul/2025:19:09:05 +0000] "GET /wp-content/themes/hello-elementor/style.min.css?ver=3.4.0 HTTP/1.1" 200 1808 "https://time2cut.com/" "Mozilla/5.0 (X11; Linux x86_64; rv:137.0) Gecko/20100101 Firefox/137.0"
31.56.240.146 - - [15/Jul/2025:19:09:06 +0000] "GET /wp-content/plugins/elementor/assets/css/widget-image.min.css?ver=3.29.1 HTTP/1.1" 200 164 "https://time2cut.com/" "Mozilla/5.0 (X11; Linux x86_64; rv:137.0) Gecko/20100101 Firefox/137.0"
31.56.240.146 - - [15/Jul/2025:19:09:06 +0000] "GET /wp-content/themes/hello-elementor/header-footer.min.css?ver=3.4.0 HTTP/1.1" 200 1479 "https://time2cut.com/" "Mozilla/5.0 (X11; Linux x86_64; rv:137.0) Gecko/20100101 Firefox/137.0"
216.73.216.57 - - [15/Jul/2025:19:09:06 +0000] "GET /special/2461293602.phtml HTTP/1.1" 404 13195 "-" "Mozilla/5.0 AppleWebKit/537.36 (KHTML, like Gecko; compatible; ClaudeBot/1.0; [email protected])"
31.56.240.146 - - [15/Jul/2025:19:09:06 +0000] "GET /wp-content/themes/hello-elementor/theme.min.css?ver=3.4.0 HTTP/1.1" 200 1311 "https://time2cut.com/" "Mozilla/5.0 (X11; Linux x86_64; rv:137.0) Gecko/20100101 Firefox/137.0"
31.56.240.146 - - [15/Jul/2025:19:09:07 +0000] "GET /wp-content/plugins/elementor/assets/css/conditionals/apple-webkit.min.css?ver=3.29.1 HTTP/1.1" 200 557 "https://time2cut.com/" "Mozilla/5.0 (X11; Linux x86_64; rv:137.0) Gecko/20100101 Firefox/137.0"
31.56.240.146 - - [15/Jul/2025:19:09:07 +0000] "GET /wp-content/uploads/elementor/css/post-74.css?ver=1748531283 HTTP/1.1" 200 1579 "https://time2cut.com/" "Mozilla/5.0 (X11; Linux x86_64; rv:137.0) Gecko/20100101 Firefox/137.0"
31.56.240.146 - - [15/Jul/2025:19:09:09 +0000] "GET /wp-content/uploads/elementor/css/post-90.css?ver=1748531283 HTTP/1.1" 200 1951 "https://time2cut.com/" "Mozilla/5.0 (X11; Linux x86_64; rv:137.0) Gecko/20100101 Firefox/137.0"
31.56.240.146 - - [15/Jul/2025:19:09:09 +0000] "GET /wp-content/plugins/elementor/assets/css/widget-social-icons.min.css?ver=3.29.1 HTTP/1.1" 200 1170 "https://time2cut.com/" "Mozilla/5.0 (X11; Linux x86_64; rv:137.0) Gecko/20100101 Firefox/137.0"
216.73.216.57 - - [15/Jul/2025:19:09:09 +0000] "GET /special/2461768524.phtml HTTP/1.1" 404 13195 "-" "Mozilla/5.0 AppleWebKit/537.36 (KHTML, like Gecko; compatible; ClaudeBot/1.0; [email protected])"
31.56.240.146 - - [15/Jul/2025:19:09:09 +0000] "GET /wp-content/plugins/elementor/assets/lib/eicons/css/elementor-icons.min.css?ver=5.34.0 HTTP/1.1" 200 4342 "https://time2cut.com/" "Mozilla/5.0 (X11; Linux x86_64; rv:137.0) Gecko/20100101 Firefox/137.0"
31.56.240.146 - - [15/Jul/2025:19:09:10 +0000] "GET /wp-content/plugins/elementor/assets/css/widget-icon-list.min.css?ver=3.24.3 HTTP/1.1" 200 1069 "https://time2cut.com/" "Mozilla/5.0 (X11; Linux x86_64; rv:137.0) Gecko/20100101 Firefox/137.0"
31.56.240.146 - - [15/Jul/2025:19:09:12 +0000] "GET /wp-content/plugins/elementor/assets/lib/font-awesome/css/fontawesome.css?ver=5.15.3 HTTP/1.1" 200 13124 "https://time2cut.com/" "Mozilla/5.0 (X11; Linux x86_64; rv:137.0) Gecko/20100101 Firefox/137.0"
216.73.216.57 - - [15/Jul/2025:19:09:12 +0000] "GET /special/2461554268.phtml HTTP/1.1" 404 13195 "-" "Mozilla/5.0 AppleWebKit/537.36 (KHTML, like Gecko; compatible; ClaudeBot/1.0; [email protected])"
31.56.240.146 - - [15/Jul/2025:19:09:14 +0000] "GET /wp-content/plugins/elementor/assets/lib/font-awesome/css/brands.css?ver=5.15.3 HTTP/1.1" 200 322 "https://time2cut.com/" "Mozilla/5.0 (X11; Linux x86_64; rv:137.0) Gecko/20100101 Firefox/137.0"
31.56.240.146 - - [15/Jul/2025:19:09:14 +0000] "GET /wp-content/plugins/elementor-pro/assets/css/widget-blockquote.min.css?ver=3.25.0 HTTP/1.1" 200 1112 "https://time2cut.com/" "Mozilla/5.0 (X11; Linux x86_64; rv:137.0) Gecko/20100101 Firefox/137.0"
31.56.240.146 - - [15/Jul/2025:19:09:14 +0000] "GET /wp-content/plugins/elementor-pro/assets/css/widget-nav-menu.min.css?ver=3.26.0 HTTP/1.1" 200 3369 "https://time2cut.com/" "Mozilla/5.0 (X11; Linux x86_64; rv:137.0) Gecko/20100101 Firefox/137.0"
216.73.216.57 - - [15/Jul/2025:19:09:15 +0000] "GET /special/2461642536.phtml HTTP/1.1" 404 13195 "-" "Mozilla/5.0 AppleWebKit/537.36 (KHTML, like Gecko; compatible; ClaudeBot/1.0; [email protected])"
31.56.240.146 - - [15/Jul/2025:19:09:15 +0000] "GET /wp-content/plugins/elementskit-lite/widgets/init/assets/css/widget-styles.css?ver=3.5.2 HTTP/1.1" 200 51547 "https://time2cut.com/" "Mozilla/5.0 (X11; Linux x86_64; rv:137.0) Gecko/20100101 Firefox/137.0"
216.73.216.57 - - [15/Jul/2025:19:09:18 +0000] "GET /special/2461524440.phtml HTTP/1.1" 404 13195 "-" "Mozilla/5.0 AppleWebKit/537.36 (KHTML, like Gecko; compatible; ClaudeBot/1.0; [email protected])"
216.73.216.57 - - [15/Jul/2025:19:09:21 +0000] "GET /special/2461618898.phtml HTTP/1.1" 404 13195 "-" "Mozilla/5.0 AppleWebKit/537.36 (KHTML, like Gecko; compatible; ClaudeBot/1.0; [email protected])"
216.73.216.57 - - [15/Jul/2025:19:09:24 +0000] "GET /special/2461740812.phtml HTTP/1.1" 404 13195 "-" "Mozilla/5.0 AppleWebKit/537.36 (KHTML, like Gecko; compatible; ClaudeBot/1.0; [email protected])"
31.56.240.146 - - [15/Jul/2025:19:09:26 +0000] "GET /wp-content/plugins/elementor/assets/css/frontend.min.css?ver=3.29.1 HTTP/1.1" 200 7106 "https://time2cut.com/" "Mozilla/5.0 (X11; Linux x86_64; rv:137.0) Gecko/20100101 Firefox/137.0"
216.73.216.57 - - [15/Jul/2025:19:09:27 +0000] "GET /special/2461534060.phtml HTTP/1.1" 404 13195 "-" "Mozilla/5.0 AppleWebKit/537.36 (KHTML, like Gecko; compatible; ClaudeBot/1.0; [email protected])"
216.73.216.57 - - [15/Jul/2025:19:09:30 +0000] "GET /special/2461143396.phtml HTTP/1.1" 404 13195 "-" "Mozilla/5.0 AppleWebKit/537.36 (KHTML, like Gecko; compatible; ClaudeBot/1.0; [email protected])"
31.56.240.146 - - [15/Jul/2025:19:09:31 +0000] "GET /wp-content/plugins/elementskit-lite/widgets/init/assets/css/responsive.css?ver=3.5.2 HTTP/1.1" 200 3161 "https://time2cut.com/" "Mozilla/5.0 (X11; Linux x86_64; rv:137.0) Gecko/20100101 Firefox/137.0"
31.56.240.146 - - [15/Jul/2025:19:09:34 +0000] "GET /wp-content/uploads/elementor/google-fonts/css/roboto.css?ver=1746514088 HTTP/1.1" 200 2862 "https://time2cut.com/" "Mozilla/5.0 (X11; Linux x86_64; rv:137.0) Gecko/20100101 Firefox/137.0"
31.56.240.146 - - [15/Jul/2025:19:09:34 +0000] "GET /wp-content/plugins/elementskit-lite/modules/elementskit-icon-pack/assets/css/ekiticons.css?ver=3.5.2 HTTP/1.1" 200 13134 "https://time2cut.com/" "Mozilla/5.0 (X11; Linux x86_64; rv:137.0) Gecko/20100101 Firefox/137.0"
31.56.240.146 - - [15/Jul/2025:19:09:35 +0000] "GET /wp-content/plugins/jeg-elementor-kit/assets/fonts/jkiticon/jkiticon.css?ver=2.6.13 HTTP/1.1" 200 21477 "https://time2cut.com/" "Mozilla/5.0 (X11; Linux x86_64; rv:137.0) Gecko/20100101 Firefox/137.0"
31.56.240.146 - - [15/Jul/2025:19:09:36 +0000] "GET /wp-content/uploads/elementor/google-fonts/css/jost.css?ver=1746515287 HTTP/1.1" 200 732 "https://time2cut.com/" "Mozilla/5.0 (X11; Linux x86_64; rv:137.0) Gecko/20100101 Firefox/137.0"
31.56.240.146 - - [15/Jul/2025:19:09:37 +0000] "GET /wp-content/plugins/elementor/assets/css/widget-icon-box.min.css?ver=3.29.1 HTTP/1.1" 200 736 "https://time2cut.com/" "Mozilla/5.0 (X11; Linux x86_64; rv:137.0) Gecko/20100101 Firefox/137.0"
31.56.240.146 - - [15/Jul/2025:19:09:38 +0000] "GET /wp-content/plugins/elementor/assets/lib/swiper/v8/css/swiper.min.css?ver=8.4.5 HTTP/1.1" 200 4583 "https://time2cut.com/" "Mozilla/5.0 (X11; Linux x86_64; rv:137.0) Gecko/20100101 Firefox/137.0"
31.56.240.146 - - [15/Jul/2025:19:09:39 +0000] "GET /wp-content/plugins/elementor/assets/css/widget-social-icons.min.css?ver=3.24.0 HTTP/1.1" 200 1170 "https://time2cut.com/" "Mozilla/5.0 (X11; Linux x86_64; rv:137.0) Gecko/20100101 Firefox/137.0"
31.56.240.146 - - [15/Jul/2025:19:09:39 +0000] "GET /wp-includes/js/jquery/jquery.min.js?ver=3.7.1 HTTP/1.1" 200 30368 "https://time2cut.com/" "Mozilla/5.0 (X11; Linux x86_64; rv:137.0) Gecko/20100101 Firefox/137.0"
31.56.240.146 - - [15/Jul/2025:19:09:40 +0000] "GET /wp-includes/js/jquery/jquery-migrate.min.js?ver=3.4.1 HTTP/1.1" 200 4872 "https://time2cut.com/" "Mozilla/5.0 (X11; Linux x86_64; rv:137.0) Gecko/20100101 Firefox/137.0"
31.56.240.146 - - [15/Jul/2025:19:09:40 +0000] "GET /wp-content/plugins/elementor-pro/assets/css/widget-mega-menu.min.css?ver=3.26.2 HTTP/1.1" 200 2853 "https://time2cut.com/" "Mozilla/5.0 (X11; Linux x86_64; rv:137.0) Gecko/20100101 Firefox/137.0"
31.56.240.146 - - [15/Jul/2025:19:09:41 +0000] "GET /wp-content/uploads/2025/05/Accent12.png HTTP/1.1" 200 32517 "https://time2cut.com/" "Mozilla/5.0 (X11; Linux x86_64; rv:137.0) Gecko/20100101 Firefox/137.0"
31.56.240.146 - - [15/Jul/2025:19:09:41 +0000] "GET /wp-content/uploads/2025/05/logo-time2cut-1-1024x238.png HTTP/1.1" 200 23919 "https://time2cut.com/" "Mozilla/5.0 (X11; Linux x86_64; rv:137.0) Gecko/20100101 Firefox/137.0"
31.56.240.146 - - [15/Jul/2025:19:09:42 +0000] "GET /wp-content/uploads/elementor/google-fonts/fonts/roboto-kfo7cnqeu92fr1me7ksn66agldtyluama3yuba.woff2 HTTP/1.1" 200 40156 "https://time2cut.com/wp-content/uploads/elementor/google-fonts/css/roboto.css?ver=1746514088" "Mozilla/5.0 (X11; Linux x86_64; rv:137.0) Gecko/20100101 Firefox/137.0"
31.56.240.146 - - [15/Jul/2025:19:09:42 +0000] "GET /wp-content/uploads/elementor/google-fonts/fonts/jost-92zatbhpnqw73otd4g.woff2 HTTP/1.1" 200 26599 "https://time2cut.com/wp-content/uploads/elementor/google-fonts/css/jost.css?ver=1746515287" "Mozilla/5.0 (X11; Linux x86_64; rv:137.0) Gecko/20100101 Firefox/137.0"
31.56.240.146 - - [15/Jul/2025:19:09:41 +0000] "GET /wp-content/uploads/2025/05/Time2Cut-1-1024x681.jpg HTTP/1.1" 200 99680 "https://time2cut.com/" "Mozilla/5.0 (X11; Linux x86_64; rv:137.0) Gecko/20100101 Firefox/137.0"
31.56.240.146 - - [15/Jul/2025:19:09:44 +0000] "GET /wp-content/uploads/2025/05/Accent5-01.png HTTP/1.1" 200 75766 "https://time2cut.com/wp-content/uploads/elementor/css/post-62.css?ver=1748531283" "Mozilla/5.0 (X11; Linux x86_64; rv:137.0) Gecko/20100101 Firefox/137.0"
31.56.240.146 - - [15/Jul/2025:19:09:44 +0000] "GET /wp-content/plugins/elementskit-lite/modules/elementskit-icon-pack/assets/fonts/elementskit.woff?y24e1e HTTP/1.1" 200 251549 "https://time2cut.com/wp-content/plugins/elementskit-lite/modules/elementskit-icon-pack/assets/css/ekiticons.css?ver=3.5.2" "Mozilla/5.0 (X11; Linux x86_64; rv:137.0) Gecko/20100101 Firefox/137.0"
31.56.240.146 - - [15/Jul/2025:19:09:46 +0000] "GET /wp-content/plugins/jeg-elementor-kit/lib/jeg-framework/assets/css/jeg-dynamic-styles.css?ver=1.3.0 HTTP/1.1" 200 - "https://time2cut.com/" "Mozilla/5.0 (X11; Linux x86_64; rv:137.0) Gecko/20100101 Firefox/137.0"
31.56.240.146 - - [15/Jul/2025:19:09:47 +0000] "GET /wp-content/plugins/elementor/assets/lib/font-awesome/css/all.min.css?ver=3.29.1 HTTP/1.1" 200 12869 "https://time2cut.com/" "Mozilla/5.0 (X11; Linux x86_64; rv:137.0) Gecko/20100101 Firefox/137.0"
31.56.240.146 - - [15/Jul/2025:19:09:47 +0000] "GET /wp-content/plugins/elementor/assets/js/webpack.runtime.min.js?ver=3.29.1 HTTP/1.1" 200 2516 "https://time2cut.com/" "Mozilla/5.0 (X11; Linux x86_64; rv:137.0) Gecko/20100101 Firefox/137.0"
216.73.216.57 - - [15/Jul/2025:19:09:47 +0000] "GET /special/2461658926.phtml HTTP/1.1" 404 13195 "-" "Mozilla/5.0 AppleWebKit/537.36 (KHTML, like Gecko; compatible; ClaudeBot/1.0; [email protected])"
31.56.240.146 - - [15/Jul/2025:19:09:49 +0000] "GET /wp-content/plugins/elementor/assets/js/frontend-modules.min.js?ver=3.29.1 HTTP/1.1" 200 14815 "https://time2cut.com/" "Mozilla/5.0 (X11; Linux x86_64; rv:137.0) Gecko/20100101 Firefox/137.0"
31.56.240.146 - - [15/Jul/2025:19:09:44 +0000] "GET /wp-content/plugins/jeg-elementor-kit/assets/fonts/jkiticon/jkiticon.woff2?bv8d8l HTTP/1.1" 200 400162 "https://time2cut.com/wp-content/plugins/jeg-elementor-kit/assets/fonts/jkiticon/jkiticon.css?ver=2.6.13" "Mozilla/5.0 (X11; Linux x86_64; rv:137.0) Gecko/20100101 Firefox/137.0"
216.73.216.57 - - [15/Jul/2025:19:09:50 +0000] "GET /special/2461368044.phtml HTTP/1.1" 404 13195 "-" "Mozilla/5.0 AppleWebKit/537.36 (KHTML, like Gecko; compatible; ClaudeBot/1.0; [email protected])"
31.56.240.146 - - [15/Jul/2025:19:09:51 +0000] "GET /wp-includes/js/jquery/ui/core.min.js?ver=1.13.3 HTTP/1.1" 200 7106 "https://time2cut.com/" "Mozilla/5.0 (X11; Linux x86_64; rv:137.0) Gecko/20100101 Firefox/137.0"
31.56.240.146 - - [15/Jul/2025:19:09:51 +0000] "GET /wp-content/plugins/elementor/assets/js/frontend.min.js?ver=3.29.1 HTTP/1.1" 200 10595 "https://time2cut.com/" "Mozilla/5.0 (X11; Linux x86_64; rv:137.0) Gecko/20100101 Firefox/137.0"
31.56.240.146 - - [15/Jul/2025:19:09:52 +0000] "GET /wp-includes/js/mediaelement/mediaelement-and-player.min.js?ver=4.2.17 HTTP/1.1" 200 38789 "https://time2cut.com/" "Mozilla/5.0 (X11; Linux x86_64; rv:137.0) Gecko/20100101 Firefox/137.0"
31.56.240.146 - - [15/Jul/2025:19:09:52 +0000] "GET /wp-includes/js/mediaelement/mediaelement-migrate.min.js?ver=6.8.1 HTTP/1.1" 200 540 "https://time2cut.com/" "Mozilla/5.0 (X11; Linux x86_64; rv:137.0) Gecko/20100101 Firefox/137.0"
31.56.240.146 - - [15/Jul/2025:19:09:53 +0000] "GET /wp-content/plugins/elementor/assets/lib/swiper/v8/swiper.min.js?ver=8.4.5 HTTP/1.1" 200 39695 "https://time2cut.com/" "Mozilla/5.0 (X11; Linux x86_64; rv:137.0) Gecko/20100101 Firefox/137.0"
31.56.240.146 - - [15/Jul/2025:19:09:54 +0000] "GET /wp-includes/js/mediaelement/wp-mediaelement.min.js?ver=6.8.1 HTTP/1.1" 200 538 "https://time2cut.com/" "Mozilla/5.0 (X11; Linux x86_64; rv:137.0) Gecko/20100101 Firefox/137.0"
31.56.240.146 - - [15/Jul/2025:19:09:54 +0000] "GET /wp-content/plugins/metform/public/assets/lib/cute-alert/cute-alert.js?ver=3.9.9 HTTP/1.1" 200 1177 "https://time2cut.com/" "Mozilla/5.0 (X11; Linux x86_64; rv:137.0) Gecko/20100101 Firefox/137.0"
31.56.240.146 - - [15/Jul/2025:19:09:54 +0000] "GET /wp-content/plugins/header-footer-elementor/inc/js/frontend.js?ver=2.3.2 HTTP/1.1" 200 4163 "https://time2cut.com/" "Mozilla/5.0 (X11; Linux x86_64; rv:137.0) Gecko/20100101 Firefox/137.0"
31.56.240.146 - - [15/Jul/2025:19:09:55 +0000] "GET /wp-content/themes/hello-elementor/assets/js/hello-frontend.min.js?ver=3.4.0 HTTP/1.1" 200 598 "https://time2cut.com/" "Mozilla/5.0 (X11; Linux x86_64; rv:137.0) Gecko/20100101 Firefox/137.0"
31.56.240.146 - - [15/Jul/2025:19:09:55 +0000] "GET /wp-content/plugins/elementskit-lite/libs/framework/assets/js/frontend-script.js?ver=3.5.2 HTTP/1.1" 200 40 "https://time2cut.com/" "Mozilla/5.0 (X11; Linux x86_64; rv:137.0) Gecko/20100101 Firefox/137.0"
31.56.240.146 - - [15/Jul/2025:19:09:55 +0000] "GET /wp-content/plugins/jeg-elementor-kit/assets/js/chartjs/chart.min.js?ver=3.9.1 HTTP/1.1" 200 67630 "https://time2cut.com/" "Mozilla/5.0 (X11; Linux x86_64; rv:137.0) Gecko/20100101 Firefox/137.0"
31.56.240.146 - - [15/Jul/2025:19:09:55 +0000] "GET /wp-content/plugins/elementskit-lite/widgets/init/assets/js/widget-scripts.js?ver=3.5.2 HTTP/1.1" 200 41596 "https://time2cut.com/" "Mozilla/5.0 (X11; Linux x86_64; rv:137.0) Gecko/20100101 Firefox/137.0"
31.56.240.146 - - [15/Jul/2025:19:09:55 +0000] "GET /wp-content/plugins/jeg-elementor-kit/assets/js/elements/sticky-element.js?ver=2.6.13 HTTP/1.1" 200 1573 "https://time2cut.com/" "Mozilla/5.0 (X11; Linux x86_64; rv:137.0) Gecko/20100101 Firefox/137.0"
31.56.240.146 - - [15/Jul/2025:19:09:56 +0000] "GET /wp-content/plugins/elementor/assets/lib/font-awesome/js/v4-shims.min.js?ver=3.29.1 HTTP/1.1" 200 4209 "https://time2cut.com/" "Mozilla/5.0 (X11; Linux x86_64; rv:137.0) Gecko/20100101 Firefox/137.0"
216.73.216.57 - - [15/Jul/2025:19:09:56 +0000] "GET /special/2461741136.phtml HTTP/1.1" 404 13195 "-" "Mozilla/5.0 AppleWebKit/537.36 (KHTML, like Gecko; compatible; ClaudeBot/1.0; [email protected])"
31.56.240.146 - - [15/Jul/2025:19:09:56 +0000] "GET /wp-content/plugins/elementor-pro/assets/js/webpack-pro.runtime.min.js?ver=3.29.1 HTTP/1.1" 200 2855 "https://time2cut.com/" "Mozilla/5.0 (X11; Linux x86_64; rv:137.0) Gecko/20100101 Firefox/137.0"
31.56.240.146 - - [15/Jul/2025:19:09:56 +0000] "GET /wp-content/plugins/jeg-elementor-kit/assets/js/elements/pie-chart.js?ver=2.6.13 HTTP/1.1" 200 1423 "https://time2cut.com/" "Mozilla/5.0 (X11; Linux x86_64; rv:137.0) Gecko/20100101 Firefox/137.0"
31.56.240.146 - - [15/Jul/2025:19:09:56 +0000] "GET /wp-includes/js/dist/hooks.min.js?ver=4d63a3d491d11ffd8ac6 HTTP/1.1" 200 1648 "https://time2cut.com/" "Mozilla/5.0 (X11; Linux x86_64; rv:137.0) Gecko/20100101 Firefox/137.0"
31.56.240.146 - - [15/Jul/2025:19:09:56 +0000] "GET /wp-content/plugins/elementor/assets/lib/font-awesome/css/v4-shims.min.css?ver=3.29.1 HTTP/1.1" 200 4229 "https://time2cut.com/" "Mozilla/5.0 (X11; Linux x86_64; rv:137.0) Gecko/20100101 Firefox/137.0"
31.56.240.146 - - [15/Jul/2025:19:09:57 +0000] "GET /wp-includes/js/dist/i18n.min.js?ver=5e580eb46a90c2b997e6 HTTP/1.1" 200 3667 "https://time2cut.com/" "Mozilla/5.0 (X11; Linux x86_64; rv:137.0) Gecko/20100101 Firefox/137.0"
31.56.240.146 - - [15/Jul/2025:19:09:57 +0000] "GET /wp-content/plugins/elementor-pro/assets/js/frontend.min.js?ver=3.29.1 HTTP/1.1" 200 6511 "https://time2cut.com/" "Mozilla/5.0 (X11; Linux x86_64; rv:137.0) Gecko/20100101 Firefox/137.0"
31.56.240.146 - - [15/Jul/2025:19:09:57 +0000] "GET /wp-content/plugins/elementskit-lite/widgets/init/assets/js/animate-circle.min.js?ver=3.5.2 HTTP/1.1" 200 451 "https://time2cut.com/" "Mozilla/5.0 (X11; Linux x86_64; rv:137.0) Gecko/20100101 Firefox/137.0"
31.56.240.146 - - [15/Jul/2025:19:09:58 +0000] "GET /wp-content/plugins/elementor-pro/assets/js/elements-handlers.min.js?ver=3.29.1 HTTP/1.1" 200 10701 "https://time2cut.com/" "Mozilla/5.0 (X11; Linux x86_64; rv:137.0) Gecko/20100101 Firefox/137.0"
31.56.240.146 - - [15/Jul/2025:19:09:58 +0000] "GET /wp-content/plugins/elementskit-lite/widgets/init/assets/js/elementor.js?ver=3.5.2 HTTP/1.1" 200 5595 "https://time2cut.com/" "Mozilla/5.0 (X11; Linux x86_64; rv:137.0) Gecko/20100101 Firefox/137.0"
31.56.240.146 - - [15/Jul/2025:19:09:58 +0000] "GET /wp-content/plugins/elementor/assets/mask-shapes/custom.svg HTTP/1.1" 404 13195 "https://time2cut.com/wp-content/uploads/elementor/css/post-62.css?ver=1748531283" "Mozilla/5.0 (X11; Linux x86_64; rv:137.0) Gecko/20100101 Firefox/137.0"
31.56.240.146 - - [15/Jul/2025:19:09:58 +0000] "GET /wp-includes/js/wp-emoji-release.min.js?ver=6.8.1 HTTP/1.1" 200 5166 "https://time2cut.com/" "Mozilla/5.0 (X11; Linux x86_64; rv:137.0) Gecko/20100101 Firefox/137.0"
31.56.240.146 - - [15/Jul/2025:19:09:59 +0000] "GET /wp-content/plugins/elementor/assets/js/shared-frontend-handlers.30dc2f9c080845a413a6.bundle.min.js HTTP/1.1" 200 2682 "https://time2cut.com/" "Mozilla/5.0 (X11; Linux x86_64; rv:137.0) Gecko/20100101 Firefox/137.0"
31.56.240.146 - - [15/Jul/2025:19:09:59 +0000] "GET /wp-content/uploads/2025/05/Time2Cut-2-1-1024x681.jpg HTTP/1.1" 200 112064 "https://time2cut.com/" "Mozilla/5.0 (X11; Linux x86_64; rv:137.0) Gecko/20100101 Firefox/137.0"
216.73.216.57 - - [15/Jul/2025:19:09:59 +0000] "GET /special/2461570978.phtml HTTP/1.1" 404 13195 "-" "Mozilla/5.0 AppleWebKit/537.36 (KHTML, like Gecko; compatible; ClaudeBot/1.0; [email protected])"
31.56.240.146 - - [15/Jul/2025:19:09:59 +0000] "GET /wp-content/plugins/elementor/assets/js/text-editor.c084ef86600b6f11690d.bundle.min.js HTTP/1.1" 200 685 "https://time2cut.com/" "Mozilla/5.0 (X11; Linux x86_64; rv:137.0) Gecko/20100101 Firefox/137.0"
216.73.216.57 - - [15/Jul/2025:19:10:02 +0000] "GET /special/2461525690.phtml HTTP/1.1" 404 13195 "-" "Mozilla/5.0 AppleWebKit/537.36 (KHTML, like Gecko; compatible; ClaudeBot/1.0; [email protected])"
216.73.216.57 - - [15/Jul/2025:19:10:05 +0000] "GET /special/2461767658.phtml HTTP/1.1" 404 13195 "-" "Mozilla/5.0 AppleWebKit/537.36 (KHTML, like Gecko; compatible; ClaudeBot/1.0; [email protected])"
216.73.216.57 - - [15/Jul/2025:19:10:08 +0000] "GET /special/656881396.phtml HTTP/1.1" 404 13195 "-" "Mozilla/5.0 AppleWebKit/537.36 (KHTML, like Gecko; compatible; ClaudeBot/1.0; [email protected])"
31.56.240.146 - - [15/Jul/2025:19:10:02 +0000] "GET /wp-content/uploads/2025/05/Testi-2.jpg HTTP/1.1" 200 196711 "https://time2cut.com/" "Mozilla/5.0 (X11; Linux x86_64; rv:137.0) Gecko/20100101 Firefox/137.0"
216.73.216.57 - - [15/Jul/2025:19:10:11 +0000] "GET /special/657155888.phtml HTTP/1.1" 404 13195 "-" "Mozilla/5.0 AppleWebKit/537.36 (KHTML, like Gecko; compatible; ClaudeBot/1.0; [email protected])"
216.73.216.57 - - [15/Jul/2025:19:10:14 +0000] "GET /special/2461831776.phtml HTTP/1.1" 404 13195 "-" "Mozilla/5.0 AppleWebKit/537.36 (KHTML, like Gecko; compatible; ClaudeBot/1.0; [email protected])"
31.56.240.146 - - [15/Jul/2025:19:10:13 +0000] "GET /wp-content/uploads/2025/05/Testi-3.jpg HTTP/1.1" 200 123953 "https://time2cut.com/" "Mozilla/5.0 (X11; Linux x86_64; rv:137.0) Gecko/20100101 Firefox/137.0"
216.73.216.57 - - [15/Jul/2025:19:10:17 +0000] "GET /special/2461261684.phtml HTTP/1.1" 404 13195 "-" "Mozilla/5.0 AppleWebKit/537.36 (KHTML, like Gecko; compatible; ClaudeBot/1.0; [email protected])"
216.73.216.57 - - [15/Jul/2025:19:10:20 +0000] "GET /special/2461393384.phtml HTTP/1.1" 404 13195 "-" "Mozilla/5.0 AppleWebKit/537.36 (KHTML, like Gecko; compatible; ClaudeBot/1.0; [email protected])"
31.56.240.146 - - [15/Jul/2025:19:10:01 +0000] "GET /wp-content/uploads/2025/05/imagetime2cut-1024x683.png HTTP/1.1" 200 1100678 "https://time2cut.com/" "Mozilla/5.0 (X11; Linux x86_64; rv:137.0) Gecko/20100101 Firefox/137.0"
216.73.216.57 - - [15/Jul/2025:19:10:23 +0000] "GET /special/2461757202.phtml HTTP/1.1" 404 13195 "-" "Mozilla/5.0 AppleWebKit/537.36 (KHTML, like Gecko; compatible; ClaudeBot/1.0; [email protected])"
31.56.240.146 - - [15/Jul/2025:19:09:59 +0000] "GET /wp-content/uploads/2025/05/Pressure-Washings-1024x683.png HTTP/1.1" 200 1152460 "https://time2cut.com/" "Mozilla/5.0 (X11; Linux x86_64; rv:137.0) Gecko/20100101 Firefox/137.0"
31.56.240.146 - - [15/Jul/2025:19:10:21 +0000] "GET /wp-content/uploads/2025/05/testi-1.jpg HTTP/1.1" 200 187987 "https://time2cut.com/" "Mozilla/5.0 (X11; Linux x86_64; rv:137.0) Gecko/20100101 Firefox/137.0"
216.73.216.57 - - [15/Jul/2025:19:10:26 +0000] "GET /special/2461666626.phtml HTTP/1.1" 404 13195 "-" "Mozilla/5.0 AppleWebKit/537.36 (KHTML, like Gecko; compatible; ClaudeBot/1.0; [email protected])"
216.73.216.57 - - [15/Jul/2025:19:10:45 +0000] "GET /special/2461138264.phtml HTTP/1.1" 404 13195 "-" "Mozilla/5.0 AppleWebKit/537.36 (KHTML, like Gecko; compatible; ClaudeBot/1.0; [email protected])"
216.73.216.57 - - [15/Jul/2025:19:10:48 +0000] "GET /special/2461762658.phtml HTTP/1.1" 404 13195 "-" "Mozilla/5.0 AppleWebKit/537.36 (KHTML, like Gecko; compatible; ClaudeBot/1.0; [email protected])"
216.73.216.57 - - [15/Jul/2025:19:10:51 +0000] "GET /special/2461092716.phtml HTTP/1.1" 404 13195 "-" "Mozilla/5.0 AppleWebKit/537.36 (KHTML, like Gecko; compatible; ClaudeBot/1.0; [email protected])"
216.73.216.57 - - [15/Jul/2025:19:10:54 +0000] "GET /special/2461211844.phtml HTTP/1.1" 404 13195 "-" "Mozilla/5.0 AppleWebKit/537.36 (KHTML, like Gecko; compatible; ClaudeBot/1.0; [email protected])"
216.73.216.57 - - [15/Jul/2025:19:10:57 +0000] "GET /special/2461173804.phtml HTTP/1.1" 404 13195 "-" "Mozilla/5.0 AppleWebKit/537.36 (KHTML, like Gecko; compatible; ClaudeBot/1.0; [email protected])"
216.73.216.57 - - [15/Jul/2025:19:11:00 +0000] "GET /special/2461764036.phtml HTTP/1.1" 404 13195 "-" "Mozilla/5.0 AppleWebKit/537.36 (KHTML, like Gecko; compatible; ClaudeBot/1.0; [email protected])"
216.73.216.57 - - [15/Jul/2025:19:11:03 +0000] "GET /special/2461515298.phtml HTTP/1.1" 404 13195 "-" "Mozilla/5.0 AppleWebKit/537.36 (KHTML, like Gecko; compatible; ClaudeBot/1.0; [email protected])"
216.73.216.57 - - [15/Jul/2025:19:11:06 +0000] "GET /special/2461535506.phtml HTTP/1.1" 404 13195 "-" "Mozilla/5.0 AppleWebKit/537.36 (KHTML, like Gecko; compatible; ClaudeBot/1.0; [email protected])"
216.73.216.57 - - [15/Jul/2025:19:11:09 +0000] "GET /special/2461489958.phtml HTTP/1.1" 404 13195 "-" "Mozilla/5.0 AppleWebKit/537.36 (KHTML, like Gecko; compatible; ClaudeBot/1.0; [email protected])"
216.73.216.57 - - [15/Jul/2025:19:11:12 +0000] "GET /special/2461696966.phtml HTTP/1.1" 404 13195 "-" "Mozilla/5.0 AppleWebKit/537.36 (KHTML, like Gecko; compatible; ClaudeBot/1.0; [email protected])"
216.73.216.57 - - [15/Jul/2025:19:11:15 +0000] "GET /special/2461766152.phtml HTTP/1.1" 404 13195 "-" "Mozilla/5.0 AppleWebKit/537.36 (KHTML, like Gecko; compatible; ClaudeBot/1.0; [email protected])"
216.73.216.57 - - [15/Jul/2025:19:11:18 +0000] "GET /special/2461607576.phtml HTTP/1.1" 404 13195 "-" "Mozilla/5.0 AppleWebKit/537.36 (KHTML, like Gecko; compatible; ClaudeBot/1.0; [email protected])"
216.73.216.57 - - [15/Jul/2025:19:11:34 +0000] "GET /special/2461550450.phtml HTTP/1.1" 404 13195 "-" "Mozilla/5.0 AppleWebKit/537.36 (KHTML, like Gecko; compatible; ClaudeBot/1.0; [email protected])"
