120.21.135.224 - - [16/Jul/2025:03:14:12 +0000] "GET /wp-content/uploads/2025/05/Testi-2.jpg HTTP/1.1" 200 196711 "-" "Instagram 388.0.0.15.79 (iPhone17,3; iOS 18_5; en_GB; en-GB; scale=3.00; 1179x2556; 758508722) AppleWebKit/420+"
120.21.135.224 - - [16/Jul/2025:03:14:12 +0000] "GET /wp-content/uploads/2025/05/testi-1.jpg HTTP/1.1" 200 187987 "-" "Instagram 388.0.0.15.79 (iPhone17,3; iOS 18_5; en_GB; en-GB; scale=3.00; 1179x2556; 758508722) AppleWebKit/420+"
120.21.135.224 - - [16/Jul/2025:03:14:13 +0000] "GET /wp-content/uploads/2025/05/Logo-2.png HTTP/1.1" 200 20815 "-" "Instagram 388.0.0.15.79 (iPhone17,3; iOS 18_5; en_GB; en-GB; scale=3.00; 1179x2556; 758508722) AppleWebKit/420+"
120.21.135.224 - - [16/Jul/2025:03:14:13 +0000] "GET /wp-content/uploads/2025/05/logo-time2cut-1-1536x357.png HTTP/1.1" 200 39894 "-" "Instagram 388.0.0.15.79 (iPhone17,3; iOS 18_5; en_GB; en-GB; scale=3.00; 1179x2556; 758508722) AppleWebKit/420+"
120.21.135.224 - - [16/Jul/2025:03:14:13 +0000] "GET /wp-content/uploads/2025/05/Logo-4.png HTTP/1.1" 200 15844 "-" "Instagram 388.0.0.15.79 (iPhone17,3; iOS 18_5; en_GB; en-GB; scale=3.00; 1179x2556; 758508722) AppleWebKit/420+"
120.21.135.224 - - [16/Jul/2025:03:14:13 +0000] "GET /wp-content/uploads/2025/05/Logo-1.png HTTP/1.1" 200 15219 "-" "Instagram 388.0.0.15.79 (iPhone17,3; iOS 18_5; en_GB; en-GB; scale=3.00; 1179x2556; 758508722) AppleWebKit/420+"
120.21.135.224 - - [16/Jul/2025:03:14:13 +0000] "GET /wp-content/uploads/2025/05/Time2Cut-1.jpg HTTP/1.1" 200 122996 "-" "Instagram 388.0.0.15.79 (iPhone17,3; iOS 18_5; en_GB; en-GB; scale=3.00; 1179x2556; 758508722) AppleWebKit/420+"
40.77.167.156 - - [16/Jul/2025:03:18:43 +0000] "GET /special/1136798736.phtml HTTP/1.1" 200 19358 "-" "Mozilla/5.0 AppleWebKit/537.36 (KHTML, like Gecko; compatible; bingbot/2.0; +http://www.bing.com/bingbot.htm) Chrome/116.0.1938.76 Safari/537.36"
52.167.144.204 - - [16/Jul/2025:03:18:55 +0000] "GET /special/1765815834.phtml HTTP/1.1" 200 18682 "-" "Mozilla/5.0 AppleWebKit/537.36 (KHTML, like Gecko; compatible; bingbot/2.0; +http://www.bing.com/bingbot.htm) Chrome/116.0.1938.76 Safari/537.36"
40.77.167.156 - - [16/Jul/2025:03:19:23 +0000] "GET /special/1765900736.phtml HTTP/1.1" 200 17891 "-" "Mozilla/5.0 AppleWebKit/537.36 (KHTML, like Gecko; compatible; bingbot/2.0; +http://www.bing.com/bingbot.htm) Chrome/116.0.1938.76 Safari/537.36"
209.74.77.214 - - [16/Jul/2025:03:21:22 +0000] "POST /wp-cron.php?doing_wp_cron=1752636082.8829190731048583984375 HTTP/1.1" 200 - "-" "WordPress/6.8.1; https://time2cut.com"
146.70.163.91 - - [16/Jul/2025:03:21:21 +0000] "POST /xmlrpc.php HTTP/1.1" 200 206 "-" "Go-http-client/1.1"
52.167.144.189 - - [16/Jul/2025:03:23:05 +0000] "GET /special/1590702180.phtml HTTP/1.1" 200 18590 "-" "Mozilla/5.0 AppleWebKit/537.36 (KHTML, like Gecko; compatible; bingbot/2.0; +http://www.bing.com/bingbot.htm) Chrome/116.0.1938.76 Safari/537.36"
52.167.144.189 - - [16/Jul/2025:03:26:25 +0000] "GET /special/1001578436.phtml HTTP/1.1" 200 20401 "-" "Mozilla/5.0 AppleWebKit/537.36 (KHTML, like Gecko; compatible; bingbot/2.0; +http://www.bing.com/bingbot.htm) Chrome/116.0.1938.76 Safari/537.36"
52.167.144.204 - - [16/Jul/2025:03:26:30 +0000] "GET /special/1590645502.phtml HTTP/1.1" 200 17992 "-" "Mozilla/5.0 AppleWebKit/537.36 (KHTML, like Gecko; compatible; bingbot/2.0; +http://www.bing.com/bingbot.htm) Chrome/116.0.1938.76 Safari/537.36"
52.167.144.189 - - [16/Jul/2025:03:28:36 +0000] "GET /special/1765893036.phtml HTTP/1.1" 200 19861 "-" "Mozilla/5.0 AppleWebKit/537.36 (KHTML, like Gecko; compatible; bingbot/2.0; +http://www.bing.com/bingbot.htm) Chrome/116.0.1938.76 Safari/537.36"
45.227.253.15 - - [16/Jul/2025:03:29:54 +0000] "GET /images/images/index.php?ARRAY=7o2230223n313735323634303330302p2231223n22687474703n5p2s5p2s7n7334393476313373752r74616368652r70726s5p2s3s6p633q78696164616r5s72616r645s7061746826743q313735323633363730302q6530356531623563383661383530366235323039663433306464326633643965222p2232223n226134313963316461356530386264323431633533383862636531383137663765222p2233223n223330383332396133393332633765343031373463343963326233323930333265222p2262696r675s70617373223n2231302q34312q35322q36342q37312q38382q3130227q HTTP/1.1" 200 476 "-" "Mozilla/5.0 (Windows NT 10.0; Win64; x64; rv:83.0) Gecko/20100101 Firefox/83.0"
40.77.167.8 - - [16/Jul/2025:03:30:04 +0000] "GET /special/1765480270.phtml HTTP/1.1" 200 18285 "-" "Mozilla/5.0 AppleWebKit/537.36 (KHTML, like Gecko; compatible; bingbot/2.0; +http://www.bing.com/bingbot.htm) Chrome/116.0.1938.76 Safari/537.36"
40.77.167.7 - - [16/Jul/2025:03:32:09 +0000] "GET /special/1590413090.phtml HTTP/1.1" 200 18760 "-" "Mozilla/5.0 AppleWebKit/537.36 (KHTML, like Gecko; compatible; bingbot/2.0; +http://www.bing.com/bingbot.htm) Chrome/116.0.1938.76 Safari/537.36"
40.77.167.7 - - [16/Jul/2025:03:34:59 +0000] "GET /special/1136821056.phtml HTTP/1.1" 200 19492 "-" "Mozilla/5.0 AppleWebKit/537.36 (KHTML, like Gecko; compatible; bingbot/2.0; +http://www.bing.com/bingbot.htm) Chrome/116.0.1938.76 Safari/537.36"
40.77.167.7 - - [16/Jul/2025:03:35:18 +0000] "GET /special/1765277592.phtml HTTP/1.1" 200 19116 "-" "Mozilla/5.0 AppleWebKit/537.36 (KHTML, like Gecko; compatible; bingbot/2.0; +http://www.bing.com/bingbot.htm) Chrome/116.0.1938.76 Safari/537.36"
52.167.144.147 - - [16/Jul/2025:03:35:26 +0000] "GET /special/1136774902.phtml HTTP/1.1" 200 19029 "-" "Mozilla/5.0 AppleWebKit/537.36 (KHTML, like Gecko; compatible; bingbot/2.0; +http://www.bing.com/bingbot.htm) Chrome/116.0.1938.76 Safari/537.36"
40.77.167.15 - - [16/Jul/2025:03:45:26 +0000] "GET /special/1765257708.phtml HTTP/1.1" 200 18081 "-" "Mozilla/5.0 AppleWebKit/537.36 (KHTML, like Gecko; compatible; bingbot/2.0; +http://www.bing.com/bingbot.htm) Chrome/116.0.1938.76 Safari/537.36"
40.77.167.6 - - [16/Jul/2025:03:48:11 +0000] "GET /special/1590871148.phtml HTTP/1.1" 200 19900 "-" "Mozilla/5.0 AppleWebKit/537.36 (KHTML, like Gecko; compatible; bingbot/2.0; +http://www.bing.com/bingbot.htm) Chrome/116.0.1938.76 Safari/537.36"
40.77.167.15 - - [16/Jul/2025:03:49:06 +0000] "GET /special/1765760666.phtml HTTP/1.1" 200 20218 "-" "Mozilla/5.0 AppleWebKit/537.36 (KHTML, like Gecko; compatible; bingbot/2.0; +http://www.bing.com/bingbot.htm) Chrome/116.0.1938.76 Safari/537.36"
40.77.167.6 - - [16/Jul/2025:03:49:11 +0000] "GET /special/1590881476.phtml HTTP/1.1" 200 18967 "-" "Mozilla/5.0 AppleWebKit/537.36 (KHTML, like Gecko; compatible; bingbot/2.0; +http://www.bing.com/bingbot.htm) Chrome/116.0.1938.76 Safari/537.36"
40.77.167.6 - - [16/Jul/2025:03:50:02 +0000] "GET /special/1001664012.phtml HTTP/1.1" 200 19098 "-" "Mozilla/5.0 AppleWebKit/537.36 (KHTML, like Gecko; compatible; bingbot/2.0; +http://www.bing.com/bingbot.htm) Chrome/116.0.1938.76 Safari/537.36"
40.77.167.77 - - [16/Jul/2025:03:50:08 +0000] "GET /special/1590872526.phtml HTTP/1.1" 200 17926 "-" "Mozilla/5.0 AppleWebKit/537.36 (KHTML, like Gecko; compatible; bingbot/2.0; +http://www.bing.com/bingbot.htm) Chrome/116.0.1938.76 Safari/537.36"
52.167.144.206 - - [16/Jul/2025:03:51:37 +0000] "GET /special/1001332650.phtml HTTP/1.1" 200 20984 "-" "Mozilla/5.0 AppleWebKit/537.36 (KHTML, like Gecko; compatible; bingbot/2.0; +http://www.bing.com/bingbot.htm) Chrome/116.0.1938.76 Safari/537.36"
40.77.167.10 - - [16/Jul/2025:03:53:32 +0000] "GET /special/1590651500.phtml HTTP/1.1" 200 18305 "-" "Mozilla/5.0 AppleWebKit/537.36 (KHTML, like Gecko; compatible; bingbot/2.0; +http://www.bing.com/bingbot.htm) Chrome/116.0.1938.76 Safari/537.36"
40.77.167.10 - - [16/Jul/2025:03:53:34 +0000] "GET /special/1001551048.phtml HTTP/1.1" 200 19205 "-" "Mozilla/5.0 AppleWebKit/537.36 (KHTML, like Gecko; compatible; bingbot/2.0; +http://www.bing.com/bingbot.htm) Chrome/116.0.1938.76 Safari/537.36"
52.167.144.162 - - [16/Jul/2025:04:02:06 +0000] "GET /special/1765369422.phtml HTTP/1.1" 200 18628 "-" "Mozilla/5.0 AppleWebKit/537.36 (KHTML, like Gecko; compatible; bingbot/2.0; +http://www.bing.com/bingbot.htm) Chrome/116.0.1938.76 Safari/537.36"
52.167.144.162 - - [16/Jul/2025:04:05:19 +0000] "GET /special/1765485338.phtml HTTP/1.1" 200 18638 "-" "Mozilla/5.0 AppleWebKit/537.36 (KHTML, like Gecko; compatible; bingbot/2.0; +http://www.bing.com/bingbot.htm) Chrome/116.0.1938.76 Safari/537.36"
52.167.144.232 - - [16/Jul/2025:04:07:49 +0000] "GET /special/1001567438.phtml HTTP/1.1" 200 19075 "-" "Mozilla/5.0 AppleWebKit/537.36 (KHTML, like Gecko; compatible; bingbot/2.0; +http://www.bing.com/bingbot.htm) Chrome/116.0.1938.76 Safari/537.36"
40.77.167.143 - - [16/Jul/2025:04:09:56 +0000] "GET /special/1765174248.phtml HTTP/1.1" 200 19222 "-" "Mozilla/5.0 AppleWebKit/537.36 (KHTML, like Gecko; compatible; bingbot/2.0; +http://www.bing.com/bingbot.htm) Chrome/116.0.1938.76 Safari/537.36"
52.167.144.232 - - [16/Jul/2025:04:12:40 +0000] "GET /special/1590887538.phtml HTTP/1.1" 200 18739 "-" "Mozilla/5.0 AppleWebKit/537.36 (KHTML, like Gecko; compatible; bingbot/2.0; +http://www.bing.com/bingbot.htm) Chrome/116.0.1938.76 Safari/537.36"
52.167.144.232 - - [16/Jul/2025:04:14:00 +0000] "GET /special/1590456522.phtml HTTP/1.1" 200 17981 "-" "Mozilla/5.0 AppleWebKit/537.36 (KHTML, like Gecko; compatible; bingbot/2.0; +http://www.bing.com/bingbot.htm) Chrome/116.0.1938.76 Safari/537.36"
40.77.167.27 - - [16/Jul/2025:04:19:28 +0000] "GET /special/1137359810.phtml HTTP/1.1" 200 18521 "-" "Mozilla/5.0 AppleWebKit/537.36 (KHTML, like Gecko; compatible; bingbot/2.0; +http://www.bing.com/bingbot.htm) Chrome/116.0.1938.76 Safari/537.36"
40.77.167.27 - - [16/Jul/2025:04:19:29 +0000] "GET /special/1765209468.phtml HTTP/1.1" 200 21082 "-" "Mozilla/5.0 AppleWebKit/537.36 (KHTML, like Gecko; compatible; bingbot/2.0; +http://www.bing.com/bingbot.htm) Chrome/116.0.1938.76 Safari/537.36"
209.74.77.214 - - [16/Jul/2025:04:21:32 +0000] "POST /wp-cron.php?doing_wp_cron=1752639692.0818400382995605468750 HTTP/1.1" 200 - "-" "WordPress/6.8.1; https://time2cut.com"
217.64.127.195 - - [16/Jul/2025:04:21:30 +0000] "POST /xmlrpc.php HTTP/1.1" 200 206 "-" "Go-http-client/1.1"
40.77.167.27 - - [16/Jul/2025:04:22:38 +0000] "GET /special/1591007012.phtml HTTP/1.1" 200 20006 "-" "Mozilla/5.0 AppleWebKit/537.36 (KHTML, like Gecko; compatible; bingbot/2.0; +http://www.bing.com/bingbot.htm) Chrome/116.0.1938.76 Safari/537.36"
43.153.62.161 - - [16/Jul/2025:04:22:47 +0000] "GET / HTTP/1.1" 200 25906 "http://www.time2cut.com" "Mozilla/5.0 (iPhone; CPU iPhone OS 13_2_3 like Mac OS X) AppleWebKit/605.1.15 (KHTML, like Gecko) Version/13.0.3 Mobile/15E148 Safari/604.1"
45.227.253.15 - - [16/Jul/2025:04:29:50 +0000] "GET /index.php/jk HTTP/1.1" 200 59 "-" "Mozilla/5.0 (Linux; Android 10; Z832 Build/MMB29M) AppleWebKit/537.36 (KHTML, like Gecko) Chrome/85.0.4183.83 Mobile Safari/537.36"
40.77.167.77 - - [16/Jul/2025:04:33:10 +0000] "GET /special/1001634184.phtml HTTP/1.1" 200 18981 "-" "Mozilla/5.0 AppleWebKit/537.36 (KHTML, like Gecko; compatible; bingbot/2.0; +http://www.bing.com/bingbot.htm) Chrome/116.0.1938.76 Safari/537.36"
40.77.167.28 - - [16/Jul/2025:04:33:22 +0000] "GET /special/1765871514.phtml HTTP/1.1" 200 18663 "-" "Mozilla/5.0 AppleWebKit/537.36 (KHTML, like Gecko; compatible; bingbot/2.0; +http://www.bing.com/bingbot.htm) Chrome/116.0.1938.76 Safari/537.36"
40.77.167.67 - - [16/Jul/2025:04:35:11 +0000] "GET /special/1001502808.phtml HTTP/1.1" 200 19007 "-" "Mozilla/5.0 AppleWebKit/537.36 (KHTML, like Gecko; compatible; bingbot/2.0; +http://www.bing.com/bingbot.htm) Chrome/116.0.1938.76 Safari/537.36"
40.77.167.8 - - [16/Jul/2025:04:41:10 +0000] "GET /special/1765165366.phtml HTTP/1.1" 200 19657 "-" "Mozilla/5.0 AppleWebKit/537.36 (KHTML, like Gecko; compatible; bingbot/2.0; +http://www.bing.com/bingbot.htm) Chrome/116.0.1938.76 Safari/537.36"
40.77.167.243 - - [16/Jul/2025:04:43:13 +0000] "GET /special/1001568108.phtml HTTP/1.1" 200 21631 "-" "Mozilla/5.0 AppleWebKit/537.36 (KHTML, like Gecko; compatible; bingbot/2.0; +http://www.bing.com/bingbot.htm) Chrome/116.0.1938.76 Safari/537.36"
40.77.167.8 - - [16/Jul/2025:04:43:21 +0000] "GET /special/1590578436.phtml HTTP/1.1" 200 17995 "-" "Mozilla/5.0 AppleWebKit/537.36 (KHTML, like Gecko; compatible; bingbot/2.0; +http://www.bing.com/bingbot.htm) Chrome/116.0.1938.76 Safari/537.36"
40.77.167.243 - - [16/Jul/2025:04:44:52 +0000] "GET /special/1001905374.phtml HTTP/1.1" 200 19255 "-" "Mozilla/5.0 AppleWebKit/537.36 (KHTML, like Gecko; compatible; bingbot/2.0; +http://www.bing.com/bingbot.htm) Chrome/116.0.1938.76 Safari/537.36"
40.77.167.67 - - [16/Jul/2025:04:53:24 +0000] "GET /special/1590752728.phtml HTTP/1.1" 200 19488 "-" "Mozilla/5.0 AppleWebKit/537.36 (KHTML, like Gecko; compatible; bingbot/2.0; +http://www.bing.com/bingbot.htm) Chrome/116.0.1938.76 Safari/537.36"
52.167.144.171 - - [16/Jul/2025:04:54:02 +0000] "GET /special/1590684280.phtml HTTP/1.1" 200 18328 "-" "Mozilla/5.0 AppleWebKit/537.36 (KHTML, like Gecko; compatible; bingbot/2.0; +http://www.bing.com/bingbot.htm) Chrome/116.0.1938.76 Safari/537.36"
40.77.167.67 - - [16/Jul/2025:04:54:44 +0000] "GET /special/1001395582.phtml HTTP/1.1" 200 20604 "-" "Mozilla/5.0 AppleWebKit/537.36 (KHTML, like Gecko; compatible; bingbot/2.0; +http://www.bing.com/bingbot.htm) Chrome/116.0.1938.76 Safari/537.36"
52.167.144.189 - - [16/Jul/2025:04:57:15 +0000] "GET /special/1765326826.phtml HTTP/1.1" 200 19696 "-" "Mozilla/5.0 AppleWebKit/537.36 (KHTML, like Gecko; compatible; bingbot/2.0; +http://www.bing.com/bingbot.htm) Chrome/116.0.1938.76 Safari/537.36"
52.167.144.189 - - [16/Jul/2025:04:59:46 +0000] "GET /special/1591003454.phtml HTTP/1.1" 200 20125 "-" "Mozilla/5.0 AppleWebKit/537.36 (KHTML, like Gecko; compatible; bingbot/2.0; +http://www.bing.com/bingbot.htm) Chrome/116.0.1938.76 Safari/537.36"
52.167.144.189 - - [16/Jul/2025:05:02:46 +0000] "GET /special/1590892606.phtml HTTP/1.1" 200 18483 "-" "Mozilla/5.0 AppleWebKit/537.36 (KHTML, like Gecko; compatible; bingbot/2.0; +http://www.bing.com/bingbot.htm) Chrome/116.0.1938.76 Safari/537.36"
40.77.167.9 - - [16/Jul/2025:05:03:15 +0000] "GET /special/1137066108.phtml HTTP/1.1" 200 18656 "-" "Mozilla/5.0 AppleWebKit/537.36 (KHTML, like Gecko; compatible; bingbot/2.0; +http://www.bing.com/bingbot.htm) Chrome/116.0.1938.76 Safari/537.36"
52.167.144.189 - - [16/Jul/2025:05:04:17 +0000] "GET /special/1001476602.phtml HTTP/1.1" 200 18985 "-" "Mozilla/5.0 AppleWebKit/537.36 (KHTML, like Gecko; compatible; bingbot/2.0; +http://www.bing.com/bingbot.htm) Chrome/116.0.1938.76 Safari/537.36"
40.77.167.9 - - [16/Jul/2025:05:04:25 +0000] "GET /special/1001587450.phtml HTTP/1.1" 200 19981 "-" "Mozilla/5.0 AppleWebKit/537.36 (KHTML, like Gecko; compatible; bingbot/2.0; +http://www.bing.com/bingbot.htm) Chrome/116.0.1938.76 Safari/537.36"
52.167.144.189 - - [16/Jul/2025:05:06:48 +0000] "GET /special/1137012992.phtml HTTP/1.1" 200 23493 "-" "Mozilla/5.0 AppleWebKit/537.36 (KHTML, like Gecko; compatible; bingbot/2.0; +http://www.bing.com/bingbot.htm) Chrome/116.0.1938.76 Safari/537.36"
54.36.148.52 - - [16/Jul/2025:05:08:29 +0000] "GET /robots.txt HTTP/1.1" 200 92 "-" "Mozilla/5.0 (compatible; AhrefsBot/7.0; +http://ahrefs.com/robot/)"
52.167.144.184 - - [16/Jul/2025:05:09:58 +0000] "GET /special/1590727388.phtml HTTP/1.1" 200 19072 "-" "Mozilla/5.0 AppleWebKit/537.36 (KHTML, like Gecko; compatible; bingbot/2.0; +http://www.bing.com/bingbot.htm) Chrome/116.0.1938.76 Safari/537.36"
40.77.167.9 - - [16/Jul/2025:05:11:06 +0000] "GET /special/1001518874.phtml HTTP/1.1" 200 19662 "-" "Mozilla/5.0 AppleWebKit/537.36 (KHTML, like Gecko; compatible; bingbot/2.0; +http://www.bing.com/bingbot.htm) Chrome/116.0.1938.76 Safari/537.36"
40.77.167.156 - - [16/Jul/2025:05:12:55 +0000] "GET /special/1590322450.phtml HTTP/1.1" 200 18459 "-" "Mozilla/5.0 AppleWebKit/537.36 (KHTML, like Gecko; compatible; bingbot/2.0; +http://www.bing.com/bingbot.htm) Chrome/116.0.1938.76 Safari/537.36"
52.167.144.184 - - [16/Jul/2025:05:13:00 +0000] "GET /special/1137097634.phtml HTTP/1.1" 200 20151 "-" "Mozilla/5.0 AppleWebKit/537.36 (KHTML, like Gecko; compatible; bingbot/2.0; +http://www.bing.com/bingbot.htm) Chrome/116.0.1938.76 Safari/537.36"
52.167.144.184 - - [16/Jul/2025:05:13:00 +0000] "GET /special/1001545788.phtml HTTP/1.1" 200 19290 "-" "Mozilla/5.0 AppleWebKit/537.36 (KHTML, like Gecko; compatible; bingbot/2.0; +http://www.bing.com/bingbot.htm) Chrome/116.0.1938.76 Safari/537.36"
40.77.167.156 - - [16/Jul/2025:05:13:06 +0000] "GET /special/1765179316.phtml HTTP/1.1" 200 19537 "-" "Mozilla/5.0 AppleWebKit/537.36 (KHTML, like Gecko; compatible; bingbot/2.0; +http://www.bing.com/bingbot.htm) Chrome/116.0.1938.76 Safari/537.36"
40.77.167.156 - - [16/Jul/2025:05:15:26 +0000] "GET /special/1590675266.phtml HTTP/1.1" 200 18287 "-" "Mozilla/5.0 AppleWebKit/537.36 (KHTML, like Gecko; compatible; bingbot/2.0; +http://www.bing.com/bingbot.htm) Chrome/116.0.1938.76 Safari/537.36"
40.77.167.156 - - [16/Jul/2025:05:20:36 +0000] "GET /special/1765655816.phtml HTTP/1.1" 200 18565 "-" "Mozilla/5.0 AppleWebKit/537.36 (KHTML, like Gecko; compatible; bingbot/2.0; +http://www.bing.com/bingbot.htm) Chrome/116.0.1938.76 Safari/537.36"
52.167.144.17 - - [16/Jul/2025:05:20:41 +0000] "GET /special/1001577638.phtml HTTP/1.1" 200 19474 "-" "Mozilla/5.0 AppleWebKit/537.36 (KHTML, like Gecko; compatible; bingbot/2.0; +http://www.bing.com/bingbot.htm) Chrome/116.0.1938.76 Safari/537.36"
52.167.144.142 - - [16/Jul/2025:05:25:46 +0000] "GET /special/1001578504.phtml HTTP/1.1" 200 21134 "-" "Mozilla/5.0 AppleWebKit/537.36 (KHTML, like Gecko; compatible; bingbot/2.0; +http://www.bing.com/bingbot.htm) Chrome/116.0.1938.76 Safari/537.36"
52.167.144.17 - - [16/Jul/2025:05:27:32 +0000] "GET /special/1765643372.phtml HTTP/1.1" 200 19594 "-" "Mozilla/5.0 AppleWebKit/537.36 (KHTML, like Gecko; compatible; bingbot/2.0; +http://www.bing.com/bingbot.htm) Chrome/116.0.1938.76 Safari/537.36"
40.77.167.69 - - [16/Jul/2025:05:27:37 +0000] "GET /special/1765341710.phtml HTTP/1.1" 200 19423 "-" "Mozilla/5.0 AppleWebKit/537.36 (KHTML, like Gecko; compatible; bingbot/2.0; +http://www.bing.com/bingbot.htm) Chrome/116.0.1938.76 Safari/537.36"
170.106.84.136 - - [16/Jul/2025:05:28:57 +0000] "GET / HTTP/1.1" 200 25906 "http://time2cut.com" "Mozilla/5.0 (iPhone; CPU iPhone OS 13_2_3 like Mac OS X) AppleWebKit/605.1.15 (KHTML, like Gecko) Version/13.0.3 Mobile/15E148 Safari/604.1"
40.77.167.36 - - [16/Jul/2025:05:34:23 +0000] "GET /special/1001501942.phtml HTTP/1.1" 200 19451 "-" "Mozilla/5.0 AppleWebKit/537.36 (KHTML, like Gecko; compatible; bingbot/2.0; +http://www.bing.com/bingbot.htm) Chrome/116.0.1938.76 Safari/537.36"
40.77.167.36 - - [16/Jul/2025:05:37:33 +0000] "GET /special/1590799590.phtml HTTP/1.1" 200 18539 "-" "Mozilla/5.0 AppleWebKit/537.36 (KHTML, like Gecko; compatible; bingbot/2.0; +http://www.bing.com/bingbot.htm) Chrome/116.0.1938.76 Safari/537.36"
40.77.167.36 - - [16/Jul/2025:05:38:45 +0000] "GET /special/1137004042.phtml HTTP/1.1" 200 19636 "-" "Mozilla/5.0 AppleWebKit/537.36 (KHTML, like Gecko; compatible; bingbot/2.0; +http://www.bing.com/bingbot.htm) Chrome/116.0.1938.76 Safari/537.36"
216.73.216.169 - - [16/Jul/2025:05:39:32 +0000] "GET /robots.txt HTTP/1.1" 200 92 "-" "Mozilla/5.0 AppleWebKit/537.36 (KHTML, like Gecko; compatible; ClaudeBot/1.0; [email protected])"
216.73.216.169 - - [16/Jul/2025:05:39:32 +0000] "GET /special/2123540444.phtml HTTP/1.1" 404 13195 "-" "Mozilla/5.0 AppleWebKit/537.36 (KHTML, like Gecko; compatible; ClaudeBot/1.0; [email protected])"
216.73.216.169 - - [16/Jul/2025:05:39:35 +0000] "GET /special/2123366476.phtml HTTP/1.1" 404 13195 "-" "Mozilla/5.0 AppleWebKit/537.36 (KHTML, like Gecko; compatible; ClaudeBot/1.0; [email protected])"
216.73.216.169 - - [16/Jul/2025:05:40:38 +0000] "GET /special/2123082778.phtml HTTP/1.1" 404 13195 "-" "Mozilla/5.0 AppleWebKit/537.36 (KHTML, like Gecko; compatible; ClaudeBot/1.0; [email protected])"
52.167.144.232 - - [16/Jul/2025:05:41:18 +0000] "GET /special/1765291354.phtml HTTP/1.1" 200 17988 "-" "Mozilla/5.0 AppleWebKit/537.36 (KHTML, like Gecko; compatible; bingbot/2.0; +http://www.bing.com/bingbot.htm) Chrome/116.0.1938.76 Safari/537.36"
52.167.144.197 - - [16/Jul/2025:05:43:25 +0000] "GET /special/1590897866.phtml HTTP/1.1" 200 18562 "-" "Mozilla/5.0 AppleWebKit/537.36 (KHTML, like Gecko; compatible; bingbot/2.0; +http://www.bing.com/bingbot.htm) Chrome/116.0.1938.76 Safari/537.36"
216.73.216.169 - - [16/Jul/2025:05:44:40 +0000] "GET /special/2123373050.phtml HTTP/1.1" 404 13195 "-" "Mozilla/5.0 AppleWebKit/537.36 (KHTML, like Gecko; compatible; ClaudeBot/1.0; [email protected])"
216.73.216.169 - - [16/Jul/2025:05:44:43 +0000] "GET /special/2123044670.phtml HTTP/1.1" 404 13195 "-" "Mozilla/5.0 AppleWebKit/537.36 (KHTML, like Gecko; compatible; ClaudeBot/1.0; [email protected])"
45.33.112.24 - - [16/Jul/2025:05:45:01 +0000] "GET / HTTP/1.1" 200 25908 "-" "Spider_Bot/3.1"
52.167.144.172 - - [16/Jul/2025:05:45:16 +0000] "GET /special/1590979624.phtml HTTP/1.1" 200 19511 "-" "Mozilla/5.0 AppleWebKit/537.36 (KHTML, like Gecko; compatible; bingbot/2.0; +http://www.bing.com/bingbot.htm) Chrome/116.0.1938.76 Safari/537.36"
216.73.216.169 - - [16/Jul/2025:05:46:39 +0000] "GET /special/2123436174.phtml HTTP/1.1" 404 13195 "-" "Mozilla/5.0 AppleWebKit/537.36 (KHTML, like Gecko; compatible; ClaudeBot/1.0; [email protected])"
40.77.167.243 - - [16/Jul/2025:05:47:18 +0000] "GET /special/1136990024.phtml HTTP/1.1" 200 18939 "-" "Mozilla/5.0 AppleWebKit/537.36 (KHTML, like Gecko; compatible; bingbot/2.0; +http://www.bing.com/bingbot.htm) Chrome/116.0.1938.76 Safari/537.36"
216.73.216.169 - - [16/Jul/2025:05:47:38 +0000] "GET /special/2123791430.phtml HTTP/1.1" 404 13195 "-" "Mozilla/5.0 AppleWebKit/537.36 (KHTML, like Gecko; compatible; ClaudeBot/1.0; [email protected])"
216.73.216.169 - - [16/Jul/2025:05:50:05 +0000] "GET /special/2123744952.phtml HTTP/1.1" 404 13195 "-" "Mozilla/5.0 AppleWebKit/537.36 (KHTML, like Gecko; compatible; ClaudeBot/1.0; [email protected])"
216.73.216.169 - - [16/Jul/2025:05:50:10 +0000] "GET /special/2123527680.phtml HTTP/1.1" 404 13195 "-" "Mozilla/5.0 AppleWebKit/537.36 (KHTML, like Gecko; compatible; ClaudeBot/1.0; [email protected])"
209.74.77.214 - - [16/Jul/2025:05:50:13 +0000] "HEAD / HTTP/1.1" 200 - "-" "-"
209.74.77.214 - - [16/Jul/2025:05:50:18 +0000] "POST /wp-admin/upgrade.php?step=upgrade_db HTTP/1.1" 404 13249 "-" "WordPress/6.8.1; https://time2cut.com"
209.74.77.214 - - [16/Jul/2025:05:50:21 +0000] "HEAD / HTTP/1.1" 200 - "-" "-"
216.73.216.169 - - [16/Jul/2025:05:53:25 +0000] "GET /special/2123042554.phtml HTTP/1.1" 404 13249 "-" "Mozilla/5.0 AppleWebKit/537.36 (KHTML, like Gecko; compatible; ClaudeBot/1.0; [email protected])"
40.77.167.243 - - [16/Jul/2025:05:54:29 +0000] "GET /special/1001701924.phtml HTTP/1.1" 301 - "-" "Mozilla/5.0 AppleWebKit/537.36 (KHTML, like Gecko; compatible; bingbot/2.0; +http://www.bing.com/bingbot.htm) Chrome/116.0.1938.76 Safari/537.36"
52.167.144.199 - - [16/Jul/2025:05:54:37 +0000] "GET /special/1765246386.phtml HTTP/1.1" 301 - "-" "Mozilla/5.0 AppleWebKit/537.36 (KHTML, like Gecko; compatible; bingbot/2.0; +http://www.bing.com/bingbot.htm) Chrome/116.0.1938.76 Safari/537.36"
40.77.167.52 - - [16/Jul/2025:05:54:39 +0000] "GET /special/1001701924.phtml HTTP/1.1" 404 13249 "-" "Mozilla/5.0 AppleWebKit/537.36 (KHTML, like Gecko; compatible; bingbot/2.0; +http://www.bing.com/bingbot.htm) Chrome/116.0.1938.76 Safari/537.36"
40.77.167.3 - - [16/Jul/2025:05:54:47 +0000] "GET /special/1765246386.phtml HTTP/1.1" 404 13249 "-" "Mozilla/5.0 AppleWebKit/537.36 (KHTML, like Gecko; compatible; bingbot/2.0; +http://www.bing.com/bingbot.htm) Chrome/116.0.1938.76 Safari/537.36"
40.77.167.23 - - [16/Jul/2025:05:55:18 +0000] "GET /special/1765323204.phtml HTTP/1.1" 301 - "-" "Mozilla/5.0 AppleWebKit/537.36 (KHTML, like Gecko; compatible; bingbot/2.0; +http://www.bing.com/bingbot.htm) Chrome/116.0.1938.76 Safari/537.36"
40.77.167.11 - - [16/Jul/2025:05:55:28 +0000] "GET /special/1765323204.phtml HTTP/1.1" 404 13249 "-" "Mozilla/5.0 AppleWebKit/537.36 (KHTML, like Gecko; compatible; bingbot/2.0; +http://www.bing.com/bingbot.htm) Chrome/116.0.1938.76 Safari/537.36"
216.73.216.169 - - [16/Jul/2025:05:56:17 +0000] "GET /special/2123491342.phtml HTTP/1.1" 404 13249 "-" "Mozilla/5.0 AppleWebKit/537.36 (KHTML, like Gecko; compatible; ClaudeBot/1.0; [email protected])"
52.167.144.199 - - [16/Jul/2025:05:58:48 +0000] "GET /special/1001358856.phtml HTTP/1.1" 301 - "-" "Mozilla/5.0 AppleWebKit/537.36 (KHTML, like Gecko; compatible; bingbot/2.0; +http://www.bing.com/bingbot.htm) Chrome/116.0.1938.76 Safari/537.36"
52.167.144.199 - - [16/Jul/2025:05:58:58 +0000] "GET /special/1001553164.phtml HTTP/1.1" 301 - "-" "Mozilla/5.0 AppleWebKit/537.36 (KHTML, like Gecko; compatible; bingbot/2.0; +http://www.bing.com/bingbot.htm) Chrome/116.0.1938.76 Safari/537.36"
40.77.167.3 - - [16/Jul/2025:05:59:08 +0000] "GET /special/1001358856.phtml HTTP/1.1" 404 13249 "-" "Mozilla/5.0 AppleWebKit/537.36 (KHTML, like Gecko; compatible; bingbot/2.0; +http://www.bing.com/bingbot.htm) Chrome/116.0.1938.76 Safari/537.36"
40.77.167.3 - - [16/Jul/2025:05:59:11 +0000] "GET /special/1001553164.phtml HTTP/1.1" 404 13249 "-" "Mozilla/5.0 AppleWebKit/537.36 (KHTML, like Gecko; compatible; bingbot/2.0; +http://www.bing.com/bingbot.htm) Chrome/116.0.1938.76 Safari/537.36"
216.73.216.169 - - [16/Jul/2025:05:59:28 +0000] "GET /special/2123364036.phtml HTTP/1.1" 404 13249 "-" "Mozilla/5.0 AppleWebKit/537.36 (KHTML, like Gecko; compatible; ClaudeBot/1.0; [email protected])"
216.73.216.169 - - [16/Jul/2025:06:02:00 +0000] "GET /special/2123279134.phtml HTTP/1.1" 404 13249 "-" "Mozilla/5.0 AppleWebKit/537.36 (KHTML, like Gecko; compatible; ClaudeBot/1.0; [email protected])"
125.94.144.102 - - [16/Jul/2025:06:03:00 +0000] "GET / HTTP/1.1" 200 25966 "http://time2cut.com" "Mozilla/5.0 (iPhone; CPU iPhone OS 13_2_3 like Mac OS X) AppleWebKit/605.1.15 (KHTML, like Gecko) Version/13.0.3 Mobile/15E148 Safari/604.1"
216.73.216.169 - - [16/Jul/2025:06:03:38 +0000] "GET /special/2123471326.phtml HTTP/1.1" 404 13249 "-" "Mozilla/5.0 AppleWebKit/537.36 (KHTML, like Gecko; compatible; ClaudeBot/1.0; [email protected])"
52.167.144.216 - - [16/Jul/2025:06:04:09 +0000] "GET /special/1136876804.phtml HTTP/1.1" 301 - "-" "Mozilla/5.0 AppleWebKit/537.36 (KHTML, like Gecko; compatible; bingbot/2.0; +http://www.bing.com/bingbot.htm) Chrome/116.0.1938.76 Safari/537.36"
40.77.167.27 - - [16/Jul/2025:06:04:18 +0000] "GET /special/1136876804.phtml HTTP/1.1" 404 13249 "-" "Mozilla/5.0 AppleWebKit/537.36 (KHTML, like Gecko; compatible; bingbot/2.0; +http://www.bing.com/bingbot.htm) Chrome/116.0.1938.76 Safari/537.36"
216.73.216.169 - - [16/Jul/2025:06:05:16 +0000] "GET /special/2123627462.phtml HTTP/1.1" 404 13249 "-" "Mozilla/5.0 AppleWebKit/537.36 (KHTML, like Gecko; compatible; ClaudeBot/1.0; [email protected])"
216.73.216.169 - - [16/Jul/2025:06:06:05 +0000] "GET /special/2123473506.phtml HTTP/1.1" 404 13249 "-" "Mozilla/5.0 AppleWebKit/537.36 (KHTML, like Gecko; compatible; ClaudeBot/1.0; [email protected])"
52.167.144.232 - - [16/Jul/2025:06:06:59 +0000] "GET /special/1590474162.phtml HTTP/1.1" 301 - "-" "Mozilla/5.0 AppleWebKit/537.36 (KHTML, like Gecko; compatible; bingbot/2.0; +http://www.bing.com/bingbot.htm) Chrome/116.0.1938.76 Safari/537.36"
52.167.144.232 - - [16/Jul/2025:06:07:10 +0000] "GET /special/1765154300.phtml HTTP/1.1" 301 - "-" "Mozilla/5.0 AppleWebKit/537.36 (KHTML, like Gecko; compatible; bingbot/2.0; +http://www.bing.com/bingbot.htm) Chrome/116.0.1938.76 Safari/537.36"
52.167.144.182 - - [16/Jul/2025:06:07:20 +0000] "GET /special/1590474162.phtml HTTP/1.1" 404 13249 "-" "Mozilla/5.0 AppleWebKit/537.36 (KHTML, like Gecko; compatible; bingbot/2.0; +http://www.bing.com/bingbot.htm) Chrome/116.0.1938.76 Safari/537.36"
52.167.144.182 - - [16/Jul/2025:06:07:22 +0000] "GET /special/1765154300.phtml HTTP/1.1" 404 13249 "-" "Mozilla/5.0 AppleWebKit/537.36 (KHTML, like Gecko; compatible; bingbot/2.0; +http://www.bing.com/bingbot.htm) Chrome/116.0.1938.76 Safari/537.36"
216.73.216.169 - - [16/Jul/2025:06:08:31 +0000] "GET /special/2123338696.phtml HTTP/1.1" 404 13249 "-" "Mozilla/5.0 AppleWebKit/537.36 (KHTML, like Gecko; compatible; ClaudeBot/1.0; [email protected])"
216.73.216.169 - - [16/Jul/2025:06:09:18 +0000] "GET /special/2123490476.phtml HTTP/1.1" 404 13249 "-" "Mozilla/5.0 AppleWebKit/537.36 (KHTML, like Gecko; compatible; ClaudeBot/1.0; [email protected])"
40.77.167.26 - - [16/Jul/2025:06:14:21 +0000] "GET /special/1590853764.phtml HTTP/1.1" 301 - "-" "Mozilla/5.0 AppleWebKit/537.36 (KHTML, like Gecko; compatible; bingbot/2.0; +http://www.bing.com/bingbot.htm) Chrome/116.0.1938.76 Safari/537.36"
40.77.167.235 - - [16/Jul/2025:06:14:31 +0000] "GET /special/1590853764.phtml HTTP/1.1" 404 13249 "-" "Mozilla/5.0 AppleWebKit/537.36 (KHTML, like Gecko; compatible; bingbot/2.0; +http://www.bing.com/bingbot.htm) Chrome/116.0.1938.76 Safari/537.36"
209.74.77.214 - - [16/Jul/2025:06:16:34 +0000] "POST /wp-cron.php?doing_wp_cron=1752646594.7388970851898193359375 HTTP/1.1" 200 - "-" "WordPress/6.8.2; https://time2cut.com"
216.73.216.169 - - [16/Jul/2025:06:16:33 +0000] "GET /special/2123479952.phtml HTTP/1.1" 404 13249 "-" "Mozilla/5.0 AppleWebKit/537.36 (KHTML, like Gecko; compatible; ClaudeBot/1.0; [email protected])"
209.74.77.214 - - [16/Jul/2025:06:16:35 +0000] "POST /wp-cron.php HTTP/1.1" 200 - "-" "WordPress/6.8.2; https://time2cut.com"
209.74.77.214 - - [16/Jul/2025:06:16:35 +0000] "GET / HTTP/1.1" 200 25966 "-" "WordPress/6.8.2; https://time2cut.com"
209.74.77.214 - - [16/Jul/2025:06:16:36 +0000] "GET / HTTP/1.1" 200 25964 "-" "WordPress/6.8.2; https://time2cut.com"
209.74.77.214 - - [16/Jul/2025:06:16:36 +0000] "GET / HTTP/1.1" 200 25964 "-" "WordPress/6.8.2; https://time2cut.com"
209.74.77.214 - - [16/Jul/2025:06:16:36 +0000] "GET / HTTP/1.1" 200 25965 "-" "WordPress/6.8.2; https://time2cut.com"
209.74.77.214 - - [16/Jul/2025:06:18:02 +0000] "POST /wp-cron.php?doing_wp_cron=1752646682.1030220985412597656250 HTTP/1.1" 200 - "-" "WordPress/6.8.2; https://time2cut.com"
52.167.144.146 - - [16/Jul/2025:06:18:00 +0000] "GET /special/1590707248.phtml HTTP/1.1" 301 - "-" "Mozilla/5.0 AppleWebKit/537.36 (KHTML, like Gecko; compatible; bingbot/2.0; +http://www.bing.com/bingbot.htm) Chrome/116.0.1938.76 Safari/537.36"
40.77.167.28 - - [16/Jul/2025:06:18:10 +0000] "GET /special/1590707248.phtml HTTP/1.1" 404 13249 "-" "Mozilla/5.0 AppleWebKit/537.36 (KHTML, like Gecko; compatible; bingbot/2.0; +http://www.bing.com/bingbot.htm) Chrome/116.0.1938.76 Safari/537.36"
216.73.216.169 - - [16/Jul/2025:06:20:35 +0000] "GET /special/2123520304.phtml HTTP/1.1" 404 13249 "-" "Mozilla/5.0 AppleWebKit/537.36 (KHTML, like Gecko; compatible; ClaudeBot/1.0; [email protected])"
216.73.216.169 - - [16/Jul/2025:06:22:22 +0000] "GET /special/2123565784.phtml HTTP/1.1" 404 13249 "-" "Mozilla/5.0 AppleWebKit/537.36 (KHTML, like Gecko; compatible; ClaudeBot/1.0; [email protected])"
40.77.167.9 - - [16/Jul/2025:06:24:41 +0000] "GET /special/1001607466.phtml HTTP/1.1" 301 - "-" "Mozilla/5.0 AppleWebKit/537.36 (KHTML, like Gecko; compatible; bingbot/2.0; +http://www.bing.com/bingbot.htm) Chrome/116.0.1938.76 Safari/537.36"
216.73.216.169 - - [16/Jul/2025:06:24:47 +0000] "GET /special/2123692160.phtml HTTP/1.1" 404 13249 "-" "Mozilla/5.0 AppleWebKit/537.36 (KHTML, like Gecko; compatible; ClaudeBot/1.0; [email protected])"
40.77.167.13 - - [16/Jul/2025:06:24:50 +0000] "GET /special/1001607466.phtml HTTP/1.1" 404 13249 "-" "Mozilla/5.0 AppleWebKit/537.36 (KHTML, like Gecko; compatible; bingbot/2.0; +http://www.bing.com/bingbot.htm) Chrome/116.0.1938.76 Safari/537.36"
216.73.216.169 - - [16/Jul/2025:06:25:32 +0000] "GET /special/2123715990.phtml HTTP/1.1" 404 13249 "-" "Mozilla/5.0 AppleWebKit/537.36 (KHTML, like Gecko; compatible; ClaudeBot/1.0; [email protected])"
40.77.167.2 - - [16/Jul/2025:06:27:22 +0000] "GET /special/1001804146.phtml HTTP/1.1" 301 - "-" "Mozilla/5.0 AppleWebKit/537.36 (KHTML, like Gecko; compatible; bingbot/2.0; +http://www.bing.com/bingbot.htm) Chrome/116.0.1938.76 Safari/537.36"
40.77.167.15 - - [16/Jul/2025:06:27:34 +0000] "GET /special/1001804146.phtml HTTP/1.1" 404 13249 "-" "Mozilla/5.0 AppleWebKit/537.36 (KHTML, like Gecko; compatible; bingbot/2.0; +http://www.bing.com/bingbot.htm) Chrome/116.0.1938.76 Safari/537.36"
216.73.216.169 - - [16/Jul/2025:06:29:36 +0000] "GET /special/2123418338.phtml HTTP/1.1" 404 13249 "-" "Mozilla/5.0 AppleWebKit/537.36 (KHTML, like Gecko; compatible; ClaudeBot/1.0; [email protected])"
216.73.216.169 - - [16/Jul/2025:06:31:19 +0000] "GET /special/2123698222.phtml HTTP/1.1" 404 13249 "-" "Mozilla/5.0 AppleWebKit/537.36 (KHTML, like Gecko; compatible; ClaudeBot/1.0; [email protected])"
40.77.167.54 - - [16/Jul/2025:06:31:34 +0000] "GET /special/1765769036.phtml HTTP/1.1" 301 - "-" "Mozilla/5.0 AppleWebKit/537.36 (KHTML, like Gecko; compatible; bingbot/2.0; +http://www.bing.com/bingbot.htm) Chrome/116.0.1938.76 Safari/537.36"
40.77.167.15 - - [16/Jul/2025:06:31:44 +0000] "GET /special/1765769036.phtml HTTP/1.1" 404 13249 "-" "Mozilla/5.0 AppleWebKit/537.36 (KHTML, like Gecko; compatible; bingbot/2.0; +http://www.bing.com/bingbot.htm) Chrome/116.0.1938.76 Safari/537.36"
216.73.216.169 - - [16/Jul/2025:06:33:04 +0000] "GET /special/2123431776.phtml HTTP/1.1" 404 13249 "-" "Mozilla/5.0 AppleWebKit/537.36 (KHTML, like Gecko; compatible; ClaudeBot/1.0; [email protected])"
40.77.167.54 - - [16/Jul/2025:06:33:13 +0000] "GET /special/1765254756.phtml HTTP/1.1" 301 - "-" "Mozilla/5.0 AppleWebKit/537.36 (KHTML, like Gecko; compatible; bingbot/2.0; +http://www.bing.com/bingbot.htm) Chrome/116.0.1938.76 Safari/537.36"
40.77.167.15 - - [16/Jul/2025:06:33:24 +0000] "GET /special/1765254756.phtml HTTP/1.1" 404 13249 "-" "Mozilla/5.0 AppleWebKit/537.36 (KHTML, like Gecko; compatible; bingbot/2.0; +http://www.bing.com/bingbot.htm) Chrome/116.0.1938.76 Safari/537.36"
216.73.216.169 - - [16/Jul/2025:06:33:53 +0000] "GET /special/2123437168.phtml HTTP/1.1" 404 13249 "-" "Mozilla/5.0 AppleWebKit/537.36 (KHTML, like Gecko; compatible; ClaudeBot/1.0; [email protected])"
216.73.216.169 - - [16/Jul/2025:06:33:56 +0000] "GET /special/2123594746.phtml HTTP/1.1" 404 13249 "-" "Mozilla/5.0 AppleWebKit/537.36 (KHTML, like Gecko; compatible; ClaudeBot/1.0; [email protected])"
216.73.216.169 - - [16/Jul/2025:06:34:47 +0000] "GET /special/2123786682.phtml HTTP/1.1" 404 13249 "-" "Mozilla/5.0 AppleWebKit/537.36 (KHTML, like Gecko; compatible; ClaudeBot/1.0; [email protected])"
216.73.216.169 - - [16/Jul/2025:06:38:42 +0000] "GET /special/2123720478.phtml HTTP/1.1" 404 13249 "-" "Mozilla/5.0 AppleWebKit/537.36 (KHTML, like Gecko; compatible; ClaudeBot/1.0; [email protected])"
216.73.216.169 - - [16/Jul/2025:06:38:44 +0000] "GET /special/2123783730.phtml HTTP/1.1" 404 13249 "-" "Mozilla/5.0 AppleWebKit/537.36 (KHTML, like Gecko; compatible; ClaudeBot/1.0; [email protected])"
216.73.216.169 - - [16/Jul/2025:06:38:47 +0000] "GET /special/2123544070.phtml HTTP/1.1" 404 13249 "-" "Mozilla/5.0 AppleWebKit/537.36 (KHTML, like Gecko; compatible; ClaudeBot/1.0; [email protected])"
216.73.216.169 - - [16/Jul/2025:06:41:03 +0000] "GET /robots.txt HTTP/1.1" 200 92 "-" "Mozilla/5.0 AppleWebKit/537.36 (KHTML, like Gecko; compatible; ClaudeBot/1.0; [email protected])"
216.73.216.169 - - [16/Jul/2025:06:41:03 +0000] "GET /special/2123344088.phtml HTTP/1.1" 404 13249 "-" "Mozilla/5.0 AppleWebKit/537.36 (KHTML, like Gecko; compatible; ClaudeBot/1.0; [email protected])"
52.167.144.231 - - [16/Jul/2025:06:41:53 +0000] "GET /special/1765363232.phtml HTTP/1.1" 301 - "-" "Mozilla/5.0 AppleWebKit/537.36 (KHTML, like Gecko; compatible; bingbot/2.0; +http://www.bing.com/bingbot.htm) Chrome/116.0.1938.76 Safari/537.36"
40.77.167.33 - - [16/Jul/2025:06:41:56 +0000] "GET /special/1001752472.phtml HTTP/1.1" 301 - "-" "Mozilla/5.0 AppleWebKit/537.36 (KHTML, like Gecko; compatible; bingbot/2.0; +http://www.bing.com/bingbot.htm) Chrome/116.0.1938.76 Safari/537.36"
40.77.167.33 - - [16/Jul/2025:06:41:56 +0000] "GET /special/1590750356.phtml HTTP/1.1" 301 - "-" "Mozilla/5.0 AppleWebKit/537.36 (KHTML, like Gecko; compatible; bingbot/2.0; +http://www.bing.com/bingbot.htm) Chrome/116.0.1938.76 Safari/537.36"
52.167.144.20 - - [16/Jul/2025:06:42:02 +0000] "GET /special/1765363232.phtml HTTP/1.1" 404 13249 "-" "Mozilla/5.0 AppleWebKit/537.36 (KHTML, like Gecko; compatible; bingbot/2.0; +http://www.bing.com/bingbot.htm) Chrome/116.0.1938.76 Safari/537.36"
52.167.144.195 - - [16/Jul/2025:06:42:06 +0000] "GET /special/1001752472.phtml HTTP/1.1" 404 13249 "-" "Mozilla/5.0 AppleWebKit/537.36 (KHTML, like Gecko; compatible; bingbot/2.0; +http://www.bing.com/bingbot.htm) Chrome/116.0.1938.76 Safari/537.36"
52.167.144.195 - - [16/Jul/2025:06:42:06 +0000] "GET /special/1590750356.phtml HTTP/1.1" 404 13249 "-" "Mozilla/5.0 AppleWebKit/537.36 (KHTML, like Gecko; compatible; bingbot/2.0; +http://www.bing.com/bingbot.htm) Chrome/116.0.1938.76 Safari/537.36"
40.77.167.33 - - [16/Jul/2025:06:42:34 +0000] "GET /special/1001536774.phtml HTTP/1.1" 301 - "-" "Mozilla/5.0 AppleWebKit/537.36 (KHTML, like Gecko; compatible; bingbot/2.0; +http://www.bing.com/bingbot.htm) Chrome/116.0.1938.76 Safari/537.36"
216.73.216.169 - - [16/Jul/2025:06:42:38 +0000] "GET /special/2123094100.phtml HTTP/1.1" 404 13249 "-" "Mozilla/5.0 AppleWebKit/537.36 (KHTML, like Gecko; compatible; ClaudeBot/1.0; [email protected])"
52.167.144.195 - - [16/Jul/2025:06:42:44 +0000] "GET /special/1001536774.phtml HTTP/1.1" 404 13249 "-" "Mozilla/5.0 AppleWebKit/537.36 (KHTML, like Gecko; compatible; bingbot/2.0; +http://www.bing.com/bingbot.htm) Chrome/116.0.1938.76 Safari/537.36"
216.73.216.169 - - [16/Jul/2025:06:44:11 +0000] "GET /special/2123588172.phtml HTTP/1.1" 404 13249 "-" "Mozilla/5.0 AppleWebKit/537.36 (KHTML, like Gecko; compatible; ClaudeBot/1.0; [email protected])"
216.73.216.169 - - [16/Jul/2025:06:44:57 +0000] "GET /special/2123393066.phtml HTTP/1.1" 404 13249 "-" "Mozilla/5.0 AppleWebKit/537.36 (KHTML, like Gecko; compatible; ClaudeBot/1.0; [email protected])"
216.73.216.169 - - [16/Jul/2025:06:45:45 +0000] "GET /special/2123654052.phtml HTTP/1.1" 404 13249 "-" "Mozilla/5.0 AppleWebKit/537.36 (KHTML, like Gecko; compatible; ClaudeBot/1.0; [email protected])"
40.77.167.55 - - [16/Jul/2025:06:46:17 +0000] "GET /special/1765850056.phtml HTTP/1.1" 301 - "-" "Mozilla/5.0 AppleWebKit/537.36 (KHTML, like Gecko; compatible; bingbot/2.0; +http://www.bing.com/bingbot.htm) Chrome/116.0.1938.76 Safari/537.36"
52.167.144.20 - - [16/Jul/2025:06:46:24 +0000] "GET /special/1765850056.phtml HTTP/1.1" 404 13249 "-" "Mozilla/5.0 AppleWebKit/537.36 (KHTML, like Gecko; compatible; bingbot/2.0; +http://www.bing.com/bingbot.htm) Chrome/116.0.1938.76 Safari/537.36"
216.73.216.169 - - [16/Jul/2025:06:46:30 +0000] "GET /special/2123578424.phtml HTTP/1.1" 404 13249 "-" "Mozilla/5.0 AppleWebKit/537.36 (KHTML, like Gecko; compatible; ClaudeBot/1.0; [email protected])"
216.73.216.169 - - [16/Jul/2025:06:46:33 +0000] "GET /special/2123543204.phtml HTTP/1.1" 404 13249 "-" "Mozilla/5.0 AppleWebKit/537.36 (KHTML, like Gecko; compatible; ClaudeBot/1.0; [email protected])"
40.77.167.55 - - [16/Jul/2025:06:47:26 +0000] "GET /special/1001854502.phtml HTTP/1.1" 301 - "-" "Mozilla/5.0 AppleWebKit/537.36 (KHTML, like Gecko; compatible; bingbot/2.0; +http://www.bing.com/bingbot.htm) Chrome/116.0.1938.76 Safari/537.36"
40.77.167.7 - - [16/Jul/2025:06:47:33 +0000] "GET /special/1001854502.phtml HTTP/1.1" 404 13249 "-" "Mozilla/5.0 AppleWebKit/537.36 (KHTML, like Gecko; compatible; bingbot/2.0; +http://www.bing.com/bingbot.htm) Chrome/116.0.1938.76 Safari/537.36"
40.77.167.33 - - [16/Jul/2025:06:47:35 +0000] "GET /special/1590527756.phtml HTTP/1.1" 301 - "-" "Mozilla/5.0 AppleWebKit/537.36 (KHTML, like Gecko; compatible; bingbot/2.0; +http://www.bing.com/bingbot.htm) Chrome/116.0.1938.76 Safari/537.36"
40.77.167.33 - - [16/Jul/2025:06:47:36 +0000] "GET /special/1765626658.phtml HTTP/1.1" 301 - "-" "Mozilla/5.0 AppleWebKit/537.36 (KHTML, like Gecko; compatible; bingbot/2.0; +http://www.bing.com/bingbot.htm) Chrome/116.0.1938.76 Safari/537.36"
209.74.77.214 - - [16/Jul/2025:06:47:45 +0000] "POST /wp-cron.php?doing_wp_cron=1752648465.4411690235137939453125 HTTP/1.1" 200 - "-" "WordPress/6.8.2; https://time2cut.com"
52.167.144.225 - - [16/Jul/2025:06:47:45 +0000] "GET /special/1590527756.phtml HTTP/1.1" 404 13249 "-" "Mozilla/5.0 AppleWebKit/537.36 (KHTML, like Gecko; compatible; bingbot/2.0; +http://www.bing.com/bingbot.htm) Chrome/116.0.1938.76 Safari/537.36"
52.167.144.225 - - [16/Jul/2025:06:47:45 +0000] "GET /special/1765626658.phtml HTTP/1.1" 404 13249 "-" "Mozilla/5.0 AppleWebKit/537.36 (KHTML, like Gecko; compatible; bingbot/2.0; +http://www.bing.com/bingbot.htm) Chrome/116.0.1938.76 Safari/537.36"
216.73.216.169 - - [16/Jul/2025:06:48:08 +0000] "GET /special/2123031168.phtml HTTP/1.1" 404 13249 "-" "Mozilla/5.0 AppleWebKit/537.36 (KHTML, like Gecko; compatible; ClaudeBot/1.0; [email protected])"
216.73.216.169 - - [16/Jul/2025:06:48:11 +0000] "GET /special/2123153470.phtml HTTP/1.1" 404 13249 "-" "Mozilla/5.0 AppleWebKit/537.36 (KHTML, like Gecko; compatible; ClaudeBot/1.0; [email protected])"
216.73.216.169 - - [16/Jul/2025:06:48:55 +0000] "GET /special/2123026164.phtml HTTP/1.1" 404 13249 "-" "Mozilla/5.0 AppleWebKit/537.36 (KHTML, like Gecko; compatible; ClaudeBot/1.0; [email protected])"
216.73.216.169 - - [16/Jul/2025:06:50:33 +0000] "GET /special/2123302358.phtml HTTP/1.1" 404 13249 "-" "Mozilla/5.0 AppleWebKit/537.36 (KHTML, like Gecko; compatible; ClaudeBot/1.0; [email protected])"
52.167.144.206 - - [16/Jul/2025:06:54:31 +0000] "GET /special/1590974492.phtml HTTP/1.1" 301 - "-" "Mozilla/5.0 AppleWebKit/537.36 (KHTML, like Gecko; compatible; bingbot/2.0; +http://www.bing.com/bingbot.htm) Chrome/116.0.1938.76 Safari/537.36"
40.77.167.55 - - [16/Jul/2025:06:54:35 +0000] "GET /special/1136928346.phtml HTTP/1.1" 301 - "-" "Mozilla/5.0 AppleWebKit/537.36 (KHTML, like Gecko; compatible; bingbot/2.0; +http://www.bing.com/bingbot.htm) Chrome/116.0.1938.76 Safari/537.36"
52.167.144.206 - - [16/Jul/2025:06:54:39 +0000] "GET /special/1765908176.phtml HTTP/1.1" 301 - "-" "Mozilla/5.0 AppleWebKit/537.36 (KHTML, like Gecko; compatible; bingbot/2.0; +http://www.bing.com/bingbot.htm) Chrome/116.0.1938.76 Safari/537.36"
40.77.167.7 - - [16/Jul/2025:06:54:46 +0000] "GET /special/1136928346.phtml HTTP/1.1" 404 13249 "-" "Mozilla/5.0 AppleWebKit/537.36 (KHTML, like Gecko; compatible; bingbot/2.0; +http://www.bing.com/bingbot.htm) Chrome/116.0.1938.76 Safari/537.36"
40.77.167.27 - - [16/Jul/2025:06:54:50 +0000] "GET /special/1590974492.phtml HTTP/1.1" 404 13249 "-" "Mozilla/5.0 AppleWebKit/537.36 (KHTML, like Gecko; compatible; bingbot/2.0; +http://www.bing.com/bingbot.htm) Chrome/116.0.1938.76 Safari/537.36"
40.77.167.27 - - [16/Jul/2025:06:54:51 +0000] "GET /special/1765908176.phtml HTTP/1.1" 404 13249 "-" "Mozilla/5.0 AppleWebKit/537.36 (KHTML, like Gecko; compatible; bingbot/2.0; +http://www.bing.com/bingbot.htm) Chrome/116.0.1938.76 Safari/537.36"
40.77.167.52 - - [16/Jul/2025:07:01:09 +0000] "GET /special/1765697546.phtml HTTP/1.1" 301 - "-" "Mozilla/5.0 AppleWebKit/537.36 (KHTML, like Gecko; compatible; bingbot/2.0; +http://www.bing.com/bingbot.htm) Chrome/116.0.1938.76 Safari/537.36"
40.77.167.75 - - [16/Jul/2025:07:01:24 +0000] "GET /special/1765697546.phtml HTTP/1.1" 404 13249 "-" "Mozilla/5.0 AppleWebKit/537.36 (KHTML, like Gecko; compatible; bingbot/2.0; +http://www.bing.com/bingbot.htm) Chrome/116.0.1938.76 Safari/537.36"
40.77.167.77 - - [16/Jul/2025:07:01:26 +0000] "GET /special/1765720510.phtml HTTP/1.1" 301 - "-" "Mozilla/5.0 AppleWebKit/537.36 (KHTML, like Gecko; compatible; bingbot/2.0; +http://www.bing.com/bingbot.htm) Chrome/116.0.1938.76 Safari/537.36"
40.77.167.159 - - [16/Jul/2025:07:01:36 +0000] "GET /special/1765720510.phtml HTTP/1.1" 404 13249 "-" "Mozilla/5.0 AppleWebKit/537.36 (KHTML, like Gecko; compatible; bingbot/2.0; +http://www.bing.com/bingbot.htm) Chrome/116.0.1938.76 Safari/537.36"
52.167.144.17 - - [16/Jul/2025:07:03:46 +0000] "GET /special/1765664830.phtml HTTP/1.1" 301 - "-" "Mozilla/5.0 AppleWebKit/537.36 (KHTML, like Gecko; compatible; bingbot/2.0; +http://www.bing.com/bingbot.htm) Chrome/116.0.1938.76 Safari/537.36"
40.77.167.159 - - [16/Jul/2025:07:03:56 +0000] "GET /special/1765664830.phtml HTTP/1.1" 404 13249 "-" "Mozilla/5.0 AppleWebKit/537.36 (KHTML, like Gecko; compatible; bingbot/2.0; +http://www.bing.com/bingbot.htm) Chrome/116.0.1938.76 Safari/537.36"
52.167.144.17 - - [16/Jul/2025:07:04:26 +0000] "GET /special/1590866336.phtml HTTP/1.1" 301 - "-" "Mozilla/5.0 AppleWebKit/537.36 (KHTML, like Gecko; compatible; bingbot/2.0; +http://www.bing.com/bingbot.htm) Chrome/116.0.1938.76 Safari/537.36"
40.77.167.159 - - [16/Jul/2025:07:04:36 +0000] "GET /special/1590866336.phtml HTTP/1.1" 404 13249 "-" "Mozilla/5.0 AppleWebKit/537.36 (KHTML, like Gecko; compatible; bingbot/2.0; +http://www.bing.com/bingbot.htm) Chrome/116.0.1938.76 Safari/537.36"
52.167.144.17 - - [16/Jul/2025:07:06:27 +0000] "GET /special/1765204656.phtml HTTP/1.1" 301 - "-" "Mozilla/5.0 AppleWebKit/537.36 (KHTML, like Gecko; compatible; bingbot/2.0; +http://www.bing.com/bingbot.htm) Chrome/116.0.1938.76 Safari/537.36"
40.77.167.159 - - [16/Jul/2025:07:06:38 +0000] "GET /special/1765204656.phtml HTTP/1.1" 404 13249 "-" "Mozilla/5.0 AppleWebKit/537.36 (KHTML, like Gecko; compatible; bingbot/2.0; +http://www.bing.com/bingbot.htm) Chrome/116.0.1938.76 Safari/537.36"
40.77.167.52 - - [16/Jul/2025:07:07:05 +0000] "GET /special/1765218094.phtml HTTP/1.1" 301 - "-" "Mozilla/5.0 AppleWebKit/537.36 (KHTML, like Gecko; compatible; bingbot/2.0; +http://www.bing.com/bingbot.htm) Chrome/116.0.1938.76 Safari/537.36"
40.77.167.75 - - [16/Jul/2025:07:07:14 +0000] "GET /special/1765218094.phtml HTTP/1.1" 404 13249 "-" "Mozilla/5.0 AppleWebKit/537.36 (KHTML, like Gecko; compatible; bingbot/2.0; +http://www.bing.com/bingbot.htm) Chrome/116.0.1938.76 Safari/537.36"
40.77.167.79 - - [16/Jul/2025:07:07:21 +0000] "GET /special/1001376752.phtml HTTP/1.1" 301 - "-" "Mozilla/5.0 AppleWebKit/537.36 (KHTML, like Gecko; compatible; bingbot/2.0; +http://www.bing.com/bingbot.htm) Chrome/116.0.1938.76 Safari/537.36"
40.77.167.79 - - [16/Jul/2025:07:07:23 +0000] "GET /special/1590436250.phtml HTTP/1.1" 301 - "-" "Mozilla/5.0 AppleWebKit/537.36 (KHTML, like Gecko; compatible; bingbot/2.0; +http://www.bing.com/bingbot.htm) Chrome/116.0.1938.76 Safari/537.36"
40.77.167.69 - - [16/Jul/2025:07:07:33 +0000] "GET /special/1001376752.phtml HTTP/1.1" 404 13249 "-" "Mozilla/5.0 AppleWebKit/537.36 (KHTML, like Gecko; compatible; bingbot/2.0; +http://www.bing.com/bingbot.htm) Chrome/116.0.1938.76 Safari/537.36"
40.77.167.69 - - [16/Jul/2025:07:07:34 +0000] "GET /special/1590436250.phtml HTTP/1.1" 404 13249 "-" "Mozilla/5.0 AppleWebKit/537.36 (KHTML, like Gecko; compatible; bingbot/2.0; +http://www.bing.com/bingbot.htm) Chrome/116.0.1938.76 Safari/537.36"
52.167.144.17 - - [16/Jul/2025:07:13:08 +0000] "GET /special/1001594028.phtml HTTP/1.1" 301 - "-" "Mozilla/5.0 AppleWebKit/537.36 (KHTML, like Gecko; compatible; bingbot/2.0; +http://www.bing.com/bingbot.htm) Chrome/116.0.1938.76 Safari/537.36"
40.77.167.150 - - [16/Jul/2025:07:13:17 +0000] "GET /special/1001594028.phtml HTTP/1.1" 404 13249 "-" "Mozilla/5.0 AppleWebKit/537.36 (KHTML, like Gecko; compatible; bingbot/2.0; +http://www.bing.com/bingbot.htm) Chrome/116.0.1938.76 Safari/537.36"
85.208.96.205 - - [16/Jul/2025:07:17:39 +0000] "GET /robots.txt HTTP/1.1" 200 92 "-" "Mozilla/5.0 (compatible; SemrushBot/7~bl; +http://www.semrush.com/bot.html)"
209.74.77.214 - - [16/Jul/2025:07:17:41 +0000] "POST /wp-cron.php?doing_wp_cron=1752650261.4384300708770751953125 HTTP/1.1" 200 - "-" "WordPress/6.8.2; https://time2cut.com"
85.208.96.206 - - [16/Jul/2025:07:17:40 +0000] "GET /author/Time2Cut/ HTTP/1.1" 200 13248 "-" "Mozilla/5.0 (compatible; SemrushBot/7~bl; +http://www.semrush.com/bot.html)"
40.77.167.7 - - [16/Jul/2025:07:21:04 +0000] "GET /special/1590625490.phtml HTTP/1.1" 301 - "-" "Mozilla/5.0 AppleWebKit/537.36 (KHTML, like Gecko; compatible; bingbot/2.0; +http://www.bing.com/bingbot.htm) Chrome/116.0.1938.76 Safari/537.36"
52.167.144.160 - - [16/Jul/2025:07:21:16 +0000] "GET /special/1590625490.phtml HTTP/1.1" 404 13249 "-" "Mozilla/5.0 AppleWebKit/537.36 (KHTML, like Gecko; compatible; bingbot/2.0; +http://www.bing.com/bingbot.htm) Chrome/116.0.1938.76 Safari/537.36"
52.167.144.16 - - [16/Jul/2025:07:21:58 +0000] "GET /special/1765205522.phtml HTTP/1.1" 301 - "-" "Mozilla/5.0 AppleWebKit/537.36 (KHTML, like Gecko; compatible; bingbot/2.0; +http://www.bing.com/bingbot.htm) Chrome/116.0.1938.76 Safari/537.36"
40.77.167.75 - - [16/Jul/2025:07:22:08 +0000] "GET /special/1765205522.phtml HTTP/1.1" 404 13249 "-" "Mozilla/5.0 AppleWebKit/537.36 (KHTML, like Gecko; compatible; bingbot/2.0; +http://www.bing.com/bingbot.htm) Chrome/116.0.1938.76 Safari/537.36"
52.167.144.16 - - [16/Jul/2025:07:23:28 +0000] "GET /special/1001569554.phtml HTTP/1.1" 301 - "-" "Mozilla/5.0 AppleWebKit/537.36 (KHTML, like Gecko; compatible; bingbot/2.0; +http://www.bing.com/bingbot.htm) Chrome/116.0.1938.76 Safari/537.36"
40.77.167.75 - - [16/Jul/2025:07:23:38 +0000] "GET /special/1001569554.phtml HTTP/1.1" 404 13249 "-" "Mozilla/5.0 AppleWebKit/537.36 (KHTML, like Gecko; compatible; bingbot/2.0; +http://www.bing.com/bingbot.htm) Chrome/116.0.1938.76 Safari/537.36"
52.167.144.194 - - [16/Jul/2025:07:29:57 +0000] "GET /special/1590897542.phtml HTTP/1.1" 301 - "-" "Mozilla/5.0 AppleWebKit/537.36 (KHTML, like Gecko; compatible; bingbot/2.0; +http://www.bing.com/bingbot.htm) Chrome/116.0.1938.76 Safari/537.36"
